06-03 13:57:27.670 I/nStackXDFinder( 2829): GetLocalInterfaceDetail:[461] :GetLocalInterfaceDetail in
06-03 13:57:27.670 E/nStackXCoAP( 2829): IsInSameNetwork:[281] :IsInSameNetwork: not priority process
06-03 13:57:27.670 D/nStackXCoAP( 2829): ParseServiceDiscover:[330] :new device join
06-03 13:57:27.671 E/nStackXDFinder( 2829): GetLocalIp:[401] :GetLocalIp exec
06-03 13:57:27.679 I/DebugUtil( 509): [0##31]in/out status {INS/OUTS=2716(1)/2705(0)}, pipeline status {IN=8/8, OUT=9/13[Component(0) Accelerator(4) Client(9)]}
06-03 13:57:27.779 D/nStackXCoAP( 2829): IsInSameNetwork:[276] :IsInSameNetwork exec
06-03 13:57:27.779 I/nStackXDFinder( 2829): GetLocalInterfaceDetail:[461] :GetLocalInterfaceDetail in
06-03 13:57:27.779 E/nStackXCoAP( 2829): IsInSameNetwork:[281] :IsInSameNetwork: not priority process
06-03 13:57:27.780 D/nStackXCoAP( 2829): ParseServiceDiscover:[330] :new device join
06-03 13:57:27.780 E/nStackXDFinder( 2829): GetLocalIp:[401] :GetLocalIp exec
06-03 13:57:27.818 D/nStackXCoAP( 2829): CoapMessageHandler:[133] :2.01
06-03 13:57:27.911 D/nStackXCoAP( 2829): CoapMessageHandler:[133] :2.01
05-31 21:01:44.827 W/ ( 0): [1 T389 .s] [SP FRAME TX] arp req,vif_idx:0 sender:[1c:79:2d:20:62:cb 192.168.3.4]receiver:[00:00:00:00:00:00 192.168.3.156]
06-03 13:57:27.967 D/nStackXCoAP( 2829): IsInSameNetwork:[276] :IsInSameNetwork exec
06-03 13:57:27.967 I/nStackXDFinder( 2829): GetLocalInterfaceDetail:[461] :GetLocalInterfaceDetail in
06-03 13:57:27.967 E/nStackXCoAP( 2829): IsInSameNetwork:[281] :IsInSameNetwork: not priority process
06-03 13:57:27.967 D/nStackXCoAP( 2829): ParseServiceDiscover:[330] :new device join
06-03 13:57:27.967 E/nStackXDFinder( 2829): GetLocalIp:[401] :GetLocalIp exec
06-03 13:57:28.023 D/nStackXCoAP( 2829): CoapMessageHandler:[133] :2.01
06-03 13:57:28.086 D/nStackXCoAP( 2829): IsInSameNetwork:[276] :IsInSameNetwork exec
06-03 13:57:28.086 I/nStackXDFinder( 2829): GetLocalInterfaceDetail:[461] :GetLocalInterfaceDetail in
06-03 13:57:28.086 E/nStackXCoAP( 2829): IsInSameNetwork:[281] :IsInSameNetwork: not priority process
06-03 13:57:28.086 D/nStackXCoAP( 2829): ParseServiceDiscover:[330] :new device join
06-03 13:57:28.086 E/nStackXDFinder( 2829): GetLocalIp:[401] :GetLocalIp exec
06-03 13:57:28.104 D/nStackXCoAP( 2829): CoapMessageHandler:[133] :2.01
06-03 13:57:28.279 D/nStackXCoAP( 2829): IsInSameNetwork:[276] :IsInSameNetwork exec
06-03 13:57:28.279 I/nStackXDFinder( 2829): GetLocalInterfaceDetail:[461] :GetLocalInterfaceDetail in
06-03 13:57:28.279 E/nStackXCoAP( 2829): IsInSameNetwork:[281] :IsInSameNetwork: not priority process
06-03 13:57:28.279 D/nStackXCoAP( 2829): ParseServiceDiscover:[330] :new device join
06-03 13:57:28.279 E/nStackXDFinder( 2829): GetLocalIp:[401] :GetLocalIp exec
06-03 13:57:28.417 D/nStackXCoAP( 2829): IsInSameNetwork:[276] :IsInSameNetwork exec
06-03 13:57:28.417 I/nStackXDFinder( 2829): GetLocalInterfaceDetail:[461] :GetLocalInterfaceDetail in
06-03 13:57:28.417 E/nStackXCoAP( 2829): IsInSameNetwork:[281] :IsInSameNetwork: not priority process
06-03 13:57:28.417 D/nStackXCoAP( 2829): ParseServiceDiscover:[330] :new device join
06-03 13:57:28.417 E/nStackXDFinder( 2829): GetLocalIp:[401] :GetLocalIp exec
06-03 13:57:28.517 D/nStackXCoAP( 2829): IsInSameNetwork:[276] :IsInSameNetwork exec
06-03 13:57:28.518 I/nStackXDFinder( 2829): GetLocalInterfaceDetail:[461] :GetLocalInterfaceDetail in
06-03 13:57:28.518 E/nStackXCoAP( 2829): IsInSameNetwork:[281] :IsInSameNetwork: not priority process
06-03 13:57:28.518 D/nStackXCoAP( 2829): ParseServiceDiscover:[330] :new device join
06-03 13:57:28.518 E/nStackXDFinder( 2829): GetLocalIp:[401] :GetLocalIp exec
06-03 13:57:28.557 I/VDA ( 509): [0##31]"ServiceDeviceTask INs=2734/2741, OUTs=2731/2735"" {IN=7/8, OUT=9/13[kAtAccelerator(0) kAtDevice(4) kAtClient(9)]}"
06-03 13:57:28.628 D/nStackXCoAP( 2829): CoapMessageHandler:[133] :2.01
06-03 13:57:28.655 D/nStackXCoAP( 2829): CoapMessageHandler:[133] :2.01
06-03 13:57:28.807 D/nStackXCoAP( 2829): IsInSameNetwork:[276] :IsInSameNetwork exec
06-03 13:57:28.807 I/nStackXDFinder( 2829): GetLocalInterfaceDetail:[461] :GetLocalInterfaceDetail in
06-03 13:57:28.807 E/nStackXCoAP( 2829): IsInSameNetwork:[281] :IsInSameNetwork: not priority process
06-03 13:57:28.807 D/nStackXCoAP( 2829): ParseServiceDiscover:[330] :new device join
06-03 13:57:28.807 E/nStackXDFinder( 2829): GetLocalIp:[401] :GetLocalIp exec
06-03 13:57:28.828 D/nStackXCoAP( 2829): CoapMessageHandler:[133] :2.01
06-03 13:57:28.837 D/nStackXCoAP( 2829): CoapMessageHandler:[133] :2.01
05-31 21:01:45.851 W/ ( 0): [1 T0 .s] [SP FRAME TX] arp req,vif_idx:0 sender:[1c:79:2d:20:62:cb 192.168.3.4]receiver:[00:00:00:00:00:00 192.168.3.156]
06-03 13:57:28.994 D/nStackXCoAP( 2829): IsInSameNetwork:[276] :IsInSameNetwork exec
06-03 13:57:28.994 I/nStackXDFinder( 2829): GetLocalInterfaceDetail:[461] :GetLocalInterfaceDetail in
06-03 13:57:28.994 E/nStackXCoAP( 2829): IsInSameNetwork:[281] :IsInSameNetwork: not priority process
06-03 13:57:28.994 D/nStackXCoAP( 2829): ParseServiceDiscover:[330] :new device join
06-03 13:57:28.994 E/nStackXDFinder( 2829): GetLocalIp:[401] :GetLocalIp exec
06-03 13:57:29.052 D/nStackXCoAP( 2829): CoapMessageHandler:[133] :2.01
05-31 21:01:45.975 W/ ( 0): [1 T1197 ..] [SP FRAME RX] arp rsp,vif_idx:0 sender:[1c:79:2d:23:39:4b 192.168.3.156]receiver:[1c:79:2d:20:62:cb 192.168.3.4]
06-03 13:57:29.163 I/WifiHAL ( 540): call wifi_get_link_stats handler
06-03 13:57:29.163 I/WifiHAL ( 540): Creating message to get link statistics; iface = 16
06-03 13:57:29.166 D/WifiHAL ( 540): error code -95 mapped to -3
06-03 13:57:29.166 E/WifiStaIfaceAidlImpl( 754): getLinkLayerStats failed with service-specific exception: android.os.ServiceSpecificException: (code 4)
05-31 21:01:46.111 W/ ( 0): [3 T0 .s] [SP FRAME TX] arp req,vif_idx:0 sender:[1c:79:2d:20:62:cb 192.168.3.4]receiver:[00:00:00:00:00:00 192.168.3.207]
05-31 21:01:46.154 W/ ( 0): [1 T1197 ..] [SP FRAME RX] arp rsp,vif_idx:0 sender:[a2:e3:8f:e4:ff:46 192.168.3.207]receiver:[1c:79:2d:20:62:cb 192.168.3.4]
06-03 13:57:29.590 I/VDA ( 509): [0##31]"ServiceDeviceTask INs=2765/2772, OUTs=2763/2767"" {IN=7/8, OUT=9/13[kAtAccelerator(0) kAtDevice(4) kAtClient(9)]}"
06-03 13:57:29.664 I/virtual void MediaDecoder::run()( 4827): notify decode next url: /data/user/0/com.dangbei.lerad.screensaver/files/download/61/city_2.mp4
06-03 13:57:29.664 E/screen_saver2( 4827): onDecodeNextStream: 1
06-03 13:57:29.665 D/AdManager( 4827): advertisementNum: 7
06-03 13:57:30.654 I/VDA ( 509): [0##31]"ServiceDeviceTask INs=2796/2803, OUTs=2794/2799"" {IN=7/8, OUT=8/13[kAtAccelerator(0) kAtDevice(5) kAtClient(8)]}"
06-03 13:57:31.169 D/BufferPoolAccessor2.0( 4827): bufferpool2 0xe9d2ca88 : 8(12582912 size) total buffers - 8(12582912 size) used buffers - 0/9 (recycle/alloc) - 9/2822 (fetch/transfer)
06-03 13:57:31.678 I/VDA ( 509): [0##31]"ServiceDeviceTask INs=2828/2835, OUTs=2826/2829"" {IN=7/8, OUT=10/13[kAtAccelerator(0) kAtDevice(3) kAtClient(10)]}"
06-03 13:57:31.889 I/virtual Data FFDemuxer::read()( 4827): read frame ret: End of file latestReceivedTime: 248255 getTotalTimeMillis: 7500 is exit: 0
06-03 13:57:31.889 I/virtual Data FFDemuxer::read()( 4827): list smooth loop
06-03 13:57:31.894 I/virtual StreamInfo FFDemuxer::getVideoStreamInfo()( 4827): video width: 1920 video height: 1080 video pixelFormat: 0 fps: 30
06-03 13:57:31.894 D/virtual Data FFDemuxer::read()( 4827): open next url: /data/user/0/com.dangbei.lerad.screensaver/files/download/61/city_2.mp4
06-03 13:57:32.171 I/WifiHAL ( 540): call wifi_get_link_stats handler
06-03 13:57:32.171 I/WifiHAL ( 540): Creating message to get link statistics; iface = 16
06-03 13:57:32.172 D/WifiHAL ( 540): error code -95 mapped to -3
06-03 13:57:32.172 E/WifiStaIfaceAidlImpl( 754): getLinkLayerStats failed with service-specific exception: android.os.ServiceSpecificException: (code 4)
06-03 13:57:32.679 I/DebugUtil( 509): [0##31]in/out status {INS/OUTS=2866(1)/2855(0)}, pipeline status {IN=8/8, OUT=9/13[Component(0) Accelerator(4) Client(9)]}
06-03 13:57:32.706 I/VDA ( 509): [0##31]"ServiceDeviceTask INs=2858/2865, OUTs=2856/2860"" {IN=7/8, OUT=9/13[kAtAccelerator(0) kAtDevice(4) kAtClient(9)]}"
06-03 13:57:33.735 I/VDA ( 509): [0##31]"ServiceDeviceTask INs=2890/2897, OUTs=2888/2891"" {IN=7/8, OUT=10/13[kAtAccelerator(0) kAtDevice(3) kAtClient(10)]}"
06-03 13:57:34.529 D/bbb ( 2173): onStartCommand begin !!!!!!! data分区剩余 54618MB
06-03 13:57:34.763 I/VDA ( 509): [0##31]"ServiceDeviceTask INs=2921/2928, OUTs=2918/2922"" {IN=7/8, OUT=9/13[kAtAccelerator(0) kAtDevice(4) kAtClient(9)]}"
06-03 13:57:35.025 I/audio_hw_hal_alsamgr( 503): alsa format =0x1 delay frames =768 total frames=38979840
06-03 13:57:35.178 I/WifiHAL ( 540): call wifi_get_link_stats handler
06-03 13:57:35.178 I/WifiHAL ( 540): Creating message to get link statistics; iface = 16
06-03 13:57:35.178 D/WifiHAL ( 540): error code -95 mapped to -3
06-03 13:57:35.178 E/WifiStaIfaceAidlImpl( 754): getLinkLayerStats failed with service-specific exception: android.os.ServiceSpecificException: (code 4)
06-03 13:57:35.793 I/VDA ( 509): [0##31]"ServiceDeviceTask INs=2952/2959, OUTs=2950/2953"" {IN=7/8, OUT=10/13[kAtAccelerator(0) kAtDevice(3) kAtClient(10)]}"
06-03 13:57:36.313 I/virtual void MediaDecoder::run()( 4827): notify decode next url: /data/user/0/com.dangbei.lerad.screensaver/files/download/61/city_1.mp4
06-03 13:57:36.313 E/screen_saver2( 4827): onDecodeNextStream: 0
06-03 13:57:36.313 E/screen_saver2( 4827): 本地记录index和回调的不一致
06-03 13:57:36.322 D/AdManager( 4827): advertisementNum: 6
06-03 13:57:36.343 D/BufferPoolAccessor2.0( 4827): bufferpool2 0xe9d2ca88 : 8(12582912 size) total buffers - 8(12582912 size) used buffers - 0/9 (recycle/alloc) - 9/2977 (fetch/transfer)
06-03 13:57:36.821 I/VDA ( 509): [0##31]"ServiceDeviceTask INs=2982/2989, OUTs=2980/2983"" {IN=7/8, OUT=10/13[kAtAccelerator(0) kAtDevice(3) kAtClient(10)]}"
05-31 21:01:54.299 W/ ( 0): [1 T0 .s] [SP FRAME TX] arp req,vif_idx:0 sender:[1c:79:2d:20:62:cb 192.168.3.4]receiver:[00:00:00:00:00:00 192.168.3.7]
05-31 21:01:54.470 W/ ( 0): [1 T1197 ..] [SP FRAME RX] arp req,vif_idx:0 sender:[b4:2f:03:15:e9:08 192.168.3.7]receiver:[00:00:00:00:00:00 192.168.3.4]
05-31 21:01:54.471 W/ ( 0): [1 T1197 ..] [SP FRAME TX] arp rsp,vif_idx:0 sender:[1c:79:2d:20:62:cb 192.168.3.4]receiver:[b4:2f:03:15:e9:08 192.168.3.7]
05-31 21:01:54.473 W/ ( 0): [1 T1197 ..] [SP FRAME RX] arp rsp,vif_idx:0 sender:[b4:2f:03:15:e9:08 192.168.3.7]receiver:[1c:79:2d:20:62:cb 192.168.3.4]
06-03 13:57:37.680 I/DebugUtil( 509): [0##31]in/out status {INS/OUTS=3015(1)/3005(0)}, pipeline status {IN=7/8, OUT=9/13[Component(0) Accelerator(4) Client(9)]}
06-03 13:57:37.849 I/VDA ( 509): [0##31]"ServiceDeviceTask INs=3012/3019, OUTs=3010/3014"" {IN=7/8, OUT=9/13[kAtAccelerator(0) kAtDevice(4) kAtClient(9)]}"
06-03 13:57:38.184 I/WifiHAL ( 540): call wifi_get_link_stats handler
06-03 13:57:38.184 I/WifiHAL ( 540): Creating message to get link statistics; iface = 16
06-03 13:57:38.184 D/WifiHAL ( 540): error code -95 mapped to -3
06-03 13:57:38.185 E/WifiStaIfaceAidlImpl( 754): getLinkLayerStats failed with service-specific exception: android.os.ServiceSpecificException: (code 4)
06-03 13:57:38.878 I/VDA ( 509): [0##31]"ServiceDeviceTask INs=3043/3050, OUTs=3040/3045"" {IN=7/8, OUT=8/13[kAtAccelerator(0) kAtDevice(5) kAtClient(8)]}"
05-31 21:01:55.824 W/ ( 0): [1 T1197 ..] [SP FRAME RX] DHCP[0 1], vif_idx:0
06-03 13:57:39.430 I/virtual Data FFDemuxer::read()( 4827): read frame ret: End of file latestReceivedTime: 254922 getTotalTimeMillis: 6666 is exit: 0
06-03 13:57:39.430 I/virtual Data FFDemuxer::read()( 4827): list smooth loop
06-03 13:57:39.436 I/virtual StreamInfo FFDemuxer::getVideoStreamInfo()( 4827): video width: 1920 video height: 1080 video pixelFormat: 0 fps: 30
06-03 13:57:39.436 D/virtual Data FFDemuxer::read()( 4827): open next url: /data/user/0/com.dangbei.lerad.screensaver/files/download/61/city_1.mp4
05-31 21:01:56.792 W/ ( 0): [1 T1197 ..] [SP FRAME RX] DHCP[0 1], vif_idx:0
06-03 13:57:39.943 I/VDA ( 509): [0##31]"ServiceDeviceTask INs=3075/3082, OUTs=3073/3077"" {IN=7/8, OUT=9/13[kAtAccelerator(0) kAtDevice(4) kAtClient(9)]}"
06-03 13:57:40.972 I/VDA ( 509): [0##31]"ServiceDeviceTask INs=3105/3112, OUTs=3103/3108"" {IN=7/8, OUT=8/13[kAtAccelerator(0) kAtDevice(5) kAtClient(8)]}"
06-03 13:57:41.191 I/WifiHAL ( 540): call wifi_get_link_stats handler
06-03 13:57:41.192 I/WifiHAL ( 540): Creating message to get link statistics; iface = 16
06-03 13:57:41.192 D/WifiHAL ( 540): error code -95 mapped to -3
06-03 13:57:41.192 E/WifiStaIfaceAidlImpl( 754): getLinkLayerStats failed with service-specific exception: android.os.ServiceSpecificException: (code 4)
06-03 13:57:41.485 D/BufferPoolAccessor2.0( 4827): bufferpool2 0xe9d2ca88 : 8(12582912 size) total buffers - 8(12582912 size) used buffers - 0/9 (recycle/alloc) - 9/3130 (fetch/transfer)
05-31 21:01:58.792 W/ ( 0): [1 T1197 ..] [SP FRAME RX] DHCP[0 1], vif_idx:0
06-03 13:57:42.000 I/VDA ( 509): [0##31]"ServiceDeviceTask INs=3137/3144, OUTs=3134/3139"" {IN=7/8, OUT=8/13[kAtAccelerator(0) kAtDevice(5) kAtClient(8)]}"
06-03 13:57:42.378 D/PipelineWatcher( 4827): onInputBufferReleased: frameIndex not found (3149); ignored
06-03 13:57:42.680 I/DebugUtil( 509): [0##31]in/out status {INS/OUTS=3165(1)/3154(0)}, pipeline status {IN=8/8, OUT=9/13[Component(0) Accelerator(4) Client(9)]}
06-03 13:57:43.001 I/VDA ( 509): [0##31]"ServiceDeviceTask INs=3166/3172, OUTs=3164/3169"" {IN=6/8, OUT=8/13[kAtAccelerator(0) kAtDevice(5) kAtClient(8)]}"
05-31 21:02:00.443 W/ ( 0): [3 T428 ..] [aml_send_sync_trace 4388] sync token[13210]
05-31 21:02:00.443 W/ ( 0): [3 T428 ..] >>> aml_send_msg()
05-31 21:02:00.444 W/ ( 0): [3 T1196 ..] ipc_sdio_host_msgack_handler 000000009b337539
05-31 21:02:00.444 W/ ( 0): [3 T1196 ..] [aml_msgackind 2038] msg ack hostid=0xffffff809b555980
05-31 21:02:00.445 W/ ( 0): [3 T1196 ..] [cmd_mgr_llind 329] cmd tkn[62] flags:0008 result: -4 cmd: 105-MM_SYNC_TRACE - reqcfm( 0-none)
05-31 21:02:00.447 W/ ( 0): [3 T1196 ..] [cmd_complete 65] cmd tkn[62] flags:0000 result: -4 cmd: 105-MM_SYNC_TRACE - reqcfm( 0-none)
06-03 13:57:43.826 I/virtual void MediaDecoder::run()( 4827): notify decode next url: /data/user/0/com.dangbei.lerad.screensaver/files/download/61/city_2.mp4
06-03 13:57:43.826 E/screen_saver2( 4827): onDecodeNextStream: 1
06-03 13:57:43.828 D/AdManager( 4827): advertisementNum: 5
06-03 13:57:44.026 I/VDA ( 509): [0##31]"ServiceDeviceTask INs=3198/3205, OUTs=3195/3199"" {IN=7/8, OUT=9/13[kAtAccelerator(0) kAtDevice(4) kAtClient(9)]}"
06-03 13:57:44.200 I/WifiHAL ( 540): call wifi_get_link_stats handler
06-03 13:57:44.200 I/WifiHAL ( 540): Creating message to get link statistics; iface = 16
06-03 13:57:44.200 D/WifiHAL ( 540): error code -95 mapped to -3
06-03 13:57:44.200 E/WifiStaIfaceAidlImpl( 754): getLinkLayerStats failed with service-specific exception: android.os.ServiceSpecificException: (code 4)
05-31 21:02:01.215 W/ ( 0): [3 T0 .s] [SP FRAME TX] arp req,vif_idx:0 sender:[1c:79:2d:20:62:cb 192.168.3.4]receiver:[00:00:00:00:00:00 192.168.3.1]
05-31 21:02:01.233 W/ ( 0): [2 T1197 ..] [SP FRAME RX] arp rsp,vif_idx:0 sender:[70:3a:a6:36:a8:d7 192.168.3.1]receiver:[1c:79:2d:20:62:cb 192.168.3.4]
06-03 13:57:44.337 I/netd ( 491): setProcSysNet(4, 2, wlan0, retrans_time_ms, 1000) <0.17ms>
06-03 13:57:44.338 I/netd ( 491): setProcSysNet(4, 2, wlan0, ucast_solicit, 15) <0.16ms>
06-03 13:57:44.339 I/netd ( 491): setProcSysNet(6, 2, wlan0, retrans_time_ms, 1000) <0.20ms>
06-03 13:57:44.340 I/netd ( 491): setProcSysNet(6, 2, wlan0, ucast_solicit, 15) <0.14ms>
06-03 13:57:45.057 I/VDA ( 509): [0##31]"ServiceDeviceTask INs=3230/3237, OUTs=3228/3231"" {IN=7/8, OUT=10/13[kAtAccelerator(0) kAtDevice(3) kAtClient(10)]}"
06-03 13:57:46.024 I/virtual Data FFDemuxer::read()( 4827): read frame ret: End of file latestReceivedTime: 262421 getTotalTimeMillis: 7500 is exit: 0
06-03 13:57:46.024 I/virtual Data FFDemuxer::read()( 4827): list smooth loop
06-03 13:57:46.030 I/virtual StreamInfo FFDemuxer::getVideoStreamInfo()( 4827): video width: 1920 video height: 1080 video pixelFormat: 0 fps: 30
06-03 13:57:46.030 D/virtual Data FFDemuxer::read()( 4827): open next url: /data/user/0/com.dangbei.lerad.screensaver/files/download/61/city_2.mp4
05-31 21:02:02.933 W/ ( 0): [1 T1197 ..] [SP FRAME RX] DHCP[0 1], vif_idx:0
06-03 13:57:46.085 I/VDA ( 509): [0##31]"ServiceDeviceTask INs=3260/3267, OUTs=3257/3261"" {IN=7/8, OUT=9/13[kAtAccelerator(0) kAtDevice(4) kAtClient(9)]}"
06-03 13:57:46.636 D/BufferPoolAccessor2.0( 4827): bufferpool2 0xe9d2ca88 : 8(12582912 size) total buffers - 8(12582912 size) used buffers - 0/9 (recycle/alloc) - 9/3285 (fetch/transfer)
06-03 13:57:47.113 I/VDA ( 509): [0##31]"ServiceDeviceTask INs=3291/3298, OUTs=3289/3292"" {IN=7/8, OUT=10/13[kAtAccelerator(0) kAtDevice(3) kAtClient(10)]}"
06-03 13:57:47.205 I/WifiHAL ( 540): call wifi_get_link_stats handler
06-03 13:57:47.205 I/WifiHAL ( 540): Creating message to get link statistics; iface = 16
06-03 13:57:47.205 D/WifiHAL ( 540): error code -95 mapped to -3
06-03 13:57:47.206 E/WifiStaIfaceAidlImpl( 754): getLinkLayerStats failed with service-specific exception: android.os.ServiceSpecificException: (code 4)
05-31 21:02:04.129 W/ ( 0): [1 T1197 ..] [SP FRAME RX] DHCP[0 1], vif_idx:0
06-03 13:57:47.680 I/DebugUtil( 509): [0##31]in/out status {INS/OUTS=3317(1)/3306(0)}, pipeline status {IN=8/8, OUT=10/13[Component(0) Accelerator(3) Client(10)]}
06-03 13:57:48.173 I/VDA ( 509): [0##31]"ServiceDeviceTask INs=3322/3329, OUTs=3320/3324"" {IN=7/8, OUT=9/13[kAtAccelerator(0) kAtDevice(4) kAtClient(9)]}"
06-03 13:57:49.199 I/VDA ( 509): [0##31]"ServiceDeviceTask INs=3354/3361, OUTs=3351/3355"" {IN=7/8, OUT=9/13[kAtAccelerator(0) kAtDevice(4) kAtClient(9)]}"
06-03 13:57:50.211 I/WifiHAL ( 540): call wifi_get_link_stats handler
06-03 13:57:50.211 I/WifiHAL ( 540): Creating message to get link statistics; iface = 16
06-03 13:57:50.211 D/WifiHAL ( 540): error code -95 mapped to -3
06-03 13:57:50.212 E/WifiStaIfaceAidlImpl( 754): getLinkLayerStats failed with service-specific exception: android.os.ServiceSpecificException: (code 4)
06-03 13:57:50.228 I/VDA ( 509): [0##31]"ServiceDeviceTask INs=3384/3391, OUTs=3381/3386"" {IN=7/8, OUT=8/13[kAtAccelerator(0) kAtDevice(5) kAtClient(8)]}"
06-03 13:57:50.473 I/virtual void MediaDecoder::run()( 4827): notify decode next url: /data/user/0/com.dangbei.lerad.screensaver/files/download/61/city_1.mp4
06-03 13:57:50.473 E/screen_saver2( 4827): onDecodeNextStream: 0
06-03 13:57:50.473 E/screen_saver2( 4827): 本地记录index和回调的不一致
06-03 13:57:50.474 D/AdManager( 4827): advertisementNum: 4
06-03 13:57:51.291 I/VDA ( 509): [0##31]"ServiceDeviceTask INs=3416/3423, OUTs=3413/3418"" {IN=7/8, OUT=8/13[kAtAccelerator(0) kAtDevice(5) kAtClient(8)]}"
06-03 13:57:51.806 D/BufferPoolAccessor2.0( 4827): bufferpool2 0xe9d2ca88 : 8(12582912 size) total buffers - 8(12582912 size) used buffers - 0/9 (recycle/alloc) - 9/3440 (fetch/transfer)
06-03 13:57:52.318 I/VDA ( 509): [0##31]"ServiceDeviceTask INs=3446/3453, OUTs=3444/3448"" {IN=7/8, OUT=9/13[kAtAccelerator(0) kAtDevice(4) kAtClient(9)]}"
05-31 21:02:09.341 W/ ( 0): [1 T1197 ..] [SP FRAME RX] DHCP[0 1], vif_idx:0
06-03 13:57:52.681 I/DebugUtil( 509): [0##31]in/out status {INS/OUTS=3466(1)/3455(0)}, pipeline status {IN=8/8, OUT=9/13[Component(0) Accelerator(4) Client(9)]}
06-03 13:57:53.218 I/WifiHAL ( 540): call wifi_get_link_stats handler
06-03 13:57:53.218 I/WifiHAL ( 540): Creating message to get link statistics; iface = 16
06-03 13:57:53.218 D/WifiHAL ( 540): error code -95 mapped to -3
06-03 13:57:53.219 E/WifiStaIfaceAidlImpl( 754): getLinkLayerStats failed with service-specific exception: android.os.ServiceSpecificException: (code 4)
06-03 13:57:53.381 I/VDA ( 509): [0##31]"ServiceDeviceTask INs=3478/3485, OUTs=3475/3480"" {IN=7/8, OUT=8/13[kAtAccelerator(0) kAtDevice(5) kAtClient(8)]}"
06-03 13:57:53.624 I/virtual Data FFDemuxer::read()( 4827): read frame ret: End of file latestReceivedTime: 269088 getTotalTimeMillis: 6666 is exit: 0
06-03 13:57:53.624 I/virtual Data FFDemuxer::read()( 4827): list smooth loop
06-03 13:57:53.629 I/virtual StreamInfo FFDemuxer::getVideoStreamInfo()( 4827): video width: 1920 video height: 1080 video pixelFormat: 0 fps: 30
06-03 13:57:53.629 D/virtual Data FFDemuxer::read()( 4827): open next url: /data/user/0/com.dangbei.lerad.screensaver/files/download/61/city_1.mp4
05-31 21:02:10.876 W/ ( 0): [1 T1197 ..] [SP FRAME RX] DHCP[0 1], vif_idx:0
06-03 13:57:54.409 I/VDA ( 509): [0##31]"ServiceDeviceTask INs=3510/3517, OUTs=3508/3511"" {IN=7/8, OUT=10/13[kAtAccelerator(0) kAtDevice(3) kAtClient(10)]}"
06-03 13:57:55.438 I/VDA ( 509): [0##31]"ServiceDeviceTask INs=3540/3547, OUTs=3538/3542"" {IN=7/8, OUT=9/13[kAtAccelerator(0) kAtDevice(4) kAtClient(9)]}"
06-03 13:57:56.227 I/WifiHAL ( 540): call wifi_get_link_stats handler
06-03 13:57:56.227 I/WifiHAL ( 540): Creating message to get link statistics; iface = 16
06-03 13:57:56.228 D/WifiHAL ( 540): error code -95 mapped to -3
06-03 13:57:56.229 E/WifiStaIfaceAidlImpl( 754): getLinkLayerStats failed with service-specific exception: android.os.ServiceSpecificException: (code 4)
06-03 13:57:56.468 I/VDA ( 509): [0##31]"ServiceDeviceTask INs=3571/3578, OUTs=3569/3573"" {IN=7/8, OUT=9/13[kAtAccelerator(0) kAtDevice(4) kAtClient(9)]}"
06-03 13:57:56.984 D/BufferPoolAccessor2.0( 4827): bufferpool2 0xe9d2ca88 : 8(12582912 size) total buffers - 8(12582912 size) used buffers - 0/9 (recycle/alloc) - 9/3595 (fetch/transfer)
06-03 13:57:57.500 I/VDA ( 509): [0##31]"ServiceDeviceTask INs=3603/3610, OUTs=3601/3604"" {IN=7/8, OUT=10/13[kAtAccelerator(0) kAtDevice(3) kAtClient(10)]}"
06-03 13:57:57.681 I/DebugUtil( 509): [0##31]in/out status {INS/OUTS=3617(1)/3606(0)}, pipeline status {IN=8/8, OUT=10/13[Component(0) Accelerator(3) Client(10)]}
06-03 13:57:57.983 I/virtual void MediaDecoder::run()( 4827): notify decode next url: /data/user/0/com.dangbei.lerad.screensaver/files/download/61/city_2.mp4
06-03 13:57:57.983 E/screen_saver2( 4827): onDecodeNextStream: 1
06-03 13:57:57.992 D/AdManager( 4827): advertisementNum: 3
06-03 13:57:58.530 I/VDA ( 509): [0##31]"ServiceDeviceTask INs=3634/3641, OUTs=3631/3635"" {IN=7/8, OUT=9/13[kAtAccelerator(0) kAtDevice(4) kAtClient(9)]}"
06-03 13:57:59.236 I/WifiHAL ( 540): call wifi_get_link_stats handler
06-03 13:57:59.236 I/WifiHAL ( 540): Creating message to get link statistics; iface = 16
06-03 13:57:59.236 D/WifiHAL ( 540): error code -95 mapped to -3
06-03 13:57:59.236 E/WifiStaIfaceAidlImpl( 754): getLinkLayerStats failed with service-specific exception: android.os.ServiceSpecificException: (code 4)
06-03 13:57:59.591 I/VDA ( 509): [0##31]"ServiceDeviceTask INs=3665/3672, OUTs=3663/3666"" {IN=7/8, OUT=10/13[kAtAccelerator(0) kAtDevice(3) kAtClient(10)]}"
06-03 13:58:00.212 I/virtual Data FFDemuxer::read()( 4827): read frame ret: End of file latestReceivedTime: 276587 getTotalTimeMillis: 7500 is exit: 0
06-03 13:58:00.212 I/virtual Data FFDemuxer::read()( 4827): list smooth loop
06-03 13:58:00.217 I/virtual StreamInfo FFDemuxer::getVideoStreamInfo()( 4827): video width: 1920 video height: 1080 video pixelFormat: 0 fps: 30
06-03 13:58:00.217 D/virtual Data FFDemuxer::read()( 4827): open next url: /data/user/0/com.dangbei.lerad.screensaver/files/download/61/city_2.mp4
06-03 13:58:00.620 I/VDA ( 509): [0##31]"ServiceDeviceTask INs=3696/3703, OUTs=3693/3697"" {IN=7/8, OUT=9/13[kAtAccelerator(0) kAtDevice(4) kAtClient(9)]}"
06-03 13:58:01.622 I/VDA ( 509): [0##31]"ServiceDeviceTask INs=3727/3734, OUTs=3725/3728"" {IN=7/8, OUT=10/13[kAtAccelerator(0) kAtDevice(3) kAtClient(10)]}"
05-31 21:02:18.619 W/ ( 0): [1 T0 .s] [SP FRAME TX] arp req,vif_idx:0 sender:[1c:79:2d:20:62:cb 192.168.3.4]receiver:[00:00:00:00:00:00 192.168.3.1]
05-31 21:02:18.623 W/ ( 0): [1 T1197 ..] [SP FRAME RX] arp rsp,vif_idx:0 sender:[70:3a:a6:36:a8:d7 192.168.3.1]receiver:[1c:79:2d:20:62:cb 192.168.3.4]
06-03 13:58:01.727 I/netd ( 491): setProcSysNet(4, 2, wlan0, retrans_time_ms, 1000) <0.16ms>
06-03 13:58:01.727 I/netd ( 491): setProcSysNet(4, 2, wlan0, ucast_solicit, 15) <0.13ms>
06-03 13:58:01.728 I/netd ( 491): setProcSysNet(6, 2, wlan0, retrans_time_ms, 1000) <0.16ms>
06-03 13:58:01.728 I/netd ( 491): setProcSysNet(6, 2, wlan0, ucast_solicit, 15) <0.11ms>
06-03 13:58:02.200 D/BufferPoolAccessor2.0( 4827): bufferpool2 0xe9d2ca88 : 8(12582912 size) total buffers - 8(12582912 size) used buffers - 0/9 (recycle/alloc) - 9/3751 (fetch/transfer)
06-03 13:58:02.239 I/WifiHAL ( 540): call wifi_get_link_stats handler
06-03 13:58:02.240 I/WifiHAL ( 540): Creating message to get link statistics; iface = 16
06-03 13:58:02.240 D/WifiHAL ( 540): error code -95 mapped to -3
06-03 13:58:02.240 E/WifiStaIfaceAidlImpl( 754): getLinkLayerStats failed with service-specific exception: android.os.ServiceSpecificException: (code 4)
06-03 13:58:02.678 I/VDA ( 509): [0##31]"ServiceDeviceTask INs=3757/3764, OUTs=3754/3759"" {IN=7/8, OUT=8/13[kAtAccelerator(0) kAtDevice(5) kAtClient(8)]}"
06-03 13:58:02.681 I/DebugUtil( 509): [0##31]in/out status {INS/OUTS=3766(1)/3755(0)}, pipeline status {IN=8/8, OUT=9/13[Component(0) Accelerator(4) Client(9)]}
06-03 13:58:03.705 I/VDA ( 509): [0##31]"ServiceDeviceTask INs=3789/3796, OUTs=3787/3790"" {IN=7/8, OUT=10/13[kAtAccelerator(0) kAtDevice(3) kAtClient(10)]}"
06-03 13:58:03.922 I/netd ( 491): tetherGetStats() -> {[]} <1.44ms>
06-03 13:58:03.934 I/netd ( 491): bandwidthSetGlobalAlert(2097152) <0.42ms>
06-03 13:58:04.636 I/virtual void MediaDecoder::run()( 4827): notify decode next url: /data/user/0/com.dangbei.lerad.screensaver/files/download/61/city_1.mp4
06-03 13:58:04.637 E/screen_saver2( 4827): onDecodeNextStream: 0
06-03 13:58:04.637 E/screen_saver2( 4827): 本地记录index和回调的不一致
06-03 13:58:04.637 D/AdManager( 4827): advertisementNum: 2
06-03 13:58:04.733 I/VDA ( 509): [0##31]"ServiceDeviceTask INs=3819/3826, OUTs=3816/3821"" {IN=7/8, OUT=8/13[kAtAccelerator(0) kAtDevice(5) kAtClient(8)]}"
06-03 13:58:05.244 I/WifiHAL ( 540): call wifi_get_link_stats handler
06-03 13:58:05.244 I/WifiHAL ( 540): Creating message to get link statistics; iface = 16
06-03 13:58:05.245 D/WifiHAL ( 540): error code -95 mapped to -3
06-03 13:58:05.246 E/WifiStaIfaceAidlImpl( 754): getLinkLayerStats failed with service-specific exception: android.os.ServiceSpecificException: (code 4)
06-03 13:58:05.761 I/VDA ( 509): [0##31]"ServiceDeviceTask INs=3850/3857, OUTs=3848/3852"" {IN=7/8, OUT=9/13[kAtAccelerator(0) kAtDevice(4) kAtClient(9)]}"
06-03 13:58:06.789 I/VDA ( 509): [0##31]"ServiceDeviceTask INs=3880/3887, OUTs=3877/3883"" {IN=7/8, OUT=7/13[kAtAccelerator(0) kAtDevice(6) kAtClient(7)]}"
06-03 13:58:07.024 I/audio_hw_hal_alsamgr( 503): alsa format =0x1 delay frames =768 total frames=40515840
06-03 13:58:07.338 D/BufferPoolAccessor2.0( 4827): bufferpool2 0xe9d2ca88 : 8(12582912 size) total buffers - 8(12582912 size) used buffers - 0/9 (recycle/alloc) - 9/3906 (fetch/transfer)
06-03 13:58:07.682 I/DebugUtil( 509): [0##31]in/out status {INS/OUTS=3917(1)/3906(0)}, pipeline status {IN=8/8, OUT=10/13[Component(0) Accelerator(3) Client(10)]}
06-03 13:58:07.782 I/virtual Data FFDemuxer::read()( 4827): read frame ret: End of file latestReceivedTime: 283254 getTotalTimeMillis: 6666 is exit: 0
06-03 13:58:07.782 I/virtual Data FFDemuxer::read()( 4827): list smooth loop
06-03 13:58:07.789 I/virtual StreamInfo FFDemuxer::getVideoStreamInfo()( 4827): video width: 1920 video height: 1080 video pixelFormat: 0 fps: 30
06-03 13:58:07.790 D/virtual Data FFDemuxer::read()( 4827): open next url: /data/user/0/com.dangbei.lerad.screensaver/files/download/61/city_1.mp4
06-03 13:58:07.815 I/VDA ( 509): [0##31]"ServiceDeviceTask INs=3912/3919, OUTs=3910/3913"" {IN=7/8, OUT=10/13[kAtAccelerator(0) kAtDevice(3) kAtClient(10)]}"
06-03 13:58:08.251 I/WifiHAL ( 540): call wifi_get_link_stats handler
06-03 13:58:08.251 I/WifiHAL ( 540): Creating message to get link statistics; iface = 16
06-03 13:58:08.251 D/WifiHAL ( 540): error code -95 mapped to -3
06-03 13:58:08.252 E/WifiStaIfaceAidlImpl( 754): getLinkLayerStats failed with service-specific exception: android.os.ServiceSpecificException: (code 4)
06-03 13:58:08.843 I/VDA ( 509): [0##31]"ServiceDeviceTask INs=3943/3950, OUTs=3941/3944"" {IN=7/8, OUT=10/13[kAtAccelerator(0) kAtDevice(3) kAtClient(10)]}"
06-03 13:58:09.872 I/VDA ( 509): [0##31]"ServiceDeviceTask INs=3973/3980, OUTs=3971/3975"" {IN=7/8, OUT=9/13[kAtAccelerator(0) kAtDevice(4) kAtClient(9)]}"
05-31 21:02:26.851 W/ ( 0): [3 T1197 ..] [SP FRAME RX] DHCP[0 1], vif_idx:0
06-03 13:58:10.899 I/VDA ( 509): [0##31]"ServiceDeviceTask INs=4005/4012, OUTs=4003/4006"" {IN=7/8, OUT=10/13[kAtAccelerator(0) kAtDevice(3) kAtClient(10)]}"
06-03 13:58:11.255 I/WifiHAL ( 540): call wifi_get_link_stats handler
06-03 13:58:11.255 I/WifiHAL ( 540): Creating message to get link statistics; iface = 16
06-03 13:58:11.255 D/WifiHAL ( 540): error code -95 mapped to -3
06-03 13:58:11.256 E/WifiStaIfaceAidlImpl( 754): getLinkLayerStats failed with service-specific exception: android.os.ServiceSpecificException: (code 4)
06-03 13:58:11.928 I/VDA ( 509): [0##31]"ServiceDeviceTask INs=4036/4043, OUTs=4034/4037"" {IN=7/8, OUT=10/13[kAtAccelerator(0) kAtDevice(3) kAtClient(10)]}"
06-03 13:58:12.137 I/virtual void MediaDecoder::run()( 4827): notify decode next url: /data/user/0/com.dangbei.lerad.screensaver/files/download/61/city_2.mp4
06-03 13:58:12.138 E/screen_saver2( 4827): onDecodeNextStream: 1
06-03 13:58:12.138 D/AdManager( 4827): advertisementNum: 1
06-03 13:58:12.476 D/BufferPoolAccessor2.0( 4827): bufferpool2 0xe9d2ca88 : 8(12582912 size) total buffers - 8(12582912 size) used buffers - 0/9 (recycle/alloc) - 9/4061 (fetch/transfer)
06-03 13:58:12.682 I/DebugUtil( 509): [0##31]in/out status {INS/OUTS=4066(1)/4055(0)}, pipeline status {IN=8/8, OUT=9/13[Component(0) Accelerator(4) Client(9)]}
06-03 13:58:12.959 I/VDA ( 509): [0##31]"ServiceDeviceTask INs=4066/4073, OUTs=4064/4067"" {IN=7/8, OUT=10/13[kAtAccelerator(0) kAtDevice(3) kAtClient(10)]}"
06-03 13:58:13.540 D/nStackXCoAP( 2829): IsInSameNetwork:[276] :IsInSameNetwork exec
06-03 13:58:13.540 I/nStackXDFinder( 2829): GetLocalInterfaceDetail:[461] :GetLocalInterfaceDetail in
06-03 13:58:13.540 E/nStackXCoAP( 2829): IsInSameNetwork:[281] :IsInSameNetwork: not priority process
06-03 13:58:13.540 D/nStackXCoAP( 2829): ParseServiceDiscover:[330] :new device join
06-03 13:58:13.540 E/nStackXDFinder( 2829): GetLocalIp:[401] :GetLocalIp exec
06-03 13:58:13.680 D/nStackXCoAP( 2829): IsInSameNetwork:[276] :IsInSameNetwork exec
06-03 13:58:13.680 I/nStackXDFinder( 2829): GetLocalInterfaceDetail:[461] :GetLocalInterfaceDetail in
06-03 13:58:13.680 E/nStackXCoAP( 2829): IsInSameNetwork:[281] :IsInSameNetwork: not priority process
06-03 13:58:13.680 D/nStackXCoAP( 2829): ParseServiceDiscover:[330] :new device join
06-03 13:58:13.680 E/nStackXDFinder( 2829): GetLocalIp:[401] :GetLocalIp exec
06-03 13:58:13.843 D/nStackXCoAP( 2829): IsInSameNetwork:[276] :IsInSameNetwork exec
06-03 13:58:13.844 I/nStackXDFinder( 2829): GetLocalInterfaceDetail:[461] :GetLocalInterfaceDetail in
06-03 13:58:13.844 E/nStackXCoAP( 2829): IsInSameNetwork:[281] :IsInSameNetwork: not priority process
06-03 13:58:13.844 D/nStackXCoAP( 2829): ParseServiceDiscover:[330] :new device join
06-03 13:58:13.844 E/nStackXDFinder( 2829): GetLocalIp:[401] :GetLocalIp exec
06-03 13:58:13.987 I/VDA ( 509): [0##31]"ServiceDeviceTask INs=4097/4104, OUTs=4095/4098"" {IN=7/8, OUT=10/13[kAtAccelerator(0) kAtDevice(3) kAtClient(10)]}"
06-03 13:58:14.048 D/nStackXCoAP( 2829): IsInSameNetwork:[276] :IsInSameNetwork exec
06-03 13:58:14.048 I/nStackXDFinder( 2829): GetLocalInterfaceDetail:[461] :GetLocalInterfaceDetail in
06-03 13:58:14.048 E/nStackXCoAP( 2829): IsInSameNetwork:[281] :IsInSameNetwork: not priority process
06-03 13:58:14.048 D/nStackXCoAP( 2829): ParseServiceDiscover:[330] :new device join
06-03 13:58:14.048 E/nStackXDFinder( 2829): GetLocalIp:[401] :GetLocalIp exec
06-03 13:58:14.260 I/WifiHAL ( 540): call wifi_get_link_stats handler
06-03 13:58:14.260 I/WifiHAL ( 540): Creating message to get link statistics; iface = 16
06-03 13:58:14.260 D/WifiHAL ( 540): error code -95 mapped to -3
06-03 13:58:14.261 E/WifiStaIfaceAidlImpl( 754): getLinkLayerStats failed with service-specific exception: android.os.ServiceSpecificException: (code 4)
06-03 13:58:14.367 I/virtual Data FFDemuxer::read()( 4827): read frame ret: End of file latestReceivedTime: 290753 getTotalTimeMillis: 7500 is exit: 0
06-03 13:58:14.367 I/virtual Data FFDemuxer::read()( 4827): list smooth loop
06-03 13:58:14.371 I/virtual StreamInfo FFDemuxer::getVideoStreamInfo()( 4827): video width: 1920 video height: 1080 video pixelFormat: 0 fps: 30
06-03 13:58:14.371 D/virtual Data FFDemuxer::read()( 4827): open next url: /data/user/0/com.dangbei.lerad.screensaver/files/download/61/city_2.mp4
06-03 13:58:14.560 D/nStackXCoAP( 2829): IsInSameNetwork:[276] :IsInSameNetwork exec
06-03 13:58:14.561 I/nStackXDFinder( 2829): GetLocalInterfaceDetail:[461] :GetLocalInterfaceDetail in
06-03 13:58:14.561 E/nStackXCoAP( 2829): IsInSameNetwork:[281] :IsInSameNetwork: not priority process
06-03 13:58:14.561 D/nStackXCoAP( 2829): ParseServiceDiscover:[330] :new device join
06-03 13:58:14.561 E/nStackXDFinder( 2829): GetLocalIp:[401] :GetLocalIp exec
06-03 13:58:15.017 I/VDA ( 509): [0##31]"ServiceDeviceTask INs=4128/4135, OUTs=4126/4129"" {IN=7/8, OUT=10/13[kAtAccelerator(0) kAtDevice(3) kAtClient(10)]}"
06-03 13:58:15.073 D/nStackXCoAP( 2829): IsInSameNetwork:[276] :IsInSameNetwork exec
06-03 13:58:15.073 I/nStackXDFinder( 2829): GetLocalInterfaceDetail:[461] :GetLocalInterfaceDetail in
06-03 13:58:15.073 E/nStackXCoAP( 2829): IsInSameNetwork:[281] :IsInSameNetwork: not priority process
06-03 13:58:15.073 D/nStackXCoAP( 2829): ParseServiceDiscover:[330] :new device join
06-03 13:58:15.073 E/nStackXDFinder( 2829): GetLocalIp:[401] :GetLocalIp exec
06-03 13:58:15.483 D/nStackXCoAP( 2829): IsInSameNetwork:[276] :IsInSameNetwork exec
06-03 13:58:15.483 I/nStackXDFinder( 2829): GetLocalInterfaceDetail:[461] :GetLocalInterfaceDetail in
06-03 13:58:15.483 E/nStackXCoAP( 2829): IsInSameNetwork:[281] :IsInSameNetwork: not priority process
06-03 13:58:15.483 D/nStackXCoAP( 2829): ParseServiceDiscover:[330] :new device join
06-03 13:58:15.483 E/nStackXDFinder( 2829): GetLocalIp:[401] :GetLocalIp exec
06-03 13:58:16.046 I/VDA ( 509): [0##31]"ServiceDeviceTask INs=4159/4166, OUTs=4157/4160"" {IN=7/8, OUT=10/13[kAtAccelerator(0) kAtDevice(3) kAtClient(10)]}"
06-03 13:58:16.528 D/nStackXCoAP( 2829): IsInSameNetwork:[276] :IsInSameNetwork exec
06-03 13:58:16.528 I/nStackXDFinder( 2829): GetLocalInterfaceDetail:[461] :GetLocalInterfaceDetail in
06-03 13:58:16.528 E/nStackXCoAP( 2829): IsInSameNetwork:[281] :IsInSameNetwork: not priority process
06-03 13:58:16.528 D/nStackXCoAP( 2829): ParseServiceDiscover:[330] :new device join
06-03 13:58:16.528 E/nStackXDFinder( 2829): GetLocalIp:[401] :GetLocalIp exec
06-03 13:58:17.075 I/VDA ( 509): [0##31]"ServiceDeviceTask INs=4190/4197, OUTs=4187/4191"" {IN=7/8, OUT=9/13[kAtAccelerator(0) kAtDevice(4) kAtClient(9)]}"
06-03 13:58:17.268 I/WifiHAL ( 540): call wifi_get_link_stats handler
06-03 13:58:17.268 I/WifiHAL ( 540): Creating message to get link statistics; iface = 16
06-03 13:58:17.269 D/WifiHAL ( 540): error code -95 mapped to -3
06-03 13:58:17.269 E/WifiStaIfaceAidlImpl( 754): getLinkLayerStats failed with service-specific exception: android.os.ServiceSpecificException: (code 4)
06-03 13:58:17.538 D/nStackXCoAP( 2829): IsInSameNetwork:[276] :IsInSameNetwork exec
06-03 13:58:17.538 I/nStackXDFinder( 2829): GetLocalInterfaceDetail:[461] :GetLocalInterfaceDetail in
06-03 13:58:17.538 E/nStackXCoAP( 2829): IsInSameNetwork:[281] :IsInSameNetwork: not priority process
06-03 13:58:17.538 D/nStackXCoAP( 2829): ParseServiceDiscover:[330] :new device join
06-03 13:58:17.538 E/nStackXDFinder( 2829): GetLocalIp:[401] :GetLocalIp exec
06-03 13:58:17.682 I/DebugUtil( 509): [0##31]in/out status {INS/OUTS=4217(1)/4206(0)}, pipeline status {IN=8/8, OUT=10/13[Component(0) Accelerator(3) Client(10)]}
06-03 13:58:17.693 D/BufferPoolAccessor2.0( 4827): bufferpool2 0xe9d2ca88 : 8(12582912 size) total buffers - 8(12582912 size) used buffers - 0/9 (recycle/alloc) - 9/4218 (fetch/transfer)
06-03 13:58:18.065 D/nStackXCoAP( 2829): IsInSameNetwork:[276] :IsInSameNetwork exec
06-03 13:58:18.065 I/nStackXDFinder( 2829): GetLocalInterfaceDetail:[461] :GetLocalInterfaceDetail in
06-03 13:58:18.065 E/nStackXCoAP( 2829): IsInSameNetwork:[281] :IsInSameNetwork: not priority process
06-03 13:58:18.065 D/nStackXCoAP( 2829): ParseServiceDiscover:[330] :new device join
06-03 13:58:18.065 E/nStackXDFinder( 2829): GetLocalIp:[401] :GetLocalIp exec
06-03 13:58:18.104 I/VDA ( 509): [0##31]"ServiceDeviceTask INs=4221/4228, OUTs=4218/4222"" {IN=7/8, OUT=9/13[kAtAccelerator(0) kAtDevice(4) kAtClient(9)]}"
05-31 21:02:35.490 W/ ( 0): [2 T1197 ..] [SP FRAME RX] arp req,vif_idx:0 sender:[92:c8:7a:73:1d:bb 192.168.3.209]receiver:[00:00:00:00:00:00 192.168.3.4]
05-31 21:02:35.491 W/ ( 0): [2 T1197 ..] [SP FRAME TX] arp rsp,vif_idx:0 sender:[1c:79:2d:20:62:cb 192.168.3.4]receiver:[92:c8:7a:73:1d:bb 192.168.3.209]
05-31 21:02:35.515 W/ ( 0): [3 T0 .s] [SP FRAME TX] arp req,vif_idx:0 sender:[1c:79:2d:20:62:cb 192.168.3.4]receiver:[00:00:00:00:00:00 192.168.3.209]
05-31 21:02:35.525 W/ ( 0): [2 T1197 ..] [SP FRAME RX] arp rsp,vif_idx:0 sender:[92:c8:7a:73:1d:bb 192.168.3.209]receiver:[1c:79:2d:20:62:cb 192.168.3.4]
06-03 13:58:18.798 I/virtual void MediaDecoder::run()( 4827): notify decode next url: /data/user/0/com.dangbei.lerad.screensaver/files/download/61/city_1.mp4
06-03 13:58:18.798 E/screen_saver2( 4827): onDecodeNextStream: 0
06-03 13:58:18.798 E/screen_saver2( 4827): 本地记录index和回调的不一致
06-03 13:58:18.800 D/AdManager( 4827): advertisementNum: 0
06-03 13:58:18.800 D/AdManager( 4827): showAdNumber >= 3
06-03 13:58:19.131 I/VDA ( 509): [0##31]"ServiceDeviceTask INs=4252/4259, OUTs=4250/4253"" {IN=7/8, OUT=10/13[kAtAccelerator(0) kAtDevice(3) kAtClient(10)]}"
06-03 13:58:20.159 I/VDA ( 509): [0##31]"ServiceDeviceTask INs=4282/4289, OUTs=4279/4284"" {IN=7/8, OUT=8/13[kAtAccelerator(0) kAtDevice(5) kAtClient(8)]}"
06-03 13:58:20.274 I/WifiHAL ( 540): call wifi_get_link_stats handler
06-03 13:58:20.274 I/WifiHAL ( 540): Creating message to get link statistics; iface = 16
06-03 13:58:20.274 D/WifiHAL ( 540): error code -95 mapped to -3
06-03 13:58:20.274 E/WifiStaIfaceAidlImpl( 754): getLinkLayerStats failed with service-specific exception: android.os.ServiceSpecificException: (code 4)
06-03 13:58:21.220 I/VDA ( 509): [0##31]"ServiceDeviceTask INs=4314/4321, OUTs=4312/4316"" {IN=7/8, OUT=9/13[kAtAccelerator(0) kAtDevice(4) kAtClient(9)]}"
06-03 13:58:21.941 I/virtual Data FFDemuxer::read()( 4827): read frame ret: End of file latestReceivedTime: 297420 getTotalTimeMillis: 6666 is exit: 0
06-03 13:58:21.941 I/virtual Data FFDemuxer::read()( 4827): list smooth loop
06-03 13:58:21.947 I/virtual StreamInfo FFDemuxer::getVideoStreamInfo()( 4827): video width: 1920 video height: 1080 video pixelFormat: 0 fps: 30
06-03 13:58:21.948 D/virtual Data FFDemuxer::read()( 4827): open next url: /data/user/0/com.dangbei.lerad.screensaver/files/download/61/city_1.mp4
05-31 21:02:39.099 W/ ( 0): [2 T0 .s] [SP FRAME TX] arp req,vif_idx:0 sender:[1c:79:2d:20:62:cb 192.168.3.4]receiver:[00:00:00:00:00:00 192.168.3.156]
06-03 13:58:22.246 I/VDA ( 509): [0##31]"ServiceDeviceTask INs=4345/4352, OUTs=4343/4346"" {IN=7/8, OUT=10/13[kAtAccelerator(0) kAtDevice(3) kAtClient(10)]}"
05-31 21:02:39.337 W/ ( 0): [3 T1197 ..] [SP FRAME RX] arp req,vif_idx:0 sender:[1c:79:2d:23:39:4b 192.168.3.156]receiver:[00:00:00:00:00:00 192.168.3.4]
05-31 21:02:39.338 W/ ( 0): [3 T1197 ..] [SP FRAME TX] arp rsp,vif_idx:0 sender:[1c:79:2d:20:62:cb 192.168.3.4]receiver:[1c:79:2d:23:39:4b 192.168.3.156]
05-31 21:02:39.544 W/ ( 0): [3 T1197 ..] [SP FRAME RX] arp rsp,vif_idx:0 sender:[1c:79:2d:23:39:4b 192.168.3.156]receiver:[1c:79:2d:20:62:cb 192.168.3.4]
06-03 13:58:22.683 I/DebugUtil( 509): [0##31]in/out status {INS/OUTS=4367(1)/4356(0)}, pipeline status {IN=8/8, OUT=10/13[Component(0) Accelerator(3) Client(10)]}
06-03 13:58:22.865 D/BufferPoolAccessor2.0( 4827): bufferpool2 0xe9d2ca88 : 8(12582912 size) total buffers - 8(12582912 size) used buffers - 0/9 (recycle/alloc) - 9/4373 (fetch/transfer)
06-03 13:58:23.279 I/WifiHAL ( 540): call wifi_get_link_stats handler
06-03 13:58:23.279 I/WifiHAL ( 540): Creating message to get link statistics; iface = 16
06-03 13:58:23.279 D/WifiHAL ( 540): error code -95 mapped to -3
06-03 13:58:23.280 E/WifiStaIfaceAidlImpl( 754): getLinkLayerStats failed with service-specific exception: android.os.ServiceSpecificException: (code 4)
06-03 13:58:23.310 I/VDA ( 509): [0##31]"ServiceDeviceTask INs=4376/4383, OUTs=4374/4378"" {IN=7/8, OUT=9/13[kAtAccelerator(0) kAtDevice(4) kAtClient(9)]}"
06-03 13:58:24.339 I/VDA ( 509): [0##31]"ServiceDeviceTask INs=4407/4414, OUTs=4405/4409"" {IN=7/8, OUT=9/13[kAtAccelerator(0) kAtDevice(4) kAtClient(9)]}"
06-03 13:58:25.367 I/VDA ( 509): [0##31]"ServiceDeviceTask INs=4438/4445, OUTs=4436/4440"" {IN=7/8, OUT=9/13[kAtAccelerator(0) kAtDevice(4) kAtClient(9)]}"
06-03 13:58:26.285 I/WifiHAL ( 540): call wifi_get_link_stats handler
06-03 13:58:26.285 I/WifiHAL ( 540): Creating message to get link statistics; iface = 16
06-03 13:58:26.285 D/WifiHAL ( 540): error code -95 mapped to -3
06-03 13:58:26.286 E/WifiStaIfaceAidlImpl( 754): getLinkLayerStats failed with service-specific exception: android.os.ServiceSpecificException: (code 4)
06-03 13:58:26.299 I/virtual void MediaDecoder::run()( 4827): notify decode next url: /data/user/0/com.dangbei.lerad.screensaver/files/download/61/city_2.mp4
06-03 13:58:26.299 E/screen_saver2( 4827): onDecodeNextStream: 1
06-03 13:58:26.300 D/AdManager( 4827): advertisementNum: 9
06-03 13:58:26.431 I/VDA ( 509): [0##31]"ServiceDeviceTask INs=4470/4477, OUTs=4468/4472"" {IN=7/8, OUT=9/13[kAtAccelerator(0) kAtDevice(4) kAtClient(9)]}"
06-03 13:58:27.459 I/VDA ( 509): [0##31]"ServiceDeviceTask INs=4502/4509, OUTs=4500/4503"" {IN=7/8, OUT=10/13[kAtAccelerator(0) kAtDevice(3) kAtClient(10)]}"
06-03 13:58:27.683 I/DebugUtil( 509): [0##31]in/out status {INS/OUTS=4517(1)/4506(0)}, pipeline status {IN=8/8, OUT=10/13[Component(0) Accelerator(3) Client(10)]}
06-03 13:58:28.043 D/BufferPoolAccessor2.0( 4827): bufferpool2 0xe9d2ca88 : 8(12582912 size) total buffers - 8(12582912 size) used buffers - 0/9 (recycle/alloc) - 9/4528 (fetch/transfer)
06-03 13:58:28.486 I/VDA ( 509): [0##31]"ServiceDeviceTask INs=4532/4539, OUTs=4529/4533"" {IN=7/8, OUT=9/13[kAtAccelerator(0) kAtDevice(4) kAtClient(9)]}"
06-03 13:58:28.559 I/virtual Data FFDemuxer::read()( 4827): read frame ret: End of file latestReceivedTime: 304919 getTotalTimeMillis: 7500 is exit: 0
06-03 13:58:28.559 I/virtual Data FFDemuxer::read()( 4827): list smooth loop
06-03 13:58:28.564 I/virtual StreamInfo FFDemuxer::getVideoStreamInfo()( 4827): video width: 1920 video height: 1080 video pixelFormat: 0 fps: 30
06-03 13:58:28.564 D/virtual Data FFDemuxer::read()( 4827): open next url: /data/user/0/com.dangbei.lerad.screensaver/files/download/61/city_2.mp4
06-03 13:58:29.290 I/WifiHAL ( 540): call wifi_get_link_stats handler
06-03 13:58:29.290 I/WifiHAL ( 540): Creating message to get link statistics; iface = 16
06-03 13:58:29.290 D/WifiHAL ( 540): error code -95 mapped to -3
06-03 13:58:29.291 E/WifiStaIfaceAidlImpl( 754): getLinkLayerStats failed with service-specific exception: android.os.ServiceSpecificException: (code 4)
06-03 13:58:29.514 I/VDA ( 509): [0##31]"ServiceDeviceTask INs=4562/4569, OUTs=4560/4564"" {IN=7/8, OUT=9/13[kAtAccelerator(0) kAtDevice(4) kAtClient(9)]}"
06-03 13:58:30.544 I/VDA ( 509): [0##31]"ServiceDeviceTask INs=4594/4601, OUTs=4591/4595"" {IN=7/8, OUT=9/13[kAtAccelerator(0) kAtDevice(4) kAtClient(9)]}"
06-03 13:58:31.573 I/VDA ( 509): [0##31]"ServiceDeviceTask INs=4625/4632, OUTs=4622/4626"" {IN=7/8, OUT=9/13[kAtAccelerator(0) kAtDevice(4) kAtClient(9)]}"
06-03 13:58:32.297 I/WifiHAL ( 540): call wifi_get_link_stats handler
06-03 13:58:32.297 I/WifiHAL ( 540): Creating message to get link statistics; iface = 16
06-03 13:58:32.297 D/WifiHAL ( 540): error code -95 mapped to -3
06-03 13:58:32.298 E/WifiStaIfaceAidlImpl( 754): getLinkLayerStats failed with service-specific exception: android.os.ServiceSpecificException: (code 4)
06-03 13:58:32.604 I/VDA ( 509): [0##31]"ServiceDeviceTask INs=4656/4663, OUTs=4654/4657"" {IN=7/8, OUT=10/13[kAtAccelerator(0) kAtDevice(3) kAtClient(10)]}"
06-03 13:58:32.683 I/DebugUtil( 509): [0##31]in/out status {INS/OUTS=4667(1)/4656(0)}, pipeline status {IN=8/8, OUT=10/13[Component(0) Accelerator(3) Client(10)]}
06-03 13:58:32.989 I/virtual void MediaDecoder::run()( 4827): notify decode next url: /data/user/0/com.dangbei.lerad.screensaver/files/download/61/city_1.mp4
06-03 13:58:32.989 E/screen_saver2( 4827): onDecodeNextStream: 0
06-03 13:58:32.989 E/screen_saver2( 4827): 本地记录index和回调的不一致
06-03 13:58:32.989 D/AdManager( 4827): advertisementNum: 8
06-03 13:58:33.188 D/BufferPoolAccessor2.0( 4827): bufferpool2 0xe9d2ca88 : 8(12582912 size) total buffers - 8(12582912 size) used buffers - 0/9 (recycle/alloc) - 9/4683 (fetch/transfer)
06-03 13:58:33.633 I/VDA ( 509): [0##31]"ServiceDeviceTask INs=4687/4694, OUTs=4685/4688"" {IN=7/8, OUT=10/13[kAtAccelerator(0) kAtDevice(3) kAtClient(10)]}"
06-03 13:58:33.932 D/nStackXCoAP( 2829): IsInSameNetwork:[276] :IsInSameNetwork exec
06-03 13:58:33.932 I/nStackXDFinder( 2829): GetLocalInterfaceDetail:[461] :GetLocalInterfaceDetail in
06-03 13:58:33.932 E/nStackXCoAP( 2829): IsInSameNetwork:[281] :IsInSameNetwork: not priority process
06-03 13:58:33.932 D/nStackXCoAP( 2829): ParseServiceDiscover:[330] :new device join
06-03 13:58:33.932 E/nStackXDFinder( 2829): GetLocalIp:[401] :GetLocalIp exec
06-03 13:58:33.948 D/nStackXCoAP( 2829): CoapMessageHandler:[133] :2.01
06-03 13:58:34.017 D/nStackXCoAP( 2829): IsInSameNetwork:[276] :IsInSameNetwork exec
06-03 13:58:34.017 I/nStackXDFinder( 2829): GetLocalInterfaceDetail:[461] :GetLocalInterfaceDetail in
06-03 13:58:34.017 E/nStackXCoAP( 2829): IsInSameNetwork:[281] :IsInSameNetwork: not priority process
06-03 13:58:34.017 D/nStackXCoAP( 2829): ParseServiceDiscover:[330] :new device join
06-03 13:58:34.018 E/nStackXDFinder( 2829): GetLocalIp:[401] :GetLocalIp exec
06-03 13:58:34.090 D/nStackXCoAP( 2829): CoapMessageHandler:[133] :2.01
06-03 13:58:34.250 D/nStackXCoAP( 2829): IsInSameNetwork:[276] :IsInSameNetwork exec
06-03 13:58:34.250 I/nStackXDFinder( 2829): GetLocalInterfaceDetail:[461] :GetLocalInterfaceDetail in
06-03 13:58:34.250 E/nStackXCoAP( 2829): IsInSameNetwork:[281] :IsInSameNetwork: not priority process
06-03 13:58:34.250 D/nStackXCoAP( 2829): ParseServiceDiscover:[330] :new device join
06-03 13:58:34.250 E/nStackXDFinder( 2829): GetLocalIp:[401] :GetLocalIp exec
06-03 13:58:34.271 D/nStackXCoAP( 2829): CoapMessageHandler:[133] :2.01
06-03 13:58:34.541 D/bbb ( 2173): onStartCommand begin !!!!!!! data分区剩余 54617MB
06-03 13:58:34.661 I/VDA ( 509): [0##31]"ServiceDeviceTask INs=4717/4724, OUTs=4714/4719"" {IN=7/8, OUT=8/13[kAtAccelerator(0) kAtDevice(5) kAtClient(8)]}"
06-03 13:58:34.939 D/nStackXCoAP( 2829): IsInSameNetwork:[276] :IsInSameNetwork exec
06-03 13:58:34.939 I/nStackXDFinder( 2829): GetLocalInterfaceDetail:[461] :GetLocalInterfaceDetail in
06-03 13:58:34.939 E/nStackXCoAP( 2829): IsInSameNetwork:[281] :IsInSameNetwork: not priority process
06-03 13:58:34.939 D/nStackXCoAP( 2829): ParseServiceDiscover:[330] :new device join
06-03 13:58:34.939 E/nStackXDFinder( 2829): GetLocalIp:[401] :GetLocalIp exec
06-03 13:58:34.995 D/nStackXCoAP( 2829): CoapMessageHandler:[133] :2.01
06-03 13:58:35.302 I/WifiHAL ( 540): call wifi_get_link_stats handler
06-03 13:58:35.302 I/WifiHAL ( 540): Creating message to get link statistics; iface = 16
06-03 13:58:35.302 D/WifiHAL ( 540): error code -95 mapped to -3
06-03 13:58:35.302 E/WifiStaIfaceAidlImpl( 754): getLinkLayerStats failed with service-specific exception: android.os.ServiceSpecificException: (code 4)
06-03 13:58:35.455 D/nStackXCoAP( 2829): IsInSameNetwork:[276] :IsInSameNetwork exec
06-03 13:58:35.455 I/nStackXDFinder( 2829): GetLocalInterfaceDetail:[461] :GetLocalInterfaceDetail in
06-03 13:58:35.455 E/nStackXCoAP( 2829): IsInSameNetwork:[281] :IsInSameNetwork: not priority process
06-03 13:58:35.455 D/nStackXCoAP( 2829): ParseServiceDiscover:[330] :new device join
06-03 13:58:35.455 E/nStackXDFinder( 2829): GetLocalIp:[401] :GetLocalIp exec
06-03 13:58:35.476 D/nStackXCoAP( 2829): CoapMessageHandler:[133] :2.01
06-03 13:58:35.690 I/VDA ( 509): [0##31]"ServiceDeviceTask INs=4748/4755, OUTs=4746/4750"" {IN=7/8, OUT=9/13[kAtAccelerator(0) kAtDevice(4) kAtClient(9)]}"
06-03 13:58:35.994 D/nStackXCoAP( 2829): IsInSameNetwork:[276] :IsInSameNetwork exec
06-03 13:58:35.994 I/nStackXDFinder( 2829): GetLocalInterfaceDetail:[461] :GetLocalInterfaceDetail in
06-03 13:58:35.994 E/nStackXCoAP( 2829): IsInSameNetwork:[281] :IsInSameNetwork: not priority process
06-03 13:58:35.994 D/nStackXCoAP( 2829): ParseServiceDiscover:[330] :new device join
06-03 13:58:35.994 E/nStackXDFinder( 2829): GetLocalIp:[401] :GetLocalIp exec
06-03 13:58:36.045 D/nStackXCoAP( 2829): CoapMessageHandler:[133] :2.01
06-03 13:58:36.104 I/virtual Data FFDemuxer::read()( 4827): read frame ret: End of file latestReceivedTime: 311586 getTotalTimeMillis: 6666 is exit: 0
06-03 13:58:36.104 I/virtual Data FFDemuxer::read()( 4827): list smooth loop
06-03 13:58:36.110 I/virtual StreamInfo FFDemuxer::getVideoStreamInfo()( 4827): video width: 1920 video height: 1080 video pixelFormat: 0 fps: 30
