06-03 13:52:21.612 I/C2VdecBlockPoolUtil( 509): Fetch the new block(ino:510 fd:146 dup fd:149 id:12) and append.
06-03 13:52:21.612 I/V4l2Adaptor( 509): importBufferForPicture pictureBufferId 12, dmabufFd 151, metaFd -1
06-03 13:52:21.612 I/V4l2Adaptor( 509): onImportBufferForPicture pictureBufferId 12, dmabufFd 151, metaFd -1, plane size 1
06-03 13:52:21.612 I/V4l2Adaptor( 509): onImportBufferForPicture addr 0x0, stride 0, offset 0, size 0
06-03 13:52:21.612 I/VDA ( 509): [0##13]"ImportDynamicCaptureBufferForPictureTask fd=151, index=12\n"" {IN=3/8, OUT=9/13[kAtAccelerator(1) kAtDevice(3) kAtClient(9)]}"
06-03 13:52:21.614 I/virtual Data FFDemuxer::read()( 4827): read frame ret: End of file latestReceivedTime: 113262 getTotalTimeMillis: 6666 is exit: 0
06-03 13:52:21.614 I/virtual Data FFDemuxer::read()( 4827): list smooth loop
06-03 13:52:21.623 I/virtual StreamInfo FFDemuxer::getVideoStreamInfo()( 4827): video width: 1920 video height: 1080 video pixelFormat: 0 fps: 30
06-03 13:52:21.623 D/virtual Data FFDemuxer::read()( 4827): open next url: /data/user/0/com.dangbei.lerad.screensaver/files/download/61/city_1.mp4
06-03 13:52:21.653 I/virtual Data FFDemuxer::read()( 4827): read frame ret: End of file latestReceivedTime: 120761 getTotalTimeMillis: 7500 is exit: 0
06-03 13:52:21.653 I/virtual Data FFDemuxer::read()( 4827): list smooth loop
06-03 13:52:21.657 I/virtual StreamInfo FFDemuxer::getVideoStreamInfo()( 4827): video width: 1920 video height: 1080 video pixelFormat: 0 fps: 30
06-03 13:52:21.658 D/virtual Data FFDemuxer::read()( 4827): open next url: /data/user/0/com.dangbei.lerad.screensaver/files/download/61/city_2.mp4
06-03 13:52:21.669 I/virtual Data FFDemuxer::read()( 4827): read frame ret: End of file latestReceivedTime: 127428 getTotalTimeMillis: 6666 is exit: 0
06-03 13:52:21.669 I/virtual Data FFDemuxer::read()( 4827): list smooth loop
06-03 13:52:21.670 I/resolv ( 491): GetAddrInfoHandler::run: {100 100 100 983140 10043 0}
06-03 13:52:21.671 I/resolv ( 491): res_nmkquery: (QUERY, IN, A)
06-03 13:52:21.673 I/virtual StreamInfo FFDemuxer::getVideoStreamInfo()( 4827): video width: 1920 video height: 1080 video pixelFormat: 0 fps: 30
06-03 13:52:21.673 D/virtual Data FFDemuxer::read()( 4827): open next url: /data/user/0/com.dangbei.lerad.screensaver/files/download/61/city_1.mp4
06-03 13:52:21.678 I/virtual Data FFDemuxer::read()( 4827): read frame ret: End of file latestReceivedTime: 134927 getTotalTimeMillis: 7500 is exit: 0
06-03 13:52:21.678 I/virtual Data FFDemuxer::read()( 4827): list smooth loop
06-03 13:52:21.681 I/virtual StreamInfo FFDemuxer::getVideoStreamInfo()( 4827): video width: 1920 video height: 1080 video pixelFormat: 0 fps: 30
06-03 13:52:21.681 D/virtual Data FFDemuxer::read()( 4827): open next url: /data/user/0/com.dangbei.lerad.screensaver/files/download/61/city_2.mp4
06-03 13:52:21.691 I/virtual Data FFDemuxer::read()( 4827): read frame ret: End of file latestReceivedTime: 141594 getTotalTimeMillis: 6666 is exit: 0
06-03 13:52:21.691 I/virtual Data FFDemuxer::read()( 4827): list smooth loop
06-03 13:52:21.696 I/virtual StreamInfo FFDemuxer::getVideoStreamInfo()( 4827): video width: 1920 video height: 1080 video pixelFormat: 0 fps: 30
06-03 13:52:21.696 D/virtual Data FFDemuxer::read()( 4827): open next url: /data/user/0/com.dangbei.lerad.screensaver/files/download/61/city_1.mp4
06-03 13:52:21.702 I/virtual Data FFDemuxer::read()( 4827): read frame ret: End of file latestReceivedTime: 149093 getTotalTimeMillis: 7500 is exit: 0
06-03 13:52:21.702 I/virtual Data FFDemuxer::read()( 4827): list smooth loop
06-03 13:52:21.706 I/resolv ( 491): res_nsend: used send_dg 452 terrno: 0
06-03 13:52:21.706 I/resolv ( 491): doQuery: rcode=0, ancount=3, return value=452
06-03 13:52:21.706 I/virtual StreamInfo FFDemuxer::getVideoStreamInfo()( 4827): video width: 1920 video height: 1080 video pixelFormat: 0 fps: 30
06-03 13:52:21.706 D/virtual Data FFDemuxer::read()( 4827): open next url: /data/user/0/com.dangbei.lerad.screensaver/files/download/61/city_2.mp4
06-03 13:52:21.709 D/TrafficStats( 4827): tagSocket(253) with statsTag=0xffffffff, statsUid=-1
06-03 13:52:21.748 I/UMLog ( 4827): 统计SDK版本号: 9.4.4
06-03 13:52:21.749 I/UMLog ( 4827): ZID SDK版本号: 1.4.1
06-03 13:52:21.749 I/UMLog ( 4827): APM SDK版本号: 1.5.2
06-03 13:52:21.750 I/MobclickAgent( 4827): module init:azioc
06-03 13:52:21.760 E/rad.screensaver( 4827): Invalid resource ID 0x00000000.
06-03 13:52:21.787 D/UMLog ( 4827): 当前发送策略为:启动时发送。详见链接 https://developer.umeng.com/docs/66632/detail/66976?um_channel=sdk
06-03 13:52:21.791 D/TrafficStats( 4827): tagSocket(249) with statsTag=0xffffffff, statsUid=-1
06-03 13:52:21.804 I/cling--ap-8( 2656): type=1400 audit(0.0:2110): avc: denied { search } for name="net" dev="sysfs" ino=12344 scontext=u:r:untrusted_app_27:s0:c44,c256,c512,c768 tcontext=u:object_r:sysfs_net:s0 tclass=dir permissive=1 app=com.dangbei.screencast
06-03 13:52:21.811 D/MobclickAgent( 4827): 本次启动会话:{"sessions":[{"id":"689F99F0A2E7160AB05D71ADBF2BB0BD","start_time":"1748929940980"}]}
06-03 13:52:21.811 D/MobclickAgent( 4827): 本次启动基础信息:{"sdk_version":"9.4.4","device_id":"74591e10d9aba429","device_model":"DBBOX-A3","version":500002,"appkey":"6419107bba6a5259c42248e8","channel":"screensaver2"}
06-03 13:52:21.813 W/SQLiteLog( 4827): (28) double-quoted string literal: "689F99F0A2E7160AB05D71ADBF2BB0BD"
06-03 13:52:21.804 I/cling--ap-8( 2656): type=1400 audit(0.0:2111): avc: denied { read } for name="address" dev="sysfs" ino=22126 scontext=u:r:untrusted_app_27:s0:c44,c256,c512,c768 tcontext=u:object_r:sysfs_net:s0 tclass=file permissive=1 app=com.dangbei.screencast
06-03 13:52:21.818 W/SQLiteLog( 4827): (28) double-quoted string literal: "689F99F0A2E7160AB05D71ADBF2BB0BD"
06-03 13:52:21.818 W/SQLiteLog( 4827): (28) double-quoted string literal: ""
06-03 13:52:21.818 W/SQLiteLog( 4827): (28) double-quoted string literal: "689F99F0A2E7160AB05D71ADBF2BB0BD"
06-03 13:52:21.818 W/SQLiteLog( 4827): (28) double-quoted string literal: "-1"
06-03 13:52:21.818 D/UMLog ( 4827): 当前发送策略为:启动时发送。详见链接 https://developer.umeng.com/docs/66632/detail/66976?um_channel=sdk
06-03 13:52:21.804 I/cling--ap-8( 2656): type=1400 audit(0.0:2112): avc: denied { open } for path="/sys/devices/virtual/net/dummy0/address" dev="sysfs" ino=22126 scontext=u:r:untrusted_app_27:s0:c44,c256,c512,c768 tcontext=u:object_r:sysfs_net:s0 tclass=file permissive=1 app=com.dangbei.screencast
06-03 13:52:21.819 D/MobclickAgent( 4827): 数据发送策略 : ReportAtLaunch
06-03 13:52:21.804 I/cling--ap-8( 2656): type=1400 audit(0.0:2113): avc: denied { getattr } for path="/sys/devices/virtual/net/dummy0/address" dev="sysfs" ino=22126 scontext=u:r:untrusted_app_27:s0:c44,c256,c512,c768 tcontext=u:object_r:sysfs_net:s0 tclass=file permissive=1 app=com.dangbei.screencast
06-03 13:52:21.820 D/UMLog ( 4827): 当前发送策略为:启动时发送。详见链接 https://developer.umeng.com/docs/66632/detail/66976?um_channel=sdk
06-03 13:52:22.035 I/UMCrash ( 4827): common callback. key is umid; value is ai176973d9b23f68145e84af0c0f686101
06-03 13:52:22.036 I/LaunchTrace( 4827): begin sendLaunchCache
06-03 13:52:22.046 D/TrafficStats( 4827): tagSocket(165) with statsTag=0xffffffff, statsUid=-1
06-03 13:52:22.453 D/MobclickAgent( 4827): 本次启动数据: 发送成功!
06-03 13:52:22.479 I/WifiHAL ( 540): call wifi_get_link_stats handler
06-03 13:52:22.479 I/WifiHAL ( 540): Creating message to get link statistics; iface = 16
06-03 13:52:22.479 D/WifiHAL ( 540): error code -95 mapped to -3
06-03 13:52:22.480 E/WifiStaIfaceAidlImpl( 754): getLinkLayerStats failed with service-specific exception: android.os.ServiceSpecificException: (code 4)
06-03 13:52:22.513 I/VDA ( 509): [0##13]"ServiceDeviceTask INs=40/47, OUTs=37/43"" {IN=7/8, OUT=7/13[kAtAccelerator(0) kAtDevice(6) kAtClient(7)]}"
06-03 13:52:23.543 I/VDA ( 509): [0##13]"ServiceDeviceTask INs=70/77, OUTs=67/73"" {IN=7/8, OUT=7/13[kAtAccelerator(0) kAtDevice(6) kAtClient(7)]}"
06-03 13:52:23.804 E/TaskPersister( 754): File error accessing recents directory (directory doesn't exist?).
06-03 13:52:23.991 I/virtual Data FFDemuxer::read()( 4827): read frame ret: End of file latestReceivedTime: 155760 getTotalTimeMillis: 6666 is exit: 0
06-03 13:52:23.991 I/virtual Data FFDemuxer::read()( 4827): list smooth loop
06-03 13:52:23.998 I/virtual StreamInfo FFDemuxer::getVideoStreamInfo()( 4827): video width: 1920 video height: 1080 video pixelFormat: 0 fps: 30
06-03 13:52:23.998 D/virtual Data FFDemuxer::read()( 4827): open next url: /data/user/0/com.dangbei.lerad.screensaver/files/download/61/city_1.mp4
06-03 13:52:24.079 I/netd ( 491): tetherGetStats() -> {[]} <1.92ms>
06-03 13:52:24.096 I/netd ( 491): bandwidthSetGlobalAlert(2097152) <0.81ms>
06-03 13:52:24.575 I/VDA ( 509): [0##13]"ServiceDeviceTask INs=103/110, OUTs=101/104"" {IN=7/8, OUT=10/13[kAtAccelerator(0) kAtDevice(3) kAtClient(10)]}"
06-03 13:52:25.483 I/WifiHAL ( 540): call wifi_get_link_stats handler
06-03 13:52:25.483 I/WifiHAL ( 540): Creating message to get link statistics; iface = 16
06-03 13:52:25.483 D/WifiHAL ( 540): error code -95 mapped to -3
06-03 13:52:25.484 E/WifiStaIfaceAidlImpl( 754): getLinkLayerStats failed with service-specific exception: android.os.ServiceSpecificException: (code 4)
06-03 13:52:25.606 I/VDA ( 509): [0##13]"ServiceDeviceTask INs=133/140, OUTs=130/135"" {IN=7/8, OUT=8/13[kAtAccelerator(0) kAtDevice(5) kAtClient(8)]}"
06-03 13:52:25.811 D/efs.config( 4827): app=6419107bba6a5259c42248e8&cver=-1&os=android&sd=VC6FeFIj6Xjp2-aLZeyAjA&sver=-1&tm=1748929945&um_sdk_ver=1.5.2&ver=5.0.0.0.02&sign=a214806d1e22b024c44adda6ed543e8b
06-03 13:52:25.811 I/efs.px.api( 4827): get config from server, url is https://errlog.umeng.com/apm_cc
06-03 13:52:25.819 I/resolv ( 491): GetAddrInfoHandler::run: {100 100 100 983140 10043 0}
06-03 13:52:25.820 I/resolv ( 491): res_nmkquery: (QUERY, IN, A)
06-03 13:52:25.820 I/resolv ( 491): resolv_cache_lookup: FOUND IN CACHE entry=0xec7c31f0
06-03 13:52:25.820 I/resolv ( 491): doQuery: rcode=0, ancount=6, return value=488
06-03 13:52:25.822 D/TrafficStats( 4827): tagSocket(165) with statsTag=0xffffffff, statsUid=-1
06-03 13:52:26.118 I/efs.config( 4827): config request succ, config is:
06-03 13:52:26.118 I/efs.config( 4827): {"msg":"成功","code":0,"cip":"127.0.0.1","config":{"common":{"updateInteval":480,"gate_way_https":true},"sign":"f3NTUQVOf19SaFoRAA==","app_configs":[{"conditions":[{"val":"0.0.0.0","opc":">=","fld":"ver"}],"actions":[{"opt":"apm_netperf_state","set":100},{"opt":"apm_netperf_day_limit","set":100},{"opt":"apm_netperf_res_bd_state","set":100},{"opt":"apm_oom_state","set":0},{"opt":"apm_netperf_data_rate","set":10},{"opt":"apm_native_h5perf_sampling_rate","set":5},{"opt":"apm_netperf_req_hd_state","set":100},{"opt":"apm_netperf_sampling_rate","set":1},{"opt":"flutter_dart_exception_max_count","set":20},{"opt":"flutter_pv_sampling_rate","set":5},{"opt":"apm_netperf_res_hd_state","set":100},{"opt":"flutter_page_state","set":100},{"opt":"flutter_page_rate","set":5},{"opt":"apm_memperf_sampling_rate","set":0},{"opt":"apm_crash_user_upload_type","set":1},{"opt":"apm_memperf_collect_max_period_sec","set":600},{"opt":"apm_crash_user_max_count","set":20},{"opt":"apm_netperf_bd_state","set":100},{"opt":"apm_native_h5_state","set":0},{"opt":"apm_mem_state","set":0},{"opt":"flutter_dart_exception_state","set":100},{"opt":"flutter_pv_max_count","set":200},{"opt":"apm_memperf_collect_interval","set":5},{"opt":"apm_flutter_state","set":100},{"opt":"apm_patrace_switch_rate","set":5},{"opt":"record_accumulation_time","set":60},{"opt":"apm_net_state","set":0},{"opt":"apm_startperf_sampling_rate","set":5},{"opt":"apm_oom_sampling_rate","set":5}]}]},"stm":1748929946,"cver":1735614866}
06-03 13:52:26.118 I/efs.config( 4827): from server. efs config is {"msg":"成功","code":0,"cip":"127.0.0.1","config":{"common":{"updateInteval":480,"gate_way_https":true},"sign":"f3NTUQVOf19SaFoRAA==","app_configs":[{"conditions":[{"val":"0.0.0.0","opc":">=","fld":"ver"}],"actions":[{"opt":"apm_netperf_state","set":100},{"opt":"apm_netperf_day_limit","set":100},{"opt":"apm_netperf_res_bd_state","set":100},{"opt":"apm_oom_state","set":0},{"opt":"apm_netperf_data_rate","set":10},{"opt":"apm_native_h5perf_sampling_rate","set":5},{"opt":"apm_netperf_req_hd_state","set":100},{"opt":"apm_netperf_sampling_rate","set":1},{"opt":"flutter_dart_exception_max_count","set":20},{"opt":"flutter_pv_sampling_rate","set":5},{"opt":"apm_netperf_res_hd_state","set":100},{"opt":"flutter_page_state","set":100},{"opt":"flutter_page_rate","set":5},{"opt":"apm_memperf_sampling_rate","set":0},{"opt":"apm_crash_user_upload_type","set":1},{"opt":"apm_memperf_collect_max_period_sec","set":600},{"opt":"apm_crash_user_max_count","set":20},{"opt":"apm_netperf_bd_state","set":100},{"opt":"apm_native_h5_state","set":0},{"opt":"apm_mem_state","set":0},{"opt":"flutter_dart_exception_state","set":100},{"opt":"flutter_pv_max_count","set":200},{"opt":"apm_memperf_collect_interval","set":5},{"opt":"apm_flutter_state","set":100},{"opt":"apm_patrace_switch_rate","set":5},{"opt":"record_accumulation_time","set":60},{"opt":"apm_net_state","set":0},{"opt":"apm_startperf_sampling_rate","set":5},{"opt":"apm_oom_sampling_rate","set":5}]}]},"stm":1748929946,"cver":1735614866}
06-03 13:52:26.120 I/efs.config( 4827): current config version (-1) is older than another (1735614866)
06-03 13:52:26.122 I/efs.config( 4827): --->>> configCallback key is apm_net_state ## value is 0
06-03 13:52:26.122 I/efs.config( 4827): callback net rate is 0
06-03 13:52:26.130 I/efs.config( 4827): --->>> configCallback key is apm_patrace_switch_rate ## value is 5
06-03 13:52:26.131 I/efs.config( 4827): --->>> configCallback key is apm_memperf_sampling_rate ## value is 0
06-03 13:52:26.131 I/efs.config( 4827): --->>> configCallback key is apm_memperf_collect_interval ## value is 5
06-03 13:52:26.131 I/efs.config( 4827): --->>> configCallback key is apm_memperf_collect_max_period_sec ## value is 600
06-03 13:52:26.131 I/efs.config( 4827): --->>> configCallback key is apm_startperf_sampling_rate ## value is 5
06-03 13:52:26.136 D/ProfileInstaller( 4827): Installing profile for com.dangbei.lerad.screensaver
06-03 13:52:26.406 I/DebugUtil( 509): [0##13]in/out status {INS/OUTS=166(1)/155(0)}, pipeline status {IN=8/8, OUT=9/13[Component(0) Accelerator(4) Client(9)]}
06-03 13:52:26.412 D/BufferPoolAccessor2.0( 4827): bufferpool2 0xe9d31288 : 9(14155776 size) total buffers - 8(12582912 size) used buffers - 0/9 (recycle/alloc) - 9/166 (fetch/transfer)
06-03 13:52:26.413 D/BufferPoolAccessor2.0( 4827): evictor expired: 1, evicted: 1
06-03 13:52:26.421 D/BufferPoolAccessor2.0( 655): evictor expired: 2, evicted: 0
06-03 13:52:26.638 I/VDA ( 509): [0##13]"ServiceDeviceTask INs=164/171, OUTs=162/167"" {IN=7/8, OUT=8/13[kAtAccelerator(0) kAtDevice(5) kAtClient(8)]}"
06-03 13:52:27.665 I/VDA ( 509): [0##13]"ServiceDeviceTask INs=196/203, OUTs=193/198"" {IN=7/8, OUT=8/13[kAtAccelerator(0) kAtDevice(5) kAtClient(8)]}"
06-03 13:52:28.359 I/virtual void MediaDecoder::run()( 4827): notify decode next url: /data/user/0/com.dangbei.lerad.screensaver/files/download/61/city_2.mp4
06-03 13:52:28.359 E/screen_saver2( 4827): onDecodeNextStream: 1
06-03 13:52:28.362 D/AdManager( 4827): advertisementNum: 9
06-03 13:52:28.487 I/WifiHAL ( 540): call wifi_get_link_stats handler
06-03 13:52:28.487 I/WifiHAL ( 540): Creating message to get link statistics; iface = 16
06-03 13:52:28.488 D/WifiHAL ( 540): error code -95 mapped to -3
06-03 13:52:28.488 E/WifiStaIfaceAidlImpl( 754): getLinkLayerStats failed with service-specific exception: android.os.ServiceSpecificException: (code 4)
06-03 13:52:28.501 D/InstantWifi( 754): Receive Wifi is connected, freq = 5745 and currentNetworkId : 0, wifiinfo = SSID: , BSSID: 02:00:00:00:00:00, MAC: 02:00:00:00:00:00, IP: /192.168.3.4, Security type: 2, Supplicant state: COMPLETED, Wi-Fi standard: 6, RSSI: -53, Link speed: 1200Mbps, Tx Link speed: 1200Mbps, Max Supported Tx Link speed: 1200Mbps, Rx Link speed: 6Mbps, Max Supported Rx Link speed: 1200Mbps, Frequency: 5745MHz, Net ID: -1, Metered hint: false, score: 60, isUsable: true, CarrierMerged: false, SubscriptionId: -1, IsPrimary: 1, Trusted: true, Restricted: false, Ephemeral: false, OEM paid: false, OEM private: false, OSU AP: false, FQDN: , Provider friendly name: , Requesting package name: MLO Information: , Is TID-To-Link negotiation supported by the AP: false, AP MLD Address: , AP MLO Link Id: , AP MLO Affiliated links:
06-03 13:52:28.666 I/VDA ( 509): [0##13]"ServiceDeviceTask INs=226/232, OUTs=225/227"" {IN=6/8, OUT=11/13[kAtAccelerator(0) kAtDevice(2) kAtClient(11)]}"
06-03 13:52:29.688 I/VDA ( 509): [0##13]"ServiceDeviceTask INs=257/264, OUTs=254/258"" {IN=7/8, OUT=9/13[kAtAccelerator(0) kAtDevice(4) kAtClient(9)]}"
06-03 13:52:30.364 D/ActivityManager( 754): freezing 2124 com.android.providers.calendar
06-03 13:52:30.580 I/virtual Data FFDemuxer::read()( 4827): read frame ret: End of file latestReceivedTime: 163259 getTotalTimeMillis: 7500 is exit: 0
06-03 13:52:30.580 I/virtual Data FFDemuxer::read()( 4827): list smooth loop
06-03 13:52:30.585 I/virtual StreamInfo FFDemuxer::getVideoStreamInfo()( 4827): video width: 1920 video height: 1080 video pixelFormat: 0 fps: 30
06-03 13:52:30.585 D/virtual Data FFDemuxer::read()( 4827): open next url: /data/user/0/com.dangbei.lerad.screensaver/files/download/61/city_2.mp4
06-03 13:52:30.748 I/VDA ( 509): [0##13]"ServiceDeviceTask INs=288/295, OUTs=285/290"" {IN=7/8, OUT=8/13[kAtAccelerator(0) kAtDevice(5) kAtClient(8)]}"
06-03 13:52:31.407 I/DebugUtil( 509): [0##13]in/out status {INS/OUTS=316(1)/305(0)}, pipeline status {IN=8/8, OUT=9/13[Component(0) Accelerator(4) Client(9)]}
06-03 13:52:31.504 I/WifiHAL ( 540): call wifi_get_link_stats handler
06-03 13:52:31.506 I/WifiHAL ( 540): Creating message to get link statistics; iface = 16
06-03 13:52:31.506 D/WifiHAL ( 540): error code -95 mapped to -3
06-03 13:52:31.507 E/WifiStaIfaceAidlImpl( 754): getLinkLayerStats failed with service-specific exception: android.os.ServiceSpecificException: (code 4)
06-03 13:52:31.516 D/InstantWifi( 754): Receive Wifi is connected, freq = 5745 and currentNetworkId : 0, wifiinfo = SSID: , BSSID: 02:00:00:00:00:00, MAC: 02:00:00:00:00:00, IP: /192.168.3.4, Security type: 2, Supplicant state: COMPLETED, Wi-Fi standard: 6, RSSI: -56, Link speed: 1200Mbps, Tx Link speed: 1200Mbps, Max Supported Tx Link speed: 1200Mbps, Rx Link speed: 6Mbps, Max Supported Rx Link speed: 1200Mbps, Frequency: 5745MHz, Net ID: -1, Metered hint: false, score: 60, isUsable: true, CarrierMerged: false, SubscriptionId: -1, IsPrimary: 1, Trusted: true, Restricted: false, Ephemeral: false, OEM paid: false, OEM private: false, OSU AP: false, FQDN: , Provider friendly name: , Requesting package name: MLO Information: , Is TID-To-Link negotiation supported by the AP: false, AP MLD Address: , AP MLO Link Id: , AP MLO Affiliated links:
06-03 13:52:31.641 D/BufferPoolAccessor2.0( 4827): bufferpool2 0xe9d31288 : 8(12582912 size) total buffers - 8(12582912 size) used buffers - 0/9 (recycle/alloc) - 9/325 (fetch/transfer)
06-03 13:52:31.776 I/VDA ( 509): [0##13]"ServiceDeviceTask INs=320/327, OUTs=317/321"" {IN=7/8, OUT=9/13[kAtAccelerator(0) kAtDevice(4) kAtClient(9)]}"
06-03 13:52:32.804 I/VDA ( 509): [0##13]"ServiceDeviceTask INs=350/357, OUTs=347/352"" {IN=7/8, OUT=8/13[kAtAccelerator(0) kAtDevice(5) kAtClient(8)]}"
06-03 13:52:33.862 I/VDA ( 509): [0##13]"ServiceDeviceTask INs=381/388, OUTs=378/383"" {IN=7/8, OUT=8/13[kAtAccelerator(0) kAtDevice(5) kAtClient(8)]}"
05-31 20:56:51.114 W/ ( 0): [2 T1197 ..] [SP FRAME RX] DHCP[0 1], vif_idx:0
06-03 13:52:34.481 D/OomAdjuster( 754): Not killing cached processes
06-03 13:52:34.492 D/bbb ( 2173): onStartCommand begin !!!!!!! data分区剩余 54619MB
06-03 13:52:34.516 I/WifiHAL ( 540): call wifi_get_link_stats handler
06-03 13:52:34.516 I/WifiHAL ( 540): Creating message to get link statistics; iface = 16
06-03 13:52:34.516 D/WifiHAL ( 540): error code -95 mapped to -3
06-03 13:52:34.517 E/WifiStaIfaceAidlImpl( 754): getLinkLayerStats failed with service-specific exception: android.os.ServiceSpecificException: (code 4)
06-03 13:52:34.525 D/InstantWifi( 754): Receive Wifi is connected, freq = 5745 and currentNetworkId : 0, wifiinfo = SSID: , BSSID: 02:00:00:00:00:00, MAC: 02:00:00:00:00:00, IP: /192.168.3.4, Security type: 2, Supplicant state: COMPLETED, Wi-Fi standard: 6, RSSI: -52, Link speed: 1200Mbps, Tx Link speed: 1200Mbps, Max Supported Tx Link speed: 1200Mbps, Rx Link speed: 6Mbps, Max Supported Rx Link speed: 1200Mbps, Frequency: 5745MHz, Net ID: -1, Metered hint: false, score: 60, isUsable: true, CarrierMerged: false, SubscriptionId: -1, IsPrimary: 1, Trusted: true, Restricted: false, Ephemeral: false, OEM paid: false, OEM private: false, OSU AP: false, FQDN: , Provider friendly name: , Requesting package name: MLO Information: , Is TID-To-Link negotiation supported by the AP: false, AP MLD Address: , AP MLO Link Id: , AP MLO Affiliated links:
06-03 13:52:34.893 I/VDA ( 509): [0##13]"ServiceDeviceTask INs=413/420, OUTs=411/414"" {IN=7/8, OUT=10/13[kAtAccelerator(0) kAtDevice(3) kAtClient(10)]}"
06-03 13:52:35.033 I/virtual void MediaDecoder::run()( 4827): notify decode next url: /data/user/0/com.dangbei.lerad.screensaver/files/download/61/city_1.mp4
06-03 13:52:35.034 E/screen_saver2( 4827): onDecodeNextStream: 0
06-03 13:52:35.034 E/screen_saver2( 4827): 本地记录index和回调的不一致
06-03 13:52:35.036 D/AdManager( 4827): advertisementNum: 8
06-03 13:52:35.856 I/crashsdk( 4827): crashsdk uploading logs
06-03 13:52:35.920 I/VDA ( 509): [0##13]"ServiceDeviceTask INs=444/451, OUTs=441/445"" {IN=7/8, OUT=9/13[kAtAccelerator(0) kAtDevice(4) kAtClient(9)]}"
05-31 20:56:53.247 W/ ( 0): [3 T61 ..] [aml_send_sync_trace 4388] sync token[13205]
05-31 20:56:53.247 W/ ( 0): [3 T61 ..] >>> aml_send_msg()
05-31 20:56:53.248 W/ ( 0): [1 T1196 ..] ipc_sdio_host_msgack_handler 00000000e14b75db
05-31 20:56:53.248 W/ ( 0): [1 T1196 ..] [aml_msgackind 2038] msg ack hostid=0xffffff80bc47b400
05-31 20:56:53.249 W/ ( 0): [1 T1196 ..] [cmd_mgr_llind 329] cmd tkn[57] flags:0008 result: -4 cmd: 105-MM_SYNC_TRACE - reqcfm( 0-none)
05-31 20:56:53.251 W/ ( 0): [1 T1196 ..] [cmd_complete 65] cmd tkn[57] flags:0000 result: -4 cmd: 105-MM_SYNC_TRACE - reqcfm( 0-none)
06-03 13:52:36.407 I/DebugUtil( 509): [0##13]in/out status {INS/OUTS=467(1)/456(0)}, pipeline status {IN=8/8, OUT=10/13[Component(0) Accelerator(3) Client(10)]}
06-03 13:52:36.778 D/BufferPoolAccessor2.0( 4827): bufferpool2 0xe9d31288 : 8(12582912 size) total buffers - 8(12582912 size) used buffers - 0/9 (recycle/alloc) - 9/478 (fetch/transfer)
06-03 13:52:36.949 I/VDA ( 509): [0##13]"ServiceDeviceTask INs=473/480, OUTs=471/476"" {IN=7/8, OUT=8/13[kAtAccelerator(0) kAtDevice(5) kAtClient(8)]}"
06-03 13:52:37.525 I/WifiHAL ( 540): call wifi_get_link_stats handler
06-03 13:52:37.525 I/WifiHAL ( 540): Creating message to get link statistics; iface = 16
06-03 13:52:37.525 D/WifiHAL ( 540): error code -95 mapped to -3
06-03 13:52:37.526 E/WifiStaIfaceAidlImpl( 754): getLinkLayerStats failed with service-specific exception: android.os.ServiceSpecificException: (code 4)
06-03 13:52:37.979 I/VDA ( 509): [0##13]"ServiceDeviceTask INs=506/513, OUTs=503/507"" {IN=7/8, OUT=9/13[kAtAccelerator(0) kAtDevice(4) kAtClient(9)]}"
06-03 13:52:38.151 I/virtual Data FFDemuxer::read()( 4827): read frame ret: End of file latestReceivedTime: 169926 getTotalTimeMillis: 6666 is exit: 0
06-03 13:52:38.151 I/virtual Data FFDemuxer::read()( 4827): list smooth loop
06-03 13:52:38.157 I/virtual StreamInfo FFDemuxer::getVideoStreamInfo()( 4827): video width: 1920 video height: 1080 video pixelFormat: 0 fps: 30
06-03 13:52:38.157 D/virtual Data FFDemuxer::read()( 4827): open next url: /data/user/0/com.dangbei.lerad.screensaver/files/download/61/city_1.mp4
06-03 13:52:39.007 I/VDA ( 509): [0##13]"ServiceDeviceTask INs=536/543, OUTs=534/537"" {IN=7/8, OUT=10/13[kAtAccelerator(0) kAtDevice(3) kAtClient(10)]}"
06-03 13:52:40.037 I/VDA ( 509): [0##13]"ServiceDeviceTask INs=566/573, OUTs=564/568"" {IN=7/8, OUT=9/13[kAtAccelerator(0) kAtDevice(4) kAtClient(9)]}"
06-03 13:52:40.532 I/WifiHAL ( 540): call wifi_get_link_stats handler
06-03 13:52:40.532 I/WifiHAL ( 540): Creating message to get link statistics; iface = 16
06-03 13:52:40.532 D/WifiHAL ( 540): error code -95 mapped to -3
06-03 13:52:40.533 E/WifiStaIfaceAidlImpl( 754): getLinkLayerStats failed with service-specific exception: android.os.ServiceSpecificException: (code 4)
06-03 13:52:40.542 D/InstantWifi( 754): Receive Wifi is connected, freq = 5745 and currentNetworkId : 0, wifiinfo = SSID: , BSSID: 02:00:00:00:00:00, MAC: 02:00:00:00:00:00, IP: /192.168.3.4, Security type: 2, Supplicant state: COMPLETED, Wi-Fi standard: 6, RSSI: -59, Link speed: 1200Mbps, Tx Link speed: 1200Mbps, Max Supported Tx Link speed: 1200Mbps, Rx Link speed: 6Mbps, Max Supported Rx Link speed: 1200Mbps, Frequency: 5745MHz, Net ID: -1, Metered hint: false, score: 60, isUsable: true, CarrierMerged: false, SubscriptionId: -1, IsPrimary: 1, Trusted: true, Restricted: false, Ephemeral: false, OEM paid: false, OEM private: false, OSU AP: false, FQDN: , Provider friendly name: , Requesting package name: MLO Information: , Is TID-To-Link negotiation supported by the AP: false, AP MLD Address: , AP MLO Link Id: , AP MLO Affiliated links:
06-03 13:52:41.066 I/VDA ( 509): [0##13]"ServiceDeviceTask INs=597/604, OUTs=594/599"" {IN=7/8, OUT=8/13[kAtAccelerator(0) kAtDevice(5) kAtClient(8)]}"
06-03 13:52:41.407 I/DebugUtil( 509): [0##13]in/out status {INS/OUTS=615(1)/604(0)}, pipeline status {IN=8/8, OUT=8/13[Component(0) Accelerator(5) Client(8)]}
06-03 13:52:41.993 D/BufferPoolAccessor2.0( 4827): bufferpool2 0xe9d31288 : 8(12582912 size) total buffers - 8(12582912 size) used buffers - 0/9 (recycle/alloc) - 9/635 (fetch/transfer)
06-03 13:52:42.095 I/VDA ( 509): [0##13]"ServiceDeviceTask INs=629/636, OUTs=626/630"" {IN=7/8, OUT=9/13[kAtAccelerator(0) kAtDevice(4) kAtClient(9)]}"
06-03 13:52:42.553 I/virtual void MediaDecoder::run()( 4827): notify decode next url: /data/user/0/com.dangbei.lerad.screensaver/files/download/61/city_2.mp4
06-03 13:52:42.554 E/screen_saver2( 4827): onDecodeNextStream: 1
06-03 13:52:42.554 D/AdManager( 4827): advertisementNum: 7
06-03 13:52:43.095 I/VDA ( 509): [0##13]"ServiceDeviceTask INs=659/666, OUTs=657/660"" {IN=7/8, OUT=10/13[kAtAccelerator(0) kAtDevice(3) kAtClient(10)]}"
06-03 13:52:43.542 I/WifiHAL ( 540): call wifi_get_link_stats handler
06-03 13:52:43.542 I/WifiHAL ( 540): Creating message to get link statistics; iface = 16
06-03 13:52:43.542 D/WifiHAL ( 540): error code -95 mapped to -3
06-03 13:52:43.543 E/WifiStaIfaceAidlImpl( 754): getLinkLayerStats failed with service-specific exception: android.os.ServiceSpecificException: (code 4)
06-03 13:52:43.553 D/InstantWifi( 754): Receive Wifi is connected, freq = 5745 and currentNetworkId : 0, wifiinfo = SSID: , BSSID: 02:00:00:00:00:00, MAC: 02:00:00:00:00:00, IP: /192.168.3.4, Security type: 2, Supplicant state: COMPLETED, Wi-Fi standard: 6, RSSI: -54, Link speed: 1200Mbps, Tx Link speed: 1200Mbps, Max Supported Tx Link speed: 1200Mbps, Rx Link speed: 6Mbps, Max Supported Rx Link speed: 1200Mbps, Frequency: 5745MHz, Net ID: -1, Metered hint: false, score: 60, isUsable: true, CarrierMerged: false, SubscriptionId: -1, IsPrimary: 1, Trusted: true, Restricted: false, Ephemeral: false, OEM paid: false, OEM private: false, OSU AP: false, FQDN: , Provider friendly name: , Requesting package name: MLO Information: , Is TID-To-Link negotiation supported by the AP: false, AP MLD Address: , AP MLO Link Id: , AP MLO Affiliated links:
06-03 13:52:44.125 I/VDA ( 509): [0##13]"ServiceDeviceTask INs=690/697, OUTs=687/691"" {IN=7/8, OUT=9/13[kAtAccelerator(0) kAtDevice(4) kAtClient(9)]}"
06-03 13:52:44.746 I/virtual Data FFDemuxer::read()( 4827): read frame ret: End of file latestReceivedTime: 177425 getTotalTimeMillis: 7500 is exit: 0
06-03 13:52:44.748 I/virtual Data FFDemuxer::read()( 4827): list smooth loop
06-03 13:52:44.752 I/virtual StreamInfo FFDemuxer::getVideoStreamInfo()( 4827): video width: 1920 video height: 1080 video pixelFormat: 0 fps: 30
06-03 13:52:44.752 D/virtual Data FFDemuxer::read()( 4827): open next url: /data/user/0/com.dangbei.lerad.screensaver/files/download/61/city_2.mp4
06-03 13:52:45.155 I/VDA ( 509): [0##13]"ServiceDeviceTask INs=721/728, OUTs=719/722"" {IN=7/8, OUT=10/13[kAtAccelerator(0) kAtDevice(3) kAtClient(10)]}"
05-31 20:57:02.460 W/ ( 0): [1 T1197 ..] [SP FRAME RX] DHCP[0 1], vif_idx:0
05-31 20:57:02.971 W/ ( 0): [2 T1498 .s] [SP FRAME TX] arp req,vif_idx:0 sender:[1c:79:2d:20:62:cb 192.168.3.4]receiver:[00:00:00:00:00:00 192.168.3.1]
05-31 20:57:02.992 W/ ( 0): [3 T1197 ..] [SP FRAME RX] arp rsp,vif_idx:0 sender:[70:3a:a6:36:a8:d7 192.168.3.1]receiver:[1c:79:2d:20:62:cb 192.168.3.4]
06-03 13:52:46.095 I/netd ( 491): setProcSysNet(4, 2, wlan0, retrans_time_ms, 1000) <0.15ms>
06-03 13:52:46.096 I/netd ( 491): setProcSysNet(4, 2, wlan0, ucast_solicit, 15) <0.12ms>
06-03 13:52:46.096 I/netd ( 491): setProcSysNet(6, 2, wlan0, retrans_time_ms, 1000) <0.15ms>
06-03 13:52:46.097 I/netd ( 491): setProcSysNet(6, 2, wlan0, ucast_solicit, 15) <0.11ms>
06-03 13:52:46.181 I/VDA ( 509): [0##13]"ServiceDeviceTask INs=752/759, OUTs=750/753"" {IN=7/8, OUT=10/13[kAtAccelerator(0) kAtDevice(3) kAtClient(10)]}"
06-03 13:52:46.408 I/DebugUtil( 509): [0##13]in/out status {INS/OUTS=767(1)/756(0)}, pipeline status {IN=8/8, OUT=10/13[Component(0) Accelerator(3) Client(10)]}
06-03 13:52:46.548 I/WifiHAL ( 540): call wifi_get_link_stats handler
06-03 13:52:46.548 I/WifiHAL ( 540): Creating message to get link statistics; iface = 16
06-03 13:52:46.549 D/WifiHAL ( 540): error code -95 mapped to -3
06-03 13:52:46.549 E/WifiStaIfaceAidlImpl( 754): getLinkLayerStats failed with service-specific exception: android.os.ServiceSpecificException: (code 4)
05-31 20:57:03.480 W/ ( 0): [1 T1197 ..] [SP FRAME RX] DHCP[0 1], vif_idx:0
06-03 13:52:46.900 I/audio_hw_hal_alsamgr( 503): alsa format =0x1 delay frames =768 total frames=25155840
06-03 13:52:47.207 D/BufferPoolAccessor2.0( 4827): bufferpool2 0xe9d31288 : 8(12582912 size) total buffers - 8(12582912 size) used buffers - 0/9 (recycle/alloc) - 9/791 (fetch/transfer)
06-03 13:52:47.208 I/VDA ( 509): [0##13]"ServiceDeviceTask INs=782/789, OUTs=780/784"" {IN=7/8, OUT=9/13[kAtAccelerator(0) kAtDevice(4) kAtClient(9)]}"
06-03 13:52:48.231 I/VDA ( 509): [0##13]"ServiceDeviceTask INs=813/820, OUTs=810/814"" {IN=7/8, OUT=9/13[kAtAccelerator(0) kAtDevice(4) kAtClient(9)]}"
06-03 13:52:49.199 I/virtual void MediaDecoder::run()( 4827): notify decode next url: /data/user/0/com.dangbei.lerad.screensaver/files/download/61/city_1.mp4
06-03 13:52:49.199 E/screen_saver2( 4827): onDecodeNextStream: 0
06-03 13:52:49.199 E/screen_saver2( 4827): 本地记录index和回调的不一致
06-03 13:52:49.202 D/AdManager( 4827): advertisementNum: 6
06-03 13:52:49.296 I/VDA ( 509): [0##13]"ServiceDeviceTask INs=844/851, OUTs=842/846"" {IN=7/8, OUT=9/13[kAtAccelerator(0) kAtDevice(4) kAtClient(9)]}"
06-03 13:52:49.553 I/WifiHAL ( 540): call wifi_get_link_stats handler
06-03 13:52:49.553 I/WifiHAL ( 540): Creating message to get link statistics; iface = 16
06-03 13:52:49.553 D/WifiHAL ( 540): error code -95 mapped to -3
06-03 13:52:49.554 E/WifiStaIfaceAidlImpl( 754): getLinkLayerStats failed with service-specific exception: android.os.ServiceSpecificException: (code 4)
06-03 13:52:50.323 I/VDA ( 509): [0##13]"ServiceDeviceTask INs=875/882, OUTs=872/877"" {IN=7/8, OUT=8/13[kAtAccelerator(0) kAtDevice(5) kAtClient(8)]}"
06-03 13:52:51.356 I/VDA ( 509): [0##13]"ServiceDeviceTask INs=905/912, OUTs=903/908"" {IN=7/8, OUT=8/13[kAtAccelerator(0) kAtDevice(5) kAtClient(8)]}"
06-03 13:52:51.408 I/DebugUtil( 509): [0##13]in/out status {INS/OUTS=916(1)/905(0)}, pipeline status {IN=8/8, OUT=9/13[Component(0) Accelerator(4) Client(9)]}
06-03 13:52:52.315 I/virtual Data FFDemuxer::read()( 4827): read frame ret: End of file latestReceivedTime: 184092 getTotalTimeMillis: 6666 is exit: 0
06-03 13:52:52.315 I/virtual Data FFDemuxer::read()( 4827): list smooth loop
06-03 13:52:52.320 I/virtual StreamInfo FFDemuxer::getVideoStreamInfo()( 4827): video width: 1920 video height: 1080 video pixelFormat: 0 fps: 30
06-03 13:52:52.321 D/virtual Data FFDemuxer::read()( 4827): open next url: /data/user/0/com.dangbei.lerad.screensaver/files/download/61/city_1.mp4
06-03 13:52:52.381 I/VDA ( 509): [0##13]"ServiceDeviceTask INs=938/945, OUTs=935/939"" {IN=7/8, OUT=9/13[kAtAccelerator(0) kAtDevice(4) kAtClient(9)]}"
06-03 13:52:52.381 D/BufferPoolAccessor2.0( 4827): bufferpool2 0xe9d31288 : 8(12582912 size) total buffers - 8(12582912 size) used buffers - 0/9 (recycle/alloc) - 9/947 (fetch/transfer)
06-03 13:52:52.559 I/WifiHAL ( 540): call wifi_get_link_stats handler
06-03 13:52:52.559 I/WifiHAL ( 540): Creating message to get link statistics; iface = 16
06-03 13:52:52.560 D/WifiHAL ( 540): error code -95 mapped to -3
06-03 13:52:52.560 E/WifiStaIfaceAidlImpl( 754): getLinkLayerStats failed with service-specific exception: android.os.ServiceSpecificException: (code 4)
06-03 13:52:53.410 I/VDA ( 509): [0##13]"ServiceDeviceTask INs=969/976, OUTs=966/970"" {IN=7/8, OUT=9/13[kAtAccelerator(0) kAtDevice(4) kAtClient(9)]}"
06-03 13:52:54.442 I/VDA ( 509): [0##13]"ServiceDeviceTask INs=998/1005, OUTs=997/1000"" {IN=7/8, OUT=10/13[kAtAccelerator(0) kAtDevice(3) kAtClient(10)]}"
06-03 13:52:55.469 I/VDA ( 509): [0##13]"ServiceDeviceTask INs=1030/1037, OUTs=1028/1031"" {IN=7/8, OUT=10/13[kAtAccelerator(0) kAtDevice(3) kAtClient(10)]}"
06-03 13:52:55.567 I/WifiHAL ( 540): call wifi_get_link_stats handler
06-03 13:52:55.567 I/WifiHAL ( 540): Creating message to get link statistics; iface = 16
06-03 13:52:55.567 D/WifiHAL ( 540): error code -95 mapped to -3
06-03 13:52:55.568 E/WifiStaIfaceAidlImpl( 754): getLinkLayerStats failed with service-specific exception: android.os.ServiceSpecificException: (code 4)
06-03 13:52:56.408 I/DebugUtil( 509): [0##13]in/out status {INS/OUTS=1067(1)/1056(0)}, pipeline status {IN=8/8, OUT=10/13[Component(0) Accelerator(3) Client(10)]}
06-03 13:52:56.499 I/VDA ( 509): [0##13]"ServiceDeviceTask INs=1061/1068, OUTs=1059/1062"" {IN=7/8, OUT=10/13[kAtAccelerator(0) kAtDevice(3) kAtClient(10)]}"
06-03 13:52:56.711 I/virtual void MediaDecoder::run()( 4827): notify decode next url: /data/user/0/com.dangbei.lerad.screensaver/files/download/61/city_2.mp4
06-03 13:52:56.711 E/screen_saver2( 4827): onDecodeNextStream: 1
06-03 13:52:56.711 D/AdManager( 4827): advertisementNum: 5
06-03 13:52:57.563 I/VDA ( 509): [0##13]"ServiceDeviceTask INs=1092/1099, OUTs=1090/1094"" {IN=7/8, OUT=9/13[kAtAccelerator(0) kAtDevice(4) kAtClient(9)]}"
06-03 13:52:57.565 D/BufferPoolAccessor2.0( 4827): bufferpool2 0xe9d31288 : 8(12582912 size) total buffers - 8(12582912 size) used buffers - 0/9 (recycle/alloc) - 9/1101 (fetch/transfer)
06-03 13:52:58.572 I/WifiHAL ( 540): call wifi_get_link_stats handler
06-03 13:52:58.572 I/WifiHAL ( 540): Creating message to get link statistics; iface = 16
06-03 13:52:58.573 D/WifiHAL ( 540): error code -95 mapped to -3
06-03 13:52:58.573 E/WifiStaIfaceAidlImpl( 754): getLinkLayerStats failed with service-specific exception: android.os.ServiceSpecificException: (code 4)
06-03 13:52:58.595 I/VDA ( 509): [0##13]"ServiceDeviceTask INs=1124/1131, OUTs=1121/1125"" {IN=7/8, OUT=9/13[kAtAccelerator(0) kAtDevice(4) kAtClient(9)]}"
06-03 13:52:58.913 I/virtual Data FFDemuxer::read()( 4827): read frame ret: End of file latestReceivedTime: 191591 getTotalTimeMillis: 7500 is exit: 0
06-03 13:52:58.913 I/virtual Data FFDemuxer::read()( 4827): list smooth loop
06-03 13:52:58.918 I/virtual StreamInfo FFDemuxer::getVideoStreamInfo()( 4827): video width: 1920 video height: 1080 video pixelFormat: 0 fps: 30
06-03 13:52:58.918 D/virtual Data FFDemuxer::read()( 4827): open next url: /data/user/0/com.dangbei.lerad.screensaver/files/download/61/city_2.mp4
06-03 13:52:59.596 I/VDA ( 509): [0##13]"ServiceDeviceTask INs=1154/1161, OUTs=1151/1156"" {IN=7/8, OUT=8/13[kAtAccelerator(0) kAtDevice(5) kAtClient(8)]}"
06-03 13:53:00.662 I/VDA ( 509): [0##13]"ServiceDeviceTask INs=1185/1192, OUTs=1183/1187"" {IN=7/8, OUT=9/13[kAtAccelerator(0) kAtDevice(4) kAtClient(9)]}"
06-03 13:53:01.408 I/DebugUtil( 509): [0##13]in/out status {INS/OUTS=1216(1)/1205(0)}, pipeline status {IN=8/8, OUT=9/13[Component(0) Accelerator(4) Client(9)]}
06-03 13:53:01.579 I/WifiHAL ( 540): call wifi_get_link_stats handler
06-03 13:53:01.579 I/WifiHAL ( 540): Creating message to get link statistics; iface = 16
06-03 13:53:01.580 D/WifiHAL ( 540): error code -95 mapped to -3
06-03 13:53:01.580 E/WifiStaIfaceAidlImpl( 754): getLinkLayerStats failed with service-specific exception: android.os.ServiceSpecificException: (code 4)
06-03 13:53:01.689 I/VDA ( 509): [0##13]"ServiceDeviceTask INs=1217/1224, OUTs=1214/1218"" {IN=7/8, OUT=9/13[kAtAccelerator(0) kAtDevice(4) kAtClient(9)]}"
06-03 13:53:02.716 I/VDA ( 509): [0##13]"ServiceDeviceTask INs=1248/1255, OUTs=1246/1249"" {IN=7/8, OUT=10/13[kAtAccelerator(0) kAtDevice(3) kAtClient(10)]}"
06-03 13:53:02.752 D/BufferPoolAccessor2.0( 4827): bufferpool2 0xe9d31288 : 8(12582912 size) total buffers - 8(12582912 size) used buffers - 0/9 (recycle/alloc) - 9/1258 (fetch/transfer)
06-03 13:53:03.374 I/virtual void MediaDecoder::run()( 4827): notify decode next url: /data/user/0/com.dangbei.lerad.screensaver/files/download/61/city_1.mp4
06-03 13:53:03.374 E/screen_saver2( 4827): onDecodeNextStream: 0
06-03 13:53:03.374 E/screen_saver2( 4827): 本地记录index和回调的不一致
06-03 13:53:03.374 D/AdManager( 4827): advertisementNum: 4
06-03 13:53:03.744 I/VDA ( 509): [0##13]"ServiceDeviceTask INs=1279/1286, OUTs=1277/1280"" {IN=7/8, OUT=10/13[kAtAccelerator(0) kAtDevice(3) kAtClient(10)]}"
06-03 13:53:04.583 I/WifiHAL ( 540): call wifi_get_link_stats handler
06-03 13:53:04.583 I/WifiHAL ( 540): Creating message to get link statistics; iface = 16
06-03 13:53:04.584 D/WifiHAL ( 540): error code -95 mapped to -3
06-03 13:53:04.584 E/WifiStaIfaceAidlImpl( 754): getLinkLayerStats failed with service-specific exception: android.os.ServiceSpecificException: (code 4)
06-03 13:53:04.808 I/VDA ( 509): [0##13]"ServiceDeviceTask INs=1310/1317, OUTs=1307/1312"" {IN=7/8, OUT=8/13[kAtAccelerator(0) kAtDevice(5) kAtClient(8)]}"
05-31 20:57:22.643 W/ ( 0): [1 T1197 ..] [SP FRAME RX] DHCP[0 1], vif_idx:0
06-03 13:53:05.834 I/VDA ( 509): [0##13]"ServiceDeviceTask INs=1340/1347, OUTs=1338/1342"" {IN=7/8, OUT=9/13[kAtAccelerator(0) kAtDevice(4) kAtClient(9)]}"
06-03 13:53:06.409 I/DebugUtil( 509): [0##13]in/out status {INS/OUTS=1367(1)/1356(0)}, pipeline status {IN=8/8, OUT=10/13[Component(0) Accelerator(3) Client(10)]}
06-03 13:53:06.488 I/virtual Data FFDemuxer::read()( 4827): read frame ret: End of file latestReceivedTime: 198258 getTotalTimeMillis: 6666 is exit: 0
06-03 13:53:06.488 I/virtual Data FFDemuxer::read()( 4827): list smooth loop
06-03 13:53:06.492 I/virtual StreamInfo FFDemuxer::getVideoStreamInfo()( 4827): video width: 1920 video height: 1080 video pixelFormat: 0 fps: 30
06-03 13:53:06.493 D/virtual Data FFDemuxer::read()( 4827): open next url: /data/user/0/com.dangbei.lerad.screensaver/files/download/61/city_1.mp4
06-03 13:53:06.860 I/VDA ( 509): [0##13]"ServiceDeviceTask INs=1371/1378, OUTs=1368/1373"" {IN=7/8, OUT=8/13[kAtAccelerator(0) kAtDevice(5) kAtClient(8)]}"
06-03 13:53:07.588 I/WifiHAL ( 540): call wifi_get_link_stats handler
06-03 13:53:07.588 I/WifiHAL ( 540): Creating message to get link statistics; iface = 16
06-03 13:53:07.588 D/WifiHAL ( 540): error code -95 mapped to -3
06-03 13:53:07.589 E/WifiStaIfaceAidlImpl( 754): getLinkLayerStats failed with service-specific exception: android.os.ServiceSpecificException: (code 4)
06-03 13:53:07.890 I/VDA ( 509): [0##13]"ServiceDeviceTask INs=1402/1409, OUTs=1400/1404"" {IN=7/8, OUT=9/13[kAtAccelerator(0) kAtDevice(4) kAtClient(9)]}"
06-03 13:53:07.927 D/BufferPoolAccessor2.0( 4827): bufferpool2 0xe9d31288 : 8(12582912 size) total buffers - 8(12582912 size) used buffers - 0/9 (recycle/alloc) - 9/1412 (fetch/transfer)
05-31 20:57:25.684 W/ ( 0): [3 T1197 ..] [SP FRAME RX] DHCP[0 1], vif_idx:0
06-03 13:53:08.918 I/VDA ( 509): [0##13]"ServiceDeviceTask INs=1433/1440, OUTs=1431/1435"" {IN=7/8, OUT=9/13[kAtAccelerator(0) kAtDevice(4) kAtClient(9)]}"
06-03 13:53:09.949 I/VDA ( 509): [0##13]"ServiceDeviceTask INs=1464/1471, OUTs=1462/1466"" {IN=7/8, OUT=9/13[kAtAccelerator(0) kAtDevice(4) kAtClient(9)]}"
06-03 13:53:10.594 I/WifiHAL ( 540): call wifi_get_link_stats handler
06-03 13:53:10.594 I/WifiHAL ( 540): Creating message to get link statistics; iface = 16
06-03 13:53:10.594 D/WifiHAL ( 540): error code -95 mapped to -3
06-03 13:53:10.594 E/WifiStaIfaceAidlImpl( 754): getLinkLayerStats failed with service-specific exception: android.os.ServiceSpecificException: (code 4)
06-03 13:53:10.848 I/virtual void MediaDecoder::run()( 4827): notify decode next url: /data/user/0/com.dangbei.lerad.screensaver/files/download/61/city_2.mp4
06-03 13:53:10.848 E/screen_saver2( 4827): onDecodeNextStream: 1
06-03 13:53:10.849 D/AdManager( 4827): advertisementNum: 3
06-03 13:53:10.980 I/VDA ( 509): [0##13]"ServiceDeviceTask INs=1495/1502, OUTs=1493/1497"" {IN=7/8, OUT=9/13[kAtAccelerator(0) kAtDevice(4) kAtClient(9)]}"
05-31 20:57:27.942 W/ ( 0): [2 T1197 ..] [SP FRAME RX] DHCP[0 1], vif_idx:0
06-03 13:53:11.409 I/DebugUtil( 509): [0##13]in/out status {INS/OUTS=1517(1)/1506(0)}, pipeline status {IN=8/8, OUT=10/13[Component(0) Accelerator(3) Client(10)]}
06-03 13:53:12.008 I/VDA ( 509): [0##13]"ServiceDeviceTask INs=1526/1533, OUTs=1523/1528"" {IN=7/8, OUT=8/13[kAtAccelerator(0) kAtDevice(5) kAtClient(8)]}"
05-31 20:57:28.971 W/ ( 0): [2 T1197 ..] [SP FRAME RX] DHCP[0 1], vif_idx:0
06-03 13:53:13.039 I/VDA ( 509): [0##13]"ServiceDeviceTask INs=1557/1564, OUTs=1555/1558"" {IN=7/8, OUT=10/13[kAtAccelerator(0) kAtDevice(3) kAtClient(10)]}"
06-03 13:53:13.109 D/BufferPoolAccessor2.0( 4827): bufferpool2 0xe9d31288 : 8(12582912 size) total buffers - 8(12582912 size) used buffers - 0/9 (recycle/alloc) - 9/1568 (fetch/transfer)
06-03 13:53:13.111 I/virtual Data FFDemuxer::read()( 4827): read frame ret: End of file latestReceivedTime: 205757 getTotalTimeMillis: 7500 is exit: 0
06-03 13:53:13.111 I/virtual Data FFDemuxer::read()( 4827): list smooth loop
06-03 13:53:13.117 I/virtual StreamInfo FFDemuxer::getVideoStreamInfo()( 4827): video width: 1920 video height: 1080 video pixelFormat: 0 fps: 30
06-03 13:53:13.117 D/virtual Data FFDemuxer::read()( 4827): open next url: /data/user/0/com.dangbei.lerad.screensaver/files/download/61/city_2.mp4
06-03 13:53:13.600 I/WifiHAL ( 540): call wifi_get_link_stats handler
06-03 13:53:13.600 I/WifiHAL ( 540): Creating message to get link statistics; iface = 16
06-03 13:53:13.601 D/WifiHAL ( 540): error code -95 mapped to -3
06-03 13:53:13.601 E/WifiStaIfaceAidlImpl( 754): getLinkLayerStats failed with service-specific exception: android.os.ServiceSpecificException: (code 4)
06-03 13:53:14.068 I/VDA ( 509): [0##13]"ServiceDeviceTask INs=1587/1594, OUTs=1585/1589"" {IN=7/8, OUT=9/13[kAtAccelerator(0) kAtDevice(4) kAtClient(9)]}"
06-03 13:53:15.095 I/VDA ( 509): [0##13]"ServiceDeviceTask INs=1619/1626, OUTs=1617/1620"" {IN=7/8, OUT=10/13[kAtAccelerator(0) kAtDevice(3) kAtClient(10)]}"
06-03 13:53:16.124 I/VDA ( 509): [0##13]"ServiceDeviceTask INs=1650/1657, OUTs=1648/1651"" {IN=7/8, OUT=10/13[kAtAccelerator(0) kAtDevice(3) kAtClient(10)]}"
06-03 13:53:16.409 I/DebugUtil( 509): [0##13]in/out status {INS/OUTS=1668(1)/1657(0)}, pipeline status {IN=8/8, OUT=10/13[Component(0) Accelerator(3) Client(10)]}
06-03 13:53:16.606 I/WifiHAL ( 540): call wifi_get_link_stats handler
06-03 13:53:16.606 I/WifiHAL ( 540): Creating message to get link statistics; iface = 16
06-03 13:53:16.606 D/WifiHAL ( 540): error code -95 mapped to -3
06-03 13:53:16.607 E/WifiStaIfaceAidlImpl( 754): getLinkLayerStats failed with service-specific exception: android.os.ServiceSpecificException: (code 4)
06-03 13:53:17.151 I/VDA ( 509): [0##13]"ServiceDeviceTask INs=1681/1688, OUTs=1679/1682"" {IN=7/8, OUT=10/13[kAtAccelerator(0) kAtDevice(3) kAtClient(10)]}"
06-03 13:53:17.532 I/virtual void MediaDecoder::run()( 4827): notify decode next url: /data/user/0/com.dangbei.lerad.screensaver/files/download/61/city_1.mp4
06-03 13:53:17.533 E/screen_saver2( 4827): onDecodeNextStream: 0
06-03 13:53:17.533 E/screen_saver2( 4827): 本地记录index和回调的不一致
06-03 13:53:17.534 D/AdManager( 4827): advertisementNum: 2
05-31 20:57:35.003 W/ ( 0): [3 T1197 ..] [SP FRAME RX] DHCP[0 1], vif_idx:0
06-03 13:53:18.182 I/VDA ( 509): [0##13]"ServiceDeviceTask INs=1712/1719, OUTs=1710/1713"" {IN=7/8, OUT=10/13[kAtAccelerator(0) kAtDevice(3) kAtClient(10)]}"
06-03 13:53:18.351 D/BufferPoolAccessor2.0( 4827): bufferpool2 0xe9d31288 : 8(12582912 size) total buffers - 8(12582912 size) used buffers - 0/9 (recycle/alloc) - 9/1725 (fetch/transfer)
06-03 13:53:18.902 I/audio_hw_hal_alsamgr( 503): alsa format =0x1 delay frames =640 total frames=26691840
06-03 13:53:19.207 I/VDA ( 509): [0##13]"ServiceDeviceTask INs=1742/1749, OUTs=1739/1744"" {IN=7/8, OUT=8/13[kAtAccelerator(0) kAtDevice(5) kAtClient(8)]}"
06-03 13:53:19.611 I/WifiHAL ( 540): call wifi_get_link_stats handler
06-03 13:53:19.611 I/WifiHAL ( 540): Creating message to get link statistics; iface = 16
06-03 13:53:19.611 D/WifiHAL ( 540): error code -95 mapped to -3
06-03 13:53:19.612 E/WifiStaIfaceAidlImpl( 754): getLinkLayerStats failed with service-specific exception: android.os.ServiceSpecificException: (code 4)
06-03 13:53:19.884 E/MdnsReplySender/serviceDiscovery( 754): Error sending MDNS response
06-03 13:53:19.884 E/MdnsReplySender/serviceDiscovery( 754): java.io.IOException
06-03 13:53:19.884 E/MdnsReplySender/serviceDiscovery( 754): at android.net.connectivity.com.android.server.connectivity.mdns.MdnsPacketWriter.checkRemaining(MdnsPacketWriter.java:246)
06-03 13:53:19.884 E/MdnsReplySender/serviceDiscovery( 754): at android.net.connectivity.com.android.server.connectivity.mdns.MdnsPacketWriter.writeBytes(MdnsPacketWriter.java:143)
06-03 13:53:19.884 E/MdnsReplySender/serviceDiscovery( 754): at android.net.connectivity.com.android.server.connectivity.mdns.MdnsPacketWriter.writeTextEntry(MdnsPacketWriter.java:163)
06-03 13:53:19.884 E/MdnsReplySender/serviceDiscovery( 754): at android.net.connectivity.com.android.server.connectivity.mdns.MdnsTextRecord.writeData(MdnsTextRecord.java:80)
06-03 13:53:19.884 E/MdnsReplySender/serviceDiscovery( 754): at android.net.connectivity.com.android.server.connectivity.mdns.MdnsRecord.write(MdnsRecord.java:233)
06-03 13:53:19.884 E/MdnsReplySender/serviceDiscovery( 754): at android.net.connectivity.com.android.server.connectivity.mdns.MdnsReplySender.sendNow(MdnsReplySender.java:111)
06-03 13:53:19.884 E/MdnsReplySender/serviceDiscovery( 754): at android.net.connectivity.com.android.server.connectivity.mdns.MdnsReplySender$SendHandler.handleMessage(MdnsReplySender.java:147)
06-03 13:53:19.884 E/MdnsReplySender/serviceDiscovery( 754): at android.os.Handler.dispatchMessage(Handler.java:106)
06-03 13:53:19.884 E/MdnsReplySender/serviceDiscovery( 754): at android.os.Looper.loopOnce(Looper.java:205)
06-03 13:53:19.884 E/MdnsReplySender/serviceDiscovery( 754): at android.os.Looper.loop(Looper.java:294)
06-03 13:53:19.884 E/MdnsReplySender/serviceDiscovery( 754): at android.os.HandlerThread.run(HandlerThread.java:67)
06-03 13:53:20.238 I/VDA ( 509): [0##13]"ServiceDeviceTask INs=1773/1780, OUTs=1771/1775"" {IN=7/8, OUT=9/13[kAtAccelerator(0) kAtDevice(4) kAtClient(9)]}"
06-03 13:53:20.652 I/virtual Data FFDemuxer::read()( 4827): read frame ret: End of file latestReceivedTime: 212424 getTotalTimeMillis: 6666 is exit: 0
06-03 13:53:20.652 I/virtual Data FFDemuxer::read()( 4827): list smooth loop
06-03 13:53:20.658 I/virtual StreamInfo FFDemuxer::getVideoStreamInfo()( 4827): video width: 1920 video height: 1080 video pixelFormat: 0 fps: 30
06-03 13:53:20.658 D/virtual Data FFDemuxer::read()( 4827): open next url: /data/user/0/com.dangbei.lerad.screensaver/files/download/61/city_1.mp4
06-03 13:53:21.265 I/VDA ( 509): [0##13]"ServiceDeviceTask INs=1804/1811, OUTs=1802/1805"" {IN=7/8, OUT=10/13[kAtAccelerator(0) kAtDevice(3) kAtClient(10)]}"
06-03 13:53:21.409 I/DebugUtil( 509): [0##13]in/out status {INS/OUTS=1818(1)/1807(0)}, pipeline status {IN=8/8, OUT=10/13[Component(0) Accelerator(3) Client(10)]}
06-03 13:53:21.910 I/netd ( 491): tetherGetStats() -> {[]} <1.62ms>
06-03 13:53:21.931 I/netd ( 491): bandwidthSetGlobalAlert(2097152) <0.52ms>
06-03 13:53:22.292 I/VDA ( 509): [0##13]"ServiceDeviceTask INs=1834/1841, OUTs=1831/1836"" {IN=7/8, OUT=8/13[kAtAccelerator(0) kAtDevice(5) kAtClient(8)]}"
05-31 20:57:39.323 W/ ( 0): [2 T0 .s] [SP FRAME TX] arp req,vif_idx:0 sender:[1c:79:2d:20:62:cb 192.168.3.4]receiver:[00:00:00:00:00:00 192.168.3.1]
05-31 20:57:39.373 W/ ( 0): [2 T1197 ..] [SP FRAME RX] arp rsp,vif_idx:0 sender:[70:3a:a6:36:a8:d7 192.168.3.1]receiver:[1c:79:2d:20:62:cb 192.168.3.4]
06-03 13:53:22.476 I/netd ( 491): setProcSysNet(4, 2, wlan0, retrans_time_ms, 1000) <0.17ms>
06-03 13:53:22.476 I/netd ( 491): setProcSysNet(4, 2, wlan0, ucast_solicit, 15) <0.14ms>
06-03 13:53:22.477 I/netd ( 491): setProcSysNet(6, 2, wlan0, retrans_time_ms, 1000) <0.16ms>
06-03 13:53:22.477 I/netd ( 491): setProcSysNet(6, 2, wlan0, ucast_solicit, 15) <0.12ms>
06-03 13:53:22.619 I/WifiHAL ( 540): call wifi_get_link_stats handler
06-03 13:53:22.619 I/WifiHAL ( 540): Creating message to get link statistics; iface = 16
06-03 13:53:22.620 D/WifiHAL ( 540): error code -95 mapped to -3
06-03 13:53:22.620 E/WifiStaIfaceAidlImpl( 754): getLinkLayerStats failed with service-specific exception: android.os.ServiceSpecificException: (code 4)
