06-03 13:55:57.851 I/V4l2Adaptor( 509): onImportBufferForPicture addr 0x0, stride 0, offset 0, size 0
06-03 13:55:57.851 I/VDA ( 509): [0##31]"ImportDynamicCaptureBufferForPictureTask fd=99, index=4\n"" {IN=7/8, OUT=1/5[kAtAccelerator(1) kAtDevice(3) kAtClient(1)]}"
06-03 13:55:57.851 I/mali_gralloc( 262): am_gralloc_get_uvm_decoder_para: parameters:[slot_id=0,w*h(1920*1088),w_align=64,h_align=64,size=0]
06-03 13:55:57.851 I/mali_gralloc( 262): am_gralloc_get_uvm_decoder_para: parameters:[slot_id=0,w*h(1920*1088),w_align=64,h_align=64,size=0]
06-03 13:55:57.853 V/android.hardware.media.c2@1.2-service( 509): [0603/135557.853765:VERBOSE1:v4l2_video_decode_accelerator.cc(4580)] CheckInterlaced():
06-03 13:55:57.854 I/VDA ( 509): [0##31]"VIDIOC_G_FMT format.fmt.pix.width 1920\n"
06-03 13:55:57.854 I/VDA ( 509): [0##31]"[GetVisibleSize] visible width 1920, height 1080\n"
06-03 13:55:57.854 I/VDA ( 509): [0##31]"CheckInterlaced format.fmt.pix.field 1\n"
06-03 13:55:57.854 V/android.hardware.media.c2@1.2-service( 509): [0603/135557.854655:VERBOSE1:v4l2_video_decode_accelerator.cc(4638)] NotifyEvent():
06-03 13:55:57.854 I/VideoDecWraper( 509): [0##31]"event 2, param 0x0, paramsize:0\n"
06-03 13:55:57.854 I/C2VdecComponent( 509): NotifyEvent:event:2
06-03 13:55:57.854 I/AmlManagePts( 509): [0]"setInterlace set interlace[0]\n"
06-03 13:55:57.854 I/C2VdecBlockPoolUtil( 509): Fetch the new block(ino:6977 fd:59 dup fd:100 id:5) and append.
06-03 13:55:57.854 I/V4l2Adaptor( 509): importBufferForPicture pictureBufferId 5, dmabufFd 101, metaFd -1
06-03 13:55:57.855 I/V4l2Adaptor( 509): onImportBufferForPicture pictureBufferId 5, dmabufFd 101, metaFd -1, plane size 1
06-03 13:55:57.855 I/V4l2Adaptor( 509): onImportBufferForPicture addr 0x0, stride 0, offset 0, size 0
06-03 13:55:57.855 I/mali_gralloc( 262): am_gralloc_get_uvm_decoder_para: parameters:[slot_id=0,w*h(1920*1088),w_align=64,h_align=64,size=0]
06-03 13:55:57.855 I/mali_gralloc( 262): am_gralloc_get_uvm_decoder_para: parameters:[slot_id=0,w*h(1920*1088),w_align=64,h_align=64,size=0]
06-03 13:55:57.855 I/VDA ( 509): [0##31]"ImportDynamicCaptureBufferForPictureTask fd=101, index=5\n"" {IN=3/8, OUT=3/6[kAtAccelerator(1) kAtDevice(2) kAtClient(3)]}"
06-03 13:55:57.858 I/C2VdecBlockPoolUtil( 509): Fetch the new block(ino:6979 fd:103 dup fd:106 id:6) and append.
06-03 13:55:57.858 I/V4l2Adaptor( 509): importBufferForPicture pictureBufferId 6, dmabufFd 47, metaFd -1
06-03 13:55:57.859 I/V4l2Adaptor( 509): onImportBufferForPicture pictureBufferId 6, dmabufFd 47, metaFd -1, plane size 1
06-03 13:55:57.859 I/V4l2Adaptor( 509): onImportBufferForPicture addr 0x0, stride 0, offset 0, size 0
06-03 13:55:57.859 I/VDA ( 509): [0##31]"ImportDynamicCaptureBufferForPictureTask fd=47, index=6\n"" {IN=2/8, OUT=4/7[kAtAccelerator(1) kAtDevice(2) kAtClient(4)]}"
06-03 13:55:57.859 I/mali_gralloc( 262): am_gralloc_get_uvm_decoder_para: parameters:[slot_id=0,w*h(1920*1088),w_align=64,h_align=64,size=0]
06-03 13:55:57.859 I/mali_gralloc( 262): am_gralloc_get_uvm_decoder_para: parameters:[slot_id=0,w*h(1920*1088),w_align=64,h_align=64,size=0]
06-03 13:55:57.861 I/C2VdecBlockPoolUtil( 509): Fetch the new block(ino:6981 fd:109 dup fd:112 id:7) and append.
06-03 13:55:57.861 I/V4l2Adaptor( 509): importBufferForPicture pictureBufferId 7, dmabufFd 113, metaFd -1
06-03 13:55:57.862 I/V4l2Adaptor( 509): onImportBufferForPicture pictureBufferId 7, dmabufFd 113, metaFd -1, plane size 1
06-03 13:55:57.862 I/V4l2Adaptor( 509): onImportBufferForPicture addr 0x0, stride 0, offset 0, size 0
06-03 13:55:57.862 I/VDA ( 509): [0##31]"ImportDynamicCaptureBufferForPictureTask fd=113, index=7\n"" {IN=1/8, OUT=5/8[kAtAccelerator(1) kAtDevice(2) kAtClient(5)]}"
06-03 13:55:57.862 I/mali_gralloc( 262): am_gralloc_get_uvm_decoder_para: parameters:[slot_id=0,w*h(1920*1088),w_align=64,h_align=64,size=0]
06-03 13:55:57.862 I/mali_gralloc( 262): am_gralloc_get_uvm_decoder_para: parameters:[slot_id=0,w*h(1920*1088),w_align=64,h_align=64,size=0]
06-03 13:55:57.865 I/C2VdecBlockPoolUtil( 509): Fetch the new block(ino:6983 fd:115 dup fd:118 id:8) and append.
06-03 13:55:57.865 I/V4l2Adaptor( 509): importBufferForPicture pictureBufferId 8, dmabufFd 56, metaFd -1
06-03 13:55:57.865 I/V4l2Adaptor( 509): onImportBufferForPicture pictureBufferId 8, dmabufFd 56, metaFd -1, plane size 1
06-03 13:55:57.866 I/V4l2Adaptor( 509): onImportBufferForPicture addr 0x0, stride 0, offset 0, size 0
06-03 13:55:57.866 I/VDA ( 509): [0##31]"ImportDynamicCaptureBufferForPictureTask fd=56, index=8\n"" {IN=0/8, OUT=5/9[kAtAccelerator(1) kAtDevice(3) kAtClient(5)]}"
06-03 13:55:57.866 I/mali_gralloc( 262): am_gralloc_get_uvm_decoder_para: parameters:[slot_id=0,w*h(1920*1088),w_align=64,h_align=64,size=0]
06-03 13:55:57.866 I/mali_gralloc( 262): am_gralloc_get_uvm_decoder_para: parameters:[slot_id=0,w*h(1920*1088),w_align=64,h_align=64,size=0]
06-03 13:55:57.868 I/C2VdecBlockPoolUtil( 509): Fetch the new block(ino:6985 fd:121 dup fd:124 id:9) and append.
06-03 13:55:57.868 I/V4l2Adaptor( 509): importBufferForPicture pictureBufferId 9, dmabufFd 125, metaFd -1
06-03 13:55:57.868 I/C2VdecComponent( 509): [0##31]"Update dequeue buffer num: 13 -> 5 out delay buffer margin:0"
06-03 13:55:57.868 I/V4l2Adaptor( 509): onImportBufferForPicture pictureBufferId 9, dmabufFd 125, metaFd -1, plane size 1
06-03 13:55:57.868 I/V4l2Adaptor( 509): onImportBufferForPicture addr 0x0, stride 0, offset 0, size 0
06-03 13:55:57.868 I/VDA ( 509): [0##31]"ImportDynamicCaptureBufferForPictureTask fd=125, index=9\n"" {IN=0/8, OUT=5/10[kAtAccelerator(1) kAtDevice(4) kAtClient(5)]}"
06-03 13:55:57.868 D/Codec2-OutputBufferQueue( 4827): set max dequeue count 12 from update
06-03 13:55:57.868 I/C2VdecDequeueThreadUtil( 509): [0##31]"StartRunDequeueTask task loop:1 alloc loop:0 duration:33333 minfetchinterval:8333"
06-03 13:55:57.868 I/C2VdecComponentIntfImpl( 509): [7##0]config picture w:1920 h:1080
06-03 13:55:57.869 I/C2VdecDequeueThreadUtil( 509): debug.vendor.media.c2.vdec.priority is not set used def = 0
06-03 13:55:57.869 I/C2VdecComponent( 509): video size changed
06-03 13:55:57.869 I/mali_gralloc( 262): am_gralloc_get_uvm_decoder_para: parameters:[slot_id=0,w*h(1920*1088),w_align=64,h_align=64,size=0]
06-03 13:55:57.869 I/mali_gralloc( 262): am_gralloc_get_uvm_decoder_para: parameters:[slot_id=0,w*h(1920*1088),w_align=64,h_align=64,size=0]
06-03 13:55:57.870 I/VDA ( 509): [0##31]"DecodeBufferTask decoder_state_ = kPictureBuffersReady -> kDecoding"
06-03 13:55:57.872 I/C2VdecBlockPoolUtil( 509): Fetch the new block(ino:6987 fd:43 dup fd:127 id:10) and append.
06-03 13:55:57.872 D/CCodecConfig( 4827): c2 config diff is c2::u32 raw.color.matrix = 1
06-03 13:55:57.872 D/CCodecConfig( 4827): c2::u32 raw.color.primaries = 1
06-03 13:55:57.872 D/CCodecConfig( 4827): c2::u32 raw.color.range = 2
06-03 13:55:57.872 D/CCodecConfig( 4827): c2::u32 raw.color.transfer = 3
06-03 13:55:57.872 D/CCodecConfig( 4827): c2::u32 raw.crop.height = 1080
06-03 13:55:57.872 D/CCodecConfig( 4827): c2::u32 raw.crop.left = 0
06-03 13:55:57.872 D/CCodecConfig( 4827): c2::u32 raw.crop.top = 0
06-03 13:55:57.872 D/CCodecConfig( 4827): c2::u32 raw.crop.width = 1920
06-03 13:55:57.873 I/V4l2Adaptor( 509): importBufferForPicture pictureBufferId 10, dmabufFd 128, metaFd -1
06-03 13:55:57.873 I/V4l2Adaptor( 509): onImportBufferForPicture pictureBufferId 10, dmabufFd 128, metaFd -1, plane size 1
06-03 13:55:57.873 I/V4l2Adaptor( 509): onImportBufferForPicture addr 0x0, stride 0, offset 0, size 0
06-03 13:55:57.873 I/VDA ( 509): [0##31]"ImportDynamicCaptureBufferForPictureTask fd=128, index=10\n"" {IN=1/8, OUT=6/11[kAtAccelerator(1) kAtDevice(4) kAtClient(6)]}"
06-03 13:55:57.874 I/mali_gralloc( 262): am_gralloc_get_uvm_decoder_para: parameters:[slot_id=0,w*h(1920*1088),w_align=64,h_align=64,size=0]
06-03 13:55:57.874 I/mali_gralloc( 262): am_gralloc_get_uvm_decoder_para: parameters:[slot_id=0,w*h(1920*1088),w_align=64,h_align=64,size=0]
06-03 13:55:57.876 I/C2VdecBlockPoolUtil( 509): Fetch the new block(ino:6990 fd:135 dup fd:138 id:11) and append.
06-03 13:55:57.876 I/V4l2Adaptor( 509): importBufferForPicture pictureBufferId 11, dmabufFd 139, metaFd -1
06-03 13:55:57.877 I/V4l2Adaptor( 509): onImportBufferForPicture pictureBufferId 11, dmabufFd 139, metaFd -1, plane size 1
06-03 13:55:57.877 I/V4l2Adaptor( 509): onImportBufferForPicture addr 0x0, stride 0, offset 0, size 0
06-03 13:55:57.877 I/VDA ( 509): [0##31]"ImportDynamicCaptureBufferForPictureTask fd=139, index=11\n"" {IN=2/8, OUT=7/12[kAtAccelerator(1) kAtDevice(4) kAtClient(7)]}"
06-03 13:55:57.879 I/void Player::setState(PLAYER_STATE)( 4827): state changed newState: 3 oldState: 2
06-03 13:55:57.880 D/LeradPlayer( 4827): player newState: 3 oldState: 2
06-03 13:55:57.911 I/mali_gralloc( 262): am_gralloc_get_uvm_decoder_para: parameters:[slot_id=0,w*h(1920*1088),w_align=64,h_align=64,size=0]
06-03 13:55:57.911 I/mali_gralloc( 262): am_gralloc_get_uvm_decoder_para: parameters:[slot_id=0,w*h(1920*1088),w_align=64,h_align=64,size=0]
06-03 13:55:57.916 I/C2VdecBlockPoolUtil( 509): Fetch the new block(ino:7003 fd:162 dup fd:167 id:12) and append.
06-03 13:55:57.917 I/V4l2Adaptor( 509): importBufferForPicture pictureBufferId 12, dmabufFd 168, metaFd -1
06-03 13:55:57.917 I/V4l2Adaptor( 509): onImportBufferForPicture pictureBufferId 12, dmabufFd 168, metaFd -1, plane size 1
06-03 13:55:57.917 I/V4l2Adaptor( 509): onImportBufferForPicture addr 0x0, stride 0, offset 0, size 0
06-03 13:55:57.917 I/VDA ( 509): [0##31]"ImportDynamicCaptureBufferForPictureTask fd=168, index=12\n"" {IN=6/8, OUT=9/13[kAtAccelerator(1) kAtDevice(3) kAtClient(9)]}"
05-31 21:00:15.156 I/[2 T4897 ..] dp_buf( 0): [0:25]di buf_mgr free
06-03 13:55:58.366 D/PipelineWatcher( 4827): onInputBufferReleased: frameIndex not found (29); ignored
06-03 13:55:58.809 I/VDA ( 509): [0##31]"ServiceDeviceTask INs=40/47, OUTs=38/43"" {IN=7/8, OUT=8/13[kAtAccelerator(0) kAtDevice(5) kAtClient(8)]}"
06-03 13:55:58.957 I/WifiHAL ( 540): call wifi_get_link_stats handler
06-03 13:55:58.957 I/WifiHAL ( 540): Creating message to get link statistics; iface = 16
06-03 13:55:58.957 D/WifiHAL ( 540): error code -95 mapped to -3
06-03 13:55:58.958 E/WifiStaIfaceAidlImpl( 754): getLinkLayerStats failed with service-specific exception: android.os.ServiceSpecificException: (code 4)
06-03 13:55:59.023 I/audio_hw_hal_alsamgr( 503): alsa format =0x1 delay frames =768 total frames=34371840
06-03 13:55:59.837 I/VDA ( 509): [0##31]"ServiceDeviceTask INs=72/79, OUTs=70/74"" {IN=7/8, OUT=9/13[kAtAccelerator(0) kAtDevice(4) kAtClient(9)]}"
06-03 13:56:00.283 I/virtual Data FFDemuxer::read()( 4827): read frame ret: End of file latestReceivedTime: 155760 getTotalTimeMillis: 6666 is exit: 0
06-03 13:56:00.283 I/virtual Data FFDemuxer::read()( 4827): list smooth loop
06-03 13:56:00.288 I/virtual StreamInfo FFDemuxer::getVideoStreamInfo()( 4827): video width: 1920 video height: 1080 video pixelFormat: 0 fps: 30
06-03 13:56:00.288 D/virtual Data FFDemuxer::read()( 4827): open next url: /data/user/0/com.dangbei.lerad.screensaver/files/download/61/city_1.mp4
06-03 13:56:00.866 I/VDA ( 509): [0##31]"ServiceDeviceTask INs=104/111, OUTs=102/105"" {IN=7/8, OUT=10/13[kAtAccelerator(0) kAtDevice(3) kAtClient(10)]}"
06-03 13:56:01.058 D/BufferPoolAccessor2.0( 4827): bufferpool2 0xe9d02428 : 0(0 size) total buffers - 0(0 size) used buffers - 0/9 (recycle/alloc) - 9/2126 (fetch/transfer)
06-03 13:56:01.059 D/BufferPoolAccessor2.0( 4827): evictor expired: 1, evicted: 1
06-03 13:56:01.144 I/netd ( 491): setProcSysNet(4, 2, wlan0, retrans_time_ms, 1000) <0.15ms>
06-03 13:56:01.145 I/netd ( 491): setProcSysNet(4, 2, wlan0, ucast_solicit, 15) <0.31ms>
06-03 13:56:01.145 I/netd ( 491): setProcSysNet(6, 2, wlan0, retrans_time_ms, 1000) <0.14ms>
06-03 13:56:01.146 I/netd ( 491): setProcSysNet(6, 2, wlan0, ucast_solicit, 15) <0.10ms>
06-03 13:56:01.895 I/VDA ( 509): [0##31]"ServiceDeviceTask INs=133/140, OUTs=131/135"" {IN=7/8, OUT=9/13[kAtAccelerator(0) kAtDevice(4) kAtClient(9)]}"
06-03 13:56:01.964 I/WifiHAL ( 540): call wifi_get_link_stats handler
06-03 13:56:01.964 I/WifiHAL ( 540): Creating message to get link statistics; iface = 16
06-03 13:56:01.964 D/WifiHAL ( 540): error code -95 mapped to -3
06-03 13:56:01.965 E/WifiStaIfaceAidlImpl( 754): getLinkLayerStats failed with service-specific exception: android.os.ServiceSpecificException: (code 4)
06-03 13:56:02.674 I/DebugUtil( 509): [0##31]in/out status {INS/OUTS=165(1)/154(0)}, pipeline status {IN=8/8, OUT=9/13[Component(0) Accelerator(4) Client(9)]}
06-03 13:56:02.852 D/BufferPoolAccessor2.0( 4827): bufferpool2 0xe9d2ca88 : 9(14155776 size) total buffers - 8(12582912 size) used buffers - 0/9 (recycle/alloc) - 9/171 (fetch/transfer)
06-03 13:56:02.920 I/VDA ( 509): [0##31]"ServiceDeviceTask INs=164/171, OUTs=161/166"" {IN=7/8, OUT=8/13[kAtAccelerator(0) kAtDevice(5) kAtClient(8)]}"
06-03 13:56:03.059 D/BufferPoolAccessor2.0( 4827): evictor expired: 2, evicted: 1
06-03 13:56:03.950 I/VDA ( 509): [0##31]"ServiceDeviceTask INs=196/203, OUTs=194/197"" {IN=7/8, OUT=10/13[kAtAccelerator(0) kAtDevice(3) kAtClient(10)]}"
06-03 13:56:04.642 I/virtual void MediaDecoder::run()( 4827): notify decode next url: /data/user/0/com.dangbei.lerad.screensaver/files/download/61/city_2.mp4
06-03 13:56:04.642 E/screen_saver2( 4827): onDecodeNextStream: 1
06-03 13:56:04.642 D/AdManager( 4827): advertisementNum: 9
06-03 13:56:04.971 I/WifiHAL ( 540): call wifi_get_link_stats handler
06-03 13:56:04.971 I/WifiHAL ( 540): Creating message to get link statistics; iface = 16
06-03 13:56:04.971 D/WifiHAL ( 540): error code -95 mapped to -3
06-03 13:56:04.972 E/WifiStaIfaceAidlImpl( 754): getLinkLayerStats failed with service-specific exception: android.os.ServiceSpecificException: (code 4)
06-03 13:56:04.979 I/VDA ( 509): [0##31]"ServiceDeviceTask INs=227/234, OUTs=225/228"" {IN=7/8, OUT=10/13[kAtAccelerator(0) kAtDevice(3) kAtClient(10)]}"
06-03 13:56:06.011 I/VDA ( 509): [0##31]"ServiceDeviceTask INs=258/265, OUTs=256/259"" {IN=7/8, OUT=10/13[kAtAccelerator(0) kAtDevice(3) kAtClient(10)]}"
05-31 21:00:22.946 W/ ( 0): [3 T5277 ..] [SP FRAME TX] arp req,vif_idx:0 sender:[1c:79:2d:20:62:cb 192.168.3.4]receiver:[00:00:00:00:00:00 192.168.3.195]
05-31 21:00:22.955 W/ ( 0): [1 T1197 ..] [SP FRAME RX] arp rsp,vif_idx:0 sender:[ee:08:6c:a8:67:93 192.168.3.195]receiver:[1c:79:2d:20:62:cb 192.168.3.4]
06-03 13:56:06.132 D/TrafficStats( 2656): tagSocket(213) with statsTag=0xffffffff, statsUid=-1
06-03 13:56:06.874 I/virtual Data FFDemuxer::read()( 4827): read frame ret: End of file latestReceivedTime: 163259 getTotalTimeMillis: 7500 is exit: 0
06-03 13:56:06.874 I/virtual Data FFDemuxer::read()( 4827): list smooth loop
06-03 13:56:06.879 I/virtual StreamInfo FFDemuxer::getVideoStreamInfo()( 4827): video width: 1920 video height: 1080 video pixelFormat: 0 fps: 30
06-03 13:56:06.879 D/virtual Data FFDemuxer::read()( 4827): open next url: /data/user/0/com.dangbei.lerad.screensaver/files/download/61/city_2.mp4
06-03 13:56:07.042 I/VDA ( 509): [0##31]"ServiceDeviceTask INs=288/295, OUTs=285/290"" {IN=7/8, OUT=8/13[kAtAccelerator(0) kAtDevice(5) kAtClient(8)]}"
06-03 13:56:07.674 I/DebugUtil( 509): [0##31]in/out status {INS/OUTS=315(1)/304(0)}, pipeline status {IN=8/8, OUT=9/13[Component(0) Accelerator(4) Client(9)]}
06-03 13:56:07.978 I/WifiHAL ( 540): call wifi_get_link_stats handler
06-03 13:56:07.978 I/WifiHAL ( 540): Creating message to get link statistics; iface = 16
06-03 13:56:07.979 D/WifiHAL ( 540): error code -95 mapped to -3
06-03 13:56:07.979 E/WifiStaIfaceAidlImpl( 754): getLinkLayerStats failed with service-specific exception: android.os.ServiceSpecificException: (code 4)
06-03 13:56:08.073 I/VDA ( 509): [0##31]"ServiceDeviceTask INs=320/327, OUTs=317/321"" {IN=7/8, OUT=9/13[kAtAccelerator(0) kAtDevice(4) kAtClient(9)]}"
06-03 13:56:08.244 D/BufferPoolAccessor2.0( 4827): bufferpool2 0xe9d2ca88 : 8(12582912 size) total buffers - 8(12582912 size) used buffers - 0/9 (recycle/alloc) - 9/334 (fetch/transfer)
06-03 13:56:09.106 I/VDA ( 509): [0##31]"ServiceDeviceTask INs=350/357, OUTs=348/352"" {IN=7/8, OUT=9/13[kAtAccelerator(0) kAtDevice(4) kAtClient(9)]}"
06-03 13:56:10.133 I/VDA ( 509): [0##31]"ServiceDeviceTask INs=381/388, OUTs=378/383"" {IN=7/8, OUT=8/13[kAtAccelerator(0) kAtDevice(5) kAtClient(8)]}"
06-03 13:56:10.986 I/WifiHAL ( 540): call wifi_get_link_stats handler
06-03 13:56:10.986 I/WifiHAL ( 540): Creating message to get link statistics; iface = 16
06-03 13:56:10.986 D/WifiHAL ( 540): error code -95 mapped to -3
06-03 13:56:10.987 E/WifiStaIfaceAidlImpl( 754): getLinkLayerStats failed with service-specific exception: android.os.ServiceSpecificException: (code 4)
06-03 13:56:11.161 I/VDA ( 509): [0##31]"ServiceDeviceTask INs=412/419, OUTs=410/414"" {IN=7/8, OUT=9/13[kAtAccelerator(0) kAtDevice(4) kAtClient(9)]}"
06-03 13:56:11.303 I/netd ( 491): tetherGetStats() -> {[]} <1.75ms>
06-03 13:56:11.304 I/virtual void MediaDecoder::run()( 4827): notify decode next url: /data/user/0/com.dangbei.lerad.screensaver/files/download/61/city_1.mp4
06-03 13:56:11.304 E/screen_saver2( 4827): onDecodeNextStream: 0
06-03 13:56:11.304 E/screen_saver2( 4827): 本地记录index和回调的不一致
06-03 13:56:11.305 D/AdManager( 4827): advertisementNum: 8
06-03 13:56:11.316 I/netd ( 491): bandwidthSetGlobalAlert(2097152) <0.38ms>
06-03 13:56:12.186 I/VDA ( 509): [0##31]"ServiceDeviceTask INs=443/450, OUTs=440/444"" {IN=7/8, OUT=9/13[kAtAccelerator(0) kAtDevice(4) kAtClient(9)]}"
06-03 13:56:12.674 I/DebugUtil( 509): [0##31]in/out status {INS/OUTS=467(1)/456(0)}, pipeline status {IN=8/8, OUT=10/13[Component(0) Accelerator(3) Client(10)]}
06-03 13:56:13.213 I/VDA ( 509): [0##31]"ServiceDeviceTask INs=472/479, OUTs=469/475"" {IN=7/8, OUT=7/13[kAtAccelerator(0) kAtDevice(6) kAtClient(7)]}"
06-03 13:56:13.384 D/BufferPoolAccessor2.0( 4827): bufferpool2 0xe9d2ca88 : 8(12582912 size) total buffers - 8(12582912 size) used buffers - 0/9 (recycle/alloc) - 9/487 (fetch/transfer)
06-03 13:56:13.993 I/WifiHAL ( 540): call wifi_get_link_stats handler
06-03 13:56:13.993 I/WifiHAL ( 540): Creating message to get link statistics; iface = 16
06-03 13:56:13.993 D/WifiHAL ( 540): error code -95 mapped to -3
06-03 13:56:13.994 E/WifiStaIfaceAidlImpl( 754): getLinkLayerStats failed with service-specific exception: android.os.ServiceSpecificException: (code 4)
06-03 13:56:14.241 I/VDA ( 509): [0##31]"ServiceDeviceTask INs=505/512, OUTs=503/506"" {IN=7/8, OUT=10/13[kAtAccelerator(0) kAtDevice(3) kAtClient(10)]}"
06-03 13:56:14.449 I/virtual Data FFDemuxer::read()( 4827): read frame ret: End of file latestReceivedTime: 169926 getTotalTimeMillis: 6666 is exit: 0
06-03 13:56:14.449 I/virtual Data FFDemuxer::read()( 4827): list smooth loop
06-03 13:56:14.454 I/virtual StreamInfo FFDemuxer::getVideoStreamInfo()( 4827): video width: 1920 video height: 1080 video pixelFormat: 0 fps: 30
06-03 13:56:14.454 D/virtual Data FFDemuxer::read()( 4827): open next url: /data/user/0/com.dangbei.lerad.screensaver/files/download/61/city_1.mp4
06-03 13:56:15.272 I/VDA ( 509): [0##31]"ServiceDeviceTask INs=536/543, OUTs=534/537"" {IN=7/8, OUT=10/13[kAtAccelerator(0) kAtDevice(3) kAtClient(10)]}"
06-03 13:56:16.299 I/VDA ( 509): [0##31]"ServiceDeviceTask INs=566/573, OUTs=563/568"" {IN=7/8, OUT=8/13[kAtAccelerator(0) kAtDevice(5) kAtClient(8)]}"
06-03 13:56:17.000 I/WifiHAL ( 540): call wifi_get_link_stats handler
06-03 13:56:17.000 I/WifiHAL ( 540): Creating message to get link statistics; iface = 16
06-03 13:56:17.000 D/WifiHAL ( 540): error code -95 mapped to -3
06-03 13:56:17.001 E/WifiStaIfaceAidlImpl( 754): getLinkLayerStats failed with service-specific exception: android.os.ServiceSpecificException: (code 4)
06-03 13:56:17.326 I/VDA ( 509): [0##31]"ServiceDeviceTask INs=596/603, OUTs=593/598"" {IN=7/8, OUT=8/13[kAtAccelerator(0) kAtDevice(5) kAtClient(8)]}"
06-03 13:56:17.675 I/DebugUtil( 509): [0##31]in/out status {INS/OUTS=617(1)/606(0)}, pipeline status {IN=8/8, OUT=10/13[Component(0) Accelerator(3) Client(10)]}
06-03 13:56:18.356 I/VDA ( 509): [0##31]"ServiceDeviceTask INs=628/635, OUTs=626/629"" {IN=7/8, OUT=10/13[kAtAccelerator(0) kAtDevice(3) kAtClient(10)]}"
06-03 13:56:18.563 D/BufferPoolAccessor2.0( 4827): bufferpool2 0xe9d2ca88 : 8(12582912 size) total buffers - 8(12582912 size) used buffers - 0/9 (recycle/alloc) - 9/643 (fetch/transfer)
06-03 13:56:18.807 I/virtual void MediaDecoder::run()( 4827): notify decode next url: /data/user/0/com.dangbei.lerad.screensaver/files/download/61/city_2.mp4
06-03 13:56:18.807 E/screen_saver2( 4827): onDecodeNextStream: 1
06-03 13:56:18.807 D/AdManager( 4827): advertisementNum: 7
05-31 21:00:36.266 W/ ( 0): [1 T1197 ..] [SP FRAME RX] DHCP[0 1], vif_idx:0
06-03 13:56:19.385 I/VDA ( 509): [0##31]"ServiceDeviceTask INs=659/666, OUTs=657/660"" {IN=7/8, OUT=10/13[kAtAccelerator(0) kAtDevice(3) kAtClient(10)]}"
06-03 13:56:20.008 I/WifiHAL ( 540): call wifi_get_link_stats handler
06-03 13:56:20.008 I/WifiHAL ( 540): Creating message to get link statistics; iface = 16
06-03 13:56:20.008 D/WifiHAL ( 540): error code -95 mapped to -3
06-03 13:56:20.008 E/WifiStaIfaceAidlImpl( 754): getLinkLayerStats failed with service-specific exception: android.os.ServiceSpecificException: (code 4)
06-03 13:56:20.413 I/VDA ( 509): [0##31]"ServiceDeviceTask INs=690/697, OUTs=688/691"" {IN=7/8, OUT=10/13[kAtAccelerator(0) kAtDevice(3) kAtClient(10)]}"
06-03 13:56:21.065 I/virtual Data FFDemuxer::read()( 4827): read frame ret: End of file latestReceivedTime: 177425 getTotalTimeMillis: 7500 is exit: 0
06-03 13:56:21.065 I/virtual Data FFDemuxer::read()( 4827): list smooth loop
06-03 13:56:21.071 I/virtual StreamInfo FFDemuxer::getVideoStreamInfo()( 4827): video width: 1920 video height: 1080 video pixelFormat: 0 fps: 30
06-03 13:56:21.071 D/virtual Data FFDemuxer::read()( 4827): open next url: /data/user/0/com.dangbei.lerad.screensaver/files/download/61/city_2.mp4
06-03 13:56:21.440 I/VDA ( 509): [0##31]"ServiceDeviceTask INs=721/728, OUTs=718/722"" {IN=7/8, OUT=9/13[kAtAccelerator(0) kAtDevice(4) kAtClient(9)]}"
06-03 13:56:21.686 I/resolv ( 491): GetAddrInfoHandler::run: {100 100 100 983140 10044 0}
06-03 13:56:21.687 I/resolv ( 491): res_nmkquery: (QUERY, IN, A)
06-03 13:56:21.688 I/resolv ( 491): resolv_cache_lookup: FOUND IN CACHE entry=0xec7c31f0
06-03 13:56:21.688 I/resolv ( 491): doQuery: rcode=0, ancount=6, return value=488
06-03 13:56:21.689 D/TrafficStats( 2656): tagSocket(209) with statsTag=0xffffffff, statsUid=-1
06-03 13:56:22.469 I/VDA ( 509): [0##31]"ServiceDeviceTask INs=752/759, OUTs=749/753"" {IN=7/8, OUT=9/13[kAtAccelerator(0) kAtDevice(4) kAtClient(9)]}"
06-03 13:56:22.675 I/DebugUtil( 509): [0##31]in/out status {INS/OUTS=766(1)/754(0)}, pipeline status {IN=8/8, OUT=8/13[Component(0) Accelerator(5) Client(8)]}
06-03 13:56:23.014 I/WifiHAL ( 540): call wifi_get_link_stats handler
06-03 13:56:23.014 I/WifiHAL ( 540): Creating message to get link statistics; iface = 16
06-03 13:56:23.015 D/WifiHAL ( 540): error code -95 mapped to -3
06-03 13:56:23.016 E/WifiStaIfaceAidlImpl( 754): getLinkLayerStats failed with service-specific exception: android.os.ServiceSpecificException: (code 4)
06-03 13:56:23.536 I/VDA ( 509): [0##31]"ServiceDeviceTask INs=782/789, OUTs=779/784"" {IN=7/8, OUT=8/13[kAtAccelerator(0) kAtDevice(5) kAtClient(8)]}"
06-03 13:56:23.672 I/netd ( 491): setProcSysNet(4, 2, wlan0, retrans_time_ms, 1000) <0.22ms>
06-03 13:56:23.673 I/netd ( 491): setProcSysNet(4, 2, wlan0, ucast_solicit, 15) <0.14ms>
06-03 13:56:23.674 I/netd ( 491): setProcSysNet(6, 2, wlan0, retrans_time_ms, 1000) <0.17ms>
06-03 13:56:23.674 I/netd ( 491): setProcSysNet(6, 2, wlan0, ucast_solicit, 15) <0.13ms>
06-03 13:56:23.808 D/BufferPoolAccessor2.0( 4827): bufferpool2 0xe9d2ca88 : 8(12582912 size) total buffers - 8(12582912 size) used buffers - 0/9 (recycle/alloc) - 9/801 (fetch/transfer)
06-03 13:56:24.563 I/VDA ( 509): [0##31]"ServiceDeviceTask INs=814/821, OUTs=811/815"" {IN=7/8, OUT=9/13[kAtAccelerator(0) kAtDevice(4) kAtClient(9)]}"
06-03 13:56:25.496 I/virtual void MediaDecoder::run()( 4827): notify decode next url: /data/user/0/com.dangbei.lerad.screensaver/files/download/61/city_1.mp4
06-03 13:56:25.496 E/screen_saver2( 4827): onDecodeNextStream: 0
06-03 13:56:25.496 E/screen_saver2( 4827): 本地记录index和回调的不一致
06-03 13:56:25.499 D/AdManager( 4827): advertisementNum: 6
06-03 13:56:25.594 I/VDA ( 509): [0##31]"ServiceDeviceTask INs=844/851, OUTs=841/846"" {IN=7/8, OUT=8/13[kAtAccelerator(0) kAtDevice(5) kAtClient(8)]}"
06-03 13:56:26.023 I/WifiHAL ( 540): call wifi_get_link_stats handler
06-03 13:56:26.023 I/WifiHAL ( 540): Creating message to get link statistics; iface = 16
06-03 13:56:26.023 D/WifiHAL ( 540): error code -95 mapped to -3
06-03 13:56:26.024 E/WifiStaIfaceAidlImpl( 754): getLinkLayerStats failed with service-specific exception: android.os.ServiceSpecificException: (code 4)
06-03 13:56:26.625 I/VDA ( 509): [0##31]"ServiceDeviceTask INs=876/883, OUTs=874/878"" {IN=7/8, OUT=9/13[kAtAccelerator(0) kAtDevice(4) kAtClient(9)]}"
06-03 13:56:27.649 I/VDA ( 509): [0##31]"ServiceDeviceTask INs=905/912, OUTs=902/908"" {IN=7/8, OUT=7/13[kAtAccelerator(0) kAtDevice(6) kAtClient(7)]}"
06-03 13:56:27.675 I/DebugUtil( 509): [0##31]in/out status {INS/OUTS=914(1)/903(0)}, pipeline status {IN=8/8, OUT=8/13[Component(0) Accelerator(5) Client(8)]}
06-03 13:56:28.610 I/virtual Data FFDemuxer::read()( 4827): read frame ret: End of file latestReceivedTime: 184092 getTotalTimeMillis: 6666 is exit: 0
06-03 13:56:28.610 I/virtual Data FFDemuxer::read()( 4827): list smooth loop
06-03 13:56:28.616 I/virtual StreamInfo FFDemuxer::getVideoStreamInfo()( 4827): video width: 1920 video height: 1080 video pixelFormat: 0 fps: 30
06-03 13:56:28.616 D/virtual Data FFDemuxer::read()( 4827): open next url: /data/user/0/com.dangbei.lerad.screensaver/files/download/61/city_1.mp4
06-03 13:56:28.679 I/VDA ( 509): [0##31]"ServiceDeviceTask INs=938/945, OUTs=936/939"" {IN=7/8, OUT=10/13[kAtAccelerator(0) kAtDevice(3) kAtClient(10)]}"
06-03 13:56:28.986 D/BufferPoolAccessor2.0( 4827): bufferpool2 0xe9d2ca88 : 8(12582912 size) total buffers - 8(12582912 size) used buffers - 0/9 (recycle/alloc) - 9/955 (fetch/transfer)
06-03 13:56:29.027 I/WifiHAL ( 540): call wifi_get_link_stats handler
06-03 13:56:29.028 I/WifiHAL ( 540): Creating message to get link statistics; iface = 16
06-03 13:56:29.028 D/WifiHAL ( 540): error code -95 mapped to -3
06-03 13:56:29.028 E/WifiStaIfaceAidlImpl( 754): getLinkLayerStats failed with service-specific exception: android.os.ServiceSpecificException: (code 4)
06-03 13:56:29.708 I/VDA ( 509): [0##31]"ServiceDeviceTask INs=969/976, OUTs=967/970"" {IN=7/8, OUT=10/13[kAtAccelerator(0) kAtDevice(3) kAtClient(10)]}"
06-03 13:56:30.738 I/VDA ( 509): [0##31]"ServiceDeviceTask INs=1000/1007, OUTs=998/1001"" {IN=7/8, OUT=10/13[kAtAccelerator(0) kAtDevice(3) kAtClient(10)]}"
06-03 13:56:31.023 I/audio_hw_hal_alsamgr( 503): alsa format =0x1 delay frames =768 total frames=35907840
06-03 13:56:31.765 I/VDA ( 509): [0##31]"ServiceDeviceTask INs=1031/1038, OUTs=1029/1032"" {IN=7/8, OUT=10/13[kAtAccelerator(0) kAtDevice(3) kAtClient(10)]}"
06-03 13:56:32.035 I/WifiHAL ( 540): call wifi_get_link_stats handler
06-03 13:56:32.035 I/WifiHAL ( 540): Creating message to get link statistics; iface = 16
06-03 13:56:32.035 D/WifiHAL ( 540): error code -95 mapped to -3
06-03 13:56:32.035 E/WifiStaIfaceAidlImpl( 754): getLinkLayerStats failed with service-specific exception: android.os.ServiceSpecificException: (code 4)
06-03 13:56:32.676 I/DebugUtil( 509): [0##31]in/out status {INS/OUTS=1066(1)/1055(0)}, pipeline status {IN=8/8, OUT=10/13[Component(0) Accelerator(3) Client(10)]}
06-03 13:56:32.795 I/VDA ( 509): [0##31]"ServiceDeviceTask INs=1062/1069, OUTs=1059/1063"" {IN=7/8, OUT=9/13[kAtAccelerator(0) kAtDevice(4) kAtClient(9)]}"
06-03 13:56:32.971 I/virtual void MediaDecoder::run()( 4827): notify decode next url: /data/user/0/com.dangbei.lerad.screensaver/files/download/61/city_2.mp4
06-03 13:56:32.971 E/screen_saver2( 4827): onDecodeNextStream: 1
06-03 13:56:32.971 D/AdManager( 4827): advertisementNum: 5
06-03 13:56:33.858 I/VDA ( 509): [0##31]"ServiceDeviceTask INs=1092/1099, OUTs=1090/1094"" {IN=7/8, OUT=9/13[kAtAccelerator(0) kAtDevice(4) kAtClient(9)]}"
06-03 13:56:34.134 D/BufferPoolAccessor2.0( 4827): bufferpool2 0xe9d2ca88 : 8(12582912 size) total buffers - 8(12582912 size) used buffers - 0/9 (recycle/alloc) - 9/1111 (fetch/transfer)
06-03 13:56:34.522 D/bbb ( 2173): onStartCommand begin !!!!!!! data分区剩余 54618MB
06-03 13:56:34.886 I/VDA ( 509): [0##31]"ServiceDeviceTask INs=1124/1131, OUTs=1121/1125"" {IN=7/8, OUT=9/13[kAtAccelerator(0) kAtDevice(4) kAtClient(9)]}"
06-03 13:56:35.041 I/WifiHAL ( 540): call wifi_get_link_stats handler
06-03 13:56:35.041 I/WifiHAL ( 540): Creating message to get link statistics; iface = 16
06-03 13:56:35.041 D/WifiHAL ( 540): error code -95 mapped to -3
06-03 13:56:35.042 E/WifiStaIfaceAidlImpl( 754): getLinkLayerStats failed with service-specific exception: android.os.ServiceSpecificException: (code 4)
06-03 13:56:35.200 I/virtual Data FFDemuxer::read()( 4827): read frame ret: End of file latestReceivedTime: 191591 getTotalTimeMillis: 7500 is exit: 0
06-03 13:56:35.200 I/virtual Data FFDemuxer::read()( 4827): list smooth loop
06-03 13:56:35.206 I/virtual StreamInfo FFDemuxer::getVideoStreamInfo()( 4827): video width: 1920 video height: 1080 video pixelFormat: 0 fps: 30
06-03 13:56:35.207 D/virtual Data FFDemuxer::read()( 4827): open next url: /data/user/0/com.dangbei.lerad.screensaver/files/download/61/city_2.mp4
06-03 13:56:35.448 D/nStackXCoAP( 2829): IsInSameNetwork:[276] :IsInSameNetwork exec
06-03 13:56:35.448 I/nStackXDFinder( 2829): GetLocalInterfaceDetail:[461] :GetLocalInterfaceDetail in
06-03 13:56:35.448 E/nStackXCoAP( 2829): IsInSameNetwork:[281] :IsInSameNetwork: not priority process
06-03 13:56:35.448 D/nStackXCoAP( 2829): ParseServiceDiscover:[330] :new device join
06-03 13:56:35.448 E/nStackXDFinder( 2829): GetLocalIp:[401] :GetLocalIp exec
06-03 13:56:35.465 D/nStackXCoAP( 2829): CoapMessageHandler:[133] :2.01
06-03 13:56:35.593 D/nStackXCoAP( 2829): IsInSameNetwork:[276] :IsInSameNetwork exec
06-03 13:56:35.594 I/nStackXDFinder( 2829): GetLocalInterfaceDetail:[461] :GetLocalInterfaceDetail in
06-03 13:56:35.594 E/nStackXCoAP( 2829): IsInSameNetwork:[281] :IsInSameNetwork: not priority process
06-03 13:56:35.594 D/nStackXCoAP( 2829): ParseServiceDiscover:[330] :new device join
06-03 13:56:35.594 E/nStackXDFinder( 2829): GetLocalIp:[401] :GetLocalIp exec
06-03 13:56:35.675 D/nStackXCoAP( 2829): CoapMessageHandler:[133] :2.01
06-03 13:56:35.756 D/nStackXCoAP( 2829): IsInSameNetwork:[276] :IsInSameNetwork exec
06-03 13:56:35.756 I/nStackXDFinder( 2829): GetLocalInterfaceDetail:[461] :GetLocalInterfaceDetail in
06-03 13:56:35.756 E/nStackXCoAP( 2829): IsInSameNetwork:[281] :IsInSameNetwork: not priority process
06-03 13:56:35.757 D/nStackXCoAP( 2829): ParseServiceDiscover:[330] :new device join
06-03 13:56:35.757 E/nStackXDFinder( 2829): GetLocalIp:[401] :GetLocalIp exec
06-03 13:56:35.791 D/nStackXCoAP( 2829): CoapMessageHandler:[133] :2.01
06-03 13:56:35.881 D/nStackXCoAP( 2829): IsInSameNetwork:[276] :IsInSameNetwork exec
06-03 13:56:35.881 I/nStackXDFinder( 2829): GetLocalInterfaceDetail:[461] :GetLocalInterfaceDetail in
06-03 13:56:35.881 E/nStackXCoAP( 2829): IsInSameNetwork:[281] :IsInSameNetwork: not priority process
06-03 13:56:35.881 D/nStackXCoAP( 2829): ParseServiceDiscover:[330] :new device join
06-03 13:56:35.883 E/nStackXDFinder( 2829): GetLocalIp:[401] :GetLocalIp exec
06-03 13:56:35.905 D/nStackXCoAP( 2829): CoapMessageHandler:[133] :2.01
06-03 13:56:35.919 I/VDA ( 509): [0##31]"ServiceDeviceTask INs=1155/1162, OUTs=1153/1156"" {IN=7/8, OUT=10/13[kAtAccelerator(0) kAtDevice(3) kAtClient(10)]}"
06-03 13:56:35.961 D/nStackXCoAP( 2829): IsInSameNetwork:[276] :IsInSameNetwork exec
06-03 13:56:35.961 I/nStackXDFinder( 2829): GetLocalInterfaceDetail:[461] :GetLocalInterfaceDetail in
06-03 13:56:35.961 E/nStackXCoAP( 2829): IsInSameNetwork:[281] :IsInSameNetwork: not priority process
06-03 13:56:35.961 D/nStackXCoAP( 2829): ParseServiceDiscover:[330] :new device join
06-03 13:56:35.961 E/nStackXDFinder( 2829): GetLocalIp:[401] :GetLocalIp exec
06-03 13:56:35.977 D/nStackXCoAP( 2829): CoapMessageHandler:[133] :2.01
06-03 13:56:36.151 D/nStackXCoAP( 2829): IsInSameNetwork:[276] :IsInSameNetwork exec
06-03 13:56:36.151 I/nStackXDFinder( 2829): GetLocalInterfaceDetail:[461] :GetLocalInterfaceDetail in
06-03 13:56:36.151 E/nStackXCoAP( 2829): IsInSameNetwork:[281] :IsInSameNetwork: not priority process
06-03 13:56:36.151 D/nStackXCoAP( 2829): ParseServiceDiscover:[330] :new device join
06-03 13:56:36.151 E/nStackXDFinder( 2829): GetLocalIp:[401] :GetLocalIp exec
06-03 13:56:36.167 D/nStackXCoAP( 2829): CoapMessageHandler:[133] :2.01
06-03 13:56:36.293 D/nStackXCoAP( 2829): IsInSameNetwork:[276] :IsInSameNetwork exec
06-03 13:56:36.293 I/nStackXDFinder( 2829): GetLocalInterfaceDetail:[461] :GetLocalInterfaceDetail in
06-03 13:56:36.293 E/nStackXCoAP( 2829): IsInSameNetwork:[281] :IsInSameNetwork: not priority process
06-03 13:56:36.293 D/nStackXCoAP( 2829): ParseServiceDiscover:[330] :new device join
06-03 13:56:36.293 E/nStackXDFinder( 2829): GetLocalIp:[401] :GetLocalIp exec
06-03 13:56:36.305 D/nStackXCoAP( 2829): CoapMessageHandler:[133] :2.01
06-03 13:56:36.468 D/nStackXCoAP( 2829): IsInSameNetwork:[276] :IsInSameNetwork exec
06-03 13:56:36.469 I/nStackXDFinder( 2829): GetLocalInterfaceDetail:[461] :GetLocalInterfaceDetail in
06-03 13:56:36.469 E/nStackXCoAP( 2829): IsInSameNetwork:[281] :IsInSameNetwork: not priority process
06-03 13:56:36.469 D/nStackXCoAP( 2829): ParseServiceDiscover:[330] :new device join
06-03 13:56:36.469 E/nStackXDFinder( 2829): GetLocalIp:[401] :GetLocalIp exec
06-03 13:56:36.481 D/nStackXCoAP( 2829): CoapMessageHandler:[133] :2.01
06-03 13:56:36.608 D/nStackXCoAP( 2829): IsInSameNetwork:[276] :IsInSameNetwork exec
06-03 13:56:36.608 I/nStackXDFinder( 2829): GetLocalInterfaceDetail:[461] :GetLocalInterfaceDetail in
06-03 13:56:36.608 E/nStackXCoAP( 2829): IsInSameNetwork:[281] :IsInSameNetwork: not priority process
06-03 13:56:36.608 D/nStackXCoAP( 2829): ParseServiceDiscover:[330] :new device join
06-03 13:56:36.609 E/nStackXDFinder( 2829): GetLocalIp:[401] :GetLocalIp exec
06-03 13:56:36.642 D/nStackXCoAP( 2829): CoapMessageHandler:[133] :2.01
06-03 13:56:36.688 D/nStackXCoAP( 2829): IsInSameNetwork:[276] :IsInSameNetwork exec
06-03 13:56:36.688 I/nStackXDFinder( 2829): GetLocalInterfaceDetail:[461] :GetLocalInterfaceDetail in
06-03 13:56:36.688 E/nStackXCoAP( 2829): IsInSameNetwork:[281] :IsInSameNetwork: not priority process
06-03 13:56:36.688 D/nStackXCoAP( 2829): ParseServiceDiscover:[330] :new device join
06-03 13:56:36.688 E/nStackXDFinder( 2829): GetLocalIp:[401] :GetLocalIp exec
06-03 13:56:36.699 D/nStackXCoAP( 2829): CoapMessageHandler:[133] :2.01
06-03 13:56:36.879 D/nStackXCoAP( 2829): IsInSameNetwork:[276] :IsInSameNetwork exec
06-03 13:56:36.879 I/nStackXDFinder( 2829): GetLocalInterfaceDetail:[461] :GetLocalInterfaceDetail in
06-03 13:56:36.879 E/nStackXCoAP( 2829): IsInSameNetwork:[281] :IsInSameNetwork: not priority process
06-03 13:56:36.879 D/nStackXCoAP( 2829): ParseServiceDiscover:[330] :new device join
06-03 13:56:36.879 E/nStackXDFinder( 2829): GetLocalIp:[401] :GetLocalIp exec
06-03 13:56:36.940 D/nStackXCoAP( 2829): CoapMessageHandler:[133] :2.01
06-03 13:56:36.951 I/VDA ( 509): [0##31]"ServiceDeviceTask INs=1185/1192, OUTs=1183/1187"" {IN=7/8, OUT=9/13[kAtAccelerator(0) kAtDevice(4) kAtClient(9)]}"
05-31 21:00:53.846 W/ ( 0): [1 T1197 ..] [SP FRAME TX] arp req,vif_idx:0 sender:[1c:79:2d:20:62:cb 192.168.3.4]receiver:[00:00:00:00:00:00 192.168.3.7]
05-31 21:00:53.849 W/ ( 0): [1 T1197 ..] [SP FRAME RX] arp rsp,vif_idx:0 sender:[b4:2f:03:15:e9:08 192.168.3.7]receiver:[1c:79:2d:20:62:cb 192.168.3.4]
06-03 13:56:37.116 E/dangbei111( 1907): cccccc 检查遥控器是否连接: Dangbei E4:BB:D3:57:C0:22
06-03 13:56:37.119 E/dangbei111( 1907): cccccc 检查遥控器是否连接: 蓝牙的结果 Dangbei E4:BB:D3:57:C0:22 true
06-03 13:56:37.120 E/dangbei111( 1907): cccccc 确实有遥控器 存在
06-03 13:56:37.120 E/dangbei111( 1907): cccccc rc is connected, stop scan =E4:BB:D3:57:C0:22
06-03 13:56:37.320 D/nStackXCoAP( 2829): IsInSameNetwork:[276] :IsInSameNetwork exec
06-03 13:56:37.320 I/nStackXDFinder( 2829): GetLocalInterfaceDetail:[461] :GetLocalInterfaceDetail in
06-03 13:56:37.320 E/nStackXCoAP( 2829): IsInSameNetwork:[281] :IsInSameNetwork: not priority process
06-03 13:56:37.320 D/nStackXCoAP( 2829): ParseServiceDiscover:[330] :new device join
06-03 13:56:37.320 E/nStackXDFinder( 2829): GetLocalIp:[401] :GetLocalIp exec
06-03 13:56:37.330 D/nStackXCoAP( 2829): CoapMessageHandler:[133] :2.01
06-03 13:56:37.448 D/nStackXCoAP( 2829): IsInSameNetwork:[276] :IsInSameNetwork exec
06-03 13:56:37.448 I/nStackXDFinder( 2829): GetLocalInterfaceDetail:[461] :GetLocalInterfaceDetail in
06-03 13:56:37.448 E/nStackXCoAP( 2829): IsInSameNetwork:[281] :IsInSameNetwork: not priority process
06-03 13:56:37.448 D/nStackXCoAP( 2829): ParseServiceDiscover:[330] :new device join
06-03 13:56:37.448 E/nStackXDFinder( 2829): GetLocalIp:[401] :GetLocalIp exec
06-03 13:56:37.505 D/nStackXCoAP( 2829): CoapMessageHandler:[133] :2.01
06-03 13:56:37.596 D/nStackXCoAP( 2829): IsInSameNetwork:[276] :IsInSameNetwork exec
06-03 13:56:37.596 I/nStackXDFinder( 2829): GetLocalInterfaceDetail:[461] :GetLocalInterfaceDetail in
06-03 13:56:37.596 E/nStackXCoAP( 2829): IsInSameNetwork:[281] :IsInSameNetwork: not priority process
06-03 13:56:37.596 D/nStackXCoAP( 2829): ParseServiceDiscover:[330] :new device join
06-03 13:56:37.596 E/nStackXDFinder( 2829): GetLocalIp:[401] :GetLocalIp exec
06-03 13:56:37.620 D/nStackXCoAP( 2829): CoapMessageHandler:[133] :2.01
06-03 13:56:37.676 I/DebugUtil( 509): [0##31]in/out status {INS/OUTS=1216(1)/1205(0)}, pipeline status {IN=8/8, OUT=9/13[Component(0) Accelerator(4) Client(9)]}
06-03 13:56:37.702 D/nStackXCoAP( 2829): IsInSameNetwork:[276] :IsInSameNetwork exec
06-03 13:56:37.702 I/nStackXDFinder( 2829): GetLocalInterfaceDetail:[461] :GetLocalInterfaceDetail in
06-03 13:56:37.702 E/nStackXCoAP( 2829): IsInSameNetwork:[281] :IsInSameNetwork: not priority process
06-03 13:56:37.702 D/nStackXCoAP( 2829): ParseServiceDiscover:[330] :new device join
06-03 13:56:37.702 E/nStackXDFinder( 2829): GetLocalIp:[401] :GetLocalIp exec
05-31 21:00:54.651 W/ ( 0): [1 T0 .s] [SP FRAME TX] arp req,vif_idx:0 sender:[1c:79:2d:20:62:cb 192.168.3.4]receiver:[00:00:00:00:00:00 192.168.3.1]
05-31 21:00:54.664 W/ ( 0): [1 T1197 ..] [SP FRAME RX] arp rsp,vif_idx:0 sender:[70:3a:a6:36:a8:d7 192.168.3.1]receiver:[1c:79:2d:20:62:cb 192.168.3.4]
06-03 13:56:37.767 I/netd ( 491): setProcSysNet(4, 2, wlan0, retrans_time_ms, 1000) <0.15ms>
06-03 13:56:37.768 D/nStackXCoAP( 2829): CoapMessageHandler:[133] :2.01
06-03 13:56:37.768 I/netd ( 491): setProcSysNet(4, 2, wlan0, ucast_solicit, 15) <0.12ms>
06-03 13:56:37.769 I/netd ( 491): setProcSysNet(6, 2, wlan0, retrans_time_ms, 1000) <0.23ms>
06-03 13:56:37.769 I/netd ( 491): setProcSysNet(6, 2, wlan0, ucast_solicit, 15) <0.18ms>
06-03 13:56:37.897 D/nStackXCoAP( 2829): IsInSameNetwork:[276] :IsInSameNetwork exec
06-03 13:56:37.897 I/nStackXDFinder( 2829): GetLocalInterfaceDetail:[461] :GetLocalInterfaceDetail in
06-03 13:56:37.897 E/nStackXCoAP( 2829): IsInSameNetwork:[281] :IsInSameNetwork: not priority process
06-03 13:56:37.897 D/nStackXCoAP( 2829): ParseServiceDiscover:[330] :new device join
06-03 13:56:37.897 E/nStackXDFinder( 2829): GetLocalIp:[401] :GetLocalIp exec
06-03 13:56:37.970 D/nStackXCoAP( 2829): CoapMessageHandler:[133] :2.01
06-03 13:56:37.978 I/VDA ( 509): [0##31]"ServiceDeviceTask INs=1217/1224, OUTs=1214/1218"" {IN=7/8, OUT=9/13[kAtAccelerator(0) kAtDevice(4) kAtClient(9)]}"
06-03 13:56:38.015 D/nStackXCoAP( 2829): IsInSameNetwork:[276] :IsInSameNetwork exec
06-03 13:56:38.015 I/nStackXDFinder( 2829): GetLocalInterfaceDetail:[461] :GetLocalInterfaceDetail in
06-03 13:56:38.015 E/nStackXCoAP( 2829): IsInSameNetwork:[281] :IsInSameNetwork: not priority process
06-03 13:56:38.015 D/nStackXCoAP( 2829): ParseServiceDiscover:[330] :new device join
06-03 13:56:38.015 E/nStackXDFinder( 2829): GetLocalIp:[401] :GetLocalIp exec
06-03 13:56:38.049 I/WifiHAL ( 540): call wifi_get_link_stats handler
06-03 13:56:38.049 I/WifiHAL ( 540): Creating message to get link statistics; iface = 16
06-03 13:56:38.049 D/WifiHAL ( 540): error code -95 mapped to -3
06-03 13:56:38.050 E/WifiStaIfaceAidlImpl( 754): getLinkLayerStats failed with service-specific exception: android.os.ServiceSpecificException: (code 4)
06-03 13:56:38.105 D/nStackXCoAP( 2829): IsInSameNetwork:[276] :IsInSameNetwork exec
06-03 13:56:38.105 I/nStackXDFinder( 2829): GetLocalInterfaceDetail:[461] :GetLocalInterfaceDetail in
06-03 13:56:38.105 E/nStackXCoAP( 2829): IsInSameNetwork:[281] :IsInSameNetwork: not priority process
06-03 13:56:38.105 D/nStackXCoAP( 2829): ParseServiceDiscover:[330] :new device join
06-03 13:56:38.105 E/nStackXDFinder( 2829): GetLocalIp:[401] :GetLocalIp exec
06-03 13:56:38.157 D/nStackXCoAP( 2829): CoapMessageHandler:[133] :2.01
06-03 13:56:38.370 D/nStackXCoAP( 2829): CoapMessageHandler:[133] :2.01
06-03 13:56:38.405 D/nStackXCoAP( 2829): IsInSameNetwork:[276] :IsInSameNetwork exec
06-03 13:56:38.405 I/nStackXDFinder( 2829): GetLocalInterfaceDetail:[461] :GetLocalInterfaceDetail in
06-03 13:56:38.405 E/nStackXCoAP( 2829): IsInSameNetwork:[281] :IsInSameNetwork: not priority process
06-03 13:56:38.405 D/nStackXCoAP( 2829): ParseServiceDiscover:[330] :new device join
06-03 13:56:38.405 E/nStackXDFinder( 2829): GetLocalIp:[401] :GetLocalIp exec
06-03 13:56:38.407 D/nStackXCoAP( 2829): IsInSameNetwork:[276] :IsInSameNetwork exec
06-03 13:56:38.407 I/nStackXDFinder( 2829): GetLocalInterfaceDetail:[461] :GetLocalInterfaceDetail in
06-03 13:56:38.407 E/nStackXCoAP( 2829): IsInSameNetwork:[281] :IsInSameNetwork: not priority process
06-03 13:56:38.407 D/nStackXCoAP( 2829): ParseServiceDiscover:[330] :new device join
06-03 13:56:38.407 E/nStackXDFinder( 2829): GetLocalIp:[401] :GetLocalIp exec
06-03 13:56:38.411 D/nStackXCoAP( 2829): CoapMessageHandler:[133] :2.01
06-03 13:56:38.415 D/nStackXCoAP( 2829): CoapMessageHandler:[133] :2.01
06-03 13:56:38.816 D/nStackXCoAP( 2829): IsInSameNetwork:[276] :IsInSameNetwork exec
06-03 13:56:38.816 I/nStackXDFinder( 2829): GetLocalInterfaceDetail:[461] :GetLocalInterfaceDetail in
06-03 13:56:38.816 E/nStackXCoAP( 2829): IsInSameNetwork:[281] :IsInSameNetwork: not priority process
06-03 13:56:38.816 D/nStackXCoAP( 2829): ParseServiceDiscover:[330] :new device join
06-03 13:56:38.816 E/nStackXDFinder( 2829): GetLocalIp:[401] :GetLocalIp exec
06-03 13:56:38.818 D/nStackXCoAP( 2829): IsInSameNetwork:[276] :IsInSameNetwork exec
06-03 13:56:38.818 I/nStackXDFinder( 2829): GetLocalInterfaceDetail:[461] :GetLocalInterfaceDetail in
06-03 13:56:38.818 E/nStackXCoAP( 2829): IsInSameNetwork:[281] :IsInSameNetwork: not priority process
06-03 13:56:38.818 D/nStackXCoAP( 2829): ParseServiceDiscover:[330] :new device join
06-03 13:56:38.818 E/nStackXDFinder( 2829): GetLocalIp:[401] :GetLocalIp exec
06-03 13:56:38.820 D/nStackXCoAP( 2829): IsInSameNetwork:[276] :IsInSameNetwork exec
06-03 13:56:38.820 I/nStackXDFinder( 2829): GetLocalInterfaceDetail:[461] :GetLocalInterfaceDetail in
06-03 13:56:38.820 E/nStackXCoAP( 2829): IsInSameNetwork:[281] :IsInSameNetwork: not priority process
06-03 13:56:38.820 D/nStackXCoAP( 2829): ParseServiceDiscover:[330] :new device join
06-03 13:56:38.820 E/nStackXDFinder( 2829): GetLocalIp:[401] :GetLocalIp exec
06-03 13:56:38.847 D/nStackXCoAP( 2829): CoapMessageHandler:[133] :2.01
06-03 13:56:38.847 D/nStackXCoAP( 2829): CoapMessageHandler:[133] :2.01
06-03 13:56:38.847 D/nStackXCoAP( 2829): CoapMessageHandler:[133] :2.01
06-03 13:56:38.928 D/nStackXCoAP( 2829): IsInSameNetwork:[276] :IsInSameNetwork exec
06-03 13:56:38.928 I/nStackXDFinder( 2829): GetLocalInterfaceDetail:[461] :GetLocalInterfaceDetail in
06-03 13:56:38.928 E/nStackXCoAP( 2829): IsInSameNetwork:[281] :IsInSameNetwork: not priority process
06-03 13:56:38.928 D/nStackXCoAP( 2829): ParseServiceDiscover:[330] :new device join
06-03 13:56:38.928 E/nStackXDFinder( 2829): GetLocalIp:[401] :GetLocalIp exec
06-03 13:56:38.983 D/nStackXCoAP( 2829): CoapMessageHandler:[133] :2.01
06-03 13:56:39.007 I/VDA ( 509): [0##31]"ServiceDeviceTask INs=1248/1255, OUTs=1246/1249"" {IN=7/8, OUT=10/13[kAtAccelerator(0) kAtDevice(3) kAtClient(10)]}"
06-03 13:56:39.282 D/BufferPoolAccessor2.0( 4827): bufferpool2 0xe9d2ca88 : 8(12582912 size) total buffers - 8(12582912 size) used buffers - 0/9 (recycle/alloc) - 9/1265 (fetch/transfer)
06-03 13:56:39.430 D/nStackXCoAP( 2829): IsInSameNetwork:[276] :IsInSameNetwork exec
06-03 13:56:39.430 I/nStackXDFinder( 2829): GetLocalInterfaceDetail:[461] :GetLocalInterfaceDetail in
06-03 13:56:39.430 E/nStackXCoAP( 2829): IsInSameNetwork:[281] :IsInSameNetwork: not priority process
06-03 13:56:39.430 D/nStackXCoAP( 2829): ParseServiceDiscover:[330] :new device join
06-03 13:56:39.430 E/nStackXDFinder( 2829): GetLocalIp:[401] :GetLocalIp exec
06-03 13:56:39.459 D/nStackXCoAP( 2829): CoapMessageHandler:[133] :2.01
06-03 13:56:39.534 D/nStackXCoAP( 2829): IsInSameNetwork:[276] :IsInSameNetwork exec
06-03 13:56:39.534 I/nStackXDFinder( 2829): GetLocalInterfaceDetail:[461] :GetLocalInterfaceDetail in
06-03 13:56:39.534 E/nStackXCoAP( 2829): IsInSameNetwork:[281] :IsInSameNetwork: not priority process
06-03 13:56:39.534 D/nStackXCoAP( 2829): ParseServiceDiscover:[330] :new device join
06-03 13:56:39.534 E/nStackXDFinder( 2829): GetLocalIp:[401] :GetLocalIp exec
06-03 13:56:39.644 D/nStackXCoAP( 2829): IsInSameNetwork:[276] :IsInSameNetwork exec
06-03 13:56:39.644 I/nStackXDFinder( 2829): GetLocalInterfaceDetail:[461] :GetLocalInterfaceDetail in
06-03 13:56:39.644 E/nStackXCoAP( 2829): IsInSameNetwork:[281] :IsInSameNetwork: not priority process
06-03 13:56:39.644 D/nStackXCoAP( 2829): ParseServiceDiscover:[330] :new device join
06-03 13:56:39.645 E/nStackXDFinder( 2829): GetLocalIp:[401] :GetLocalIp exec
06-03 13:56:39.666 I/virtual void MediaDecoder::run()( 4827): notify decode next url: /data/user/0/com.dangbei.lerad.screensaver/files/download/61/city_1.mp4
06-03 13:56:39.666 E/screen_saver2( 4827): onDecodeNextStream: 0
06-03 13:56:39.666 E/screen_saver2( 4827): 本地记录index和回调的不一致
06-03 13:56:39.666 D/AdManager( 4827): advertisementNum: 4
06-03 13:56:39.812 D/nStackXCoAP( 2829): CoapMessageHandler:[133] :2.01
06-03 13:56:39.812 D/nStackXCoAP( 2829): CoapMessageHandler:[133] :2.01
06-03 13:56:39.851 D/nStackXCoAP( 2829): IsInSameNetwork:[276] :IsInSameNetwork exec
06-03 13:56:39.851 I/nStackXDFinder( 2829): GetLocalInterfaceDetail:[461] :GetLocalInterfaceDetail in
06-03 13:56:39.851 E/nStackXCoAP( 2829): IsInSameNetwork:[281] :IsInSameNetwork: not priority process
06-03 13:56:39.851 D/nStackXCoAP( 2829): ParseServiceDiscover:[330] :new device join
06-03 13:56:39.851 E/nStackXDFinder( 2829): GetLocalIp:[401] :GetLocalIp exec
06-03 13:56:39.905 D/nStackXCoAP( 2829): CoapMessageHandler:[133] :2.01
06-03 13:56:39.966 D/nStackXCoAP( 2829): IsInSameNetwork:[276] :IsInSameNetwork exec
06-03 13:56:39.966 I/nStackXDFinder( 2829): GetLocalInterfaceDetail:[461] :GetLocalInterfaceDetail in
06-03 13:56:39.966 E/nStackXCoAP( 2829): IsInSameNetwork:[281] :IsInSameNetwork: not priority process
06-03 13:56:39.966 D/nStackXCoAP( 2829): ParseServiceDiscover:[330] :new device join
06-03 13:56:39.966 E/nStackXDFinder( 2829): GetLocalIp:[401] :GetLocalIp exec
06-03 13:56:39.996 D/nStackXCoAP( 2829): CoapMessageHandler:[133] :2.01
06-03 13:56:40.039 I/VDA ( 509): [0##31]"ServiceDeviceTask INs=1279/1286, OUTs=1276/1280"" {IN=7/8, OUT=9/13[kAtAccelerator(0) kAtDevice(4) kAtClient(9)]}"
06-03 13:56:40.152 D/nStackXCoAP( 2829): IsInSameNetwork:[276] :IsInSameNetwork exec
06-03 13:56:40.152 I/nStackXDFinder( 2829): GetLocalInterfaceDetail:[461] :GetLocalInterfaceDetail in
06-03 13:56:40.152 E/nStackXCoAP( 2829): IsInSameNetwork:[281] :IsInSameNetwork: not priority process
06-03 13:56:40.152 D/nStackXCoAP( 2829): ParseServiceDiscover:[330] :new device join
06-03 13:56:40.152 E/nStackXDFinder( 2829): GetLocalIp:[401] :GetLocalIp exec
06-03 13:56:40.420 D/nStackXCoAP( 2829): CoapMessageHandler:[133] :2.01
05-31 21:00:57.371 W/ ( 0): [1 T1197 ..] [SP FRAME RX] arp req,vif_idx:0 sender:[a2:e3:8f:e4:ff:46 192.168.3.207]receiver:[00:00:00:00:00:00 192.168.3.4]
05-31 21:00:57.372 W/ ( 0): [1 T1197 ..] [SP FRAME TX] arp rsp,vif_idx:0 sender:[1c:79:2d:20:62:cb 192.168.3.4]receiver:[a2:e3:8f:e4:ff:46 192.168.3.207]
05-31 21:00:57.467 W/ ( 0): [1 T1057 .s] [SP FRAME TX] arp req,vif_idx:0 sender:[1c:79:2d:20:62:cb 192.168.3.4]receiver:[00:00:00:00:00:00 192.168.3.207]
05-31 21:00:57.607 W/ ( 0): [1 T1197 ..] [SP FRAME RX] arp rsp,vif_idx:0 sender:[a2:e3:8f:e4:ff:46 192.168.3.207]receiver:[1c:79:2d:20:62:cb 192.168.3.4]
06-03 13:56:41.055 I/WifiHAL ( 540): call wifi_get_link_stats handler
06-03 13:56:41.056 I/WifiHAL ( 540): Creating message to get link statistics; iface = 16
06-03 13:56:41.056 D/WifiHAL ( 540): error code -95 mapped to -3
06-03 13:56:41.056 E/WifiStaIfaceAidlImpl( 754): getLinkLayerStats failed with service-specific exception: android.os.ServiceSpecificException: (code 4)
06-03 13:56:41.103 I/VDA ( 509): [0##31]"ServiceDeviceTask INs=1310/1317, OUTs=1307/1312"" {IN=7/8, OUT=8/13[kAtAccelerator(0) kAtDevice(5) kAtClient(8)]}"
06-03 13:56:41.517 E/ccc ( 1907): cccccc sendCycleCheckBroadcast
