05-31 20:48:49.455 V/ActivityManagerTiming( 754): OnBootPhase_1000_com.android.server.searchui.SearchUiManagerService took to complete: 0ms
05-31 20:48:49.455 D/ActivityManagerTiming( 754): OnBootPhase_1000_com.android.server.smartspace.SmartspaceManagerService
05-31 20:48:49.455 V/ActivityManagerTiming( 754): OnBootPhase_1000_com.android.server.smartspace.SmartspaceManagerService took to complete: 0ms
05-31 20:48:49.455 D/ActivityManagerTiming( 754): OnBootPhase_1000_com.android.server.graphics.fonts.FontManagerService$Lifecycle
05-31 20:48:49.455 V/ActivityManagerTiming( 754): OnBootPhase_1000_com.android.server.graphics.fonts.FontManagerService$Lifecycle took to complete: 0ms
05-31 20:48:49.455 D/ActivityManagerTiming( 754): OnBootPhase_1000_com.android.server.textservices.TextServicesManagerService$Lifecycle
05-31 20:48:49.455 V/ActivityManagerTiming( 754): OnBootPhase_1000_com.android.server.textservices.TextServicesManagerService$Lifecycle took to complete: 0ms
05-31 20:48:49.455 D/ActivityManagerTiming( 754): OnBootPhase_1000_com.android.server.textclassifier.TextClassificationManagerService$Lifecycle
05-31 20:48:49.455 V/ActivityManagerTiming( 754): OnBootPhase_1000_com.android.server.textclassifier.TextClassificationManagerService$Lifecycle took to complete: 0ms
05-31 20:48:49.455 D/ActivityManagerTiming( 754): OnBootPhase_1000_com.android.server.NetworkScoreService$Lifecycle
05-31 20:48:49.455 V/ActivityManagerTiming( 754): OnBootPhase_1000_com.android.server.NetworkScoreService$Lifecycle took to complete: 0ms
05-31 20:48:49.455 D/ActivityManagerTiming( 754): OnBootPhase_1000_com.android.server.NetworkStatsServiceInitializer
05-31 20:48:49.455 V/ActivityManagerTiming( 754): OnBootPhase_1000_com.android.server.NetworkStatsServiceInitializer took to complete: 0ms
05-31 20:48:49.455 D/ActivityManagerTiming( 754): OnBootPhase_1000_com.android.server.wifi.WifiService
05-31 20:48:49.456 V/ActivityManagerTiming( 754): OnBootPhase_1000_com.android.server.wifi.WifiService took to complete: 1ms
05-31 20:48:49.456 D/ActivityManagerTiming( 754): OnBootPhase_1000_com.android.server.wifi.scanner.WifiScanningService
05-31 20:48:49.456 V/ActivityManagerTiming( 754): OnBootPhase_1000_com.android.server.wifi.scanner.WifiScanningService took to complete: 0ms
05-31 20:48:49.456 D/ActivityManagerTiming( 754): OnBootPhase_1000_com.android.server.wifi.p2p.WifiP2pService
05-31 20:48:49.456 V/ActivityManagerTiming( 754): OnBootPhase_1000_com.android.server.wifi.p2p.WifiP2pService took to complete: 0ms
05-31 20:48:49.456 D/ActivityManagerTiming( 754): OnBootPhase_1000_com.android.server.ConnectivityServiceInitializer
05-31 20:48:49.458 V/ActivityManagerTiming( 754): OnBootPhase_1000_com.android.server.ConnectivityServiceInitializer took to complete: 2ms
05-31 20:48:49.458 D/ActivityManagerTiming( 754): OnBootPhase_1000_com.android.server.notification.NotificationManagerService
05-31 20:48:49.458 V/ActivityManagerTiming( 754): OnBootPhase_1000_com.android.server.notification.NotificationManagerService took to complete: 0ms
05-31 20:48:49.458 D/ActivityManagerTiming( 754): OnBootPhase_1000_com.android.server.storage.DeviceStorageMonitorService
05-31 20:48:49.458 V/ActivityManagerTiming( 754): OnBootPhase_1000_com.android.server.storage.DeviceStorageMonitorService took to complete: 0ms
05-31 20:48:49.458 D/ActivityManagerTiming( 754): OnBootPhase_1000_com.android.server.timedetector.TimeDetectorService$Lifecycle
05-31 20:48:49.458 V/ActivityManagerTiming( 754): OnBootPhase_1000_com.android.server.timedetector.TimeDetectorService$Lifecycle took to complete: 0ms
05-31 20:48:49.458 D/ActivityManagerTiming( 754): OnBootPhase_1000_com.android.server.location.LocationManagerService$Lifecycle
05-31 20:48:49.458 V/ActivityManagerTiming( 754): OnBootPhase_1000_com.android.server.location.LocationManagerService$Lifecycle took to complete: 0ms
05-31 20:48:49.458 D/ActivityManagerTiming( 754): OnBootPhase_1000_com.android.server.timezonedetector.TimeZoneDetectorService$Lifecycle
05-31 20:48:49.458 V/ActivityManagerTiming( 754): OnBootPhase_1000_com.android.server.timezonedetector.TimeZoneDetectorService$Lifecycle took to complete: 0ms
05-31 20:48:49.458 D/ActivityManagerTiming( 754): OnBootPhase_1000_com.android.server.location.altitude.AltitudeService$Lifecycle
05-31 20:48:49.458 V/ActivityManagerTiming( 754): OnBootPhase_1000_com.android.server.location.altitude.AltitudeService$Lifecycle took to complete: 0ms
05-31 20:48:49.458 D/ActivityManagerTiming( 754): OnBootPhase_1000_com.android.server.timezonedetector.location.LocationTimeZoneManagerService$Lifecycle
05-31 20:48:49.458 V/ActivityManagerTiming( 754): OnBootPhase_1000_com.android.server.timezonedetector.location.LocationTimeZoneManagerService$Lifecycle took to complete: 0ms
05-31 20:48:49.459 D/ActivityManagerTiming( 754): OnBootPhase_1000_com.android.server.search.SearchManagerService$Lifecycle
05-31 20:48:49.459 V/ActivityManagerTiming( 754): OnBootPhase_1000_com.android.server.search.SearchManagerService$Lifecycle took to complete: 0ms
05-31 20:48:49.459 D/ActivityManagerTiming( 754): OnBootPhase_1000_com.android.server.wallpaper.WallpaperManagerService$Lifecycle
05-31 20:48:49.459 V/ActivityManagerTiming( 754): OnBootPhase_1000_com.android.server.wallpaper.WallpaperManagerService$Lifecycle took to complete: 0ms
05-31 20:48:49.459 D/ActivityManagerTiming( 754): OnBootPhase_1000_com.android.server.wallpapereffectsgeneration.WallpaperEffectsGenerationManagerService
05-31 20:48:49.459 V/ActivityManagerTiming( 754): OnBootPhase_1000_com.android.server.wallpapereffectsgeneration.WallpaperEffectsGenerationManagerService took to complete: 0ms
05-31 20:48:49.459 D/ActivityManagerTiming( 754): OnBootPhase_1000_com.android.server.audio.AudioService$Lifecycle
05-31 20:48:49.459 V/ActivityManagerTiming( 754): OnBootPhase_1000_com.android.server.audio.AudioService$Lifecycle took to complete: 0ms
05-31 20:48:49.459 D/ActivityManagerTiming( 754): OnBootPhase_1000_com.android.server.soundtrigger_middleware.SoundTriggerMiddlewareService$Lifecycle
05-31 20:48:49.459 V/ActivityManagerTiming( 754): OnBootPhase_1000_com.android.server.soundtrigger_middleware.SoundTriggerMiddlewareService$Lifecycle took to complete: 0ms
05-31 20:48:49.459 D/ActivityManagerTiming( 754): OnBootPhase_1000_com.android.server.adb.AdbService$Lifecycle
05-31 20:48:49.459 V/ActivityManagerTiming( 754): OnBootPhase_1000_com.android.server.adb.AdbService$Lifecycle took to complete: 0ms
05-31 20:48:49.459 D/ActivityManagerTiming( 754): OnBootPhase_1000_com.android.server.usb.UsbService$Lifecycle
05-31 20:48:49.459 V/ActivityManagerTiming( 754): OnBootPhase_1000_com.android.server.usb.UsbService$Lifecycle took to complete: 0ms
05-31 20:48:49.460 D/ActivityManagerTiming( 754): OnBootPhase_1000_com.android.server.twilight.TwilightService
05-31 20:48:49.462 V/ActivityManagerTiming( 754): OnBootPhase_1000_com.android.server.twilight.TwilightService took to complete: 2ms
05-31 20:48:49.462 D/ActivityManagerTiming( 754): OnBootPhase_1000_com.android.server.display.color.ColorDisplayService
05-31 20:48:49.462 V/ActivityManagerTiming( 754): OnBootPhase_1000_com.android.server.display.color.ColorDisplayService took to complete: 0ms
05-31 20:48:49.462 D/ActivityManagerTiming( 754): OnBootPhase_1000_com.android.server.job.JobSchedulerService
05-31 20:48:49.462 V/ActivityManagerTiming( 754): OnBootPhase_1000_com.android.server.job.JobSchedulerService took to complete: 0ms
05-31 20:48:49.462 D/ActivityManagerTiming( 754): OnBootPhase_1000_com.android.server.soundtrigger.SoundTriggerService
05-31 20:48:49.463 D/SoundTriggerService( 754): onBootPhase: 1000 : false
05-31 20:48:49.463 V/ActivityManagerTiming( 754): OnBootPhase_1000_com.android.server.soundtrigger.SoundTriggerService took to complete: 0ms
05-31 20:48:49.463 D/ActivityManagerTiming( 754): OnBootPhase_1000_com.android.server.trust.TrustManagerService
05-31 20:48:49.464 V/ActivityManagerTiming( 754): OnBootPhase_1000_com.android.server.trust.TrustManagerService took to complete: 1ms
05-31 20:48:49.464 D/ActivityManagerTiming( 754): OnBootPhase_1000_com.android.server.backup.BackupManagerService$Lifecycle
05-31 20:48:49.464 V/ActivityManagerTiming( 754): OnBootPhase_1000_com.android.server.backup.BackupManagerService$Lifecycle took to complete: 0ms
05-31 20:48:49.464 D/ActivityManagerTiming( 754): OnBootPhase_1000_com.android.server.appwidget.AppWidgetService
05-31 20:48:49.464 V/ActivityManagerTiming( 754): OnBootPhase_1000_com.android.server.appwidget.AppWidgetService took to complete: 0ms
05-31 20:48:49.464 D/ActivityManagerTiming( 754): OnBootPhase_1000_com.android.server.voiceinteraction.VoiceInteractionManagerService
05-31 20:48:49.464 V/ActivityManagerTiming( 754): OnBootPhase_1000_com.android.server.voiceinteraction.VoiceInteractionManagerService took to complete: 0ms
05-31 20:48:49.464 D/ActivityManagerTiming( 754): OnBootPhase_1000_com.android.server.GestureLauncherService
05-31 20:48:49.464 V/ActivityManagerTiming( 754): OnBootPhase_1000_com.android.server.GestureLauncherService took to complete: 0ms
05-31 20:48:49.464 D/ActivityManagerTiming( 754): OnBootPhase_1000_com.android.server.SensorNotificationService
05-31 20:48:49.467 D/CompatibilityChangeReporter( 754): Compat change id reported: 168936375; UID 1000; state: DISABLED
05-31 20:48:49.467 D/CompatibilityChangeReporter( 754): Compat change id reported: 168936375; UID 1000; state: ENABLED
05-31 20:48:49.472 I/UsbDeviceManager( 754): Setting USB config to
05-31 20:48:49.480 I/[3 T231 ..] servicemanager( 0): Found android.hardware.wifi.IWifi/default in device VINTF manifest.
05-31 20:48:49.472 D/UsbDeviceManager( 754): setUsbConfig(1) request:1
05-31 20:48:49.485 I/[2 T231 ..] servicemanager( 0): Found android.hardware.wifi.IWifi/default in device VINTF manifest.
05-31 20:48:49.477 D/CompatibilityChangeReporter( 754): Compat change id reported: 73144566; UID 1000; state: DISABLED
05-31 20:48:49.477 D/CompatibilityChangeReporter( 754): Compat change id reported: 73144566; UID 1000; state: ENABLED
05-31 20:48:49.480 V/ActivityManagerTiming( 754): OnBootPhase_1000_com.android.server.SensorNotificationService took to complete: 16ms
05-31 20:48:49.490 I/[1 T231 ..] servicemanager( 0): Found android.hardware.wifi.IWifi/default in device VINTF manifest.
05-31 20:48:49.480 D/ActivityManagerTiming( 754): OnBootPhase_1000_com.android.server.emergency.EmergencyAffordanceService
05-31 20:48:49.480 V/ActivityManagerTiming( 754): OnBootPhase_1000_com.android.server.emergency.EmergencyAffordanceService took to complete: 0ms
05-31 20:48:49.480 D/ActivityManagerTiming( 754): OnBootPhase_1000_com.android.server.blob.BlobStoreManagerService
05-31 20:48:49.484 V/ActivityManagerTiming( 754): OnBootPhase_1000_com.android.server.blob.BlobStoreManagerService took to complete: 4ms
05-31 20:48:49.484 D/ActivityManagerTiming( 754): OnBootPhase_1000_com.android.server.dreams.DreamManagerService
05-31 20:48:49.484 V/ActivityManagerTiming( 754): OnBootPhase_1000_com.android.server.dreams.DreamManagerService took to complete: 0ms
05-31 20:48:49.484 D/ActivityManagerTiming( 754): OnBootPhase_1000_com.android.server.security.AttestationVerificationManagerService
05-31 20:48:49.484 V/ActivityManagerTiming( 754): OnBootPhase_1000_com.android.server.security.AttestationVerificationManagerService took to complete: 0ms
05-31 20:48:49.484 D/ActivityManagerTiming( 754): OnBootPhase_1000_com.android.server.restrictions.RestrictionsManagerService
05-31 20:48:49.484 V/ActivityManagerTiming( 754): OnBootPhase_1000_com.android.server.restrictions.RestrictionsManagerService took to complete: 0ms
05-31 20:48:49.484 D/ActivityManagerTiming( 754): OnBootPhase_1000_com.android.server.media.MediaSessionService
05-31 20:48:49.486 V/ActivityManagerTiming( 754): OnBootPhase_1000_com.android.server.media.MediaSessionService took to complete: 2ms
05-31 20:48:49.486 D/ActivityManagerTiming( 754): OnBootPhase_1000_com.android.server.hdmi.HdmiControlService
05-31 20:48:49.486 V/ActivityManagerTiming( 754): OnBootPhase_1000_com.android.server.hdmi.HdmiControlService took to complete: 0ms
05-31 20:48:49.486 D/ActivityManagerTiming( 754): OnBootPhase_1000_com.android.server.tv.interactive.TvInteractiveAppManagerService
05-31 20:48:49.486 V/ActivityManagerTiming( 754): OnBootPhase_1000_com.android.server.tv.interactive.TvInteractiveAppManagerService took to complete: 0ms
05-31 20:48:49.486 D/ActivityManagerTiming( 754): OnBootPhase_1000_com.android.server.tv.TvInputManagerService
05-31 20:48:49.486 V/ActivityManagerTiming( 754): OnBootPhase_1000_com.android.server.tv.TvInputManagerService took to complete: 0ms
05-31 20:48:49.486 I/HdmiControlService( 754): bootCompleted
05-31 20:48:49.487 D/ActivityManagerTiming( 754): OnBootPhase_1000_com.android.server.media.MediaResourceMonitorService
05-31 20:48:49.487 V/ActivityManagerTiming( 754): OnBootPhase_1000_com.android.server.media.MediaResourceMonitorService took to complete: 0ms
05-31 20:48:49.487 D/ActivityManagerTiming( 754): OnBootPhase_1000_com.android.server.tv.TvRemoteService
05-31 20:48:49.487 V/ActivityManagerTiming( 754): OnBootPhase_1000_com.android.server.tv.TvRemoteService took to complete: 0ms
05-31 20:48:49.487 D/ActivityManagerTiming( 754): OnBootPhase_1000_com.android.server.biometrics.BiometricService
05-31 20:48:49.487 V/ActivityManagerTiming( 754): OnBootPhase_1000_com.android.server.biometrics.BiometricService took to complete: 0ms
05-31 20:48:49.487 D/ActivityManagerTiming( 754): OnBootPhase_1000_com.android.server.biometrics.AuthService
05-31 20:48:49.487 V/ActivityManagerTiming( 754): OnBootPhase_1000_com.android.server.biometrics.AuthService took to complete: 0ms
05-31 20:48:49.487 D/ActivityManagerTiming( 754): OnBootPhase_1000_com.android.server.pm.ShortcutService$Lifecycle
05-31 20:48:49.487 V/ActivityManagerTiming( 754): OnBootPhase_1000_com.android.server.pm.ShortcutService$Lifecycle took to complete: 0ms
05-31 20:48:49.487 D/ActivityManagerTiming( 754): OnBootPhase_1000_com.android.server.pm.LauncherAppsService
05-31 20:48:49.487 V/ActivityManagerTiming( 754): OnBootPhase_1000_com.android.server.pm.LauncherAppsService took to complete: 0ms
05-31 20:48:49.487 D/ActivityManagerTiming( 754): OnBootPhase_1000_com.android.server.pm.CrossProfileAppsService
05-31 20:48:49.487 V/ActivityManagerTiming( 754): OnBootPhase_1000_com.android.server.pm.CrossProfileAppsService took to complete: 0ms
05-31 20:48:49.487 D/ActivityManagerTiming( 754): OnBootPhase_1000_com.android.server.people.PeopleService
05-31 20:48:49.487 V/ActivityManagerTiming( 754): OnBootPhase_1000_com.android.server.people.PeopleService took to complete: 0ms
05-31 20:48:49.487 D/ActivityManagerTiming( 754): OnBootPhase_1000_com.android.server.media.metrics.MediaMetricsManagerService
05-31 20:48:49.487 V/ActivityManagerTiming( 754): OnBootPhase_1000_com.android.server.media.metrics.MediaMetricsManagerService took to complete: 0ms
05-31 20:48:49.487 D/ActivityManagerTiming( 754): OnBootPhase_1000_com.android.server.pm.BackgroundInstallControlService
05-31 20:48:49.487 V/ActivityManagerTiming( 754): OnBootPhase_1000_com.android.server.pm.BackgroundInstallControlService took to complete: 0ms
05-31 20:48:49.487 D/ActivityManagerTiming( 754): OnBootPhase_1000_com.android.server.media.projection.MediaProjectionManagerService
05-31 20:48:49.487 V/ActivityManagerTiming( 754): OnBootPhase_1000_com.android.server.media.projection.MediaProjectionManagerService took to complete: 0ms
05-31 20:48:49.487 D/ActivityManagerTiming( 754): OnBootPhase_1000_com.android.server.slice.SliceManagerService$Lifecycle
05-31 20:48:49.487 V/ActivityManagerTiming( 754): OnBootPhase_1000_com.android.server.slice.SliceManagerService$Lifecycle took to complete: 0ms
05-31 20:48:49.487 D/ActivityManagerTiming( 754): OnBootPhase_1000_com.android.server.stats.StatsCompanion$Lifecycle
05-31 20:48:49.495 I/[1 T231 ..] servicemanager( 0): Found android.hardware.wifi.IWifi/default in device VINTF manifest.
05-31 20:48:49.489 V/ActivityManagerTiming( 754): OnBootPhase_1000_com.android.server.stats.StatsCompanion$Lifecycle took to complete: 0ms
05-31 20:48:49.489 D/ActivityManagerTiming( 754): OnBootPhase_1000_com.android.server.scheduling.RebootReadinessManagerService$Lifecycle
05-31 20:48:49.489 V/ActivityManagerTiming( 754): OnBootPhase_1000_com.android.server.scheduling.RebootReadinessManagerService$Lifecycle took to complete: 0ms
05-31 20:48:49.489 D/ActivityManagerTiming( 754): OnBootPhase_1000_com.android.server.stats.pull.StatsPullAtomService
05-31 20:48:49.489 V/ActivityManagerTiming( 754): OnBootPhase_1000_com.android.server.stats.pull.StatsPullAtomService took to complete: 0ms
05-31 20:48:49.489 D/ActivityManagerTiming( 754): OnBootPhase_1000_com.android.server.stats.bootstrap.StatsBootstrapAtomService$Lifecycle
05-31 20:48:49.489 V/ActivityManagerTiming( 754): OnBootPhase_1000_com.android.server.stats.bootstrap.StatsBootstrapAtomService$Lifecycle took to complete: 0ms
05-31 20:48:49.489 D/ActivityManagerTiming( 754): OnBootPhase_1000_com.android.server.incident.IncidentCompanionService
05-31 20:48:49.489 V/ActivityManagerTiming( 754): OnBootPhase_1000_com.android.server.incident.IncidentCompanionService took to complete: 0ms
05-31 20:48:49.489 D/ActivityManagerTiming( 754): OnBootPhase_1000_com.android.server.sdksandbox.SdkSandboxManagerService$Lifecycle
05-31 20:48:49.489 V/ActivityManagerTiming( 754): OnBootPhase_1000_com.android.server.sdksandbox.SdkSandboxManagerService$Lifecycle took to complete: 0ms
05-31 20:48:49.489 D/ActivityManagerTiming( 754): OnBootPhase_1000_com.android.server.adservices.AdServicesManagerService$Lifecycle
05-31 20:48:49.489 V/ActivityManagerTiming( 754): OnBootPhase_1000_com.android.server.adservices.AdServicesManagerService$Lifecycle took to complete: 0ms
05-31 20:48:49.489 D/ActivityManagerTiming( 754): OnBootPhase_1000_com.android.server.ondevicepersonalization.OnDevicePersonalizationSystemService$Lifecycle
05-31 20:48:49.489 V/ActivityManagerTiming( 754): OnBootPhase_1000_com.android.server.ondevicepersonalization.OnDevicePersonalizationSystemService$Lifecycle took to complete: 0ms
05-31 20:48:49.489 D/ActivityManagerTiming( 754): OnBootPhase_1000_com.android.server.autofill.AutofillManagerService
05-31 20:48:49.489 V/ActivityManagerTiming( 754): OnBootPhase_1000_com.android.server.autofill.AutofillManagerService took to complete: 0ms
05-31 20:48:49.489 D/ActivityManagerTiming( 754): OnBootPhase_1000_com.android.server.clipboard.ClipboardService
05-31 20:48:49.489 V/ActivityManagerTiming( 754): OnBootPhase_1000_com.android.server.clipboard.ClipboardService took to complete: 0ms
05-31 20:48:49.489 D/ActivityManagerTiming( 754): OnBootPhase_1000_com.android.server.appbinding.AppBindingService$Lifecycle
05-31 20:48:49.489 V/ActivityManagerTiming( 754): OnBootPhase_1000_com.android.server.appbinding.AppBindingService$Lifecycle took to complete: 0ms
05-31 20:48:49.489 D/ActivityManagerTiming( 754): OnBootPhase_1000_com.android.server.tracing.TracingServiceProxy
05-31 20:48:49.489 V/ActivityManagerTiming( 754): OnBootPhase_1000_com.android.server.tracing.TracingServiceProxy took to complete: 0ms
05-31 20:48:49.489 D/ActivityManagerTiming( 754): OnBootPhase_1000_com.android.server.policy.PermissionPolicyService
05-31 20:48:49.489 V/ActivityManagerTiming( 754): OnBootPhase_1000_com.android.server.policy.PermissionPolicyService took to complete: 0ms
05-31 20:48:49.489 D/ActivityManagerTiming( 754): OnBootPhase_1000_com.android.server.pm.StagingManager$Lifecycle
05-31 20:48:49.500 I/[0 T231 ..] servicemanager( 0): Notifying apexservice they do (previously: don't) have clients when service is guaranteed to be in use
05-31 20:48:49.502 I/[2 T461 ..] AidlLazyServiceRegistrar( 0): Process has 1 (of 1 available) client(s) in use after notification apexservice has clients: 1
05-31 20:48:49.503 I/[2 T461 ..] AidlLazyServiceRegistrar( 0): Shutdown prevented by forcePersist override flag.
05-31 20:48:49.495 V/ActivityManagerTiming( 754): OnBootPhase_1000_com.android.server.pm.StagingManager$Lifecycle took to complete: 6ms
05-31 20:48:49.495 D/ActivityManagerTiming( 754): OnBootPhase_1000_com.android.server.app.GameManagerService$Lifecycle
05-31 20:48:49.495 D/GameManagerService( 754): onBootCompleted
05-31 20:48:49.496 V/GameManagerService( 754): Game loading power mode OFF (game manager service start/restart)
05-31 20:48:49.496 V/GameManagerService( 754): Game power mode OFF (game manager service start/restart)
05-31 20:48:49.504 I/[1 T784 ..] apexd( 0): markBootCompleted() received by ApexService
05-31 20:48:49.506 I/[0 T231 ..] servicemanager( 0): Found android.hardware.wifi.IWifi/default in device VINTF manifest.
05-31 20:48:49.498 V/ActivityManagerTiming( 754): OnBootPhase_1000_com.android.server.app.GameManagerService$Lifecycle took to complete: 3ms
05-31 20:48:49.498 D/ActivityManagerTiming( 754): OnBootPhase_1000_com.android.safetycenter.SafetyCenterService
05-31 20:48:49.498 V/ActivityManagerTiming( 754): OnBootPhase_1000_com.android.safetycenter.SafetyCenterService took to complete: 0ms
05-31 20:48:49.498 D/ActivityManagerTiming( 754): OnBootPhase_1000_com.android.server.appsearch.AppSearchModule$Lifecycle
05-31 20:48:49.499 V/ActivityManagerTiming( 754): OnBootPhase_1000_com.android.server.appsearch.AppSearchModule$Lifecycle took to complete: 1ms
05-31 20:48:49.499 D/ActivityManagerTiming( 754): OnBootPhase_1000_com.android.server.media.MediaCommunicationService
05-31 20:48:49.499 V/ActivityManagerTiming( 754): OnBootPhase_1000_com.android.server.media.MediaCommunicationService took to complete: 0ms
05-31 20:48:49.499 D/ActivityManagerTiming( 754): OnBootPhase_1000_com.android.server.compat.overrides.AppCompatOverridesService$Lifecycle
05-31 20:48:49.499 V/ActivityManagerTiming( 754): OnBootPhase_1000_com.android.server.compat.overrides.AppCompatOverridesService$Lifecycle took to complete: 0ms
05-31 20:48:49.499 D/ActivityManagerTiming( 754): OnBootPhase_1000_com.android.server.healthconnect.HealthConnectManagerService
05-31 20:48:49.499 V/ActivityManagerTiming( 754): OnBootPhase_1000_com.android.server.healthconnect.HealthConnectManagerService took to complete: 0ms
05-31 20:48:49.499 D/ActivityManagerTiming( 754): OnBootPhase_1000_com.android.server.devicelock.DeviceLockService
05-31 20:48:49.499 D/DeviceLockService( 754): onBootPhase: 1000
05-31 20:48:49.499 V/ActivityManagerTiming( 754): OnBootPhase_1000_com.android.server.devicelock.DeviceLockService took to complete: 0ms
05-31 20:48:49.499 V/ActivityManagerTiming( 754): OnBootPhase_1000 took to complete: 112ms
05-31 20:48:49.499 V/ActivityManagerTiming( 754): TotalBootTime took to complete: 27621ms
05-31 20:48:49.499 D/SystemServerInitThreadPool( 754): Shutdown requested
05-31 20:48:49.499 D/SystemServerTiming( 754): WaitInitThreadPoolShutdown
05-31 20:48:49.501 D/SystemServerInitThreadPool( 754): Shutdown successful
05-31 20:48:49.501 V/SystemServerTiming( 754): WaitInitThreadPoolShutdown took to complete: 2ms
05-31 20:48:49.502 D/CompatibilityChangeReporter( 754): Compat change id reported: 135634846; UID 10068; state: DISABLED
05-31 20:48:49.511 I/[2 T231 ..] servicemanager( 0): Found android.hardware.wifi.IWifi/default in device VINTF manifest.
05-31 20:48:49.513 D/CompatibilityChangeReporter( 754): Compat change id reported: 143937733; UID 10068; state: ENABLED
05-31 20:48:49.513 W/ActivityManager( 754): android.ext.services inode == 0 (b/152760674)
05-31 20:48:49.519 I/ActivityManager( 754): User 0 state changed from BOOTING to RUNNING_LOCKED
05-31 20:48:49.522 D/SystemServerTiming( 754): finishUserUnlocking-0
05-31 20:48:49.524 D/ActivityManager( 754): Started unlocking user 0
05-31 20:48:49.524 D/ActivityManager( 754): Unlocking user 0 progress 0
05-31 20:48:49.524 D/ActivityManager( 754): Unlocking user 0 progress 5
05-31 20:48:49.528 V/SystemServerTiming( 754): finishUserUnlocking-0 took to complete: 5ms
05-31 20:48:49.545 I/[3 T231 ..] servicemanager( 0): Found android.hardware.wifi.IWifi/default in device VINTF manifest.
05-31 20:48:49.538 I/ActivityManager( 754): Start proc 1815:android.ext.services/u0a68 for on-hold
05-31 20:48:49.539 V/ActivityManagerTiming( 754): FinishBooting took to complete: 159ms
05-31 20:48:49.539 V/WindowManager( 754): app ------------- force_land :0
05-31 20:48:49.545 V/WindowManager( 754): app ------------- force_land :0
05-31 20:48:49.556 I/ActivityManager( 754): com.android.tv.settings is exempt from freezer
05-31 20:48:49.561 D/SystemServerTiming( 754): UM.onBeforeUnlockUser-0
05-31 20:48:49.561 D/SystemServerTiming( 754): prepareUserData-0
05-31 20:48:49.562 D/vold ( 247): fscrypt_prepare_user_storage for volume null, user 0, serial 0, flags 2
05-31 20:48:49.562 D/vold ( 247): Preparing: /data/system_ce/0
05-31 20:48:49.563 I/vold ( 247): Encryption policy of /data/system_ce/0 set to ae2281962eef87ca4a41e88cfb239ee6 v2 modes 1/4 flags 0xa
05-31 20:48:49.563 D/vold ( 247): Preparing: /data/vendor_ce/0
05-31 20:48:49.563 I/vold ( 247): Encryption policy of /data/vendor_ce/0 set to ae2281962eef87ca4a41e88cfb239ee6 v2 modes 1/4 flags 0xa
05-31 20:48:49.563 D/vold ( 247): Preparing: /data/media/0
05-31 20:48:49.564 I/vold ( 247): Encryption policy of /data/media/0 set to ae2281962eef87ca4a41e88cfb239ee6 v2 modes 1/4 flags 0xa
05-31 20:48:49.564 D/vold ( 247): Preparing: /data/misc_ce/0
05-31 20:48:49.565 I/vold ( 247): Encryption policy of /data/misc_ce/0 set to ae2281962eef87ca4a41e88cfb239ee6 v2 modes 1/4 flags 0xa
05-31 20:48:49.565 D/vold ( 247): Preparing: /data/user/0
05-31 20:48:49.566 I/vold ( 247): Verified that /data/user/0 has the encryption policy ae2281962eef87ca4a41e88cfb239ee6 v2 modes 1/4 flags 0xa
05-31 20:48:49.566 D/vold ( 247): Starting restorecon of /data/system_ce/0
05-31 20:48:49.571 D/vold ( 247): Finished restorecon of /data/system_ce/0
05-31 20:48:49.571 D/vold ( 247): Starting restorecon of /data/vendor_ce/0
05-31 20:48:49.573 D/CompatibilityChangeReporter( 754): Compat change id reported: 135634846; UID 1000; state: DISABLED
05-31 20:48:49.575 W/ActivityManager( 754): com.cskj.factorytest inode == 0 (b/152760674)
05-31 20:48:49.578 D/vold ( 247): Finished restorecon of /data/vendor_ce/0
05-31 20:48:49.578 D/vold ( 247): Starting restorecon of /data/misc_ce/0
05-31 20:48:49.588 D/vold ( 247): Finished restorecon of /data/misc_ce/0
05-31 20:48:49.588 D/vold ( 247): /system/bin/vold_prepare_subdirs
05-31 20:48:49.588 D/vold ( 247): prepare
05-31 20:48:49.588 D/vold ( 247):
05-31 20:48:49.588 D/vold ( 247): 0
05-31 20:48:49.588 D/vold ( 247): 2
05-31 20:48:49.607 D/CompatibilityChangeReporter( 754): Compat change id reported: 168419799; UID 10068; state: DISABLED
05-31 20:48:49.607 D/CompatibilityChangeReporter( 754): Compat change id reported: 273564678; UID 10068; state: DISABLED
05-31 20:48:49.612 W/ActivityManager( 754): Slow operation: 56ms so far, now at startProcess: returned from zygote!
05-31 20:48:49.612 W/ActivityManager( 754): Slow operation: 56ms so far, now at startProcess: done updating battery stats
05-31 20:48:49.613 W/ActivityManager( 754): Slow operation: 57ms so far, now at startProcess: building log message
05-31 20:48:49.613 I/ActivityManager( 754): Start proc 1835:com.android.tv.settings/1000 for broadcast {com.android.tv.settings/com.android.tv.settings.users.UserSwitchListenerService$BootReceiver}
05-31 20:48:49.613 W/ActivityManager( 754): Slow operation: 57ms so far, now at startProcess: starting to update pids map
05-31 20:48:49.613 W/ActivityManager( 754): Slow operation: 57ms so far, now at startProcess: done updating pids map
05-31 20:48:49.618 W/NotificationHistory( 754): Attempted to add notif for locked/gone/disabled user 0
05-31 20:48:49.649 E/ ( 0): [1 T159 ..] can't find node dmabuf_manage's config:secure_vdec_def_size_bytes
05-31 20:48:49.649 E/ ( 0): [1 T159 ..] set config failed dmabuf_manage.secure_vdec_def_size_bytes=16777216
05-31 20:48:49.651 D/CompatibilityChangeReporter( 754): Compat change id reported: 170503758; UID 10068; state: ENABLED
05-31 20:48:49.652 D/CompatibilityChangeReporter( 754): Compat change id reported: 168419799; UID 1000; state: DISABLED
05-31 20:48:49.652 D/CompatibilityChangeReporter( 754): Compat change id reported: 273564678; UID 1000; state: DISABLED
05-31 20:48:49.690 D/CompatibilityChangeReporter( 754): Compat change id reported: 265195908; UID 10068; state: ENABLED
05-31 20:48:49.696 W/UsageStatsService( 754): Failed to query usage stats for locked user 0
05-31 20:48:49.713 W/AdbDebuggingManager( 754): Read failed with count -1
05-31 20:48:49.714 E/AdbDebuggingManager( 754): Caught an exception opening the socket: java.io.IOException: Connection refused
05-31 20:48:49.718 D/CompatibilityChangeReporter( 754): Compat change id reported: 161145287; UID 10068; state: ENABLED
05-31 20:48:49.719 V/NotificationAssistants( 754): 0 notification assistant service connected: ComponentInfo{android.ext.services/android.ext.services.notification.Assistant}
05-31 20:48:49.732 I/ExplicitHealthCheckController( 754): Explicit health check service is connected ComponentInfo{android.ext.services/android.ext.services.watchdog.ExplicitHealthCheckServiceImpl}
05-31 20:48:49.733 I/ExplicitHealthCheckController( 754): Service initialized, syncing requests
05-31 20:48:49.733 I/PackageWatchdog( 754): Syncing health check requests for packages: {}
05-31 20:48:49.733 D/ExplicitHealthCheckController( 754): Getting health check supported packages
05-31 20:48:49.738 V/UserDataPreparer( 754): Found /data/user/0 with serial number 0
05-31 20:48:49.739 V/UserDataPreparer( 754): Found /data/system_ce/0 with serial number -1
05-31 20:48:49.739 D/UserDataPreparer( 754): Serial number missing on /data/system_ce/0; assuming current is valid
05-31 20:48:49.741 I/ExplicitHealthCheckController( 754): Explicit health check supported packages [PackageConfig{com.android.networkstack, 86400000}]
05-31 20:48:49.741 D/PackageWatchdog( 754): Received supported packages [PackageConfig{com.android.networkstack, 86400000}]
05-31 20:48:49.742 D/ExplicitHealthCheckController( 754): Getting health check requested packages
05-31 20:48:49.743 I/ExplicitHealthCheckController( 754): Explicit health check requested packages []
05-31 20:48:49.744 I/ExplicitHealthCheckController( 754): No more health check requests, unbinding...
05-31 20:48:49.745 I/ExplicitHealthCheckController( 754): Explicit health check service is unbound
05-31 20:48:49.752 D/UserDataPreparer( 754): Setting property: sys.user.0.ce_available=true
05-31 20:48:49.764 V/SystemServerTiming( 754): prepareUserData-0 took to complete: 203ms
05-31 20:48:49.765 D/SystemServerTiming( 754): reconcileAppsData-0
05-31 20:48:49.765 V/PackageManager( 754): reconcileAppsData for null u0 0x2 migrateAppData=true
05-31 20:48:49.766 W/PackageManager( 754): Skipping preparing app data for com.android.configinfrastructure
05-31 20:48:49.766 W/PackageManager( 754): Skipping preparing app data for com.android.appsearch
05-31 20:48:49.767 W/PackageManager( 754): Skipping preparing app data for com.android.adservices
05-31 20:48:49.767 W/PackageManager( 754): Skipping preparing app data for com.android.scheduling
05-31 20:48:49.767 W/PackageManager( 754): Skipping preparing app data for com.google.android.widevine.nonupdatable
05-31 20:48:49.767 W/PackageManager( 754): Skipping preparing app data for com.android.permission
05-31 20:48:49.767 W/PackageManager( 754): Skipping preparing app data for com.android.art
05-31 20:48:49.767 W/PackageManager( 754): Skipping preparing app data for com.android.uwb
05-31 20:48:49.767 W/PackageManager( 754): Skipping preparing app data for com.android.tethering
05-31 20:48:49.767 W/PackageManager( 754): Skipping preparing app data for com.android.btservices
05-31 20:48:49.767 W/PackageManager( 754): Skipping preparing app data for com.android.media.swcodec
05-31 20:48:49.767 W/PackageManager( 754): Skipping preparing app data for com.android.conscrypt
05-31 20:48:49.767 W/PackageManager( 754): Skipping preparing app data for com.android.adbd
05-31 20:48:49.767 W/PackageManager( 754): Skipping preparing app data for com.android.i18n
05-31 20:48:49.767 W/PackageManager( 754): Skipping preparing app data for com.android.rkpd
05-31 20:48:49.767 W/PackageManager( 754): Skipping preparing app data for com.android.virt
05-31 20:48:49.767 W/PackageManager( 754): Skipping preparing app data for com.android.wifi
05-31 20:48:49.768 W/PackageManager( 754): Skipping preparing app data for com.android.runtime
05-31 20:48:49.768 W/PackageManager( 754): Skipping preparing app data for com.android.devicelock
05-31 20:48:49.768 W/PackageManager( 754): Skipping preparing app data for com.android.apex.cts.shim
05-31 20:48:49.768 W/PackageManager( 754): Skipping preparing app data for com.android.neuralnetworks
05-31 20:48:49.768 W/PackageManager( 754): Skipping preparing app data for com.android.healthfitness
05-31 20:48:49.768 W/PackageManager( 754): Skipping preparing app data for com.android.resolv
05-31 20:48:49.768 W/PackageManager( 754): Skipping preparing app data for com.android.sdkext
05-31 20:48:49.768 W/PackageManager( 754): Skipping preparing app data for com.android.tzdata
05-31 20:48:49.768 W/PackageManager( 754): Skipping preparing app data for com.android.vndk.v34
05-31 20:48:49.768 W/PackageManager( 754): Skipping preparing app data for com.android.os.statsd
05-31 20:48:49.768 W/PackageManager( 754): Skipping preparing app data for com.android.extservices
05-31 20:48:49.768 W/PackageManager( 754): Skipping preparing app data for com.amlogic.mediaextractor
05-31 20:48:49.768 W/PackageManager( 754): Skipping preparing app data for com.android.ipsec
05-31 20:48:49.768 W/PackageManager( 754): Skipping preparing app data for com.android.media
05-31 20:48:49.769 W/PackageManager( 754): Skipping preparing app data for com.android.sdksandbox
05-31 20:48:49.769 W/PackageManager( 754): Skipping preparing app data for com.android.mediaprovider
05-31 20:48:49.770 W/PackageManager( 754): Skipping preparing app data for com.android.ondevicepersonalization
05-31 20:48:49.831 D/PackageManager( 754): Instant App installer not found with android.intent.action.INSTALL_INSTANT_APP_PACKAGE
05-31 20:48:49.831 D/PackageManager( 754): Clear ephemeral installer activity
05-31 20:48:49.837 I/ActivityManager( 754): com.android.devicelockcontroller is exempt from freezer
05-31 20:48:49.837 D/CompatibilityChangeReporter( 754): Compat change id reported: 135634846; UID 10065; state: DISABLED
05-31 20:48:49.838 D/CompatibilityChangeReporter( 754): Compat change id reported: 177438394; UID 10065; state: DISABLED
05-31 20:48:49.838 D/CompatibilityChangeReporter( 754): Compat change id reported: 135772972; UID 10065; state: DISABLED
05-31 20:48:49.838 D/CompatibilityChangeReporter( 754): Compat change id reported: 135754954; UID 10065; state: ENABLED
05-31 20:48:49.839 D/CompatibilityChangeReporter( 754): Compat change id reported: 143937733; UID 10065; state: ENABLED
05-31 20:48:49.839 W/ActivityManager( 754): com.android.devicelockcontroller inode == 0 (b/152760674)
05-31 20:48:49.852 I/ActivityManager( 754): Start proc 1875:com.android.devicelockcontroller/u0a65 for broadcast {com.android.devicelockcontroller/com.android.devicelockcontroller.receivers.LockedBootCompletedReceiver}
05-31 20:48:49.882 D/CompatibilityChangeReporter( 754): Compat change id reported: 168419799; UID 10065; state: DISABLED
05-31 20:48:49.883 D/CompatibilityChangeReporter( 754): Compat change id reported: 273564678; UID 10065; state: DISABLED
05-31 20:48:49.887 D/CompatibilityChangeReporter( 754): Compat change id reported: 265195908; UID 10065; state: ENABLED
05-31 20:48:49.933 D/CompatibilityChangeReporter( 754): Compat change id reported: 170503758; UID 10065; state: ENABLED
05-31 20:48:49.939 I/[1 T1597 ..] logd( 0): start watching /data/system/packages.list ...
05-31 20:48:49.969 I/DeviceLockControllerApplication( 1875): onCreate
05-31 20:48:49.974 I/DeviceStateControllerImpl( 1875): Starting state is 0
05-31 20:48:49.975 I/UserRestrictionsPolicyHandler( 1875): Build type DEBUG = true
05-31 20:48:49.979 D/DevicePolicyControllerImpl( 1875): onStateChanged (0)
05-31 20:48:49.980 V/UserRestrictionsPolicyHandler( 1875): Setting restrictions for 0
05-31 20:48:49.995 I/DlcClient( 1875): Binding com.android.devicelockcontroller/.storage.SetupParametersService
05-31 20:48:49.998 D/CompatibilityChangeReporter( 754): Compat change id reported: 261072174; UID 10065; state: ENABLED
05-31 20:48:50.005 D/SetupParametersService( 1875): onCreate
05-31 20:48:50.007 D/LockedBootCompletedReceiver( 1875): Locked Boot completed
05-31 20:48:50.009 D/PackageManager( 754): Instant App installer not found with android.intent.action.INSTALL_INSTANT_APP_PACKAGE
05-31 20:48:50.009 D/PackageManager( 754): Clear ephemeral installer activity
05-31 20:48:50.017 I/DeviceLockControllerApplication( 1875): Policies enforced
05-31 20:48:50.019 D/PackagePolicyHandler( 1875): Kiosk package is not set for state: 0
05-31 20:48:50.118 W/[2 T1371 d.] audit_log_lost( 0): 419 callbacks suppressed
05-31 20:48:50.118 W/[2 T1371 ..] audit( 0): audit_lost=144 audit_rate_limit=5 audit_backlog_limit=64
05-31 20:48:50.119 E/[2 T1371 ..] audit( 0): rate limit exceeded
05-31 20:48:50.173 V/PackageManager( 754): reconcileAppsData finished 142 packages
05-31 20:48:50.173 V/SystemServerTiming( 754): reconcileAppsData-0 took to complete: 408ms
05-31 20:48:50.173 V/SystemServerTiming( 754): UM.onBeforeUnlockUser-0 took to complete: 612ms
05-31 20:48:50.173 I/ActivityManager( 754): User 0 state changed from RUNNING_LOCKED to RUNNING_UNLOCKING
05-31 20:48:50.174 D/ActivityManager( 754): Unlocking user 0 progress 20
05-31 20:48:50.174 W/Looper ( 754): Slow dispatch took 613ms android.fg h=android.os.Handler c=com.android.server.am.UserController$$ExternalSyntheticLambda2@60d7b19 m=0
05-31 20:48:50.174 D/SystemServerTimingAsync( 754): ssm.UnlockingUser-0
05-31 20:48:50.174 I/SystemServiceManager( 754): Calling onUnlockingUser 0
05-31 20:48:50.174 W/Looper ( 754): Slow delivery took 646ms android.fg h=android.os.Handler c=com.android.server.am.UserController$$ExternalSyntheticLambda9@d9537de m=0
05-31 20:48:50.174 D/SystemServerTimingAsync( 754): ssm.onUnlockingUser-0_com.android.server.security.FileIntegrityService
05-31 20:48:50.174 V/SystemServerTimingAsync( 754): ssm.onUnlockingUser-0_com.android.server.security.FileIntegrityService took to complete: 0ms
05-31 20:48:50.174 D/SystemServerTimingAsync( 754): ssm.onUnlockingUser-0_com.android.server.pm.Installer
05-31 20:48:50.174 V/SystemServerTimingAsync( 754): ssm.onUnlockingUser-0_com.android.server.pm.Installer took to complete: 0ms
05-31 20:48:50.174 D/SystemServerTimingAsync( 754): ssm.onUnlockingUser-0_com.android.server.os.DeviceIdentifiersPolicyService
05-31 20:48:50.174 V/SystemServerTimingAsync( 754): ssm.onUnlockingUser-0_com.android.server.os.DeviceIdentifiersPolicyService took to complete: 0ms
05-31 20:48:50.174 D/SystemServerTimingAsync( 754): ssm.onUnlockingUser-0_com.android.server.flags.FeatureFlagsService
05-31 20:48:50.174 V/SystemServerTimingAsync( 754): ssm.onUnlockingUser-0_com.android.server.flags.FeatureFlagsService took to complete: 0ms
05-31 20:48:50.174 D/SystemServerTimingAsync( 754): ssm.onUnlockingUser-0_com.android.server.uri.UriGrantsManagerService$Lifecycle
05-31 20:48:50.174 V/SystemServerTimingAsync( 754): ssm.onUnlockingUser-0_com.android.server.uri.UriGrantsManagerService$Lifecycle took to complete: 0ms
05-31 20:48:50.174 D/SystemServerTimingAsync( 754): ssm.onUnlockingUser-0_com.android.server.powerstats.PowerStatsService
05-31 20:48:50.174 V/SystemServerTimingAsync( 754): ssm.onUnlockingUser-0_com.android.server.powerstats.PowerStatsService took to complete: 0ms
05-31 20:48:50.174 D/SystemServerTimingAsync( 754): ssm.onUnlockingUser-0_com.android.server.permission.access.AccessCheckingService
05-31 20:48:50.174 V/SystemServerTimingAsync( 754): ssm.onUnlockingUser-0_com.android.server.permission.access.AccessCheckingService took to complete: 0ms
05-31 20:48:50.174 D/SystemServerTimingAsync( 754): ssm.onUnlockingUser-0_com.android.server.wm.ActivityTaskManagerService$Lifecycle
05-31 20:48:50.175 V/SystemServerTimingAsync( 754): ssm.onUnlockingUser-0_com.android.server.wm.ActivityTaskManagerService$Lifecycle took to complete: 0ms
05-31 20:48:50.175 D/SystemServerTimingAsync( 754): ssm.onUnlockingUser-0_com.android.server.am.ActivityManagerService$Lifecycle
05-31 20:48:50.175 V/SystemServerTimingAsync( 754): ssm.onUnlockingUser-0_com.android.server.am.ActivityManagerService$Lifecycle took to complete: 0ms
05-31 20:48:50.175 D/SystemServerTimingAsync( 754): ssm.onUnlockingUser-0_com.android.server.pm.DataLoaderManagerService
05-31 20:48:50.175 V/SystemServerTimingAsync( 754): ssm.onUnlockingUser-0_com.android.server.pm.DataLoaderManagerService took to complete: 0ms
05-31 20:48:50.175 D/SystemServerTimingAsync( 754): ssm.onUnlockingUser-0_com.android.server.power.PowerManagerService
05-31 20:48:50.175 V/SystemServerTimingAsync( 754): ssm.onUnlockingUser-0_com.android.server.power.PowerManagerService took to complete: 0ms
05-31 20:48:50.175 D/SystemServerTimingAsync( 754): ssm.onUnlockingUser-0_com.android.server.power.ThermalManagerService
05-31 20:48:50.175 V/SystemServerTimingAsync( 754): ssm.onUnlockingUser-0_com.android.server.power.ThermalManagerService took to complete: 0ms
05-31 20:48:50.175 D/SystemServerTimingAsync( 754): ssm.onUnlockingUser-0_com.android.server.power.hint.HintManagerService
05-31 20:48:50.175 V/SystemServerTimingAsync( 754): ssm.onUnlockingUser-0_com.android.server.power.hint.HintManagerService took to complete: 0ms
05-31 20:48:50.175 D/SystemServerTimingAsync( 754): ssm.onUnlockingUser-0_com.android.server.recoverysystem.RecoverySystemService$Lifecycle
05-31 20:48:50.175 V/SystemServerTimingAsync( 754): ssm.onUnlockingUser-0_com.android.server.recoverysystem.RecoverySystemService$Lifecycle took to complete: 0ms
05-31 20:48:50.175 I/BroadcastQueue( 754): BOOT_COMPLETED_BROADCAST_COMPLETION_LATENCY_REPORTED action:android.intent.action.LOCKED_BOOT_COMPLETED dispatchLatency:12 completeLatency:653 dispatchRealLatency:12 completeRealLatency:653 receiversSize:4 userId:0 userType:android.os.usertype.full.SYSTEM
05-31 20:48:50.175 D/SystemServerTimingAsync( 754): ssm.onUnlockingUser-0_com.android.server.lights.LightsService
05-31 20:48:50.175 V/SystemServerTimingAsync( 754): ssm.onUnlockingUser-0_com.android.server.lights.LightsService took to complete: 0ms
05-31 20:48:50.175 D/SystemServerTimingAsync( 754): ssm.onUnlockingUser-0_com.android.server.display.DisplayManagerService
05-31 20:48:50.175 V/SystemServerTimingAsync( 754): ssm.onUnlockingUser-0_com.android.server.display.DisplayManagerService took to complete: 0ms
05-31 20:48:50.175 D/SystemServerTimingAsync( 754): ssm.onUnlockingUser-0_com.android.server.pm.verify.domain.DomainVerificationService
05-31 20:48:50.175 V/SystemServerTimingAsync( 754): ssm.onUnlockingUser-0_com.android.server.pm.verify.domain.DomainVerificationService took to complete: 0ms
05-31 20:48:50.175 D/SystemServerTimingAsync( 754): ssm.onUnlockingUser-0_com.android.server.pm.PackageInstallerService$Lifecycle
05-31 20:48:50.175 V/SystemServerTimingAsync( 754): ssm.onUnlockingUser-0_com.android.server.pm.PackageInstallerService$Lifecycle took to complete: 0ms
05-31 20:48:50.175 D/SystemServerTimingAsync( 754): ssm.onUnlockingUser-0_com.android.server.pm.UserManagerService$LifeCycle
05-31 20:48:50.175 V/SystemServerTimingAsync( 754): ssm.onUnlockingUser-0_com.android.server.pm.UserManagerService$LifeCycle took to complete: 0ms
05-31 20:48:50.175 D/SystemServerTimingAsync( 754): ssm.onUnlockingUser-0_com.android.server.om.OverlayManagerService
05-31 20:48:50.175 V/SystemServerTimingAsync( 754): ssm.onUnlockingUser-0_com.android.server.om.OverlayManagerService took to complete: 0ms
05-31 20:48:50.175 D/SystemServerTimingAsync( 754): ssm.onUnlockingUser-0_com.android.server.resources.ResourcesManagerService
05-31 20:48:50.175 V/SystemServerTimingAsync( 754): ssm.onUnlockingUser-0_com.android.server.resources.ResourcesManagerService took to complete: 0ms
05-31 20:48:50.175 D/SystemServerTimingAsync( 754): ssm.onUnlockingUser-0_com.android.server.sensorprivacy.SensorPrivacyService
05-31 20:48:50.175 V/SystemServerTimingAsync( 754): ssm.onUnlockingUser-0_com.android.server.sensorprivacy.SensorPrivacyService took to complete: 0ms
05-31 20:48:50.175 D/SystemServerTimingAsync( 754): ssm.onUnlockingUser-0_com.android.server.sensors.SensorService
05-31 20:48:50.175 V/SystemServerTimingAsync( 754): ssm.onUnlockingUser-0_com.android.server.sensors.SensorService took to complete: 0ms
05-31 20:48:50.176 D/SystemServerTimingAsync( 754): ssm.onUnlockingUser-0_com.android.server.SystemConfigService
05-31 20:48:50.176 V/SystemServerTimingAsync( 754): ssm.onUnlockingUser-0_com.android.server.SystemConfigService took to complete: 0ms
05-31 20:48:50.176 D/SystemServerTimingAsync( 754): ssm.onUnlockingUser-0_com.android.server.BatteryService
05-31 20:48:50.176 V/SystemServerTimingAsync( 754): ssm.onUnlockingUser-0_com.android.server.BatteryService took to complete: 0ms
05-31 20:48:50.176 D/SystemServerTimingAsync( 754): ssm.onUnlockingUser-0_com.android.server.usage.UsageStatsService
05-31 20:48:50.176 V/SystemServerTimingAsync( 754): ssm.onUnlockingUser-0_com.android.server.usage.UsageStatsService took to complete: 0ms
05-31 20:48:50.176 D/SystemServerTimingAsync( 754): ssm.onUnlockingUser-0_com.android.server.webkit.WebViewUpdateService
05-31 20:48:50.176 V/SystemServerTimingAsync( 754): ssm.onUnlockingUser-0_com.android.server.webkit.WebViewUpdateService took to complete: 0ms
05-31 20:48:50.176 D/SystemServerTimingAsync( 754): ssm.onUnlockingUser-0_com.android.server.CachedDeviceStateService
05-31 20:48:50.176 V/SystemServerTimingAsync( 754): ssm.onUnlockingUser-0_com.android.server.CachedDeviceStateService took to complete: 0ms
05-31 20:48:50.176 D/SystemServerTimingAsync( 754): ssm.onUnlockingUser-0_com.android.server.BinderCallsStatsService$LifeCycle
05-31 20:48:50.176 V/SystemServerTimingAsync( 754): ssm.onUnlockingUser-0_com.android.server.BinderCallsStatsService$LifeCycle took to complete: 0ms
05-31 20:48:50.176 W/Looper ( 754): Drained
05-31 20:48:50.176 D/SystemServerTimingAsync( 754): ssm.onUnlockingUser-0_com.android.server.LooperStatsService$Lifecycle
05-31 20:48:50.176 V/SystemServerTimingAsync( 754): ssm.onUnlockingUser-0_com.android.server.LooperStatsService$Lifecycle took to complete: 0ms
05-31 20:48:50.176 D/SystemServerTimingAsync( 754): ssm.onUnlockingUser-0_com.android.server.rollback.RollbackManagerService
05-31 20:48:50.177 V/SystemServerTimingAsync( 754): ssm.onUnlockingUser-0_com.android.server.rollback.RollbackManagerService took to complete: 1ms
05-31 20:48:50.177 D/SystemServerTimingAsync( 754): ssm.onUnlockingUser-0_com.android.server.os.NativeTombstoneManagerService
05-31 20:48:50.177 V/SystemServerTimingAsync( 754): ssm.onUnlockingUser-0_com.android.server.os.NativeTombstoneManagerService took to complete: 0ms
05-31 20:48:50.177 D/SystemServerTimingAsync( 754): ssm.onUnlockingUser-0_com.android.server.os.BugreportManagerService
05-31 20:48:50.177 V/SystemServerTimingAsync( 754): ssm.onUnlockingUser-0_com.android.server.os.BugreportManagerService took to complete: 0ms
05-31 20:48:50.177 D/SystemServerTimingAsync( 754): ssm.onUnlockingUser-0_com.android.server.gpu.GpuService
05-31 20:48:50.177 V/SystemServerTimingAsync( 754): ssm.onUnlockingUser-0_com.android.server.gpu.GpuService took to complete: 0ms
05-31 20:48:50.177 D/SystemServerTimingAsync( 754): ssm.onUnlockingUser-0_com.android.server.security.rkp.RemoteProvisioningService
05-31 20:48:50.177 V/SystemServerTimingAsync( 754): ssm.onUnlockingUser-0_com.android.server.security.rkp.RemoteProvisioningService took to complete: 0ms
05-31 20:48:50.177 D/SystemServerTimingAsync( 754): ssm.onUnlockingUser-0_com.android.server.cpu.CpuMonitorService
05-31 20:48:50.177 V/SystemServerTimingAsync( 754): ssm.onUnlockingUser-0_com.android.server.cpu.CpuMonitorService took to complete: 0ms
05-31 20:48:50.177 D/SystemServerTimingAsync( 754): ssm.onUnlockingUser-0_com.android.server.security.KeyChainSystemService
05-31 20:48:50.177 V/SystemServerTimingAsync( 754): ssm.onUnlockingUser-0_com.android.server.security.KeyChainSystemService took to complete: 0ms
05-31 20:48:50.177 D/SystemServerTimingAsync( 754): ssm.onUnlockingUser-0_com.android.server.BinaryTransparencyService
05-31 20:48:50.177 V/SystemServerTimingAsync( 754): ssm.onUnlockingUser-0_com.android.server.BinaryTransparencyService took to complete: 0ms
05-31 20:48:50.177 D/SystemServerTimingAsync( 754): ssm.onUnlockingUser-0_com.android.server.accounts.AccountManagerService$Lifecycle
05-31 20:48:50.177 V/SystemServerTimingAsync( 754): ssm.onUnlockingUser-0_com.android.server.accounts.AccountManagerService$Lifecycle took to complete: 0ms
05-31 20:48:50.177 D/SystemServerTimingAsync( 754): ssm.onUnlockingUser-0_com.android.server.content.ContentService$Lifecycle
05-31 20:48:50.178 V/SystemServerTimingAsync( 754): ssm.onUnlockingUser-0_com.android.server.content.ContentService$Lifecycle took to complete: 1ms
05-31 20:48:50.178 D/SystemServerTimingAsync( 754): ssm.onUnlockingUser-0_com.android.server.deviceconfig.DeviceConfigInit$Lifecycle
05-31 20:48:50.178 V/SystemServerTimingAsync( 754): ssm.onUnlockingUser-0_com.android.server.deviceconfig.DeviceConfigInit$Lifecycle took to complete: 0ms
05-31 20:48:50.178 D/SystemServerTimingAsync( 754): ssm.onUnlockingUser-0_com.android.server.DropBoxManagerService
05-31 20:48:50.178 V/SystemServerTimingAsync( 754): ssm.onUnlockingUser-0_com.android.server.DropBoxManagerService took to complete: 0ms
05-31 20:48:50.178 D/SystemServerTimingAsync( 754): ssm.onUnlockingUser-0_com.android.role.RoleService
