05-31 20:48:26.333 D/PackageManager( 754): Instant App installer not found with android.intent.action.INSTALL_INSTANT_APP_PACKAGE
05-31 20:48:26.333 D/PackageManager( 754): Clear ephemeral installer activity
05-31 20:48:26.338 D/PackageManagerTiming( 754): GC
05-31 20:48:26.338 V/PackageManagerTiming( 754): GC took to complete: 0ms
05-31 20:48:26.338 I/PackageManager( 754): Fix for b/169414761 is applied
05-31 20:48:26.338 V/PackageManagerTiming( 754): create package manager took to complete: 3246ms
05-31 20:48:26.339 W/PackageManager( 754): Skipping preparing app data for com.android.configinfrastructure
05-31 20:48:26.339 W/PackageManager( 754): Skipping preparing app data for com.android.appsearch
05-31 20:48:26.339 W/PackageManager( 754): Skipping preparing app data for com.android.adservices
05-31 20:48:26.339 W/PackageManager( 754): Skipping preparing app data for com.android.scheduling
05-31 20:48:26.339 W/PackageManager( 754): Skipping preparing app data for com.google.android.widevine.nonupdatable
05-31 20:48:26.339 V/UserSystemPackageInstaller( 754): Checking that all system packages are whitelisted.
05-31 20:48:26.340 W/UserSystemPackageInstaller( 754): checkWhitelistedSystemPackages(mode=d) has 1 warnings:
05-31 20:48:26.340 W/UserSystemPackageInstaller( 754): com.android.settings is allowlisted but not present.
05-31 20:48:26.340 I/UserSystemPackageInstaller( 754): Reviewing whitelisted packages due to [firstBoot]
05-31 20:48:26.341 W/PackageManager( 754): Skipping preparing app data for com.android.permission
05-31 20:48:26.342 W/PackageManager( 754): Skipping preparing app data for com.android.art
05-31 20:48:26.342 W/PackageManager( 754): Skipping preparing app data for com.android.uwb
05-31 20:48:26.342 W/PackageManager( 754): Skipping preparing app data for com.android.tethering
05-31 20:48:26.342 W/PackageManager( 754): Skipping preparing app data for com.android.btservices
05-31 20:48:26.342 W/PackageManager( 754): Skipping preparing app data for com.android.media.swcodec
05-31 20:48:26.342 W/PackageManager( 754): Skipping preparing app data for com.android.conscrypt
05-31 20:48:26.342 W/PackageManager( 754): Skipping preparing app data for com.android.adbd
05-31 20:48:26.343 W/PackageManager( 754): Skipping preparing app data for com.android.i18n
05-31 20:48:26.343 W/PackageManager( 754): Skipping preparing app data for com.android.rkpd
05-31 20:48:26.343 W/PackageManager( 754): Skipping preparing app data for com.android.virt
05-31 20:48:26.343 W/PackageManager( 754): Skipping preparing app data for com.android.wifi
05-31 20:48:26.343 W/PackageManager( 754): Skipping preparing app data for com.android.runtime
05-31 20:48:26.343 W/PackageManager( 754): Skipping preparing app data for com.android.devicelock
05-31 20:48:26.343 W/PackageManager( 754): Skipping preparing app data for com.android.apex.cts.shim
05-31 20:48:26.343 W/PackageManager( 754): Skipping preparing app data for com.android.neuralnetworks
05-31 20:48:26.343 W/PackageManager( 754): Skipping preparing app data for com.android.healthfitness
05-31 20:48:26.343 W/PackageManager( 754): Skipping preparing app data for com.android.resolv
05-31 20:48:26.343 W/PackageManager( 754): Skipping preparing app data for com.android.sdkext
05-31 20:48:26.344 W/PackageManager( 754): Skipping preparing app data for com.android.tzdata
05-31 20:48:26.344 W/PackageManager( 754): Skipping preparing app data for com.android.vndk.v34
05-31 20:48:26.344 W/PackageManager( 754): Skipping preparing app data for com.android.os.statsd
05-31 20:48:26.344 W/PackageManager( 754): Skipping preparing app data for com.android.extservices
05-31 20:48:26.344 W/PackageManager( 754): Skipping preparing app data for com.amlogic.mediaextractor
05-31 20:48:26.346 W/PackageManager( 754): Skipping preparing app data for com.android.ipsec
05-31 20:48:26.347 W/PackageManager( 754): Skipping preparing app data for com.android.media
05-31 20:48:26.347 W/PackageManager( 754): Skipping preparing app data for com.android.sdksandbox
05-31 20:48:26.347 W/PackageManager( 754): Skipping preparing app data for com.android.mediaprovider
05-31 20:48:26.347 W/PackageManager( 754): Skipping preparing app data for com.android.ondevicepersonalization
05-31 20:48:26.348 I/Watchdog( 754): Resuming HandlerChecker: main thread for reason: packagemanagermain. Pause count: 0
05-31 20:48:26.349 V/SystemServerTiming( 754): StartPackageManagerService took to complete: 3258ms
05-31 20:48:26.349 D/SystemServerTiming( 754): DexUseManagerLocal
05-31 20:48:26.351 V/SystemServerTiming( 754): DexUseManagerLocal took to complete: 3ms
05-31 20:48:26.352 D/SystemServerTiming( 754): StartOtaDexOptService
05-31 20:48:26.352 I/Watchdog( 754): Pausing HandlerChecker: main thread for reason: moveab. Pause count: 1
05-31 20:48:26.353 D/OTADexopt( 754): No upgrade, skipping A/B artifacts check.
05-31 20:48:26.353 I/Watchdog( 754): Resuming HandlerChecker: main thread for reason: moveab. Pause count: 0
05-31 20:48:26.353 V/SystemServerTiming( 754): StartOtaDexOptService took to complete: 1ms
05-31 20:48:26.353 D/SystemServerTiming( 754): StartUserManagerService
05-31 20:48:26.353 I/SystemServiceManager( 754): Starting com.android.server.pm.UserManagerService$LifeCycle
05-31 20:48:26.354 V/SystemServerTiming( 754): StartUserManagerService took to complete: 1ms
05-31 20:48:26.354 D/SystemServerTiming( 754): InitAttributerCache
05-31 20:48:26.354 V/SystemServerTiming( 754): InitAttributerCache took to complete: 0ms
05-31 20:48:26.354 D/SystemServerTiming( 754): SetSystemProcess
05-31 20:48:26.360 V/HistoricalRegistry( 754): Interaction before persistence initialized
05-31 20:48:26.361 V/HistoricalRegistry( 754): Interaction before persistence initialized
05-31 20:48:26.365 I/ActivityManager( 754): Connection with lmkd established
05-31 20:48:26.367 V/SystemServerTiming( 754): SetSystemProcess took to complete: 13ms
05-31 20:48:26.368 V/HistoricalRegistry( 754): Interaction before persistence initialized
05-31 20:48:26.370 D/CompatibilityChangeReporter( 754): Compat change id reported: 161145287; UID 1000; state: ENABLED
05-31 20:48:26.370 D/CompatibilityChangeReporter( 754): Compat change id reported: 161145287; UID 1000; state: DISABLED
05-31 20:48:26.371 D/SystemServerTiming( 754): InitWatchdog
05-31 20:48:26.372 V/SystemServerTiming( 754): InitWatchdog took to complete: 0ms
05-31 20:48:26.373 D/SystemServerTiming( 754): StartOverlayManagerService
05-31 20:48:26.477 V/SystemServerTiming( 754): StartOverlayManagerService took to complete: 105ms
05-31 20:48:26.478 D/SystemServerTiming( 754): StartResourcesManagerService
05-31 20:48:26.478 W/BroadcastLoopers( 754): Found previously unknown looper Thread[android.fg,5,main]
05-31 20:48:26.481 V/SystemServerTiming( 754): StartResourcesManagerService took to complete: 3ms
05-31 20:48:26.481 D/SystemServerTiming( 754): StartSensorPrivacyService
05-31 20:48:26.490 V/SystemServerTiming( 754): StartSensorPrivacyService took to complete: 9ms
05-31 20:48:26.490 D/SystemServerTiming( 754): StartSensorService
05-31 20:48:26.491 I/SystemServiceManager( 754): Starting com.android.server.sensors.SensorService
05-31 20:48:26.493 V/SystemServerTiming( 754): StartSensorService took to complete: 2ms
05-31 20:48:26.493 V/SystemServerTiming( 754): startBootstrapServices took to complete: 3779ms
05-31 20:48:26.493 D/SystemServerTiming( 754): startCoreServices
05-31 20:48:26.493 D/SystemServerTiming( 754): StartSystemConfigService
05-31 20:48:26.494 I/SystemServiceManager( 754): Starting com.android.server.SystemConfigService
05-31 20:48:26.494 D/SystemServerTimingAsync( 754): InitThreadPoolExec:StartNativeSensorService
05-31 20:48:26.494 D/SystemServerInitThreadPool( 754): Started executing StartNativeSensorService
05-31 20:48:26.494 D/SystemServerTimingAsync( 754): StartNativeSensorService
05-31 20:48:26.496 V/SystemServerTiming( 754): StartSystemConfigService took to complete: 2ms
05-31 20:48:26.505 I/[0 T231 ..] servicemanager( 0): Could not find android.hardware.sensors.ISensors/default in the VINTF manifest.
05-31 20:48:26.497 D/SystemServerTiming( 754): StartBatteryService
05-31 20:48:26.497 I/SystemServiceManager( 754): Starting com.android.server.BatteryService
05-31 20:48:26.514 I/[0 T231 ..] servicemanager( 0): Found android.hardware.health.IHealth/default in device VINTF manifest.
05-31 20:48:26.514 V/SystemServerTimingAsync( 754): StartNativeSensorService took to complete: 20ms
05-31 20:48:26.514 D/SystemServerInitThreadPool( 754): Finished executing StartNativeSensorService
05-31 20:48:26.514 V/SystemServerTimingAsync( 754): InitThreadPoolExec:StartNativeSensorService took to complete: 20ms
05-31 20:48:26.529 W/[1 T508 ..] healthd( 0): battery none chg=
05-31 20:48:26.522 I/HealthServiceWrapperAidl( 754): health: HealthServiceWrapper listening to AIDL HAL
05-31 20:48:26.522 I/BatteryService( 754): health: Waited 1ms and received the update.
05-31 20:48:26.583 W/SystemServiceManager( 754): Service com.android.server.BatteryService took 81 ms in onStart
05-31 20:48:26.583 V/SystemServerTiming( 754): StartBatteryService took to complete: 86ms
05-31 20:48:26.583 D/SystemServerTiming( 754): StartUsageService
05-31 20:48:26.583 I/SystemServiceManager( 754): Starting com.android.server.usage.UsageStatsService
05-31 20:48:26.605 V/SystemServerTiming( 754): StartUsageService took to complete: 22ms
05-31 20:48:26.605 D/SystemServerTiming( 754): StartWebViewUpdateService
05-31 20:48:26.606 I/SystemServiceManager( 754): Starting com.android.server.webkit.WebViewUpdateService
05-31 20:48:26.610 V/SystemServerTiming( 754): StartWebViewUpdateService took to complete: 4ms
05-31 20:48:26.610 D/SystemServerTiming( 754): StartCachedDeviceStateService
05-31 20:48:26.610 I/SystemServiceManager( 754): Starting com.android.server.CachedDeviceStateService
05-31 20:48:26.611 V/SystemServerTiming( 754): StartCachedDeviceStateService took to complete: 1ms
05-31 20:48:26.611 D/SystemServerTiming( 754): StartBinderCallsStatsService
05-31 20:48:26.611 I/SystemServiceManager( 754): Starting com.android.server.BinderCallsStatsService$LifeCycle
05-31 20:48:26.613 V/SystemServerTiming( 754): StartBinderCallsStatsService took to complete: 2ms
05-31 20:48:26.613 D/SystemServerTiming( 754): StartLooperStatsService
05-31 20:48:26.613 I/SystemServiceManager( 754): Starting com.android.server.LooperStatsService$Lifecycle
05-31 20:48:26.615 V/SystemServerTiming( 754): StartLooperStatsService took to complete: 2ms
05-31 20:48:26.615 D/SystemServerTiming( 754): StartRollbackManagerService
05-31 20:48:26.615 I/SystemServiceManager( 754): Starting com.android.server.rollback.RollbackManagerService
05-31 20:48:26.623 I/PackageWatchdog( 754): Syncing state, reason: added new observer
05-31 20:48:26.623 I/PackageWatchdog( 754): Not pruning observers, elapsed time: 0ms
05-31 20:48:26.623 I/PackageWatchdog( 754): Cancelling state sync, nothing to sync
05-31 20:48:26.626 I/PackageWatchdog( 754): Saving observer state to file
05-31 20:48:26.627 E/[1 T718 ..] [snd-soc]( 0): aml_audio_set_spdif_mute(), no pinctrl
05-31 20:48:26.641 V/SystemServerTiming( 754): StartRollbackManagerService took to complete: 26ms
05-31 20:48:26.641 D/SystemServerTiming( 754): StartNativeTombstoneManagerService
05-31 20:48:26.642 I/SystemServiceManager( 754): Starting com.android.server.os.NativeTombstoneManagerService
05-31 20:48:26.652 I/[3 T231 ..] servicemanager( 0): Found vendor.amlogic.hardware.droidaudio.IDroidAudio/default in framework VINTF manifest.
05-31 20:48:26.645 V/SystemServerTiming( 754): StartNativeTombstoneManagerService took to complete: 3ms
05-31 20:48:26.645 D/SystemServerTiming( 754): StartBugreportManagerService
05-31 20:48:26.646 I/SystemServiceManager( 754): Starting com.android.server.os.BugreportManagerService
05-31 20:48:26.647 V/SystemServerTiming( 754): StartBugreportManagerService took to complete: 1ms
05-31 20:48:26.647 D/SystemServerTiming( 754): GpuService
05-31 20:48:26.647 I/SystemServiceManager( 754): Starting com.android.server.gpu.GpuService
05-31 20:48:26.647 V/SystemServerTiming( 754): GpuService took to complete: 0ms
05-31 20:48:26.647 D/SystemServerTiming( 754): StartRemoteProvisioningService
05-31 20:48:26.648 I/SystemServiceManager( 754): Starting com.android.server.security.rkp.RemoteProvisioningService
05-31 20:48:26.649 V/SystemServerTiming( 754): StartRemoteProvisioningService took to complete: 1ms
05-31 20:48:26.649 D/SystemServerTiming( 754): CpuMonitorService
05-31 20:48:26.649 I/SystemServiceManager( 754): Starting com.android.server.cpu.CpuMonitorService
05-31 20:48:26.665 V/SLog ( 754): static_init took to complete: 1ms
05-31 20:48:26.665 I/CpuMonitorService( 754): Starting debug monitoring
05-31 20:48:26.665 V/SystemServerTiming( 754): CpuMonitorService took to complete: 16ms
05-31 20:48:26.665 V/SystemServerTiming( 754): startCoreServices took to complete: 171ms
05-31 20:48:26.665 D/SystemServerTiming( 754): startOtherServices
05-31 20:48:26.666 D/SystemServerTiming( 754): StartKeyAttestationApplicationIdProviderService
05-31 20:48:26.667 V/SystemServerTiming( 754): StartKeyAttestationApplicationIdProviderService took to complete: 1ms
05-31 20:48:26.667 D/SystemServerTiming( 754): StartKeyChainSystemService
05-31 20:48:26.668 I/SystemServiceManager( 754): Starting com.android.server.security.KeyChainSystemService
05-31 20:48:26.668 V/SystemServerTiming( 754): StartKeyChainSystemService took to complete: 1ms
05-31 20:48:26.669 D/SystemServerTiming( 754): StartBinaryTransparencyService
05-31 20:48:26.669 D/SystemServerTimingAsync( 754): InitThreadPoolExec:SecondaryZygotePreload
05-31 20:48:26.669 I/SystemServiceManager( 754): Starting com.android.server.BinaryTransparencyService
05-31 20:48:26.669 D/SystemServerInitThreadPool( 754): Started executing SecondaryZygotePreload
05-31 20:48:26.669 I/SystemServer( 754): SecondaryZygotePreload
05-31 20:48:26.669 D/SystemServerTimingAsync( 754): SecondaryZygotePreload
05-31 20:48:26.675 I/TransparencyService( 754): Started BinaryTransparencyService
05-31 20:48:26.675 V/SystemServerTiming( 754): StartBinaryTransparencyService took to complete: 6ms
05-31 20:48:26.675 D/SystemServerTiming( 754): StartSchedulingPolicyService
05-31 20:48:26.677 W/CpuMonitorService( 754): Skipping reading from device and returning the last read CpuInfos. Last read was 11 ms ago, min read interval is 500 ms
05-31 20:48:26.678 V/SystemServerTiming( 754): StartSchedulingPolicyService took to complete: 3ms
05-31 20:48:26.678 D/SystemServerTiming( 754): StartTelephonyRegistry
05-31 20:48:26.678 D/SystemServerTimingAsync( 754): InitThreadPoolExec:SchedulingPolicyService.
05-31 20:48:26.678 D/SystemServerInitThreadPool( 754): Started executing SchedulingPolicyService.
05-31 20:48:26.680 V/SystemServerTiming( 754): StartTelephonyRegistry took to complete: 2ms
05-31 20:48:26.680 D/SystemServerTiming( 754): StartEntropyMixer
05-31 20:48:26.687 E/SystemServer( 754): Unable to preload default resources for secondary
05-31 20:48:26.687 V/SystemServerTimingAsync( 754): SecondaryZygotePreload took to complete: 17ms
05-31 20:48:26.687 D/SystemServerInitThreadPool( 754): Finished executing SecondaryZygotePreload
05-31 20:48:26.687 V/SystemServerTimingAsync( 754): InitThreadPoolExec:SecondaryZygotePreload took to complete: 18ms
05-31 20:48:26.692 D/SystemServerInitThreadPool( 754): Finished executing SchedulingPolicyService.
05-31 20:48:26.692 V/SystemServerTimingAsync( 754): InitThreadPoolExec:SchedulingPolicyService. took to complete: 14ms
05-31 20:48:26.698 I/EntropyMixer( 754): Created seed file
05-31 20:48:26.699 V/SystemServerTiming( 754): StartEntropyMixer took to complete: 19ms
05-31 20:48:26.699 D/SystemServerTiming( 754): StartAccountManagerService
05-31 20:48:26.699 I/SystemServiceManager( 754): Starting com.android.server.accounts.AccountManagerService$Lifecycle
05-31 20:48:26.708 V/SystemServerTiming( 754): StartAccountManagerService took to complete: 9ms
05-31 20:48:26.708 D/SystemServerTiming( 754): StartContentService
05-31 20:48:26.708 I/SystemServiceManager( 754): Starting com.android.server.content.ContentService$Lifecycle
05-31 20:48:26.713 V/SystemServerTiming( 754): StartContentService took to complete: 5ms
05-31 20:48:26.713 D/SystemServerTiming( 754): InstallSystemProviders
05-31 20:48:26.793 V/SystemServerTimingAsync( 754): AppDataPrepare took to complete: 529ms
05-31 20:48:26.793 I/PackageManager( 754): Deferred reconcileAppsData finished 126 packages
05-31 20:48:26.793 D/SystemServerInitThreadPool( 754): Finished executing prepareAppData
05-31 20:48:26.793 V/SystemServerTimingAsync( 754): InitThreadPoolExec:prepareAppData took to complete: 532ms
05-31 20:48:26.800 W/SettingsState( 754): No settings state /data/system/users/0/settings_system.xml
05-31 20:48:26.805 W/SettingsState( 754): No settings state /data/system/users/0/settings_secure.xml
05-31 20:48:26.808 D/SettingsProvider( 754): Generated and saved new ANDROID_ID [6a46cd83bd92f853] for user 0
05-31 20:48:26.811 W/SettingsState( 754): No settings state /data/system/users/0/settings_global.xml
05-31 20:48:26.820 D/SettingsProvider( 754): Setting [] as Autofill Service for user 0
05-31 20:48:26.838 W/SettingsState( 754): No settings state /data/system/users/0/settings_config.xml
05-31 20:48:26.839 W/SettingsState( 754): No settings state /data/system/users/0/settings_ssaid.xml
05-31 20:48:26.858 D/ActivityManager( 754): Checking cgroup freezer: /sys/fs/cgroup/uid_0/pid_492/cgroup.freeze
05-31 20:48:26.859 D/ActivityManager( 754): Checking binder freezer ioctl
05-31 20:48:26.859 D/ActivityManager( 754): Checking freezer profiles
05-31 20:48:26.859 D/ActivityManager( 754): Freezer supported: true
05-31 20:48:26.859 D/ActivityManager( 754): Freezer timeout set to 10000
05-31 20:48:26.859 D/ActivityManager( 754): Freezer exemption set to true
05-31 20:48:26.860 D/ActivityManager( 754): Freezer enabled
05-31 20:48:26.860 D/ActivityManager( 754): freezer override set to false
05-31 20:48:26.861 I/SystemServiceManager( 754): Starting com.android.server.deviceconfig.DeviceConfigInit$Lifecycle
05-31 20:48:26.861 V/SystemServerTiming( 754): InstallSystemProviders took to complete: 148ms
05-31 20:48:26.861 D/SystemServerTiming( 754): StartDropBoxManager
05-31 20:48:26.861 I/SystemServiceManager( 754): Starting com.android.server.DropBoxManagerService
05-31 20:48:26.863 V/SystemServerTiming( 754): StartDropBoxManager took to complete: 2ms
05-31 20:48:26.863 D/SystemServerTiming( 754): StartRoleManagerService
05-31 20:48:26.864 I/SystemServiceManager( 754): Starting com.android.role.RoleService
05-31 20:48:26.867 V/SystemServerTiming( 754): StartRoleManagerService took to complete: 4ms
05-31 20:48:26.867 D/SystemServerTiming( 754): StartVibratorManagerService
05-31 20:48:26.868 I/SystemServiceManager( 754): Starting com.android.server.vibrator.VibratorManagerService$Lifecycle
05-31 20:48:26.885 I/[0 T231 ..] servicemanager( 0): Could not find android.hardware.vibrator.IVibratorManager/default in the VINTF manifest.
05-31 20:48:26.878 V/SystemServerTiming( 754): StartVibratorManagerService took to complete: 11ms
05-31 20:48:26.878 D/SystemServerTiming( 754): StartDynamicSystemService
05-31 20:48:26.878 V/SystemServerTiming( 754): StartDynamicSystemService took to complete: 1ms
05-31 20:48:26.879 D/SystemServerTiming( 754): StartResourceEconomy
05-31 20:48:26.879 I/SystemServiceManager( 754): Starting com.android.server.tare.InternalResourceService
05-31 20:48:26.886 V/SystemServerTiming( 754): StartResourceEconomy took to complete: 7ms
05-31 20:48:26.886 D/SystemServerTiming( 754): StartAlarmManagerService
05-31 20:48:26.887 I/SystemServiceManager( 754): Starting com.android.server.alarm.AlarmManagerService
05-31 20:48:26.898 V/SystemServerTiming( 754): StartAlarmManagerService took to complete: 12ms
05-31 20:48:26.898 D/SystemServerTiming( 754): StartInputManagerService
05-31 20:48:26.909 I/InputManager( 754): Initializing input manager, mUseDevInputEventForAudioJack=false
05-31 20:48:26.910 V/SystemServerTiming( 754): StartInputManagerService took to complete: 12ms
05-31 20:48:26.910 D/SystemServerTiming( 754): DeviceStateManagerService
05-31 20:48:26.911 I/SystemServiceManager( 754): Starting com.android.server.devicestate.DeviceStateManagerService
05-31 20:48:26.917 E/DeviceStateManagerService( 754): Cannot notify device state info change before the initial state has been committed.
05-31 20:48:26.918 I/DeviceStateManagerService( 754): Cannot notify device state info change when pending state is present.
05-31 20:48:26.920 V/SystemServerTiming( 754): DeviceStateManagerService took to complete: 9ms
05-31 20:48:26.920 D/SystemServerTiming( 754): StartCameraServiceProxy
05-31 20:48:26.920 I/SystemServiceManager( 754): Starting com.android.server.camera.CameraServiceProxy
05-31 20:48:26.923 V/SystemServerTiming( 754): StartCameraServiceProxy took to complete: 3ms
05-31 20:48:26.923 D/SystemServerTiming( 754): StartWindowManagerService
05-31 20:48:26.923 I/SystemServiceManager( 754): Starting phase 200
05-31 20:48:26.923 D/SystemServerTiming( 754): OnBootPhase_200
05-31 20:48:26.923 D/SystemServerTiming( 754): OnBootPhase_200_com.android.server.security.FileIntegrityService
05-31 20:48:26.923 V/SystemServerTiming( 754): OnBootPhase_200_com.android.server.security.FileIntegrityService took to complete: 0ms
05-31 20:48:26.923 D/SystemServerTiming( 754): OnBootPhase_200_com.android.server.pm.Installer
05-31 20:48:26.923 V/SystemServerTiming( 754): OnBootPhase_200_com.android.server.pm.Installer took to complete: 0ms
05-31 20:48:26.923 D/SystemServerTiming( 754): OnBootPhase_200_com.android.server.os.DeviceIdentifiersPolicyService
05-31 20:48:26.923 V/SystemServerTiming( 754): OnBootPhase_200_com.android.server.os.DeviceIdentifiersPolicyService took to complete: 0ms
05-31 20:48:26.924 D/SystemServerTiming( 754): OnBootPhase_200_com.android.server.flags.FeatureFlagsService
05-31 20:48:26.924 V/SystemServerTiming( 754): OnBootPhase_200_com.android.server.flags.FeatureFlagsService took to complete: 0ms
05-31 20:48:26.924 D/SystemServerTiming( 754): OnBootPhase_200_com.android.server.uri.UriGrantsManagerService$Lifecycle
05-31 20:48:26.924 V/SystemServerTiming( 754): OnBootPhase_200_com.android.server.uri.UriGrantsManagerService$Lifecycle took to complete: 0ms
05-31 20:48:26.924 D/SystemServerTiming( 754): OnBootPhase_200_com.android.server.powerstats.PowerStatsService
05-31 20:48:26.924 V/SystemServerTiming( 754): OnBootPhase_200_com.android.server.powerstats.PowerStatsService took to complete: 0ms
05-31 20:48:26.924 D/SystemServerTiming( 754): OnBootPhase_200_com.android.server.permission.access.AccessCheckingService
05-31 20:48:26.924 V/SystemServerTiming( 754): OnBootPhase_200_com.android.server.permission.access.AccessCheckingService took to complete: 0ms
05-31 20:48:26.924 D/SystemServerTiming( 754): OnBootPhase_200_com.android.server.wm.ActivityTaskManagerService$Lifecycle
05-31 20:48:26.924 V/SystemServerTiming( 754): OnBootPhase_200_com.android.server.wm.ActivityTaskManagerService$Lifecycle took to complete: 0ms
05-31 20:48:26.924 D/SystemServerTiming( 754): OnBootPhase_200_com.android.server.am.ActivityManagerService$Lifecycle
05-31 20:48:26.924 V/SystemServerTiming( 754): OnBootPhase_200_com.android.server.am.ActivityManagerService$Lifecycle took to complete: 0ms
05-31 20:48:26.924 D/SystemServerTiming( 754): OnBootPhase_200_com.android.server.pm.DataLoaderManagerService
05-31 20:48:26.924 V/SystemServerTiming( 754): OnBootPhase_200_com.android.server.pm.DataLoaderManagerService took to complete: 0ms
05-31 20:48:26.924 D/SystemServerTiming( 754): OnBootPhase_200_com.android.server.power.PowerManagerService
05-31 20:48:26.924 V/SystemServerTiming( 754): OnBootPhase_200_com.android.server.power.PowerManagerService took to complete: 0ms
05-31 20:48:26.924 D/SystemServerTiming( 754): OnBootPhase_200_com.android.server.power.ThermalManagerService
05-31 20:48:26.924 V/SystemServerTiming( 754): OnBootPhase_200_com.android.server.power.ThermalManagerService took to complete: 0ms
05-31 20:48:26.924 D/SystemServerTiming( 754): OnBootPhase_200_com.android.server.power.hint.HintManagerService
05-31 20:48:26.924 V/SystemServerTiming( 754): OnBootPhase_200_com.android.server.power.hint.HintManagerService took to complete: 0ms
05-31 20:48:26.924 D/SystemServerTiming( 754): OnBootPhase_200_com.android.server.recoverysystem.RecoverySystemService$Lifecycle
05-31 20:48:26.924 V/SystemServerTiming( 754): OnBootPhase_200_com.android.server.recoverysystem.RecoverySystemService$Lifecycle took to complete: 0ms
05-31 20:48:26.924 D/SystemServerTiming( 754): OnBootPhase_200_com.android.server.lights.LightsService
05-31 20:48:26.924 V/SystemServerTiming( 754): OnBootPhase_200_com.android.server.lights.LightsService took to complete: 0ms
05-31 20:48:26.924 D/SystemServerTiming( 754): OnBootPhase_200_com.android.server.display.DisplayManagerService
05-31 20:48:26.924 V/SystemServerTiming( 754): OnBootPhase_200_com.android.server.display.DisplayManagerService took to complete: 0ms
05-31 20:48:26.924 D/SystemServerTiming( 754): OnBootPhase_200_com.android.server.pm.verify.domain.DomainVerificationService
05-31 20:48:26.924 V/SystemServerTiming( 754): OnBootPhase_200_com.android.server.pm.verify.domain.DomainVerificationService took to complete: 0ms
05-31 20:48:26.924 D/SystemServerTiming( 754): OnBootPhase_200_com.android.server.pm.PackageInstallerService$Lifecycle
05-31 20:48:26.924 V/SystemServerTiming( 754): OnBootPhase_200_com.android.server.pm.PackageInstallerService$Lifecycle took to complete: 0ms
05-31 20:48:26.924 D/SystemServerTiming( 754): OnBootPhase_200_com.android.server.pm.UserManagerService$LifeCycle
05-31 20:48:26.924 V/SystemServerTiming( 754): OnBootPhase_200_com.android.server.pm.UserManagerService$LifeCycle took to complete: 0ms
05-31 20:48:26.924 D/SystemServerTiming( 754): OnBootPhase_200_com.android.server.om.OverlayManagerService
05-31 20:48:26.924 V/SystemServerTiming( 754): OnBootPhase_200_com.android.server.om.OverlayManagerService took to complete: 0ms
05-31 20:48:26.924 D/SystemServerTiming( 754): OnBootPhase_200_com.android.server.resources.ResourcesManagerService
05-31 20:48:26.924 V/SystemServerTiming( 754): OnBootPhase_200_com.android.server.resources.ResourcesManagerService took to complete: 0ms
05-31 20:48:26.924 D/SystemServerTiming( 754): OnBootPhase_200_com.android.server.sensorprivacy.SensorPrivacyService
05-31 20:48:26.924 V/SystemServerTiming( 754): OnBootPhase_200_com.android.server.sensorprivacy.SensorPrivacyService took to complete: 0ms
05-31 20:48:26.924 D/SystemServerTiming( 754): OnBootPhase_200_com.android.server.sensors.SensorService
05-31 20:48:26.924 V/SystemServerTiming( 754): OnBootPhase_200_com.android.server.sensors.SensorService took to complete: 0ms
05-31 20:48:26.924 D/SystemServerTiming( 754): OnBootPhase_200_com.android.server.SystemConfigService
05-31 20:48:26.924 V/SystemServerTiming( 754): OnBootPhase_200_com.android.server.SystemConfigService took to complete: 0ms
05-31 20:48:26.924 D/SystemServerTiming( 754): OnBootPhase_200_com.android.server.BatteryService
05-31 20:48:26.924 V/SystemServerTiming( 754): OnBootPhase_200_com.android.server.BatteryService took to complete: 0ms
05-31 20:48:26.925 D/SystemServerTiming( 754): OnBootPhase_200_com.android.server.usage.UsageStatsService
05-31 20:48:26.925 V/SystemServerTiming( 754): OnBootPhase_200_com.android.server.usage.UsageStatsService took to complete: 0ms
05-31 20:48:26.925 D/SystemServerTiming( 754): OnBootPhase_200_com.android.server.webkit.WebViewUpdateService
05-31 20:48:26.925 V/SystemServerTiming( 754): OnBootPhase_200_com.android.server.webkit.WebViewUpdateService took to complete: 0ms
05-31 20:48:26.925 D/SystemServerTiming( 754): OnBootPhase_200_com.android.server.CachedDeviceStateService
05-31 20:48:26.925 V/SystemServerTiming( 754): OnBootPhase_200_com.android.server.CachedDeviceStateService took to complete: 0ms
05-31 20:48:26.925 D/SystemServerTiming( 754): OnBootPhase_200_com.android.server.BinderCallsStatsService$LifeCycle
05-31 20:48:26.925 V/SystemServerTiming( 754): OnBootPhase_200_com.android.server.BinderCallsStatsService$LifeCycle took to complete: 0ms
05-31 20:48:26.925 D/SystemServerTiming( 754): OnBootPhase_200_com.android.server.LooperStatsService$Lifecycle
05-31 20:48:26.925 V/SystemServerTiming( 754): OnBootPhase_200_com.android.server.LooperStatsService$Lifecycle took to complete: 0ms
05-31 20:48:26.925 D/SystemServerTiming( 754): OnBootPhase_200_com.android.server.rollback.RollbackManagerService
05-31 20:48:26.925 V/SystemServerTiming( 754): OnBootPhase_200_com.android.server.rollback.RollbackManagerService took to complete: 0ms
05-31 20:48:26.925 D/SystemServerTiming( 754): OnBootPhase_200_com.android.server.os.NativeTombstoneManagerService
05-31 20:48:26.925 V/SystemServerTiming( 754): OnBootPhase_200_com.android.server.os.NativeTombstoneManagerService took to complete: 0ms
05-31 20:48:26.925 D/SystemServerTiming( 754): OnBootPhase_200_com.android.server.os.BugreportManagerService
05-31 20:48:26.925 V/SystemServerTiming( 754): OnBootPhase_200_com.android.server.os.BugreportManagerService took to complete: 0ms
05-31 20:48:26.925 D/SystemServerTiming( 754): OnBootPhase_200_com.android.server.gpu.GpuService
05-31 20:48:26.925 V/SystemServerTiming( 754): OnBootPhase_200_com.android.server.gpu.GpuService took to complete: 0ms
05-31 20:48:26.925 D/SystemServerTiming( 754): OnBootPhase_200_com.android.server.security.rkp.RemoteProvisioningService
05-31 20:48:26.925 V/SystemServerTiming( 754): OnBootPhase_200_com.android.server.security.rkp.RemoteProvisioningService took to complete: 0ms
05-31 20:48:26.925 D/SystemServerTiming( 754): OnBootPhase_200_com.android.server.cpu.CpuMonitorService
05-31 20:48:26.925 V/SystemServerTiming( 754): OnBootPhase_200_com.android.server.cpu.CpuMonitorService took to complete: 0ms
05-31 20:48:26.925 D/SystemServerTiming( 754): OnBootPhase_200_com.android.server.security.KeyChainSystemService
05-31 20:48:26.925 V/SystemServerTiming( 754): OnBootPhase_200_com.android.server.security.KeyChainSystemService took to complete: 0ms
05-31 20:48:26.925 D/SystemServerTiming( 754): OnBootPhase_200_com.android.server.BinaryTransparencyService
05-31 20:48:26.925 V/SystemServerTiming( 754): OnBootPhase_200_com.android.server.BinaryTransparencyService took to complete: 0ms
05-31 20:48:26.925 D/SystemServerTiming( 754): OnBootPhase_200_com.android.server.accounts.AccountManagerService$Lifecycle
05-31 20:48:26.925 V/SystemServerTiming( 754): OnBootPhase_200_com.android.server.accounts.AccountManagerService$Lifecycle took to complete: 0ms
05-31 20:48:26.925 D/SystemServerTiming( 754): OnBootPhase_200_com.android.server.content.ContentService$Lifecycle
05-31 20:48:26.925 V/SystemServerTiming( 754): OnBootPhase_200_com.android.server.content.ContentService$Lifecycle took to complete: 0ms
05-31 20:48:26.925 D/SystemServerTiming( 754): OnBootPhase_200_com.android.server.deviceconfig.DeviceConfigInit$Lifecycle
05-31 20:48:26.925 V/SystemServerTiming( 754): OnBootPhase_200_com.android.server.deviceconfig.DeviceConfigInit$Lifecycle took to complete: 0ms
05-31 20:48:26.925 D/SystemServerTiming( 754): OnBootPhase_200_com.android.server.DropBoxManagerService
05-31 20:48:26.925 V/SystemServerTiming( 754): OnBootPhase_200_com.android.server.DropBoxManagerService took to complete: 0ms
05-31 20:48:26.925 D/SystemServerTiming( 754): OnBootPhase_200_com.android.role.RoleService
05-31 20:48:26.925 V/SystemServerTiming( 754): OnBootPhase_200_com.android.role.RoleService took to complete: 0ms
05-31 20:48:26.925 D/SystemServerTiming( 754): OnBootPhase_200_com.android.server.vibrator.VibratorManagerService$Lifecycle
05-31 20:48:26.925 V/SystemServerTiming( 754): OnBootPhase_200_com.android.server.vibrator.VibratorManagerService$Lifecycle took to complete: 0ms
05-31 20:48:26.925 D/SystemServerTiming( 754): OnBootPhase_200_com.android.server.tare.InternalResourceService
05-31 20:48:26.925 V/SystemServerTiming( 754): OnBootPhase_200_com.android.server.tare.InternalResourceService took to complete: 0ms
05-31 20:48:26.925 D/SystemServerTiming( 754): OnBootPhase_200_com.android.server.alarm.AlarmManagerService
05-31 20:48:26.925 V/SystemServerTiming( 754): OnBootPhase_200_com.android.server.alarm.AlarmManagerService took to complete: 0ms
05-31 20:48:26.925 D/SystemServerTiming( 754): OnBootPhase_200_com.android.server.devicestate.DeviceStateManagerService
05-31 20:48:26.925 V/SystemServerTiming( 754): OnBootPhase_200_com.android.server.devicestate.DeviceStateManagerService took to complete: 0ms
05-31 20:48:26.925 D/SystemServerTiming( 754): OnBootPhase_200_com.android.server.camera.CameraServiceProxy
05-31 20:48:26.925 V/SystemServerTiming( 754): OnBootPhase_200_com.android.server.camera.CameraServiceProxy took to complete: 0ms
05-31 20:48:26.925 V/SystemServerTiming( 754): OnBootPhase_200 took to complete: 3ms
05-31 20:48:26.928 I/WindowManager( 754): No existing display settings, starting empty
05-31 20:48:26.929 I/WindowManager( 754): No existing display settings, starting empty
05-31 20:48:26.958 V/SystemServerTiming( 754): StartWindowManagerService took to complete: 35ms
05-31 20:48:26.958 D/SystemServerTiming( 754): SetWindowManagerService
05-31 20:48:27.018 I/ActivityTaskManager( 754): Loaded persisted task ids for user 0
05-31 20:48:27.022 V/SystemServerTiming( 754): SetWindowManagerService took to complete: 63ms
05-31 20:48:27.022 D/SystemServerTiming( 754): WindowManagerServiceOnInitReady
05-31 20:48:27.042 W/BroadcastLoopers( 754): Found previously unknown looper Thread[android.ui,5,main]
05-31 20:48:27.046 V/SystemServerTiming( 754): WindowManagerServiceOnInitReady took to complete: 24ms
05-31 20:48:27.046 D/SystemServerTimingAsync( 754): InitThreadPoolExec:StartISensorManagerService
05-31 20:48:27.046 D/SystemServerInitThreadPool( 754): Started executing StartISensorManagerService
05-31 20:48:27.046 D/SystemServerTimingAsync( 754): InitThreadPoolExec:StartHidlServices
05-31 20:48:27.046 D/SystemServerTimingAsync( 754): StartISensorManagerService
05-31 20:48:27.046 D/SystemServerTiming( 754): StartInputManager
05-31 20:48:27.046 I/InputManager( 754): Starting input manager
05-31 20:48:27.047 D/SystemServerInitThreadPool( 754): Started executing StartHidlServices
05-31 20:48:27.047 D/SystemServerTimingAsync( 754): StartHidlServices
05-31 20:48:27.047 V/SystemServerTiming( 754): StartInputManager took to complete: 1ms
05-31 20:48:27.047 D/SystemServerTiming( 754): DisplayManagerWindowManagerAndInputReady
05-31 20:48:27.047 V/HistoricalRegistry( 754): Interaction before persistence initialized
05-31 20:48:27.048 V/SystemServerTiming( 754): DisplayManagerWindowManagerAndInputReady took to complete: 1ms
05-31 20:48:27.048 D/SystemServerTiming( 754): StartBluetoothService
05-31 20:48:27.050 I/SystemServiceManager( 754): Starting com.android.server.bluetooth.BluetoothService
05-31 20:48:27.050 V/SystemServerTimingAsync( 754): StartISensorManagerService took to complete: 4ms
05-31 20:48:27.050 D/SystemServerInitThreadPool( 754): Finished executing StartISensorManagerService
05-31 20:48:27.050 V/SystemServerTimingAsync( 754): InitThreadPoolExec:StartISensorManagerService took to complete: 4ms
05-31 20:48:27.051 V/SystemServerTimingAsync( 754): StartHidlServices took to complete: 4ms
05-31 20:48:27.051 D/SystemServerInitThreadPool( 754): Finished executing StartHidlServices
05-31 20:48:27.051 V/SystemServerTimingAsync( 754): InitThreadPoolExec:StartHidlServices took to complete: 5ms
05-31 20:48:27.057 V/SystemServerTiming( 754): StartBluetoothService took to complete: 9ms
05-31 20:48:27.057 D/SystemServerTiming( 754): IpConnectivityMetrics
05-31 20:48:27.057 I/SystemServiceManager( 754): Starting com.android.server.connectivity.IpConnectivityMetrics
05-31 20:48:27.058 V/SystemServerTiming( 754): IpConnectivityMetrics took to complete: 1ms
05-31 20:48:27.058 D/SystemServerTiming( 754): NetworkWatchlistService
05-31 20:48:27.058 I/SystemServiceManager( 754): Starting com.android.server.net.watchlist.NetworkWatchlistService$Lifecycle
05-31 20:48:27.064 I/WatchlistLoggingHandler( 754): Start aggregating watchlist records.
05-31 20:48:27.065 V/SystemServerTiming( 754): NetworkWatchlistService took to complete: 7ms
05-31 20:48:27.065 D/SystemServerTiming( 754): PinnerService
05-31 20:48:27.066 I/SystemServiceManager( 754): Starting com.android.server.PinnerService
05-31 20:48:27.070 V/HistoricalRegistry( 754): Interaction before persistence initialized
05-31 20:48:27.082 V/SystemServerTiming( 754): PinnerService took to complete: 17ms
05-31 20:48:27.083 D/SystemServerTiming( 754): SignedConfigService
05-31 20:48:27.084 V/SystemServerTiming( 754): SignedConfigService took to complete: 1ms
05-31 20:48:27.084 D/SystemServerTiming( 754): AppIntegrityService
05-31 20:48:27.084 I/SystemServiceManager( 754): Starting com.android.server.integrity.AppIntegrityManagerService
05-31 20:48:27.089 V/SystemServerTiming( 754): AppIntegrityService took to complete: 5ms
05-31 20:48:27.089 D/SystemServerTiming( 754): StartLogcatManager
05-31 20:48:27.090 I/SystemServiceManager( 754): Starting com.android.server.logcat.LogcatManagerService
05-31 20:48:27.094 V/SystemServerTiming( 754): StartLogcatManager took to complete: 5ms
05-31 20:48:27.126 I/WindowManager( 754): SAFE MODE not enabled
05-31 20:48:27.127 D/SystemServerTiming( 754): StartInputMethodManagerLifecycle
05-31 20:48:27.127 I/SystemServiceManager( 754): Starting com.android.server.inputmethod.InputMethodManagerService$Lifecycle
05-31 20:48:27.138 V/SystemServerTiming( 754): StartInputMethodManagerLifecycle took to complete: 12ms
05-31 20:48:27.139 D/SystemServerTiming( 754): StartAccessibilityManagerService
05-31 20:48:27.139 I/SystemServiceManager( 754): Starting com.android.server.accessibility.AccessibilityManagerService$Lifecycle
05-31 20:48:27.159 V/SystemServerTiming( 754): StartAccessibilityManagerService took to complete: 20ms
05-31 20:48:27.159 D/SystemServerTiming( 754): MakeDisplayReady
05-31 20:48:27.165 I/ActivityTaskManager( 754): Config changes=20005df8 {1.0 ?mcc0mnc [zh_CN] ldltr sw720dp w1280dp h720dp 240dpi xlrg long land ?uimode ?night -touch -keyb/h/h dpad/v winConfig={ mBounds=Rect(0, 0 - 1920, 1080) mAppBounds=Rect(0, 0 - 1920, 1080) mMaxBounds=Rect(0, 0 - 1920, 1080) mDisplayRotation=ROTATION_0 mWindowingMode=fullscreen mDisplayWindowingMode=fullscreen mActivityType=undefined mAlwaysOnTop=undefined mRotation=ROTATION_0} s.2 ?fontWeightAdjustment}
05-31 20:48:27.167 I/WindowManager( 754): Override config changes=60007dfc {1.0 ?mcc0mnc [zh_CN] ldltr sw720dp w1280dp h720dp 240dpi xlrg long land ?uimode ?night -touch -keyb/h/h dpad/v winConfig={ mBounds=Rect(0, 0 - 1920, 1080) mAppBounds=Rect(0, 0 - 1920, 1080) mMaxBounds=Rect(0, 0 - 1920, 1080) mDisplayRotation=ROTATION_0 mWindowingMode=fullscreen mDisplayWindowingMode=fullscreen mActivityType=undefined mAlwaysOnTop=undefined mRotation=ROTATION_0} s.2 ?fontWeightAdjustment} for displayId=0
05-31 20:48:27.172 I/DisplayDevice( 754): [0] Layerstack set to 0 for local:4621527120592813323
05-31 20:48:27.186 V/SystemServerTiming( 754): MakeDisplayReady took to complete: 27ms
05-31 20:48:27.186 W/BroadcastLoopers( 754): Found previously unknown looper Thread[android.display,5,main]
05-31 20:48:27.186 D/SystemServerTiming( 754): StartStorageManagerService
05-31 20:48:27.186 I/SystemServiceManager( 754): Starting com.android.server.StorageManagerService$Lifecycle
05-31 20:48:27.205 D/StorageManagerService( 754): Thinking about reset, mBootCompleted=false, mDaemonConnected=true
05-31 20:48:27.206 D/StorageManagerService( 754): CE storage for users [0] is already unlocked
05-31 20:48:27.213 D/StorageManagerService( 754): Thinking about reset, mBootCompleted=false, mDaemonConnected=true
05-31 20:48:27.214 V/SystemServerTiming( 754): StartStorageManagerService took to complete: 28ms
05-31 20:48:27.214 D/SystemServerTiming( 754): StartStorageStatsService
05-31 20:48:27.215 I/SystemServiceManager( 754): Starting com.android.server.usage.StorageStatsService$Lifecycle
05-31 20:48:27.228 V/SystemServerTiming( 754): StartStorageStatsService took to complete: 14ms
05-31 20:48:27.228 D/SystemServerTiming( 754): StartUiModeManager
05-31 20:48:27.229 I/SystemServiceManager( 754): Starting com.android.server.UiModeManagerService
05-31 20:48:27.232 D/SystemServerTimingAsync( 754): InitThreadPoolExec:UiModeManager.onStart
05-31 20:48:27.232 D/SystemServerInitThreadPool( 754): Started executing UiModeManager.onStart
05-31 20:48:27.233 V/SystemServerTiming( 754): StartUiModeManager took to complete: 5ms
05-31 20:48:27.233 D/SystemServerTiming( 754): StartLocaleManagerService
05-31 20:48:27.234 I/SystemServiceManager( 754): Starting com.android.server.locales.LocaleManagerService
05-31 20:48:27.243 D/SystemServerInitThreadPool( 754): Finished executing UiModeManager.onStart
05-31 20:48:27.245 V/SystemServerTimingAsync( 754): InitThreadPoolExec:UiModeManager.onStart took to complete: 11ms
05-31 20:48:27.253 V/SystemServerTiming( 754): StartLocaleManagerService took to complete: 19ms
05-31 20:48:27.253 D/SystemServerTiming( 754): StartGrammarInflectionService
05-31 20:48:27.253 I/SystemServiceManager( 754): Starting com.android.server.grammaticalinflection.GrammaticalInflectionService
05-31 20:48:27.254 V/SystemServerTiming( 754): StartGrammarInflectionService took to complete: 2ms
05-31 20:48:27.255 D/SystemServerTiming( 754): StartAppHibernationService
05-31 20:48:27.255 I/SystemServiceManager( 754): Starting com.android.server.apphibernation.AppHibernationService
05-31 20:48:27.260 V/SystemServerTiming( 754): StartAppHibernationService took to complete: 5ms
05-31 20:48:27.260 D/SystemServerTiming( 754): ArtManagerLocal
05-31 20:48:27.267 V/SystemServerTiming( 754): ArtManagerLocal took to complete: 7ms
05-31 20:48:27.267 D/SystemServerTiming( 754): UpdatePackagesIfNeeded
05-31 20:48:27.267 I/Watchdog( 754): Pausing HandlerChecker: main thread for reason: dexopt. Pause count: 1
05-31 20:48:27.359 I/RoleServicePlatformHelperImpl( 754): Legacy roles.xml not found
05-31 20:48:27.371 I/keystore2( 283): system/security/keystore2/src/watchdog.rs:319 - Watchdog thread idle -> terminating. Have a great day.
05-31 20:48:31.284 I/[0 T231 ..] servicemanager( 0): Notifying apexservice they don't (previously: do) have clients when we now have no record of a client
05-31 20:48:31.285 I/[1 T461 ..] AidlLazyServiceRegistrar( 0): Process has 0 (of 1 available) client(s) in use after notification apexservice has clients: 0
05-31 20:48:31.287 I/[1 T461 ..] AidlLazyServiceRegistrar( 0): Shutdown prevented by forcePersist override flag.
05-31 20:48:32.066 I/WatchlistLoggingHandler( 754): Milliseconds spent on tryAggregateRecords(): 5002
05-31 20:48:33.531 I/[1 T87 ..] VCC5V( 0): disabling
05-31 20:48:36.470 W/OverlayManager( 754): service 'idmap' died
05-31 20:48:38.362 I/Watchdog( 754): Resuming HandlerChecker: main thread for reason: dexopt. Pause count: 0
05-31 20:48:38.362 V/SystemServerTiming( 754): UpdatePackagesIfNeeded took to complete: 11095ms
05-31 20:48:38.362 D/SystemServerTiming( 754): PerformFstrimIfNeeded
05-31 20:48:38.363 W/PackageManager( 754): No disk maintenance in 1748695718363; running immediately
05-31 20:48:38.364 V/SystemServerTiming( 754): PerformFstrimIfNeeded took to complete: 2ms
05-31 20:48:38.364 I/StorageManagerService( 754): Running fstrim idle maintenance
05-31 20:48:38.364 D/SystemServerTiming( 754): StartLockSettingsService
05-31 20:48:38.364 I/SystemServiceManager( 754): Starting com.android.server.locksettings.LockSettingsService$Lifecycle
05-31 20:48:38.366 D/vold ( 247): Starting trim of /metadata
05-31 20:48:38.366 I/vold ( 247): Trimmed 0 bytes on /metadata in 0ms
05-31 20:48:38.366 D/vold ( 247): Starting trim of /data
05-31 20:48:38.367 I/DropBoxManagerService( 754): add tag=storage_trim isTagEnabled=true flags=0x2
05-31 20:48:38.374 I/vold ( 247): Trimmed 0 bytes on /data in 7ms
05-31 20:48:38.374 D/vold ( 247): Starting trim of /mnt/vendor/param
05-31 20:48:38.375 I/vold ( 247): Trimmed 0 bytes on /mnt/vendor/param in 0ms
05-31 20:48:38.375 D/vold ( 247): Starting trim of /mnt/vendor/tee
05-31 20:48:38.375 I/DropBoxManagerService( 754): add tag=storage_trim isTagEnabled=true flags=0x2
05-31 20:48:38.376 I/DropBoxManagerService( 754): add tag=storage_trim isTagEnabled=true flags=0x2
05-31 20:48:38.378 I/vold ( 247): Trimmed 20967424 bytes on /mnt/vendor/tee in 3ms
05-31 20:48:38.378 D/vold ( 247): Starting trim of /mnt/vendor/factory
05-31 20:48:38.379 I/DropBoxManagerService( 754): add tag=storage_trim isTagEnabled=true flags=0x2
05-31 20:48:38.381 I/vold ( 247): Trimmed 8339456 bytes on /mnt/vendor/factory in 2ms
05-31 20:48:38.382 I/DropBoxManagerService( 754): add tag=storage_trim isTagEnabled=true flags=0x2
05-31 20:48:38.403 V/SystemServerTiming( 754): StartLockSettingsService took to complete: 39ms
05-31 20:48:38.404 D/SystemServerTiming( 754): StartPersistentDataBlock
05-31 20:48:38.404 I/SystemServiceManager( 754): Starting com.android.server.PersistentDataBlockService
05-31 20:48:38.405 V/SystemServerTiming( 754): StartPersistentDataBlock took to complete: 1ms
05-31 20:48:38.405 D/SystemServerTiming( 754): StartTestHarnessMode
05-31 20:48:38.405 I/SystemServiceManager( 754): Starting com.android.server.testharness.TestHarnessModeService
05-31 20:48:38.406 D/SystemServerTimingAsync( 754): InitThreadPoolExec:PersistentDataBlockService.onStart
05-31 20:48:38.406 D/SystemServerInitThreadPool( 754): Started executing PersistentDataBlockService.onStart
05-31 20:48:38.407 V/SystemServerTiming( 754): StartTestHarnessMode took to complete: 2ms
05-31 20:48:38.408 D/SystemServerTiming( 754): StartOemLockService
05-31 20:48:38.408 I/SystemServiceManager( 754): Starting com.android.server.oemlock.OemLockService
05-31 20:48:38.412 I/OemLock ( 754): Using vendor lock via the HAL(aidl)
05-31 20:48:38.420 I/[3 T231 ..] servicemanager( 0): Found android.hardware.oemlock.IOemLock/default in device VINTF manifest.
05-31 20:48:38.422 I/[1 T231 ..] servicemanager( 0): Found android.hardware.oemlock.IOemLock/default in device VINTF manifest.
05-31 20:48:38.416 V/SystemServerTiming( 754): StartOemLockService took to complete: 8ms
05-31 20:48:38.416 D/SystemServerTiming( 754): StartDeviceIdleController
05-31 20:48:38.417 I/SystemServiceManager( 754): Starting com.android.server.DeviceIdleController
05-31 20:48:38.425 V/SystemServerTiming( 754): StartDeviceIdleController took to complete: 9ms
05-31 20:48:38.425 D/SystemServerTiming( 754): StartDevicePolicyManager
05-31 20:48:38.425 I/SystemServiceManager( 754): Starting com.android.server.devicepolicy.DevicePolicyManagerService$Lifecycle
05-31 20:48:38.434 D/SystemServerInitThreadPool( 754): Finished executing PersistentDataBlockService.onStart
05-31 20:48:38.434 V/SystemServerTimingAsync( 754): InitThreadPoolExec:PersistentDataBlockService.onStart took to complete: 28ms
05-31 20:48:38.441 V/SystemServerTiming( 754): StartDevicePolicyManager took to complete: 16ms
05-31 20:48:38.441 D/SystemServerTiming( 754): StartStatusBarManagerService
05-31 20:48:38.445 V/SystemServerTiming( 754): StartStatusBarManagerService took to complete: 4ms
05-31 20:48:38.446 D/SystemServer( 754): MusicRecognitionManagerService not defined by OEM or disabled by flag
05-31 20:48:38.446 D/SystemServer( 754): ContentCaptureService disabled because resource is not overlaid
05-31 20:48:38.448 D/SystemServer( 754): AttentionService is not configured on this device
05-31 20:48:38.448 D/SystemServer( 754): RotationResolverService is not configured on this device
05-31 20:48:38.448 D/SystemServer( 754): SystemCaptionsManagerService disabled because resource is not overlaid
05-31 20:48:38.448 D/SystemServerTiming( 754): StartTextToSpeechManagerService
05-31 20:48:38.449 I/SystemServiceManager( 754): Starting com.android.server.texttospeech.TextToSpeechManagerService
05-31 20:48:38.451 V/SystemServerTiming( 754): StartTextToSpeechManagerService took to complete: 3ms
05-31 20:48:38.451 D/SystemServerTiming( 754): StartAmbientContextService
05-31 20:48:38.452 I/SystemServiceManager( 754): Starting com.android.server.ambientcontext.AmbientContextManagerService
05-31 20:48:38.454 V/SystemServerTiming( 754): StartAmbientContextService took to complete: 3ms
05-31 20:48:38.454 D/SystemServerTiming( 754): startWearableSensingService
05-31 20:48:38.454 I/SystemServiceManager( 754): Starting com.android.server.wearable.WearableSensingManagerService
05-31 20:48:38.456 V/SystemServerTiming( 754): startWearableSensingService took to complete: 3ms
05-31 20:48:38.457 D/SystemServerTiming( 754): StartSpeechRecognitionManagerService
05-31 20:48:38.457 I/SystemServiceManager( 754): Starting com.android.server.speech.SpeechRecognitionManagerService
05-31 20:48:38.458 V/SystemServerTiming( 754): StartSpeechRecognitionManagerService took to complete: 1ms
05-31 20:48:38.458 D/SystemServer( 754): AppPredictionService not defined by OEM
05-31 20:48:38.458 D/SystemServer( 754): ContentSuggestionsService not defined by OEM
05-31 20:48:38.458 D/SystemServerTiming( 754): StartSearchUiService
05-31 20:48:38.459 I/SystemServiceManager( 754): Starting com.android.server.searchui.SearchUiManagerService
05-31 20:48:38.460 V/SystemServerTiming( 754): StartSearchUiService took to complete: 1ms
05-31 20:48:38.460 D/SystemServerTiming( 754): StartSmartspaceService
05-31 20:48:38.461 I/SystemServiceManager( 754): Starting com.android.server.smartspace.SmartspaceManagerService
05-31 20:48:38.462 V/SystemServerTiming( 754): StartSmartspaceService took to complete: 1ms
05-31 20:48:38.462 D/SystemServerTiming( 754): InitConnectivityModuleConnector
05-31 20:48:38.463 V/SystemServerTiming( 754): InitConnectivityModuleConnector took to complete: 0ms
