05-31 20:48:40.949 I/ ( 0): [0 T573 ..] sectoin 11, size 1111588
05-31 20:48:40.947 D/CompatibilityChangeReporter( 754): Compat change id reported: 171306433; UID 1000; state: ENABLED
05-31 20:48:40.967 W/WindowManager( 754): [addWindow] title:ShellDropTarget
05-31 20:48:40.970 D/GameManagerService( 754): User ID '0' does not have a Game Mode selected for package: 'com.android.systemui'
05-31 20:48:40.988 W/Looper ( 1121): Slow delivery took 171ms wmshell.main h=android.os.Handler c=com.android.wm.shell.draganddrop.DragAndDropController$$ExternalSyntheticLambda0@2f18012 m=0
05-31 20:48:40.988 W/Looper ( 1121): Slow dispatch took 131ms wmshell.main h=android.os.Handler c=com.android.wm.shell.draganddrop.DragAndDropController$$ExternalSyntheticLambda0@2f18012 m=0
05-31 20:48:40.989 D/WindowManagerShell( 1121): TvPipController: onImeVisibilityChanged(), visible=false, height=0
05-31 20:48:41.004 D/CoreBackPreview( 754): Window{e887dc u0 ShellDropTarget}: Setting back callback OnBackInvokedCallbackInfo{mCallback=android.window.IOnBackInvokedCallback$Stub$Proxy@a4d661, mPriority=0, mIsAnimationCallback=false}
05-31 20:48:41.058 D/PackageManager( 754): Instant App installer not found with android.intent.action.INSTALL_INSTANT_APP_PACKAGE
05-31 20:48:41.058 D/PackageManager( 754): Clear ephemeral installer activity
05-31 20:48:41.092 W/Looper ( 1121): Drained
05-31 20:48:41.227 D/CompatibilityChangeReporter( 754): Compat change id reported: 157233955; UID 10052; state: ENABLED
05-31 20:48:41.271 I/ ( 0): [2 T573 ..] sectoin 26, size 384640
05-31 20:48:41.271 W/ ( 0): [1 T573 ..] aml_pci_platform_enable(2493) irq_flag=0x418 irq=69
05-31 20:48:41.272 W/ ( 0): [1 T573 ..] aml_pci_platform_enable(2495) request_irq ret=0
05-31 20:48:41.273 W/ ( 0): [1 T573 ..] aml_sdio_platform_on 1990 end
05-31 20:48:41.273 W/[1 T573 ..] aml_cfg80211_init( 0): 6583
05-31 20:48:41.274 W/ ( 0): [1 T573 ..] >>> aml_send_reset()
05-31 20:48:41.274 W/[1 T573 ..] aml_send_reset( 0): 558
05-31 20:48:41.275 W/ ( 0): [1 T573 ..] >>> aml_send_msg()
05-31 20:48:41.276 W/ ( 0): [0 T1196 ..] ipc_sdio_host_msgack_handler 0000000029b4264e
05-31 20:48:41.276 W/ ( 0): [0 T1196 ..] [aml_msgackind 2038] msg ack hostid=0xffffff809b48da80
05-31 20:48:41.277 W/ ( 0): [0 T1196 ..] [cmd_mgr_llind 329] cmd tkn[0] flags:001a result: -4 cmd: 0-MM_RESET_REQ - reqcfm( 1-MM_RESET_CFM)
05-31 20:48:41.279 W/ ( 0): [0 T1196 ..] [cmd_mgr_msgind 409] cmd tkn[0] flags:0012 result: -4 cmd: 0-MM_RESET_REQ - reqcfm( 1-MM_RESET_CFM)
05-31 20:48:41.280 W/ ( 0): [0 T1196 ..] [cmd_complete 65] cmd tkn[0] flags:0002 result: -4 cmd: 0-MM_RESET_REQ - reqcfm( 1-MM_RESET_CFM)
05-31 20:48:41.282 W/ ( 0): [2 T573 ..] >>> aml_send_version_req()
05-31 20:48:41.283 W/ ( 0): [2 T573 ..] >>> aml_send_msg()
05-31 20:48:41.284 W/ ( 0): [0 T1196 ..] ipc_sdio_host_msgack_handler 00000000a691faa5
05-31 20:48:41.284 W/ ( 0): [0 T1196 ..] [aml_msgackind 2038] msg ack hostid=0xffffff809bef3a00
05-31 20:48:41.285 W/ ( 0): [0 T1196 ..] [cmd_mgr_llind 329] cmd tkn[1] flags:001a result: -4 cmd: 4-MM_VERSION_REQ - reqcfm( 5-MM_VERSION_CFM)
05-31 20:48:41.287 W/ ( 0): [1 T1196 ..] [cmd_mgr_msgind 409] cmd tkn[1] flags:0012 result: -4 cmd: 4-MM_VERSION_REQ - reqcfm( 5-MM_VERSION_CFM)
05-31 20:48:41.288 W/ ( 0): [1 T1196 ..] [cmd_complete 65] cmd tkn[1] flags:0002 result: -4 cmd: 4-MM_VERSION_REQ - reqcfm( 5-MM_VERSION_CFM)
05-31 20:48:41.290 W/ ( 0): [0 T573 ..] >>> aml_set_vers()
05-31 20:48:41.291 I/ ( 0): [0 T573 ..] ieee80211 phy0: PHY features: [NSS=2][CHBW=80][LDPC][VHT][HE][BFMEE][MUMIMORX]
05-31 20:48:41.292 I/ ( 0): [0 T573 ..] ieee80211 phy0: FW features: [BCN][RADAR][PS][UAPSD][AMPDU][AMSDU][P2P][P2P_GO][UMAC][VHT][HE][BFMEE][WAPI][MFP][MU_MIMO_RX][TDLS][TWT][FTM_INIT][FAKE_FTM_RSP]
05-31 20:48:41.294 W/ ( 0): [0 T573 ..] >>> aml_send_me_config_req()
05-31 20:48:41.294 I/ ( 0): [0 T573 ..] ieee80211 phy0: HT supp 1, VHT supp 1, HE supp 1
05-31 20:48:41.295 W/ ( 0): [0 T573 ..] >>> aml_send_msg()
05-31 20:48:41.296 W/ ( 0): [1 T1196 ..] ipc_sdio_host_msgack_handler 0000000098651068
05-31 20:48:41.297 W/ ( 0): [1 T1196 ..] [aml_msgackind 2038] msg ack hostid=0xffffff809beb2200
05-31 20:48:41.297 W/ ( 0): [1 T1196 ..] [cmd_mgr_llind 329] cmd tkn[2] flags:001a result: -4 cmd:5120-ME_CONFIG_REQ - reqcfm(5121-ME_CONFIG_CFM)
05-31 20:48:41.299 W/ ( 0): [1 T1196 ..] [cmd_mgr_msgind 409] cmd tkn[2] flags:0012 result: -4 cmd:5120-ME_CONFIG_REQ - reqcfm(5121-ME_CONFIG_CFM)
05-31 20:48:41.301 W/ ( 0): [1 T1196 ..] [cmd_complete 65] cmd tkn[2] flags:0002 result: -4 cmd:5120-ME_CONFIG_REQ - reqcfm(5121-ME_CONFIG_CFM)
05-31 20:48:41.303 W/ ( 0): [0 T573 ..] >>> aml_send_extcapab_req()
05-31 20:48:41.303 W/ ( 0): [0 T573 ..] >>> aml_send_msg()
05-31 20:48:41.304 W/ ( 0): [1 T1196 ..] ipc_sdio_host_msgack_handler 0000000098651068
05-31 20:48:41.304 W/ ( 0): [1 T1196 ..] [aml_msgackind 2038] msg ack hostid=0xffffff809beb2200
05-31 20:48:41.305 W/ ( 0): [1 T1196 ..] [cmd_mgr_llind 329] cmd tkn[3] flags:0008 result: -4 cmd: 105-MM_EXT_CAPAB - reqcfm(1023-none)
05-31 20:48:41.307 W/ ( 0): [1 T1196 ..] [cmd_complete 65] cmd tkn[3] flags:0000 result: -4 cmd: 105-MM_EXT_CAPAB - reqcfm(1023-none)
05-31 20:48:41.309 W/ ( 0): [3 T573 ..] [aml_reg_notifier 6037] initiator=0, hint_type=0, alpha=00, region=0
05-31 20:48:41.310 W/ ( 0): [3 T573 ..] >>> aml_send_me_chan_config_req()
05-31 20:48:41.311 W/ ( 0): [3 T573 ..] >>> aml_send_msg()
05-31 20:48:41.315 W/ ( 0): [1 T1196 ..] ipc_sdio_host_msgack_handler 00000000daba058f
05-31 20:48:41.315 W/ ( 0): [1 T1196 ..] [aml_msgackind 2038] msg ack hostid=0xffffff809bf35d80
05-31 20:48:41.316 W/ ( 0): [1 T1196 ..] [cmd_mgr_llind 329] cmd tkn[4] flags:001a result: -4 cmd:5122-ME_CHAN_CONFIG_REQ - reqcfm(5123-ME_CHAN_CONFIG_CFM)
05-31 20:48:41.318 W/ ( 0): [1 T1196 ..] [cmd_mgr_msgind 409] cmd tkn[4] flags:0012 result: -4 cmd:5122-ME_CHAN_CONFIG_REQ - reqcfm(5123-ME_CHAN_CONFIG_CFM)
05-31 20:48:41.320 W/ ( 0): [1 T1196 ..] [cmd_complete 65] cmd tkn[4] flags:0002 result: -4 cmd:5122-ME_CHAN_CONFIG_REQ - reqcfm(5123-ME_CHAN_CONFIG_CFM)
05-31 20:48:41.322 W/ ( 0): [0 T573 ..] [aml_wq_init 162] workqueue init
05-31 20:48:41.330 W/ ( 0): [3 T573 ..] [aml_send_sync_trace 4388] sync token[13197]
05-31 20:48:41.330 W/ ( 0): [3 T573 ..] >>> aml_send_msg()
05-31 20:48:41.332 F/[3 T573 ..] aml_send_msg( 0): bypassing (AML_DEV_RESTARTING set) 0x00
05-31 20:48:41.332 W/ ( 0): [3 T573 ..] [aml_trace_buf_init 1015] trace mutex init
05-31 20:48:41.332 W/ ( 0): [3 T573 ..] [recy_dbg][aml_recy_init 745] recovery func init
05-31 20:48:41.333 W/ ( 0): [3 T573 ..] >>> aml_send_me_chan_config_req()
05-31 20:48:41.334 W/ ( 0): [3 T573 ..] >>> aml_send_msg()
05-31 20:48:41.335 W/ ( 0): [1 T1196 ..] ipc_sdio_host_msgack_handler 000000009a3bb07e
05-31 20:48:41.336 W/ ( 0): [1 T1196 ..] [aml_msgackind 2038] msg ack hostid=0xffffff809bf35c80
05-31 20:48:41.337 W/ ( 0): [1 T1196 ..] [cmd_mgr_llind 329] cmd tkn[5] flags:001a result: -4 cmd:5122-ME_CHAN_CONFIG_REQ - reqcfm(5123-ME_CHAN_CONFIG_CFM)
05-31 20:48:41.338 W/ ( 0): [1 T1196 ..] [cmd_mgr_msgind 409] cmd tkn[5] flags:0012 result: -4 cmd:5122-ME_CHAN_CONFIG_REQ - reqcfm(5123-ME_CHAN_CONFIG_CFM)
05-31 20:48:41.340 W/ ( 0): [1 T1196 ..] [cmd_complete 65] cmd tkn[5] flags:0002 result: -4 cmd:5122-ME_CHAN_CONFIG_REQ - reqcfm(5123-ME_CHAN_CONFIG_CFM)
05-31 20:48:41.342 W/ ( 0): [2 T573 ..] >>> aml_send_msg()
05-31 20:48:41.343 W/ ( 0): [1 T1196 ..] ipc_sdio_host_msgack_handler 00000000e78ce689
05-31 20:48:41.343 W/ ( 0): [1 T1196 ..] [aml_msgackind 2038] msg ack hostid=0xffffff809bef3a80
05-31 20:48:41.344 W/ ( 0): [1 T1196 ..] [cmd_mgr_llind 329] cmd tkn[6] flags:001a result: -4 cmd: 105-MM_SUB_READ_EFUSE - reqcfm(16391-unknown)
05-31 20:48:41.346 W/ ( 0): [1 T1196 ..] [cmd_mgr_msgind 409] cmd tkn[6] flags:0012 result: -4 cmd: 105-MM_SUB_READ_EFUSE - reqcfm(16391-unknown)
05-31 20:48:41.347 W/ ( 0): [1 T1196 ..] [cmd_complete 65] cmd tkn[6] flags:0002 result: -4 cmd: 105-MM_SUB_READ_EFUSE - reqcfm(16391-unknown)
05-31 20:48:41.349 W/[2 T573 ..] read_efuse( 0): value = 40109969
05-31 20:48:41.349 W/ ( 0): [1 T1196 ..] fmac efuse read: address:0x8 value:0x40109969
05-31 20:48:41.350 W/ ( 0): [2 T573 ..] >>> aml_send_msg()
05-31 20:48:41.351 W/ ( 0): [1 T1196 ..] ipc_sdio_host_msgack_handler 00000000e78ce689
05-31 20:48:41.352 W/ ( 0): [1 T1196 ..] [aml_msgackind 2038] msg ack hostid=0xffffff809bef3a80
05-31 20:48:41.353 W/ ( 0): [1 T1196 ..] [cmd_mgr_llind 329] cmd tkn[7] flags:001a result: -4 cmd: 105-MM_SUB_READ_EFUSE - reqcfm(16391-unknown)
05-31 20:48:41.354 W/ ( 0): [1 T1196 ..] [cmd_mgr_msgind 409] cmd tkn[7] flags:0012 result: -4 cmd: 105-MM_SUB_READ_EFUSE - reqcfm(16391-unknown)
05-31 20:48:41.356 W/ ( 0): [1 T1196 ..] [cmd_complete 65] cmd tkn[7] flags:0002 result: -4 cmd: 105-MM_SUB_READ_EFUSE - reqcfm(16391-unknown)
05-31 20:48:41.358 W/[2 T573 ..] read_efuse( 0): value = 7fff1218
05-31 20:48:41.358 W/ ( 0): [1 T1196 ..] fmac efuse read: address:0x9 value:0x7FFF1218
05-31 20:48:41.358 W/ ( 0): [2 T573 ..] [aml_cfg_get_chipid 167] get_chipid from efuse:121840109969
05-31 20:48:41.359 W/ ( 0): [2 T573 ..] >>> aml_send_msg()
05-31 20:48:41.361 W/ ( 0): [1 T1196 ..] ipc_sdio_host_msgack_handler 00000000e78ce689
05-31 20:48:41.361 W/ ( 0): [1 T1196 ..] [aml_msgackind 2038] msg ack hostid=0xffffff809bef3a80
05-31 20:48:41.362 W/ ( 0): [1 T1196 ..] [cmd_mgr_llind 329] cmd tkn[8] flags:001a result: -4 cmd: 105-MM_SUB_READ_EFUSE - reqcfm(16391-unknown)
05-31 20:48:41.364 W/ ( 0): [1 T1196 ..] [cmd_mgr_msgind 409] cmd tkn[8] flags:0012 result: -4 cmd: 105-MM_SUB_READ_EFUSE - reqcfm(16391-unknown)
05-31 20:48:41.365 W/ ( 0): [1 T1196 ..] [cmd_complete 65] cmd tkn[8] flags:0002 result: -4 cmd: 105-MM_SUB_READ_EFUSE - reqcfm(16391-unknown)
05-31 20:48:41.367 W/[0 T573 ..] read_efuse( 0): value = 1ffff
05-31 20:48:41.368 W/ ( 0): [0 T573 ..] >>> aml_send_msg()
05-31 20:48:41.369 W/ ( 0): [1 T1196 ..] fmac efuse read: address:0x7 value:0x1FFFF
05-31 20:48:41.369 W/ ( 0): [1 T1196 ..] ipc_sdio_host_msgack_handler 000000001cbe88bf
05-31 20:48:41.370 W/ ( 0): [1 T1196 ..] [aml_msgackind 2038] msg ack hostid=0xffffff809beb2c80
05-31 20:48:41.371 W/ ( 0): [1 T1196 ..] [cmd_mgr_llind 329] cmd tkn[9] flags:001a result: -4 cmd: 105-MM_SUB_READ_EFUSE - reqcfm(16391-unknown)
05-31 20:48:41.373 W/ ( 0): [1 T1196 ..] [cmd_mgr_msgind 409] cmd tkn[9] flags:0012 result: -4 cmd: 105-MM_SUB_READ_EFUSE - reqcfm(16391-unknown)
05-31 20:48:41.374 W/ ( 0): [1 T1196 ..] [cmd_complete 65] cmd tkn[9] flags:0002 result: -4 cmd: 105-MM_SUB_READ_EFUSE - reqcfm(16391-unknown)
05-31 20:48:41.376 W/[2 T573 ..] read_efuse( 0): value = 2d2062cb
05-31 20:48:41.376 W/ ( 0): [1 T1196 ..] fmac efuse read: address:0x1 value:0x2D2062CB
05-31 20:48:41.376 W/ ( 0): [2 T573 ..] >>> aml_send_msg()
05-31 20:48:41.378 W/ ( 0): [1 T1196 ..] ipc_sdio_host_msgack_handler 0000000049619cf5
05-31 20:48:41.378 W/ ( 0): [1 T1196 ..] [aml_msgackind 2038] msg ack hostid=0xffffff809bef3500
05-31 20:48:41.379 W/ ( 0): [1 T1196 ..] [cmd_mgr_llind 329] cmd tkn[10] flags:001a result: -4 cmd: 105-MM_SUB_READ_EFUSE - reqcfm(16391-unknown)
05-31 20:48:41.381 W/ ( 0): [1 T1196 ..] [cmd_mgr_msgind 409] cmd tkn[10] flags:0012 result: -4 cmd: 105-MM_SUB_READ_EFUSE - reqcfm(16391-unknown)
05-31 20:48:41.383 W/ ( 0): [1 T1196 ..] [cmd_complete 65] cmd tkn[10] flags:0002 result: -4 cmd: 105-MM_SUB_READ_EFUSE - reqcfm(16391-unknown)
05-31 20:48:41.384 W/[3 T573 ..] read_efuse( 0): value = 1c79
05-31 20:48:41.384 W/ ( 0): [1 T1196 ..] fmac efuse read: address:0x2 value:0x1C79
05-31 20:48:41.385 W/ ( 0): [3 T573 ..] [aml_cfg_to_file 273] get mac address from efuse is:1c:79:2d:20:62:cb
05-31 20:48:41.386 W/ ( 0): [3 T573 ..] [aml_cfg_to_file 303] vif0 mac address:1c:79:2d:20:62:cb, vif1 mac address: 1e:79:2d:20:62:cb, vif2 mac address: 1e:79:2d:20:62:ca
05-31 20:48:41.389 W/ ( 0): [3 T573 ..] [aml_interface_add 1454] vif index=0, type=2
05-31 20:48:41.389 W/ ( 0): [3 T573 ..] set_scan_hang, flag:0, [aml_interface_add 1494]
05-31 20:48:41.518 I/MR2ServiceImpl( 754): registerManager | uid: 10052, pid: 1121, package: com.android.systemui, user: 0
05-31 20:48:41.639 W/ ( 0): [3 T573 ..] [aml_rps_map_set 46] set rps_cpus as [0]
05-31 20:48:41.639 W/ ( 0): [3 T573 ..] [aml_rps_map_set 46] set rps_cpus as [0]
05-31 20:48:41.640 W/ ( 0): [3 T573 ..] [aml_rps_map_set 46] set rps_cpus as [0]
05-31 20:48:41.643 W/ ( 0): [3 T573 ..] [aml_rps_map_set 46] set rps_cpus as [0]
05-31 20:48:41.643 I/ ( 0): [3 T573 ..] new interface create wlan0 success
05-31 20:48:41.644 W/ ( 0): [3 T573 ..] [aml_interface_add 1454] vif index=1, type=2
05-31 20:48:41.645 W/ ( 0): [3 T573 ..] set_scan_hang, flag:0, [aml_interface_add 1494]
05-31 20:48:41.699 D/WallpaperManagerService( 754): WPMS.saveSettingsLocked-0
05-31 20:48:41.709 V/WallpaperManagerService( 754): WPMS.saveSettingsLocked-0 took to complete: 11ms
05-31 20:48:41.740 W/ ( 0): [1 T573 ..] [aml_rps_map_set 46] set rps_cpus as [0]
05-31 20:48:41.740 W/ ( 0): [1 T573 ..] [aml_rps_map_set 46] set rps_cpus as [0]
05-31 20:48:41.741 W/ ( 0): [1 T573 ..] [aml_rps_map_set 46] set rps_cpus as [0]
05-31 20:48:41.742 W/ ( 0): [1 T573 ..] [aml_rps_map_set 46] set rps_cpus as [0]
05-31 20:48:41.743 I/ ( 0): [1 T573 ..] new interface create p2p0 success
05-31 20:48:41.744 W/ ( 0): [1 T573 ..] [aml_interface_add 1454] vif index=2, type=2
05-31 20:48:41.744 W/ ( 0): [1 T573 ..] set_scan_hang, flag:0, [aml_interface_add 1494]
05-31 20:48:41.854 V/SystemUIBootTiming( 1121): DependencyInjection took to complete: 1ms
05-31 20:48:41.941 W/ ( 0): [1 T573 ..] [aml_rps_map_set 46] set rps_cpus as [0]
05-31 20:48:41.941 W/ ( 0): [1 T573 ..] [aml_rps_map_set 46] set rps_cpus as [0]
05-31 20:48:41.942 W/ ( 0): [1 T573 ..] [aml_rps_map_set 46] set rps_cpus as [0]
05-31 20:48:41.943 W/ ( 0): [1 T573 ..] [aml_rps_map_set 46] set rps_cpus as [0]
05-31 20:48:41.944 I/ ( 0): [1 T573 ..] new interface create ap0 success
05-31 20:48:41.944 W/ ( 0): [1 T573 ..] >>> aml_send_msg()
05-31 20:48:41.947 W/ ( 0): [1 T1196 ..] ipc_sdio_host_msgack_handler 0000000060082599
05-31 20:48:41.947 W/ ( 0): [1 T1196 ..] [aml_msgackind 2038] msg ack hostid=0xffffff809bf1ed80
05-31 20:48:41.948 W/ ( 0): [1 T1196 ..] [cmd_mgr_llind 329] cmd tkn[11] flags:0008 result: -4 cmd: 105-MM_SUB_SET_TEMP_START - reqcfm(1023-none)
05-31 20:48:41.950 W/ ( 0): [1 T1196 ..] [cmd_complete 65] cmd tkn[11] flags:0000 result: -4 cmd: 105-MM_SUB_SET_TEMP_START - reqcfm(1023-none)
05-31 20:48:41.943 I/android.hardware.wifi-service.droidlogic( 540): check loading wifi driver is ok...
05-31 20:48:41.943 W/android.hardware.wifi-service.droidlogic( 540): driver loaded
05-31 20:48:41.952 W/ ( 0): [1 T573 ..] [aml_log_nl_init 1183] aml trace netlink init OK!
05-31 20:48:41.946 I/android.hardware.wifi-service.droidlogic( 540): After driver loaded, wifi_name:aml_w2_s
05-31 20:48:41.947 I/android.hardware.wifi-service.droidlogic( 540): Migrated conf file from /vendor/etc/wifi/unbcm_supplicant.conf to /data/vendor/wifi/wpa/wpa_supplicant.conf: No such file or directory
05-31 20:48:41.947 I/android.hardware.wifi-service.droidlogic( 540): Migrated conf file from /vendor/etc/wifi/p2p_supplicant.conf to /data/vendor/wifi/wpa/p2p_supplicant.conf: No such file or directory
05-31 20:48:41.947 I/android.hardware.wifi-service.droidlogic( 540): no bcm and uwe wifi ,need use p2p0 with p2p interface
05-31 20:48:41.950 I/android.hardware.wifi-service.droidlogic( 540): Wifi HAL started
05-31 20:48:41.969 W/android.hardware.wifi-service.droidlogic( 540): No active wlan interfaces in use! Using default
05-31 20:48:41.970 E/android.hardware.wifi-service.droidlogic( 540): Unknown iface name: wlan0
05-31 20:48:41.970 E/android.hardware.wifi-service.droidlogic( 540): Unknown iface name: wlan0
05-31 20:48:42.018 W/android.hardware.wifi-service.droidlogic( 540): No active wlan interfaces in use! Using default
05-31 20:48:42.018 E/android.hardware.wifi-service.droidlogic( 540): Unknown iface name: wlan0
05-31 20:48:42.018 E/android.hardware.wifi-service.droidlogic( 540): Unknown iface name: wlan0
05-31 20:48:42.051 W/ ( 0): [1 T573 ..] >>> aml_open()
05-31 20:48:42.051 W/ ( 0): [1 T573 ..] [recy_dbg][aml_recy_flags_set 57] set flags(0x200), new flags(0x200)
05-31 20:48:42.051 W/ ( 0): [1 T573 ..] >>> aml_send_start()
05-31 20:48:42.052 W/ ( 0): [1 T573 ..] >>> aml_send_msg()
05-31 20:48:42.053 W/ ( 0): [1 T1196 ..] ipc_sdio_host_msgack_handler 00000000e47fed70
05-31 20:48:42.054 W/ ( 0): [1 T1196 ..] [aml_msgackind 2038] msg ack hostid=0xffffff809bf1e400
05-31 20:48:42.055 W/ ( 0): [1 T1196 ..] [cmd_mgr_llind 329] cmd tkn[12] flags:001a result: -4 cmd: 2-MM_START_REQ - reqcfm( 3-MM_START_CFM)
05-31 20:48:42.057 W/ ( 0): [1 T1196 ..] [cmd_mgr_msgind 409] cmd tkn[12] flags:0012 result: -4 cmd: 2-MM_START_REQ - reqcfm( 3-MM_START_CFM)
05-31 20:48:42.058 W/ ( 0): [1 T1196 ..] [cmd_complete 65] cmd tkn[12] flags:0002 result: -4 cmd: 2-MM_START_REQ - reqcfm( 3-MM_START_CFM)
05-31 20:48:42.060 W/ ( 0): [1 T573 ..] >>> aml_send_add_if()
05-31 20:48:42.061 W/ ( 0): [1 T573 ..] >>> aml_send_msg()
05-31 20:48:42.061 W/ ( 0): [1 T1196 ..] ipc_sdio_host_msgack_handler 00000000e47fed70
05-31 20:48:42.061 W/ ( 0): [1 T1196 ..] [aml_msgackind 2038] msg ack hostid=0xffffff809bf1e400
05-31 20:48:42.062 W/ ( 0): [1 T1196 ..] [cmd_mgr_llind 329] cmd tkn[13] flags:001a result: -4 cmd: 6-MM_ADD_IF_REQ - reqcfm( 7-MM_ADD_IF_CFM)
05-31 20:48:42.064 W/ ( 0): [1 T1196 ..] [cmd_mgr_msgind 409] cmd tkn[13] flags:0012 result: -4 cmd: 6-MM_ADD_IF_REQ - reqcfm( 7-MM_ADD_IF_CFM)
05-31 20:48:42.066 W/ ( 0): [1 T1196 ..] [cmd_complete 65] cmd tkn[13] flags:0002 result: -4 cmd: 6-MM_ADD_IF_REQ - reqcfm( 7-MM_ADD_IF_CFM)
05-31 20:48:42.068 W/ ( 0): [1 T573 ..] [aml_open 1102] vif_idx=0, type=2, name=wlan0 sta_mode=1
05-31 20:48:42.068 W/ ( 0): [1 T573 ..] >>> aml_send_msg()
05-31 20:48:42.069 W/ ( 0): [1 T1196 ..] ipc_sdio_host_msgack_handler 00000000e47fed70
05-31 20:48:42.070 W/ ( 0): [1 T1196 ..] [aml_msgackind 2038] msg ack hostid=0xffffff809bf1e400
05-31 20:48:42.071 W/ ( 0): [1 T1196 ..] [cmd_mgr_llind 329] cmd tkn[14] flags:001a result: -4 cmd: 105-MM_SUB_READ_EFUSE - reqcfm(16391-unknown)
05-31 20:48:42.072 W/ ( 0): [1 T1196 ..] [cmd_mgr_msgind 409] cmd tkn[14] flags:0012 result: -4 cmd: 105-MM_SUB_READ_EFUSE - reqcfm(16391-unknown)
05-31 20:48:42.074 W/ ( 0): [1 T1196 ..] [cmd_complete 65] cmd tkn[14] flags:0002 result: -4 cmd: 105-MM_SUB_READ_EFUSE - reqcfm(16391-unknown)
05-31 20:48:42.076 W/ ( 0): [1 T1196 ..] fmac efuse read: address:0x0 value:0x6401B8E
05-31 20:48:42.076 W/[1 T573 ..] read_efuse( 0): value = 6401b8e
05-31 20:48:42.077 W/ ( 0): [1 T573 ..] >>> aml_send_msg()
05-31 20:48:42.078 W/ ( 0): [1 T1196 ..] ipc_sdio_host_msgack_handler 0000000000a19132
05-31 20:48:42.078 W/ ( 0): [1 T1196 ..] [aml_msgackind 2038] msg ack hostid=0xffffff809bf1e100
05-31 20:48:42.079 W/ ( 0): [1 T1196 ..] [cmd_mgr_llind 329] cmd tkn[15] flags:001a result: -4 cmd: 105-MM_SUB_READ_EFUSE - reqcfm(16391-unknown)
05-31 20:48:42.081 W/ ( 0): [1 T1196 ..] [cmd_mgr_msgind 409] cmd tkn[15] flags:0012 result: -4 cmd: 105-MM_SUB_READ_EFUSE - reqcfm(16391-unknown)
05-31 20:48:42.083 W/ ( 0): [1 T1196 ..] [cmd_complete 65] cmd tkn[15] flags:0002 result: -4 cmd: 105-MM_SUB_READ_EFUSE - reqcfm(16391-unknown)
05-31 20:48:42.084 W/ ( 0): [1 T1196 ..] fmac efuse read: address:0xF value:0x632
05-31 20:48:42.085 W/[1 T573 ..] read_efuse( 0): value = 632
05-31 20:48:42.085 W/ ( 0): [1 T573 ..] >>> aml_send_msg()
05-31 20:48:42.086 W/ ( 0): [1 T1196 ..] ipc_sdio_host_msgack_handler 0000000000a19132
05-31 20:48:42.087 W/ ( 0): [1 T1196 ..] [aml_msgackind 2038] msg ack hostid=0xffffff809bf1e100
05-31 20:48:42.088 W/ ( 0): [1 T1196 ..] [cmd_mgr_llind 329] cmd tkn[16] flags:001a result: -4 cmd: 105-MM_SUB_READ_EFUSE - reqcfm(16391-unknown)
05-31 20:48:42.090 W/ ( 0): [1 T1196 ..] [cmd_mgr_msgind 409] cmd tkn[16] flags:0012 result: -4 cmd: 105-MM_SUB_READ_EFUSE - reqcfm(16391-unknown)
05-31 20:48:42.091 W/ ( 0): [1 T1196 ..] [cmd_complete 65] cmd tkn[16] flags:0002 result: -4 cmd: 105-MM_SUB_READ_EFUSE - reqcfm(16391-unknown)
05-31 20:48:42.093 W/ ( 0): [1 T1196 ..] fmac efuse read: address:0x7 value:0x1FFFF
05-31 20:48:42.093 W/[1 T573 ..] read_efuse( 0): value = 1ffff
05-31 20:48:42.094 W/ ( 0): [1 T573 ..] aml_sdio mmc1:0000:7: Direct firmware load for aml_w2_rf_0640_0632.txt failed with error -2
05-31 20:48:42.096 W/ ( 0): [1 T573 ..] [aml_get_cali_param 5865] vendor customized aml_w2_rf_0640_0632.txt not existed, use default
05-31 20:48:42.108 W/ ( 0): [0 T573 ..] ======>>>>>> version = 18
05-31 20:48:42.111 W/ ( 0): [0 T573 ..] ======>>>>>> cali_config = 0
05-31 20:48:42.111 W/ ( 0): [0 T573 ..] ======>>>>>> freq_offset = 0
05-31 20:48:42.111 W/ ( 0): [0 T573 ..] ======>>>>>> htemp_freq_offset = 20
05-31 20:48:42.112 W/ ( 0): [0 T573 ..] ======>>>>>> tssi_2g_offset = 0xa
05-31 20:48:42.113 W/ ( 0): [0 T573 ..] ======>>>>>> tssi_5g_offset_5200 = 0xf4
05-31 20:48:42.113 W/ ( 0): [0 T573 ..] ======>>>>>> tssi_5g_offset_5400 = 0xf0
05-31 20:48:42.114 W/ ( 0): [0 T573 ..] ======>>>>>> tssi_5g_offset_5600 = 0xfc
05-31 20:48:42.115 W/ ( 0): [0 T573 ..] ======>>>>>> tssi_5g_offset_5800 = 0x4
05-31 20:48:42.116 W/ ( 0): [0 T573 ..] ======>>>>>> wf2g_spur_rmen = 0
05-31 20:48:42.132 W/ ( 0): [3 T573 ..] ======>>>>>> spur_freq = 24478
05-31 20:48:42.132 W/ ( 0): [3 T573 ..] ======>>>>>> rf_count = 2
05-31 20:48:42.132 W/ ( 0): [3 T573 ..] ======>>>>>> cw2mod = fe
05-31 20:48:42.133 W/ ( 0): [3 T573 ..] ======>>>>>> wf2g_he20_tpwr = 19
05-31 20:48:42.134 W/ ( 0): [3 T573 ..] ======>>>>>> wf2g_he40_tpwr = 20
05-31 20:48:42.141 W/ ( 0): [3 T573 ..] ======>>>>>> wf5g_he20_tpwr_h = 15
05-31 20:48:42.141 W/ ( 0): [3 T573 ..] ======>>>>>> wf5g_he40_tpwr_h = 15
05-31 20:48:42.142 W/ ( 0): [3 T573 ..] ======>>>>>> wf5g_he80_tpwr_h = 14
05-31 20:48:42.142 W/ ( 0): [3 T573 ..] ======>>>>>> customer_efuse_en = 0x1
05-31 20:48:42.147 W/ ( 0): [3 T573 ..] ======>>>>>> FT_efuse_en = 0x1
05-31 20:48:42.147 W/ ( 0): [3 T573 ..] >>> aml_send_msg()
05-31 20:48:42.155 W/ ( 0): [1 T1196 ..] ipc_sdio_host_msgack_handler 0000000081e1f323
05-31 20:48:42.155 W/ ( 0): [1 T1196 ..] [aml_msgackind 2038] msg ack hostid=0xffffff803b1bf280
05-31 20:48:42.156 W/ ( 0): [1 T1196 ..] [cmd_mgr_llind 329] cmd tkn[17] flags:0008 result: -4 cmd: 105-MM_SUB_SET_CALI_REQ - reqcfm( 0-none)
05-31 20:48:42.158 W/ ( 0): [1 T1196 ..] [cmd_complete 65] cmd tkn[17] flags:0000 result: -4 cmd: 105-MM_SUB_SET_CALI_REQ - reqcfm( 0-none)
05-31 20:48:42.160 W/ ( 0): [1 T573 ..] [aml_config_cali_param 5907] set calibration parameter success
05-31 20:48:42.160 W/ ( 0): [1 T573 ..] [recy_dbg][aml_recy_flags_clr 63] clr flags(0x200), new flags(0x0)
05-31 20:48:42.161 W/ ( 0): [1 T573 ..] >>> aml_cfg80211_set_power_mgmt()
05-31 20:48:42.162 W/ ( 0): [1 T573 ..] [aml_send_me_set_ps_mode 2111] set power save mode:0
05-31 20:48:42.162 W/ ( 0): [1 T573 ..] >>> aml_send_msg()
05-31 20:48:42.165 W/ ( 0): [1 T1196 ..] ipc_sdio_host_msgack_handler 000000008becd8f3
05-31 20:48:42.165 W/ ( 0): [1 T1196 ..] [aml_msgackind 2038] msg ack hostid=0xffffff809bf1eb80
05-31 20:48:42.166 W/ ( 0): [1 T1196 ..] [cmd_mgr_llind 329] cmd tkn[18] flags:001a result: -4 cmd:5139-ME_SET_PS_MODE_REQ - reqcfm(5140-ME_SET_PS_MODE_CFM)
05-31 20:48:42.168 W/ ( 0): [1 T1196 ..] [cmd_mgr_msgind 409] cmd tkn[18] flags:0012 result: -4 cmd:5139-ME_SET_PS_MODE_REQ - reqcfm(5140-ME_SET_PS_MODE_CFM)
05-31 20:48:42.170 W/ ( 0): [1 T1196 ..] [cmd_complete 65] cmd tkn[18] flags:0002 result: -4 cmd:5139-ME_SET_PS_MODE_REQ - reqcfm(5140-ME_SET_PS_MODE_CFM)
05-31 20:48:42.163 I/android.hardware.wifi-service.droidlogic( 540): Adding interface handle for p2p0
05-31 20:48:42.163 I/android.hardware.wifi-service.droidlogic( 540): Adding interface handle for ap0
05-31 20:48:42.163 I/android.hardware.wifi-service.droidlogic( 540): Adding interface handle for wlan0
05-31 20:48:42.163 W/android.hardware.wifi-service.droidlogic( 540): No active wlan interfaces in use! Using default
05-31 20:48:42.163 E/android.hardware.wifi-service.droidlogic( 540): Failed to register radio mode change callback
05-31 20:48:42.163 W/android.hardware.wifi-service.droidlogic( 540): No active wlan interfaces in use! Using default
05-31 20:48:42.164 E/android.hardware.wifi-service.droidlogic( 540): Failed to get SupportedIfaceCombinations matrix from legacy HAL: NOT_SUPPORTED
05-31 20:48:42.164 I/android.hardware.wifi-service.droidlogic( 540): Configured chip in mode 3
05-31 20:48:42.164 W/android.hardware.wifi-service.droidlogic( 540): No active wlan interfaces in use! Using default
05-31 20:48:42.178 W/android.hardware.wifi-service.droidlogic( 540): No active wlan interfaces in use! Using default
05-31 20:48:42.180 I/android.hardware.wifi-service.droidlogic( 540): Adding interface handle for p2p0
05-31 20:48:42.180 I/android.hardware.wifi-service.droidlogic( 540): Adding interface handle for ap0
05-31 20:48:42.180 I/android.hardware.wifi-service.droidlogic( 540): Adding interface handle for wlan0
05-31 20:48:42.180 E/android.hardware.wifi-service.droidlogic( 540): Failed to set DFS flag; DFS channels may be unavailable.
05-31 20:48:42.187 E/android.hardware.wifi-service.droidlogic( 540): Failed to get chip capabilities from legacy HAL: NOT_SUPPORTED
05-31 20:48:42.191 I/wificond( 660): createClientInterface: wiphy_index 0 iface_name wlan0
05-31 20:48:42.192 I/wificond( 660): create scanner for interface with index: 16
05-31 20:48:42.192 I/wificond( 660): subscribe scan result for interface with index: 16
05-31 20:48:42.193 I/wificond( 660): add channel type 0 support at wiphy index: 0
05-31 20:48:42.194 I/wificond( 660): add channel type 1 support at wiphy index: 0
05-31 20:48:42.210 E/android.hardware.wifi-service.droidlogic( 540): Failed to get SupportedRadioCombinations matrix from legacy HAL: NOT_SUPPORTED
05-31 20:48:42.415 I/[2 T1221 ..] capability( 0): warning: `wpa_supplicant' uses 32-bit capabilities (legacy support in use)
05-31 20:48:42.910 W/ ( 0): [3 T1221 ..] [aml_android_priv_ioctl 128] vif idx=0 cmd=COUNTRY CN
05-31 20:48:42.911 W/ ( 0): [3 T47 ..] [aml_reg_notifier 6037] initiator=0, hint_type=0, alpha=00, region=0
05-31 20:48:42.912 W/ ( 0): [3 T47 ..] >>> aml_send_me_chan_config_req()
05-31 20:48:42.913 W/ ( 0): [3 T47 ..] >>> aml_send_msg()
05-31 20:48:42.914 W/ ( 0): [1 T1196 ..] ipc_sdio_host_msgack_handler 0000000046573dd3
05-31 20:48:42.914 W/ ( 0): [1 T1196 ..] [aml_msgackind 2038] msg ack hostid=0xffffff809e75cf00
05-31 20:48:42.915 W/ ( 0): [1 T1196 ..] [cmd_mgr_llind 329] cmd tkn[19] flags:001a result: -4 cmd:5122-ME_CHAN_CONFIG_REQ - reqcfm(5123-ME_CHAN_CONFIG_CFM)
05-31 20:48:42.917 W/ ( 0): [1 T1196 ..] [cmd_mgr_msgind 409] cmd tkn[19] flags:0012 result: -4 cmd:5122-ME_CHAN_CONFIG_REQ - reqcfm(5123-ME_CHAN_CONFIG_CFM)
05-31 20:48:42.918 W/ ( 0): [1 T1196 ..] [cmd_complete 65] cmd tkn[19] flags:0002 result: -4 cmd:5122-ME_CHAN_CONFIG_REQ - reqcfm(5123-ME_CHAN_CONFIG_CFM)
05-31 20:48:42.904 I/wificond( 660): Receive notifyCountryCodeChanged
05-31 20:48:42.904 I/wificond( 660): UpdateBandInfo
05-31 20:48:42.921 W/ ( 0): [3 T42 ..] [aml_reg_notifier 6037] initiator=1, hint_type=0, alpha=CN, region=1
05-31 20:48:42.921 W/ ( 0): [3 T42 ..] >>> aml_send_me_chan_config_req()
05-31 20:48:42.922 W/ ( 0): [3 T42 ..] >>> aml_send_msg()
05-31 20:48:42.923 W/ ( 0): [1 T1196 ..] ipc_sdio_host_msgack_handler 0000000046573dd3
05-31 20:48:42.923 W/ ( 0): [1 T1196 ..] [aml_msgackind 2038] msg ack hostid=0xffffff809e75cf00
05-31 20:48:42.924 W/ ( 0): [1 T1196 ..] [cmd_mgr_llind 329] cmd tkn[20] flags:001a result: -4 cmd:5122-ME_CHAN_CONFIG_REQ - reqcfm(5123-ME_CHAN_CONFIG_CFM)
05-31 20:48:42.926 W/ ( 0): [1 T1196 ..] [cmd_mgr_msgind 409] cmd tkn[20] flags:0012 result: -4 cmd:5122-ME_CHAN_CONFIG_REQ - reqcfm(5123-ME_CHAN_CONFIG_CFM)
05-31 20:48:42.928 W/ ( 0): [1 T1196 ..] [cmd_complete 65] cmd tkn[20] flags:0002 result: -4 cmd:5122-ME_CHAN_CONFIG_REQ - reqcfm(5123-ME_CHAN_CONFIG_CFM)
05-31 20:48:42.924 I/wificond( 660): 2.4Ghz frequencies: 2412 2417 2422 2427 2432 2437 2442 2447 2452 2457 2462 2467 2472
05-31 20:48:42.924 I/wificond( 660): 5Ghz non-DFS frequencies: 5745 5765 5785 5805 5825
05-31 20:48:42.924 I/wificond( 660): 5Ghz DFS frequencies: 5180 5200 5220 5240 5260 5280 5300 5320
05-31 20:48:42.924 I/wificond( 660): 6Ghz frequencies:
05-31 20:48:42.924 I/wificond( 660): 60Ghz frequencies:
05-31 20:48:42.924 I/wificond( 660): Regulatory domain changed to country: CN on wiphy_index: 0
05-31 20:48:42.924 I/wificond( 660): UpdateBandInfo
05-31 20:48:42.928 I/wificond( 660): 2.4Ghz frequencies: 2412 2417 2422 2427 2432 2437 2442 2447 2452 2457 2462 2467 2472
05-31 20:48:42.928 I/wificond( 660): 5Ghz non-DFS frequencies: 5745 5765 5785 5805 5825
05-31 20:48:42.928 I/wificond( 660): 5Ghz DFS frequencies: 5180 5200 5220 5240 5260 5280 5300 5320
05-31 20:48:42.928 I/wificond( 660): 6Ghz frequencies:
05-31 20:48:42.928 I/wificond( 660): 60Ghz frequencies:
05-31 20:48:42.928 I/wificond( 660): Regulatory domain changed to country: CN on wiphy_index: 0
05-31 20:48:42.928 I/wificond( 660): UpdateBandInfo
05-31 20:48:42.938 I/wificond( 660): 2.4Ghz frequencies: 2412 2417 2422 2427 2432 2437 2442 2447 2452 2457 2462 2467 2472
05-31 20:48:42.938 I/wificond( 660): 5Ghz non-DFS frequencies: 5745 5765 5785 5805 5825
05-31 20:48:42.938 I/wificond( 660): 5Ghz DFS frequencies: 5180 5200 5220 5240 5260 5280 5300 5320
05-31 20:48:42.938 I/wificond( 660): 6Ghz frequencies:
05-31 20:48:42.938 I/wificond( 660): 60Ghz frequencies:
05-31 20:48:42.973 W/ ( 0): [1 T1221 ..] [aml_android_priv_ioctl 128] vif idx=0 cmd=SETSUSPENDMODE 1
05-31 20:48:42.973 W/ ( 0): [1 T1221 ..] [aml_android_set_suspend_mode 77] set google_cast 1
05-31 20:48:43.358 W/Looper ( 1123): Slow delivery took 2018ms main h=android.os.Handler c=androidx.lifecycle.LiveData$1@89be944 m=0
05-31 20:48:43.682 W/Looper ( 1123): Drained
05-31 20:48:43.930 W/PermissionManager( 754): Package com.android.providers.media.module is an APK in APEX, but has permission allowlist on the system image. Please bundle the allowlist in the com.android.mediaprovider APEX instead.
05-31 20:48:43.930 W/PermissionManager( 754): Package com.android.providers.media.module is an APK in APEX, but has permission allowlist on the system image. Please bundle the allowlist in the com.android.mediaprovider APEX instead.
05-31 20:48:43.930 W/PermissionManager( 754): Package com.android.providers.media.module is an APK in APEX, but has permission allowlist on the system image. Please bundle the allowlist in the com.android.mediaprovider APEX instead.
05-31 20:48:43.931 W/PermissionManager( 754): Package com.android.providers.media.module is an APK in APEX, but has permission allowlist on the system image. Please bundle the allowlist in the com.android.mediaprovider APEX instead.
05-31 20:48:43.931 W/PermissionManager( 754): Package com.android.providers.media.module is an APK in APEX, but has permission allowlist on the system image. Please bundle the allowlist in the com.android.mediaprovider APEX instead.
05-31 20:48:43.931 W/PermissionManager( 754): Package com.android.providers.media.module is an APK in APEX, but has permission allowlist on the system image. Please bundle the allowlist in the com.android.mediaprovider APEX instead.
05-31 20:48:43.931 W/PermissionManager( 754): Package com.android.providers.media.module is an APK in APEX, but has permission allowlist on the system image. Please bundle the allowlist in the com.android.mediaprovider APEX instead.
05-31 20:48:43.931 W/PermissionManager( 754): Package com.android.providers.media.module is an APK in APEX, but has permission allowlist on the system image. Please bundle the allowlist in the com.android.mediaprovider APEX instead.
05-31 20:48:43.931 W/PermissionManager( 754): Package com.android.providers.media.module is an APK in APEX, but has permission allowlist on the system image. Please bundle the allowlist in the com.android.mediaprovider APEX instead.
05-31 20:48:43.931 W/PermissionManager( 754): Package com.android.providers.media.module is an APK in APEX, but has permission allowlist on the system image. Please bundle the allowlist in the com.android.mediaprovider APEX instead.
05-31 20:48:43.931 W/PermissionManager( 754): Package com.android.providers.media.module is an APK in APEX, but has permission allowlist on the system image. Please bundle the allowlist in the com.android.mediaprovider APEX instead.
05-31 20:48:43.931 W/PermissionManager( 754): Package com.android.providers.media.module is an APK in APEX, but has permission allowlist on the system image. Please bundle the allowlist in the com.android.mediaprovider APEX instead.
05-31 20:48:43.931 W/PermissionManager( 754): Package com.android.providers.media.module is an APK in APEX, but has permission allowlist on the system image. Please bundle the allowlist in the com.android.mediaprovider APEX instead.
05-31 20:48:43.932 W/PermissionManager( 754): Package com.android.providers.media.module is an APK in APEX, but has permission allowlist on the system image. Please bundle the allowlist in the com.android.mediaprovider APEX instead.
05-31 20:48:43.933 W/PermissionManager( 754): Package com.android.providers.media.module is an APK in APEX, but has permission allowlist on the system image. Please bundle the allowlist in the com.android.mediaprovider APEX instead.
05-31 20:48:43.933 W/PermissionManager( 754): Package com.android.providers.media.module is an APK in APEX, but has permission allowlist on the system image. Please bundle the allowlist in the com.android.mediaprovider APEX instead.
05-31 20:48:43.933 W/PermissionManager( 754): Package com.android.providers.media.module is an APK in APEX, but has permission allowlist on the system image. Please bundle the allowlist in the com.android.mediaprovider APEX instead.
05-31 20:48:43.934 W/PermissionManager( 754): Package com.android.providers.media.module is an APK in APEX, but has permission allowlist on the system image. Please bundle the allowlist in the com.android.mediaprovider APEX instead.
05-31 20:48:43.934 W/PermissionManager( 754): Package com.android.providers.media.module is an APK in APEX, but has permission allowlist on the system image. Please bundle the allowlist in the com.android.mediaprovider APEX instead.
05-31 20:48:43.934 W/PermissionManager( 754): Package com.android.providers.media.module is an APK in APEX, but has permission allowlist on the system image. Please bundle the allowlist in the com.android.mediaprovider APEX instead.
05-31 20:48:43.934 W/PermissionManager( 754): Package com.android.providers.media.module is an APK in APEX, but has permission allowlist on the system image. Please bundle the allowlist in the com.android.mediaprovider APEX instead.
05-31 20:48:43.934 W/PermissionManager( 754): Package com.android.providers.media.module is an APK in APEX, but has permission allowlist on the system image. Please bundle the allowlist in the com.android.mediaprovider APEX instead.
05-31 20:48:43.934 W/PermissionManager( 754): Package com.android.providers.media.module is an APK in APEX, but has permission allowlist on the system image. Please bundle the allowlist in the com.android.mediaprovider APEX instead.
05-31 20:48:43.934 W/PermissionManager( 754): Package com.android.providers.media.module is an APK in APEX, but has permission allowlist on the system image. Please bundle the allowlist in the com.android.mediaprovider APEX instead.
05-31 20:48:43.935 W/PermissionManager( 754): Package com.android.providers.media.module is an APK in APEX, but has permission allowlist on the system image. Please bundle the allowlist in the com.android.mediaprovider APEX instead.
05-31 20:48:43.935 W/PermissionManager( 754): Package com.android.providers.media.module is an APK in APEX, but has permission allowlist on the system image. Please bundle the allowlist in the com.android.mediaprovider APEX instead.
05-31 20:48:43.963 V/SystemServerTiming( 754): Permission_callback_waiting-0 took to complete: 3807ms
05-31 20:48:43.964 V/SystemServerTiming( 754): Permission_grant_default_permissions-0 took to complete: 3809ms
05-31 20:48:43.964 D/SystemServerTiming( 754): Permission_synchronize_permissions-0
05-31 20:48:43.964 D/SystemServerTiming( 754): Permission_synchronize_addPackages-0
05-31 20:48:43.999 V/SystemServerTiming( 754): Permission_synchronize_addPackages-0 took to complete: 36ms
05-31 20:48:44.000 D/SystemServerTiming( 754): Permission_syncPackages-0
05-31 20:48:44.000 V/StorageManagerService( 754): Package null has legacy storage
05-31 20:48:44.000 V/StorageManagerService( 754): Package null has legacy storage
05-31 20:48:44.000 V/StorageManagerService( 754): Package null has legacy storage
05-31 20:48:44.001 V/StorageManagerService( 754): Package null has legacy storage
05-31 20:48:44.001 V/StorageManagerService( 754): Package null has legacy storage
05-31 20:48:44.001 V/StorageManagerService( 754): Package null does not have legacy storage
05-31 20:48:44.001 V/StorageManagerService( 754): Package null does not have legacy storage
05-31 20:48:44.001 V/StorageManagerService( 754): Package null does not have legacy storage
05-31 20:48:44.001 V/StorageManagerService( 754): Package null does not have legacy storage
05-31 20:48:44.001 V/StorageManagerService( 754): Package null does not have legacy storage
05-31 20:48:44.001 V/StorageManagerService( 754): Package null does not have legacy storage
05-31 20:48:44.001 V/StorageManagerService( 754): Package null does not have legacy storage
05-31 20:48:44.001 V/StorageManagerService( 754): Package null does not have legacy storage
05-31 20:48:44.002 V/StorageManagerService( 754): Package null does not have legacy storage
05-31 20:48:44.002 V/StorageManagerService( 754): Package null does not have legacy storage
05-31 20:48:44.002 V/StorageManagerService( 754): Package null does not have legacy storage
05-31 20:48:44.002 V/StorageManagerService( 754): Package null does not have legacy storage
05-31 20:48:44.002 V/StorageManagerService( 754): Package null does not have legacy storage
05-31 20:48:44.002 V/StorageManagerService( 754): Package null does not have legacy storage
05-31 20:48:44.002 V/SystemServerTiming( 754): Permission_syncPackages-0 took to complete: 2ms
05-31 20:48:44.002 V/SystemServerTiming( 754): Permission_synchronize_permissions-0 took to complete: 38ms
05-31 20:48:44.002 D/SystemServerTiming( 754): Permission_onInitialized-0
05-31 20:48:44.003 I/PermissionManager( 754): Permission ownership changed. Updating all permissions.
05-31 20:48:44.003 W/PermissionManager( 754): Package com.android.adservices.api is an APK in APEX, but has permission allowlist on the system image. Please bundle the allowlist in the com.android.adservices APEX instead.
05-31 20:48:44.061 W/PermissionManager( 754): Package com.android.providers.media.module is an APK in APEX, but has permission allowlist on the system image. Please bundle the allowlist in the com.android.mediaprovider APEX instead.
05-31 20:48:44.061 W/PermissionManager( 754): Package com.android.providers.media.module is an APK in APEX, but has permission allowlist on the system image. Please bundle the allowlist in the com.android.mediaprovider APEX instead.
05-31 20:48:44.061 W/PermissionManager( 754): Package com.android.providers.media.module is an APK in APEX, but has permission allowlist on the system image. Please bundle the allowlist in the com.android.mediaprovider APEX instead.
05-31 20:48:44.061 W/PermissionManager( 754): Package com.android.providers.media.module is an APK in APEX, but has permission allowlist on the system image. Please bundle the allowlist in the com.android.mediaprovider APEX instead.
05-31 20:48:44.061 W/PermissionManager( 754): Package com.android.providers.media.module is an APK in APEX, but has permission allowlist on the system image. Please bundle the allowlist in the com.android.mediaprovider APEX instead.
05-31 20:48:44.061 W/PermissionManager( 754): Package com.android.providers.media.module is an APK in APEX, but has permission allowlist on the system image. Please bundle the allowlist in the com.android.mediaprovider APEX instead.
05-31 20:48:44.061 W/PermissionManager( 754): Package com.android.providers.media.module is an APK in APEX, but has permission allowlist on the system image. Please bundle the allowlist in the com.android.mediaprovider APEX instead.
05-31 20:48:44.061 W/PermissionManager( 754): Package com.android.providers.media.module is an APK in APEX, but has permission allowlist on the system image. Please bundle the allowlist in the com.android.mediaprovider APEX instead.
05-31 20:48:44.061 W/PermissionManager( 754): Package com.android.providers.media.module is an APK in APEX, but has permission allowlist on the system image. Please bundle the allowlist in the com.android.mediaprovider APEX instead.
05-31 20:48:44.061 W/PermissionManager( 754): Package com.android.providers.media.module is an APK in APEX, but has permission allowlist on the system image. Please bundle the allowlist in the com.android.mediaprovider APEX instead.
05-31 20:48:44.061 W/PermissionManager( 754): Package com.android.providers.media.module is an APK in APEX, but has permission allowlist on the system image. Please bundle the allowlist in the com.android.mediaprovider APEX instead.
05-31 20:48:44.062 W/PermissionManager( 754): Package com.android.providers.media.module is an APK in APEX, but has permission allowlist on the system image. Please bundle the allowlist in the com.android.mediaprovider APEX instead.
05-31 20:48:44.062 W/PermissionManager( 754): Package com.android.providers.media.module is an APK in APEX, but has permission allowlist on the system image. Please bundle the allowlist in the com.android.mediaprovider APEX instead.
05-31 20:48:44.077 V/SystemServerTiming( 754): Permission_onInitialized-0 took to complete: 74ms
05-31 20:48:44.077 W/SystemServiceManager( 754): Service com.android.server.policy.PermissionPolicyService took 3922 ms in onBootPhase
05-31 20:48:44.077 V/SystemServerTiming( 754): OnBootPhase_550_com.android.server.policy.PermissionPolicyService took to complete: 3922ms
05-31 20:48:44.077 D/SystemServerTiming( 754): OnBootPhase_550_com.android.server.pm.StagingManager$Lifecycle
05-31 20:48:44.077 V/SystemServerTiming( 754): OnBootPhase_550_com.android.server.pm.StagingManager$Lifecycle took to complete: 0ms
05-31 20:48:44.077 D/SystemServerTiming( 754): OnBootPhase_550_com.android.server.app.GameManagerService$Lifecycle
05-31 20:48:44.077 V/SystemServerTiming( 754): OnBootPhase_550_com.android.server.app.GameManagerService$Lifecycle took to complete: 0ms
05-31 20:48:44.077 D/SystemServerTiming( 754): OnBootPhase_550_com.android.safetycenter.SafetyCenterService
05-31 20:48:44.077 V/SystemServerTiming( 754): OnBootPhase_550_com.android.safetycenter.SafetyCenterService took to complete: 0ms
05-31 20:48:44.077 D/SystemServerTiming( 754): OnBootPhase_550_com.android.server.appsearch.AppSearchModule$Lifecycle
05-31 20:48:44.077 V/SystemServerTiming( 754): OnBootPhase_550_com.android.server.appsearch.AppSearchModule$Lifecycle took to complete: 0ms
05-31 20:48:44.077 D/SystemServerTiming( 754): OnBootPhase_550_com.android.server.media.MediaCommunicationService
05-31 20:48:44.077 V/SystemServerTiming( 754): OnBootPhase_550_com.android.server.media.MediaCommunicationService took to complete: 0ms
05-31 20:48:44.077 D/SystemServerTiming( 754): OnBootPhase_550_com.android.server.compat.overrides.AppCompatOverridesService$Lifecycle
05-31 20:48:44.077 V/SystemServerTiming( 754): OnBootPhase_550_com.android.server.compat.overrides.AppCompatOverridesService$Lifecycle took to complete: 0ms
05-31 20:48:44.077 D/SystemServerTiming( 754): OnBootPhase_550_com.android.server.healthconnect.HealthConnectManagerService
05-31 20:48:44.077 V/SystemServerTiming( 754): OnBootPhase_550_com.android.server.healthconnect.HealthConnectManagerService took to complete: 0ms
05-31 20:48:44.077 D/SystemServerTiming( 754): OnBootPhase_550_com.android.server.devicelock.DeviceLockService
05-31 20:48:44.077 D/DeviceLockService( 754): onBootPhase: 550
05-31 20:48:44.077 V/SystemServerTiming( 754): OnBootPhase_550_com.android.server.devicelock.DeviceLockService took to complete: 0ms
05-31 20:48:44.077 V/SystemServerTiming( 754): OnBootPhase_550 took to complete: 4040ms
05-31 20:48:44.077 V/SystemServerTiming( 754): StartActivityManagerReadyPhase took to complete: 4040ms
05-31 20:48:44.077 D/SystemServerTiming( 754): StartObservingNativeCrashes
05-31 20:48:44.078 V/SystemServerTiming( 754): StartObservingNativeCrashes took to complete: 0ms
05-31 20:48:44.078 D/SystemServerTiming( 754): RegisterAppOpsPolicy
05-31 20:48:44.080 V/SystemServerTiming( 754): RegisterAppOpsPolicy took to complete: 2ms
05-31 20:48:44.080 D/SystemServerTiming( 754): MakeNetworkManagementServiceReady
05-31 20:48:44.080 D/SystemServerTimingAsync( 754): InitThreadPoolExec:WebViewFactoryPreparation
05-31 20:48:44.080 D/SystemServerInitThreadPool( 754): Started executing WebViewFactoryPreparation
05-31 20:48:44.080 I/SystemServer( 754): WebViewFactoryPreparation
05-31 20:48:44.080 D/SystemServerTimingAsync( 754): WebViewFactoryPreparation
05-31 20:48:44.082 V/SystemServerTiming( 754): MakeNetworkManagementServiceReady took to complete: 2ms
05-31 20:48:44.082 D/SystemServerTiming( 754): MakeConnectivityServiceReady
05-31 20:48:44.086 I/ActivityManager( 754): android is exempt from freezer
05-31 20:48:44.087 D/CompatibilityChangeReporter( 754): Compat change id reported: 135634846; UID 1000; state: DISABLED
05-31 20:48:44.087 D/CompatibilityChangeReporter( 754): Compat change id reported: 177438394; UID 1000; state: DISABLED
05-31 20:48:44.087 W/BatteryExternalStatsWorker( 754): error reading modem stats:ERROR_PHONE_NOT_AVAILABLE
05-31 20:48:44.087 D/CompatibilityChangeReporter( 754): Compat change id reported: 135772972; UID 1000; state: DISABLED
05-31 20:48:44.087 D/CompatibilityChangeReporter( 754): Compat change id reported: 178038272; UID 1000; state: DISABLED
05-31 20:48:44.088 W/ActivityManager( 754): com.android.localtransport inode == 0 (b/152760674)
05-31 20:48:44.088 V/SystemServerTimingAsync( 754): WebViewFactoryPreparation took to complete: 7ms
05-31 20:48:44.088 D/SystemServerInitThreadPool( 754): Finished executing WebViewFactoryPreparation
05-31 20:48:44.088 V/SystemServerTimingAsync( 754): InitThreadPoolExec:WebViewFactoryPreparation took to complete: 8ms
05-31 20:48:44.100 W/NetworkPolicy( 754): setRestrictBackgroundUL: already false
05-31 20:48:44.102 I/ActivityManager( 754): Start proc 1261:WebViewLoader-armeabi-v7a/1037 [android.webkit.WebViewLibraryLoader$RelroFileCreator] for
05-31 20:48:44.129 V/SystemServerTiming( 754): MakeConnectivityServiceReady took to complete: 47ms
05-31 20:48:44.129 D/SystemServerTiming( 754): MakeVpnManagerServiceReady
05-31 20:48:44.132 D/GameManagerService( 754): User ID '0' does not have a Game Mode selected for package: 'android'
05-31 20:48:44.132 D/CompatibilityChangeReporter( 754): Compat change id reported: 168419799; UID 1000; state: DISABLED
05-31 20:48:44.133 D/CompatibilityChangeReporter( 754): Compat change id reported: 273564678; UID 1000; state: DISABLED
05-31 20:48:44.146 V/SystemServerTiming( 754): MakeVpnManagerServiceReady took to complete: 17ms
05-31 20:48:44.146 D/SystemServerTiming( 754): MakeVcnManagementServiceReady
05-31 20:48:44.153 W/PackageManager( 754): Invalid dex load report. loadingPackageName=null, uid=1037
05-31 20:48:44.155 V/SystemServerTiming( 754): MakeVcnManagementServiceReady took to complete: 8ms
05-31 20:48:44.155 D/SystemServerTiming( 754): MakeNetworkPolicyServiceReady
05-31 20:48:44.158 V/SystemServerTiming( 754): MakeNetworkPolicyServiceReady took to complete: 3ms
05-31 20:48:44.158 D/SystemServerTiming( 754): PhaseThirdPartyAppsCanStart
05-31 20:48:44.159 I/SystemServiceManager( 754): Starting phase 600
05-31 20:48:44.159 D/SystemServerTiming( 754): OnBootPhase_600
05-31 20:48:44.159 D/SystemServerTiming( 754): OnBootPhase_600_com.android.server.security.FileIntegrityService
05-31 20:48:44.159 V/SystemServerTiming( 754): OnBootPhase_600_com.android.server.security.FileIntegrityService took to complete: 0ms
05-31 20:48:44.159 D/SystemServerTiming( 754): OnBootPhase_600_com.android.server.pm.Installer
05-31 20:48:44.159 V/SystemServerTiming( 754): OnBootPhase_600_com.android.server.pm.Installer took to complete: 0ms
05-31 20:48:44.159 D/SystemServerTiming( 754): OnBootPhase_600_com.android.server.os.DeviceIdentifiersPolicyService
05-31 20:48:44.159 V/SystemServerTiming( 754): OnBootPhase_600_com.android.server.os.DeviceIdentifiersPolicyService took to complete: 0ms
05-31 20:48:44.159 D/SystemServerTiming( 754): OnBootPhase_600_com.android.server.flags.FeatureFlagsService
05-31 20:48:44.159 V/SystemServerTiming( 754): OnBootPhase_600_com.android.server.flags.FeatureFlagsService took to complete: 0ms
05-31 20:48:44.159 D/SystemServerTiming( 754): OnBootPhase_600_com.android.server.uri.UriGrantsManagerService$Lifecycle
05-31 20:48:44.159 V/SystemServerTiming( 754): OnBootPhase_600_com.android.server.uri.UriGrantsManagerService$Lifecycle took to complete: 0ms
05-31 20:48:44.159 D/SystemServerTiming( 754): OnBootPhase_600_com.android.server.powerstats.PowerStatsService
05-31 20:48:44.159 V/SystemServerTiming( 754): OnBootPhase_600_com.android.server.powerstats.PowerStatsService took to complete: 0ms
05-31 20:48:44.159 D/SystemServerTiming( 754): OnBootPhase_600_com.android.server.permission.access.AccessCheckingService
05-31 20:48:44.159 V/SystemServerTiming( 754): OnBootPhase_600_com.android.server.permission.access.AccessCheckingService took to complete: 0ms
05-31 20:48:44.159 D/SystemServerTiming( 754): OnBootPhase_600_com.android.server.wm.ActivityTaskManagerService$Lifecycle
