05-31 20:48:50.401 W/ContextImpl( 1345): Calling a method in the system process without a qualified user: android.app.ContextImpl.startService:1899 android.content.ContextWrapper.startService:825 android.content.ContextWrapper.startService:825 com.droidlogic.BootComplete.onReceive:127 android.app.ActivityThread.handleReceiver:4494
05-31 20:48:50.406 W/ActivityManager( 754): Slow operation: 128ms so far, now at startProcess: returned from zygote!
05-31 20:48:50.406 W/ActivityManager( 754): Slow operation: 128ms so far, now at startProcess: done updating battery stats
05-31 20:48:50.406 W/ActivityManager( 754): Slow operation: 128ms so far, now at startProcess: building log message
05-31 20:48:50.406 I/ActivityManager( 754): Start proc 1935:com.android.music/u0a49 for service {com.android.music/com.android.music.MediaPlaybackService}
05-31 20:48:50.406 W/ActivityManager( 754): Slow operation: 128ms so far, now at startProcess: starting to update pids map
05-31 20:48:50.407 W/ActivityManager( 754): Slow operation: 129ms so far, now at startProcess: done updating pids map
05-31 20:48:50.407 W/ActivityManager( 754): Slow operation: 112ms so far, now at startProcess: asking zygote to start proc
05-31 20:48:50.407 D/CompatibilityChangeReporter( 754): Compat change id reported: 143937733; UID 10058; state: ENABLED
05-31 20:48:50.409 W/ContextImpl( 1345): Calling a method in the system process without a qualified user: android.app.ContextImpl.startService:1899 android.content.ContextWrapper.startService:825 android.content.ContextWrapper.startService:825 com.droidlogic.BootComplete.onReceive:128 android.app.ActivityThread.handleReceiver:4494
05-31 20:48:50.420 W/ContextImpl( 1345): Calling a method in the system process without a qualified user: android.app.ContextImpl.stopService:1911 android.content.ContextWrapper.stopService:835 android.content.ContextWrapper.stopService:835 com.droidlogic.BootComplete$2.onChange:276 com.droidlogic.BootComplete.updateDeveloperOptionsWatcher:283
05-31 20:48:50.424 W/Looper ( 754): Slow dispatch took 164ms main h=android.app.ActivityThread$H c=android.app.LoadedApk$ReceiverDispatcher$Args$$ExternalSyntheticLambda0@849cafc m=0
05-31 20:48:50.427 W/ContextImpl( 1345): Calling a method in the system process without a qualified user: android.app.ContextImpl.startService:1899 android.content.ContextWrapper.startService:825 android.content.ContextWrapper.startService:825 com.droidlogic.BootComplete.onReceive:173 android.app.ActivityThread.handleReceiver:4494
05-31 20:48:50.428 I/SyncManager( 754): Loaded persisted syncs: 0 periodic syncs, 0 oneshot syncs, 0 total system server jobs, JobStats: FirstLoad: 0/0/0 LastSave: 1/1/0
05-31 20:48:50.471 V/NotificationAssistants( 754): 0 notification assistant service connected: ComponentInfo{android.ext.services/android.ext.services.notification.Assistant}
05-31 20:48:50.471 W/ActivityManager( 754): Slow operation: 174ms so far, now at startProcess: returned from zygote!
05-31 20:48:50.474 I/PreBootBroadcaster( 754): Pre-boot of {com.droidlogic.mictoggle/com.droidlogic.mictoggle.AssistantMicMuteReceiver} for user 0
05-31 20:48:50.475 W/ActivityManager( 754): Slow operation: 181ms so far, now at startProcess: done updating battery stats
05-31 20:48:50.476 I/Watchdog( 754): Interesting Java process com.android.providers.media.module started. Pid 1944
05-31 20:48:50.476 W/ActivityManager( 754): Slow operation: 181ms so far, now at startProcess: building log message
05-31 20:48:50.476 W/NotificationHistory( 754): Attempted to add notif for locked/gone/disabled user 0
05-31 20:48:50.476 I/ActivityManager( 754): Start proc 1944:com.android.providers.media.module/u0a58 for service {com.android.providers.media.module/com.android.providers.media.fuse.ExternalStorageServiceImpl}
05-31 20:48:50.476 W/ActivityManager( 754): Slow operation: 181ms so far, now at startProcess: starting to update pids map
05-31 20:48:50.476 W/ActivityManager( 754): Slow operation: 181ms so far, now at startProcess: done updating pids map
05-31 20:48:50.478 D/CompatibilityChangeReporter( 754): Compat change id reported: 261072174; UID 1000; state: ENABLED
05-31 20:48:50.480 D/HDMI ( 754): addVendorCommandListener 1877008
05-31 20:48:50.480 I/ActivityManager( 754): com.droidlogic.mictoggle is exempt from freezer
05-31 20:48:50.481 D/CompatibilityChangeReporter( 754): Compat change id reported: 135634846; UID 1000; state: DISABLED
05-31 20:48:50.490 I/MediaSessionStack( 754): addSession to bottom of stack | record: com.android.bluetooth/BluetoothMediaBrowserService (userId=0)
05-31 20:48:50.509 I/ActivityManager( 754): Start proc 1968:com.droidlogic.mictoggle/1000 for broadcast {com.droidlogic.mictoggle/com.droidlogic.mictoggle.AssistantMicMuteReceiver}
05-31 20:48:50.513 D/CompatibilityChangeReporter( 754): Compat change id reported: 168419799; UID 10049; state: DISABLED
05-31 20:48:50.513 D/CompatibilityChangeReporter( 754): Compat change id reported: 273564678; UID 10049; state: DISABLED
05-31 20:48:50.517 D/CompatibilityChangeReporter( 754): Compat change id reported: 265195908; UID 10049; state: ENABLED
05-31 20:48:50.525 D/CompatibilityChangeReporter( 754): Compat change id reported: 168419799; UID 10058; state: DISABLED
05-31 20:48:50.525 D/CompatibilityChangeReporter( 754): Compat change id reported: 273564678; UID 10058; state: DISABLED
05-31 20:48:50.533 I/AppsFilter( 754): interaction: PackageSetting{7d055f4 com.dangbei.hqguide/10029} -> PackageSetting{c9d211d com.android.camera2/10048} BLOCKED
05-31 20:48:50.534 D/AudioService( 754): setWiredDeviceConnectionState( type:400 state:DEVICE_STATE_UNAVAILABLE addr: name:) from android
05-31 20:48:50.535 I/AS.AudioDeviceInventory( 754): handleDeviceConnection(false dev:400 address: name:)
05-31 20:48:50.535 I/AS.AudioDeviceInventory( 754): deviceKey:0x400:
05-31 20:48:50.535 I/AS.AudioDeviceInventory( 754): deviceInfo:[DeviceInfo: type:0x400 (hdmi) name: addr: codec: 0 sensorUuid: null disabled modes: {}] is(already)Connected:true
05-31 20:48:50.536 W/ ( 0): [1 T1196 ..] >>> aml_rx_scanu_start_cfm()
05-31 20:48:50.538 D/CompatibilityChangeReporter( 754): Compat change id reported: 265195908; UID 10058; state: ENABLED
05-31 20:48:50.556 W/AppWidgetServiceImpl( 754): Failed to read state: java.io.FileNotFoundException: /data/system/users/0/appwidgets.xml: open failed: ENOENT (No such file or directory)
05-31 20:48:50.556 V/AppWidgetServiceImpl( 754): Upgrading widget database from 0 to 1
05-31 20:48:50.564 D/CompatibilityChangeReporter( 754): Compat change id reported: 170503758; UID 10049; state: DISABLED
05-31 20:48:50.574 V/BackupManagerService( 754): [UserID:0] No ancestral data
05-31 20:48:50.576 D/CompatibilityChangeReporter( 754): Compat change id reported: 170503758; UID 10058; state: ENABLED
05-31 20:48:50.644 I/AS.AudioDeviceInventory( 754): sendDeviceConnectionIntent(dev:0x400 state:0x0 address: name:);
05-31 20:48:50.681 V/BackupManagerConstants( 754): getKeyValueBackupIntervalMilliseconds(...) returns 14400000
05-31 20:48:50.681 V/BackupManagerConstants( 754): getKeyValueBackupFuzzMilliseconds(...) returns 600000
05-31 20:48:50.681 V/BackupManagerConstants( 754): getKeyValueBackupRequiredNetworkType(...) returns 1
05-31 20:48:50.681 V/BackupManagerConstants( 754): getKeyValueBackupRequireCharging(...) returns true
05-31 20:48:50.681 V/KeyValueBackupJob( 754): Scheduling k/v pass in 248 minutes
05-31 20:48:50.683 D/CompatibilityChangeReporter( 754): Compat change id reported: 271850009; UID 1000; state: ENABLED
05-31 20:48:50.684 D/CompatibilityChangeReporter( 754): Compat change id reported: 271850009; UID 1000; state: DISABLED
05-31 20:48:50.689 D/CompatibilityChangeReporter( 754): Compat change id reported: 253665015; UID 1000; state: ENABLED
05-31 20:48:50.691 D/CompatibilityChangeReporter( 754): Compat change id reported: 253665015; UID 1000; state: DISABLED
05-31 20:48:50.748 D/CompatibilityChangeReporter( 754): Compat change id reported: 168419799; UID 1000; state: DISABLED
05-31 20:48:50.749 D/CompatibilityChangeReporter( 754): Compat change id reported: 273564678; UID 1000; state: DISABLED
05-31 20:48:50.754 D/AudioService( 754): setWiredDeviceConnectionState( type:400 state:DEVICE_STATE_AVAILABLE addr: name:) from android
05-31 20:48:50.754 I/AS.AudioDeviceInventory( 754): handleDeviceConnection(true dev:400 address: name:)
05-31 20:48:50.754 I/AS.AudioDeviceInventory( 754): deviceKey:0x400:
05-31 20:48:50.754 I/AS.AudioDeviceInventory( 754): deviceInfo:null is(already)Connected:false
05-31 20:48:50.771 D/CompatibilityChangeReporter( 754): Compat change id reported: 194532703; UID 1000; state: ENABLED
05-31 20:48:50.796 D/CompatibilityChangeReporter( 754): Compat change id reported: 194532703; UID 1000; state: DISABLED
05-31 20:48:50.836 W/ ( 0): [3 T660 ..] [aml_cfg80211_scan 1812] n_channels:26,iftype:2
05-31 20:48:50.836 W/ ( 0): [3 T660 ..] [aml_send_scanu_req 2532] vif:0
05-31 20:48:50.836 W/ ( 0): [3 T660 ..] >>> aml_send_msg()
05-31 20:48:50.845 W/ ( 0): [1 T1196 ..] ipc_sdio_host_msgack_handler 000000003a1f3044
05-31 20:48:50.846 W/ ( 0): [1 T1196 ..] [aml_msgackind 2038] msg ack hostid=0xffffff80abf9d500
05-31 20:48:50.847 W/ ( 0): [1 T1196 ..] [cmd_mgr_llind 329] cmd tkn[22] flags:0008 result: -4 cmd:4096-SCANU_START_REQ - reqcfm( 0-none)
05-31 20:48:50.848 W/ ( 0): [1 T1196 ..] [cmd_complete 65] cmd tkn[22] flags:0000 result: -4 cmd:4096-SCANU_START_REQ - reqcfm( 0-none)
05-31 20:48:50.914 D/CompatibilityChangeReporter( 754): Compat change id reported: 261072174; UID 10052; state: ENABLED
05-31 20:48:50.914 W/ActivityManager( 754): Slow operation: 145ms so far, now at finishAttachApplicationInner: after mServices.attachApplicationLocked
05-31 20:48:50.914 W/ActivityManager( 754): Slow operation: 145ms so far, now at finishAttachApplicationInner: after dispatching broadcasts
05-31 20:48:50.922 W/ActivityManager( 754): Slow operation: 89ms so far, now at finishAttachApplicationInner: after mServices.attachApplicationLocked
05-31 20:48:50.922 W/ActivityManager( 754): Slow operation: 89ms so far, now at finishAttachApplicationInner: after dispatching broadcasts
05-31 20:48:50.951 I/BackupManagerService( 754): isBackupEnabled() => false due to absent settings file
05-31 20:48:50.952 D/BackupManagerService( 754): user:0 readBackupEnableState enabled:false
05-31 20:48:50.952 I/BackupManagerService( 754): [UserID:0] Backup enabled => false
05-31 20:48:50.963 I/MediaSessionStack( 754): addSession to bottom of stack | record: com.android.music/MediaPlaybackService (userId=0)
05-31 20:48:51.116 D/CompatibilityChangeReporter( 754): Compat change id reported: 135634846; UID 10017; state: DISABLED
05-31 20:48:51.117 D/CompatibilityChangeReporter( 754): Compat change id reported: 177438394; UID 10017; state: DISABLED
05-31 20:48:51.117 D/CompatibilityChangeReporter( 754): Compat change id reported: 135772972; UID 10017; state: DISABLED
05-31 20:48:51.117 D/CompatibilityChangeReporter( 754): Compat change id reported: 135754954; UID 10017; state: ENABLED
05-31 20:48:51.118 D/CompatibilityChangeReporter( 754): Compat change id reported: 143937733; UID 10017; state: ENABLED
05-31 20:48:51.147 W/ContextImpl( 1968): Calling a method in the system process without a qualified user: android.app.ContextImpl.startService:1899 android.content.ContextWrapper.startService:825 android.content.ContextWrapper.startService:825 com.droidlogic.mictoggle.AssistantMicMuteReceiver.onReceive:48 android.app.ActivityThread.handleReceiver:4494
05-31 20:48:51.155 I/PreBootBroadcaster( 754): Pre-boot of {com.android.managedprovisioning/com.android.managedprovisioning.ota.PreBootListener} for user 0
05-31 20:48:51.158 I/ActivityManager( 754): com.android.managedprovisioning is exempt from freezer
05-31 20:48:51.158 D/CompatibilityChangeReporter( 754): Compat change id reported: 135634846; UID 10022; state: DISABLED
05-31 20:48:51.158 D/CompatibilityChangeReporter( 754): Compat change id reported: 177438394; UID 10022; state: DISABLED
05-31 20:48:51.158 D/CompatibilityChangeReporter( 754): Compat change id reported: 135772972; UID 10022; state: DISABLED
05-31 20:48:51.159 D/CompatibilityChangeReporter( 754): Compat change id reported: 135754954; UID 10022; state: ENABLED
05-31 20:48:51.160 I/ActivityManager( 754): Start proc 2037:android.process.acore/u0a17 for content provider {com.android.providers.contacts/com.android.providers.contacts.ContactsProvider2}
05-31 20:48:51.160 D/CompatibilityChangeReporter( 754): Compat change id reported: 143937733; UID 10022; state: ENABLED
05-31 20:48:51.192 I/ActivityManager( 754): Start proc 2056:com.android.managedprovisioning/u0a22 for broadcast {com.android.managedprovisioning/com.android.managedprovisioning.ota.PreBootListener}
05-31 20:48:51.216 D/CompatibilityChangeReporter( 754): Compat change id reported: 168419799; UID 10017; state: DISABLED
05-31 20:48:51.217 D/CompatibilityChangeReporter( 754): Compat change id reported: 273564678; UID 10017; state: DISABLED
05-31 20:48:51.229 D/CompatibilityChangeReporter( 754): Compat change id reported: 265195908; UID 10017; state: ENABLED
05-31 20:48:51.240 I/AS.AudioDeviceInventory( 754): sendDeviceConnectionIntent(dev:0x400 state:0x1 address: name:);
05-31 20:48:51.252 D/CompatibilityChangeReporter( 754): Compat change id reported: 168419799; UID 10022; state: DISABLED
05-31 20:48:51.252 D/CompatibilityChangeReporter( 754): Compat change id reported: 273564678; UID 10022; state: DISABLED
05-31 20:48:51.263 D/CompatibilityChangeReporter( 754): Compat change id reported: 265195908; UID 10022; state: ENABLED
05-31 20:48:51.269 D/CompatibilityChangeReporter( 754): Compat change id reported: 161145287; UID 10058; state: ENABLED
05-31 20:48:51.273 D/CompatibilityChangeReporter( 754): Compat change id reported: 170503758; UID 10017; state: ENABLED
05-31 20:48:51.284 I/[0 T784 ..] AidlLazyServiceRegistrar( 0): Process has 0 (of 1 available) client(s) in use after notification apexservice has clients: 0
05-31 20:48:51.285 I/[0 T784 ..] AidlLazyServiceRegistrar( 0): Shutdown prevented by forcePersist override flag.
05-31 20:48:51.291 D/CompatibilityChangeReporter( 754): Compat change id reported: 170503758; UID 10022; state: ENABLED
05-31 20:48:51.349 D/PackageManager( 754): Instant App installer not found with android.intent.action.INSTALL_INSTANT_APP_PACKAGE
05-31 20:48:51.349 D/PackageManager( 754): Clear ephemeral installer activity
05-31 20:48:51.367 D/PackageManager( 754): Instant App installer not found with android.intent.action.INSTALL_INSTANT_APP_PACKAGE
05-31 20:48:51.367 D/PackageManager( 754): Clear ephemeral installer activity
05-31 20:48:51.389 I/[0 T284 ..] android.hardware.boot-service( 0): sys.boot_completed: 1
05-31 20:48:51.387 D/PackageManager( 754): Instant App installer not found with android.intent.action.INSTALL_INSTANT_APP_PACKAGE
05-31 20:48:51.387 D/PackageManager( 754): Clear ephemeral installer activity
05-31 20:48:51.396 D/CompatibilityChangeReporter( 754): Compat change id reported: 161145287; UID 10017; state: ENABLED
05-31 20:48:51.403 V/BackupManagerConstants( 754): getKeyValueBackupIntervalMilliseconds(...) returns 14400000
05-31 20:48:51.403 V/BackupManagerConstants( 754): getKeyValueBackupFuzzMilliseconds(...) returns 600000
05-31 20:48:51.403 V/BackupManagerConstants( 754): getKeyValueBackupRequiredNetworkType(...) returns 1
05-31 20:48:51.403 V/BackupManagerConstants( 754): getKeyValueBackupRequireCharging(...) returns true
05-31 20:48:51.403 V/KeyValueBackupJob( 754): Scheduling k/v pass in 245 minutes
05-31 20:48:51.413 I/StorageUserConnection( 754): Service: [ComponentInfo{com.android.providers.media.module/com.android.providers.media.fuse.ExternalStorageServiceImpl}] connected. User [0]
05-31 20:48:51.460 D/CountryDetector( 754): The first listener is added
05-31 20:48:51.509 D/CompatibilityChangeReporter( 754): Compat change id reported: 135634846; UID 10016; state: DISABLED
05-31 20:48:51.509 D/CompatibilityChangeReporter( 754): Compat change id reported: 177438394; UID 10016; state: DISABLED
05-31 20:48:51.509 D/CompatibilityChangeReporter( 754): Compat change id reported: 135772972; UID 10016; state: DISABLED
05-31 20:48:51.509 D/CompatibilityChangeReporter( 754): Compat change id reported: 135754954; UID 10016; state: ENABLED
05-31 20:48:51.511 D/CompatibilityChangeReporter( 754): Compat change id reported: 143937733; UID 10016; state: ENABLED
05-31 20:48:51.528 I/ActivityManager( 754): Start proc 2108:android.process.media/u0a16 for content provider {com.android.providers.media/com.android.providers.media.LegacyMediaProvider}
05-31 20:48:51.572 D/CompatibilityChangeReporter( 754): Compat change id reported: 168419799; UID 10016; state: DISABLED
05-31 20:48:51.572 D/CompatibilityChangeReporter( 754): Compat change id reported: 273564678; UID 10016; state: DISABLED
05-31 20:48:51.576 D/CompatibilityChangeReporter( 754): Compat change id reported: 265195908; UID 10016; state: ENABLED
05-31 20:48:51.594 I/PreBootBroadcaster( 754): Pre-boot of {com.android.providers.calendar/com.android.providers.calendar.CalendarUpgradeReceiver} for user 0
05-31 20:48:51.598 D/CompatibilityChangeReporter( 754): Compat change id reported: 135634846; UID 10018; state: DISABLED
05-31 20:48:51.598 D/CompatibilityChangeReporter( 754): Compat change id reported: 177438394; UID 10018; state: DISABLED
05-31 20:48:51.598 D/CompatibilityChangeReporter( 754): Compat change id reported: 135772972; UID 10018; state: DISABLED
05-31 20:48:51.599 D/CompatibilityChangeReporter( 754): Compat change id reported: 135754954; UID 10018; state: ENABLED
05-31 20:48:51.599 D/CompatibilityChangeReporter( 754): Compat change id reported: 143937733; UID 10018; state: ENABLED
05-31 20:48:51.611 D/CompatibilityChangeReporter( 754): Compat change id reported: 170503758; UID 10016; state: ENABLED
05-31 20:48:51.617 I/ActivityManager( 754): Start proc 2124:com.android.providers.calendar/u0a18 for broadcast {com.android.providers.calendar/com.android.providers.calendar.CalendarUpgradeReceiver}
05-31 20:48:51.637 D/CompatibilityChangeReporter( 754): Compat change id reported: 207133734; UID 10017; state: ENABLED
05-31 20:48:51.653 D/CompatibilityChangeReporter( 754): Compat change id reported: 168419799; UID 10018; state: DISABLED
05-31 20:48:51.654 D/CompatibilityChangeReporter( 754): Compat change id reported: 273564678; UID 10018; state: DISABLED
05-31 20:48:51.658 D/CompatibilityChangeReporter( 754): Compat change id reported: 265195908; UID 10018; state: ENABLED
05-31 20:48:51.675 D/CompatibilityChangeReporter( 754): Compat change id reported: 170503758; UID 10018; state: ENABLED
05-31 20:48:51.739 I/ ( 0): [0 T8 ..] [TEE] E/TC:? 00 tee_rpmb_verify_key_sync_counter:1008 Verify key returning 0xffff0008
05-31 20:48:51.739 I/ ( 0): [0 T8 ..] [TEE] E/TC:? 00 tee_mkl_status:195 tee_mkl_status bad state, status = 0x0
05-31 20:48:51.740 I/ ( 0): [0 T8 ..] [TEE] E/TC:? 00 tee_provision_get_pfpk_enc:351 PFPK key table bad status, res = 0xffff0007
05-31 20:48:51.742 I/ ( 0): [0 T8 ..] [TEE] E/TA: read_pfid_from_property:765 [PROVISION-TA] PFID is not provisioned
05-31 20:48:51.743 I/ ( 0): [0 T8 ..] [TEE] E/TA: pfid_query:877 [PROVISION-TA] pfid_query read pfid property error, return 0xFFFF0008
05-31 20:48:51.744 I/ ( 0): [0 T8 ..] [TEE] E/TC:? 00 tee_rpmb_verify_key_sync_counter:1008 Verify key returning 0xffff0008
05-31 20:48:51.745 I/ ( 0): [0 T8 ..] [TEE] E/TC:? 00 tee_mkl_status:195 tee_mkl_status bad state, status = 0x0
05-31 20:48:51.747 I/ ( 0): [0 T8 ..] [TEE] E/TC:? 00 tee_provision_get_pfpk_enc:351 PFPK key table bad status, res = 0xffff0007
05-31 20:48:51.748 I/ ( 0): [0 T8 ..] [TEE] E/TC:? 00 tee_mkl_status:195 tee_mkl_status bad state, status = 0x0
05-31 20:48:51.749 I/ ( 0): [0 T8 ..] [TEE] E/TC:? 00 tee_provision_get_pfpk_enc:351 PFPK key table bad status, res = 0xffff0007
05-31 20:48:51.750 I/ ( 0): [0 T8 ..] [TEE] E/TA: get_pfpk_enc:786 [PROVISION-TA] TEE_Provision_Get_PFPK_ENC() failed, return 0xFFFF0007
05-31 20:48:51.752 I/ ( 0): [0 T8 ..] [TEE] E/TA: pfpk_query:851 [PROVISION-TA] get_pfpk_enc return 0xFFFF0007
05-31 20:48:51.780 D/CompatibilityChangeReporter( 754): Compat change id reported: 207133734; UID 10018; state: ENABLED
05-31 20:48:51.788 D/CompatibilityChangeReporter( 754): Compat change id reported: 161145287; UID 10018; state: ENABLED
05-31 20:48:51.793 D/CompatibilityChangeReporter( 754): Compat change id reported: 253665015; UID 10016; state: ENABLED
05-31 20:48:51.794 D/CompatibilityChangeReporter( 754): Compat change id reported: 194532703; UID 10016; state: ENABLED
05-31 20:48:51.805 I/PreBootBroadcaster( 754): Pre-boot of {com.android.providers.contacts/com.android.providers.contacts.ContactsUpgradeReceiver} for user 0
05-31 20:48:51.829 D/CompatibilityChangeReporter( 754): Compat change id reported: 143231523; UID 10018; state: DISABLED
05-31 20:48:51.895 D/WallpaperManagerService( 754): Wallpaper_selinux_restorecon-0
05-31 20:48:51.897 V/WallpaperManagerService( 754): Wallpaper_selinux_restorecon-0 took to complete: 2ms
05-31 20:48:51.923 W/VoiceInteractionManager( 754): no available voice recognition services found for user 0
05-31 20:48:51.930 W/VoiceInteractionManager( 754): no available voice recognition services found for user 0
05-31 20:48:51.936 W/VoiceInteractionManager( 754): no available voice recognition services found for user 0
05-31 20:48:51.939 D/AppWidgetServiceImpl( 754): Provider info from ComponentInfo{com.android.deskclock/com.android.alarmclock.AnalogAppWidgetProvider} won't be persisted.
05-31 20:48:51.939 D/AppWidgetServiceImpl( 754): Provider info from ComponentInfo{com.android.deskclock/com.android.alarmclock.DigitalAppWidgetProvider} won't be persisted.
05-31 20:48:51.939 D/AppWidgetServiceImpl( 754): Provider info from ComponentInfo{com.android.systemui/com.android.systemui.people.widget.PeopleSpaceWidgetProvider} won't be persisted.
05-31 20:48:51.943 W/VoiceInteractionManager( 754): no available voice recognition services found for user 0
05-31 20:48:51.949 W/VoiceInteractionManager( 754): no available voice recognition services found for user 0
05-31 20:48:51.958 W/VoiceInteractionManager( 754): no available voice recognition services found for user 0
05-31 20:48:51.963 W/VoiceInteractionManager( 754): no available voice recognition services found for user 0
05-31 20:48:51.979 E/UsbDeviceManager( 754): Usb setCurrentUsbFunctionsCb failed ,functions:1 ,status:1 ,transactionId:6
05-31 20:48:51.979 I/UsbDeviceManager( 754): notifyCurrentFunction request:1 status:1
05-31 20:48:51.984 D/CompatibilityChangeReporter( 754): Compat change id reported: 171306433; UID 1000; state: ENABLED
05-31 20:48:52.004 I/PreBootBroadcaster( 754): Pre-boot of {com.android.providers.media.module/com.android.providers.media.MediaUpgradeReceiver} for user 0
05-31 20:48:52.011 I/PreBootBroadcaster( 754): Pre-boot of {com.android.providers.tv/com.android.providers.tv.TvProviderUpgradeReceiver} for user 0
05-31 20:48:52.021 I/PreBootBroadcaster( 754): Pre-boot of {com.android.tv.settings/com.android.tv.settings.PreBootCompleteReceiver} for user 0
05-31 20:48:52.036 I/ActivityManager( 754): Posting BOOT_COMPLETED user #0
05-31 20:48:52.036 D/SystemServerTimingAsync( 754): ssm.UnlockedUser-0
05-31 20:48:52.036 I/SystemServiceManager( 754): Calling onUnlockedUser 0
05-31 20:48:52.036 D/SystemServerTimingAsync( 754): ssm.onUnlockedUser-0_com.android.server.security.FileIntegrityService
05-31 20:48:52.036 V/SystemServerTimingAsync( 754): ssm.onUnlockedUser-0_com.android.server.security.FileIntegrityService took to complete: 0ms
05-31 20:48:52.036 D/SystemServerTimingAsync( 754): ssm.onUnlockedUser-0_com.android.server.pm.Installer
05-31 20:48:52.036 V/SystemServerTimingAsync( 754): ssm.onUnlockedUser-0_com.android.server.pm.Installer took to complete: 0ms
05-31 20:48:52.036 D/SystemServerTimingAsync( 754): ssm.onUnlockedUser-0_com.android.server.os.DeviceIdentifiersPolicyService
05-31 20:48:52.036 V/SystemServerTimingAsync( 754): ssm.onUnlockedUser-0_com.android.server.os.DeviceIdentifiersPolicyService took to complete: 0ms
05-31 20:48:52.036 D/SystemServerTimingAsync( 754): ssm.onUnlockedUser-0_com.android.server.flags.FeatureFlagsService
05-31 20:48:52.036 V/SystemServerTimingAsync( 754): ssm.onUnlockedUser-0_com.android.server.flags.FeatureFlagsService took to complete: 0ms
05-31 20:48:52.036 D/SystemServerTimingAsync( 754): ssm.onUnlockedUser-0_com.android.server.uri.UriGrantsManagerService$Lifecycle
05-31 20:48:52.036 V/SystemServerTimingAsync( 754): ssm.onUnlockedUser-0_com.android.server.uri.UriGrantsManagerService$Lifecycle took to complete: 0ms
05-31 20:48:52.036 D/SystemServerTimingAsync( 754): ssm.onUnlockedUser-0_com.android.server.powerstats.PowerStatsService
05-31 20:48:52.036 V/SystemServerTimingAsync( 754): ssm.onUnlockedUser-0_com.android.server.powerstats.PowerStatsService took to complete: 0ms
05-31 20:48:52.036 D/SystemServerTimingAsync( 754): ssm.onUnlockedUser-0_com.android.server.permission.access.AccessCheckingService
05-31 20:48:52.036 V/SystemServerTimingAsync( 754): ssm.onUnlockedUser-0_com.android.server.permission.access.AccessCheckingService took to complete: 0ms
05-31 20:48:52.036 D/SystemServerTimingAsync( 754): ssm.onUnlockedUser-0_com.android.server.wm.ActivityTaskManagerService$Lifecycle
05-31 20:48:52.037 I/AppWidgetServiceImpl( 754): Processing of handleUserUnlocked u0 took 1 ms
05-31 20:48:52.037 I/LaunchParamsPersister( 754): Didn't find launch param folder for user 0
05-31 20:48:52.037 V/SystemServerTimingAsync( 754): ssm.onUnlockedUser-0_com.android.server.wm.ActivityTaskManagerService$Lifecycle took to complete: 1ms
05-31 20:48:52.037 D/SystemServerTimingAsync( 754): ssm.onUnlockedUser-0_com.android.server.am.ActivityManagerService$Lifecycle
05-31 20:48:52.037 V/SystemServerTimingAsync( 754): ssm.onUnlockedUser-0_com.android.server.am.ActivityManagerService$Lifecycle took to complete: 0ms
05-31 20:48:52.037 D/SystemServerTimingAsync( 754): ssm.onUnlockedUser-0_com.android.server.pm.DataLoaderManagerService
05-31 20:48:52.037 V/SystemServerTimingAsync( 754): ssm.onUnlockedUser-0_com.android.server.pm.DataLoaderManagerService took to complete: 0ms
05-31 20:48:52.037 D/SystemServerTimingAsync( 754): ssm.onUnlockedUser-0_com.android.server.power.PowerManagerService
05-31 20:48:52.037 V/SystemServerTimingAsync( 754): ssm.onUnlockedUser-0_com.android.server.power.PowerManagerService took to complete: 0ms
05-31 20:48:52.037 D/SystemServerTimingAsync( 754): ssm.onUnlockedUser-0_com.android.server.power.ThermalManagerService
05-31 20:48:52.037 V/SystemServerTimingAsync( 754): ssm.onUnlockedUser-0_com.android.server.power.ThermalManagerService took to complete: 0ms
05-31 20:48:52.037 D/SystemServerTimingAsync( 754): ssm.onUnlockedUser-0_com.android.server.power.hint.HintManagerService
05-31 20:48:52.037 V/SystemServerTimingAsync( 754): ssm.onUnlockedUser-0_com.android.server.power.hint.HintManagerService took to complete: 0ms
05-31 20:48:52.037 D/SystemServerTimingAsync( 754): ssm.onUnlockedUser-0_com.android.server.recoverysystem.RecoverySystemService$Lifecycle
05-31 20:48:52.037 V/SystemServerTimingAsync( 754): ssm.onUnlockedUser-0_com.android.server.recoverysystem.RecoverySystemService$Lifecycle took to complete: 0ms
05-31 20:48:52.037 D/SystemServerTimingAsync( 754): ssm.onUnlockedUser-0_com.android.server.lights.LightsService
05-31 20:48:52.037 V/SystemServerTimingAsync( 754): ssm.onUnlockedUser-0_com.android.server.lights.LightsService took to complete: 0ms
05-31 20:48:52.037 D/SystemServerTimingAsync( 754): ssm.onUnlockedUser-0_com.android.server.display.DisplayManagerService
05-31 20:48:52.037 V/SystemServerTimingAsync( 754): ssm.onUnlockedUser-0_com.android.server.display.DisplayManagerService took to complete: 0ms
05-31 20:48:52.037 D/SystemServerTimingAsync( 754): ssm.onUnlockedUser-0_com.android.server.pm.verify.domain.DomainVerificationService
05-31 20:48:52.038 V/SystemServerTimingAsync( 754): ssm.onUnlockedUser-0_com.android.server.pm.verify.domain.DomainVerificationService took to complete: 0ms
05-31 20:48:52.038 D/SystemServerTimingAsync( 754): ssm.onUnlockedUser-0_com.android.server.pm.PackageInstallerService$Lifecycle
05-31 20:48:52.038 V/SystemServerTimingAsync( 754): ssm.onUnlockedUser-0_com.android.server.pm.PackageInstallerService$Lifecycle took to complete: 0ms
05-31 20:48:52.038 D/SystemServerTimingAsync( 754): ssm.onUnlockedUser-0_com.android.server.pm.UserManagerService$LifeCycle
05-31 20:48:52.038 V/SystemServerTimingAsync( 754): ssm.onUnlockedUser-0_com.android.server.pm.UserManagerService$LifeCycle took to complete: 0ms
05-31 20:48:52.038 D/SystemServerTimingAsync( 754): ssm.onUnlockedUser-0_com.android.server.om.OverlayManagerService
05-31 20:48:52.038 V/SystemServerTimingAsync( 754): ssm.onUnlockedUser-0_com.android.server.om.OverlayManagerService took to complete: 0ms
05-31 20:48:52.038 D/SystemServerTimingAsync( 754): ssm.onUnlockedUser-0_com.android.server.resources.ResourcesManagerService
05-31 20:48:52.038 V/SystemServerTimingAsync( 754): ssm.onUnlockedUser-0_com.android.server.resources.ResourcesManagerService took to complete: 0ms
05-31 20:48:52.038 D/SystemServerTimingAsync( 754): ssm.onUnlockedUser-0_com.android.server.sensorprivacy.SensorPrivacyService
05-31 20:48:52.038 V/SystemServerTimingAsync( 754): ssm.onUnlockedUser-0_com.android.server.sensorprivacy.SensorPrivacyService took to complete: 0ms
05-31 20:48:52.038 D/SystemServerTimingAsync( 754): ssm.onUnlockedUser-0_com.android.server.sensors.SensorService
05-31 20:48:52.038 V/SystemServerTimingAsync( 754): ssm.onUnlockedUser-0_com.android.server.sensors.SensorService took to complete: 0ms
05-31 20:48:52.038 D/SystemServerTimingAsync( 754): ssm.onUnlockedUser-0_com.android.server.SystemConfigService
05-31 20:48:52.038 V/SystemServerTimingAsync( 754): ssm.onUnlockedUser-0_com.android.server.SystemConfigService took to complete: 0ms
05-31 20:48:52.038 D/SystemServerTimingAsync( 754): ssm.onUnlockedUser-0_com.android.server.BatteryService
05-31 20:48:52.038 V/SystemServerTimingAsync( 754): ssm.onUnlockedUser-0_com.android.server.BatteryService took to complete: 0ms
05-31 20:48:52.038 D/SystemServerTimingAsync( 754): ssm.onUnlockedUser-0_com.android.server.usage.UsageStatsService
05-31 20:48:52.038 V/SystemServerTimingAsync( 754): ssm.onUnlockedUser-0_com.android.server.usage.UsageStatsService took to complete: 0ms
05-31 20:48:52.038 D/SystemServerTimingAsync( 754): ssm.onUnlockedUser-0_com.android.server.webkit.WebViewUpdateService
05-31 20:48:52.038 V/SystemServerTimingAsync( 754): ssm.onUnlockedUser-0_com.android.server.webkit.WebViewUpdateService took to complete: 0ms
05-31 20:48:52.038 D/SystemServerTimingAsync( 754): ssm.onUnlockedUser-0_com.android.server.CachedDeviceStateService
05-31 20:48:52.038 V/SystemServerTimingAsync( 754): ssm.onUnlockedUser-0_com.android.server.CachedDeviceStateService took to complete: 0ms
05-31 20:48:52.038 D/SystemServerTimingAsync( 754): ssm.onUnlockedUser-0_com.android.server.BinderCallsStatsService$LifeCycle
05-31 20:48:52.038 V/SystemServerTimingAsync( 754): ssm.onUnlockedUser-0_com.android.server.BinderCallsStatsService$LifeCycle took to complete: 0ms
05-31 20:48:52.038 D/SystemServerTimingAsync( 754): ssm.onUnlockedUser-0_com.android.server.LooperStatsService$Lifecycle
05-31 20:48:52.038 V/SystemServerTimingAsync( 754): ssm.onUnlockedUser-0_com.android.server.LooperStatsService$Lifecycle took to complete: 0ms
05-31 20:48:52.038 D/SystemServerTimingAsync( 754): ssm.onUnlockedUser-0_com.android.server.rollback.RollbackManagerService
05-31 20:48:52.038 V/SystemServerTimingAsync( 754): ssm.onUnlockedUser-0_com.android.server.rollback.RollbackManagerService took to complete: 0ms
05-31 20:48:52.038 D/SystemServerTimingAsync( 754): ssm.onUnlockedUser-0_com.android.server.os.NativeTombstoneManagerService
05-31 20:48:52.038 V/SystemServerTimingAsync( 754): ssm.onUnlockedUser-0_com.android.server.os.NativeTombstoneManagerService took to complete: 0ms
05-31 20:48:52.038 D/SystemServerTimingAsync( 754): ssm.onUnlockedUser-0_com.android.server.os.BugreportManagerService
05-31 20:48:52.038 V/SystemServerTimingAsync( 754): ssm.onUnlockedUser-0_com.android.server.os.BugreportManagerService took to complete: 0ms
05-31 20:48:52.038 D/SystemServerTimingAsync( 754): ssm.onUnlockedUser-0_com.android.server.gpu.GpuService
05-31 20:48:52.038 V/SystemServerTimingAsync( 754): ssm.onUnlockedUser-0_com.android.server.gpu.GpuService took to complete: 0ms
05-31 20:48:52.038 D/SystemServerTimingAsync( 754): ssm.onUnlockedUser-0_com.android.server.security.rkp.RemoteProvisioningService
05-31 20:48:52.038 V/SystemServerTimingAsync( 754): ssm.onUnlockedUser-0_com.android.server.security.rkp.RemoteProvisioningService took to complete: 0ms
05-31 20:48:52.038 D/SystemServerTimingAsync( 754): ssm.onUnlockedUser-0_com.android.server.cpu.CpuMonitorService
05-31 20:48:52.038 V/SystemServerTimingAsync( 754): ssm.onUnlockedUser-0_com.android.server.cpu.CpuMonitorService took to complete: 0ms
05-31 20:48:52.038 D/SystemServerTimingAsync( 754): ssm.onUnlockedUser-0_com.android.server.security.KeyChainSystemService
05-31 20:48:52.038 V/SystemServerTimingAsync( 754): ssm.onUnlockedUser-0_com.android.server.security.KeyChainSystemService took to complete: 0ms
05-31 20:48:52.038 D/SystemServerTimingAsync( 754): ssm.onUnlockedUser-0_com.android.server.BinaryTransparencyService
05-31 20:48:52.038 V/SystemServerTimingAsync( 754): ssm.onUnlockedUser-0_com.android.server.BinaryTransparencyService took to complete: 0ms
05-31 20:48:52.038 D/SystemServerTimingAsync( 754): ssm.onUnlockedUser-0_com.android.server.accounts.AccountManagerService$Lifecycle
05-31 20:48:52.038 V/SystemServerTimingAsync( 754): ssm.onUnlockedUser-0_com.android.server.accounts.AccountManagerService$Lifecycle took to complete: 0ms
05-31 20:48:52.038 D/SystemServerTimingAsync( 754): ssm.onUnlockedUser-0_com.android.server.content.ContentService$Lifecycle
05-31 20:48:52.038 V/SystemServerTimingAsync( 754): ssm.onUnlockedUser-0_com.android.server.content.ContentService$Lifecycle took to complete: 0ms
05-31 20:48:52.038 D/SystemServerTimingAsync( 754): ssm.onUnlockedUser-0_com.android.server.deviceconfig.DeviceConfigInit$Lifecycle
05-31 20:48:52.038 V/SystemServerTimingAsync( 754): ssm.onUnlockedUser-0_com.android.server.deviceconfig.DeviceConfigInit$Lifecycle took to complete: 0ms
05-31 20:48:52.038 D/SystemServerTimingAsync( 754): ssm.onUnlockedUser-0_com.android.server.DropBoxManagerService
05-31 20:48:52.038 V/SystemServerTimingAsync( 754): ssm.onUnlockedUser-0_com.android.server.DropBoxManagerService took to complete: 0ms
05-31 20:48:52.038 D/SystemServerTimingAsync( 754): ssm.onUnlockedUser-0_com.android.role.RoleService
05-31 20:48:52.038 V/SystemServerTimingAsync( 754): ssm.onUnlockedUser-0_com.android.role.RoleService took to complete: 0ms
05-31 20:48:52.038 D/SystemServerTimingAsync( 754): ssm.onUnlockedUser-0_com.android.server.vibrator.VibratorManagerService$Lifecycle
05-31 20:48:52.039 V/SystemServerTimingAsync( 754): ssm.onUnlockedUser-0_com.android.server.vibrator.VibratorManagerService$Lifecycle took to complete: 0ms
05-31 20:48:52.039 D/SystemServerTimingAsync( 754): ssm.onUnlockedUser-0_com.android.server.tare.InternalResourceService
05-31 20:48:52.039 V/SystemServerTimingAsync( 754): ssm.onUnlockedUser-0_com.android.server.tare.InternalResourceService took to complete: 0ms
05-31 20:48:52.039 D/SystemServerTimingAsync( 754): ssm.onUnlockedUser-0_com.android.server.alarm.AlarmManagerService
05-31 20:48:52.039 V/SystemServerTimingAsync( 754): ssm.onUnlockedUser-0_com.android.server.alarm.AlarmManagerService took to complete: 0ms
05-31 20:48:52.039 D/SystemServerTimingAsync( 754): ssm.onUnlockedUser-0_com.android.server.devicestate.DeviceStateManagerService
05-31 20:48:52.039 V/SystemServerTimingAsync( 754): ssm.onUnlockedUser-0_com.android.server.devicestate.DeviceStateManagerService took to complete: 0ms
05-31 20:48:52.039 D/SystemServerTimingAsync( 754): ssm.onUnlockedUser-0_com.android.server.camera.CameraServiceProxy
05-31 20:48:52.039 V/SystemServerTimingAsync( 754): ssm.onUnlockedUser-0_com.android.server.camera.CameraServiceProxy took to complete: 0ms
05-31 20:48:52.039 D/SystemServerTimingAsync( 754): ssm.onUnlockedUser-0_com.android.server.bluetooth.BluetoothService
05-31 20:48:52.039 V/SystemServerTimingAsync( 754): ssm.onUnlockedUser-0_com.android.server.bluetooth.BluetoothService took to complete: 0ms
05-31 20:48:52.039 D/SystemServerTimingAsync( 754): ssm.onUnlockedUser-0_com.android.server.connectivity.IpConnectivityMetrics
05-31 20:48:52.039 E/TaskPersister( 754): File error accessing recents directory (directory doesn't exist?).
05-31 20:48:52.039 V/SystemServerTimingAsync( 754): ssm.onUnlockedUser-0_com.android.server.connectivity.IpConnectivityMetrics took to complete: 0ms
05-31 20:48:52.039 D/SystemServerTimingAsync( 754): ssm.onUnlockedUser-0_com.android.server.net.watchlist.NetworkWatchlistService$Lifecycle
05-31 20:48:52.039 V/SystemServerTimingAsync( 754): ssm.onUnlockedUser-0_com.android.server.net.watchlist.NetworkWatchlistService$Lifecycle took to complete: 0ms
05-31 20:48:52.039 D/SystemServerTimingAsync( 754): ssm.onUnlockedUser-0_com.android.server.PinnerService
05-31 20:48:52.039 V/SystemServerTimingAsync( 754): ssm.onUnlockedUser-0_com.android.server.PinnerService took to complete: 0ms
05-31 20:48:52.039 D/SystemServerTimingAsync( 754): ssm.onUnlockedUser-0_com.android.server.integrity.AppIntegrityManagerService
05-31 20:48:52.039 V/SystemServerTimingAsync( 754): ssm.onUnlockedUser-0_com.android.server.integrity.AppIntegrityManagerService took to complete: 0ms
05-31 20:48:52.039 D/SystemServerTimingAsync( 754): ssm.onUnlockedUser-0_com.android.server.logcat.LogcatManagerService
05-31 20:48:52.039 V/SystemServerTimingAsync( 754): ssm.onUnlockedUser-0_com.android.server.logcat.LogcatManagerService took to complete: 0ms
05-31 20:48:52.039 D/SystemServerTimingAsync( 754): ssm.onUnlockedUser-0_com.android.server.inputmethod.InputMethodManagerService$Lifecycle
05-31 20:48:52.039 V/SystemServerTimingAsync( 754): ssm.onUnlockedUser-0_com.android.server.inputmethod.InputMethodManagerService$Lifecycle took to complete: 0ms
05-31 20:48:52.039 D/SystemServerTimingAsync( 754): ssm.onUnlockedUser-0_com.android.server.accessibility.AccessibilityManagerService$Lifecycle
05-31 20:48:52.039 V/SystemServerTimingAsync( 754): ssm.onUnlockedUser-0_com.android.server.accessibility.AccessibilityManagerService$Lifecycle took to complete: 0ms
05-31 20:48:52.039 D/SystemServerTimingAsync( 754): ssm.onUnlockedUser-0_com.android.server.StorageManagerService$Lifecycle
05-31 20:48:52.039 V/SystemServerTimingAsync( 754): ssm.onUnlockedUser-0_com.android.server.StorageManagerService$Lifecycle took to complete: 0ms
05-31 20:48:52.039 D/SystemServerTimingAsync( 754): ssm.onUnlockedUser-0_com.android.server.usage.StorageStatsService$Lifecycle
05-31 20:48:52.039 V/SystemServerTimingAsync( 754): ssm.onUnlockedUser-0_com.android.server.usage.StorageStatsService$Lifecycle took to complete: 0ms
05-31 20:48:52.039 D/SystemServerTimingAsync( 754): ssm.onUnlockedUser-0_com.android.server.UiModeManagerService
05-31 20:48:52.039 V/SystemServerTimingAsync( 754): ssm.onUnlockedUser-0_com.android.server.UiModeManagerService took to complete: 0ms
05-31 20:48:52.039 D/SystemServerTimingAsync( 754): ssm.onUnlockedUser-0_com.android.server.locales.LocaleManagerService
05-31 20:48:52.039 V/SystemServerTimingAsync( 754): ssm.onUnlockedUser-0_com.android.server.locales.LocaleManagerService took to complete: 0ms
05-31 20:48:52.039 D/SystemServerTimingAsync( 754): ssm.onUnlockedUser-0_com.android.server.grammaticalinflection.GrammaticalInflectionService
05-31 20:48:52.039 V/SystemServerTimingAsync( 754): ssm.onUnlockedUser-0_com.android.server.grammaticalinflection.GrammaticalInflectionService took to complete: 0ms
05-31 20:48:52.039 D/SystemServerTimingAsync( 754): ssm.onUnlockedUser-0_com.android.server.apphibernation.AppHibernationService
05-31 20:48:52.039 V/SystemServerTimingAsync( 754): ssm.onUnlockedUser-0_com.android.server.apphibernation.AppHibernationService took to complete: 0ms
05-31 20:48:52.039 D/SystemServerTimingAsync( 754): ssm.onUnlockedUser-0_com.android.server.locksettings.LockSettingsService$Lifecycle
05-31 20:48:52.039 V/SystemServerTimingAsync( 754): ssm.onUnlockedUser-0_com.android.server.locksettings.LockSettingsService$Lifecycle took to complete: 0ms
05-31 20:48:52.039 D/SystemServerTimingAsync( 754): ssm.onUnlockedUser-0_com.android.server.PersistentDataBlockService
05-31 20:48:52.039 V/SystemServerTimingAsync( 754): ssm.onUnlockedUser-0_com.android.server.PersistentDataBlockService took to complete: 0ms
05-31 20:48:52.039 D/SystemServerTimingAsync( 754): ssm.onUnlockedUser-0_com.android.server.testharness.TestHarnessModeService
05-31 20:48:52.039 V/SystemServerTimingAsync( 754): ssm.onUnlockedUser-0_com.android.server.testharness.TestHarnessModeService took to complete: 0ms
05-31 20:48:52.039 D/SystemServerTimingAsync( 754): ssm.onUnlockedUser-0_com.android.server.oemlock.OemLockService
05-31 20:48:52.040 V/SystemServerTimingAsync( 754): ssm.onUnlockedUser-0_com.android.server.oemlock.OemLockService took to complete: 0ms
05-31 20:48:52.040 D/SystemServerTimingAsync( 754): ssm.onUnlockedUser-0_com.android.server.DeviceIdleController
05-31 20:48:52.040 V/SystemServerTimingAsync( 754): ssm.onUnlockedUser-0_com.android.server.DeviceIdleController took to complete: 0ms
05-31 20:48:52.040 D/SystemServerTimingAsync( 754): ssm.onUnlockedUser-0_com.android.server.devicepolicy.DevicePolicyManagerService$Lifecycle
05-31 20:48:52.040 V/SystemServerTimingAsync( 754): ssm.onUnlockedUser-0_com.android.server.devicepolicy.DevicePolicyManagerService$Lifecycle took to complete: 0ms
05-31 20:48:52.040 D/SystemServerTimingAsync( 754): ssm.onUnlockedUser-0_com.android.server.texttospeech.TextToSpeechManagerService
05-31 20:48:52.040 V/SystemServerTimingAsync( 754): ssm.onUnlockedUser-0_com.android.server.texttospeech.TextToSpeechManagerService took to complete: 0ms
05-31 20:48:52.040 D/SystemServerTimingAsync( 754): ssm.onUnlockedUser-0_com.android.server.ambientcontext.AmbientContextManagerService
05-31 20:48:52.040 V/SystemServerTimingAsync( 754): ssm.onUnlockedUser-0_com.android.server.ambientcontext.AmbientContextManagerService took to complete: 0ms
05-31 20:48:52.040 D/SystemServerTimingAsync( 754): ssm.onUnlockedUser-0_com.android.server.wearable.WearableSensingManagerService
05-31 20:48:52.040 V/SystemServerTimingAsync( 754): ssm.onUnlockedUser-0_com.android.server.wearable.WearableSensingManagerService took to complete: 0ms
05-31 20:48:52.040 D/SystemServerTimingAsync( 754): ssm.onUnlockedUser-0_com.android.server.speech.SpeechRecognitionManagerService
05-31 20:48:52.040 V/SystemServerTimingAsync( 754): ssm.onUnlockedUser-0_com.android.server.speech.SpeechRecognitionManagerService took to complete: 0ms
05-31 20:48:52.040 D/SystemServerTimingAsync( 754): ssm.onUnlockedUser-0_com.android.server.searchui.SearchUiManagerService
05-31 20:48:52.040 V/SystemServerTimingAsync( 754): ssm.onUnlockedUser-0_com.android.server.searchui.SearchUiManagerService took to complete: 0ms
05-31 20:48:52.040 D/SystemServerTimingAsync( 754): ssm.onUnlockedUser-0_com.android.server.smartspace.SmartspaceManagerService
05-31 20:48:52.040 V/SystemServerTimingAsync( 754): ssm.onUnlockedUser-0_com.android.server.smartspace.SmartspaceManagerService took to complete: 0ms
05-31 20:48:52.040 D/SystemServerTimingAsync( 754): ssm.onUnlockedUser-0_com.android.server.graphics.fonts.FontManagerService$Lifecycle
05-31 20:48:52.040 V/SystemServerTimingAsync( 754): ssm.onUnlockedUser-0_com.android.server.graphics.fonts.FontManagerService$Lifecycle took to complete: 0ms
05-31 20:48:52.040 D/SystemServerTimingAsync( 754): ssm.onUnlockedUser-0_com.android.server.textservices.TextServicesManagerService$Lifecycle
05-31 20:48:52.040 V/SystemServerTimingAsync( 754): ssm.onUnlockedUser-0_com.android.server.textservices.TextServicesManagerService$Lifecycle took to complete: 0ms
05-31 20:48:52.040 D/SystemServerTimingAsync( 754): ssm.onUnlockedUser-0_com.android.server.textclassifier.TextClassificationManagerService$Lifecycle
05-31 20:48:52.040 V/SystemServerTimingAsync( 754): ssm.onUnlockedUser-0_com.android.server.textclassifier.TextClassificationManagerService$Lifecycle took to complete: 0ms
05-31 20:48:52.040 D/SystemServerTimingAsync( 754): ssm.onUnlockedUser-0_com.android.server.NetworkScoreService$Lifecycle
05-31 20:48:52.040 V/SystemServerTimingAsync( 754): ssm.onUnlockedUser-0_com.android.server.NetworkScoreService$Lifecycle took to complete: 0ms
05-31 20:48:52.040 D/SystemServerTimingAsync( 754): ssm.onUnlockedUser-0_com.android.server.NetworkStatsServiceInitializer
05-31 20:48:52.040 V/SystemServerTimingAsync( 754): ssm.onUnlockedUser-0_com.android.server.NetworkStatsServiceInitializer took to complete: 0ms
05-31 20:48:52.040 D/SystemServerTimingAsync( 754): ssm.onUnlockedUser-0_com.android.server.wifi.WifiService
05-31 20:48:52.040 V/SystemServerTimingAsync( 754): ssm.onUnlockedUser-0_com.android.server.wifi.WifiService took to complete: 0ms
05-31 20:48:52.040 D/SystemServerTimingAsync( 754): ssm.onUnlockedUser-0_com.android.server.wifi.scanner.WifiScanningService
05-31 20:48:52.040 V/SystemServerTimingAsync( 754): ssm.onUnlockedUser-0_com.android.server.wifi.scanner.WifiScanningService took to complete: 0ms
05-31 20:48:52.040 D/SystemServerTimingAsync( 754): ssm.onUnlockedUser-0_com.android.server.wifi.p2p.WifiP2pService
05-31 20:48:52.040 V/SystemServerTimingAsync( 754): ssm.onUnlockedUser-0_com.android.server.wifi.p2p.WifiP2pService took to complete: 0ms
05-31 20:48:52.040 D/SystemServerTimingAsync( 754): ssm.onUnlockedUser-0_com.android.server.ConnectivityServiceInitializer
05-31 20:48:52.040 V/SystemServerTimingAsync( 754): ssm.onUnlockedUser-0_com.android.server.ConnectivityServiceInitializer took to complete: 0ms
05-31 20:48:52.040 D/SystemServerTimingAsync( 754): ssm.onUnlockedUser-0_com.android.server.notification.NotificationManagerService
05-31 20:48:52.041 V/SystemServerTimingAsync( 754): ssm.onUnlockedUser-0_com.android.server.notification.NotificationManagerService took to complete: 1ms
05-31 20:48:52.041 D/CompatibilityChangeReporter( 754): Compat change id reported: 175319604; UID 1000; state: ENABLED
05-31 20:48:52.041 D/SystemServerTimingAsync( 754): ssm.onUnlockedUser-0_com.android.server.storage.DeviceStorageMonitorService
05-31 20:48:52.041 V/SystemServerTimingAsync( 754): ssm.onUnlockedUser-0_com.android.server.storage.DeviceStorageMonitorService took to complete: 0ms
05-31 20:48:52.041 D/SystemServerTimingAsync( 754): ssm.onUnlockedUser-0_com.android.server.timedetector.TimeDetectorService$Lifecycle
05-31 20:48:52.041 V/SystemServerTimingAsync( 754): ssm.onUnlockedUser-0_com.android.server.timedetector.TimeDetectorService$Lifecycle took to complete: 0ms
05-31 20:48:52.041 D/SystemServerTimingAsync( 754): ssm.onUnlockedUser-0_com.android.server.location.LocationManagerService$Lifecycle
05-31 20:48:52.041 V/SystemServerTimingAsync( 754): ssm.onUnlockedUser-0_com.android.server.location.LocationManagerService$Lifecycle took to complete: 0ms
05-31 20:48:52.041 D/SystemServerTimingAsync( 754): ssm.onUnlockedUser-0_com.android.server.timezonedetector.TimeZoneDetectorService$Lifecycle
05-31 20:48:52.041 V/SystemServerTimingAsync( 754): ssm.onUnlockedUser-0_com.android.server.timezonedetector.TimeZoneDetectorService$Lifecycle took to complete: 0ms
05-31 20:48:52.041 D/SystemServerTimingAsync( 754): ssm.onUnlockedUser-0_com.android.server.location.altitude.AltitudeService$Lifecycle
05-31 20:48:52.041 V/SystemServerTimingAsync( 754): ssm.onUnlockedUser-0_com.android.server.location.altitude.AltitudeService$Lifecycle took to complete: 0ms
05-31 20:48:52.041 D/SystemServerTimingAsync( 754): ssm.onUnlockedUser-0_com.android.server.timezonedetector.location.LocationTimeZoneManagerService$Lifecycle
05-31 20:48:52.041 V/SystemServerTimingAsync( 754): ssm.onUnlockedUser-0_com.android.server.timezonedetector.location.LocationTimeZoneManagerService$Lifecycle took to complete: 0ms
05-31 20:48:52.041 D/SystemServerTimingAsync( 754): ssm.onUnlockedUser-0_com.android.server.search.SearchManagerService$Lifecycle
05-31 20:48:52.041 V/SystemServerTimingAsync( 754): ssm.onUnlockedUser-0_com.android.server.search.SearchManagerService$Lifecycle took to complete: 0ms
05-31 20:48:52.041 D/SystemServerTimingAsync( 754): ssm.onUnlockedUser-0_com.android.server.wallpaper.WallpaperManagerService$Lifecycle
05-31 20:48:52.041 V/SystemServerTimingAsync( 754): ssm.onUnlockedUser-0_com.android.server.wallpaper.WallpaperManagerService$Lifecycle took to complete: 0ms
05-31 20:48:52.041 D/SystemServerTimingAsync( 754): ssm.onUnlockedUser-0_com.android.server.wallpapereffectsgeneration.WallpaperEffectsGenerationManagerService
05-31 20:48:52.041 V/SystemServerTimingAsync( 754): ssm.onUnlockedUser-0_com.android.server.wallpapereffectsgeneration.WallpaperEffectsGenerationManagerService took to complete: 0ms
05-31 20:48:52.041 D/SystemServerTimingAsync( 754): ssm.onUnlockedUser-0_com.android.server.audio.AudioService$Lifecycle
05-31 20:48:52.041 V/SystemServerTimingAsync( 754): ssm.onUnlockedUser-0_com.android.server.audio.AudioService$Lifecycle took to complete: 0ms
05-31 20:48:52.041 D/SystemServerTimingAsync( 754): ssm.onUnlockedUser-0_com.android.server.soundtrigger_middleware.SoundTriggerMiddlewareService$Lifecycle
05-31 20:48:52.041 V/SystemServerTimingAsync( 754): ssm.onUnlockedUser-0_com.android.server.soundtrigger_middleware.SoundTriggerMiddlewareService$Lifecycle took to complete: 0ms
05-31 20:48:52.041 D/SystemServerTimingAsync( 754): ssm.onUnlockedUser-0_com.android.server.adb.AdbService$Lifecycle
