06-03 13:56:41.518 W/ContextImpl( 1907): Calling a method in the system process without a qualified user: android.app.ContextImpl.sendBroadcast:1220 android.content.ContextWrapper.sendBroadcast:504 com.dangbei.etna.setting.core.SettingHelper.sendCycleToProjector:257 com.dangbei.etna.setting.core.SettingHelper.sendCycleCheckBroadcast:226 com.dangbei.etna.setting.core.SettingHelper.startLoop$lambda-0:185
06-03 13:56:41.520 W/ContextImpl( 1907): Calling a method in the system process without a qualified user: android.app.ContextImpl.sendBroadcast:1220 android.content.ContextWrapper.sendBroadcast:504 com.dangbei.etna.setting.core.SettingHelper.sendCycleToVoice:242 com.dangbei.etna.setting.core.SettingHelper.sendCycleCheckBroadcast:227 com.dangbei.etna.setting.core.SettingHelper.startLoop$lambda-0:185
06-03 13:56:41.523 D/RockyVoice( 2655): RestartReceiver onReceive
06-03 13:56:41.687 D/PipelineWatcher( 4827): onInputBufferReleased: frameIndex not found (1327); ignored
05-31 21:00:59.003 W/ ( 0): [3 T4992 ..] [aml_send_sync_trace 4388] sync token[13209]
05-31 21:00:59.003 W/ ( 0): [3 T4992 ..] >>> aml_send_msg()
05-31 21:00:59.004 W/ ( 0): [3 T1196 ..] ipc_sdio_host_msgack_handler 000000008596a147
05-31 21:00:59.004 W/ ( 0): [3 T1196 ..] [aml_msgackind 2038] msg ack hostid=0xffffff80ceb87000
05-31 21:00:59.005 W/ ( 0): [3 T1196 ..] [cmd_mgr_llind 329] cmd tkn[61] flags:0008 result: -4 cmd: 105-MM_SYNC_TRACE - reqcfm( 0-none)
05-31 21:00:59.007 W/ ( 0): [3 T1196 ..] [cmd_complete 65] cmd tkn[61] flags:0000 result: -4 cmd: 105-MM_SYNC_TRACE - reqcfm( 0-none)
06-03 13:56:42.165 I/VDA ( 509): [0##31]"ServiceDeviceTask INs=1341/1348, OUTs=1339/1343"" {IN=7/8, OUT=9/13[kAtAccelerator(0) kAtDevice(4) kAtClient(9)]}"
06-03 13:56:42.676 I/DebugUtil( 509): [0##31]in/out status {INS/OUTS=1366(1)/1355(0)}, pipeline status {IN=8/8, OUT=9/13[Component(0) Accelerator(4) Client(9)]}
06-03 13:56:42.783 I/virtual Data FFDemuxer::read()( 4827): read frame ret: End of file latestReceivedTime: 198258 getTotalTimeMillis: 6666 is exit: 0
06-03 13:56:42.783 I/virtual Data FFDemuxer::read()( 4827): list smooth loop
06-03 13:56:42.788 I/virtual StreamInfo FFDemuxer::getVideoStreamInfo()( 4827): video width: 1920 video height: 1080 video pixelFormat: 0 fps: 30
06-03 13:56:42.788 D/virtual Data FFDemuxer::read()( 4827): open next url: /data/user/0/com.dangbei.lerad.screensaver/files/download/61/city_1.mp4
06-03 13:56:43.193 I/VDA ( 509): [0##31]"ServiceDeviceTask INs=1374/1381, OUTs=1371/1375"" {IN=7/8, OUT=9/13[kAtAccelerator(0) kAtDevice(4) kAtClient(9)]}"
06-03 13:56:44.061 I/WifiHAL ( 540): call wifi_get_link_stats handler
06-03 13:56:44.062 I/WifiHAL ( 540): Creating message to get link statistics; iface = 16
06-03 13:56:44.062 D/WifiHAL ( 540): error code -95 mapped to -3
06-03 13:56:44.062 E/WifiStaIfaceAidlImpl( 754): getLinkLayerStats failed with service-specific exception: android.os.ServiceSpecificException: (code 4)
06-03 13:56:44.219 I/VDA ( 509): [0##31]"ServiceDeviceTask INs=1403/1410, OUTs=1401/1405"" {IN=7/8, OUT=9/13[kAtAccelerator(0) kAtDevice(4) kAtClient(9)]}"
05-31 21:01:01.147 W/ ( 0): [1 T1197 ..] [SP FRAME RX] DHCP[0 1], vif_idx:0
06-03 13:56:44.461 D/BufferPoolAccessor2.0( 4827): bufferpool2 0xe9d2ca88 : 8(12582912 size) total buffers - 8(12582912 size) used buffers - 0/9 (recycle/alloc) - 9/1420 (fetch/transfer)
05-31 21:01:02.062 W/ ( 0): [1 T1197 ..] [SP FRAME RX] DHCP[0 1], vif_idx:0
06-03 13:56:45.246 I/VDA ( 509): [0##31]"ServiceDeviceTask INs=1434/1441, OUTs=1432/1436"" {IN=7/8, OUT=9/13[kAtAccelerator(0) kAtDevice(4) kAtClient(9)]}"
06-03 13:56:46.308 I/VDA ( 509): [0##31]"ServiceDeviceTask INs=1465/1472, OUTs=1462/1468"" {IN=7/8, OUT=7/13[kAtAccelerator(0) kAtDevice(6) kAtClient(7)]}"
06-03 13:56:47.069 I/WifiHAL ( 540): call wifi_get_link_stats handler
06-03 13:56:47.069 I/WifiHAL ( 540): Creating message to get link statistics; iface = 16
06-03 13:56:47.069 D/WifiHAL ( 540): error code -95 mapped to -3
06-03 13:56:47.069 E/WifiStaIfaceAidlImpl( 754): getLinkLayerStats failed with service-specific exception: android.os.ServiceSpecificException: (code 4)
06-03 13:56:47.135 I/virtual void MediaDecoder::run()( 4827): notify decode next url: /data/user/0/com.dangbei.lerad.screensaver/files/download/61/city_2.mp4
06-03 13:56:47.135 E/screen_saver2( 4827): onDecodeNextStream: 1
06-03 13:56:47.135 D/AdManager( 4827): advertisementNum: 3
05-31 21:01:04.119 W/ ( 0): [1 T1197 ..] [SP FRAME RX] DHCP[0 1], vif_idx:0
06-03 13:56:47.336 I/VDA ( 509): [0##31]"ServiceDeviceTask INs=1498/1505, OUTs=1496/1499"" {IN=7/8, OUT=10/13[kAtAccelerator(0) kAtDevice(3) kAtClient(10)]}"
06-03 13:56:47.677 I/DebugUtil( 509): [0##31]in/out status {INS/OUTS=1516(1)/1505(0)}, pipeline status {IN=8/8, OUT=9/13[Component(0) Accelerator(4) Client(9)]}
06-03 13:56:48.366 I/VDA ( 509): [0##31]"ServiceDeviceTask INs=1529/1536, OUTs=1526/1530"" {IN=7/8, OUT=9/13[kAtAccelerator(0) kAtDevice(4) kAtClient(9)]}"
05-31 21:01:05.441 W/ ( 0): [1 T1197 ..] [SP FRAME RX] DHCP[0 1], vif_idx:0
06-03 13:56:49.367 I/virtual Data FFDemuxer::read()( 4827): read frame ret: End of file latestReceivedTime: 205757 getTotalTimeMillis: 7500 is exit: 0
06-03 13:56:49.367 I/virtual Data FFDemuxer::read()( 4827): list smooth loop
06-03 13:56:49.372 I/virtual StreamInfo FFDemuxer::getVideoStreamInfo()( 4827): video width: 1920 video height: 1080 video pixelFormat: 0 fps: 30
06-03 13:56:49.372 D/virtual Data FFDemuxer::read()( 4827): open next url: /data/user/0/com.dangbei.lerad.screensaver/files/download/61/city_2.mp4
06-03 13:56:49.394 I/VDA ( 509): [0##31]"ServiceDeviceTask INs=1560/1567, OUTs=1558/1561"" {IN=7/8, OUT=10/13[kAtAccelerator(0) kAtDevice(3) kAtClient(10)]}"
05-31 21:01:06.464 W/ ( 0): [1 T1197 ..] [SP FRAME RX] DHCP[0 1], vif_idx:0
06-03 13:56:49.702 D/BufferPoolAccessor2.0( 4827): bufferpool2 0xe9d2ca88 : 8(12582912 size) total buffers - 8(12582912 size) used buffers - 0/9 (recycle/alloc) - 9/1578 (fetch/transfer)
06-03 13:56:50.078 I/WifiHAL ( 540): call wifi_get_link_stats handler
06-03 13:56:50.078 I/WifiHAL ( 540): Creating message to get link statistics; iface = 16
06-03 13:56:50.078 D/WifiHAL ( 540): error code -95 mapped to -3
06-03 13:56:50.078 E/WifiStaIfaceAidlImpl( 754): getLinkLayerStats failed with service-specific exception: android.os.ServiceSpecificException: (code 4)
06-03 13:56:50.420 I/VDA ( 509): [0##31]"ServiceDeviceTask INs=1590/1597, OUTs=1588/1591"" {IN=7/8, OUT=10/13[kAtAccelerator(0) kAtDevice(3) kAtClient(10)]}"
05-31 21:01:08.104 W/ ( 0): [1 T1197 ..] [SP FRAME RX] DHCP[0 1], vif_idx:0
05-31 21:01:08.220 W/ ( 0): [1 T1197 ..] [SP FRAME RX] DHCP[0 1], vif_idx:0
06-03 13:56:51.448 I/VDA ( 509): [0##31]"ServiceDeviceTask INs=1621/1628, OUTs=1619/1622"" {IN=7/8, OUT=10/13[kAtAccelerator(0) kAtDevice(3) kAtClient(10)]}"
06-03 13:56:52.476 I/VDA ( 509): [0##31]"ServiceDeviceTask INs=1651/1658, OUTs=1648/1653"" {IN=7/8, OUT=8/13[kAtAccelerator(0) kAtDevice(5) kAtClient(8)]}"
06-03 13:56:52.677 I/DebugUtil( 509): [0##31]in/out status {INS/OUTS=1665(1)/1654(0)}, pipeline status {IN=8/8, OUT=9/13[Component(0) Accelerator(4) Client(9)]}
06-03 13:56:53.083 I/WifiHAL ( 540): call wifi_get_link_stats handler
06-03 13:56:53.084 I/WifiHAL ( 540): Creating message to get link statistics; iface = 16
06-03 13:56:53.084 D/WifiHAL ( 540): error code -95 mapped to -3
06-03 13:56:53.084 E/WifiStaIfaceAidlImpl( 754): getLinkLayerStats failed with service-specific exception: android.os.ServiceSpecificException: (code 4)
06-03 13:56:53.507 I/VDA ( 509): [0##31]"ServiceDeviceTask INs=1683/1690, OUTs=1681/1684"" {IN=7/8, OUT=10/13[kAtAccelerator(0) kAtDevice(3) kAtClient(10)]}"
06-03 13:56:53.656 D/TrafficStats( 2656): tagSocket(209) with statsTag=0xffffffff, statsUid=-1
06-03 13:56:53.658 D/TrafficStats( 2656): tagSocket(210) with statsTag=0xffffffff, statsUid=-1
06-03 13:56:53.821 I/virtual void MediaDecoder::run()( 4827): notify decode next url: /data/user/0/com.dangbei.lerad.screensaver/files/download/61/city_1.mp4
06-03 13:56:53.821 E/screen_saver2( 4827): onDecodeNextStream: 0
06-03 13:56:53.821 E/screen_saver2( 4827): 本地记录index和回调的不一致
06-03 13:56:53.827 D/AdManager( 4827): advertisementNum: 2
06-03 13:56:54.540 I/VDA ( 509): [0##31]"ServiceDeviceTask INs=1714/1721, OUTs=1711/1715"" {IN=7/8, OUT=9/13[kAtAccelerator(0) kAtDevice(4) kAtClient(9)]}"
06-03 13:56:54.883 D/BufferPoolAccessor2.0( 4827): bufferpool2 0xe9d2ca88 : 8(12582912 size) total buffers - 8(12582912 size) used buffers - 0/9 (recycle/alloc) - 9/1733 (fetch/transfer)
05-31 21:01:12.418 W/ ( 0): [1 T1197 ..] [SP FRAME RX] DHCP[0 1], vif_idx:0
06-03 13:56:55.570 I/VDA ( 509): [0##31]"ServiceDeviceTask INs=1744/1751, OUTs=1741/1746"" {IN=7/8, OUT=8/13[kAtAccelerator(0) kAtDevice(5) kAtClient(8)]}"
06-03 13:56:56.057 I/resolv ( 491): GetAddrInfoHandler::run: {100 100 100 983140 10043 0}
06-03 13:56:56.058 I/resolv ( 491): res_nmkquery: (QUERY, IN, A)
06-03 13:56:56.058 I/resolv ( 491): resolv_cache_lookup: FOUND IN CACHE entry=0xec7c7b70
06-03 13:56:56.058 I/resolv ( 491): doQuery: rcode=0, ancount=17, return value=497
06-03 13:56:56.061 D/TrafficStats( 4827): tagSocket(176) with statsTag=0xffffffff, statsUid=-1
06-03 13:56:56.088 I/WifiHAL ( 540): call wifi_get_link_stats handler
06-03 13:56:56.088 I/WifiHAL ( 540): Creating message to get link statistics; iface = 16
06-03 13:56:56.088 D/WifiHAL ( 540): error code -95 mapped to -3
06-03 13:56:56.089 E/WifiStaIfaceAidlImpl( 754): getLinkLayerStats failed with service-specific exception: android.os.ServiceSpecificException: (code 4)
06-03 13:56:56.599 I/VDA ( 509): [0##31]"ServiceDeviceTask INs=1774/1781, OUTs=1772/1776"" {IN=7/8, OUT=9/13[kAtAccelerator(0) kAtDevice(4) kAtClient(9)]}"
06-03 13:56:56.947 I/virtual Data FFDemuxer::read()( 4827): read frame ret: End of file latestReceivedTime: 212424 getTotalTimeMillis: 6666 is exit: 0
06-03 13:56:56.947 I/virtual Data FFDemuxer::read()( 4827): list smooth loop
06-03 13:56:56.953 I/virtual StreamInfo FFDemuxer::getVideoStreamInfo()( 4827): video width: 1920 video height: 1080 video pixelFormat: 0 fps: 30
06-03 13:56:56.953 D/virtual Data FFDemuxer::read()( 4827): open next url: /data/user/0/com.dangbei.lerad.screensaver/files/download/61/city_1.mp4
06-03 13:56:57.259 D/nStackXCoAP( 2829): IsInSameNetwork:[276] :IsInSameNetwork exec
06-03 13:56:57.259 I/nStackXDFinder( 2829): GetLocalInterfaceDetail:[461] :GetLocalInterfaceDetail in
06-03 13:56:57.260 E/nStackXCoAP( 2829): IsInSameNetwork:[281] :IsInSameNetwork: not priority process
06-03 13:56:57.260 D/nStackXCoAP( 2829): ParseServiceDiscover:[330] :new device join
06-03 13:56:57.260 E/nStackXDFinder( 2829): GetLocalIp:[401] :GetLocalIp exec
06-03 13:56:57.362 D/nStackXCoAP( 2829): IsInSameNetwork:[276] :IsInSameNetwork exec
06-03 13:56:57.362 I/nStackXDFinder( 2829): GetLocalInterfaceDetail:[461] :GetLocalInterfaceDetail in
06-03 13:56:57.362 E/nStackXCoAP( 2829): IsInSameNetwork:[281] :IsInSameNetwork: not priority process
06-03 13:56:57.362 D/nStackXCoAP( 2829): ParseServiceDiscover:[330] :new device join
06-03 13:56:57.362 E/nStackXDFinder( 2829): GetLocalIp:[401] :GetLocalIp exec
06-03 13:56:57.570 D/nStackXCoAP( 2829): IsInSameNetwork:[276] :IsInSameNetwork exec
06-03 13:56:57.570 I/nStackXDFinder( 2829): GetLocalInterfaceDetail:[461] :GetLocalInterfaceDetail in
06-03 13:56:57.570 E/nStackXCoAP( 2829): IsInSameNetwork:[281] :IsInSameNetwork: not priority process
06-03 13:56:57.570 D/nStackXCoAP( 2829): ParseServiceDiscover:[330] :new device join
06-03 13:56:57.570 E/nStackXDFinder( 2829): GetLocalIp:[401] :GetLocalIp exec
06-03 13:56:57.631 I/VDA ( 509): [0##31]"ServiceDeviceTask INs=1807/1814, OUTs=1805/1808"" {IN=7/8, OUT=10/13[kAtAccelerator(0) kAtDevice(3) kAtClient(10)]}"
06-03 13:56:57.677 I/DebugUtil( 509): [0##31]in/out status {INS/OUTS=1817(1)/1806(0)}, pipeline status {IN=8/8, OUT=10/13[Component(0) Accelerator(3) Client(10)]}
06-03 13:56:57.758 D/nStackXCoAP( 2829): IsInSameNetwork:[276] :IsInSameNetwork exec
06-03 13:56:57.758 I/nStackXDFinder( 2829): GetLocalInterfaceDetail:[461] :GetLocalInterfaceDetail in
06-03 13:56:57.758 E/nStackXCoAP( 2829): IsInSameNetwork:[281] :IsInSameNetwork: not priority process
06-03 13:56:57.758 D/nStackXCoAP( 2829): ParseServiceDiscover:[330] :new device join
06-03 13:56:57.759 E/nStackXDFinder( 2829): GetLocalIp:[401] :GetLocalIp exec
06-03 13:56:58.297 D/nStackXCoAP( 2829): IsInSameNetwork:[276] :IsInSameNetwork exec
06-03 13:56:58.297 I/nStackXDFinder( 2829): GetLocalInterfaceDetail:[461] :GetLocalInterfaceDetail in
06-03 13:56:58.297 E/nStackXCoAP( 2829): IsInSameNetwork:[281] :IsInSameNetwork: not priority process
06-03 13:56:58.297 D/nStackXCoAP( 2829): ParseServiceDiscover:[330] :new device join
06-03 13:56:58.297 E/nStackXDFinder( 2829): GetLocalIp:[401] :GetLocalIp exec
06-03 13:56:58.693 I/VDA ( 509): [0##31]"ServiceDeviceTask INs=1837/1844, OUTs=1835/1840"" {IN=7/8, OUT=8/13[kAtAccelerator(0) kAtDevice(5) kAtClient(8)]}"
06-03 13:56:58.810 D/nStackXCoAP( 2829): IsInSameNetwork:[276] :IsInSameNetwork exec
06-03 13:56:58.810 I/nStackXDFinder( 2829): GetLocalInterfaceDetail:[461] :GetLocalInterfaceDetail in
06-03 13:56:58.810 E/nStackXCoAP( 2829): IsInSameNetwork:[281] :IsInSameNetwork: not priority process
06-03 13:56:58.810 D/nStackXCoAP( 2829): ParseServiceDiscover:[330] :new device join
06-03 13:56:58.810 E/nStackXDFinder( 2829): GetLocalIp:[401] :GetLocalIp exec
06-03 13:56:59.095 I/WifiHAL ( 540): call wifi_get_link_stats handler
06-03 13:56:59.095 I/WifiHAL ( 540): Creating message to get link statistics; iface = 16
06-03 13:56:59.096 D/WifiHAL ( 540): error code -95 mapped to -3
06-03 13:56:59.096 E/WifiStaIfaceAidlImpl( 754): getLinkLayerStats failed with service-specific exception: android.os.ServiceSpecificException: (code 4)
05-31 21:01:16.100 W/ ( 0): [1 T1197 ..] [SP FRAME RX] DHCP[0 1], vif_idx:0
06-03 13:56:59.298 D/nStackXCoAP( 2829): IsInSameNetwork:[276] :IsInSameNetwork exec
06-03 13:56:59.299 I/nStackXDFinder( 2829): GetLocalInterfaceDetail:[461] :GetLocalInterfaceDetail in
06-03 13:56:59.299 E/nStackXCoAP( 2829): IsInSameNetwork:[281] :IsInSameNetwork: not priority process
06-03 13:56:59.299 D/nStackXCoAP( 2829): ParseServiceDiscover:[330] :new device join
06-03 13:56:59.299 E/nStackXDFinder( 2829): GetLocalIp:[401] :GetLocalIp exec
06-03 13:56:59.721 I/VDA ( 509): [0##31]"ServiceDeviceTask INs=1867/1874, OUTs=1865/1871"" {IN=7/8, OUT=7/13[kAtAccelerator(0) kAtDevice(6) kAtClient(7)]}"
06-03 13:56:59.726 D/nStackXCoAP( 2829): IsInSameNetwork:[276] :IsInSameNetwork exec
06-03 13:56:59.726 I/nStackXDFinder( 2829): GetLocalInterfaceDetail:[461] :GetLocalInterfaceDetail in
06-03 13:56:59.726 E/nStackXCoAP( 2829): IsInSameNetwork:[281] :IsInSameNetwork: not priority process
06-03 13:56:59.726 D/nStackXCoAP( 2829): ParseServiceDiscover:[330] :new device join
06-03 13:56:59.726 E/nStackXDFinder( 2829): GetLocalIp:[401] :GetLocalIp exec
06-03 13:57:00.028 D/BufferPoolAccessor2.0( 4827): bufferpool2 0xe9d2ca88 : 8(12582912 size) total buffers - 8(12582912 size) used buffers - 0/9 (recycle/alloc) - 9/1888 (fetch/transfer)
06-03 13:57:00.217 D/nStackXCoAP( 2829): IsInSameNetwork:[276] :IsInSameNetwork exec
06-03 13:57:00.217 I/nStackXDFinder( 2829): GetLocalInterfaceDetail:[461] :GetLocalInterfaceDetail in
06-03 13:57:00.217 E/nStackXCoAP( 2829): IsInSameNetwork:[281] :IsInSameNetwork: not priority process
06-03 13:57:00.217 D/nStackXCoAP( 2829): ParseServiceDiscover:[330] :new device join
06-03 13:57:00.217 E/nStackXDFinder( 2829): GetLocalIp:[401] :GetLocalIp exec
06-03 13:57:00.746 I/VDA ( 509): [0##31]"ServiceDeviceTask INs=1900/1907, OUTs=1898/1901"" {IN=7/8, OUT=10/13[kAtAccelerator(0) kAtDevice(3) kAtClient(10)]}"
06-03 13:57:00.748 D/nStackXCoAP( 2829): IsInSameNetwork:[276] :IsInSameNetwork exec
06-03 13:57:00.749 I/nStackXDFinder( 2829): GetLocalInterfaceDetail:[461] :GetLocalInterfaceDetail in
06-03 13:57:00.749 E/nStackXCoAP( 2829): IsInSameNetwork:[281] :IsInSameNetwork: not priority process
06-03 13:57:00.749 D/nStackXCoAP( 2829): ParseServiceDiscover:[330] :new device join
06-03 13:57:00.749 E/nStackXDFinder( 2829): GetLocalIp:[401] :GetLocalIp exec
06-03 13:57:01.257 D/nStackXCoAP( 2829): IsInSameNetwork:[276] :IsInSameNetwork exec
06-03 13:57:01.257 I/nStackXDFinder( 2829): GetLocalInterfaceDetail:[461] :GetLocalInterfaceDetail in
06-03 13:57:01.257 E/nStackXCoAP( 2829): IsInSameNetwork:[281] :IsInSameNetwork: not priority process
06-03 13:57:01.257 D/nStackXCoAP( 2829): ParseServiceDiscover:[330] :new device join
06-03 13:57:01.257 E/nStackXDFinder( 2829): GetLocalIp:[401] :GetLocalIp exec
06-03 13:57:01.299 I/virtual void MediaDecoder::run()( 4827): notify decode next url: /data/user/0/com.dangbei.lerad.screensaver/files/download/61/city_2.mp4
06-03 13:57:01.299 E/screen_saver2( 4827): onDecodeNextStream: 1
06-03 13:57:01.300 D/AdManager( 4827): advertisementNum: 1
06-03 13:57:01.304 I/netd ( 491): setProcSysNet(4, 2, wlan0, retrans_time_ms, 1000) <0.43ms>
06-03 13:57:01.305 I/netd ( 491): setProcSysNet(4, 2, wlan0, ucast_solicit, 15) <0.13ms>
06-03 13:57:01.305 I/netd ( 491): setProcSysNet(6, 2, wlan0, retrans_time_ms, 1000) <0.14ms>
06-03 13:57:01.306 I/netd ( 491): setProcSysNet(6, 2, wlan0, ucast_solicit, 15) <0.11ms>
06-03 13:57:01.753 D/nStackXCoAP( 2829): IsInSameNetwork:[276] :IsInSameNetwork exec
06-03 13:57:01.754 I/nStackXDFinder( 2829): GetLocalInterfaceDetail:[461] :GetLocalInterfaceDetail in
06-03 13:57:01.754 E/nStackXCoAP( 2829): IsInSameNetwork:[281] :IsInSameNetwork: not priority process
06-03 13:57:01.754 D/nStackXCoAP( 2829): ParseServiceDiscover:[330] :new device join
06-03 13:57:01.754 E/nStackXDFinder( 2829): GetLocalIp:[401] :GetLocalIp exec
06-03 13:57:01.773 I/VDA ( 509): [0##31]"ServiceDeviceTask INs=1931/1938, OUTs=1929/1932"" {IN=7/8, OUT=10/13[kAtAccelerator(0) kAtDevice(3) kAtClient(10)]}"
06-03 13:57:02.102 I/WifiHAL ( 540): call wifi_get_link_stats handler
06-03 13:57:02.103 I/WifiHAL ( 540): Creating message to get link statistics; iface = 16
06-03 13:57:02.103 D/WifiHAL ( 540): error code -95 mapped to -3
06-03 13:57:02.106 E/WifiStaIfaceAidlImpl( 754): getLinkLayerStats failed with service-specific exception: android.os.ServiceSpecificException: (code 4)
05-31 21:01:19.227 W/ ( 0): [1 T0 .s] [SP FRAME TX] arp req,vif_idx:0 sender:[1c:79:2d:20:62:cb 192.168.3.4]receiver:[00:00:00:00:00:00 192.168.3.136]
05-31 21:01:19.248 W/ ( 0): [2 T1197 ..] [SP FRAME RX] arp rsp,vif_idx:0 sender:[02:fe:15:17:79:f9 192.168.3.136]receiver:[1c:79:2d:20:62:cb 192.168.3.4]
05-31 21:01:19.288 W/ ( 0): [2 T1197 ..] [SP FRAME RX] arp req,vif_idx:0 sender:[02:fe:15:17:79:f9 192.168.3.136]receiver:[00:00:00:00:00:00 192.168.3.4]
05-31 21:01:19.289 W/ ( 0): [2 T1197 ..] [SP FRAME TX] arp rsp,vif_idx:0 sender:[1c:79:2d:20:62:cb 192.168.3.4]receiver:[02:fe:15:17:79:f9 192.168.3.136]
06-03 13:57:02.677 I/DebugUtil( 509): [0##31]in/out status {INS/OUTS=1967(1)/1956(0)}, pipeline status {IN=8/8, OUT=10/13[Component(0) Accelerator(3) Client(10)]}
06-03 13:57:02.800 I/VDA ( 509): [0##31]"ServiceDeviceTask INs=1962/1969, OUTs=1959/1963"" {IN=7/8, OUT=9/13[kAtAccelerator(0) kAtDevice(4) kAtClient(9)]}"
06-03 13:57:03.024 I/audio_hw_hal_alsamgr( 503): alsa format =0x1 delay frames =768 total frames=37443840
06-03 13:57:03.555 I/virtual Data FFDemuxer::read()( 4827): read frame ret: End of file latestReceivedTime: 219923 getTotalTimeMillis: 7500 is exit: 0
06-03 13:57:03.555 I/virtual Data FFDemuxer::read()( 4827): list smooth loop
06-03 13:57:03.560 I/virtual StreamInfo FFDemuxer::getVideoStreamInfo()( 4827): video width: 1920 video height: 1080 video pixelFormat: 0 fps: 30
06-03 13:57:03.560 D/virtual Data FFDemuxer::read()( 4827): open next url: /data/user/0/com.dangbei.lerad.screensaver/files/download/61/city_2.mp4
05-31 21:01:20.726 W/ ( 0): [2 T1197 ..] [SP FRAME RX] DHCP[0 1], vif_idx:0
06-03 13:57:03.829 I/VDA ( 509): [0##31]"ServiceDeviceTask INs=1992/1999, OUTs=1990/1994"" {IN=7/8, OUT=9/13[kAtAccelerator(0) kAtDevice(4) kAtClient(9)]}"
06-03 13:57:04.855 I/VDA ( 509): [0##31]"ServiceDeviceTask INs=2023/2030, OUTs=2020/2024"" {IN=7/8, OUT=9/13[kAtAccelerator(0) kAtDevice(4) kAtClient(9)]}"
06-03 13:57:05.113 I/WifiHAL ( 540): call wifi_get_link_stats handler
06-03 13:57:05.113 I/WifiHAL ( 540): Creating message to get link statistics; iface = 16
06-03 13:57:05.113 D/WifiHAL ( 540): error code -95 mapped to -3
06-03 13:57:05.114 E/WifiStaIfaceAidlImpl( 754): getLinkLayerStats failed with service-specific exception: android.os.ServiceSpecificException: (code 4)
06-03 13:57:05.199 D/BufferPoolAccessor2.0( 4827): bufferpool2 0xe9d2ca88 : 8(12582912 size) total buffers - 8(12582912 size) used buffers - 0/9 (recycle/alloc) - 9/2043 (fetch/transfer)
06-03 13:57:05.882 I/VDA ( 509): [0##31]"ServiceDeviceTask INs=2053/2060, OUTs=2050/2055"" {IN=7/8, OUT=8/13[kAtAccelerator(0) kAtDevice(5) kAtClient(8)]}"
06-03 13:57:06.910 I/VDA ( 509): [0##31]"ServiceDeviceTask INs=2085/2092, OUTs=2083/2086"" {IN=7/8, OUT=10/13[kAtAccelerator(0) kAtDevice(3) kAtClient(10)]}"
06-03 13:57:07.678 I/DebugUtil( 509): [0##31]in/out status {INS/OUTS=2117(1)/2106(0)}, pipeline status {IN=8/8, OUT=10/13[Component(0) Accelerator(3) Client(10)]}
06-03 13:57:07.941 I/VDA ( 509): [0##31]"ServiceDeviceTask INs=2115/2122, OUTs=2112/2117"" {IN=7/8, OUT=8/13[kAtAccelerator(0) kAtDevice(5) kAtClient(8)]}"
06-03 13:57:07.982 I/virtual void MediaDecoder::run()( 4827): notify decode next url: /data/user/0/com.dangbei.lerad.screensaver/files/download/61/city_1.mp4
06-03 13:57:07.982 E/screen_saver2( 4827): onDecodeNextStream: 0
06-03 13:57:07.982 E/screen_saver2( 4827): 本地记录index和回调的不一致
06-03 13:57:07.992 D/AdManager( 4827): advertisementNum: 0
06-03 13:57:07.992 D/AdManager( 4827): showAdNumber >= 3
06-03 13:57:08.118 I/WifiHAL ( 540): call wifi_get_link_stats handler
06-03 13:57:08.118 I/WifiHAL ( 540): Creating message to get link statistics; iface = 16
06-03 13:57:08.118 D/WifiHAL ( 540): error code -95 mapped to -3
06-03 13:57:08.119 E/WifiStaIfaceAidlImpl( 754): getLinkLayerStats failed with service-specific exception: android.os.ServiceSpecificException: (code 4)
06-03 13:57:08.969 I/VDA ( 509): [0##31]"ServiceDeviceTask INs=2147/2154, OUTs=2144/2148"" {IN=7/8, OUT=9/13[kAtAccelerator(0) kAtDevice(4) kAtClient(9)]}"
06-03 13:57:10.001 I/VDA ( 509): [0##31]"ServiceDeviceTask INs=2177/2184, OUTs=2174/2179"" {IN=7/8, OUT=8/13[kAtAccelerator(0) kAtDevice(5) kAtClient(8)]}"
06-03 13:57:10.167 I/netd ( 491): tetherGetStats() -> {[]} <2.36ms>
06-03 13:57:10.184 I/netd ( 491): bandwidthSetGlobalAlert(2097152) <0.36ms>
06-03 13:57:10.345 D/BufferPoolAccessor2.0( 4827): bufferpool2 0xe9d2ca88 : 8(12582912 size) total buffers - 8(12582912 size) used buffers - 0/9 (recycle/alloc) - 9/2196 (fetch/transfer)
06-03 13:57:11.031 I/VDA ( 509): [0##31]"ServiceDeviceTask INs=2208/2215, OUTs=2206/2210"" {IN=7/8, OUT=9/13[kAtAccelerator(0) kAtDevice(4) kAtClient(9)]}"
06-03 13:57:11.101 I/virtual Data FFDemuxer::read()( 4827): read frame ret: End of file latestReceivedTime: 226590 getTotalTimeMillis: 6666 is exit: 0
06-03 13:57:11.101 I/virtual Data FFDemuxer::read()( 4827): list smooth loop
06-03 13:57:11.107 I/virtual StreamInfo FFDemuxer::getVideoStreamInfo()( 4827): video width: 1920 video height: 1080 video pixelFormat: 0 fps: 30
06-03 13:57:11.107 D/virtual Data FFDemuxer::read()( 4827): open next url: /data/user/0/com.dangbei.lerad.screensaver/files/download/61/city_1.mp4
06-03 13:57:11.124 I/WifiHAL ( 540): call wifi_get_link_stats handler
06-03 13:57:11.124 I/WifiHAL ( 540): Creating message to get link statistics; iface = 16
06-03 13:57:11.125 D/WifiHAL ( 540): error code -95 mapped to -3
06-03 13:57:11.125 E/WifiStaIfaceAidlImpl( 754): getLinkLayerStats failed with service-specific exception: android.os.ServiceSpecificException: (code 4)
06-03 13:57:11.795 D/nStackXCoAP( 2829): IsInSameNetwork:[276] :IsInSameNetwork exec
06-03 13:57:11.795 I/nStackXDFinder( 2829): GetLocalInterfaceDetail:[461] :GetLocalInterfaceDetail in
06-03 13:57:11.795 E/nStackXCoAP( 2829): IsInSameNetwork:[281] :IsInSameNetwork: not priority process
06-03 13:57:11.795 D/nStackXCoAP( 2829): ParseServiceDiscover:[330] :new device join
06-03 13:57:11.795 E/nStackXDFinder( 2829): GetLocalIp:[401] :GetLocalIp exec
06-03 13:57:11.890 D/nStackXCoAP( 2829): IsInSameNetwork:[276] :IsInSameNetwork exec
06-03 13:57:11.890 I/nStackXDFinder( 2829): GetLocalInterfaceDetail:[461] :GetLocalInterfaceDetail in
06-03 13:57:11.890 E/nStackXCoAP( 2829): IsInSameNetwork:[281] :IsInSameNetwork: not priority process
06-03 13:57:11.890 D/nStackXCoAP( 2829): ParseServiceDiscover:[330] :new device join
06-03 13:57:11.890 E/nStackXDFinder( 2829): GetLocalIp:[401] :GetLocalIp exec
06-03 13:57:12.057 I/VDA ( 509): [0##31]"ServiceDeviceTask INs=2239/2246, OUTs=2236/2240"" {IN=7/8, OUT=9/13[kAtAccelerator(0) kAtDevice(4) kAtClient(9)]}"
06-03 13:57:12.095 D/nStackXCoAP( 2829): IsInSameNetwork:[276] :IsInSameNetwork exec
06-03 13:57:12.095 I/nStackXDFinder( 2829): GetLocalInterfaceDetail:[461] :GetLocalInterfaceDetail in
06-03 13:57:12.095 E/nStackXCoAP( 2829): IsInSameNetwork:[281] :IsInSameNetwork: not priority process
06-03 13:57:12.095 D/nStackXCoAP( 2829): ParseServiceDiscover:[330] :new device join
06-03 13:57:12.095 E/nStackXDFinder( 2829): GetLocalIp:[401] :GetLocalIp exec
06-03 13:57:12.209 D/nStackXCoAP( 2829): IsInSameNetwork:[276] :IsInSameNetwork exec
06-03 13:57:12.209 I/nStackXDFinder( 2829): GetLocalInterfaceDetail:[461] :GetLocalInterfaceDetail in
06-03 13:57:12.209 E/nStackXCoAP( 2829): IsInSameNetwork:[281] :IsInSameNetwork: not priority process
06-03 13:57:12.209 D/nStackXCoAP( 2829): ParseServiceDiscover:[330] :new device join
06-03 13:57:12.209 E/nStackXDFinder( 2829): GetLocalIp:[401] :GetLocalIp exec
06-03 13:57:12.678 I/DebugUtil( 509): [0##31]in/out status {INS/OUTS=2266(1)/2255(0)}, pipeline status {IN=8/8, OUT=9/13[Component(0) Accelerator(4) Client(9)]}
06-03 13:57:12.731 D/nStackXCoAP( 2829): IsInSameNetwork:[276] :IsInSameNetwork exec
06-03 13:57:12.731 I/nStackXDFinder( 2829): GetLocalInterfaceDetail:[461] :GetLocalInterfaceDetail in
06-03 13:57:12.731 E/nStackXCoAP( 2829): IsInSameNetwork:[281] :IsInSameNetwork: not priority process
06-03 13:57:12.731 D/nStackXCoAP( 2829): ParseServiceDiscover:[330] :new device join
06-03 13:57:12.731 E/nStackXDFinder( 2829): GetLocalIp:[401] :GetLocalIp exec
06-03 13:57:13.086 I/VDA ( 509): [0##31]"ServiceDeviceTask INs=2270/2277, OUTs=2268/2271"" {IN=7/8, OUT=10/13[kAtAccelerator(0) kAtDevice(3) kAtClient(10)]}"
06-03 13:57:13.242 D/nStackXCoAP( 2829): IsInSameNetwork:[276] :IsInSameNetwork exec
06-03 13:57:13.242 I/nStackXDFinder( 2829): GetLocalInterfaceDetail:[461] :GetLocalInterfaceDetail in
06-03 13:57:13.242 E/nStackXCoAP( 2829): IsInSameNetwork:[281] :IsInSameNetwork: not priority process
06-03 13:57:13.242 D/nStackXCoAP( 2829): ParseServiceDiscover:[330] :new device join
06-03 13:57:13.242 E/nStackXDFinder( 2829): GetLocalIp:[401] :GetLocalIp exec
06-03 13:57:13.733 D/nStackXCoAP( 2829): IsInSameNetwork:[276] :IsInSameNetwork exec
06-03 13:57:13.733 I/nStackXDFinder( 2829): GetLocalInterfaceDetail:[461] :GetLocalInterfaceDetail in
06-03 13:57:13.734 E/nStackXCoAP( 2829): IsInSameNetwork:[281] :IsInSameNetwork: not priority process
06-03 13:57:13.734 D/nStackXCoAP( 2829): ParseServiceDiscover:[330] :new device join
06-03 13:57:13.734 E/nStackXDFinder( 2829): GetLocalIp:[401] :GetLocalIp exec
06-03 13:57:14.130 I/WifiHAL ( 540): call wifi_get_link_stats handler
06-03 13:57:14.130 I/WifiHAL ( 540): Creating message to get link statistics; iface = 16
06-03 13:57:14.131 D/WifiHAL ( 540): error code -95 mapped to -3
06-03 13:57:14.131 E/WifiStaIfaceAidlImpl( 754): getLinkLayerStats failed with service-specific exception: android.os.ServiceSpecificException: (code 4)
06-03 13:57:14.152 I/VDA ( 509): [0##31]"ServiceDeviceTask INs=2302/2308, OUTs=2300/2303"" {IN=6/8, OUT=10/13[kAtAccelerator(0) kAtDevice(3) kAtClient(10)]}"
06-03 13:57:14.245 D/nStackXCoAP( 2829): IsInSameNetwork:[276] :IsInSameNetwork exec
06-03 13:57:14.245 I/nStackXDFinder( 2829): GetLocalInterfaceDetail:[461] :GetLocalInterfaceDetail in
06-03 13:57:14.245 E/nStackXCoAP( 2829): IsInSameNetwork:[281] :IsInSameNetwork: not priority process
06-03 13:57:14.245 D/nStackXCoAP( 2829): ParseServiceDiscover:[330] :new device join
06-03 13:57:14.245 E/nStackXDFinder( 2829): GetLocalIp:[401] :GetLocalIp exec
06-03 13:57:14.778 D/nStackXCoAP( 2829): IsInSameNetwork:[276] :IsInSameNetwork exec
06-03 13:57:14.778 I/nStackXDFinder( 2829): GetLocalInterfaceDetail:[461] :GetLocalInterfaceDetail in
06-03 13:57:14.778 E/nStackXCoAP( 2829): IsInSameNetwork:[281] :IsInSameNetwork: not priority process
06-03 13:57:14.778 D/nStackXCoAP( 2829): ParseServiceDiscover:[330] :new device join
06-03 13:57:14.778 E/nStackXDFinder( 2829): GetLocalIp:[401] :GetLocalIp exec
06-03 13:57:15.181 I/VDA ( 509): [0##31]"ServiceDeviceTask INs=2333/2340, OUTs=2331/2334"" {IN=7/8, OUT=10/13[kAtAccelerator(0) kAtDevice(3) kAtClient(10)]}"
05-31 21:01:32.168 W/ ( 0): [1 T1197 ..] [SP FRAME RX] DHCP[0 1], vif_idx:0
06-03 13:57:15.283 D/nStackXCoAP( 2829): IsInSameNetwork:[276] :IsInSameNetwork exec
06-03 13:57:15.283 I/nStackXDFinder( 2829): GetLocalInterfaceDetail:[461] :GetLocalInterfaceDetail in
06-03 13:57:15.283 E/nStackXCoAP( 2829): IsInSameNetwork:[281] :IsInSameNetwork: not priority process
06-03 13:57:15.283 D/nStackXCoAP( 2829): ParseServiceDiscover:[330] :new device join
06-03 13:57:15.283 E/nStackXDFinder( 2829): GetLocalIp:[401] :GetLocalIp exec
06-03 13:57:15.461 I/virtual void MediaDecoder::run()( 4827): notify decode next url: /data/user/0/com.dangbei.lerad.screensaver/files/download/61/city_2.mp4
06-03 13:57:15.461 E/screen_saver2( 4827): onDecodeNextStream: 1
06-03 13:57:15.461 D/AdManager( 4827): advertisementNum: 9
06-03 13:57:15.595 D/BufferPoolAccessor2.0( 4827): bufferpool2 0xe9d2ca88 : 8(12582912 size) total buffers - 8(12582912 size) used buffers - 0/9 (recycle/alloc) - 9/2354 (fetch/transfer)
05-31 21:01:33.055 W/ ( 0): [2 T0 .s] [SP FRAME TX] arp req,vif_idx:0 sender:[1c:79:2d:20:62:cb 192.168.3.4]receiver:[00:00:00:00:00:00 192.168.3.1]
06-03 13:57:16.162 I/netd ( 491): setProcSysNet(4, 2, wlan0, retrans_time_ms, 1000) <0.15ms>
06-03 13:57:16.163 I/netd ( 491): setProcSysNet(4, 2, wlan0, ucast_solicit, 15) <0.12ms>
05-31 21:01:33.059 W/ ( 0): [1 T1197 ..] [SP FRAME RX] arp rsp,vif_idx:0 sender:[70:3a:a6:36:a8:d7 192.168.3.1]receiver:[1c:79:2d:20:62:cb 192.168.3.4]
06-03 13:57:16.163 I/netd ( 491): setProcSysNet(6, 2, wlan0, retrans_time_ms, 1000) <0.14ms>
06-03 13:57:16.164 I/netd ( 491): setProcSysNet(6, 2, wlan0, ucast_solicit, 15) <0.12ms>
06-03 13:57:16.209 I/VDA ( 509): [0##31]"ServiceDeviceTask INs=2364/2371, OUTs=2362/2365"" {IN=7/8, OUT=10/13[kAtAccelerator(0) kAtDevice(3) kAtClient(10)]}"
06-03 13:57:16.318 D/nStackXCoAP( 2829): IsInSameNetwork:[276] :IsInSameNetwork exec
06-03 13:57:16.318 I/nStackXDFinder( 2829): GetLocalInterfaceDetail:[461] :GetLocalInterfaceDetail in
06-03 13:57:16.318 E/nStackXCoAP( 2829): IsInSameNetwork:[281] :IsInSameNetwork: not priority process
06-03 13:57:16.318 D/nStackXCoAP( 2829): ParseServiceDiscover:[330] :new device join
06-03 13:57:16.318 E/nStackXDFinder( 2829): GetLocalIp:[401] :GetLocalIp exec
05-31 21:01:33.896 W/ ( 0): [1 T1197 ..] [SP FRAME RX] arp req,vif_idx:0 sender:[02:fe:15:17:79:f9 192.168.3.136]receiver:[00:00:00:00:00:00 192.168.3.4]
05-31 21:01:33.897 W/ ( 0): [1 T1197 ..] [SP FRAME TX] arp rsp,vif_idx:0 sender:[1c:79:2d:20:62:cb 192.168.3.4]receiver:[02:fe:15:17:79:f9 192.168.3.136]
06-03 13:57:17.137 I/WifiHAL ( 540): call wifi_get_link_stats handler
06-03 13:57:17.137 I/WifiHAL ( 540): Creating message to get link statistics; iface = 16
06-03 13:57:17.138 D/WifiHAL ( 540): error code -95 mapped to -3
06-03 13:57:17.138 E/WifiStaIfaceAidlImpl( 754): getLinkLayerStats failed with service-specific exception: android.os.ServiceSpecificException: (code 4)
06-03 13:57:17.236 I/VDA ( 509): [0##31]"ServiceDeviceTask INs=2395/2402, OUTs=2392/2396"" {IN=7/8, OUT=9/13[kAtAccelerator(0) kAtDevice(4) kAtClient(9)]}"
06-03 13:57:17.678 I/DebugUtil( 509): [0##31]in/out status {INS/OUTS=2416(1)/2405(0)}, pipeline status {IN=8/8, OUT=9/13[Component(0) Accelerator(4) Client(9)]}
06-03 13:57:17.718 I/virtual Data FFDemuxer::read()( 4827): read frame ret: End of file latestReceivedTime: 234089 getTotalTimeMillis: 7500 is exit: 0
06-03 13:57:17.718 I/virtual Data FFDemuxer::read()( 4827): list smooth loop
06-03 13:57:17.724 I/virtual StreamInfo FFDemuxer::getVideoStreamInfo()( 4827): video width: 1920 video height: 1080 video pixelFormat: 0 fps: 30
06-03 13:57:17.724 D/virtual Data FFDemuxer::read()( 4827): open next url: /data/user/0/com.dangbei.lerad.screensaver/files/download/61/city_2.mp4
06-03 13:57:18.264 I/VDA ( 509): [0##31]"ServiceDeviceTask INs=2426/2433, OUTs=2423/2427"" {IN=7/8, OUT=9/13[kAtAccelerator(0) kAtDevice(4) kAtClient(9)]}"
05-31 21:01:35.355 W/ ( 0): [0 T0 .s] [SP FRAME TX] arp req,vif_idx:0 sender:[1c:79:2d:20:62:cb 192.168.3.4]receiver:[00:00:00:00:00:00 192.168.3.136]
05-31 21:01:35.362 W/ ( 0): [1 T1197 ..] [SP FRAME RX] arp rsp,vif_idx:0 sender:[02:fe:15:17:79:f9 192.168.3.136]receiver:[1c:79:2d:20:62:cb 192.168.3.4]
06-03 13:57:19.295 I/VDA ( 509): [0##31]"ServiceDeviceTask INs=2456/2463, OUTs=2454/2458"" {IN=7/8, OUT=9/13[kAtAccelerator(0) kAtDevice(4) kAtClient(9)]}"
06-03 13:57:20.141 I/WifiHAL ( 540): call wifi_get_link_stats handler
06-03 13:57:20.141 I/WifiHAL ( 540): Creating message to get link statistics; iface = 16
06-03 13:57:20.142 D/WifiHAL ( 540): error code -95 mapped to -3
06-03 13:57:20.142 E/WifiStaIfaceAidlImpl( 754): getLinkLayerStats failed with service-specific exception: android.os.ServiceSpecificException: (code 4)
06-03 13:57:20.321 I/VDA ( 509): [0##31]"ServiceDeviceTask INs=2487/2494, OUTs=2485/2488"" {IN=7/8, OUT=10/13[kAtAccelerator(0) kAtDevice(3) kAtClient(10)]}"
06-03 13:57:20.734 D/BufferPoolAccessor2.0( 4827): bufferpool2 0xe9d2ca88 : 8(12582912 size) total buffers - 8(12582912 size) used buffers - 0/9 (recycle/alloc) - 9/2509 (fetch/transfer)
06-03 13:57:21.032 D/screen_saver2( 4827): useTime 1748929941017 1
06-03 13:57:21.053 I/resolv ( 491): GetAddrInfoHandler::run: {100 100 100 983140 10043 0}
06-03 13:57:21.054 I/resolv ( 491): res_nmkquery: (QUERY, IN, A)
06-03 13:57:21.055 I/resolv ( 491): resolv_cache_lookup: FOUND IN CACHE entry=0xec7c41b0
06-03 13:57:21.055 I/resolv ( 491): doQuery: rcode=0, ancount=17, return value=504
06-03 13:57:21.057 D/TrafficStats( 4827): tagSocket(153) with statsTag=0xffffffff, statsUid=-1
06-03 13:57:21.348 I/VDA ( 509): [0##31]"ServiceDeviceTask INs=2518/2525, OUTs=2516/2519"" {IN=7/8, OUT=10/13[kAtAccelerator(0) kAtDevice(3) kAtClient(10)]}"
06-03 13:57:22.146 I/virtual void MediaDecoder::run()( 4827): notify decode next url: /data/user/0/com.dangbei.lerad.screensaver/files/download/61/city_1.mp4
06-03 13:57:22.146 E/screen_saver2( 4827): onDecodeNextStream: 0
06-03 13:57:22.147 E/screen_saver2( 4827): 本地记录index和回调的不一致
06-03 13:57:22.156 D/AdManager( 4827): advertisementNum: 8
06-03 13:57:22.378 I/VDA ( 509): [0##31]"ServiceDeviceTask INs=2549/2556, OUTs=2547/2550"" {IN=7/8, OUT=10/13[kAtAccelerator(0) kAtDevice(3) kAtClient(10)]}"
06-03 13:57:22.679 I/DebugUtil( 509): [0##31]in/out status {INS/OUTS=2566(1)/2555(0)}, pipeline status {IN=8/8, OUT=10/13[Component(0) Accelerator(3) Client(10)]}
06-03 13:57:23.147 I/WifiHAL ( 540): call wifi_get_link_stats handler
06-03 13:57:23.148 I/WifiHAL ( 540): Creating message to get link statistics; iface = 16
06-03 13:57:23.148 D/WifiHAL ( 540): error code -95 mapped to -3
06-03 13:57:23.148 E/WifiStaIfaceAidlImpl( 754): getLinkLayerStats failed with service-specific exception: android.os.ServiceSpecificException: (code 4)
06-03 13:57:23.440 I/VDA ( 509): [0##31]"ServiceDeviceTask INs=2580/2587, OUTs=2577/2582"" {IN=7/8, OUT=8/13[kAtAccelerator(0) kAtDevice(5) kAtClient(8)]}"
06-03 13:57:23.974 D/nStackXCoAP( 2829): IsInSameNetwork:[276] :IsInSameNetwork exec
06-03 13:57:23.974 I/nStackXDFinder( 2829): GetLocalInterfaceDetail:[461] :GetLocalInterfaceDetail in
06-03 13:57:23.974 E/nStackXCoAP( 2829): IsInSameNetwork:[281] :IsInSameNetwork: not priority process
06-03 13:57:23.974 D/nStackXCoAP( 2829): ParseServiceDiscover:[330] :new device join
06-03 13:57:23.974 E/nStackXDFinder( 2829): GetLocalIp:[401] :GetLocalIp exec
06-03 13:57:23.998 D/nStackXCoAP( 2829): CoapMessageHandler:[133] :2.01
06-03 13:57:24.182 D/nStackXCoAP( 2829): IsInSameNetwork:[276] :IsInSameNetwork exec
06-03 13:57:24.182 I/nStackXDFinder( 2829): GetLocalInterfaceDetail:[461] :GetLocalInterfaceDetail in
06-03 13:57:24.182 E/nStackXCoAP( 2829): IsInSameNetwork:[281] :IsInSameNetwork: not priority process
06-03 13:57:24.182 D/nStackXCoAP( 2829): ParseServiceDiscover:[330] :new device join
06-03 13:57:24.182 E/nStackXDFinder( 2829): GetLocalIp:[401] :GetLocalIp exec
06-03 13:57:24.192 D/nStackXCoAP( 2829): CoapMessageHandler:[133] :2.01
06-03 13:57:24.297 D/nStackXCoAP( 2829): IsInSameNetwork:[276] :IsInSameNetwork exec
06-03 13:57:24.298 I/nStackXDFinder( 2829): GetLocalInterfaceDetail:[461] :GetLocalInterfaceDetail in
06-03 13:57:24.298 E/nStackXCoAP( 2829): IsInSameNetwork:[281] :IsInSameNetwork: not priority process
06-03 13:57:24.298 D/nStackXCoAP( 2829): ParseServiceDiscover:[330] :new device join
06-03 13:57:24.298 E/nStackXDFinder( 2829): GetLocalIp:[401] :GetLocalIp exec
06-03 13:57:24.353 D/nStackXCoAP( 2829): CoapMessageHandler:[133] :2.01
06-03 13:57:24.384 D/nStackXCoAP( 2829): IsInSameNetwork:[276] :IsInSameNetwork exec
06-03 13:57:24.384 I/nStackXDFinder( 2829): GetLocalInterfaceDetail:[461] :GetLocalInterfaceDetail in
06-03 13:57:24.384 E/nStackXCoAP( 2829): IsInSameNetwork:[281] :IsInSameNetwork: not priority process
06-03 13:57:24.384 D/nStackXCoAP( 2829): ParseServiceDiscover:[330] :new device join
06-03 13:57:24.384 E/nStackXDFinder( 2829): GetLocalIp:[401] :GetLocalIp exec
06-03 13:57:24.403 D/nStackXCoAP( 2829): CoapMessageHandler:[133] :2.01
06-03 13:57:24.471 I/VDA ( 509): [0##31]"ServiceDeviceTask INs=2611/2618, OUTs=2608/2613"" {IN=7/8, OUT=8/13[kAtAccelerator(0) kAtDevice(5) kAtClient(8)]}"
06-03 13:57:24.589 D/nStackXCoAP( 2829): IsInSameNetwork:[276] :IsInSameNetwork exec
06-03 13:57:24.589 I/nStackXDFinder( 2829): GetLocalInterfaceDetail:[461] :GetLocalInterfaceDetail in
06-03 13:57:24.589 E/nStackXCoAP( 2829): IsInSameNetwork:[281] :IsInSameNetwork: not priority process
06-03 13:57:24.589 D/nStackXCoAP( 2829): ParseServiceDiscover:[330] :new device join
06-03 13:57:24.589 E/nStackXDFinder( 2829): GetLocalIp:[401] :GetLocalIp exec
06-03 13:57:24.701 D/nStackXCoAP( 2829): IsInSameNetwork:[276] :IsInSameNetwork exec
06-03 13:57:24.702 I/nStackXDFinder( 2829): GetLocalInterfaceDetail:[461] :GetLocalInterfaceDetail in
06-03 13:57:24.702 E/nStackXCoAP( 2829): IsInSameNetwork:[281] :IsInSameNetwork: not priority process
06-03 13:57:24.702 D/nStackXCoAP( 2829): ParseServiceDiscover:[330] :new device join
06-03 13:57:24.702 E/nStackXDFinder( 2829): GetLocalIp:[401] :GetLocalIp exec
06-03 13:57:24.917 D/nStackXCoAP( 2829): CoapMessageHandler:[133] :2.01
06-03 13:57:24.917 D/nStackXCoAP( 2829): CoapMessageHandler:[133] :2.01
06-03 13:57:25.111 D/nStackXCoAP( 2829): IsInSameNetwork:[276] :IsInSameNetwork exec
06-03 13:57:25.111 I/nStackXDFinder( 2829): GetLocalInterfaceDetail:[461] :GetLocalInterfaceDetail in
06-03 13:57:25.111 E/nStackXCoAP( 2829): IsInSameNetwork:[281] :IsInSameNetwork: not priority process
06-03 13:57:25.111 D/nStackXCoAP( 2829): ParseServiceDiscover:[330] :new device join
06-03 13:57:25.111 E/nStackXDFinder( 2829): GetLocalIp:[401] :GetLocalIp exec
06-03 13:57:25.113 D/nStackXCoAP( 2829): IsInSameNetwork:[276] :IsInSameNetwork exec
06-03 13:57:25.113 I/nStackXDFinder( 2829): GetLocalInterfaceDetail:[461] :GetLocalInterfaceDetail in
06-03 13:57:25.113 E/nStackXCoAP( 2829): IsInSameNetwork:[281] :IsInSameNetwork: not priority process
06-03 13:57:25.113 D/nStackXCoAP( 2829): ParseServiceDiscover:[330] :new device join
06-03 13:57:25.113 E/nStackXDFinder( 2829): GetLocalIp:[401] :GetLocalIp exec
06-03 13:57:25.265 I/virtual Data FFDemuxer::read()( 4827): read frame ret: End of file latestReceivedTime: 240756 getTotalTimeMillis: 6666 is exit: 0
06-03 13:57:25.265 I/virtual Data FFDemuxer::read()( 4827): list smooth loop
06-03 13:57:25.271 I/virtual StreamInfo FFDemuxer::getVideoStreamInfo()( 4827): video width: 1920 video height: 1080 video pixelFormat: 0 fps: 30
06-03 13:57:25.271 D/virtual Data FFDemuxer::read()( 4827): open next url: /data/user/0/com.dangbei.lerad.screensaver/files/download/61/city_1.mp4
06-03 13:57:25.376 D/nStackXCoAP( 2829): CoapMessageHandler:[133] :2.01
06-03 13:57:25.407 D/nStackXCoAP( 2829): IsInSameNetwork:[276] :IsInSameNetwork exec
06-03 13:57:25.407 I/nStackXDFinder( 2829): GetLocalInterfaceDetail:[461] :GetLocalInterfaceDetail in
06-03 13:57:25.407 E/nStackXCoAP( 2829): IsInSameNetwork:[281] :IsInSameNetwork: not priority process
06-03 13:57:25.407 D/nStackXCoAP( 2829): ParseServiceDiscover:[330] :new device join
06-03 13:57:25.407 E/nStackXDFinder( 2829): GetLocalIp:[401] :GetLocalIp exec
06-03 13:57:25.410 D/nStackXCoAP( 2829): IsInSameNetwork:[276] :IsInSameNetwork exec
06-03 13:57:25.410 I/nStackXDFinder( 2829): GetLocalInterfaceDetail:[461] :GetLocalInterfaceDetail in
06-03 13:57:25.410 E/nStackXCoAP( 2829): IsInSameNetwork:[281] :IsInSameNetwork: not priority process
06-03 13:57:25.410 D/nStackXCoAP( 2829): ParseServiceDiscover:[330] :new device join
06-03 13:57:25.410 E/nStackXDFinder( 2829): GetLocalIp:[401] :GetLocalIp exec
06-03 13:57:25.422 D/nStackXCoAP( 2829): CoapMessageHandler:[133] :2.01
06-03 13:57:25.472 D/nStackXCoAP( 2829): CoapMessageHandler:[133] :2.01
06-03 13:57:25.473 D/nStackXCoAP( 2829): CoapMessageHandler:[133] :2.01
06-03 13:57:25.503 I/VDA ( 509): [0##31]"ServiceDeviceTask INs=2643/2650, OUTs=2641/2644"" {IN=7/8, OUT=10/13[kAtAccelerator(0) kAtDevice(3) kAtClient(10)]}"
06-03 13:57:25.536 D/nStackXCoAP( 2829): IsInSameNetwork:[276] :IsInSameNetwork exec
06-03 13:57:25.537 I/nStackXDFinder( 2829): GetLocalInterfaceDetail:[461] :GetLocalInterfaceDetail in
06-03 13:57:25.537 E/nStackXCoAP( 2829): IsInSameNetwork:[281] :IsInSameNetwork: not priority process
06-03 13:57:25.537 D/nStackXCoAP( 2829): ParseServiceDiscover:[330] :new device join
06-03 13:57:25.537 E/nStackXDFinder( 2829): GetLocalIp:[401] :GetLocalIp exec
06-03 13:57:25.552 D/nStackXCoAP( 2829): CoapMessageHandler:[133] :2.01
06-03 13:57:25.729 D/nStackXCoAP( 2829): IsInSameNetwork:[276] :IsInSameNetwork exec
06-03 13:57:25.729 I/nStackXDFinder( 2829): GetLocalInterfaceDetail:[461] :GetLocalInterfaceDetail in
06-03 13:57:25.729 E/nStackXCoAP( 2829): IsInSameNetwork:[281] :IsInSameNetwork: not priority process
06-03 13:57:25.729 D/nStackXCoAP( 2829): ParseServiceDiscover:[330] :new device join
06-03 13:57:25.730 E/nStackXDFinder( 2829): GetLocalIp:[401] :GetLocalIp exec
06-03 13:57:25.751 D/nStackXCoAP( 2829): CoapMessageHandler:[133] :2.01
06-03 13:57:25.824 D/nStackXCoAP( 2829): IsInSameNetwork:[276] :IsInSameNetwork exec
06-03 13:57:25.824 I/nStackXDFinder( 2829): GetLocalInterfaceDetail:[461] :GetLocalInterfaceDetail in
06-03 13:57:25.824 E/nStackXCoAP( 2829): IsInSameNetwork:[281] :IsInSameNetwork: not priority process
06-03 13:57:25.824 D/nStackXCoAP( 2829): ParseServiceDiscover:[330] :new device join
06-03 13:57:25.824 E/nStackXDFinder( 2829): GetLocalIp:[401] :GetLocalIp exec
06-03 13:57:25.843 D/nStackXCoAP( 2829): CoapMessageHandler:[133] :2.01
06-03 13:57:25.879 D/BufferPoolAccessor2.0( 4827): bufferpool2 0xe9d2ca88 : 8(12582912 size) total buffers - 8(12582912 size) used buffers - 0/9 (recycle/alloc) - 9/2663 (fetch/transfer)
06-03 13:57:26.026 D/nStackXCoAP( 2829): IsInSameNetwork:[276] :IsInSameNetwork exec
06-03 13:57:26.026 I/nStackXDFinder( 2829): GetLocalInterfaceDetail:[461] :GetLocalInterfaceDetail in
06-03 13:57:26.026 E/nStackXCoAP( 2829): IsInSameNetwork:[281] :IsInSameNetwork: not priority process
06-03 13:57:26.026 D/nStackXCoAP( 2829): ParseServiceDiscover:[330] :new device join
06-03 13:57:26.026 E/nStackXDFinder( 2829): GetLocalIp:[401] :GetLocalIp exec
06-03 13:57:26.050 D/nStackXCoAP( 2829): CoapMessageHandler:[133] :2.01
06-03 13:57:26.132 D/nStackXCoAP( 2829): IsInSameNetwork:[276] :IsInSameNetwork exec
06-03 13:57:26.132 I/nStackXDFinder( 2829): GetLocalInterfaceDetail:[461] :GetLocalInterfaceDetail in
06-03 13:57:26.132 E/nStackXCoAP( 2829): IsInSameNetwork:[281] :IsInSameNetwork: not priority process
06-03 13:57:26.132 D/nStackXCoAP( 2829): ParseServiceDiscover:[330] :new device join
06-03 13:57:26.133 E/nStackXDFinder( 2829): GetLocalIp:[401] :GetLocalIp exec
06-03 13:57:26.154 I/WifiHAL ( 540): call wifi_get_link_stats handler
06-03 13:57:26.154 I/WifiHAL ( 540): Creating message to get link statistics; iface = 16
06-03 13:57:26.154 D/WifiHAL ( 540): error code -95 mapped to -3
06-03 13:57:26.155 E/WifiStaIfaceAidlImpl( 754): getLinkLayerStats failed with service-specific exception: android.os.ServiceSpecificException: (code 4)
06-03 13:57:26.186 D/nStackXCoAP( 2829): CoapMessageHandler:[133] :2.01
06-03 13:57:26.260 D/nStackXCoAP( 2829): IsInSameNetwork:[276] :IsInSameNetwork exec
06-03 13:57:26.260 I/nStackXDFinder( 2829): GetLocalInterfaceDetail:[461] :GetLocalInterfaceDetail in
06-03 13:57:26.260 E/nStackXCoAP( 2829): IsInSameNetwork:[281] :IsInSameNetwork: not priority process
06-03 13:57:26.261 D/nStackXCoAP( 2829): ParseServiceDiscover:[330] :new device join
06-03 13:57:26.261 E/nStackXDFinder( 2829): GetLocalIp:[401] :GetLocalIp exec
06-03 13:57:26.290 D/nStackXCoAP( 2829): CoapMessageHandler:[133] :2.01
06-03 13:57:26.503 I/VDA ( 509): [0##31]"ServiceDeviceTask INs=2673/2679, OUTs=2671/2674"" {IN=6/8, OUT=10/13[kAtAccelerator(0) kAtDevice(3) kAtClient(10)]}"
06-03 13:57:26.648 D/nStackXCoAP( 2829): IsInSameNetwork:[276] :IsInSameNetwork exec
06-03 13:57:26.648 I/nStackXDFinder( 2829): GetLocalInterfaceDetail:[461] :GetLocalInterfaceDetail in
06-03 13:57:26.648 E/nStackXCoAP( 2829): IsInSameNetwork:[281] :IsInSameNetwork: not priority process
06-03 13:57:26.648 D/nStackXCoAP( 2829): ParseServiceDiscover:[330] :new device join
06-03 13:57:26.648 E/nStackXDFinder( 2829): GetLocalIp:[401] :GetLocalIp exec
06-03 13:57:26.670 D/nStackXCoAP( 2829): CoapMessageHandler:[133] :2.01
06-03 13:57:26.872 D/nStackXCoAP( 2829): IsInSameNetwork:[276] :IsInSameNetwork exec
06-03 13:57:26.872 I/nStackXDFinder( 2829): GetLocalInterfaceDetail:[461] :GetLocalInterfaceDetail in
06-03 13:57:26.872 E/nStackXCoAP( 2829): IsInSameNetwork:[281] :IsInSameNetwork: not priority process
06-03 13:57:26.872 D/nStackXCoAP( 2829): ParseServiceDiscover:[330] :new device join
06-03 13:57:26.872 E/nStackXDFinder( 2829): GetLocalIp:[401] :GetLocalIp exec
06-03 13:57:26.884 D/nStackXCoAP( 2829): CoapMessageHandler:[133] :2.01
06-03 13:57:26.947 D/nStackXCoAP( 2829): IsInSameNetwork:[276] :IsInSameNetwork exec
06-03 13:57:26.947 I/nStackXDFinder( 2829): GetLocalInterfaceDetail:[461] :GetLocalInterfaceDetail in
06-03 13:57:26.947 E/nStackXCoAP( 2829): IsInSameNetwork:[281] :IsInSameNetwork: not priority process
06-03 13:57:26.947 D/nStackXCoAP( 2829): ParseServiceDiscover:[330] :new device join
06-03 13:57:26.947 E/nStackXDFinder( 2829): GetLocalIp:[401] :GetLocalIp exec
06-03 13:57:26.969 D/nStackXCoAP( 2829): CoapMessageHandler:[133] :2.01
06-03 13:57:27.148 D/nStackXCoAP( 2829): IsInSameNetwork:[276] :IsInSameNetwork exec
06-03 13:57:27.148 I/nStackXDFinder( 2829): GetLocalInterfaceDetail:[461] :GetLocalInterfaceDetail in
06-03 13:57:27.149 E/nStackXCoAP( 2829): IsInSameNetwork:[281] :IsInSameNetwork: not priority process
06-03 13:57:27.149 D/nStackXCoAP( 2829): ParseServiceDiscover:[330] :new device join
06-03 13:57:27.149 E/nStackXDFinder( 2829): GetLocalIp:[401] :GetLocalIp exec
06-03 13:57:27.184 D/nStackXCoAP( 2829): CoapMessageHandler:[133] :2.01
06-03 13:57:27.264 D/nStackXCoAP( 2829): IsInSameNetwork:[276] :IsInSameNetwork exec
06-03 13:57:27.264 I/nStackXDFinder( 2829): GetLocalInterfaceDetail:[461] :GetLocalInterfaceDetail in
06-03 13:57:27.264 E/nStackXCoAP( 2829): IsInSameNetwork:[281] :IsInSameNetwork: not priority process
06-03 13:57:27.264 D/nStackXCoAP( 2829): ParseServiceDiscover:[330] :new device join
06-03 13:57:27.264 E/nStackXDFinder( 2829): GetLocalIp:[401] :GetLocalIp exec
06-03 13:57:27.299 D/nStackXCoAP( 2829): CoapMessageHandler:[133] :2.01
06-03 13:57:27.374 D/nStackXCoAP( 2829): IsInSameNetwork:[276] :IsInSameNetwork exec
06-03 13:57:27.374 I/nStackXDFinder( 2829): GetLocalInterfaceDetail:[461] :GetLocalInterfaceDetail in
06-03 13:57:27.374 E/nStackXCoAP( 2829): IsInSameNetwork:[281] :IsInSameNetwork: not priority process
06-03 13:57:27.374 D/nStackXCoAP( 2829): ParseServiceDiscover:[330] :new device join
06-03 13:57:27.374 E/nStackXDFinder( 2829): GetLocalIp:[401] :GetLocalIp exec
06-03 13:57:27.395 D/nStackXCoAP( 2829): CoapMessageHandler:[133] :2.01
06-03 13:57:27.528 I/VDA ( 509): [0##31]"ServiceDeviceTask INs=2702/2709, OUTs=2699/2704"" {IN=7/8, OUT=8/13[kAtAccelerator(0) kAtDevice(5) kAtClient(8)]}"
06-03 13:57:27.558 D/nStackXCoAP( 2829): IsInSameNetwork:[276] :IsInSameNetwork exec
06-03 13:57:27.558 I/nStackXDFinder( 2829): GetLocalInterfaceDetail:[461] :GetLocalInterfaceDetail in
06-03 13:57:27.558 E/nStackXCoAP( 2829): IsInSameNetwork:[281] :IsInSameNetwork: not priority process
06-03 13:57:27.558 D/nStackXCoAP( 2829): ParseServiceDiscover:[330] :new device join
06-03 13:57:27.558 E/nStackXDFinder( 2829): GetLocalIp:[401] :GetLocalIp exec
06-03 13:57:27.642 D/nStackXCoAP( 2829): CoapMessageHandler:[133] :2.01
06-03 13:57:27.670 D/nStackXCoAP( 2829): IsInSameNetwork:[276] :IsInSameNetwork exec
