06-03 13:53:23.320 I/VDA ( 509): [0##13]"ServiceDeviceTask INs=1865/1872, OUTs=1863/1867"" {IN=7/8, OUT=9/13[kAtAccelerator(0) kAtDevice(4) kAtClient(9)]}"
06-03 13:53:23.594 D/BufferPoolAccessor2.0( 4827): bufferpool2 0xe9d31288 : 8(12582912 size) total buffers - 8(12582912 size) used buffers - 0/9 (recycle/alloc) - 9/1883 (fetch/transfer)
06-03 13:53:24.349 I/VDA ( 509): [0##13]"ServiceDeviceTask INs=1897/1904, OUTs=1895/1898"" {IN=7/8, OUT=10/13[kAtAccelerator(0) kAtDevice(3) kAtClient(10)]}"
06-03 13:53:25.042 I/virtual void MediaDecoder::run()( 4827): notify decode next url: /data/user/0/com.dangbei.lerad.screensaver/files/download/61/city_2.mp4
06-03 13:53:25.042 E/screen_saver2( 4827): onDecodeNextStream: 1
06-03 13:53:25.043 D/AdManager( 4827): advertisementNum: 1
06-03 13:53:25.380 I/VDA ( 509): [0##13]"ServiceDeviceTask INs=1928/1935, OUTs=1925/1929"" {IN=7/8, OUT=9/13[kAtAccelerator(0) kAtDevice(4) kAtClient(9)]}"
06-03 13:53:25.623 I/WifiHAL ( 540): call wifi_get_link_stats handler
06-03 13:53:25.623 I/WifiHAL ( 540): Creating message to get link statistics; iface = 16
06-03 13:53:25.624 D/WifiHAL ( 540): error code -95 mapped to -3
06-03 13:53:25.624 E/WifiStaIfaceAidlImpl( 754): getLinkLayerStats failed with service-specific exception: android.os.ServiceSpecificException: (code 4)
05-31 20:57:42.999 W/ ( 0): [2 T1197 ..] [SP FRAME RX] DHCP[0 1], vif_idx:0
06-03 13:53:26.410 I/DebugUtil( 509): [0##13]in/out status {INS/OUTS=1967(1)/1956(0)}, pipeline status {IN=8/8, OUT=9/13[Component(0) Accelerator(4) Client(9)]}
06-03 13:53:26.411 I/VDA ( 509): [0##13]"ServiceDeviceTask INs=1959/1966, OUTs=1957/1960"" {IN=7/8, OUT=10/13[kAtAccelerator(0) kAtDevice(3) kAtClient(10)]}"
06-03 13:53:27.271 I/virtual Data FFDemuxer::read()( 4827): read frame ret: End of file latestReceivedTime: 219923 getTotalTimeMillis: 7500 is exit: 0
06-03 13:53:27.271 I/virtual Data FFDemuxer::read()( 4827): list smooth loop
06-03 13:53:27.277 I/virtual StreamInfo FFDemuxer::getVideoStreamInfo()( 4827): video width: 1920 video height: 1080 video pixelFormat: 0 fps: 30
06-03 13:53:27.277 D/virtual Data FFDemuxer::read()( 4827): open next url: /data/user/0/com.dangbei.lerad.screensaver/files/download/61/city_2.mp4
06-03 13:53:27.444 I/VDA ( 509): [0##13]"ServiceDeviceTask INs=1988/1995, OUTs=1985/1991"" {IN=7/8, OUT=7/13[kAtAccelerator(0) kAtDevice(6) kAtClient(7)]}"
06-03 13:53:28.471 I/VDA ( 509): [0##13]"ServiceDeviceTask INs=2020/2027, OUTs=2018/2021"" {IN=7/8, OUT=10/13[kAtAccelerator(0) kAtDevice(3) kAtClient(10)]}"
06-03 13:53:28.631 I/WifiHAL ( 540): call wifi_get_link_stats handler
06-03 13:53:28.631 I/WifiHAL ( 540): Creating message to get link statistics; iface = 16
06-03 13:53:28.631 D/WifiHAL ( 540): error code -95 mapped to -3
06-03 13:53:28.632 E/WifiStaIfaceAidlImpl( 754): getLinkLayerStats failed with service-specific exception: android.os.ServiceSpecificException: (code 4)
06-03 13:53:28.749 D/BufferPoolAccessor2.0( 4827): bufferpool2 0xe9d31288 : 8(12582912 size) total buffers - 8(12582912 size) used buffers - 0/9 (recycle/alloc) - 9/2038 (fetch/transfer)
06-03 13:53:29.501 I/VDA ( 509): [0##13]"ServiceDeviceTask INs=2051/2058, OUTs=2049/2052"" {IN=7/8, OUT=10/13[kAtAccelerator(0) kAtDevice(3) kAtClient(10)]}"
06-03 13:53:30.112 I/cling--ap-9( 2656): type=1400 audit(0.0:2114): avc: denied { search } for name="net" dev="sysfs" ino=12344 scontext=u:r:untrusted_app_27:s0:c44,c256,c512,c768 tcontext=u:object_r:sysfs_net:s0 tclass=dir permissive=1 app=com.dangbei.screencast
06-03 13:53:30.534 I/VDA ( 509): [0##13]"ServiceDeviceTask INs=2081/2088, OUTs=2078/2083"" {IN=7/8, OUT=8/13[kAtAccelerator(0) kAtDevice(5) kAtClient(8)]}"
06-03 13:53:31.410 I/DebugUtil( 509): [0##13]in/out status {INS/OUTS=2117(1)/2106(0)}, pipeline status {IN=8/8, OUT=10/13[Component(0) Accelerator(3) Client(10)]}
06-03 13:53:31.562 I/VDA ( 509): [0##13]"ServiceDeviceTask INs=2113/2120, OUTs=2111/2114"" {IN=7/8, OUT=10/13[kAtAccelerator(0) kAtDevice(3) kAtClient(10)]}"
06-03 13:53:31.635 I/WifiHAL ( 540): call wifi_get_link_stats handler
06-03 13:53:31.636 I/WifiHAL ( 540): Creating message to get link statistics; iface = 16
06-03 13:53:31.636 D/WifiHAL ( 540): error code -95 mapped to -3
06-03 13:53:31.636 E/WifiStaIfaceAidlImpl( 754): getLinkLayerStats failed with service-specific exception: android.os.ServiceSpecificException: (code 4)
06-03 13:53:31.704 I/virtual void MediaDecoder::run()( 4827): notify decode next url: /data/user/0/com.dangbei.lerad.screensaver/files/download/61/city_1.mp4
06-03 13:53:31.704 E/screen_saver2( 4827): onDecodeNextStream: 0
06-03 13:53:31.704 E/screen_saver2( 4827): 本地记录index和回调的不一致
06-03 13:53:31.709 D/AdManager( 4827): advertisementNum: 0
06-03 13:53:31.709 D/AdManager( 4827): showAdvertisement
06-03 13:53:31.709 I/void PlayerProxy::abortRequest(long)( 4827): abortRequest
06-03 13:53:31.709 I/void PlayerProxy::release(long)( 4827): start release
06-03 13:53:31.709 D/void Thread::stop()( 4827): Thread-MediaDecoder start stop
06-03 13:53:31.723 I/void JavaCallback::JNIDetachThread()( 4827): detach thread
06-03 13:53:31.723 I/void MediaDecoder::render()( 4827): stop 2
06-03 13:53:31.723 I/void JavaCallback::JNIDetachThread()( 4827): detach thread
06-03 13:53:31.723 I/virtual void MediaDecoder::run()( 4827): stop 2
06-03 13:53:31.729 D/void Thread::stop()( 4827): Thread-MediaDecoder stop success
06-03 13:53:31.729 D/void Thread::stop()( 4827): Thread-FFDemuxer start stop
06-03 13:53:31.730 I/void JavaCallback::JNIDetachThread()( 4827): detach thread
06-03 13:53:31.730 I/virtual void IDemuxer::run()( 4827): stop
06-03 13:53:31.740 D/void Thread::stop()( 4827): Thread-FFDemuxer stop success
06-03 13:53:31.740 D/void Thread::stop()( 4827): Thread-Player start stop
06-03 13:53:31.744 I/void JavaCallback::JNIDetachThread()( 4827): detach thread
06-03 13:53:31.744 I/virtual void Player::run()( 4827): stop
06-03 13:53:31.750 D/void Thread::stop()( 4827): Thread-Player stop success
06-03 13:53:31.750 I/virtual void IDemuxer::clear()( 4827): clear success
06-03 13:53:31.771 I/virtual void IDecoder::clear(bool)( 4827): clear success 2 serial: 1
06-03 13:53:31.771 I/virtual void MediaDecoder::clear(bool)( 4827): clear success 2
06-03 13:53:31.771 I/virtual void FFDemuxer::close()( 4827): start
06-03 13:53:31.771 I/virtual void FFDemuxer::close()( 4827): close success
06-03 13:53:31.772 D/SurfaceUtils( 4827): connecting to surface 0xbc20fbf8, reason connectToSurface
06-03 13:53:31.772 I/MediaCodec( 4827): [c2.amlogic.hevc.decoder] setting surface generation to 4942850
06-03 13:53:31.772 D/SurfaceUtils( 4827): disconnecting from surface 0xbc20fbf8, reason connectToSurface(reconnect)
06-03 13:53:31.772 D/SurfaceUtils( 4827): connecting to surface 0xbc20fbf8, reason connectToSurface(reconnect)
06-03 13:53:31.772 D/Codec2-OutputBufferQueue( 4827): C2SurfaceSyncMemory created 20(20)
06-03 13:53:31.773 D/Codec2-OutputBufferQueue( 4827): remote graphic buffer migration 9/9
06-03 13:53:31.773 D/Codec2Client( 4827): setOutputSurface -- generation=4942850 consumer usage=0x900 sync
06-03 13:53:31.775 D/C2BqBuffer( 509): local generation change 4942850 , bqId: 20731807137794 migrated buffers # 3
06-03 13:53:31.775 D/Codec2Client( 4827): Surface configure completed
06-03 13:53:31.776 D/SurfaceUtils( 4827): disconnecting from surface 0xf16dc578, reason disconnectFromSurface
06-03 13:53:31.777 D/CCodecBufferChannel( 4827): [c2.amlogic.hevc.decoder#767] MediaCodec discarded an unknown buffer
06-03 13:53:31.777 D/CCodecBufferChannel( 4827): [c2.amlogic.hevc.decoder#767] MediaCodec discarded an unknown buffer
06-03 13:53:31.777 I/C2VdecComponent( 509): [0##13]"[release]"
06-03 13:53:31.777 I/C2VdecComponent( 509): [0##13]"[reset]"
06-03 13:53:31.777 D/CCodecBufferChannel( 4827): [c2.amlogic.hevc.decoder#767] MediaCodec discarded an unknown buffer
06-03 13:53:31.777 I/C2VdecComponent( 509): [0##13]"[stop]"
06-03 13:53:31.777 D/CCodecBufferChannel( 4827): [c2.amlogic.hevc.decoder#767] MediaCodec discarded an unknown buffer
06-03 13:53:31.777 I/C2VdecComponent( 509): [0##13]"[onStop]"
06-03 13:53:31.777 D/CCodecBufferChannel( 4827): [c2.amlogic.hevc.decoder#767] MediaCodec discarded an unknown buffer
06-03 13:53:31.777 D/CCodecBufferChannel( 4827): [c2.amlogic.hevc.decoder#767] MediaCodec discarded an unknown buffer
06-03 13:53:31.777 D/CCodecBufferChannel( 4827): [c2.amlogic.hevc.decoder#767] MediaCodec discarded an unknown buffer
06-03 13:53:31.777 D/CCodecBufferChannel( 4827): [c2.amlogic.hevc.decoder#767] MediaCodec discarded an unknown buffer
06-03 13:53:31.777 D/CCodecBufferChannel( 4827): [c2.amlogic.hevc.decoder#767] MediaCodec discarded an unknown buffer
06-03 13:53:31.777 I/VideoDecWraper( 509): [0##13]"stop"
06-03 13:53:31.777 D/CCodecBufferChannel( 4827): [c2.amlogic.hevc.decoder#767] MediaCodec discarded an unknown buffer
06-03 13:53:31.778 I/AmVideoDec( 509): [No--1]-[0]"reset\n"
06-03 13:53:31.778 I/VDA ( 509): [0##13]"Reset"
06-03 13:53:31.778 I/VDA ( 509): [0##13]"ResetTask\n"
06-03 13:53:31.778 I/AmlManagePts( 509): [0]"resetPtsInfo into\n"
06-03 13:53:31.778 I/AmlManagePts( 509): [0]"resetOutPutInfo into\n"
06-03 13:53:31.778 I/virtual void MediaDecoder::close()( 4827): close success 2
06-03 13:53:31.778 I/void Player::setState(PLAYER_STATE)( 4827): state changed newState: 7 oldState: 3
06-03 13:53:31.778 D/LeradPlayer( 4827): player newState: 7 oldState: 3
06-03 13:53:31.778 I/void Player::close()( 4827): close success
06-03 13:53:31.778 I/JavaCallback::~JavaCallback()( 4827): delete success
06-03 13:53:31.779 I/Player::~Player()( 4827): start delete
06-03 13:53:31.779 I/virtual FFDemuxer::~FFDemuxer()( 4827): delete success
06-03 13:53:31.779 I/virtual FFAVDecoder::~FFAVDecoder()( 4827): delete success
06-03 13:53:31.779 I/virtual MediaDecoder::~MediaDecoder()( 4827): delete success
06-03 13:53:31.779 I/virtual FFAVDecoder::~FFAVDecoder()( 4827): delete success
06-03 13:53:31.779 I/virtual FFSubtitleDecoder::~FFSubtitleDecoder()( 4827): delete success
06-03 13:53:31.779 I/virtual FFResample::~FFResample()( 4827): delete success
06-03 13:53:31.779 I/virtual AudioTrackOutput::~AudioTrackOutput()( 4827): delete success
06-03 13:53:31.779 D/virtual GLVideoOutput::~GLVideoOutput()( 4827): delete success
06-03 13:53:31.779 I/Player::~Player()( 4827): delete success
06-03 13:53:31.779 I/void PlayerProxy::release(long)( 4827): release success
06-03 13:53:31.780 I/VDA ( 509): [0##13]"FinishReset\n"
06-03 13:53:31.780 I/VDA ( 509): [0##13]"StopInputStream input_streamon 1, input_buffer_map_.size 8\n"
06-03 13:53:31.780 I/VDA ( 509): [0##13]"----stop input VIDIOC_STREAMOFF----\n"
06-03 13:53:31.780 I/VDA ( 509): [0##13]"StopDevicePoll\n"
06-03 13:53:31.781 D/PipelineWatcher( 4827): onInputBufferReleased: frameIndex not found (2119); ignored
06-03 13:53:31.781 I/VDA ( 509): [0##13]"----stop output VIDIOC_STREAMOFF----\n"
06-03 13:53:31.781 D/PipelineWatcher( 4827): onInputBufferReleased: frameIndex not found (2120); ignored
06-03 13:53:31.781 D/PipelineWatcher( 4827): onInputBufferReleased: frameIndex not found (2121); ignored
06-03 13:53:31.781 D/PipelineWatcher( 4827): onInputBufferReleased: frameIndex not found (2122); ignored
06-03 13:53:31.781 D/PipelineWatcher( 4827): onInputBufferReleased: frameIndex not found (2123); ignored
06-03 13:53:31.781 D/PipelineWatcher( 4827): onInputBufferReleased: frameIndex not found (2124); ignored
06-03 13:53:31.781 D/PipelineWatcher( 4827): onInputBufferReleased: frameIndex not found (2125); ignored
05-31 20:57:48.681 I/[0 T4961 ..] [amlv4l]( 0): [13]: reset mode: 1, es frames buffering: 2
05-31 20:57:48.682 D/[0 T4961 ..] [h265]( 0): [0]h265:pts_unstable=0
05-31 20:57:48.682 D/[0 T4961 ..] [h265]( 0): [0]h265: ver (201602101,0) decinfo: 0x0 rate=3600
06-03 13:53:31.790 I/VDA ( 509): [0##13]"SendPictureReady\n"
06-03 13:53:31.790 I/VDA ( 509): [0##13]"post ResetDoneTask\n"
06-03 13:53:31.790 I/VDA ( 509): [0##13]"ResetDoneTask\n"
06-03 13:53:31.790 I/VDA ( 509): [0##13]"StartDevicePoll\n"
06-03 13:53:31.790 I/VDA ( 509): [0##13]"NotifyResetDone\n"
06-03 13:53:31.790 I/AmVideoDec( 509): [No--1]-[0]"notifyResetDone\n"
06-03 13:53:31.790 I/VideoDecWraper( 509): [0##13]"onResetDone\n"
06-03 13:53:31.790 I/C2VdecComponent( 509): [0##13]"[NotifyFlushOrStopDone]"
06-03 13:53:31.790 I/android.hardware.media.c2@1.2-service( 509): (null) is not set, used defaultValue = 0
06-03 13:53:31.790 I/C2VdecComponent( 509): [0##13]"[onFlushOrStopDone]"
06-03 13:53:31.790 I/C2VdecComponent( 509): [0##13]"[onStopDone]"
06-03 13:53:31.791 I/C2VdecComponent( 509): [reportAbandonedWorks] no-tunnel mode abandon bitstreamid:2116 mediatimeus:70597000
06-03 13:53:31.791 I/C2VdecComponent( 509): [reportAbandonedWorks] no-tunnel mode abandon bitstreamid:2117 mediatimeus:70530000
06-03 13:53:31.791 I/C2VdecComponent( 509): [reportAbandonedWorks] no-tunnel mode abandon bitstreamid:2119 mediatimeus:70564000
06-03 13:53:31.791 I/C2VdecComponent( 509): [reportAbandonedWorks] no-tunnel mode abandon bitstreamid:2120 mediatimeus:70797000
05-31 20:57:48.688 I/[1 T4961 ..] [amlv4l]( 0): [13]: reset mode: 1, es frames buffering: 0
06-03 13:53:31.791 I/C2VdecComponent( 509): [reportAbandonedWorks] no-tunnel mode abandon bitstreamid:2121 mediatimeus:70697000
06-03 13:53:31.791 I/C2VdecComponent( 509): [reportAbandonedWorks] no-tunnel mode abandon bitstreamid:2122 mediatimeus:70630000
06-03 13:53:31.791 I/C2VdecComponent( 509): [reportAbandonedWorks] no-tunnel mode abandon bitstreamid:2123 mediatimeus:70664000
06-03 13:53:31.791 I/C2VdecComponent( 509): [reportAbandonedWorks] no-tunnel mode abandon bitstreamid:2124 mediatimeus:70730000
06-03 13:53:31.791 I/C2VdecComponent( 509): [reportAbandonedWorks] no-tunnel mode abandon bitstreamid:2125 mediatimeus:70764000
05-31 20:57:48.689 D/[1 T4961 ..] [h265]( 0): [0]h265:pts_unstable=0
05-31 20:57:48.689 D/[1 T4961 ..] [h265]( 0): [0]h265: ver (201602101,0) decinfo: 0x0 rate=3600
06-03 13:53:31.791 I/C2VdecComponent( 509): [0##13]"[onStopDone] clear decoder duration"
06-03 13:53:31.791 I/C2VdecDeviceUtil( 509): [0#13]"into clearDecoderDuration"
06-03 13:53:31.791 I/AmlManagePts( 509): [0]"setDuration error duration[0]type[2]\n"
06-03 13:53:31.792 I/C2VdecBlockPoolUtil( 509): ~C2VdecBlockPoolUtil success:2119 count:4165 fetch level:0.508763
06-03 13:53:31.793 I/C2VdecComponent( 509): [0##13]"[stop] done"
06-03 13:53:31.793 I/DebugUtil( 509): [~DebugUtil:71]
06-03 13:53:31.793 I/C2VdecComponent( 509): [0##13]"[onDestroy]"
06-03 13:53:31.793 I/C2VdecDequeueThreadUtil( 509): ~DequeueThreadUtil!!
06-03 13:53:31.793 I/VideoDecWraper( 509): [0##13]"destroy"
06-03 13:53:31.793 D/ResmanWrapper( 509): ~resManWrapper fd = 11
06-03 13:53:31.793 D/resman ( 509): release all resource, fd = 11
06-03 13:53:31.793 I/VDA ( 509): [0##13]"Destroy:1702"
06-03 13:53:31.793 I/VDA ( 509): [0##13]"DestroyTask INS=0/0, OUTS=0/0"" {IN=0/8, OUT=13/13[kAtAccelerator(0) kAtDevice(0) kAtClient(13)]}"
06-03 13:53:31.793 I/VDA ( 509): [0##13]"StopDevicePoll\n"
06-03 13:53:31.794 I/VDA ( 509): [0##13]"StopInputStream input_streamon 0, input_buffer_map_.size 8\n"
06-03 13:53:31.794 I/AmlManagePts( 509): [0]"resetPtsInfo into\n"
06-03 13:53:31.794 I/AmlManagePts( 509): [0]"resetOutPutInfo into\n"
06-03 13:53:31.794 I/VDA ( 509): [0##13]"DestroyInputBuffers:5083"
06-03 13:53:31.795 I/VDA ( 509): [0##13]"DestroyOutputBuffers:5126"
06-03 13:53:31.796 I/VDA ( 509): [0##13]"DestroyTask:4223"
06-03 13:53:31.796 I/VDA ( 509): [0##13]"DestroyTask:4225 destroy done signal."
06-03 13:53:31.796 I/BufferPoolWraper( 509): [3]"free bufferpool region memory"
06-03 13:53:31.797 I/dmabufmanage( 509): dmabufmanage_uninit-122 UnRegister dmabuf manager success 4
06-03 13:53:31.797 I/BufferPoolWraper( 509): [3]"~BufferPoolWraper:163"
06-03 13:53:31.797 I/AmlManagePts( 509): [0]"~AmlManagePts into\n"
06-03 13:53:31.797 I/VDA ( 509): [0##13]"~V4L2VideoDecodeAccelerator:679"
05-31 20:57:48.698 I/[3 T4954 ..] [amlv4l]( 0): [13]: reset mode: 1, es frames buffering: 0
05-31 20:57:48.698 D/[3 T4954 ..] [h265]( 0): [0]h265:pts_unstable=0
05-31 20:57:48.698 D/[3 T4954 ..] [h265]( 0): [0]h265: ver (201602101,0) decinfo: 0x0 rate=3600
06-03 13:53:31.800 I/SystemControl( 343): [/UEventObserver.cpp, HDMITxUenventThreadLoop, 451] HDMI TX switch_name:0, switch_state:
06-03 13:53:31.800 I/SystemControl-FRA( 343): [/FrameRateAutoAdaption.cpp, isFrameRateOn, 176] hdmi frame rate is on
06-03 13:53:31.800 D/XM_HIDREAD( 2267): remove@ remove@/devices/platform/vdec/ammvdec_h265_v4l.0
05-31 20:57:48.700 D/[3 T4954 ..] [amlcom]( 0): vdec_release instance 00000000663c5d7b, total 1
05-31 20:57:48.701 I/[2 T4954 ..] [amlcom]( 0): dos_local_config end, id 3, is_on 0
05-31 20:57:48.701 D/[2 T4954 ..] [media_clock]( 0): the clk_hevcf_mux clock off, ref cnt: 0
05-31 20:57:48.701 I/ ( 0): [2 T4954 ..] deinit session
05-31 20:57:48.701 I/ ( 0): [2 T4954 ..] deinit session producer-2
05-31 20:57:48.702 I/ ( 0): [2 T4954 ..] deinit has_unusing_fifo [1]
05-31 20:57:48.702 I/ ( 0): [1 T99 ..] p_fifo[2] name[aml-vcodec-dec] state[0] to MP_FIFO_UNUSED
06-03 13:53:31.803 I/VideoDecWraper( 509): [0##13]"~VideoDecWraper"
06-03 13:53:31.803 I/AmVideoDec( 509): [No--1]-[0]"~AmVideoDec IN[2126:2126] OUT[2119:2116]\n"
06-03 13:53:31.803 I/C2VdecDeviceUtil( 509): [~DeviceUtil:70]
06-03 13:53:31.804 I/C2VdecDeviceUtil( 509): setSkipReallocBufMode:0
06-03 13:53:31.804 I/C2VdecDeviceUtil( 509): [~DeviceUtil:76] clear vendor.media.llp
06-03 13:53:31.804 I/C2VdecGrallocWraper( 509): free slot:0
06-03 13:53:31.804 I/gralloc ( 509): am_gralloc_set_uvm_decoder_para: parameters:[slot_id=0,w*h(0*0),w_align=0,h_align=0,size=0]
06-03 13:53:31.804 I/C2VdecComponent( 509): [0##13]"[onDestroy] done"
06-03 13:53:31.805 D/C2BqBuffer( 509): configuring null producer: igbp_information(0)
06-03 13:53:31.807 D/SurfaceUtils( 4827): disconnecting from surface 0xbc20fbf8, reason disconnectFromSurface
06-03 13:53:31.808 I/hw-BpHwBinder( 509): onLastStrongRef automatically unlinking death recipients
06-03 13:53:31.808 I/C2VdecComponent( 509): [0##13]"~C2VdecComponent start"
06-03 13:53:31.808 I/C2VdecComponent( 509): [0##13]"~C2VdecComponent done"
06-03 13:53:31.810 I/hw-BpHwBinder( 4827): onLastStrongRef automatically unlinking death recipients
06-03 13:53:31.811 D/MediaCodec( 4827): flushMediametrics
06-03 13:53:31.813 D/MediaCodec( 4827): flushMediametrics
06-03 13:53:31.813 W/MediaCodec( 4827): no metrics handle found
06-03 13:53:32.285 D/AdManager( 4827): notFetchAd
06-03 13:53:32.285 D/AdManager( 4827): onComplete
06-03 13:53:33.288 I/Player::Player()( 4827): create success
06-03 13:53:33.288 I/virtual Player *IPlayerBuilder::build()( 4827): build success playType:0, demuxType:0 decodeType:0
06-03 13:53:33.288 I/void Player::setBufferSize(int)( 4827): setBufferSize success 300
06-03 13:53:33.288 D/void PlayerProxy::setDynamicExchangeSurface(long, bool)( 4827): Player setDynamicExchangeSurface:1
06-03 13:53:33.288 I/void PlayerProxy::enableSmoothLoop(long, bool)( 4827): enable smooth: 0
06-03 13:53:33.289 I/void PlayerProxy::enableListSmoothLoop(long, bool)( 4827): enable list smooth: 1
06-03 13:53:33.289 I/void PlayerProxy::initWindow(long, void *)( 4827): start init window
06-03 13:53:33.289 I/void PlayerProxy::initWindow(long, void *)( 4827): init window success
06-03 13:53:33.289 D/LeradPlayer( 4827): open: /data/user/0/com.dangbei.lerad.screensaver/files/download/61/city_1.mp4
06-03 13:53:33.289 D/void Thread::stop()( 4827): Thread-Player start stop
06-03 13:53:33.290 D/void Thread::stop()( 4827): Thread-Player stop success
06-03 13:53:33.290 I/void Player::setState(PLAYER_STATE)( 4827): state changed newState: 7 oldState: 0
06-03 13:53:33.290 D/LeradPlayer( 4827): player newState: 7 oldState: 0
06-03 13:53:33.290 I/void Player::close()( 4827): close success
06-03 13:53:33.290 I/void Player::setState(PLAYER_STATE)( 4827): state changed newState: 1 oldState: 7
06-03 13:53:33.290 D/LeradPlayer( 4827): player newState: 1 oldState: 7
06-03 13:53:33.295 I/virtual bool FFDemuxer::open(const char *)( 4827): open success
06-03 13:53:33.295 D/virtual bool FFDemuxer::open(const char *)( 4827): use avformat_find_stream_info
06-03 13:53:33.296 E/virtual bool FFDemuxer::open(const char *)( 4827): has valid video size: 1 1 0
06-03 13:53:33.296 I/void FFDemuxer::selectDefaultTrack()( 4827): audioStreamIndex: -1 audioTrackCount: 0 videoStreamIndex: 0 videoTrackCount: 1 subtitleStreamIndex: -1 subtitleTrackCount: 0
06-03 13:53:33.296 I/virtual void IDemuxer::pause(bool)( 4827): pause success 0
06-03 13:53:33.296 E/void Player::open(const char *, int, int, int)( 4827): audioDecoder open failed
06-03 13:53:33.296 I/virtual StreamInfo FFDemuxer::getVideoStreamInfo()( 4827): video width: 1920 video height: 1080 video pixelFormat: 0 fps: 30
06-03 13:53:33.296 I/bool DecoderBridge::initMediaCodec(const char *, int, int, int, uint8_t *, int, std::vector, Javause java media codec api level: 34
06-03 13:53:33.296 D/LeradPlayer( 4827): initMediaCodec: video/hevc
06-03 13:53:33.297 D/MediaCodecList( 4827): codecHandlesFormat: no format, so no extra checks
06-03 13:53:33.297 D/MediaCodecList( 4827): codecHandlesFormat: no format, so no extra checks
06-03 13:53:33.299 D/CCodec ( 4827): allocate(c2.amlogic.hevc.decoder)
06-03 13:53:33.301 I/CCodec ( 4827): setting up 'default' as default (vendor) store
06-03 13:53:33.301 I/C2VendorComponentStore( 509): C2VendorComponentStore::createComponent name c2.amlogic.hevc.decoder
06-03 13:53:33.301 I/C2VendorComponentStore( 509): findComponent
06-03 13:53:33.301 I/C2VendorComponentStore( 509): C2VendorComponentStore::createComponent fetchModule
06-03 13:53:33.301 I/C2VendorComponentStore( 509): localModule libpath libcodec2_aml_video_decoder.so 2
06-03 13:53:33.301 V/C2VendorComponentStore( 509): Loading dll
06-03 13:53:33.302 I/C2VendorComponentStore( 509): in init ===> start codec:2 secure:0 isAudio:0
06-03 13:53:33.302 V/C2VendorComponentStore( 509): init libPath:libcodec2_aml_video_decoder.so --> isAudio:0, createFactoryName:CreateC2VdecH265Factory
06-03 13:53:33.302 V/C2VdecComponent( 509): create component H265 secure:0
06-03 13:53:33.302 I/C2VendorComponentStore( 509): GetCodec2VendorComponentStore, line:861
06-03 13:53:33.302 W/C2VdecComponent( 509): Initialize() instances: 0
06-03 13:53:33.302 E/C2VdecCodecConfig( 509): c2.amlogic.hevc.decoder can support 4K
06-03 13:53:33.302 I/C2VdecCodecConfig( 509): isCodecSupportHdr10Plus hdr10:(0)
06-03 13:53:33.302 E/C2VdecCodecConfig( 509): can support 8K
06-03 13:53:33.303 I/C2VdecComponentIntfImpl( 509): [onHdrDeclareParam:1048] mSupportHdr10Plus 0
06-03 13:53:33.304 I/C2VdecComponentIntfImpl( 509): not set prop not support 10bit
06-03 13:53:33.304 I/C2VdecComponent( 509): [5##-1]"Create C2VdecComponent(c2.amlogic.hevc.decoder)"
06-03 13:53:33.304 I/C2VdecComponent( 509): vendor.media.c2.loglevels is not set used def = 1
06-03 13:53:33.304 I/DebugUtil( 509): vendor.media.c2.loglevels is not set used def = 1
06-03 13:53:33.304 I/DebugUtil( 509): [DebugUtil:66]
06-03 13:53:33.304 I/C2VdecDequeueThreadUtil( 509): vendor.media.c2.loglevels is not set used def = 1
06-03 13:53:33.305 I/C2VdecDequeueThreadUtil( 509): Creat DequeueThreadUtil!!
06-03 13:53:33.305 V/C2VendorComponentStore( 509): In ~ComponentModule
06-03 13:53:33.305 V/C2VendorComponentStore( 509): Unloading dll
06-03 13:53:33.306 I/CCodec ( 4827): Created component [c2.amlogic.hevc.decoder]
06-03 13:53:33.306 W/Codec2Client( 4827): query -- param skipped: index = 2684356613.
06-03 13:53:33.306 D/CCodecConfig( 4827): Query domain & kind failed => BAD_INDEX
06-03 13:53:33.306 D/CCodecConfig( 4827): read media type: video/hevc
06-03 13:53:33.307 D/CCodecConfig( 4827): read media type: video/hevc
06-03 13:53:33.309 D/ReflectedParamUpdater( 4827): extent() != 1 for single value type: input.buffers.allocator-ids.values
06-03 13:53:33.309 D/ReflectedParamUpdater( 4827): extent() != 1 for single value type: output.buffers.allocator-ids.values
06-03 13:53:33.309 D/ReflectedParamUpdater( 4827): extent() != 1 for single value type: output.buffers.pool-ids.values
06-03 13:53:33.311 D/ReflectedParamUpdater( 4827): extent() != 1 for single value type: output.tunneled-render.sync-id
06-03 13:53:33.312 D/ReflectedParamUpdater( 4827): extent() != 1 for single value type: output.tunnel-handle.values
06-03 13:53:33.313 D/CCodecConfig( 4827): ignoring local param raw.size (0xd2001800) as it is already supported
06-03 13:53:33.313 D/CCodecConfig( 4827): ignoring local param default.color (0x5200180b) as it is already supported
06-03 13:53:33.313 D/CCodecConfig( 4827): ignoring local param raw.hdr-static-info (0xd200180a) as it is already supported
06-03 13:53:33.315 I/CCodecConfig( 4827): query failed after returning 15 values (BAD_INDEX)
06-03 13:53:33.315 D/CCodecConfig( 4827): c2 config diff is Dict {
06-03 13:53:33.315 D/CCodecConfig( 4827): c2::u32 algo.delay.value = 0
06-03 13:53:33.315 D/CCodecConfig( 4827): c2::u32 algo.low-latency.value = 0
06-03 13:53:33.315 D/CCodecConfig( 4827): c2::float coded.frame-rate.value = 30
06-03 13:53:33.315 D/CCodecConfig( 4827): c2::u32 coded.pl.level = 24838
06-03 13:53:33.315 D/CCodecConfig( 4827): c2::u32 coded.pl.profile = 24576
06-03 13:53:33.315 D/CCodecConfig( 4827): c2::u32 coded.vui.color.matrix = 0
06-03 13:53:33.315 D/CCodecConfig( 4827): c2::u32 coded.vui.color.primaries = 0
06-03 13:53:33.315 D/CCodecConfig( 4827): c2::u32 coded.vui.color.range = 0
06-03 13:53:33.315 D/CCodecConfig( 4827): c2::u32 coded.vui.color.transfer = 0
06-03 13:53:33.315 D/CCodecConfig( 4827): c2::u32 default.color.matrix = 0
06-03 13:53:33.315 D/CCodecConfig( 4827): c2::u32 default.color.primaries = 0
06-03 13:53:33.315 D/CCodecConfig( 4827): c2::u32 default.color.range = 0
06-03 13:53:33.315 D/CCodecConfig( 4827): c2::u32 default.color.transfer = 0
06-03 13:53:33.315 D/CCodecConfig( 4827): c2::u32 input.buffers.max-size.value = 1310720
06-03 13:53:33.315 D/CCodecConfig( 4827): c2::u32 input.delay.value = 4
06-03 13:53:33.315 D/CCodecConfig( 4827): string input.media-type.value = "video/hevc"
06-03 13:53:33.315 D/CCodecConfig( 4827): c2::u32 output.delay.value = 3
06-03 13:53:33.315 D/CCodecConfig( 4827): string output.media-type.value = "video/raw"
06-03 13:53:33.315 D/CCodecConfig( 4827): c2::u32 output.tunnel-start-render.value = 0
06-03 13:53:33.315 D/CCodecConfig( 4827): c2::u32 raw.color.matrix = 0
06-03 13:53:33.315 D/CCodecConfig( 4827): c2::u32 raw.color.primaries = 0
06-03 13:53:33.315 D/CCodecConfig( 4827): c2::u32 raw.color.range = 0
06-03 13:53:33.315 D/CCodecConfig( 4827): c2::u32 raw.color.transfer = 0
06-03 13:53:33.315 D/CCodecConfig( 4827): c2::float raw.hdr-static-info.mastering.blue.x = 0
06-03 13:53:33.315 D/CCodecConfig( 4827): c2::float raw.hdr-static-info.mastering.blue.y = 0
06-03 13:53:33.315 D/CCodecConfig( 4827): c2::float raw.hdr-static-info.maste
06-03 13:53:33.316 W/ColorUtils( 4827): expected specified color aspects (0:0:0:0)
06-03 13:53:33.317 D/MediaCodec( 4827): flushMediametrics
06-03 13:53:33.317 D/SurfaceUtils( 4827): connecting to surface 0xf16f0ce8, reason connectToSurface
06-03 13:53:33.317 I/MediaCodec( 4827): [c2.amlogic.hevc.decoder] setting surface generation to 4942851
06-03 13:53:33.317 D/SurfaceUtils( 4827): disconnecting from surface 0xf16f0ce8, reason connectToSurface(reconnect)
06-03 13:53:33.317 D/SurfaceUtils( 4827): connecting to surface 0xf16f0ce8, reason connectToSurface(reconnect)
06-03 13:53:33.318 D/CCodec ( 4827): [c2.amlogic.hevc.decoder] buffers are bound to CCodec for this session
06-03 13:53:33.318 D/CCodecConfig( 4827): no c2 equivalents for native-window
06-03 13:53:33.318 D/CCodecConfig( 4827): no c2 equivalents for flags
06-03 13:53:33.319 I/C2VdecComponentIntfImpl( 509): [5##5]config picture w:1920 h:1080
06-03 13:53:33.319 D/CCodecConfig( 4827): c2 config diff is c2::u32 raw.size.height = 1080
06-03 13:53:33.319 D/CCodecConfig( 4827): c2::u32 raw.size.width = 1920
06-03 13:53:33.321 W/Codec2Client( 4827): query -- param skipped: index = 1107298332.
06-03 13:53:33.321 D/CCodec ( 4827): encoding statistics level = 0
06-03 13:53:33.321 D/CCodec ( 4827): setup formats input: AMessage(what = 0x00000000) = {
06-03 13:53:33.321 D/CCodec ( 4827): int32_t frame-rate = 30
06-03 13:53:33.321 D/CCodec ( 4827): int32_t height = 1080
06-03 13:53:33.321 D/CCodec ( 4827): int32_t level = 8388608
06-03 13:53:33.321 D/CCodec ( 4827): int32_t max-input-size = 1572864
06-03 13:53:33.321 D/CCodec ( 4827): string mime = "video/hevc"
06-03 13:53:33.321 D/CCodec ( 4827): int32_t profile = 1
06-03 13:53:33.321 D/CCodec ( 4827): int32_t width = 1920
06-03 13:53:33.321 D/CCodec ( 4827): Rect crop(0, 0, 1919, 1079)
06-03 13:53:33.321 D/CCodec ( 4827): }
06-03 13:53:33.321 D/CCodec ( 4827): setup formats output: AMessage(what = 0x00000000) = {
06-03 13:53:33.321 D/CCodec ( 4827): int32_t android._video-scaling = 1
06-03 13:53:33.321 D/CCodec ( 4827): int32_t android._dataspace = 260
06-03 13:53:33.321 D/CCodec ( 4827): int32_t color-standard = 1
06-03 13:53:33.321 D/CCodec ( 4827): int32_t color-range = 2
06-03 13:53:33.321 D/CCodec ( 4827): int32_t color-transfer = 3
06-03 13:53:33.321 D/CCodec ( 4827): int32_t sar-height = 1
06-03 13:53:33.321 D/CCodec ( 4827): int32_t rotation-degrees = 0
06-03 13:53:33.321 D/CCodec ( 4827): Buffer hdr-static-info = {
06-03 13:53:33.321 D/CCodec ( 4827): 00000000: 00 00 00 00 00 00 00 00 00 00 00 00 00 00 00 00 ................
06-03 13:53:33.321 D/CCodec ( 4827): 00000010: 00 00 00 00 00 00 00 00 00 .........
06-03 13:53:33.321 D/CCodec ( 4827): }
06-03 13:53:33.321 D/CCodec ( 4827): int32_t sar-width = 1
06-03 13:53:33.321 D/CCodec ( 4827): Rect crop(0, 0, 1919, 1079)
06-03 13:53:33.321 D/CCodec ( 4827): int32_t width = 1920
06-03 13:53:33.321 D/CCodec ( 4827): int32_t frame-rate = 30
06-03 13:53:33.321 D/CCodec ( 4827): int32_t height = 1080
06-03 13:53:33.321 D/CCodec ( 4827): string mime = "video/raw"
06-03 13:53:33.321 D/CCodec ( 4827): int32_t color-format = 2130708361
06-03 13:53:33.321 D/CCodec ( 4827): }
06-03 13:53:33.321 I/CCodecConfig( 4827): query failed after returning 15 values (BAD_INDEX)
06-03 13:53:33.322 D/CCodecConfig( 4827): c2 config diff is c2::u32 input.buffers.max-size.value = 1572864
06-03 13:53:33.323 I/C2VdecComponent( 509): [5##-1]"[start]"
06-03 13:53:33.323 I/C2VdecComponent( 509): [5##-1]"OnStart DolbyVision:0"
06-03 13:53:33.323 I/C2VdecComponent( 509): debug.vendor.media.c2.vdec.priority is not set used def = 0
06-03 13:53:33.323 I/DebugUtil( 509): [5##-1][setComponent:77]
06-03 13:53:33.323 D/C2DBG ( 509): adding client to C2_VDEC
06-03 13:53:33.323 I/VideoDecWraper( 509): vendor.media.c2.loglevels is not set used def = 1
06-03 13:53:33.323 I/VideoDecWraper( 509): [-1##-1]"VideoDecWraper"
06-03 13:53:33.323 I/C2VdecDeviceUtil( 509): vendor.media.c2.loglevels is not set used def = 1
06-03 13:53:33.324 I/C2VdecCodecConfig( 509): isCodecSupportHdr10Plus hdr10:(0)
06-03 13:53:33.324 I/C2VdecGrallocWraper( 509): vendor.media.c2.loglevels is not set used def = 1
06-03 13:53:33.324 I/C2VdecDeviceUtil( 509): [DeviceUtil:66]mSupportHdr10Plus:0
06-03 13:53:33.324 I/C2VdecDeviceUtil( 509): [5##-1][setComponent:154]
06-03 13:53:33.324 I/C2VdecDeviceUtil( 509): [5#-1]"No HDR ColorAspects set"
06-03 13:53:33.324 I/C2VdecDeviceUtil( 509): setSkipReallocBufMode:0
06-03 13:53:33.324 I/C2VdecDeviceUtil( 509): [0#-1]"[codecConfig:499] query frame rate:30.000000 updata mDurationUs = 33333, unstablePts :0 isAviDiscard :0"
06-03 13:53:33.324 I/C2VdecDeviceUtil( 509): [0#-1]"Disable low latency mode to v4l2 decoder."
06-03 13:53:33.325 I/C2VdecDeviceUtil( 509): [codecConfig:522] clear vendor.media.llp
06-03 13:53:33.325 I/C2VdecDeviceUtil( 509): vendor.media.c2.vdec.h264_mmu_width is not set used def = 2560
06-03 13:53:33.325 I/C2VdecDeviceUtil( 509): vendor.media.c2.vdec.h264_mmu_height is not set used def = 2160
06-03 13:53:33.325 I/C2VdecDeviceUtil( 509): [0#-1]"mEnableAvc4kMMU = 1, mmu open width:2560, height:2160"
06-03 13:53:33.325 I/C2VdecDeviceUtil( 509): [0#-1]"configure width:1920 height:1080"
06-03 13:53:33.325 E/C2VdecCodecConfig( 509): can support 8K
06-03 13:53:33.325 I/C2VdecDeviceUtil( 509): [0#-1]"[codecConfig:569] Codec is Support 8k"
06-03 13:53:33.325 I/C2VdecDeviceUtil( 509): [0#-1]"DoubleWriteMode 3, margin:6 \n"
06-03 13:53:33.325 I/C2VdecDeviceUtil( 509): [0#-1]"Enable DIPOST"
06-03 13:53:33.325 I/C2VdecDeviceUtil( 509): [0#-1]"Buf dma mode 0x100000"
06-03 13:53:33.325 I/C2VdecDeviceUtil( 509): [0#-1]"C2 need disable error policy"
06-03 13:53:33.325 I/C2VdecDeviceUtil( 509): [codecConfig] set triple write:0
06-03 13:53:33.325 I/V4l2Adaptor( 509): V4l2Adaptor::GetSupportedProfiles inputcoded 1, inputFormatFourcc 43564548
06-03 13:53:33.325 I/android.hardware.media.c2@1.2-service( 509): vendor.mediahal.loglevels is not set, used defaultValue = 1
05-31 20:57:50.225 E/ ( 0): [1 T5067 ..] mediaproxy produce init [aml-vcodec-dec]
05-31 20:57:50.225 I/ ( 0): [1 T5067 ..] Mediaproxy is opened name[aml-vcodec-dec]\n
05-31 20:57:50.225 I/ ( 0): [1 T5067 ..] Mediaproxy is opened name[aml-vcodec-dec] end\n
05-31 20:57:50.226 E/ ( 0): [1 T5067 ..] mediaproxy produce start connect
05-31 20:57:50.228 I/ ( 0): [1 T5067 ..] find p kfifo size:[32][2]
05-31 20:57:50.228 I/ ( 0): [1 T5067 ..] mediaproxy_get_fifo get idx[2]
05-31 20:57:50.229 I/ ( 0): [1 T5067 ..] Session producer-2 is connected fifo idx [2]
05-31 20:57:50.230 E/ ( 0): [1 T5067 ..] mediaproxy produce connect [2]
05-31 20:57:50.230 I/ ( 0): [1 T5067 ..] mediaproxy produce msg type :0x40 module_name:aml-vcodec-dec
05-31 20:57:50.232 I/ ( 0): [3 T5067 ..] deinit session
05-31 20:57:50.232 I/ ( 0): [3 T5067 ..] deinit session producer-2
05-31 20:57:50.232 I/ ( 0): [3 T5067 ..] deinit has_unusing_fifo [1]
05-31 20:57:50.233 I/ ( 0): [1 T99 ..] p_fifo[2] name[aml-vcodec-dec] state[0] to MP_FIFO_UNUSED
05-31 20:57:50.233 E/ ( 0): [3 T5067 ..] mediaproxy produce init [aml-vcodec-dec]
05-31 20:57:50.235 I/ ( 0): [3 T5067 ..] Mediaproxy is opened name[aml-vcodec-dec]\n
05-31 20:57:50.235 I/ ( 0): [3 T5067 ..] Mediaproxy is opened name[aml-vcodec-dec] end\n
05-31 20:57:50.236 E/ ( 0): [3 T5067 ..] mediaproxy produce start connect
05-31 20:57:50.237 I/ ( 0): [3 T5067 ..] find p kfifo size:[32][2]
05-31 20:57:50.238 I/ ( 0): [3 T5067 ..] mediaproxy_get_fifo get idx[2]
05-31 20:57:50.238 I/ ( 0): [3 T5067 ..] Session producer-2 is connected fifo idx [2]
05-31 20:57:50.239 E/ ( 0): [3 T5067 ..] mediaproxy produce connect [2]
05-31 20:57:50.240 I/ ( 0): [3 T5067 ..] mediaproxy produce msg type :0x40 module_name:aml-vcodec-dec
05-31 20:57:50.241 I/ ( 0): [0 T5067 ..] deinit session
05-31 20:57:50.241 I/ ( 0): [0 T5067 ..] deinit session producer-2
05-31 20:57:50.242 I/ ( 0): [0 T5067 ..] deinit has_unusing_fifo [1]
05-31 20:57:50.242 I/ ( 0): [2 T99 ..] p_fifo[2] name[aml-vcodec-dec] state[0] to MP_FIFO_UNUSED
06-03 13:53:33.343 I/VideoDecWraper( 509): AmVideoDec_getSupportedProfiles data:0xecb827e0, size:3
06-03 13:53:33.343 I/VideoDecWraper( 509): [0##-1]"initialize:mime:video/hevc secureMode is 0 flags is 0x8001"
06-03 13:53:33.343 E/VideoDecWraper( 509): version 1.1 use create AmVideoDec_create
06-03 13:53:33.343 I/AmVideoDec( 509): AmVideoDec version: V3.32.61-g16c2887e (drm.autobuild Thu Dec 19 10:59:00 CST 2024), mHalInstanceID 3, mHalInstancenum 0
06-03 13:53:33.343 I/android.hardware.media.c2@1.2-service( 509): vendor.mediahal.loglevels is not set, used defaultValue = 1
06-03 13:53:33.343 I/AmVideoDec( 509): [No--1]-[0]"new VideoDec\n"
06-03 13:53:33.343 I/AmVideoDec( 509): open dec_stat fd -1 mLowMem:0
06-03 13:53:33.343 I/android.hardware.media.c2@1.2-service( 509): vendor.amtsplayer.pipeline is not set, used defaultValue = 1
06-03 13:53:33.343 I/VideoDecWraper( 509): GetAmVideoDec ok
06-03 13:53:33.344 D/ResmanWrapper( 509): resManWrapper CODEC2-0 init, fd = 11
06-03 13:53:33.344 I/AmVideoDec( 509): [No--1]-[0]"checkResource.-- mem size:60--dim:0 w:[1920]H[1080]\n"
05-31 20:57:50.244 I/ ( 0): [3 T5067 ..] codec mem info:
05-31 20:57:50.244 I/ ( 0): [3 T5067 ..] total codec mem size:364 MB
05-31 20:57:50.244 I/ ( 0): [3 T5067 ..] alloced size= 71 MB
05-31 20:57:50.245 I/ ( 0): [3 T5067 ..] max alloced: 79 MB
05-31 20:57:50.246 I/[3 T5067 ..] CMA( 0): 71,RES:0,TVP:0,SYS:0,COHER:0,VMAPED:0 MB
05-31 20:57:50.246 I/[3 T5067 ..] RES_EXT( 0): 0 MB
05-31 20:57:50.247 I/ ( 0): [3 T5067 ..] [4]CMA size:364 MB:alloced: 71 MB,free:292 MB
05-31 20:57:50.248 I/[3 T5067 d.] [48].0( 0): SCATTER_MEM.0,addr=0xcf2d2000,size=8388608,from=4,cnt=1,flags=268439553,used:71844 ms
05-31 20:57:50.248 I/[3 T5067 d.] [49].0( 0): SCATTER_MEM.0,addr=0xcfad2000,size=8388608,from=4,cnt=1,flags=268439553,used:71844 ms
05-31 20:57:50.249 I/[3 T5067 d.] [50].0( 0): SCATTER_MEM.0,addr=0xd02d2000,size=8388608,from=4,cnt=1,flags=268439553,used:71840 ms
05-31 20:57:50.250 I/[3 T5067 d.] [51].0( 0): SCATTER_MEM.0,addr=0xd0ad2000,size=8388608,from=4,cnt=1,flags=268439553,used:71840 ms
05-31 20:57:50.252 I/[3 T5067 d.] [52].0( 0): CODEC_MM_DMA_BUF.0,addr=0xd12d2000,size=3133440,from=4,cnt=1,flags=1,used:71836 ms
05-31 20:57:50.253 I/[3 T5067 d.] [53].13( 0): v4ldec-m2m.0,addr=0xd15d0000,size=65536,from=4,cnt=1,flags=69633,used:71836 ms
05-31 20:57:50.254 I/[3 T5067 d.] [54].0( 0): CODEC_MM_DMA_BUF.0,addr=0xd15e0000,size=3133440,from=4,cnt=1,flags=1,used:71832 ms
05-31 20:57:50.256 I/[3 T5067 d.] [56].13( 0): v4ldec-m2m.1,addr=0xd1920000,size=65536,from=4,cnt=1,flags=69633,used:71832 ms
05-31 20:57:50.257 I/[3 T5067 d.] [57].0( 0): CODEC_MM_DMA_BUF.0,addr=0xd1930000,size=3133440,from=4,cnt=1,flags=1,used:71840 ms
05-31 20:57:50.258 I/[3 T5067 d.] [59].0( 0): CODEC_MM_DMA_BUF.0,addr=0xd1c70000,size=3133440,from=4,cnt=1,flags=1,used:71836 ms
05-31 20:57:50.259 I/[3 T5067 d.] [60].13( 0): v4ldec-m2m.2,addr=0xd1f70000,size=65536,from=4,cnt=1,flags=69633,used:71828 ms
05-31 20:57:50.261 I/[3 T5067 d.] [61].0( 0): CODEC_MM_DMA_BUF.0,addr=0xd1f80000,size=3133440,from=4,cnt=1,flags=1,used:71828 ms
05-31 20:57:50.262 I/[3 T5067 d.] [63].13( 0): v4ldec-m2m.3,addr=0xd22c0000,size=65536,from=4,cnt=1,flags=69633,used:71828 ms
05-31 20:57:50.263 I/[3 T5067 d.] [65].0( 0): CODEC_MM_DMA_BUF.0,addr=0xd2310000,size=3133440,from=4,cnt=1,flags=1,used:71824 ms
06-03 13:53:33.385 I/AmVideoDec( 509): [No--1]-[0]"res_status.v.query.avail 292 -mmsize: 60 -adjust 0\n"
05-31 20:57:50.265 I/[3 T5067 d.] [66].13( 0): v4ldec-m2m.4,addr=0xd2610000,size=65536,from=4,cnt=1,flags=69633,used:71824 ms
06-03 13:53:33.386 I/resman ( 509): acquire fd:11, resid:7, preempt:1, time_out:10000, arg:
05-31 20:57:50.266 I/[3 T5067 d.] [67].0( 0): CODEC_MM_DMA_BUF.0,addr=0xd2620000,size=3133440,from=4,cnt=1,flags=1,used:71820 ms
05-31 20:57:50.267 I/[3 T5067 d.] [68].13( 0): v4ldec-m2m.5,addr=0xd2920000,size=65536,from=4,cnt=1,flags=69633,used:71820 ms
05-31 20:57:50.268 I/[3 T5067 d.] [69].13( 0): v4ldec-m2m.6,addr=0xd2930000,size=65536,from=4,cnt=1,flags=69633,used:71816 ms
05-31 20:57:50.270 I/[3 T5067 d.] [70].0( 0): CODEC_MM_DMA_BUF.0,addr=0xd2940000,size=3133440,from=4,cnt=1,flags=1,used:71816 ms
05-31 20:57:50.271 I/[3 T5067 d.] [72].0( 0): CODEC_MM_DMA_BUF.0,addr=0xd2c80000,size=3133440,from=4,cnt=1,flags=1,used:71824 ms
05-31 20:57:50.272 I/[3 T5067 d.] [73].13( 0): v4ldec-m2m.7,addr=0xd2f80000,size=65536,from=4,cnt=1,flags=69633,used:71824 ms
05-31 20:57:50.274 I/[3 T5067 d.] [75].13( 0): v4ldec-m2m.8,addr=0xd32d0000,size=65536,from=4,cnt=1,flags=69633,used:71820 ms
05-31 20:57:50.275 I/[3 T5067 d.] [76].0( 0): CODEC_MM_DMA_BUF.0,addr=0xd2fd0000,size=3133440,from=4,cnt=1,flags=1,used:71820 ms
05-31 20:57:50.276 I/[3 T5067 d.] [77].13( 0): v4ldec-m2m.9,addr=0xd32e0000,size=65536,from=4,cnt=1,flags=69633,used:71816 ms
05-31 20:57:50.277 I/[3 T5067 d.] [78].0( 0): CODEC_MM_DMA_BUF.0,addr=0xd32f0000,size=3133440,from=4,cnt=1,flags=1,used:71820 ms
05-31 20:57:50.279 I/[3 T5067 d.] [79].0( 0): CODEC_MM_DMA_BUF.0,addr=0xd35ed000,size=3133440,from=4,cnt=1,flags=1,used:71788 ms
05-31 20:57:50.280 I/[3 T5067 d.] [80].13( 0): v4ldec-m2m.10,addr=0xd38f0000,size=65536,from=4,cnt=1,flags=69633,used:71792 ms
05-31 20:57:50.281 I/[3 T5067 d.] [81].13( 0): v4ldec-m2m.11,addr=0xd3900000,size=65536,from=4,cnt=1,flags=69633,used:71776 ms
05-31 20:57:50.283 I/[3 T5067 d.] [82].0( 0): CODEC_MM_DMA_BUF.0,addr=0xd3910000,size=3133440,from=4,cnt=1,flags=1,used:71772 ms
05-31 20:57:50.284 I/[3 T5067 d.] [83].13( 0): v4ldec-m2m.12,addr=0xd3c10000,size=65536,from=4,cnt=1,flags=69633,used:71772 ms
05-31 20:57:50.286 I/ ( 0): [3 T5067 ..] codec mem info:
05-31 20:57:50.287 I/ ( 0): [3 T5067 ..] total codec mem size:364 MB
05-31 20:57:50.288 I/ ( 0): [3 T5067 ..] alloced size= 71 MB
05-31 20:57:50.288 I/ ( 0): [3 T5067 ..] max alloced: 79 MB
05-31 20:57:50.289 I/[3 T5067 ..] CMA( 0): 71,RES:0,TVP:0,SYS:0,COHER:0,VMAPED:0 MB
05-31 20:57:50.289 I/[3 T5067 ..] RES_EXT( 0): 0 MB
05-31 20:57:50.290 I/ ( 0): [3 T5067 ..] [4]CMA size:364 MB:alloced: 71 MB,free:292 MB
05-31 20:57:50.291 I/[3 T5067 d.] [48].0( 0): SCATTER_MEM.0,addr=0xcf2d2000,size=8388608,from=4,cnt=1,flags=268439553,used:71888 ms
06-03 13:53:33.428 I/resman ( 509): acquire fd:11, resid:5, preempt:1, time_out:10000, arg:size:60
05-31 20:57:50.291 I/[3 T5067 d.] [49].0( 0): SCATTER_MEM.0,addr=0xcfad2000,size=8388608,from=4,cnt=1,flags=268439553,used:71888 ms
06-03 13:53:33.428 I/V4l2Adaptor( 509): V4l2Adaptor::initialize flags is 0x8001
05-31 20:57:50.292 I/[3 T5067 d.] [50].0( 0): SCATTER_MEM.0,addr=0xd02d2000,size=8388608,from=4,cnt=1,flags=268439553,used:71884 ms
05-31 20:57:50.293 I/[3 T5067 d.] [51].0( 0): SCATTER_MEM.0,addr=0xd0ad2000,size=8388608,from=4,cnt=1,flags=268439553,used:71884 ms
05-31 20:57:50.295 I/[3 T5067 d.] [52].0( 0): CODEC_MM_DMA_BUF.0,addr=0xd12d2000,size=3133440,from=4,cnt=1,flags=1,used:71880 ms
05-31 20:57:50.296 I/[3 T5067 d.] [53].13( 0): v4ldec-m2m.0,addr=0xd15d0000,size=65536,from=4,cnt=1,flags=69633,used:71884 ms
05-31 20:57:50.297 I/[3 T5067 d.] [54].0( 0): CODEC_MM_DMA_BUF.0,addr=0xd15e0000,size=3133440,from=4,cnt=1,flags=1,used:71880 ms
06-03 13:53:33.428 I/V4l2Adaptor( 509): V4l2Adaptor::onInit
05-31 20:57:50.299 I/[3 T5067 d.] [56].13( 0): v4ldec-m2m.1,addr=0xd1920000,size=65536,from=4,cnt=1,flags=69633,used:71880 ms
05-31 20:57:50.300 I/[3 T5067 d.] [57].0( 0): CODEC_MM_DMA_BUF.0,addr=0xd1930000,size=3133440,from=4,cnt=1,flags=1,used:71880 ms
06-03 13:53:33.428 I/android.hardware.media.c2@1.2-service( 509): vendor.mediahal.loglevels is not set, used defaultValue = 1
05-31 20:57:50.301 I/[3 T5067 d.] [59].0( 0): CODEC_MM_DMA_BUF.0,addr=0xd1c70000,size=3133440,from=4,cnt=1,flags=1,used:71876 ms
05-31 20:57:50.302 I/[3 T5067 d.] [60].13( 0): v4ldec-m2m.2,addr=0xd1f70000,size=65536,from=4,cnt=1,flags=69633,used:71864 ms
05-31 20:57:50.304 I/[3 T5067 d.] [61].0( 0): CODEC_MM_DMA_BUF.0,addr=0xd1f80000,size=3133440,from=4,cnt=1,flags=1,used:71872 ms
05-31 20:57:50.305 I/[3 T5067 d.] [63].13( 0): v4ldec-m2m.3,addr=0xd22c0000,size=65536,from=4,cnt=1,flags=69633,used:71872 ms
05-31 20:57:50.306 I/[3 T5067 d.] [65].0( 0): CODEC_MM_DMA_BUF.0,addr=0xd2310000,size=3133440,from=4,cnt=1,flags=1,used:71868 ms
05-31 20:57:50.308 I/[3 T5067 d.] [66].13( 0): v4ldec-m2m.4,addr=0xd2610000,size=65536,from=4,cnt=1,flags=69633,used:71868 ms
05-31 20:57:50.309 I/[3 T5067 d.] [67].0( 0): CODEC_MM_DMA_BUF.0,addr=0xd2620000,size=3133440,from=4,cnt=1,flags=1,used:71868 ms
05-31 20:57:50.310 I/[3 T5067 d.] [68].13( 0): v4ldec-m2m.5,addr=0xd2920000,size=65536,from=4,cnt=1,flags=69633,used:71868 ms
05-31 20:57:50.311 I/[3 T5067 d.] [69].13( 0): v4ldec-m2m.6,addr=0xd2930000,size=65536,from=4,cnt=1,flags=69633,used:71868 ms
05-31 20:57:50.313 I/[3 T5067 d.] [70].0( 0): CODEC_MM_DMA_BUF.0,addr=0xd2940000,size=3133440,from=4,cnt=1,flags=1,used:71868 ms
06-03 13:53:33.429 I/android.hardware.media.c2@1.2-service( 509): vendor.mediahal.loglevels is not set, used defaultValue = 1
05-31 20:57:50.314 I/[3 T5067 d.] [72].0( 0): CODEC_MM_DMA_BUF.0,addr=0xd2c80000,size=3133440,from=4,cnt=1,flags=1,used:71864 ms
05-31 20:57:50.315 I/[3 T5067 d.] [73].13( 0): v4ldec-m2m.7,addr=0xd2f80000,size=65536,from=4,cnt=1,flags=69633,used:71868 ms
05-31 20:57:50.317 I/[3 T5067 d.] [75].13( 0): v4ldec-m2m.8,addr=0xd32d0000,size=65536,from=4,cnt=1,flags=69633,used:71864 ms
05-31 20:57:50.318 I/[3 T5067 d.] [76].0( 0): CODEC_MM_DMA_BUF.0,addr=0xd2fd0000,size=3133440,from=4,cnt=1,flags=1,used:71864 ms
06-03 13:53:33.429 I/VDA ( 509): [-1##-1]"open dec_stat fd -1, gloglevel 1 use_pts_id_ is 0 force dmabuf mode 0\n"
05-31 20:57:50.319 I/[3 T5067 d.] [77].13( 0): v4ldec-m2m.9,addr=0xd32e0000,size=65536,from=4,cnt=1,flags=69633,used:71860 ms
06-03 13:53:33.429 I/VDA ( 509): [-1##-1]"VDA Initialize flags is 32769\n"
05-31 20:57:50.320 I/[3 T5067 d.] [78].0( 0): CODEC_MM_DMA_BUF.0,addr=0xd32f0000,size=3133440,from=4,cnt=1,flags=1,used:71860 ms
05-31 20:57:50.322 I/[3 T5067 d.] [79].0( 0): CODEC_MM_DMA_BUF.0,addr=0xd35ed000,size=3133440,from=4,cnt=1,flags=1,used:71832 ms
06-03 13:53:33.429 I/VDA ( 509): [-1##-1]"Disabled LCEVC"
05-31 20:57:50.323 I/[3 T5067 d.] [80].13( 0): v4ldec-m2m.10,addr=0xd38f0000,size=65536,from=4,cnt=1,flags=69633,used:71832 ms
05-31 20:57:50.324 I/[3 T5067 d.] [81].13( 0): v4ldec-m2m.11,addr=0xd3900000,size=65536,from=4,cnt=1,flags=69633,used:71820 ms
05-31 20:57:50.326 I/[3 T5067 d.] [82].0( 0): CODEC_MM_DMA_BUF.0,addr=0xd3910000,size=3133440,from=4,cnt=1,flags=1,used:71816 ms
06-03 13:53:33.429 I/android.hardware.media.c2@1.2-service( 509): vendor.mediahal.loglevels is not set, used defaultValue = 1
06-03 13:53:33.429 I/VDA ( 509): [-1##-1]"Initialize codec2_mode_:1," "stream_mode_:0," "use_pts_id_:0," "force_dmabuf_mode_:0," "use_input_buffercache_:0," "use_input_bufferpool_ :1," "use_dynamic_capture_buffer_:1," "use_uvm_:1," "use_pts_calculator_:1," "use_high_prio_:1," "use_secure_vdec_hal_:1," "use_low_latency_mode_:0," "add_csd_:1"
05-31 20:57:50.327 I/[3 T5067 d.] [83].13( 0): v4ldec-m2m.12,addr=0xd3c10000,size=65536,from=4,cnt=1,flags=69633,used:71812 ms
05-31 20:57:50.329 E/ ( 0): [2 T5072 ..] mediaproxy produce init [aml-vcodec-dec]
05-31 20:57:50.330 I/ ( 0): [2 T5072 ..] Mediaproxy is opened name[aml-vcodec-dec]\n
05-31 20:57:50.330 I/ ( 0): [2 T5072 ..] Mediaproxy is opened name[aml-vcodec-dec] end\n
05-31 20:57:50.331 E/ ( 0): [2 T5072 ..] mediaproxy produce start connect
05-31 20:57:50.333 I/ ( 0): [2 T5072 ..] find p kfifo size:[32][2]
05-31 20:57:50.333 I/ ( 0): [2 T5072 ..] mediaproxy_get_fifo get idx[2]
05-31 20:57:50.334 I/ ( 0): [2 T5072 ..] Session producer-2 is connected fifo idx [2]
05-31 20:57:50.335 E/ ( 0): [2 T5072 ..] mediaproxy produce connect [2]
05-31 20:57:50.335 I/ ( 0): [2 T5072 ..] mediaproxy produce msg type :0x40 module_name:aml-vcodec-dec
05-31 20:57:50.337 I/ ( 0): [0 T5072 ..] deinit session
05-31 20:57:50.337 I/ ( 0): [0 T5072 ..] deinit session producer-2
05-31 20:57:50.337 I/ ( 0): [0 T5072 ..] deinit has_unusing_fifo [1]
05-31 20:57:50.338 I/ ( 0): [1 T99 ..] p_fifo[2] name[aml-vcodec-dec] state[0] to MP_FIFO_UNUSED
05-31 20:57:50.338 E/ ( 0): [0 T5072 ..] mediaproxy produce init [aml-vcodec-dec]
05-31 20:57:50.340 I/ ( 0): [0 T5072 ..] Mediaproxy is opened name[aml-vcodec-dec]\n
05-31 20:57:50.340 I/ ( 0): [0 T5072 ..] Mediaproxy is opened name[aml-vcodec-dec] end\n
05-31 20:57:50.341 E/ ( 0): [0 T5072 ..] mediaproxy produce start connect
05-31 20:57:50.342 I/ ( 0): [0 T5072 ..] find p kfifo size:[32][2]
05-31 20:57:50.343 I/ ( 0): [0 T5072 ..] mediaproxy_get_fifo get idx[2]
06-03 13:53:33.446 I/VDA ( 509): [-1##17]"Initialize decoder_instance_num_ = 17"
06-03 13:53:33.446 I/VDA ( 509): [-1##17]"v4l2 private parms, magic:1437256755 len:5, adaptiveback:0 height:1920 width:1080\n"
06-03 13:53:33.446 I/android.hardware.media.c2@1.2-service( 509): vendor.media.mediahal.videodec.pts.loglevels is not set, used defaultValue = 1
06-03 13:53:33.446 I/AmlManagePts( 509): [0]"AmlManagePts into\n"
05-31 20:57:50.343 I/ ( 0): [0 T5072 ..] Session producer-2 is connected fifo idx [2]
05-31 20:57:50.344 E/ ( 0): [0 T5072 ..] mediaproxy produce connect [2]
05-31 20:57:50.345 I/ ( 0): [0 T5072 ..] mediaproxy produce msg type :0x40 module_name:aml-vcodec-dec
05-31 20:57:50.346 I/[0 T5072 ..] [amlv4l]( 0): [17]: DW:3, TW:0, Margin:6
06-03 13:53:33.447 I/android.hardware.media.c2@1.2-service( 509): (null) is not set, used defaultValue = 0
06-03 13:53:33.447 I/VDA ( 509): V4l2Adaptor::postAndReplyMsg callerinstanceid : 0
06-03 13:53:33.447 I/VDA ( 509): [0##17]"InitializeTask"
06-03 13:53:33.447 I/C2VdecDeviceUtil( 509): [0#-1]"into set mUnstablePts = 0 "
06-03 13:53:33.447 I/VDA ( 509): [0##17]"not 8k use max input size\n"
06-03 13:53:33.447 I/AmlManagePts( 509): [0]"setUnstablePts set unstable[0]\n"
06-03 13:53:33.447 I/C2VdecDeviceUtil( 509): [0#-1]"into set mIsAviDiscard = 0 "
06-03 13:53:33.447 I/AmlManagePts( 509): [0]"setAviDiscard set avi discard[0]\n"
06-03 13:53:33.447 I/C2VdecDeviceUtil( 509): [0#-1]"into set mDurationUs = 33333 afr:0 mFramerate:30.000000"
06-03 13:53:33.447 I/AmlManagePts( 509): [0]"setDuration set duration[33333]type[2]mDuration[33333]\n"
06-03 13:53:33.447 I/VDA ( 509): [0##17]"postAndReplyMsg set framerate [30.000000] afr_force_on:0"
06-03 13:53:33.447 I/VDA ( 509): [0##17]"setDurationToDecoder set [3200][30.000000]"
06-03 13:53:33.447 I/VDA ( 509): [0##17]"setDurationToDecoder set [3200]"
06-03 13:53:33.447 I/VDA ( 509): [0##17]"sendMessagetoDecoder set AML_V4L2_SET_VF_DURATION"
06-03 13:53:33.449 D/XM_HIDREAD( 2267): add@ add@/devices/platform/vdec/ammvdec_h265_v4l.0
05-31 20:57:50.347 D/[1 T5077 ..] [amlcom]( 0): vdec_create instance 00000000acc9954f, total 1, PM: power-domain
05-31 20:57:50.347 D/[1 T5077 ..] [media_clock]( 0): hevc mux clock is 799999988 Hz
05-31 20:57:50.348 I/[1 T5077 ..] [amlcom]( 0): dos_local_config end, id 3, is_on 1
