05-31 20:48:03.033 I/[0 T95 ..] cec( 0): wakeup_data: 0x0 0x0
05-31 20:48:03.033 E/[0 T1 ..] [usb]( 0): amlogic_crg_drd_usb2_set_usb_vbus_power 1.
05-31 20:48:03.034 I/ ( 0): [0 T1 ..] amlogic-crg-drd-usb2 fe348000.usbphy21: phy trim value= 0x000000ff
05-31 20:48:03.035 I/ ( 0): [2 T1 ..] amlogic-crg-drd-usb2 fe348000.usbphy21: usb2 pll init done, val: 0x8f549540
05-31 20:48:03.037 D/[2 T1 ..] [usb]( 0): call amlogic_crg_drd_usb2_drv_init() success
05-31 20:48:03.037 E/ ( 0): [2 T1 ..] amlogic-crg-drd-usb3 fe358080.usbphy30: This phy has no usb port
05-31 20:48:03.037 I/ ( 0): [2 T1 ..] amlogic-crg-drd-usb3 fe358080.usbphy30: USB3 phy probe:phy_mem:0xfe358080, iomap phy_base:0xffffffc00ae43080
05-31 20:48:03.039 E/ ( 0): [2 T1 ..] amlogic-crg-drd-usb3 fe348080.usbphy31: This phy has no usb port
05-31 20:48:03.040 I/ ( 0): [2 T1 ..] amlogic-crg-drd-usb3 fe348080.usbphy31: USB3 phy probe:phy_mem:0xfe348080, iomap phy_base:0xffffffc00aef2080
05-31 20:48:03.042 D/[2 T1 ..] [usb]( 0): call amlogic_crg_drd_usb3_drv_init() success
05-31 20:48:03.042 E/[2 T1 ..] [usb]( 0): amlogic_crg_drd_usb2_set_usb_vbus_power 1.
05-31 20:48:03.042 I/ ( 0): [2 T1 ..] amlogic-crg-drd-usb2 fe348000.usbphy21: phy trim value= 0x000000ff
05-31 20:48:03.043 I/ ( 0): [2 T1 ..] amlogic-crg-drd-usb2 fe348000.usbphy21: usb2 pll init done, val: 0x8f549540
05-31 20:48:03.044 E/ ( 0): [2 T1 ..] crg_drd fe340000.crg: IRQ host not found
05-31 20:48:03.045 E/ ( 0): [2 T1 ..] crg_drd fe340000.crg: IRQ crg_usb3 not found
05-31 20:48:03.046 I/ ( 0): [2 T1 ..] xhci-hcd-meson xhci-hcd-meson.0.auto: meson-quirks=0x90006---
05-31 20:48:03.047 E/[2 T1 ..] [usb]( 0): amlogic_crg_drd_usb2_set_usb_vbus_power 1.
05-31 20:48:03.048 I/ ( 0): [2 T1 ..] amlogic-crg-drd-usb2 fe348000.usbphy21: phy trim value= 0x000000ff
05-31 20:48:03.049 I/ ( 0): [2 T1 ..] amlogic-crg-drd-usb2 fe348000.usbphy21: usb2 pll init done, val: 0x8f549540
05-31 20:48:03.050 I/ ( 0): [2 T1 ..] xhci-hcd-meson xhci-hcd-meson.0.auto: xHCI Host Controller
05-31 20:48:03.051 I/ ( 0): [2 T1 ..] xhci-hcd-meson xhci-hcd-meson.0.auto: new USB bus registered, assigned bus number 1
05-31 20:48:03.052 I/ ( 0): [2 T1 ..] xhci-hcd-meson xhci-hcd-meson.0.auto: hcc params 0x08000f80 hci version 0x110 quirks 0x0000200020810090
05-31 20:48:03.054 I/ ( 0): [2 T1 ..] xhci-hcd-meson xhci-hcd-meson.0.auto: irq 28, io mem 0xfe340000
05-31 20:48:03.055 I/ ( 0): [2 T1 ..] xhci-hcd-meson xhci-hcd-meson.0.auto: xHCI Host Controller
05-31 20:48:03.056 I/ ( 0): [2 T1 ..] xhci-hcd-meson xhci-hcd-meson.0.auto: new USB bus registered, assigned bus number 2
05-31 20:48:03.057 I/ ( 0): [2 T1 ..] xhci-hcd-meson xhci-hcd-meson.0.auto: Host supports USB 3.0 SuperSpeed
05-31 20:48:03.058 I/ ( 0): [2 T1 ..] usb usb1: New USB device found, idVendor=1d6b, idProduct=0002, bcdDevice= 5.15
05-31 20:48:03.059 I/ ( 0): [2 T1 ..] usb usb1: New USB device strings: Mfr=3, Product=2, SerialNumber=1
05-31 20:48:03.060 I/ ( 0): [2 T1 ..] usb usb1: Product: xHCI Host Controller
05-31 20:48:03.061 I/ ( 0): [2 T1 ..] usb usb1: Manufacturer: Linux 5.15.170-android14-11-gce7825878084-dirty xhci-hcd
05-31 20:48:03.062 I/ ( 0): [2 T1 ..] usb usb1: SerialNumber: xhci-hcd-meson.0.auto
05-31 20:48:03.063 D/[2 T1 ..] [usb]( 0): xHCI aml_xhci_add_endpoint called for root hub
05-31 20:48:03.063 D/[2 T1 ..] [usb]( 0): xHCI aml_xhci_check_bandwidth called for root hub
05-31 20:48:03.063 I/ ( 0): [2 T1 ..] hub 1-0:1.0: USB hub found
05-31 20:48:03.063 I/ ( 0): [2 T1 ..] hub 1-0:1.0: 1 port detected
05-31 20:48:03.064 I/ ( 0): [2 T1 ..] usb usb2: We don't know the algorithms for LPM for this host, disabling LPM.
05-31 20:48:03.065 I/ ( 0): [2 T1 ..] usb usb2: New USB device found, idVendor=1d6b, idProduct=0003, bcdDevice= 5.15
05-31 20:48:03.066 I/ ( 0): [2 T1 ..] usb usb2: New USB device strings: Mfr=3, Product=2, SerialNumber=1
05-31 20:48:03.067 I/ ( 0): [2 T1 ..] usb usb2: Product: xHCI Host Controller
05-31 20:48:03.068 I/ ( 0): [2 T1 ..] usb usb2: Manufacturer: Linux 5.15.170-android14-11-gce7825878084-dirty xhci-hcd
05-31 20:48:03.069 I/ ( 0): [2 T1 ..] usb usb2: SerialNumber: xhci-hcd-meson.0.auto
05-31 20:48:03.070 D/[2 T1 ..] [usb]( 0): xHCI aml_xhci_add_endpoint called for root hub
05-31 20:48:03.070 D/[2 T1 ..] [usb]( 0): xHCI aml_xhci_check_bandwidth called for root hub
05-31 20:48:03.070 I/ ( 0): [2 T1 ..] hub 2-0:1.0: USB hub found
05-31 20:48:03.071 E/ ( 0): [2 T1 ..] hub 2-0:1.0: config failed, hub doesn't have any ports! (err -19)
05-31 20:48:03.072 D/[2 T1 ..] [usb]( 0): call amlogic_crg_host_driver_init() success
05-31 20:48:03.072 I/ ( 0): [2 T1 ..] amlogic-crg-otg soc:crgotg@fe358000: controller_type is 1
05-31 20:48:03.073 I/ ( 0): [2 T1 ..] amlogic-crg-otg soc:crgotg@fe358000: crg_force_device_mode is 0
05-31 20:48:03.074 I/ ( 0): [2 T1 ..] amlogic-crg-otg soc:crgotg@fe358000: otg is 0
05-31 20:48:03.075 I/ ( 0): [2 T1 ..] amlogic-crg-otg soc:crgotg@fe358000: udc_name: 0xfe350000.crgudc
05-31 20:48:03.076 I/ ( 0): [2 T1 ..] amlogic-crg-otg soc:crgotg@fe358000: phy2_mem:0xfe358000, iomap phy2_base:0xffffffc00af15000
05-31 20:48:03.077 I/ ( 0): [2 T1 ..] amlogic-crg-otg soc:crgotg@fe358000: phy3_mem:0xfe358080, iomap phy3_base:0xffffffc00af17080
05-31 20:48:03.079 I/ ( 0): [2 T1 ..] amlogic-crg-drd-usb2 fe358000.usbphy20: phy trim value= 0x000000ff
05-31 20:48:03.080 I/ ( 0): [2 T1 ..] amlogic-crg-drd-usb2 fe358000.usbphy20: usb2 pll init done, val: 0x8f549540
05-31 20:48:03.081 E/ ( 0): [2 T1 ..] crg_drd_otg fe350000.crgdrd: IRQ host not found
05-31 20:48:03.082 E/ ( 0): [2 T1 ..] crg_drd_otg fe350000.crgdrd: IRQ crg_usb3 not found
05-31 20:48:03.083 I/ ( 0): [2 T1 ..] xhci-hcd-meson xhci-hcd-meson.1.auto: meson-quirks=0x90006---
05-31 20:48:03.084 I/ ( 0): [2 T1 ..] amlogic-crg-drd-usb2 fe358000.usbphy20: phy trim value= 0x000000ff
05-31 20:48:03.085 I/ ( 0): [2 T1 ..] amlogic-crg-drd-usb2 fe358000.usbphy20: usb2 pll init done, val: 0x8f549540
05-31 20:48:03.086 I/ ( 0): [2 T1 ..] xhci-hcd-meson xhci-hcd-meson.1.auto: xHCI Host Controller
05-31 20:48:03.087 I/ ( 0): [2 T1 ..] xhci-hcd-meson xhci-hcd-meson.1.auto: new USB bus registered, assigned bus number 3
05-31 20:48:03.088 I/ ( 0): [2 T1 ..] xhci-hcd-meson xhci-hcd-meson.1.auto: hcc params 0x08000f80 hci version 0x110 quirks 0x0000200020810090
05-31 20:48:03.089 I/ ( 0): [2 T1 ..] xhci-hcd-meson xhci-hcd-meson.1.auto: irq 27, io mem 0xfe350000
05-31 20:48:03.090 I/ ( 0): [2 T1 ..] xhci-hcd-meson xhci-hcd-meson.1.auto: xHCI Host Controller
05-31 20:48:03.091 I/ ( 0): [2 T1 ..] xhci-hcd-meson xhci-hcd-meson.1.auto: new USB bus registered, assigned bus number 4
05-31 20:48:03.092 I/ ( 0): [2 T1 ..] xhci-hcd-meson xhci-hcd-meson.1.auto: Host supports USB 3.0 SuperSpeed
05-31 20:48:03.094 I/ ( 0): [2 T1 ..] usb usb3: New USB device found, idVendor=1d6b, idProduct=0002, bcdDevice= 5.15
05-31 20:48:03.095 I/ ( 0): [2 T1 ..] usb usb3: New USB device strings: Mfr=3, Product=2, SerialNumber=1
05-31 20:48:03.096 I/ ( 0): [2 T1 ..] usb usb3: Product: xHCI Host Controller
05-31 20:48:03.097 I/ ( 0): [2 T1 ..] usb usb3: Manufacturer: Linux 5.15.170-android14-11-gce7825878084-dirty xhci-hcd
05-31 20:48:03.098 I/ ( 0): [2 T1 ..] usb usb3: SerialNumber: xhci-hcd-meson.1.auto
05-31 20:48:03.099 D/[2 T1 ..] [usb]( 0): xHCI aml_xhci_add_endpoint called for root hub
05-31 20:48:03.099 D/[2 T1 ..] [usb]( 0): xHCI aml_xhci_check_bandwidth called for root hub
05-31 20:48:03.099 I/ ( 0): [2 T1 ..] hub 3-0:1.0: USB hub found
05-31 20:48:03.099 I/ ( 0): [2 T1 ..] hub 3-0:1.0: 1 port detected
05-31 20:48:03.100 I/ ( 0): [2 T1 ..] usb usb4: We don't know the algorithms for LPM for this host, disabling LPM.
05-31 20:48:03.101 I/ ( 0): [2 T1 ..] usb usb4: New USB device found, idVendor=1d6b, idProduct=0003, bcdDevice= 5.15
05-31 20:48:03.102 I/ ( 0): [2 T1 ..] usb usb4: New USB device strings: Mfr=3, Product=2, SerialNumber=1
05-31 20:48:03.103 I/ ( 0): [2 T1 ..] usb usb4: Product: xHCI Host Controller
05-31 20:48:03.104 I/ ( 0): [2 T1 ..] usb usb4: Manufacturer: Linux 5.15.170-android14-11-gce7825878084-dirty xhci-hcd
05-31 20:48:03.105 I/ ( 0): [2 T1 ..] usb usb4: SerialNumber: xhci-hcd-meson.1.auto
05-31 20:48:03.106 D/[2 T1 ..] [usb]( 0): xHCI aml_xhci_add_endpoint called for root hub
05-31 20:48:03.106 D/[2 T1 ..] [usb]( 0): xHCI aml_xhci_check_bandwidth called for root hub
05-31 20:48:03.106 I/ ( 0): [2 T1 ..] hub 4-0:1.0: USB hub found
05-31 20:48:03.107 E/ ( 0): [2 T1 ..] hub 4-0:1.0: config failed, hub doesn't have any ports! (err -19)
05-31 20:48:03.108 D/[2 T1 ..] [usb]( 0): call crg_otg_init() success
05-31 20:48:03.108 D/[2 T1 ..] [usb]( 0): call crg_otg_v2_init() success
05-31 20:48:03.108 D/[2 T1 ..] [usb]( 0): ### usb_main_init() end
05-31 20:48:03.121 E/[2 T1 ..] [drm( 0): meson_of_init [aml_drm]] *ERROR* osd_axi_sel parser failed and set default 0
05-31 20:48:03.122 I/ ( 0): [2 T1 ..] [drm] meson_video_parse_config:vfm_mode = 1
05-31 20:48:03.123 I/[2 T1 ..] register_osd_status_cb( 0): SBTM register osd enable status func
05-31 20:48:03.124 I/ ( 0): [2 T1 ..] register osd enable status func
05-31 20:48:03.125 I/ ( 0): [2 T1 ..] [drm] osd plane 0 create done, occupied-0 crtc_mask-0 type-1 osd_reverse-0
05-31 20:48:03.126 I/ ( 0): [2 T1 ..] [drm] osd plane 1 create done, occupied-0 crtc_mask-0 type-0 osd_reverse-0
05-31 20:48:03.127 I/ ( 0): [2 T1 ..] [drm] video plane 0 create done
05-31 20:48:03.128 I/ ( 0): [2 T1 ..] [drm] video plane 1 create done
05-31 20:48:03.129 I/ ( 0): [0 T1 ..] [drm] meson_vpu_reg_handle_register, vpp0-5
05-31 20:48:03.129 I/ ( 0): [0 T1 ..] [drm] skip gamma init
05-31 20:48:03.130 I/ ( 0): [0 T1 ..] secure_register module=0 ok
05-31 20:48:03.130 I/ ( 0): [0 T1 ..] secure_register module=0 ok
05-31 20:48:03.131 I/ ( 0): [0 T1 ..] [drm] video_hw_init:vfm_mode = 1
05-31 20:48:03.132 I/ ( 0): [0 T1 ..] [drm] video_hw_init:vfm_mode = 1
05-31 20:48:03.132 I/ ( 0): [0 T1 ..] meson drm-subsystem: bound ff900000.drm-vpu (ops am_meson_vpu_component_ops [aml_drm])
05-31 20:48:03.133 I/[0 T1 ..] [hdmitx( 0): ] meson_hdmitx_bind hdmi [0]
05-31 20:48:03.134 I/ ( 0): [0 T1 ..] meson drm-subsystem: bound ff000000.amhdmitx (ops meson_hdmitx_bind_ops [aml_media])
05-31 20:48:03.137 I/[0 T1 ..] cvbsout( 0): meson_cvbs_bind cvbs [0]
05-31 20:48:03.138 I/ ( 0): [0 T1 ..] meson drm-subsystem: bound drm-amcvbsout (ops meson_cvbs_bind_ops [aml_media])
05-31 20:48:03.141 I/ ( 0): [0 T1 ..] [drm] [meson_dummyl_dev_bind]-[190] called
05-31 20:48:03.142 E/ ( 0): [0 T1 ..] meson_dummyl_bind dummyl[0]
05-31 20:48:03.142 I/ ( 0): [0 T1 ..] meson drm-subsystem: bound dummy_venc (ops meson_dummyl_bind_ops [aml_media])
05-31 20:48:03.146 I/ ( 0): [0 T1 ..] [drm] logo_skip = 0
05-31 20:48:03.146 I/ ( 0): [0 T1 ..] [drm] allocate reserved mem
05-31 20:48:03.146 I/ ( 0): [0 T1 ..] [drm] of read reservememsize=0x800000--0x1f800000
05-31 20:48:03.147 I/ ( 0): [0 T1 ..] [drm] logo0 width=1920,height=1080,start_addr=0x0x000000001f800000,size=8388608
05-31 20:48:03.149 I/ ( 0): [0 T1 ..] [drm] Found Connector[11] mode[2160p60hz]
05-31 20:48:03.149 I/[0 T1 ..] [hdmitx( 0): ] qms brr 97 qms_en 0
05-31 20:48:03.150 I/ ( 0): [0 T1 ..] [drm] build_hdmitx_attr_str:420,10bit = 3+10
05-31 20:48:03.151 I/ ( 0): [0 T1 ..] [drm] am_meson_crtc_atomic_enable-[0] in: new[2160p60hz], old[], vmode[0-4], uboot[1]
05-31 20:48:03.152 I/ ( 0): [0 T1 ..] [drm] am_meson_crtc_atomic_enable-[0]: enable mode 2160p60hz final vmode 0
05-31 20:48:03.153 I/[0 T1 ..] [hdmitx( 0): ] skip real mode setting for uboot init
05-31 20:48:03.154 I/[0 T1 ..] DOLBY( 0): vout_notify_callback: VOUT_EVENT_MODE_CHANGE
05-31 20:48:03.155 I/ ( 0): [0 T1 ..] vsync_pts_inc 1500 1/60
05-31 20:48:03.155 I/ ( 0): [0 T1 ..] [drm] meson_vout_update_mode_name: hdmitx update vout 1 name 2160p60hz.
05-31 20:48:03.173 I/ ( 0): [1 T1 ..] [drm] Initialized meson 2.0.0 20220603 for drm-subsystem on minor 0
05-31 20:48:03.175 I/ ( 0): [1 T1 ..] amfc_probe, socs:55, coherent:0, garbage page:1edb1, bounce:ffffffc00b1c6000, c:ffffff801ed8f5c0, d:ffffff801ed8f680
05-31 20:48:03.176 I/ ( 0): [1 T1 ..] AMFC VLSI version:100, feature:1, clk:666666656
05-31 20:48:03.353 I/[1 T1 ..] fsck.f2fs( 0): executing /system/bin/fsck.f2fs failed: Permission denied
05-31 20:48:03.353 I/[1 T1 ..] fsck.f2fs( 0): fsck.f2fs terminated by exit(255)
05-31 20:48:03.353 I/ ( 0): [1 T1 ..]
05-31 20:48:03.357 I/ ( 0): [2 T1 ..] F2FS-fs (mmcblk0p24): Found nat_bits in checkpoint
05-31 20:48:03.363 I/ ( 0): [2 T1 ..] F2FS-fs (mmcblk0p24): Mounted with checkpoint version = 25265e19
05-31 20:48:03.381 I/ ( 0): [3 T84 ..] max high: 39
05-31 20:48:03.383 I/[3 T1 ..] device-mapper( 0): verity: sha256 using implementation "sha256-ce"
05-31 20:48:03.387 I/[2 T1 ..] erofs( 0): (device dm-8): mounted with root inode @ nid 59.
05-31 20:48:03.392 I/[2 T1 ..] device-mapper( 0): verity: sha256 using implementation "sha256-ce"
05-31 20:48:03.396 I/[2 T1 ..] erofs( 0): (device dm-9): mounted with root inode @ nid 39.
05-31 20:48:03.399 I/[2 T1 ..] device-mapper( 0): verity: sha256 using implementation "sha256-ce"
05-31 20:48:03.401 I/[2 T1 ..] erofs( 0): (device dm-10): mounted with root inode @ nid 38.
05-31 20:48:03.403 I/[3 T1 ..] device-mapper( 0): verity: sha256 using implementation "sha256-ce"
05-31 20:48:03.407 I/[3 T1 ..] erofs( 0): (device dm-11): mounted with root inode @ nid 46.
05-31 20:48:03.409 I/[2 T1 ..] device-mapper( 0): verity: sha256 using implementation "sha256-ce"
05-31 20:48:03.413 I/[2 T1 ..] erofs( 0): (device dm-12): mounted with root inode @ nid 39.
05-31 20:48:03.415 I/[2 T1 ..] device-mapper( 0): verity: sha256 using implementation "sha256-ce"
05-31 20:48:03.419 I/[2 T1 ..] erofs( 0): (device dm-13): mounted with root inode @ nid 40.
05-31 20:48:03.421 I/[2 T1 ..] device-mapper( 0): verity: sha256 using implementation "sha256-ce"
05-31 20:48:03.424 I/[2 T1 ..] erofs( 0): (device dm-14): mounted with root inode @ nid 40.
05-31 20:48:03.426 I/[2 T1 ..] device-mapper( 0): verity: sha256 using implementation "sha256-ce"
05-31 20:48:03.428 I/[2 T1 ..] erofs( 0): (device dm-15): mounted with root inode @ nid 38.
05-31 20:48:03.430 I/[2 T1 ..] device-mapper( 0): verity: sha256 using implementation "sha256-ce"
05-31 20:48:03.435 I/ ( 0): [2 T1 ..] EXT4-fs (dm-16): mounted filesystem with ordered data mode. Opts: barrier=1. Quota mode: none.
05-31 20:48:03.437 W/ ( 0): [2 T1 ..] EXT4-fs (mmcblk0p16): Ignoring removed nomblk_io_submit option
05-31 20:48:03.439 I/ ( 0): [0 T1 ..] EXT4-fs (mmcblk0p16): mounted filesystem with ordered data mode. Opts: nodelalloc,nomblk_io_submit,errors=panic. Quota mode: none.
05-31 20:48:03.473 W/[1 T1 ..] printk( 0): init: 152 output lines suppressed due to ratelimiting
05-31 20:48:03.572 I/[2 T1 ..] init( 0): Opening SELinux policy
05-31 20:48:03.575 I/[2 T1 ..] init( 0): Falling back to standard signature check. TODO implement support for fsverity SEPolicy.
05-31 20:48:03.575 I/[2 T1 ..] init( 0): Error: Apex SEPolicy failed signature check
05-31 20:48:03.576 I/[2 T1 ..] init( 0): Loading APEX Sepolicy from /system/etc/selinux/apex/SEPolicy.zip
05-31 20:48:03.577 E/[2 T1 ..] init( 0): Failed to open package /system/etc/selinux/apex/SEPolicy.zip: No such file or directory
05-31 20:48:03.586 I/[0 T1 ..] init( 0): Loading SELinux policy
05-31 20:48:03.605 I/[0 T1 ..] SELinux( 0): Permission bpf in class capability2 not defined in policy.
05-31 20:48:03.606 I/[0 T1 ..] SELinux( 0): Permission checkpoint_restore in class capability2 not defined in policy.
05-31 20:48:03.607 I/[0 T1 ..] SELinux( 0): Permission bpf in class cap2_userns not defined in policy.
05-31 20:48:03.608 I/[0 T1 ..] SELinux( 0): Permission checkpoint_restore in class cap2_userns not defined in policy.
05-31 20:48:03.609 I/[0 T1 ..] SELinux( 0): Class mctp_socket not defined in policy.
05-31 20:48:03.610 I/[0 T1 ..] SELinux( 0): the above unknown classes and permissions will be denied
05-31 20:48:03.615 I/[0 T1 ..] SELinux( 0): policy capability network_peer_controls=1
05-31 20:48:03.616 I/[0 T1 ..] SELinux( 0): policy capability open_perms=1
05-31 20:48:03.616 I/[0 T1 ..] SELinux( 0): policy capability extended_socket_class=1
05-31 20:48:03.617 I/[0 T1 ..] SELinux( 0): policy capability always_check_network=0
05-31 20:48:03.618 I/[0 T1 ..] SELinux( 0): policy capability cgroup_seclabel=0
05-31 20:48:03.619 I/[0 T1 ..] SELinux( 0): policy capability nnp_nosuid_transition=1
05-31 20:48:03.620 I/[0 T1 ..] SELinux( 0): policy capability genfs_seclabel_symlinks=0
05-31 20:48:03.621 I/[0 T1 ..] SELinux( 0): policy capability ioctl_skip_cloexec=0
05-31 20:48:03.737 I/[3 T1 ..] selinux( 0): SELinux: Loaded file context from:
05-31 20:48:03.737 I/[3 T1 ..] selinux( 0): /system/etc/selinux/plat_file_contexts
05-31 20:48:03.738 I/[3 T1 ..] selinux( 0): /system_ext/etc/selinux/system_ext_file_contexts
05-31 20:48:03.739 I/[3 T1 ..] selinux( 0): /product/etc/selinux/product_file_contexts
05-31 20:48:03.744 W/[1 T1 ..] printk( 0): init: 2 output lines suppressed due to ratelimiting
05-31 20:48:03.759 I/[1 T1 ..] init( 0): init second stage started!
05-31 20:48:03.784 I/[3 T1 ..] selinux( 0): SELinux: Loaded file context from:
05-31 20:48:03.784 I/[3 T1 ..] selinux( 0): /system/etc/selinux/plat_file_contexts
05-31 20:48:03.785 I/[3 T1 ..] selinux( 0): /system_ext/etc/selinux/system_ext_file_contexts
05-31 20:48:03.786 I/[3 T1 ..] selinux( 0): /product/etc/selinux/product_file_contexts
05-31 20:48:03.787 I/[3 T1 ..] selinux( 0): /vendor/etc/selinux/vendor_file_contexts
05-31 20:48:03.806 I/[3 T1 ..] init( 0): Using Android DT directory /proc/device-tree/firmware/android/
05-31 20:48:03.810 E/[2 T1 ..] init( 0): Do not have permissions to set 'persist.bluetooth.btsnooplogmode' to 'disable' in property file '/system/build.prop': Property type check failed, value doesn't match expected type 'enum empty disabled filtered full'
05-31 20:48:03.817 W/[2 T1 ..] init( 0): Overriding previous property 'persist.bluetooth.btsnoopsize':'0xffff' with new value '0xfffffff'
05-31 20:48:03.823 W/[2 T1 ..] init( 0): Overriding previous property 'ro.sf.lcd_density':'320' with new value '240'
05-31 20:48:03.968 I/[3 T160 ..] ueventd( 0): ueventd started!
05-31 20:48:03.972 I/[3 T160 ..] selinux( 0): SELinux: Loaded file context from:
05-31 20:48:03.972 I/[3 T160 ..] selinux( 0): /system/etc/selinux/plat_file_contexts
05-31 20:48:03.973 I/[3 T160 ..] selinux( 0): /system_ext/etc/selinux/system_ext_file_contexts
05-31 20:48:03.974 I/[3 T160 ..] selinux( 0): /product/etc/selinux/product_file_contexts
05-31 20:48:03.975 I/[3 T160 ..] selinux( 0): /vendor/etc/selinux/vendor_file_contexts
05-31 20:48:03.976 I/[3 T160 ..] ueventd( 0): Parsing file /system/etc/ueventd.rc...
05-31 20:48:03.977 I/[3 T160 ..] ueventd( 0): Added '/vendor/etc/ueventd.rc' to import list
05-31 20:48:03.977 I/[3 T160 ..] ueventd( 0): Added '/odm/etc/ueventd.rc' to import list
05-31 20:48:03.979 I/[3 T160 ..] ueventd( 0): Parsing file /vendor/etc/ueventd.rc...
05-31 20:48:03.997 I/[1 T161 ..] apexd( 0): Bootstrap subcommand detected
05-31 20:48:03.997 E/[1 T161 ..] cutils-trace( 0): Error opening trace file: No such file or directory (2)
05-31 20:48:03.998 I/[1 T161 ..] apexd-bootstrap( 0): Scanning /system/apex for pre-installed ApexFiles
05-31 20:48:04.000 I/[1 T161 ..] apexd-bootstrap( 0): Found pre-installed APEX /system/apex/com.amlogic.mediaextractor.apex
05-31 20:48:04.003 I/[1 T161 ..] apexd-bootstrap( 0): Found pre-installed APEX /system/apex/com.android.adbd.capex
05-31 20:48:04.005 I/[1 T161 ..] apexd-bootstrap( 0): Found pre-installed APEX /system/apex/com.android.adservices.capex
05-31 20:48:04.009 I/[1 T161 ..] apexd-bootstrap( 0): Found pre-installed APEX /system/apex/com.android.apex.cts.shim.apex
05-31 20:48:04.011 I/[1 T161 ..] apexd-bootstrap( 0): Found pre-installed APEX /system/apex/com.android.appsearch.capex
05-31 20:48:04.013 I/[1 T161 ..] apexd-bootstrap( 0): Found pre-installed APEX /system/apex/com.android.art.capex
05-31 20:48:04.017 I/[1 T161 ..] apexd-bootstrap( 0): Found pre-installed APEX /system/apex/com.android.btservices.apex
05-31 20:48:05.037 I/[2 T199 ..] loop0( 0): detected capacity change from 0 to 34880
05-31 20:48:05.038 I/[1 T201 ..] loop1( 0): detected capacity change from 0 to 7024
05-31 20:48:05.039 I/[0 T202 ..] loop2( 0): detected capacity change from 0 to 1616
05-31 20:48:05.041 I/[1 T200 ..] loop3( 0): detected capacity change from 0 to 68064
05-31 20:48:05.074 I/ ( 0): [1 T202 ..] EXT4-fs (loop2): mounted filesystem without journal. Opts: (null). Quota mode: none.
05-31 20:48:05.080 I/ ( 0): [2 T199 ..] EXT4-fs (loop0): mounted filesystem without journal. Opts: (null). Quota mode: none.
05-31 20:48:05.082 I/ ( 0): [2 T201 ..] EXT4-fs (loop1): mounted filesystem without journal. Opts: (null). Quota mode: none.
05-31 20:48:05.085 I/ ( 0): [1 T200 ..] EXT4-fs (loop3): mounted filesystem without journal. Opts: (null). Quota mode: none.
05-31 20:48:05.097 W/[1 T161 ..] printk( 0): apexd: 49 output lines suppressed due to ratelimiting
05-31 20:48:05.164 W/[1 T159 ..] protected_memory_allocator( 0): loading out-of-tree module taints kernel.
05-31 20:48:05.165 E/[1 T159 ..] [tee]( 0): tee_pta_invoke_cmd invoke func failed, cmd = 0, ret= 0, res = 0xffff0006, origin = 0x4
05-31 20:48:05.166 E/ ( 0): [1 T159 ..] simple_protected_memory_allocator protected-memory-allocator: tee protect protected_memory fail!
05-31 20:48:05.167 I/ ( 0): [1 T159 ..] simple_protected_memory_allocator protected-memory-allocator: Protected memory allocator probed successfully
05-31 20:48:05.169 I/ ( 0): [1 T159 ..] simple_protected_memory_allocator protected-memory-allocator: Protected memory region: base=e5800000 num pages=0
05-31 20:48:05.180 W/[1 T159 ..] amlogic_fbc_lib( 0): module license 'Copyright (C) 2015 Amlogic, Inc. All rights reserved.' taints kernel.
05-31 20:48:05.181 W/ ( 0): [1 T159 ..] Disabling lock debugging due to kernel taint
05-31 20:48:05.182 W/ ( 0): [1 T159 ..] Kernel module BTF mismatch detected, BTF debug info may be unavailable for some modules
05-31 20:48:05.183 E/ ( 0): [1 T159 ..] register_amlogic_afbc_dec_fun
05-31 20:48:05.280 I/ ( 0): [2 T159 ..] cuva alg: 2024-01-17 V-0.3, cuvahdr2sdr proc with sdr path when >200nit init ok
05-31 20:48:05.282 I/[2 T159 ..] hdr10_tmo_alg( 0): hdr10_tmo_alg_driver_init insmod ok. v1.0_2023-2-14
05-31 20:48:05.327 I/ ( 0): [3 T216 ..] aml_crypto_dev fe440400.aml_dma:crypto: Aml crypto device (irq)
05-31 20:48:05.354 I/[1 T216 ..] [wireless]( 0): [wifi_dev_probe] wifi_pwm_tee = 0
05-31 20:48:05.355 I/[1 T216 ..] [wireless]( 0): [wifi_dev_probe] use double channel
05-31 20:48:05.356 I/[1 T216 ..] [wireless]( 0): [wifi_dev_probe] buf_level is :0
05-31 20:48:05.356 E/[1 T216 ..] [wireless]( 0): [dhd] STATIC-MSG) bcmdhd_init_wlan_mem : 101.10.361.31 (wlan=r892223-20230427-1)
05-31 20:48:05.358 E/[1 T216 ..] [wireless]( 0): [dhd] STATIC-MSG) dhd_init_wlan_mem : prealloc ok for index 0: 1583104(1546K)
05-31 20:48:05.371 I/[2 T216 ..] [wireless]( 0): amlogic rfkill init
05-31 20:48:05.381 I/[1 T8 ..] input( 0): input_btrcu as /devices/platform/aml_bt/input/input6
05-31 20:48:05.410 I/[2 T216 ..] zram( 0): Added device: zram0
05-31 20:48:05.439 I/[0 T216 ..] usbcore( 0): registered new interface driver rtl8150
05-31 20:48:05.445 I/[2 T216 ..] usbcore( 0): registered new device driver r8152-cfgselector
05-31 20:48:05.445 I/[2 T216 ..] usbcore( 0): registered new interface driver r8152
05-31 20:48:05.453 I/[2 T216 ..] usbcore( 0): registered new interface driver asix
05-31 20:48:05.456 I/[3 T216 ..] usbcore( 0): registered new interface driver ax88179_178a
05-31 20:48:05.459 I/[3 T216 ..] usbcore( 0): registered new interface driver cdc_ether
05-31 20:48:05.462 I/[3 T216 ..] usbcore( 0): registered new interface driver cdc_eem
05-31 20:48:05.465 I/[3 T216 ..] usbcore( 0): registered new interface driver cdc_ncm
05-31 20:48:05.468 I/[3 T216 ..] usbcore( 0): registered new interface driver aqc111
05-31 20:48:05.470 I/[3 T216 ..] usbcore( 0): registered new interface driver r8153_ecm
05-31 20:48:05.473 I/[3 T216 ..] i2c_dev( 0): i2c /dev entries driver
05-31 20:48:05.479 W/[3 T216 ..] leds-gpio( 0): probe of gpio_leds failed with error -2
05-31 20:48:05.492 W/ ( 0): [2 T216 ..] aml dvb init
05-31 20:48:05.510 I/ ( 0): [1 T216 ..] meson-vrtc fe010288.rtc: registered as rtc0
05-31 20:48:05.510 I/ ( 0): [1 T216 ..] meson-vrtc fe010288.rtc: setting system clock to 2025-05-31T12:48:05 UTC (1748695685)
05-31 20:48:05.555 F/ ( 0): [1 T216 ..] Virtual kernel memory layout:
05-31 20:48:05.555 F/[1 T216 ..] modules( 0): 0xffffffc000000000 - 0xffffffc008000000 ( 128 MB)
05-31 20:48:05.556 F/[1 T216 ..] vmalloc( 0): 0xffffffc008000000 - 0xfffffffdf0000000 ( 247 GB)
05-31 20:48:05.557 F/[1 T216 ..] fixed( 0): 0xfffffffdfdbf9000 - 0xfffffffdfe000000 ( 4124 KB)
05-31 20:48:05.558 F/ ( 0): [1 T216 ..] PCI I/O : 0xfffffffdfe800000 - 0xfffffffdff800000 ( 16 MB)
05-31 20:48:05.560 F/[1 T216 ..] vmemmap( 0): 0xfffffffe00000000 - 0xffffffff00000000 ( 4 GB maximum)
05-31 20:48:05.572 I/ ( 0): [2 T216 ..] request usb_ctl pin: 472 ok !!
05-31 20:48:05.572 I/ ( 0): [2 T216 ..] load gpio drv ok !
05-31 20:48:05.573 I/ ( 0): [2 T216 ..] Shutdown notifier registered successfully
05-31 20:48:05.575 I/ ( 0): [2 T216 ..] [AML_WATERMARK] [ERROR] [Func: aml_watermark_driver_init, Line: 475] vxwm and ngwm both are disabled
05-31 20:48:05.595 I/[0 T216 ..] [led]( 0): aml_ledlight_init!
05-31 20:48:05.595 F/[0 T216 ..] FD650( 0): fd650_driver_init: FD650 Driver init.
05-31 20:48:05.596 F/[0 T216 ..] FD655( 0): fd655_driver_init: FD655 Driver init.
05-31 20:48:05.646 I/ ( 0): [2 T216 ..] meson8b-dwmac fe368000.ethernet: IRQ eth_wake_irq not found
05-31 20:48:05.646 I/ ( 0): [2 T216 ..] meson8b-dwmac fe368000.ethernet: IRQ eth_lpi not found
05-31 20:48:05.647 I/ ( 0): [2 T216 ..] meson8b-dwmac fe368000.ethernet: PTP uses main clock
05-31 20:48:05.649 I/ ( 0): [0 T216 ..] meson8b-dwmac fe368000.ethernet: User ID: 0x50, Synopsys ID: 0x53
05-31 20:48:05.649 I/ ( 0): [0 T216 ..] meson8b-dwmac fe368000.ethernet: DWMAC4/5
05-31 20:48:05.650 I/ ( 0): [0 T216 ..] meson8b-dwmac fe368000.ethernet: DMA HW capability register supported
05-31 20:48:05.651 I/ ( 0): [0 T216 ..] meson8b-dwmac fe368000.ethernet: RX Checksum Offload Engine supported
05-31 20:48:05.652 I/ ( 0): [0 T216 ..] meson8b-dwmac fe368000.ethernet: TX Checksum insertion supported
05-31 20:48:05.653 I/ ( 0): [0 T216 ..] meson8b-dwmac fe368000.ethernet: Wake-Up On Lan supported
05-31 20:48:05.654 I/ ( 0): [0 T216 ..] meson8b-dwmac fe368000.ethernet: TSO supported
05-31 20:48:05.655 I/ ( 0): [0 T216 ..] meson8b-dwmac fe368000.ethernet: Enable RX Mitigation via HW Watchdog Timer
05-31 20:48:05.656 I/ ( 0): [0 T216 ..] meson8b-dwmac fe368000.ethernet: device MAC address 20:02:fe:19:c2:3f
05-31 20:48:05.656 I/[3 T224 ..] aml_init_mm( 0): ffffffc00a4e9f68
05-31 20:48:05.657 I/ ( 0): [0 T216 ..] meson8b-dwmac fe368000.ethernet: Enabled L3L4 Flow TC (entries=1)
05-31 20:48:05.659 I/ ( 0): [0 T216 ..] meson8b-dwmac fe368000.ethernet: Enabled RFS Flow TC (entries=8)
05-31 20:48:05.660 I/ ( 0): [0 T216 ..] meson8b-dwmac fe368000.ethernet: Using 32 bits DMA width
05-31 20:48:05.663 I/ ( 0): [2 T216 ..] aml_cust_setting
05-31 20:48:05.663 I/ ( 0): [2 T216 ..] cover mc_val as 0x1621
05-31 20:48:05.663 I/ ( 0): [2 T216 ..] gpio 1
05-31 20:48:05.667 I/[2 T216 ..] input( 0): input_ethrcu as /devices/platform/soc/fe368000.ethernet/input/input7
05-31 20:48:05.751 I/[0 T216 ..] usbcore( 0): registered new interface driver aml_usbcam
05-31 20:48:05.827 I/ ( 0): [1 T87 ..] lcd vlock_en=0, vlock_mode=0x8 i=101
05-31 20:48:05.864 I/ ( 0): [0 T216 ..] audio-ddr-manager fe330000.audiobus:ddr_manager: 0, irqs frddr 37
05-31 20:48:05.865 I/ ( 0): [0 T216 ..] audio-ddr-manager fe330000.audiobus:ddr_manager: 1, irqs frddr 38
05-31 20:48:05.866 I/ ( 0): [0 T216 ..] audio-ddr-manager fe330000.audiobus:ddr_manager: 2, irqs frddr 39
05-31 20:48:05.874 I/ ( 0): [0 T216 ..] audio-ddr-manager fe330000.audiobus:ddr_manager: 3, irqs frddr 40
05-31 20:48:05.876 I/[0 T216 ..] [snd-soc]( 0): extn_platform_probe, register soc platform
05-31 20:48:05.877 W/ ( 0): [0 T216 ..] snd_pdm fe330000.audiobus:pdm: Can't get pdm pinmux
05-31 20:48:05.878 I/ ( 0): [0 T216 ..] snd_pdm fe330000.audiobus:pdm: Can't retrieve xtal_clk clock
05-31 20:48:05.879 W/ ( 0): [0 T216 ..] snd_pdm fe330000.audiobus:pdm: no clk_src_cd clock for 44k case
05-31 20:48:05.880 W/[0 T216 ..] [snd-soc]( 0): failed to get data_lb_ratec
05-31 20:48:05.881 D/[0 T216 ..] [snd-soc]( 0): resample_platform_probe
05-31 20:48:05.881 D/[0 T216 ..] [snd-soc]( 0): resample_platform_probe sys-src clk rate from dts:491520000
05-31 20:48:05.881 W/ ( 0): [0 T216 ..] audioresample fe330000.audiobus:resample@0: no clk_src_cd clock for hifi1 case
05-31 20:48:05.882 I/[0 T216 ..] [snd-soc]( 0): new_resample_init: Start init new resample 0 parameters!
05-31 20:48:05.883 E/ ( 0): [0 T216 ..] Codec io: No support bus type 2 to write.
05-31 20:48:05.884 I/[0 T216 ..] [snd-soc]( 0): resample_clk_set:set hifi pll
05-31 20:48:05.884 I/[0 T216 ..] [snd-soc]( 0): resample_clk_set, resample_pll:491520000, sclk:12288000, clk:12288000
05-31 20:48:05.886 I/[0 T216 ..] [snd-soc]( 0): new_resample_set_ratio(), id = 0, phase_step = 0x10000000, input_sr = 48000, output_sr = 48000
05-31 20:48:05.886 I/[0 T216 ..] [snd-soc]( 0): resample id = 0, new resample = 2, resample_module = 8
05-31 20:48:05.907 I/[0 T216 ..] [snd-soc]( 0): Channel_Mask: lane_ss = 0
05-31 20:48:05.908 I/[0 T216 ..] input( 0): vad_keypad as /devices/platform/soc/fe330000.audiobus/fe330000.audiobus:vad/input/input8
05-31 20:48:05.922 E/ ( 0): [0 T216 ..] asoc-aml-card auge_sound: aml_card_dai_link_of, error dai-link idx:2, error getting codec dai, ret -517
05-31 20:48:05.922 E/[0 T216 ..] [snd-soc]( 0): aml_card_probe error ret:-517
05-31 20:48:05.968 E/ ( 0): [0 T8 ..] asoc-aml-card auge_sound: aml_card_dai_link_of, error dai-link idx:2, error getting codec dai, ret -517
05-31 20:48:05.969 E/[0 T8 ..] [snd-soc]( 0): aml_card_probe error ret:-517
05-31 20:48:05.970 E/ ( 0): [0 T8 ..] asoc-aml-card auge_sound: aml_card_dai_link_of, error dai-link idx:2, error getting codec dai, ret -517
05-31 20:48:05.971 E/[0 T8 ..] [snd-soc]( 0): aml_card_probe error ret:-517
05-31 20:48:05.975 I/ ( 0): [0 T216 ..] aml_codec_T9015 fe01a000.t9015: aml_T9015_audio_codec_probe
05-31 20:48:05.976 I/[0 T216 ..] [snd-codec-t9015]( 0): T9015 acodec tdmout index:2
05-31 20:48:05.977 E/ ( 0): [2 T8 ..] asoc-aml-card auge_sound: IRQ audio_exception64 not found
05-31 20:48:05.978 I/[2 T8 ..] [snd-codec-t9015]( 0): no call standard reset interface
05-31 20:48:06.004 W/ ( 0): [0 T216 ..] es8156_modinit enter
05-31 20:48:06.005 W/ ( 0): [0 T216 ..] es8156_i2c_probe start
05-31 20:48:06.005 E/ ( 0): [0 T216 ..] es8156 2-0008: failed to read i2c at addr 8
05-31 20:48:06.244 D/[2 T8 ..] [snd-soc]( 0): spdifout_play_with_zerodata_free, spdif id:0
05-31 20:48:06.244 D/[2 T8 ..] [snd-soc]( 0): spdifout_play_with_zerodata_free, spdif id:1
05-31 20:48:06.244 I/[2 T8 ..] [snd-soc]( 0):
05-31 20:48:06.244 I/ ( 0): [2 T8 ..] loopback_dai_set_sysclk, 0, 12288000, 0
05-31 20:48:06.245 I/[2 T8 ..] [snd-soc]( 0): asoc loopback_dai_set_fmt, 0x4010, 000000007f71baf1
05-31 20:48:06.247 W/[2 T8 ..] [snd-soc]( 0): no node audio_effect for eq/drc info!
05-31 20:48:06.266 I/[0 T231 ..] servicemanager( 0): Starting sm instance on /dev/binder
05-31 20:48:06.277 W/[0 T231 ..] SELinux( 0): Multiple same specifications for tv_remote.
05-31 20:48:06.279 I/[0 T231 ..] SELinux( 0): SELinux: Loaded service context from:
05-31 20:48:06.279 I/[0 T231 ..] SELinux( 0): /system/etc/selinux/plat_service_contexts
05-31 20:48:06.280 I/[0 T231 ..] SELinux( 0): /system_ext/etc/selinux/system_ext_service_contexts
05-31 20:48:06.281 I/[0 T231 ..] SELinux( 0): /product/etc/selinux/product_service_contexts
05-31 20:48:06.282 I/[0 T231 ..] SELinux( 0): /vendor/etc/selinux/vendor_service_contexts
05-31 20:48:06.345 I/[1 T159 ..] [efuse-unifykey]( 0): already inited!
05-31 20:48:06.376 I/[0 T229 ..] logd.auditd( 0): start
05-31 20:48:06.391 I/[3 T229 ..] logd( 0): Loaded bug_map file: /system_ext/etc/selinux/bug_map
05-31 20:48:06.391 I/ ( 0): [0 T10 ..] mali fd000000.valhall: Kernel DDK version r44p1-01eac0
05-31 20:48:06.392 I/ ( 0): [0 T10 ..] mali fd000000.valhall: GPU metrics tracepoint support enabled
05-31 20:48:06.394 I/[3 T229 ..] logd( 0): Loaded bug_map file: /vendor/etc/selinux/selinux_denial_metadata
05-31 20:48:06.395 I/ ( 0): [0 T10 ..] mali fd000000.valhall: r0p0 status 1 not found in HW issues table;
05-31 20:48:06.396 I/ ( 0): [0 T10 ..] mali fd000000.valhall: falling back to closest match: r0p0 status 0
05-31 20:48:06.397 I/ ( 0): [0 T10 ..] mali fd000000.valhall: Execution proceeding normally with fallback match
05-31 20:48:06.398 I/ ( 0): [0 T10 ..] mali fd000000.valhall: GPU identified as 0x4 arch 10.12.7 r0p0 status 1
05-31 20:48:06.399 I/[1 T229 ..] logd( 0): Loaded bug_map file: /system/etc/selinux/bug_map
05-31 20:48:06.399 I/ ( 0): [0 T10 ..] mali fd000000.valhall: No priority control manager is configured
05-31 20:48:06.401 I/ ( 0): [0 T10 ..] mali fd000000.valhall: No memory group manager is configured
05-31 20:48:06.402 I/ ( 0): [0 T10 ..] mali fd000000.valhall: Protected memory allocator not available
05-31 20:48:06.403 I/ ( 0): [0 T10 ..] mali fd000000.valhall: Using coherency mode 31 set from dtb
05-31 20:48:06.407 I/ ( 0): [0 T10 ..] mali fd000000.valhall: Probed as mali0
05-31 20:48:06.422 I/[2 T159 ..] init( 0): wait for '/odm/lib/ms12' took 0ms
05-31 20:48:06.571 E/[2 T231 ..] cutils-trace( 0): Error opening trace file: Permission denied (13)
05-31 20:48:06.577 I/[1 T159 ..] init( 0): wait for '/dev/audio_utils' took 0ms
05-31 20:48:06.578 I/[0 T159 ..] init( 0): wait for '/dev/dolby_fw' took 0ms
05-31 20:48:06.665 I/[3 T159 ..] [media_clock]( 0): dos_register_probe, res start fe320000, end fe32ffff, iomap: ffffffc00bfd0000
05-31 20:48:06.665 I/[3 T159 ..] [media_clock]( 0): dos_register_probe, res start fe036000, end fe037fff, iomap: ffffffc00be9a000
05-31 20:48:06.668 E/[1 T159 ..] [media_clock]( 0): of_address_to_resource failed
05-31 20:48:06.668 I/[1 T159 ..] [media_clock]( 0): initial_dos_device end, chip 71(0)
05-31 20:48:06.670 D/[1 T159 ..] [media_clock]( 0): set_clock_gate get hevc_mux_str
05-31 20:48:06.670 D/[1 T159 ..] [media_clock]( 0): set_clock_gate get hcodec mux
05-31 20:48:06.670 D/[1 T159 ..] [media_clock]( 0): set_clock_gate get vdec mux
05-31 20:48:06.683 I/ ( 0): [3 T10 ..] [TEE] E/TC:? 00 tee_rpmb_verify_key_sync_counter:1008 Verify key returning 0xffff0008
05-31 20:48:06.683 I/ ( 0): [3 T10 ..] [TEE] E/TA: MM-module-name:VDEC TA,Version:1.0.21-g006fb97(build:6823)
05-31 20:48:06.684 I/[1 T159 ..] [firmware]( 0): read format in dts failed, ret = -22
05-31 20:48:06.684 I/ ( 0): [3 T10 ..] [TEE] M/TA: support scs verify chip. 71
05-31 20:48:06.713 E/ ( 0): [2 T159 ..] vdec vdec: Get pwrc-vdec-2 failed, pm-domain: 0
05-31 20:48:06.713 E/ ( 0): [2 T159 ..] vdec vdec: Get pwrc-hevcb failed, pm-domain: 0
05-31 20:48:06.714 E/ ( 0): [2 T159 ..] vdec vdec: Get pwrc-wave failed, pm-domain: 0 --------- beginning of system
05-31 20:48:06.707 I/vold ( 247): Vold 3.0 (the awakening) firing up
05-31 20:48:06.708 D/vold ( 247): Detected support for: ext4 f2fs vfat
05-31 20:48:06.721 D/vold ( 247): VoldNativeService::start() completed OK
05-31 20:48:06.747 E/ ( 0): [2 T159 ..] Amlogic A/V streaming port init
05-31 20:48:06.914 I/[3 T231 ..] servicemanager( 0): getDeviceHalManifest: Reading VINTF information.
05-31 20:48:06.916 I/[1 T1 ..] tune2fs( 0): tune2fs 1.46.6 (1-Feb-2023)
05-31 20:48:06.918 I/[3 T1 ..] tune2fs( 0): Cannot enable project quota; inode size too small.
05-31 20:48:06.921 I/[3 T231 ..] servicemanager( 0): getDeviceHalManifest: Successfully processed VINTF information
05-31 20:48:06.923 I/[3 T1 ..] tune2fs( 0): tune2fs terminated by exit(1)
05-31 20:48:06.923 I/ ( 0): [3 T1 ..]
05-31 20:48:06.935 W/ ( 0): [3 T1 ..] EXT4-fs (mmcblk0p15): Ignoring removed nomblk_io_submit option
05-31 20:48:06.995 I/ ( 0): [0 T1 ..] EXT4-fs (mmcblk0p15): mounted filesystem with ordered data mode. Opts: errors=remount-ro,nomblk_io_submit. Quota mode: none.
05-31 20:48:06.996 W/ ( 0): [0 T1 ..] ext4 filesystem being mounted at /mnt/vendor/param supports timestamps until 2038-01-19 (0x7fffffff)
05-31 20:48:07.091 I/[1 T1 ..] e2fsck( 0): e2fsck 1.46.6 (1-Feb-2023)
05-31 20:48:07.094 I/[1 T1 ..] e2fsck( 0): Pass 1: Checking inodes, blocks, and sizes
05-31 20:48:07.094 I/[0 T1 ..] e2fsck( 0): Pass 2: Checking directory structure
05-31 20:48:07.096 I/[1 T1 ..] e2fsck( 0): Pass 3: Checking directory connectivity
05-31 20:48:07.096 I/[1 T1 ..] e2fsck( 0): Pass 4: Checking reference counts
05-31 20:48:07.097 I/[1 T1 ..] e2fsck( 0): Pass 5: Checking group summary information
05-31 20:48:07.100 I/[1 T1 ..] e2fsck( 0): /dev/block/by-name/param: 11/4096 files (0.0% non-contiguous), 1161/4096 blocks
05-31 20:48:07.102 W/ ( 0): [0 T1 ..] EXT4-fs (mmcblk0p15): Ignoring removed nomblk_io_submit option
05-31 20:48:07.112 I/ ( 0): [2 T1 ..] EXT4-fs (mmcblk0p15): mounted filesystem with ordered data mode. Opts: nodelalloc,nomblk_io_submit,errors=panic. Quota mode: none.
05-31 20:48:07.113 W/ ( 0): [2 T1 ..] ext4 filesystem being mounted at /mnt/vendor/param supports timestamps until 2038-01-19 (0x7fffffff)
05-31 20:48:07.118 W/ ( 0): [3 T1 ..] EXT4-fs (mmcblk0p9): Ignoring removed nomblk_io_submit option
05-31 20:48:07.126 I/ ( 0): [3 T1 ..] EXT4-fs (mmcblk0p9): mounted filesystem with ordered data mode. Opts: errors=remount-ro,nomblk_io_submit. Quota mode: none.
05-31 20:48:07.171 W/ ( 0): [2 T1 ..] EXT4-fs (mmcblk0p9): Ignoring removed nomblk_io_submit option
05-31 20:48:07.174 I/ ( 0): [0 T1 ..] EXT4-fs (mmcblk0p9): mounted filesystem with ordered data mode. Opts: nodelalloc,nomblk_io_submit,errors=panic. Quota mode: none.
05-31 20:48:07.184 W/ ( 0): [2 T1 ..] FAT-fs (mmcblk0p4): Volume was not properly unmounted. Some data may be corrupt. Please run fsck.
05-31 20:48:07.507 I/ ( 0): [3 T280 ..] mali fd000000.valhall: Loading Mali firmware 0x1010000
05-31 20:48:07.510 E/ ( 0): [3 T280 ..] mali fd000000.valhall: Protected memory allocator not found, Firmware protected mode entry will not be supported
05-31 20:48:07.511 I/ ( 0): [3 T280 ..] mali fd000000.valhall: Mali firmware git_sha: 7f8e423cba190d559c9c79e71e47d07beb193793
05-31 20:48:07.562 I/[0 T284 ..] android.hardware.boot-service( 0): boot_ctrl.roll_flag =
05-31 20:48:07.560 I/vold ( 247): Using AIDL version of IBootControl
05-31 20:48:07.567 I/[1 T284 ..] android.hardware.boot-service( 0): IBootControl AIDL service running...
05-31 20:48:07.569 D/[1 T295 ..] vdc( 0): Waited 0ms for vold
05-31 20:48:07.572 I/[0 T284 ..] android.hardware.boot-service( 0): sys.boot_completed:
05-31 20:48:07.581 I/keystore2( 283): system/security/keystore2/src/keystore2_main.rs:61 - Keystore2 is starting.
05-31 20:48:07.581 I/keystore2( 283): system/security/keystore2/src/keystore2_main.rs:67 - Setting up sqlite logging for keystore2
05-31 20:48:07.585 W/keystore2( 283): system/security/keystore2/src/metrics_store.rs:577 - In update_keystore_crash_sysprop: Failed to read the existing system property due to: system/security/keystore2/src/metrics_store.rs:608: Property not set..Therefore, keystore crashes will not be logged.
05-31 20:48:07.590 I/keystore2( 283): system/security/keystore2/src/keystore2_main.rs:97 - Starting thread pool now.
05-31 20:48:07.592 I/keystore2( 283): system/security/keystore2/src/globals.rs:256 - KeyMint device is current version (Some(300)) for security level: r#TRUSTED_ENVIRONMENT
05-31 20:48:07.602 I/keystore2( 283): system/security/keystore2/src/shared_secret_negotiation.rs:47 - Shared secret negotiation concluded successfully.
05-31 20:48:07.603 I/keystore2( 283): system/security/keystore2/src/keystore2_main.rs:152 - Successfully registered Keystore 2.0 service.
05-31 20:48:07.603 I/keystore2( 283): system/security/keystore2/src/keystore2_main.rs:154 - Joining thread pool now.
05-31 20:48:07.604 I/keystore2( 283): system/security/keystore2/src/shared_secret_negotiation.rs:294 - No StrongBox Keymint available, so no RoT transfer
05-31 20:48:07.613 I/ ( 0): [3 T1 ..] F2FS-fs (mmcblk0p31): Using encoding defined by superblock: utf8-12.1.0 with flags 0x0
05-31 20:48:07.641 I/ ( 0): [1 T1 ..] F2FS-fs (mmcblk0p31): Found nat_bits in checkpoint
05-31 20:48:07.711 I/ ( 0): [2 T10 ..] [TEE] E/TA: fw_check_pack_version:301 the package has 17 fws totally.
05-31 20:48:07.711 I/ ( 0): [2 T10 ..] [TEE] E/TA: fw_check_pack_version:318 The TA ver is v1.0
05-31 20:48:07.712 I/ ( 0): [2 T10 ..] [TEE] E/TA: fw_check_pack_version:319 The fw ver is v0.4
05-31 20:48:07.713 I/ ( 0): [2 T10 ..] [TEE] E/TA: fw_data_insert:403 the fw with 372 KB will be loaded.
05-31 20:48:07.714 I/ ( 0): [2 T10 ..] [TEE] M/TA: TEE_Video_Load_FW success
05-31 20:48:07.831 I/ ( 0): [1 T1 ..] F2FS-fs (mmcblk0p31): Mounted with checkpoint version = 76ebdb57
05-31 20:48:07.855 D/vold ( 247): fscrypt_mount_metadata_encrypted: /data encrypt: 1 format: 0 with f2fs block device: /dev/block/by-name/userdata and zoned device:
05-31 20:48:07.856 D/vold ( 247): metadata_key_dir/key: /metadata/vold/metadata_encryption/key
05-31 20:48:07.865 D/[2 T312 ..] vdc( 0): Waited 0ms for vold
05-31 20:48:07.858 D/vold ( 247): Created directory /metadata/vold/metadata_encryption
05-31 20:48:07.859 D/vold ( 247): Metadata key does not exist but ro.crypto.metadata_init_delete_all_keys.enabled is false
05-31 20:48:07.859 I/vold ( 247): Creating new key in /metadata/vold/metadata_encryption/key
05-31 20:48:07.859 D/vold ( 247): Generating standard storage key
05-31 20:48:07.862 D/vold ( 247): Generating "key storage" key
05-31 20:48:07.865 E/keystore2( 283): system/security/keystore2/src/error.rs:180 - system/security/keystore2/src/security_level.rs:622
05-31 20:48:07.865 E/keystore2( 283):
05-31 20:48:07.865 E/keystore2( 283): Caused by:
05-31 20:48:07.865 E/keystore2( 283): 0: system/security/keystore2/src/security_level.rs:620: While generating Key without explicit attestation key.
05-31 20:48:07.865 E/keystore2( 283): 1: Error::Km(r#ROLLBACK_RESISTANCE_UNAVAILABLE)
05-31 20:48:07.865 E/vold ( 247): keystore2 Keystore generateKey returned service specific error: -67
05-31 20:48:07.865 W/vold ( 247): Failed to generate rollback-resistant key. This is expected if keystore doesn't support rollback resistance. Falling back to non-rollback-resistant key.
05-31 20:48:07.875 E/[0 T247 ..] vold( 0): keystore2 Keystore generateKey returned service specific error: -67
05-31 20:48:07.876 W/[0 T247 ..] vold( 0): Failed to generate rollback-resistant key. This is expected if keystore doesn't support rollback resistance. Falling back to non-rollback-resistant key.
05-31 20:48:07.872 D/vold ( 247): Stored key /metadata/vold/metadata_encryption/key
05-31 20:48:07.877 D/vold ( 247): encrypt_inplace(/dev/block/dm-50, /dev/block/by-name/userdata, 114014208)
05-31 20:48:07.887 I/vold ( 247): Encrypting f2fs filesystem on /dev/block/by-name/userdata in-place via /dev/block/dm-50
05-31 20:48:07.888 I/vold ( 247): 91147 blocks (373 MB) of 14251776 blocks are in-use
05-31 20:48:08.032 D/vold ( 247): Encrypted 10000 of 91147 blocks
05-31 20:48:08.179 D/vold ( 247): Encrypted 20000 of 91147 blocks
05-31 20:48:08.324 D/vold ( 247): Encrypted 30000 of 91147 blocks
05-31 20:48:08.470 D/vold ( 247): Encrypted 40000 of 91147 blocks
05-31 20:48:08.615 D/vold ( 247): Encrypted 50000 of 91147 blocks
05-31 20:48:08.760 D/vold ( 247): Encrypted 60000 of 91147 blocks
05-31 20:48:08.908 D/vold ( 247): Encrypted 70000 of 91147 blocks
05-31 20:48:09.058 D/vold ( 247): Encrypted 80000 of 91147 blocks
05-31 20:48:09.459 D/vold ( 247): Encrypted 90000 of 91147 blocks
05-31 20:48:10.872 D/vold ( 247): Encrypted 91147 of 91147 blocks
05-31 20:48:10.872 I/vold ( 247): Successfully encrypted f2fs filesystem on /dev/block/by-name/userdata
05-31 20:48:11.013 D/vold ( 247): Mounting metadata-encrypted filesystem:/data
05-31 20:48:11.019 I/vold ( 247): [libfs_mgr] Running /system/bin/fsck.f2fs -a -c 10000 --debug-cache /dev/block/dm-50
05-31 20:48:11.041 I/[1 T247 ..] fsck.f2fs( 0): Info: Fix the reported corruption.
05-31 20:48:11.041 I/[1 T247 ..] fsck.f2fs( 0): Info: not exist /proc/version!
05-31 20:48:11.042 I/[1 T247 ..] fsck.f2fs( 0): Info: MKFS version
05-31 20:48:11.042 I/[1 T247 ..] fsck.f2fs( 0): "5.15.170-android14-11-gce7825878084-dirty"
05-31 20:48:11.043 I/[1 T247 ..] fsck.f2fs( 0): Info: FSCK version
05-31 20:48:11.044 I/[1 T247 ..] fsck.f2fs( 0): from "5.15.170-android14-11-gce7825878084-dirty"
05-31 20:48:11.045 I/[1 T247 ..] fsck.f2fs( 0): to "5.15.170-android14-11-gce7825878084-dirty"
05-31 20:48:11.046 I/[1 T247 ..] fsck.f2fs( 0): Info: superblock features = 1499 : encrypt verity extra_attr project_quota quota_ino casefold
05-31 20:48:11.048 I/[1 T247 ..] fsck.f2fs( 0): Info: superblock encrypt level = 0, salt = 00000000000000000000000000000000
05-31 20:48:11.049 I/[1 T247 ..] fsck.f2fs( 0): [update_superblock: 775] Info: Done to update superblock
05-31 20:48:11.051 E/[3 T158 ..] init( 0): Unable to set property 'ro.boottime.init.fsck.data' from uid:0 gid:0 pid:247: Read-only property was already set
05-31 20:48:11.052 I/ ( 0): [1 T247 ..] F2FS-fs (dm-50): Using encoding defined by superblock: utf8-12.1.0 with flags 0x0
05-31 20:48:11.079 I/ ( 0): [1 T247 ..] F2FS-fs (dm-50): Found nat_bits in checkpoint
05-31 20:48:11.260 I/vold ( 247): [libfs_mgr] __mount(source=/dev/block/dm-50,target=/data,type=f2fs)=0: Success
05-31 20:48:11.269 I/ ( 0): [2 T247 ..] F2FS-fs (dm-50): Mounted with checkpoint version = 76ebdb5b
05-31 20:48:11.270 E/[0 T158 ..] init( 0): Unable to set property 'ro.boottime.init.mount.data' from uid:0 gid:0 pid:247: Read-only property was already set
05-31 20:48:11.261 D/vold ( 247): Mounted /data
05-31 20:48:11.289 E/[3 T1 ..] init( 0): Control message: Could not find 'aidl/android.hardware.graphics.composer3.IComposer/default' for ctl.interface_start from pid: 231 (/system/bin/servicemanager)
05-31 20:48:11.291 I/[1 T297 ..] servicemanager( 0): Tried to start aidl service android.hardware.graphics.composer3.IComposer/default as a lazy service, but was unable to. Usually this happens when a service is not installed, but if the service is intended to be used as a lazy service, then it may be configured incorrectly.
05-31 20:48:11.295 I/[3 T1 ..] zram0( 0): detected capacity change from 0 to 2485320
05-31 20:48:11.315 I/ ( 0): [3 T1 ..] Adding 1242656k swap on /dev/block/zram0. Priority:-2 extents:1 across:1242656k SS
05-31 20:48:11.317 E/[3 T1 ..] init( 0): Control message: Could not find 'aidl/SurfaceFlingerAIDL' for ctl.interface_start from pid: 231 (/system/bin/servicemanager)
05-31 20:48:11.318 I/[1 T309 ..] servicemanager( 0): Tried to start aidl service SurfaceFlingerAIDL as a lazy service, but was unable to. Usually this happens when a service is not installed, but if the service is intended to be used as a lazy service, then it may be configured incorrectly.
05-31 20:48:11.326 E/[1 T1 ..] init( 0): Control message: Could not find 'aidl/android.hardware.graphics.composer3.IComposer/default' for ctl.interface_start from pid: 231 (/system/bin/servicemanager)
05-31 20:48:11.329 I/[0 T317 ..] servicemanager( 0): Tried to start aidl service android.hardware.graphics.composer3.IComposer/default as a lazy service, but was unable to. Usually this happens when a service is not installed, but if the service is intended to be used as a lazy service, then it may be configured incorrectly.
05-31 20:48:11.329 E/[1 T1 ..] init( 0): Control message: Could not find 'aidl/SurfaceFlingerAIDL' for ctl.interface_start from pid: 231 (/system/bin/servicemanager)
05-31 20:48:11.329 I/[1 T318 ..] servicemanager( 0): Tried to start aidl service SurfaceFlingerAIDL as a lazy service, but was unable to. Usually this happens when a service is not installed, but if the service is intended to be used as a lazy service, then it may be configured incorrectly.
05-31 20:48:11.334 E/[0 T1 ..] init( 0): Control message: Could not find 'aidl/android.hardware.graphics.composer3.IComposer/default' for ctl.interface_start from pid: 231 (/system/bin/servicemanager)
05-31 20:48:11.339 I/[0 T324 ..] servicemanager( 0): Tried to start aidl service android.hardware.graphics.composer3.IComposer/default as a lazy service, but was unable to. Usually this happens when a service is not installed, but if the service is intended to be used as a lazy service, then it may be configured incorrectly.
05-31 20:48:11.331 I/Checkpoint( 247): cp_prepareCheckpoint called
05-31 20:48:11.340 E/[3 T1 ..] init( 0): Control message: Could not find 'aidl/SurfaceFlingerAIDL' for ctl.interface_start from pid: 231 (/system/bin/servicemanager)
05-31 20:48:11.344 I/[0 T325 ..] servicemanager( 0): Tried to start aidl service SurfaceFlingerAIDL as a lazy service, but was unable to. Usually this happens when a service is not installed, but if the service is intended to be used as a lazy service, then it may be configured incorrectly.
05-31 20:48:11.354 E/[3 T1 ..] init( 0): Control message: Could not find 'aidl/android.hardware.graphics.composer3.IComposer/default' for ctl.interface_start from pid: 231 (/system/bin/servicemanager)
05-31 20:48:11.356 E/[3 T1 ..] init( 0): Control message: Could not find 'aidl/SurfaceFlingerAIDL' for ctl.interface_start from pid: 231 (/system/bin/servicemanager)
05-31 20:48:11.356 I/[1 T331 ..] servicemanager( 0): Tried to start aidl service android.hardware.graphics.composer3.IComposer/default as a lazy service, but was unable to. Usually this happens when a service is not installed, but if the service is intended to be used as a lazy service, then it may be configured incorrectly.
