06-03 13:54:22.756 E/WifiStaIfaceAidlImpl( 754): getLinkLayerStats failed with service-specific exception: android.os.ServiceSpecificException: (code 4)
06-03 13:54:22.927 I/audio_hw_hal_alsamgr( 503): alsa format =0x1 delay frames =768 total frames=29763840
06-03 13:54:22.940 I/virtual void MediaDecoder::run()( 4827): notify decode next url: /data/user/0/com.dangbei.lerad.screensaver/files/download/61/city_2.mp4
06-03 13:54:22.940 E/screen_saver2( 4827): onDecodeNextStream: 1
06-03 13:54:22.941 D/AdManager( 4827): advertisementNum: 3
06-03 13:54:23.073 I/VDA ( 509): [0##19]"ServiceDeviceTask INs=1495/1502, OUTs=1493/1497"" {IN=7/8, OUT=9/13[kAtAccelerator(0) kAtDevice(4) kAtClient(9)]}"
06-03 13:54:23.130 D/nStackXCoAP( 2829): IsInSameNetwork:[276] :IsInSameNetwork exec
06-03 13:54:23.130 I/nStackXDFinder( 2829): GetLocalInterfaceDetail:[461] :GetLocalInterfaceDetail in
06-03 13:54:23.130 E/nStackXCoAP( 2829): IsInSameNetwork:[281] :IsInSameNetwork: not priority process
06-03 13:54:23.131 D/nStackXCoAP( 2829): ParseServiceDiscover:[330] :new device join
06-03 13:54:23.131 E/nStackXDFinder( 2829): GetLocalIp:[401] :GetLocalIp exec
06-03 13:54:23.465 I/DebugUtil( 509): [0##19]in/out status {INS/OUTS=1516(1)/1505(0)}, pipeline status {IN=8/8, OUT=10/13[Component(0) Accelerator(3) Client(10)]}
06-03 13:54:23.556 D/nStackXCoAP( 2829): IsInSameNetwork:[276] :IsInSameNetwork exec
06-03 13:54:23.556 I/nStackXDFinder( 2829): GetLocalInterfaceDetail:[461] :GetLocalInterfaceDetail in
06-03 13:54:23.556 E/nStackXCoAP( 2829): IsInSameNetwork:[281] :IsInSameNetwork: not priority process
06-03 13:54:23.556 D/nStackXCoAP( 2829): ParseServiceDiscover:[330] :new device join
06-03 13:54:23.556 E/nStackXDFinder( 2829): GetLocalIp:[401] :GetLocalIp exec
06-03 13:54:24.081 D/nStackXCoAP( 2829): IsInSameNetwork:[276] :IsInSameNetwork exec
06-03 13:54:24.081 I/nStackXDFinder( 2829): GetLocalInterfaceDetail:[461] :GetLocalInterfaceDetail in
06-03 13:54:24.081 E/nStackXCoAP( 2829): IsInSameNetwork:[281] :IsInSameNetwork: not priority process
06-03 13:54:24.081 D/nStackXCoAP( 2829): ParseServiceDiscover:[330] :new device join
06-03 13:54:24.082 E/nStackXDFinder( 2829): GetLocalIp:[401] :GetLocalIp exec
06-03 13:54:24.101 I/VDA ( 509): [0##19]"ServiceDeviceTask INs=1527/1534, OUTs=1524/1528"" {IN=7/8, OUT=9/13[kAtAccelerator(0) kAtDevice(4) kAtClient(9)]}"
06-03 13:54:24.608 D/nStackXCoAP( 2829): IsInSameNetwork:[276] :IsInSameNetwork exec
06-03 13:54:24.608 I/nStackXDFinder( 2829): GetLocalInterfaceDetail:[461] :GetLocalInterfaceDetail in
06-03 13:54:24.608 E/nStackXCoAP( 2829): IsInSameNetwork:[281] :IsInSameNetwork: not priority process
06-03 13:54:24.608 D/nStackXCoAP( 2829): ParseServiceDiscover:[330] :new device join
06-03 13:54:24.608 E/nStackXDFinder( 2829): GetLocalIp:[401] :GetLocalIp exec
06-03 13:54:25.076 D/nStackXCoAP( 2829): IsInSameNetwork:[276] :IsInSameNetwork exec
06-03 13:54:25.076 I/nStackXDFinder( 2829): GetLocalInterfaceDetail:[461] :GetLocalInterfaceDetail in
06-03 13:54:25.076 E/nStackXCoAP( 2829): IsInSameNetwork:[281] :IsInSameNetwork: not priority process
06-03 13:54:25.076 D/nStackXCoAP( 2829): ParseServiceDiscover:[330] :new device join
06-03 13:54:25.076 E/nStackXDFinder( 2829): GetLocalIp:[401] :GetLocalIp exec
06-03 13:54:25.128 I/VDA ( 509): [0##19]"ServiceDeviceTask INs=1557/1564, OUTs=1555/1558"" {IN=7/8, OUT=10/13[kAtAccelerator(0) kAtDevice(3) kAtClient(10)]}"
06-03 13:54:25.201 I/virtual Data FFDemuxer::read()( 4827): read frame ret: End of file latestReceivedTime: 205757 getTotalTimeMillis: 7500 is exit: 0
06-03 13:54:25.201 I/virtual Data FFDemuxer::read()( 4827): list smooth loop
06-03 13:54:25.207 I/virtual StreamInfo FFDemuxer::getVideoStreamInfo()( 4827): video width: 1920 video height: 1080 video pixelFormat: 0 fps: 30
06-03 13:54:25.207 D/virtual Data FFDemuxer::read()( 4827): open next url: /data/user/0/com.dangbei.lerad.screensaver/files/download/61/city_2.mp4
06-03 13:54:25.473 D/BufferPoolAccessor2.0( 4827): bufferpool2 0xe9d29fc8 : 8(12582912 size) total buffers - 8(12582912 size) used buffers - 0/9 (recycle/alloc) - 9/1576 (fetch/transfer)
06-03 13:54:25.626 D/nStackXCoAP( 2829): IsInSameNetwork:[276] :IsInSameNetwork exec
06-03 13:54:25.626 I/nStackXDFinder( 2829): GetLocalInterfaceDetail:[461] :GetLocalInterfaceDetail in
06-03 13:54:25.626 E/nStackXCoAP( 2829): IsInSameNetwork:[281] :IsInSameNetwork: not priority process
06-03 13:54:25.626 D/nStackXCoAP( 2829): ParseServiceDiscover:[330] :new device join
06-03 13:54:25.626 E/nStackXDFinder( 2829): GetLocalIp:[401] :GetLocalIp exec
06-03 13:54:25.762 I/WifiHAL ( 540): call wifi_get_link_stats handler
06-03 13:54:25.762 I/WifiHAL ( 540): Creating message to get link statistics; iface = 16
06-03 13:54:25.763 D/WifiHAL ( 540): error code -95 mapped to -3
06-03 13:54:25.763 E/WifiStaIfaceAidlImpl( 754): getLinkLayerStats failed with service-specific exception: android.os.ServiceSpecificException: (code 4)
06-03 13:54:26.102 D/nStackXCoAP( 2829): IsInSameNetwork:[276] :IsInSameNetwork exec
06-03 13:54:26.102 I/nStackXDFinder( 2829): GetLocalInterfaceDetail:[461] :GetLocalInterfaceDetail in
06-03 13:54:26.102 E/nStackXCoAP( 2829): IsInSameNetwork:[281] :IsInSameNetwork: not priority process
06-03 13:54:26.102 D/nStackXCoAP( 2829): ParseServiceDiscover:[330] :new device join
06-03 13:54:26.102 E/nStackXDFinder( 2829): GetLocalIp:[401] :GetLocalIp exec
06-03 13:54:26.160 I/VDA ( 509): [0##19]"ServiceDeviceTask INs=1587/1594, OUTs=1585/1589"" {IN=7/8, OUT=9/13[kAtAccelerator(0) kAtDevice(4) kAtClient(9)]}"
06-03 13:54:26.172 E/MdnsReplySender/serviceDiscovery( 754): Error sending MDNS response
06-03 13:54:26.172 E/MdnsReplySender/serviceDiscovery( 754): java.io.IOException
06-03 13:54:26.172 E/MdnsReplySender/serviceDiscovery( 754): at android.net.connectivity.com.android.server.connectivity.mdns.MdnsPacketWriter.checkRemaining(MdnsPacketWriter.java:246)
06-03 13:54:26.172 E/MdnsReplySender/serviceDiscovery( 754): at android.net.connectivity.com.android.server.connectivity.mdns.MdnsPacketWriter.writeBytes(MdnsPacketWriter.java:143)
06-03 13:54:26.172 E/MdnsReplySender/serviceDiscovery( 754): at android.net.connectivity.com.android.server.connectivity.mdns.MdnsPacketWriter.writeTextEntry(MdnsPacketWriter.java:163)
06-03 13:54:26.172 E/MdnsReplySender/serviceDiscovery( 754): at android.net.connectivity.com.android.server.connectivity.mdns.MdnsTextRecord.writeData(MdnsTextRecord.java:80)
06-03 13:54:26.172 E/MdnsReplySender/serviceDiscovery( 754): at android.net.connectivity.com.android.server.connectivity.mdns.MdnsRecord.write(MdnsRecord.java:233)
06-03 13:54:26.172 E/MdnsReplySender/serviceDiscovery( 754): at android.net.connectivity.com.android.server.connectivity.mdns.MdnsReplySender.sendNow(MdnsReplySender.java:111)
06-03 13:54:26.172 E/MdnsReplySender/serviceDiscovery( 754): at android.net.connectivity.com.android.server.connectivity.mdns.MdnsReplySender$SendHandler.handleMessage(MdnsReplySender.java:147)
06-03 13:54:26.172 E/MdnsReplySender/serviceDiscovery( 754): at android.os.Handler.dispatchMessage(Handler.java:106)
06-03 13:54:26.172 E/MdnsReplySender/serviceDiscovery( 754): at android.os.Looper.loopOnce(Looper.java:205)
06-03 13:54:26.172 E/MdnsReplySender/serviceDiscovery( 754): at android.os.Looper.loop(Looper.java:294)
06-03 13:54:26.172 E/MdnsReplySender/serviceDiscovery( 754): at android.os.HandlerThread.run(HandlerThread.java:67)
05-31 20:58:43.579 W/ ( 0): [0 T0 .s] [SP FRAME TX] arp req,vif_idx:0 sender:[1c:79:2d:20:62:cb 192.168.3.4]receiver:[00:00:00:00:00:00 192.168.3.56]
05-31 20:58:43.597 W/ ( 0): [3 T1197 ..] [SP FRAME RX] arp rsp,vif_idx:0 sender:[12:2c:8d:45:1c:5f 192.168.3.56]receiver:[1c:79:2d:20:62:cb 192.168.3.4]
05-31 20:58:43.859 W/ ( 0): [3 T1197 ..] [SP FRAME RX] arp req,vif_idx:0 sender:[12:2c:8d:45:1c:5f 192.168.3.56]receiver:[00:00:00:00:00:00 192.168.3.4]
05-31 20:58:43.860 W/ ( 0): [3 T1197 ..] [SP FRAME TX] arp rsp,vif_idx:0 sender:[1c:79:2d:20:62:cb 192.168.3.4]receiver:[12:2c:8d:45:1c:5f 192.168.3.56]
06-03 13:54:27.188 I/VDA ( 509): [0##19]"ServiceDeviceTask INs=1619/1626, OUTs=1617/1620"" {IN=7/8, OUT=10/13[kAtAccelerator(0) kAtDevice(3) kAtClient(10)]}"
06-03 13:54:28.218 I/VDA ( 509): [0##19]"ServiceDeviceTask INs=1650/1657, OUTs=1648/1651"" {IN=7/8, OUT=10/13[kAtAccelerator(0) kAtDevice(3) kAtClient(10)]}"
06-03 13:54:28.466 I/DebugUtil( 509): [0##19]in/out status {INS/OUTS=1665(1)/1654(0)}, pipeline status {IN=8/8, OUT=9/13[Component(0) Accelerator(4) Client(9)]}
06-03 13:54:28.771 I/WifiHAL ( 540): call wifi_get_link_stats handler
06-03 13:54:28.773 I/WifiHAL ( 540): Creating message to get link statistics; iface = 16
06-03 13:54:28.773 D/WifiHAL ( 540): error code -95 mapped to -3
06-03 13:54:28.774 E/WifiStaIfaceAidlImpl( 754): getLinkLayerStats failed with service-specific exception: android.os.ServiceSpecificException: (code 4)
06-03 13:54:29.249 I/VDA ( 509): [0##19]"ServiceDeviceTask INs=1681/1688, OUTs=1678/1682"" {IN=7/8, OUT=9/13[kAtAccelerator(0) kAtDevice(4) kAtClient(9)]}"
06-03 13:54:29.634 I/virtual void MediaDecoder::run()( 4827): notify decode next url: /data/user/0/com.dangbei.lerad.screensaver/files/download/61/city_1.mp4
06-03 13:54:29.634 E/screen_saver2( 4827): onDecodeNextStream: 0
06-03 13:54:29.634 E/screen_saver2( 4827): 本地记录index和回调的不一致
06-03 13:54:29.635 D/AdManager( 4827): advertisementNum: 2
06-03 13:54:30.281 I/VDA ( 509): [0##19]"ServiceDeviceTask INs=1712/1719, OUTs=1710/1713"" {IN=7/8, OUT=10/13[kAtAccelerator(0) kAtDevice(3) kAtClient(10)]}"
06-03 13:54:30.625 D/BufferPoolAccessor2.0( 4827): bufferpool2 0xe9d29fc8 : 8(12582912 size) total buffers - 8(12582912 size) used buffers - 0/9 (recycle/alloc) - 9/1732 (fetch/transfer)
06-03 13:54:31.309 I/VDA ( 509): [0##19]"ServiceDeviceTask INs=1742/1749, OUTs=1739/1744"" {IN=7/8, OUT=8/13[kAtAccelerator(0) kAtDevice(5) kAtClient(8)]}"
06-03 13:54:31.779 I/WifiHAL ( 540): call wifi_get_link_stats handler
06-03 13:54:31.779 I/WifiHAL ( 540): Creating message to get link statistics; iface = 16
06-03 13:54:31.780 D/WifiHAL ( 540): error code -95 mapped to -3
06-03 13:54:31.780 E/WifiStaIfaceAidlImpl( 754): getLinkLayerStats failed with service-specific exception: android.os.ServiceSpecificException: (code 4)
06-03 13:54:31.808 I/resolv ( 491): GetAddrInfoHandler::run: {100 100 100 983140 10043 0}
06-03 13:54:31.809 I/resolv ( 491): res_nmkquery: (QUERY, IN, A)
06-03 13:54:31.809 I/resolv ( 491): resolv_cache_lookup: FOUND IN CACHE entry=0xec7c7b70
06-03 13:54:31.809 I/resolv ( 491): doQuery: rcode=0, ancount=17, return value=497
06-03 13:54:31.812 D/TrafficStats( 4827): tagSocket(166) with statsTag=0xffffffff, statsUid=-1
06-03 13:54:32.336 I/VDA ( 509): [0##19]"ServiceDeviceTask INs=1773/1780, OUTs=1771/1775"" {IN=7/8, OUT=9/13[kAtAccelerator(0) kAtDevice(4) kAtClient(9)]}"
06-03 13:54:32.708 I/breathe ( 4909): type=1400 audit(0.0:2118): avc: denied { ioctl } for path="/dev/spidev1.0" dev="tmpfs" ino=533 ioctlcmd=0x6b00 scontext=u:r:init:s0 tcontext=u:object_r:device:s0 tclass=chr_file permissive=1
06-03 13:54:32.748 I/virtual Data FFDemuxer::read()( 4827): read frame ret: End of file latestReceivedTime: 212424 getTotalTimeMillis: 6666 is exit: 0
06-03 13:54:32.748 I/virtual Data FFDemuxer::read()( 4827): list smooth loop
06-03 13:54:32.754 I/virtual StreamInfo FFDemuxer::getVideoStreamInfo()( 4827): video width: 1920 video height: 1080 video pixelFormat: 0 fps: 30
06-03 13:54:32.755 D/virtual Data FFDemuxer::read()( 4827): open next url: /data/user/0/com.dangbei.lerad.screensaver/files/download/61/city_1.mp4
06-03 13:54:33.363 I/VDA ( 509): [0##19]"ServiceDeviceTask INs=1805/1812, OUTs=1802/1806"" {IN=7/8, OUT=9/13[kAtAccelerator(0) kAtDevice(4) kAtClient(9)]}"
06-03 13:54:33.466 I/DebugUtil( 509): [0##19]in/out status {INS/OUTS=1816(1)/1806(0)}, pipeline status {IN=7/8, OUT=10/13[Component(0) Accelerator(3) Client(10)]}
06-03 13:54:34.395 I/VDA ( 509): [0##19]"ServiceDeviceTask INs=1835/1842, OUTs=1833/1837"" {IN=7/8, OUT=9/13[kAtAccelerator(0) kAtDevice(4) kAtClient(9)]}"
06-03 13:54:34.503 I/ActivityManager( 754): Killing 2056:com.android.managedprovisioning/u0a22 (adj 985): empty #17
06-03 13:54:34.503 I/ActivityManager( 754): Killing 1835:com.android.tv.settings/1000 (adj 995): empty #18
06-03 13:54:34.504 I/ActivityManager( 754): Killing 1914:com.android.keychain/1000 (adj 995): empty #19
06-03 13:54:34.504 I/ActivityManager( 754): Killing 1935:com.android.music/u0a49 (adj 999): empty #20
06-03 13:54:34.507 D/bbb ( 2173): onStartCommand begin !!!!!!! data分区剩余 54619MB
06-03 13:54:34.584 I/Zygote ( 492): Process 1835 exited due to signal 9 (Killed)
06-03 13:54:34.585 W/ProcessStats( 754): Tracking association SourceState{4fe2be9 com.dangbei.leard.leradlauncher/1000 BFgs #680} whose proc state 4 is better than process ProcessState{ee45bd1 com.android.webview:webview_service/10051 pkg=com.android.webview} proc state 15 (6 skipped)
06-03 13:54:34.586 I/libprocessgroup( 754): Successfully killed process cgroup uid 10022 pid 2056 in 82ms
06-03 13:54:34.587 I/libprocessgroup( 754): Successfully killed process cgroup uid 1000 pid 1835 in 0ms
06-03 13:54:34.587 I/libprocessgroup( 754): Successfully killed process cgroup uid 1000 pid 1914 in 0ms
06-03 13:54:34.588 I/Zygote ( 492): Process 2056 exited due to signal 9 (Killed)
06-03 13:54:34.590 D/DisplayManagerService( 754): Drop pending events for gone uid 10022
06-03 13:54:34.605 I/MediaSessionStack( 754): removeSession | record: com.android.music/MediaPlaybackService (userId=0)
05-31 20:58:51.505 I/[0 T5154 ..] binder( 0): undelivered transaction 155202, process died.
05-31 20:58:51.505 I/[0 T5154 ..] binder( 0): undelivered transaction 155306, process died.
05-31 20:58:51.506 I/[0 T5154 ..] binder( 0): undelivered transaction 155946, process died.
05-31 20:58:51.507 I/[0 T5154 ..] binder( 0): undelivered transaction 155124, process died.
06-03 13:54:34.609 I/Zygote ( 492): Process 1935 exited due to signal 9 (Killed)
06-03 13:54:34.612 V/MediaPlayerList( 1333): onActiveSessionsChanged: number of controllers: 0
06-03 13:54:34.612 D/AvrcpTargetJni( 1333): sendPlayerSettingsNative
06-03 13:54:34.612 I/bt_stack( 1333): [INFO:avrcp_service.cc(551)] virtual void bluetooth::avrcp::AvrcpService::SendPlayerSettingsChanged(std::vector, std::vector)
06-03 13:54:34.612 I/bt_stack( 1333): [INFO:avrcp_service.cc(565)] attribute=PlayerAttribute::REPEAT : value=PlayerRepeatValue::OFF
06-03 13:54:34.612 I/bt_stack( 1333): attribute=PlayerAttribute::SHUFFLE : value=PlayerShuffleValue::OFF
06-03 13:54:34.612 I/bt_stack( 1333):
06-03 13:54:34.613 D/DisplayManagerService( 754): Drop pending events for gone uid 10049
06-03 13:54:34.631 I/Zygote ( 492): Process 1914 exited due to signal 9 (Killed)
06-03 13:54:34.633 I/libprocessgroup( 754): Successfully killed process cgroup uid 10049 pid 1935 in 0ms
06-03 13:54:34.784 I/WifiHAL ( 540): call wifi_get_link_stats handler
06-03 13:54:34.784 I/WifiHAL ( 540): Creating message to get link statistics; iface = 16
06-03 13:54:34.784 D/WifiHAL ( 540): error code -95 mapped to -3
06-03 13:54:34.785 E/WifiStaIfaceAidlImpl( 754): getLinkLayerStats failed with service-specific exception: android.os.ServiceSpecificException: (code 4)
06-03 13:54:35.423 I/VDA ( 509): [0##19]"ServiceDeviceTask INs=1865/1872, OUTs=1863/1867"" {IN=7/8, OUT=9/13[kAtAccelerator(0) kAtDevice(4) kAtClient(9)]}"
06-03 13:54:35.836 D/BufferPoolAccessor2.0( 4827): bufferpool2 0xe9d29fc8 : 8(12582912 size) total buffers - 8(12582912 size) used buffers - 0/9 (recycle/alloc) - 9/1888 (fetch/transfer)
06-03 13:54:36.450 I/VDA ( 509): [0##19]"ServiceDeviceTask INs=1897/1904, OUTs=1894/1898"" {IN=7/8, OUT=9/13[kAtAccelerator(0) kAtDevice(4) kAtClient(9)]}"
06-03 13:54:36.920 I/netd ( 491): setProcSysNet(4, 2, wlan0, retrans_time_ms, 1000) <0.21ms>
06-03 13:54:36.921 I/netd ( 491): setProcSysNet(4, 2, wlan0, ucast_solicit, 15) <0.15ms>
06-03 13:54:36.922 I/netd ( 491): setProcSysNet(6, 2, wlan0, retrans_time_ms, 1000) <0.18ms>
06-03 13:54:36.922 I/netd ( 491): setProcSysNet(6, 2, wlan0, ucast_solicit, 15) <0.24ms>
06-03 13:54:37.108 I/virtual void MediaDecoder::run()( 4827): notify decode next url: /data/user/0/com.dangbei.lerad.screensaver/files/download/61/city_2.mp4
06-03 13:54:37.109 E/screen_saver2( 4827): onDecodeNextStream: 1
06-03 13:54:37.110 D/AdManager( 4827): advertisementNum: 1
06-03 13:54:37.481 I/VDA ( 509): [0##19]"ServiceDeviceTask INs=1928/1935, OUTs=1926/1929"" {IN=7/8, OUT=10/13[kAtAccelerator(0) kAtDevice(3) kAtClient(10)]}"
06-03 13:54:37.793 I/WifiHAL ( 540): call wifi_get_link_stats handler
06-03 13:54:37.793 I/WifiHAL ( 540): Creating message to get link statistics; iface = 16
06-03 13:54:37.794 D/WifiHAL ( 540): error code -95 mapped to -3
06-03 13:54:37.794 E/WifiStaIfaceAidlImpl( 754): getLinkLayerStats failed with service-specific exception: android.os.ServiceSpecificException: (code 4)
06-03 13:54:38.466 I/DebugUtil( 509): [0##19]in/out status {INS/OUTS=1966(1)/1955(0)}, pipeline status {IN=8/8, OUT=10/13[Component(0) Accelerator(3) Client(10)]}
06-03 13:54:38.510 I/VDA ( 509): [0##19]"ServiceDeviceTask INs=1959/1966, OUTs=1957/1960"" {IN=7/8, OUT=10/13[kAtAccelerator(0) kAtDevice(3) kAtClient(10)]}"
05-31 20:58:56.127 W/ ( 0): [0 T4992 ..] [aml_send_sync_trace 4388] sync token[13207]
05-31 20:58:56.127 W/ ( 0): [0 T4992 ..] >>> aml_send_msg()
05-31 20:58:56.128 W/ ( 0): [2 T1196 ..] ipc_sdio_host_msgack_handler 00000000318e1bcd
05-31 20:58:56.128 W/ ( 0): [2 T1196 ..] [aml_msgackind 2038] msg ack hostid=0xffffff8021e15500
05-31 20:58:56.129 W/ ( 0): [2 T1196 ..] [cmd_mgr_llind 329] cmd tkn[59] flags:0008 result: -4 cmd: 105-MM_SYNC_TRACE - reqcfm( 0-none)
05-31 20:58:56.131 W/ ( 0): [2 T1196 ..] [cmd_complete 65] cmd tkn[59] flags:0000 result: -4 cmd: 105-MM_SYNC_TRACE - reqcfm( 0-none)
06-03 13:54:39.336 I/virtual Data FFDemuxer::read()( 4827): read frame ret: End of file latestReceivedTime: 219923 getTotalTimeMillis: 7500 is exit: 0
06-03 13:54:39.336 I/virtual Data FFDemuxer::read()( 4827): list smooth loop
06-03 13:54:39.341 I/virtual StreamInfo FFDemuxer::getVideoStreamInfo()( 4827): video width: 1920 video height: 1080 video pixelFormat: 0 fps: 30
06-03 13:54:39.341 D/virtual Data FFDemuxer::read()( 4827): open next url: /data/user/0/com.dangbei.lerad.screensaver/files/download/61/city_2.mp4
06-03 13:54:39.538 I/VDA ( 509): [0##19]"ServiceDeviceTask INs=1990/1997, OUTs=1987/1991"" {IN=7/8, OUT=9/13[kAtAccelerator(0) kAtDevice(4) kAtClient(9)]}"
06-03 13:54:40.568 I/VDA ( 509): [0##19]"ServiceDeviceTask INs=2021/2028, OUTs=2018/2022"" {IN=7/8, OUT=9/13[kAtAccelerator(0) kAtDevice(4) kAtClient(9)]}"
06-03 13:54:40.800 I/WifiHAL ( 540): call wifi_get_link_stats handler
06-03 13:54:40.800 I/WifiHAL ( 540): Creating message to get link statistics; iface = 16
06-03 13:54:40.800 D/WifiHAL ( 540): error code -95 mapped to -3
06-03 13:54:40.801 E/WifiStaIfaceAidlImpl( 754): getLinkLayerStats failed with service-specific exception: android.os.ServiceSpecificException: (code 4)
06-03 13:54:40.974 D/nStackXCoAP( 2829): IsInSameNetwork:[276] :IsInSameNetwork exec
06-03 13:54:40.974 I/nStackXDFinder( 2829): GetLocalInterfaceDetail:[461] :GetLocalInterfaceDetail in
06-03 13:54:40.974 E/nStackXCoAP( 2829): IsInSameNetwork:[281] :IsInSameNetwork: not priority process
06-03 13:54:40.974 D/nStackXCoAP( 2829): ParseServiceDiscover:[330] :new device join
06-03 13:54:40.974 E/nStackXDFinder( 2829): GetLocalIp:[401] :GetLocalIp exec
06-03 13:54:40.993 D/nStackXCoAP( 2829): CoapMessageHandler:[133] :2.01
06-03 13:54:41.055 D/nStackXCoAP( 2829): IsInSameNetwork:[276] :IsInSameNetwork exec
06-03 13:54:41.055 I/nStackXDFinder( 2829): GetLocalInterfaceDetail:[461] :GetLocalInterfaceDetail in
06-03 13:54:41.055 E/nStackXCoAP( 2829): IsInSameNetwork:[281] :IsInSameNetwork: not priority process
06-03 13:54:41.055 D/nStackXCoAP( 2829): ParseServiceDiscover:[330] :new device join
06-03 13:54:41.055 E/nStackXDFinder( 2829): GetLocalIp:[401] :GetLocalIp exec
06-03 13:54:41.067 D/nStackXCoAP( 2829): CoapMessageHandler:[133] :2.01
06-03 13:54:41.084 D/BufferPoolAccessor2.0( 4827): bufferpool2 0xe9d29fc8 : 8(12582912 size) total buffers - 8(12582912 size) used buffers - 0/9 (recycle/alloc) - 9/2044 (fetch/transfer)
06-03 13:54:41.280 D/nStackXCoAP( 2829): IsInSameNetwork:[276] :IsInSameNetwork exec
06-03 13:54:41.280 I/nStackXDFinder( 2829): GetLocalInterfaceDetail:[461] :GetLocalInterfaceDetail in
06-03 13:54:41.280 E/nStackXCoAP( 2829): IsInSameNetwork:[281] :IsInSameNetwork: not priority process
06-03 13:54:41.280 D/nStackXCoAP( 2829): ParseServiceDiscover:[330] :new device join
06-03 13:54:41.280 E/nStackXDFinder( 2829): GetLocalIp:[401] :GetLocalIp exec
06-03 13:54:41.296 D/nStackXCoAP( 2829): CoapMessageHandler:[133] :2.01
06-03 13:54:41.599 I/VDA ( 509): [0##19]"ServiceDeviceTask INs=2051/2058, OUTs=2048/2052"" {IN=7/8, OUT=9/13[kAtAccelerator(0) kAtDevice(4) kAtClient(9)]}"
06-03 13:54:41.995 D/nStackXCoAP( 2829): IsInSameNetwork:[276] :IsInSameNetwork exec
06-03 13:54:41.995 I/nStackXDFinder( 2829): GetLocalInterfaceDetail:[461] :GetLocalInterfaceDetail in
06-03 13:54:41.995 E/nStackXCoAP( 2829): IsInSameNetwork:[281] :IsInSameNetwork: not priority process
06-03 13:54:41.995 D/nStackXCoAP( 2829): ParseServiceDiscover:[330] :new device join
06-03 13:54:41.995 E/nStackXDFinder( 2829): GetLocalIp:[401] :GetLocalIp exec
06-03 13:54:42.016 D/nStackXCoAP( 2829): CoapMessageHandler:[133] :2.01
06-03 13:54:42.502 D/nStackXCoAP( 2829): IsInSameNetwork:[276] :IsInSameNetwork exec
06-03 13:54:42.502 I/nStackXDFinder( 2829): GetLocalInterfaceDetail:[461] :GetLocalInterfaceDetail in
06-03 13:54:42.502 E/nStackXCoAP( 2829): IsInSameNetwork:[281] :IsInSameNetwork: not priority process
06-03 13:54:42.502 D/nStackXCoAP( 2829): ParseServiceDiscover:[330] :new device join
06-03 13:54:42.502 E/nStackXDFinder( 2829): GetLocalIp:[401] :GetLocalIp exec
06-03 13:54:42.522 D/nStackXCoAP( 2829): CoapMessageHandler:[133] :2.01
06-03 13:54:42.629 I/VDA ( 509): [0##19]"ServiceDeviceTask INs=2081/2088, OUTs=2079/2083"" {IN=7/8, OUT=9/13[kAtAccelerator(0) kAtDevice(4) kAtClient(9)]}"
06-03 13:54:43.014 D/nStackXCoAP( 2829): IsInSameNetwork:[276] :IsInSameNetwork exec
06-03 13:54:43.014 I/nStackXDFinder( 2829): GetLocalInterfaceDetail:[461] :GetLocalInterfaceDetail in
06-03 13:54:43.014 E/nStackXCoAP( 2829): IsInSameNetwork:[281] :IsInSameNetwork: not priority process
06-03 13:54:43.014 D/nStackXCoAP( 2829): ParseServiceDiscover:[330] :new device join
06-03 13:54:43.014 E/nStackXDFinder( 2829): GetLocalIp:[401] :GetLocalIp exec
06-03 13:54:43.026 D/nStackXCoAP( 2829): CoapMessageHandler:[133] :2.01
06-03 13:54:43.466 I/DebugUtil( 509): [0##19]in/out status {INS/OUTS=2116(1)/2105(0)}, pipeline status {IN=8/8, OUT=10/13[Component(0) Accelerator(3) Client(10)]}
06-03 13:54:43.518 D/nStackXCoAP( 2829): IsInSameNetwork:[276] :IsInSameNetwork exec
06-03 13:54:43.518 I/nStackXDFinder( 2829): GetLocalInterfaceDetail:[461] :GetLocalInterfaceDetail in
06-03 13:54:43.518 E/nStackXCoAP( 2829): IsInSameNetwork:[281] :IsInSameNetwork: not priority process
06-03 13:54:43.518 D/nStackXCoAP( 2829): ParseServiceDiscover:[330] :new device join
06-03 13:54:43.519 E/nStackXDFinder( 2829): GetLocalIp:[401] :GetLocalIp exec
06-03 13:54:43.552 D/nStackXCoAP( 2829): CoapMessageHandler:[133] :2.01
06-03 13:54:43.658 I/VDA ( 509): [0##19]"ServiceDeviceTask INs=2113/2120, OUTs=2111/2114"" {IN=7/8, OUT=10/13[kAtAccelerator(0) kAtDevice(3) kAtClient(10)]}"
06-03 13:54:43.803 I/virtual void MediaDecoder::run()( 4827): notify decode next url: /data/user/0/com.dangbei.lerad.screensaver/files/download/61/city_1.mp4
06-03 13:54:43.804 E/screen_saver2( 4827): onDecodeNextStream: 0
06-03 13:54:43.804 E/screen_saver2( 4827): 本地记录index和回调的不一致
06-03 13:54:43.804 D/AdManager( 4827): advertisementNum: 0
06-03 13:54:43.804 D/AdManager( 4827): showAdvertisement
06-03 13:54:43.804 I/void PlayerProxy::abortRequest(long)( 4827): abortRequest
06-03 13:54:43.804 I/void PlayerProxy::release(long)( 4827): start release
06-03 13:54:43.804 I/static int FFDemuxer::interruptCallBack(void *)( 4827): abort request
06-03 13:54:43.804 I/WifiHAL ( 540): call wifi_get_link_stats handler
06-03 13:54:43.804 I/WifiHAL ( 540): Creating message to get link statistics; iface = 16
06-03 13:54:43.805 E/virtual Data FFDemuxer::read()( 4827): read frame failed: Invalid data found when processing input
06-03 13:54:43.805 D/WifiHAL ( 540): error code -95 mapped to -3
06-03 13:54:43.805 E/virtual Data FFDemuxer::read()( 4827): read frame failed: Invalid data found when processing input
06-03 13:54:43.805 E/virtual Data FFDemuxer::read()( 4827): read frame failed: Invalid data found when processing input
06-03 13:54:43.805 E/virtual Data FFDemuxer::read()( 4827): read frame failed: Invalid data found when processing input
06-03 13:54:43.805 E/virtual Data FFDemuxer::read()( 4827): read frame failed: Invalid data found when processing input
06-03 13:54:43.805 I/static int FFDemuxer::interruptCallBack(void *)( 4827): abort request
06-03 13:54:43.805 I/static int FFDemuxer::interruptCallBack(void *)( 4827): abort request
06-03 13:54:43.805 I/virtual Data FFDemuxer::read()( 4827): read frame ret: Immediate exit requested latestReceivedTime: 223256 getTotalTimeMillis: 6666 is exit: 1
06-03 13:54:43.805 D/virtual void IDemuxer::run()( 4827): flush packet stop buffer if need
06-03 13:54:43.805 E/WifiStaIfaceAidlImpl( 754): getLinkLayerStats failed with service-specific exception: android.os.ServiceSpecificException: (code 4)
06-03 13:54:43.805 D/void Thread::stop()( 4827): Thread-MediaDecoder start stop
06-03 13:54:43.814 I/void JavaCallback::JNIDetachThread()( 4827): detach thread
06-03 13:54:43.815 I/void MediaDecoder::render()( 4827): stop 2
06-03 13:54:43.815 I/void JavaCallback::JNIDetachThread()( 4827): detach thread
06-03 13:54:43.815 I/virtual void MediaDecoder::run()( 4827): stop 2
06-03 13:54:43.815 D/void Thread::stop()( 4827): Thread-MediaDecoder stop success
06-03 13:54:43.815 D/void Thread::stop()( 4827): Thread-FFDemuxer start stop
06-03 13:54:43.816 I/void JavaCallback::JNIDetachThread()( 4827): detach thread
06-03 13:54:43.816 I/virtual void IDemuxer::run()( 4827): stop
06-03 13:54:43.826 D/void Thread::stop()( 4827): Thread-FFDemuxer stop success
06-03 13:54:43.826 D/void Thread::stop()( 4827): Thread-Player start stop
06-03 13:54:43.829 I/void JavaCallback::JNIDetachThread()( 4827): detach thread
06-03 13:54:43.829 I/virtual void Player::run()( 4827): stop
06-03 13:54:43.836 D/void Thread::stop()( 4827): Thread-Player stop success
06-03 13:54:43.836 I/virtual void IDemuxer::clear()( 4827): clear success
06-03 13:54:43.855 I/virtual void IDecoder::clear(bool)( 4827): clear success 2 serial: 1
06-03 13:54:43.855 I/virtual void MediaDecoder::clear(bool)( 4827): clear success 2
06-03 13:54:43.855 I/virtual void FFDemuxer::close()( 4827): start
06-03 13:54:43.856 I/virtual void FFDemuxer::close()( 4827): close success
06-03 13:54:43.856 D/SurfaceUtils( 4827): connecting to surface 0xbc204ba8, reason connectToSurface
06-03 13:54:43.856 I/MediaCodec( 4827): [c2.amlogic.hevc.decoder] setting surface generation to 4942852
06-03 13:54:43.856 D/SurfaceUtils( 4827): disconnecting from surface 0xbc204ba8, reason connectToSurface(reconnect)
06-03 13:54:43.856 D/SurfaceUtils( 4827): connecting to surface 0xbc204ba8, reason connectToSurface(reconnect)
06-03 13:54:43.856 D/Codec2-OutputBufferQueue( 4827): C2SurfaceSyncMemory created 20(20)
06-03 13:54:43.857 D/Codec2-OutputBufferQueue( 4827): remote graphic buffer migration 9/9
06-03 13:54:43.857 D/Codec2Client( 4827): setOutputSurface -- generation=4942852 consumer usage=0x900 sync
06-03 13:54:43.859 D/C2BqBuffer( 509): local generation change 4942852 , bqId: 20731807137795 migrated buffers # 3
06-03 13:54:43.859 D/Codec2Client( 4827): Surface configure completed
06-03 13:54:43.859 D/SurfaceUtils( 4827): disconnecting from surface 0xf16f0ce8, reason disconnectFromSurface
06-03 13:54:43.860 D/CCodecBufferChannel( 4827): [c2.amlogic.hevc.decoder#232] MediaCodec discarded an unknown buffer
06-03 13:54:43.861 D/CCodecBufferChannel( 4827): [c2.amlogic.hevc.decoder#232] MediaCodec discarded an unknown buffer
06-03 13:54:43.861 I/C2VdecComponent( 509): [0##19]"[release]"
06-03 13:54:43.861 D/CCodecBufferChannel( 4827): [c2.amlogic.hevc.decoder#232] MediaCodec discarded an unknown buffer
06-03 13:54:43.861 I/C2VdecComponent( 509): [0##19]"[reset]"
06-03 13:54:43.861 I/C2VdecComponent( 509): [0##19]"[stop]"
06-03 13:54:43.861 D/CCodecBufferChannel( 4827): [c2.amlogic.hevc.decoder#232] MediaCodec discarded an unknown buffer
06-03 13:54:43.861 D/CCodecBufferChannel( 4827): [c2.amlogic.hevc.decoder#232] MediaCodec discarded an unknown buffer
06-03 13:54:43.861 I/C2VdecComponent( 509): [0##19]"[onStop]"
06-03 13:54:43.861 D/CCodecBufferChannel( 4827): [c2.amlogic.hevc.decoder#232] MediaCodec discarded an unknown buffer
06-03 13:54:43.861 D/CCodecBufferChannel( 4827): [c2.amlogic.hevc.decoder#232] MediaCodec discarded an unknown buffer
06-03 13:54:43.861 D/CCodecBufferChannel( 4827): [c2.amlogic.hevc.decoder#232] MediaCodec discarded an unknown buffer
06-03 13:54:43.861 D/CCodecBufferChannel( 4827): [c2.amlogic.hevc.decoder#232] MediaCodec discarded an unknown buffer
06-03 13:54:43.861 D/CCodecBufferChannel( 4827): [c2.amlogic.hevc.decoder#232] MediaCodec discarded an unknown buffer
06-03 13:54:43.862 I/VideoDecWraper( 509): [0##19]"stop"
06-03 13:54:43.862 I/AmVideoDec( 509): [No--1]-[0]"reset\n"
06-03 13:54:43.862 I/VDA ( 509): [0##19]"Reset"
06-03 13:54:43.862 I/VDA ( 509): [0##19]"ResetTask\n"
06-03 13:54:43.862 I/AmlManagePts( 509): [0]"resetPtsInfo into\n"
06-03 13:54:43.862 I/AmlManagePts( 509): [0]"resetOutPutInfo into\n"
06-03 13:54:43.862 I/virtual void MediaDecoder::close()( 4827): close success 2
06-03 13:54:43.862 I/void Player::setState(PLAYER_STATE)( 4827): state changed newState: 7 oldState: 3
06-03 13:54:43.862 D/LeradPlayer( 4827): player newState: 7 oldState: 3
06-03 13:54:43.862 I/void Player::close()( 4827): close success
06-03 13:54:43.862 I/JavaCallback::~JavaCallback()( 4827): delete success
06-03 13:54:43.862 I/Player::~Player()( 4827): start delete
06-03 13:54:43.862 I/virtual FFDemuxer::~FFDemuxer()( 4827): delete success
06-03 13:54:43.862 I/virtual FFAVDecoder::~FFAVDecoder()( 4827): delete success
06-03 13:54:43.862 I/virtual MediaDecoder::~MediaDecoder()( 4827): delete success
06-03 13:54:43.862 I/virtual FFAVDecoder::~FFAVDecoder()( 4827): delete success
06-03 13:54:43.863 I/virtual FFSubtitleDecoder::~FFSubtitleDecoder()( 4827): delete success
06-03 13:54:43.863 I/virtual FFResample::~FFResample()( 4827): delete success
06-03 13:54:43.863 I/virtual AudioTrackOutput::~AudioTrackOutput()( 4827): delete success
06-03 13:54:43.863 D/virtual GLVideoOutput::~GLVideoOutput()( 4827): delete success
06-03 13:54:43.863 I/Player::~Player()( 4827): delete success
06-03 13:54:43.863 I/void PlayerProxy::release(long)( 4827): release success
06-03 13:54:43.864 I/VDA ( 509): [0##19]"FinishReset\n"
06-03 13:54:43.864 I/VDA ( 509): [0##19]"StopInputStream input_streamon 1, input_buffer_map_.size 8\n"
06-03 13:54:43.864 I/VDA ( 509): [0##19]"----stop input VIDIOC_STREAMOFF----\n"
06-03 13:54:43.864 I/VDA ( 509): [0##19]"StopDevicePoll\n"
06-03 13:54:43.865 D/PipelineWatcher( 4827): onInputBufferReleased: frameIndex not found (2120); ignored
06-03 13:54:43.865 D/PipelineWatcher( 4827): onInputBufferReleased: frameIndex not found (2121); ignored
06-03 13:54:43.865 I/VDA ( 509): [0##19]"----stop output VIDIOC_STREAMOFF----\n"
06-03 13:54:43.865 D/PipelineWatcher( 4827): onInputBufferReleased: frameIndex not found (2122); ignored
06-03 13:54:43.865 D/PipelineWatcher( 4827): onInputBufferReleased: frameIndex not found (2123); ignored
06-03 13:54:43.865 D/PipelineWatcher( 4827): onInputBufferReleased: frameIndex not found (2124); ignored
05-31 20:59:00.765 I/[3 T5090 ..] [amlv4l]( 0): [19]: reset mode: 1, es frames buffering: 2
05-31 20:59:00.765 D/[3 T5090 ..] [h265]( 0): [0]h265:pts_unstable=0
05-31 20:59:00.765 D/[3 T5090 ..] [h265]( 0): [0]h265: ver (201602101,0) decinfo: 0x0 rate=3600
06-03 13:54:43.868 D/PipelineWatcher( 4827): onInputBufferReleased: frameIndex not found (2119); ignored
06-03 13:54:43.868 D/PipelineWatcher( 4827): onInputBufferReleased: frameIndex not found (2125); ignored
05-31 20:59:00.774 I/[2 T5090 ..] [amlv4l]( 0): [19]: reset mode: 1, es frames buffering: 0
05-31 20:59:00.774 D/[2 T5090 ..] [h265]( 0): [0]h265:pts_unstable=0
05-31 20:59:00.774 D/[2 T5090 ..] [h265]( 0): [0]h265: ver (201602101,0) decinfo: 0x0 rate=3600
06-03 13:54:43.875 I/VDA ( 509): [0##19]"SendPictureReady\n"
06-03 13:54:43.875 I/VDA ( 509): [0##19]"post ResetDoneTask\n"
06-03 13:54:43.875 I/VDA ( 509): [0##19]"ResetDoneTask\n"
06-03 13:54:43.875 I/VDA ( 509): [0##19]"StartDevicePoll\n"
06-03 13:54:43.875 I/VDA ( 509): [0##19]"NotifyResetDone\n"
06-03 13:54:43.875 I/AmVideoDec( 509): [No--1]-[0]"notifyResetDone\n"
06-03 13:54:43.875 I/VideoDecWraper( 509): [0##19]"onResetDone\n"
06-03 13:54:43.875 I/C2VdecComponent( 509): [0##19]"[NotifyFlushOrStopDone]"
06-03 13:54:43.875 I/android.hardware.media.c2@1.2-service( 509): (null) is not set, used defaultValue = 0
06-03 13:54:43.875 I/C2VdecComponent( 509): [0##19]"[onFlushOrStopDone]"
06-03 13:54:43.875 I/C2VdecComponent( 509): [0##19]"[onStopDone]"
06-03 13:54:43.876 I/C2VdecComponent( 509): [reportAbandonedWorks] no-tunnel mode abandon bitstreamid:2116 mediatimeus:70597000
06-03 13:54:43.876 I/C2VdecComponent( 509): [reportAbandonedWorks] no-tunnel mode abandon bitstreamid:2117 mediatimeus:70530000
06-03 13:54:43.876 I/C2VdecComponent( 509): [reportAbandonedWorks] no-tunnel mode abandon bitstreamid:2119 mediatimeus:70564000
06-03 13:54:43.876 I/C2VdecComponent( 509): [reportAbandonedWorks] no-tunnel mode abandon bitstreamid:2120 mediatimeus:70797000
06-03 13:54:43.876 I/C2VdecComponent( 509): [reportAbandonedWorks] no-tunnel mode abandon bitstreamid:2121 mediatimeus:70697000
06-03 13:54:43.876 I/C2VdecComponent( 509): [reportAbandonedWorks] no-tunnel mode abandon bitstreamid:2122 mediatimeus:70630000
06-03 13:54:43.876 I/C2VdecComponent( 509): [reportAbandonedWorks] no-tunnel mode abandon bitstreamid:2123 mediatimeus:70664000
06-03 13:54:43.876 I/C2VdecComponent( 509): [reportAbandonedWorks] no-tunnel mode abandon bitstreamid:2124 mediatimeus:70730000
06-03 13:54:43.876 I/C2VdecComponent( 509): [reportAbandonedWorks] no-tunnel mode abandon bitstreamid:2125 mediatimeus:70764000
06-03 13:54:43.876 I/C2VdecComponent( 509): [0##19]"[onStopDone] clear decoder duration"
06-03 13:54:43.876 I/C2VdecDeviceUtil( 509): [0#19]"into clearDecoderDuration"
06-03 13:54:43.876 I/AmlManagePts( 509): [0]"setDuration error duration[0]type[2]\n"
06-03 13:54:43.877 I/C2VdecBlockPoolUtil( 509): ~C2VdecBlockPoolUtil success:2119 count:4165 fetch level:0.508763
06-03 13:54:43.877 I/C2VdecComponent( 509): [0##19]"[stop] done"
06-03 13:54:43.877 I/DebugUtil( 509): [~DebugUtil:71]
06-03 13:54:43.878 I/C2VdecComponent( 509): [0##19]"[onDestroy]"
06-03 13:54:43.878 I/C2VdecDequeueThreadUtil( 509): ~DequeueThreadUtil!!
06-03 13:54:43.878 I/VideoDecWraper( 509): [0##19]"destroy"
06-03 13:54:43.878 D/ResmanWrapper( 509): ~resManWrapper fd = 11
06-03 13:54:43.878 D/resman ( 509): release all resource, fd = 11
06-03 13:54:43.878 I/VDA ( 509): [0##19]"Destroy:1702"
06-03 13:54:43.878 I/VDA ( 509): [0##19]"DestroyTask INS=0/0, OUTS=0/0"" {IN=0/8, OUT=13/13[kAtAccelerator(0) kAtDevice(0) kAtClient(13)]}"
06-03 13:54:43.878 I/VDA ( 509): [0##19]"StopDevicePoll\n"
06-03 13:54:43.880 I/VDA ( 509): [0##19]"StopInputStream input_streamon 0, input_buffer_map_.size 8\n"
06-03 13:54:43.880 I/AmlManagePts( 509): [0]"resetPtsInfo into\n"
06-03 13:54:43.880 I/AmlManagePts( 509): [0]"resetOutPutInfo into\n"
06-03 13:54:43.880 I/VDA ( 509): [0##19]"DestroyInputBuffers:5083"
06-03 13:54:43.880 I/VDA ( 509): [0##19]"DestroyOutputBuffers:5126"
06-03 13:54:43.882 I/VDA ( 509): [0##19]"DestroyTask:4223"
06-03 13:54:43.882 I/VDA ( 509): [0##19]"DestroyTask:4225 destroy done signal."
06-03 13:54:43.882 I/BufferPoolWraper( 509): [5]"free bufferpool region memory"
06-03 13:54:43.883 I/dmabufmanage( 509): dmabufmanage_uninit-122 UnRegister dmabuf manager success 6
06-03 13:54:43.883 I/BufferPoolWraper( 509): [5]"~BufferPoolWraper:163"
06-03 13:54:43.883 I/AmlManagePts( 509): [0]"~AmlManagePts into\n"
06-03 13:54:43.883 I/VDA ( 509): [0##19]"~V4L2VideoDecodeAccelerator:679"
06-03 13:54:43.885 I/SystemControl( 343): [/UEventObserver.cpp, HDMITxUenventThreadLoop, 451] HDMI TX switch_name:0, switch_state:
06-03 13:54:43.885 I/SystemControl-FRA( 343): [/FrameRateAutoAdaption.cpp, isFrameRateOn, 176] hdmi frame rate is on
06-03 13:54:43.880 I/xm_hidread( 2267): type=1400 audit(0.0:2119): avc: denied { read } for scontext=u:r:init:s0 tcontext=u:r:init:s0 tclass=netlink_kobject_uevent_socket permissive=1
06-03 13:54:43.886 D/XM_HIDREAD( 2267): remove@ remove@/devices/platform/vdec/ammvdec_h265_v4l.0
05-31 20:59:00.783 I/[2 T5085 ..] [amlv4l]( 0): [19]: reset mode: 1, es frames buffering: 0
05-31 20:59:00.783 D/[2 T5085 ..] [h265]( 0): [0]h265:pts_unstable=0
05-31 20:59:00.783 D/[2 T5085 ..] [h265]( 0): [0]h265: ver (201602101,0) decinfo: 0x0 rate=3600
05-31 20:59:00.785 D/[3 T5085 ..] [amlcom]( 0): vdec_release instance 0000000078e69225, total 1
05-31 20:59:00.786 I/[0 T5085 ..] [amlcom]( 0): dos_local_config end, id 3, is_on 0
05-31 20:59:00.787 D/[0 T5085 ..] [media_clock]( 0): the clk_hevcf_mux clock off, ref cnt: 0
05-31 20:59:00.787 I/ ( 0): [0 T5085 ..] deinit session
06-03 13:54:43.889 I/VideoDecWraper( 509): [0##19]"~VideoDecWraper"
06-03 13:54:43.889 I/AmVideoDec( 509): [No--1]-[0]"~AmVideoDec IN[2126:2126] OUT[2119:2116]\n"
06-03 13:54:43.889 I/C2VdecDeviceUtil( 509): [~DeviceUtil:70]
06-03 13:54:43.890 I/C2VdecDeviceUtil( 509): setSkipReallocBufMode:0
06-03 13:54:43.890 I/C2VdecDeviceUtil( 509): [~DeviceUtil:76] clear vendor.media.llp
06-03 13:54:43.890 I/C2VdecGrallocWraper( 509): free slot:0
06-03 13:54:43.890 I/gralloc ( 509): am_gralloc_set_uvm_decoder_para: parameters:[slot_id=0,w*h(0*0),w_align=0,h_align=0,size=0]
06-03 13:54:43.890 I/C2VdecComponent( 509): [0##19]"[onDestroy] done"
05-31 20:59:00.787 I/ ( 0): [0 T5085 ..] deinit session producer-2
05-31 20:59:00.788 I/ ( 0): [0 T5085 ..] deinit has_unusing_fifo [1]
05-31 20:59:00.788 I/ ( 0): [2 T99 ..] p_fifo[2] name[aml-vcodec-dec] state[0] to MP_FIFO_UNUSED
06-03 13:54:43.891 D/C2BqBuffer( 509): configuring null producer: igbp_information(0)
06-03 13:54:43.892 D/SurfaceUtils( 4827): disconnecting from surface 0xbc204ba8, reason disconnectFromSurface
06-03 13:54:43.892 I/hw-BpHwBinder( 4827): onLastStrongRef automatically unlinking death recipients
06-03 13:54:43.892 I/hw-BpHwBinder( 509): onLastStrongRef automatically unlinking death recipients
06-03 13:54:43.892 I/C2VdecComponent( 509): [0##19]"~C2VdecComponent start"
06-03 13:54:43.892 I/C2VdecComponent( 509): [0##19]"~C2VdecComponent done"
06-03 13:54:43.894 D/MediaCodec( 4827): flushMediametrics
06-03 13:54:43.896 D/MediaCodec( 4827): flushMediametrics
06-03 13:54:43.896 W/MediaCodec( 4827): no metrics handle found
06-03 13:54:44.037 D/nStackXCoAP( 2829): IsInSameNetwork:[276] :IsInSameNetwork exec
06-03 13:54:44.038 I/nStackXDFinder( 2829): GetLocalInterfaceDetail:[461] :GetLocalInterfaceDetail in
06-03 13:54:44.038 E/nStackXCoAP( 2829): IsInSameNetwork:[281] :IsInSameNetwork: not priority process
06-03 13:54:44.038 D/nStackXCoAP( 2829): ParseServiceDiscover:[330] :new device join
06-03 13:54:44.038 E/nStackXDFinder( 2829): GetLocalIp:[401] :GetLocalIp exec
06-03 13:54:44.060 D/nStackXCoAP( 2829): CoapMessageHandler:[133] :2.01
06-03 13:54:44.472 D/AdManager( 4827): notFetchAd
06-03 13:54:44.472 D/AdManager( 4827): onComplete
06-03 13:54:44.537 D/nStackXCoAP( 2829): IsInSameNetwork:[276] :IsInSameNetwork exec
06-03 13:54:44.537 I/nStackXDFinder( 2829): GetLocalInterfaceDetail:[461] :GetLocalInterfaceDetail in
06-03 13:54:44.537 E/nStackXCoAP( 2829): IsInSameNetwork:[281] :IsInSameNetwork: not priority process
06-03 13:54:44.537 D/nStackXCoAP( 2829): ParseServiceDiscover:[330] :new device join
06-03 13:54:44.537 E/nStackXDFinder( 2829): GetLocalIp:[401] :GetLocalIp exec
06-03 13:54:44.556 D/nStackXCoAP( 2829): CoapMessageHandler:[133] :2.01
06-03 13:54:45.045 D/nStackXCoAP( 2829): IsInSameNetwork:[276] :IsInSameNetwork exec
06-03 13:54:45.045 I/nStackXDFinder( 2829): GetLocalInterfaceDetail:[461] :GetLocalInterfaceDetail in
06-03 13:54:45.045 E/nStackXCoAP( 2829): IsInSameNetwork:[281] :IsInSameNetwork: not priority process
06-03 13:54:45.045 D/nStackXCoAP( 2829): ParseServiceDiscover:[330] :new device join
06-03 13:54:45.045 E/nStackXDFinder( 2829): GetLocalIp:[401] :GetLocalIp exec
06-03 13:54:45.061 D/nStackXCoAP( 2829): CoapMessageHandler:[133] :2.01
06-03 13:54:45.474 I/Player::Player()( 4827): create success
06-03 13:54:45.474 I/virtual Player *IPlayerBuilder::build()( 4827): build success playType:0, demuxType:0 decodeType:0
06-03 13:54:45.474 I/void Player::setBufferSize(int)( 4827): setBufferSize success 300
06-03 13:54:45.474 D/void PlayerProxy::setDynamicExchangeSurface(long, bool)( 4827): Player setDynamicExchangeSurface:1
06-03 13:54:45.474 I/void PlayerProxy::enableSmoothLoop(long, bool)( 4827): enable smooth: 0
06-03 13:54:45.474 I/void PlayerProxy::enableListSmoothLoop(long, bool)( 4827): enable list smooth: 1
06-03 13:54:45.474 I/void PlayerProxy::initWindow(long, void *)( 4827): start init window
06-03 13:54:45.475 I/void PlayerProxy::initWindow(long, void *)( 4827): init window success
06-03 13:54:45.475 D/LeradPlayer( 4827): open: /data/user/0/com.dangbei.lerad.screensaver/files/download/61/city_1.mp4
06-03 13:54:45.475 D/void Thread::stop()( 4827): Thread-Player start stop
06-03 13:54:45.475 D/void Thread::stop()( 4827): Thread-Player stop success
06-03 13:54:45.475 I/void Player::setState(PLAYER_STATE)( 4827): state changed newState: 7 oldState: 0
06-03 13:54:45.476 D/LeradPlayer( 4827): player newState: 7 oldState: 0
06-03 13:54:45.476 I/void Player::close()( 4827): close success
06-03 13:54:45.476 I/void Player::setState(PLAYER_STATE)( 4827): state changed newState: 1 oldState: 7
06-03 13:54:45.476 D/LeradPlayer( 4827): player newState: 1 oldState: 7
06-03 13:54:45.481 I/virtual bool FFDemuxer::open(const char *)( 4827): open success
06-03 13:54:45.481 D/virtual bool FFDemuxer::open(const char *)( 4827): use avformat_find_stream_info
06-03 13:54:45.482 E/virtual bool FFDemuxer::open(const char *)( 4827): has valid video size: 1 1 0
06-03 13:54:45.482 I/void FFDemuxer::selectDefaultTrack()( 4827): audioStreamIndex: -1 audioTrackCount: 0 videoStreamIndex: 0 videoTrackCount: 1 subtitleStreamIndex: -1 subtitleTrackCount: 0
06-03 13:54:45.482 I/virtual void IDemuxer::pause(bool)( 4827): pause success 0
06-03 13:54:45.482 E/void Player::open(const char *, int, int, int)( 4827): audioDecoder open failed
06-03 13:54:45.482 I/virtual StreamInfo FFDemuxer::getVideoStreamInfo()( 4827): video width: 1920 video height: 1080 video pixelFormat: 0 fps: 30
06-03 13:54:45.482 I/bool DecoderBridge::initMediaCodec(const char *, int, int, int, uint8_t *, int, std::vector, Javause java media codec api level: 34
06-03 13:54:45.482 D/LeradPlayer( 4827): initMediaCodec: video/hevc
06-03 13:54:45.483 D/MediaCodecList( 4827): codecHandlesFormat: no format, so no extra checks
06-03 13:54:45.484 D/MediaCodecList( 4827): codecHandlesFormat: no format, so no extra checks
06-03 13:54:45.486 D/CCodec ( 4827): allocate(c2.amlogic.hevc.decoder)
06-03 13:54:45.488 I/CCodec ( 4827): setting up 'default' as default (vendor) store
06-03 13:54:45.489 I/C2VendorComponentStore( 509): C2VendorComponentStore::createComponent name c2.amlogic.hevc.decoder
06-03 13:54:45.489 I/C2VendorComponentStore( 509): findComponent
06-03 13:54:45.489 I/C2VendorComponentStore( 509): C2VendorComponentStore::createComponent fetchModule
06-03 13:54:45.489 I/C2VendorComponentStore( 509): localModule libpath libcodec2_aml_video_decoder.so 2
06-03 13:54:45.489 V/C2VendorComponentStore( 509): Loading dll
06-03 13:54:45.489 I/C2VendorComponentStore( 509): in init ===> start codec:2 secure:0 isAudio:0
06-03 13:54:45.489 V/C2VendorComponentStore( 509): init libPath:libcodec2_aml_video_decoder.so --> isAudio:0, createFactoryName:CreateC2VdecH265Factory
06-03 13:54:45.489 V/C2VdecComponent( 509): create component H265 secure:0
06-03 13:54:45.489 I/C2VendorComponentStore( 509): GetCodec2VendorComponentStore, line:861
06-03 13:54:45.489 W/C2VdecComponent( 509): Initialize() instances: 0
06-03 13:54:45.489 E/C2VdecCodecConfig( 509): c2.amlogic.hevc.decoder can support 4K
06-03 13:54:45.490 I/C2VdecCodecConfig( 509): isCodecSupportHdr10Plus hdr10:(0)
06-03 13:54:45.490 E/C2VdecCodecConfig( 509): can support 8K
06-03 13:54:45.490 I/C2VdecComponentIntfImpl( 509): [onHdrDeclareParam:1048] mSupportHdr10Plus 0
06-03 13:54:45.491 I/C2VdecComponentIntfImpl( 509): not set prop not support 10bit
06-03 13:54:45.492 I/C2VdecComponent( 509): [6##-1]"Create C2VdecComponent(c2.amlogic.hevc.decoder)"
06-03 13:54:45.492 I/C2VdecComponent( 509): vendor.media.c2.loglevels is not set used def = 1
06-03 13:54:45.492 I/DebugUtil( 509): vendor.media.c2.loglevels is not set used def = 1
06-03 13:54:45.492 I/DebugUtil( 509): [DebugUtil:66]
06-03 13:54:45.492 I/C2VdecDequeueThreadUtil( 509): vendor.media.c2.loglevels is not set used def = 1
06-03 13:54:45.492 I/C2VdecDequeueThreadUtil( 509): Creat DequeueThreadUtil!!
06-03 13:54:45.492 V/C2VendorComponentStore( 509): In ~ComponentModule
06-03 13:54:45.492 V/C2VendorComponentStore( 509): Unloading dll
06-03 13:54:45.493 I/CCodec ( 4827): Created component [c2.amlogic.hevc.decoder]
06-03 13:54:45.493 W/Codec2Client( 4827): query -- param skipped: index = 2684356613.
06-03 13:54:45.493 D/CCodecConfig( 4827): Query domain & kind failed => BAD_INDEX
06-03 13:54:45.493 D/CCodecConfig( 4827): read media type: video/hevc
06-03 13:54:45.494 D/CCodecConfig( 4827): read media type: video/hevc
06-03 13:54:45.496 D/ReflectedParamUpdater( 4827): extent() != 1 for single value type: input.buffers.allocator-ids.values
06-03 13:54:45.496 D/ReflectedParamUpdater( 4827): extent() != 1 for single value type: output.buffers.allocator-ids.values
06-03 13:54:45.496 D/ReflectedParamUpdater( 4827): extent() != 1 for single value type: output.buffers.pool-ids.values
06-03 13:54:45.499 D/ReflectedParamUpdater( 4827): extent() != 1 for single value type: output.tunneled-render.sync-id
06-03 13:54:45.499 D/ReflectedParamUpdater( 4827): extent() != 1 for single value type: output.tunnel-handle.values
06-03 13:54:45.501 D/CCodecConfig( 4827): ignoring local param raw.size (0xd2001800) as it is already supported
06-03 13:54:45.501 D/CCodecConfig( 4827): ignoring local param default.color (0x5200180b) as it is already supported
06-03 13:54:45.501 D/CCodecConfig( 4827): ignoring local param raw.hdr-static-info (0xd200180a) as it is already supported
06-03 13:54:45.502 I/CCodecConfig( 4827): query failed after returning 15 values (BAD_INDEX)
06-03 13:54:45.502 D/CCodecConfig( 4827): c2 config diff is Dict {
06-03 13:54:45.502 D/CCodecConfig( 4827): c2::u32 algo.delay.value = 0
06-03 13:54:45.502 D/CCodecConfig( 4827): c2::u32 algo.low-latency.value = 0
06-03 13:54:45.502 D/CCodecConfig( 4827): c2::float coded.frame-rate.value = 30
06-03 13:54:45.502 D/CCodecConfig( 4827): c2::u32 coded.pl.level = 24838
06-03 13:54:45.502 D/CCodecConfig( 4827): c2::u32 coded.pl.profile = 24576
06-03 13:54:45.502 D/CCodecConfig( 4827): c2::u32 coded.vui.color.matrix = 0
06-03 13:54:45.502 D/CCodecConfig( 4827): c2::u32 coded.vui.color.primaries = 0
06-03 13:54:45.502 D/CCodecConfig( 4827): c2::u32 coded.vui.color.range = 0
06-03 13:54:45.502 D/CCodecConfig( 4827): c2::u32 coded.vui.color.transfer = 0
06-03 13:54:45.502 D/CCodecConfig( 4827): c2::u32 default.color.matrix = 0
06-03 13:54:45.502 D/CCodecConfig( 4827): c2::u32 default.color.primaries = 0
06-03 13:54:45.502 D/CCodecConfig( 4827): c2::u32 default.color.range = 0
06-03 13:54:45.502 D/CCodecConfig( 4827): c2::u32 default.color.transfer = 0
06-03 13:54:45.502 D/CCodecConfig( 4827): c2::u32 input.buffers.max-size.value = 1310720
06-03 13:54:45.502 D/CCodecConfig( 4827): c2::u32 input.delay.value = 4
06-03 13:54:45.502 D/CCodecConfig( 4827): string input.media-type.value = "video/hevc"
06-03 13:54:45.502 D/CCodecConfig( 4827): c2::u32 output.delay.value = 3
06-03 13:54:45.502 D/CCodecConfig( 4827): string output.media-type.value = "video/raw"
06-03 13:54:45.502 D/CCodecConfig( 4827): c2::u32 output.tunnel-start-render.value = 0
06-03 13:54:45.502 D/CCodecConfig( 4827): c2::u32 raw.color.matrix = 0
06-03 13:54:45.502 D/CCodecConfig( 4827): c2::u32 raw.color.primaries = 0
06-03 13:54:45.502 D/CCodecConfig( 4827): c2::u32 raw.color.range = 0
06-03 13:54:45.502 D/CCodecConfig( 4827): c2::u32 raw.color.transfer = 0
06-03 13:54:45.502 D/CCodecConfig( 4827): c2::float raw.hdr-static-info.mastering.blue.x = 0
06-03 13:54:45.502 D/CCodecConfig( 4827): c2::float raw.hdr-static-info.mastering.blue.y = 0
06-03 13:54:45.502 D/CCodecConfig( 4827): c2::float raw.hdr-static-info.maste
06-03 13:54:45.503 W/ColorUtils( 4827): expected specified color aspects (0:0:0:0)
06-03 13:54:45.504 D/MediaCodec( 4827): flushMediametrics
06-03 13:54:45.505 D/SurfaceUtils( 4827): connecting to surface 0xbc207e08, reason connectToSurface
06-03 13:54:45.505 I/MediaCodec( 4827): [c2.amlogic.hevc.decoder] setting surface generation to 4942853
06-03 13:54:45.505 D/SurfaceUtils( 4827): disconnecting from surface 0xbc207e08, reason connectToSurface(reconnect)
06-03 13:54:45.505 D/SurfaceUtils( 4827): connecting to surface 0xbc207e08, reason connectToSurface(reconnect)
