05-31 20:48:44.947 D/SystemServerTimingAsync( 754): ssm.onStartUser-0_com.android.server.appsearch.AppSearchModule$Lifecycle
05-31 20:48:44.947 V/SystemServerTimingAsync( 754): ssm.onStartUser-0_com.android.server.appsearch.AppSearchModule$Lifecycle took to complete: 0ms
05-31 20:48:44.947 D/SystemServerTimingAsync( 754): ssm.onStartUser-0_com.android.server.media.MediaCommunicationService
05-31 20:48:44.947 V/SystemServerTimingAsync( 754): ssm.onStartUser-0_com.android.server.media.MediaCommunicationService took to complete: 0ms
05-31 20:48:44.947 D/SystemServerTimingAsync( 754): ssm.onStartUser-0_com.android.server.compat.overrides.AppCompatOverridesService$Lifecycle
05-31 20:48:44.947 V/SystemServerTimingAsync( 754): ssm.onStartUser-0_com.android.server.compat.overrides.AppCompatOverridesService$Lifecycle took to complete: 0ms
05-31 20:48:44.947 D/SystemServerTimingAsync( 754): ssm.onStartUser-0_com.android.server.healthconnect.HealthConnectManagerService
05-31 20:48:44.947 V/SystemServerTimingAsync( 754): ssm.onStartUser-0_com.android.server.healthconnect.HealthConnectManagerService took to complete: 0ms
05-31 20:48:44.947 D/SystemServerTimingAsync( 754): ssm.onStartUser-0_com.android.server.devicelock.DeviceLockService
05-31 20:48:44.947 V/SystemServerTimingAsync( 754): ssm.onStartUser-0_com.android.server.devicelock.DeviceLockService took to complete: 0ms
05-31 20:48:44.947 V/SystemServerTimingAsync( 754): ssm.StartUser-0 took to complete: 616ms
05-31 20:48:44.948 D/SystemServerTiming( 754): startPersistentApps
05-31 20:48:44.949 I/ActivityManager( 754): com.droidlogic is exempt from freezer
05-31 20:48:44.950 D/CompatibilityChangeReporter( 754): Compat change id reported: 135634846; UID 1000; state: DISABLED
05-31 20:48:44.952 W/ActivityManager( 754): com.android.localtransport inode == 0 (b/152760674)
05-31 20:48:44.953 D/CompatibilityChangeReporter( 754): Compat change id reported: 135634846; UID 1068; state: DISABLED
05-31 20:48:44.953 V/SystemServerTiming( 754): startPersistentApps took to complete: 5ms
05-31 20:48:44.954 D/SystemServerTiming( 754): startHomeOnAllDisplays
05-31 20:48:44.955 D/WindowManager( 754): ThemeHomeDelay: Home launch was deferred.
05-31 20:48:44.955 V/SystemServerTiming( 754): startHomeOnAllDisplays took to complete: 1ms
05-31 20:48:44.955 D/SystemServerTiming( 754): showSystemReadyErrorDialogs
05-31 20:48:45.056 E/Build ( 754): Vendor interface is incompatible, error=1
05-31 20:48:45.056 E/ActivityTaskManager( 754): Build fingerprint is not consistent, warning user
05-31 20:48:45.056 V/SystemServerTiming( 754): showSystemReadyErrorDialogs took to complete: 101ms
05-31 20:48:45.056 D/SystemServerTiming( 754): sendUserStartBroadcast
05-31 20:48:45.057 V/SystemServerTiming( 754): sendUserStartBroadcast took to complete: 1ms
05-31 20:48:45.058 D/SystemServerTiming( 754): resumeTopActivities
05-31 20:48:45.058 D/WindowManager( 754): ThemeHomeDelay: Home launch was deferred.
05-31 20:48:45.058 V/SystemServerTiming( 754): resumeTopActivities took to complete: 1ms
05-31 20:48:45.059 D/SystemServerTiming( 754): sendUserSwitchBroadcasts
05-31 20:48:45.059 V/SystemServerTiming( 754): sendUserSwitchBroadcasts took to complete: 0ms
05-31 20:48:45.059 D/SystemServerTiming( 754): setBinderProxies
05-31 20:48:45.060 V/SystemServerTiming( 754): setBinderProxies took to complete: 1ms
05-31 20:48:45.060 V/SystemServerTiming( 754): ActivityManagerStartApps took to complete: 729ms
05-31 20:48:45.060 D/SystemServerTiming( 754): componentAlias
05-31 20:48:45.060 D/ComponentAliasResolver( 754): Compat listener set.
05-31 20:48:45.060 V/SystemServerTiming( 754): componentAlias took to complete: 0ms
05-31 20:48:45.060 V/SystemServerTiming( 754): PhaseActivityManagerReady took to complete: 5060ms
05-31 20:48:45.060 D/SystemServerTiming( 754): LockSettingsThirdPartyAppsStarted
05-31 20:48:45.061 I/LockSettingsService( 754): Migrating unsecured user 0 to SP-based credential
05-31 20:48:45.061 I/LockSettingsService( 754): Initializing synthetic password for user 0
05-31 20:48:45.061 W/ActivityManager( 754): Slow operation: 112ms so far, now at startProcess: done updating battery stats
05-31 20:48:45.061 W/ActivityManager( 754): Slow operation: 113ms so far, now at startProcess: building log message
05-31 20:48:45.061 I/ActivityManager( 754): Start proc 1345:com.droidlogic/1000 for added application com.droidlogic
05-31 20:48:45.062 W/ActivityManager( 754): Slow operation: 113ms so far, now at startProcess: starting to update pids map
05-31 20:48:45.062 W/ActivityManager( 754): Slow operation: 113ms so far, now at startProcess: done updating pids map
05-31 20:48:45.062 W/ActivityManager( 754): Slow operation: 111ms so far, now at startProcess: asking zygote to start proc
05-31 20:48:45.062 W/ActivityManager( 754): com.android.se inode == 0 (b/152760674)
05-31 20:48:45.069 I/SyntheticPasswordManager( 754): Creating LSKF-based protector b3cc0ae4bacd53fd for user 0
05-31 20:48:45.081 I/[0 T231 ..] servicemanager( 0): Could not find android.hardware.weaver.IWeaver/default in the VINTF manifest.
05-31 20:48:45.073 W/SyntheticPasswordManager( 754): Device does not support weaver
05-31 20:48:45.074 D/CompatibilityChangeReporter( 754): Compat change id reported: 168419799; UID 1002; state: DISABLED
05-31 20:48:45.075 D/CompatibilityChangeReporter( 754): Compat change id reported: 273564678; UID 1002; state: DISABLED
05-31 20:48:45.077 W/ActivityManager( 754): Slow operation: 126ms so far, now at startProcess: returned from zygote!
05-31 20:48:45.081 E/keystore2( 283): system/security/keystore2/src/error.rs:180 - system/security/keystore2/src/security_level.rs:681: Trying to call importKey
05-31 20:48:45.081 E/keystore2( 283):
05-31 20:48:45.081 E/keystore2( 283): Caused by:
05-31 20:48:45.081 E/keystore2( 283): Error::Km(r#ROLLBACK_RESISTANCE_UNAVAILABLE)
05-31 20:48:45.081 D/CompatibilityChangeReporter( 754): Compat change id reported: 168419799; UID 1000; state: DISABLED
05-31 20:48:45.082 W/SyntheticPasswordCrypto( 754): Rollback-resistant keys unavailable. Falling back to non-rollback-resistant key
05-31 20:48:45.082 D/CompatibilityChangeReporter( 754): Compat change id reported: 273564678; UID 1000; state: DISABLED
05-31 20:48:45.088 D/CompatibilityChangeReporter( 754): Compat change id reported: 265195908; UID 1002; state: ENABLED
05-31 20:48:45.096 D/CompatibilityChangeReporter( 754): Compat change id reported: 218533173; UID 10039; state: DISABLED
05-31 20:48:45.097 D/CompatibilityChangeReporter( 754): Compat change id reported: 262645982; UID 10039; state: DISABLED
05-31 20:48:45.100 D/CompatibilityChangeReporter( 754): Compat change id reported: 218533173; UID 10056; state: DISABLED
05-31 20:48:45.101 D/CompatibilityChangeReporter( 754): Compat change id reported: 262645982; UID 10056; state: DISABLED
05-31 20:48:45.101 W/ActivityManager( 754): Slow operation: 150ms so far, now at startProcess: done updating battery stats
05-31 20:48:45.101 W/ActivityManager( 754): Slow operation: 150ms so far, now at startProcess: building log message
05-31 20:48:45.101 I/ActivityManager( 754): Start proc 1361:com.android.se/1068 for added application com.android.se
05-31 20:48:45.101 W/ActivityManager( 754): Slow operation: 150ms so far, now at startProcess: starting to update pids map
05-31 20:48:45.101 W/ActivityManager( 754): Slow operation: 151ms so far, now at startProcess: done updating pids map
05-31 20:48:45.102 D/CompatibilityChangeReporter( 754): Compat change id reported: 218533173; UID 10070; state: ENABLED
05-31 20:48:45.103 D/CompatibilityChangeReporter( 754): Compat change id reported: 262645982; UID 10070; state: ENABLED
05-31 20:48:45.105 D/CompatibilityChangeReporter( 754): Compat change id reported: 218533173; UID 10071; state: ENABLED
05-31 20:48:45.106 D/CompatibilityChangeReporter( 754): Compat change id reported: 262645982; UID 10071; state: ENABLED
05-31 20:48:45.109 D/CompatibilityChangeReporter( 754): Compat change id reported: 218533173; UID 10053; state: ENABLED
05-31 20:48:45.110 D/CompatibilityChangeReporter( 754): Compat change id reported: 262645982; UID 10053; state: ENABLED
05-31 20:48:45.111 D/CompatibilityChangeReporter( 754): Compat change id reported: 218533173; UID 10018; state: ENABLED
05-31 20:48:45.111 D/CompatibilityChangeReporter( 754): Compat change id reported: 262645982; UID 10018; state: ENABLED
05-31 20:48:45.112 D/CompatibilityChangeReporter( 754): Compat change id reported: 218533173; UID 10016; state: ENABLED
05-31 20:48:45.112 D/CompatibilityChangeReporter( 754): Compat change id reported: 262645982; UID 10016; state: ENABLED
05-31 20:48:45.113 D/CompatibilityChangeReporter( 754): Compat change id reported: 218533173; UID 10054; state: ENABLED
05-31 20:48:45.113 D/CompatibilityChangeReporter( 754): Compat change id reported: 262645982; UID 10054; state: ENABLED
05-31 20:48:45.115 D/CompatibilityChangeReporter( 754): Compat change id reported: 218533173; UID 10055; state: ENABLED
05-31 20:48:45.115 D/CompatibilityChangeReporter( 754): Compat change id reported: 262645982; UID 10055; state: ENABLED
05-31 20:48:45.116 D/CompatibilityChangeReporter( 754): Compat change id reported: 218533173; UID 10040; state: DISABLED
05-31 20:48:45.116 D/CompatibilityChangeReporter( 754): Compat change id reported: 262645982; UID 10040; state: DISABLED
05-31 20:48:45.117 D/CompatibilityChangeReporter( 754): Compat change id reported: 218533173; UID 10005; state: ENABLED
05-31 20:48:45.117 D/CompatibilityChangeReporter( 754): Compat change id reported: 262645982; UID 10005; state: ENABLED
05-31 20:48:45.120 D/CompatibilityChangeReporter( 754): Compat change id reported: 218533173; UID 10019; state: ENABLED
05-31 20:48:45.121 D/CompatibilityChangeReporter( 754): Compat change id reported: 262645982; UID 10019; state: ENABLED
05-31 20:48:45.122 D/CompatibilityChangeReporter( 754): Compat change id reported: 218533173; UID 10035; state: ENABLED
05-31 20:48:45.123 D/CompatibilityChangeReporter( 754): Compat change id reported: 262645982; UID 10035; state: ENABLED
05-31 20:48:45.124 D/CompatibilityChangeReporter( 754): Compat change id reported: 218533173; UID 10036; state: ENABLED
05-31 20:48:45.124 D/CompatibilityChangeReporter( 754): Compat change id reported: 262645982; UID 10036; state: ENABLED
05-31 20:48:45.127 D/CompatibilityChangeReporter( 754): Compat change id reported: 218533173; UID 10027; state: ENABLED
05-31 20:48:45.128 D/CompatibilityChangeReporter( 754): Compat change id reported: 262645982; UID 10027; state: ENABLED
05-31 20:48:45.129 D/CompatibilityChangeReporter( 754): Compat change id reported: 218533173; UID 10073; state: ENABLED
05-31 20:48:45.130 D/CompatibilityChangeReporter( 754): Compat change id reported: 262645982; UID 10073; state: ENABLED
05-31 20:48:45.131 D/vold ( 247): fscrypt_set_user_key_protection 0
05-31 20:48:45.131 D/CompatibilityChangeReporter( 754): Compat change id reported: 168419799; UID 1068; state: DISABLED
05-31 20:48:45.131 D/CompatibilityChangeReporter( 754): Compat change id reported: 273564678; UID 1068; state: DISABLED
05-31 20:48:45.136 D/CompatibilityChangeReporter( 754): Compat change id reported: 218533173; UID 10007; state: ENABLED
05-31 20:48:45.136 D/CompatibilityChangeReporter( 754): Compat change id reported: 262645982; UID 10007; state: ENABLED
05-31 20:48:45.137 D/CompatibilityChangeReporter( 754): Compat change id reported: 218533173; UID 10042; state: DISABLED
05-31 20:48:45.137 D/CompatibilityChangeReporter( 754): Compat change id reported: 262645982; UID 10042; state: DISABLED
05-31 20:48:45.138 D/vold ( 247): Stored key /data/misc/vold/user_keys/ce/0/current
05-31 20:48:45.138 I/vold ( 247): Stored CE key for new user 0
05-31 20:48:45.138 D/CompatibilityChangeReporter( 754): Compat change id reported: 218533173; UID 10006; state: ENABLED
05-31 20:48:45.138 I/LockSettingsService( 754): Successfully initialized synthetic password for user 0
05-31 20:48:45.139 D/CompatibilityChangeReporter( 754): Compat change id reported: 262645982; UID 10006; state: ENABLED
05-31 20:48:45.139 D/CompatibilityChangeReporter( 754): Compat change id reported: 218533173; UID 10066; state: ENABLED
05-31 20:48:45.140 D/CompatibilityChangeReporter( 754): Compat change id reported: 262645982; UID 10066; state: ENABLED
05-31 20:48:45.140 V/SystemServerTiming( 754): LockSettingsThirdPartyAppsStarted took to complete: 80ms
05-31 20:48:45.142 D/CompatibilityChangeReporter( 754): Compat change id reported: 218533173; UID 10037; state: ENABLED
05-31 20:48:45.142 D/SystemServerTiming( 754): StartSystemUI
05-31 20:48:45.142 D/CompatibilityChangeReporter( 754): Compat change id reported: 262645982; UID 10037; state: ENABLED
05-31 20:48:45.143 D/CompatibilityChangeReporter( 754): Compat change id reported: 218533173; UID 10060; state: ENABLED
05-31 20:48:45.143 D/CompatibilityChangeReporter( 754): Compat change id reported: 262645982; UID 10060; state: ENABLED
05-31 20:48:45.144 D/CompatibilityChangeReporter( 754): Compat change id reported: 218533173; UID 10047; state: DISABLED
05-31 20:48:45.144 D/CompatibilityChangeReporter( 754): Compat change id reported: 262645982; UID 10047; state: DISABLED
05-31 20:48:45.145 D/CompatibilityChangeReporter( 754): Compat change id reported: 218533173; UID 10032; state: ENABLED
05-31 20:48:45.145 D/CompatibilityChangeReporter( 754): Compat change id reported: 262645982; UID 10032; state: ENABLED
05-31 20:48:45.146 D/CompatibilityChangeReporter( 754): Compat change id reported: 218533173; UID 10064; state: ENABLED
05-31 20:48:45.146 D/CompatibilityChangeReporter( 754): Compat change id reported: 262645982; UID 10064; state: ENABLED
05-31 20:48:45.147 D/CompatibilityChangeReporter( 754): Compat change id reported: 218533173; UID 10048; state: ENABLED
05-31 20:48:45.147 W/ActivityManager( 754): Unable to start service Intent { flg=0x100 cmp=com.droidlogic/.StubKeyguardService } U=0: not found
05-31 20:48:45.147 V/SystemServerTiming( 754): StartSystemUI took to complete: 5ms
05-31 20:48:45.147 V/SystemServerTiming( 754): startOtherServices took to complete: 18482ms
05-31 20:48:45.147 D/CompatibilityChangeReporter( 754): Compat change id reported: 262645982; UID 10048; state: ENABLED
05-31 20:48:45.147 D/SystemServerTiming( 754): startApexServices
05-31 20:48:45.148 D/SystemServerTiming( 754): starting com.android.server.scheduling.RebootReadinessManagerService$Lifecycle
05-31 20:48:45.148 I/SystemServiceManager( 754): Starting com.android.server.scheduling.RebootReadinessManagerService$Lifecycle
05-31 20:48:45.148 I/SystemServiceManager( 754): Not starting an already started service com.android.server.scheduling.RebootReadinessManagerService$Lifecycle
05-31 20:48:45.148 V/SystemServerTiming( 754): starting com.android.server.scheduling.RebootReadinessManagerService$Lifecycle took to complete: 0ms
05-31 20:48:45.148 V/SystemServerTiming( 754): startApexServices took to complete: 0ms
05-31 20:48:45.148 D/SystemServerTiming( 754): UpdateWatchdogTimeout
05-31 20:48:45.148 D/CompatibilityChangeReporter( 754): Compat change id reported: 218533173; UID 10015; state: ENABLED
05-31 20:48:45.148 I/Watchdog( 754): Watchdog timeout updated to 60000 millis
05-31 20:48:45.148 D/CompatibilityChangeReporter( 754): Compat change id reported: 262645982; UID 10015; state: ENABLED
05-31 20:48:45.149 V/SystemServerTiming( 754): UpdateWatchdogTimeout took to complete: 1ms
05-31 20:48:45.149 V/SystemServerTiming( 754): StartServices took to complete: 22435ms
05-31 20:48:45.149 D/CompatibilityChangeReporter( 754): Compat change id reported: 218533173; UID 10012; state: ENABLED
05-31 20:48:45.150 D/CompatibilityChangeReporter( 754): Compat change id reported: 262645982; UID 10012; state: ENABLED
05-31 20:48:45.151 D/CompatibilityChangeReporter( 754): Compat change id reported: 218533173; UID 10008; state: ENABLED
05-31 20:48:45.151 V/SystemUIBootTiming( 1121): StartServices com.android.systemui.SliceBroadcastRelayHandler took to complete: 1ms
05-31 20:48:45.151 D/CompatibilityChangeReporter( 754): Compat change id reported: 262645982; UID 10008; state: ENABLED
05-31 20:48:45.152 D/CompatibilityChangeReporter( 754): Compat change id reported: 218533173; UID 10026; state: DISABLED
05-31 20:48:45.152 W/Looper ( 754): Slow delivery took 21986ms main h=android.app.PropertyInvalidatedCache$AutoCorker$1 c=null m=0
05-31 20:48:45.152 D/CompatibilityChangeReporter( 754): Compat change id reported: 262645982; UID 10026; state: DISABLED
05-31 20:48:45.152 D/CompatibilityChangeReporter( 754): Compat change id reported: 218533173; UID 10044; state: DISABLED
05-31 20:48:45.153 D/CompatibilityChangeReporter( 754): Compat change id reported: 262645982; UID 10044; state: DISABLED
05-31 20:48:45.154 D/CompatibilityChangeReporter( 754): Compat change id reported: 218533173; UID 10046; state: DISABLED
05-31 20:48:45.154 D/CompatibilityChangeReporter( 754): Compat change id reported: 262645982; UID 10046; state: DISABLED
05-31 20:48:45.155 D/CompatibilityChangeReporter( 754): Compat change id reported: 218533173; UID 10024; state: ENABLED
05-31 20:48:45.155 D/CompatibilityChangeReporter( 754): Compat change id reported: 262645982; UID 10024; state: ENABLED
05-31 20:48:45.156 D/CompatibilityChangeReporter( 754): Compat change id reported: 218533173; UID 10038; state: ENABLED
05-31 20:48:45.156 D/CompatibilityChangeReporter( 754): Compat change id reported: 262645982; UID 10038; state: ENABLED
05-31 20:48:45.157 D/CompatibilityChangeReporter( 754): Compat change id reported: 218533173; UID 10031; state: ENABLED
05-31 20:48:45.157 D/CompatibilityChangeReporter( 754): Compat change id reported: 262645982; UID 10031; state: ENABLED
05-31 20:48:45.158 D/CompatibilityChangeReporter( 754): Compat change id reported: 218533173; UID 10051; state: ENABLED
05-31 20:48:45.158 D/CompatibilityChangeReporter( 754): Compat change id reported: 262645982; UID 10051; state: ENABLED
05-31 20:48:45.158 D/CompatibilityChangeReporter( 754): Compat change id reported: 218533173; UID 10059; state: ENABLED
05-31 20:48:45.159 D/CompatibilityChangeReporter( 754): Compat change id reported: 262645982; UID 10059; state: ENABLED
05-31 20:48:45.159 D/CompatibilityChangeReporter( 754): Compat change id reported: 218533173; UID 10010; state: ENABLED
05-31 20:48:45.159 D/CompatibilityChangeReporter( 754): Compat change id reported: 262645982; UID 10010; state: ENABLED
05-31 20:48:45.160 D/CompatibilityChangeReporter( 754): Compat change id reported: 218533173; UID 10021; state: ENABLED
05-31 20:48:45.160 D/CompatibilityChangeReporter( 754): Compat change id reported: 262645982; UID 10021; state: ENABLED
05-31 20:48:45.161 D/CompatibilityChangeReporter( 754): Compat change id reported: 218533173; UID 10029; state: DISABLED
05-31 20:48:45.162 D/CompatibilityChangeReporter( 754): Compat change id reported: 262645982; UID 10029; state: DISABLED
05-31 20:48:45.163 D/CompatibilityChangeReporter( 754): Compat change id reported: 218533173; UID 10001; state: ENABLED
05-31 20:48:45.164 D/CompatibilityChangeReporter( 754): Compat change id reported: 262645982; UID 10001; state: ENABLED
05-31 20:48:45.166 D/CompatibilityChangeReporter( 754): Compat change id reported: 218533173; UID 10033; state: ENABLED
05-31 20:48:45.167 D/CompatibilityChangeReporter( 754): Compat change id reported: 262645982; UID 10033; state: ENABLED
05-31 20:48:45.168 D/CompatibilityChangeReporter( 754): Compat change id reported: 218533173; UID 10000; state: ENABLED
05-31 20:48:45.168 D/CompatibilityChangeReporter( 754): Compat change id reported: 262645982; UID 10000; state: ENABLED
05-31 20:48:45.169 D/CompatibilityChangeReporter( 754): Compat change id reported: 218533173; UID 10068; state: ENABLED
05-31 20:48:45.169 D/CompatibilityChangeReporter( 754): Compat change id reported: 262645982; UID 10068; state: ENABLED
05-31 20:48:45.170 D/CompatibilityChangeReporter( 754): Compat change id reported: 218533173; UID 10062; state: ENABLED
05-31 20:48:45.170 D/CompatibilityChangeReporter( 754): Compat change id reported: 262645982; UID 10062; state: ENABLED
05-31 20:48:45.170 D/CompatibilityChangeReporter( 754): Compat change id reported: 218533173; UID 10030; state: ENABLED
05-31 20:48:45.171 D/CompatibilityChangeReporter( 754): Compat change id reported: 262645982; UID 10030; state: ENABLED
05-31 20:48:45.171 D/CompatibilityChangeReporter( 754): Compat change id reported: 218533173; UID 10013; state: ENABLED
05-31 20:48:45.172 D/CompatibilityChangeReporter( 754): Compat change id reported: 262645982; UID 10013; state: ENABLED
05-31 20:48:45.172 D/CompatibilityChangeReporter( 754): Compat change id reported: 218533173; UID 10025; state: ENABLED
05-31 20:48:45.173 D/CompatibilityChangeReporter( 754): Compat change id reported: 262645982; UID 10025; state: ENABLED
05-31 20:48:45.174 D/CompatibilityChangeReporter( 754): Compat change id reported: 218533173; UID 10023; state: ENABLED
05-31 20:48:45.174 D/CompatibilityChangeReporter( 754): Compat change id reported: 262645982; UID 10023; state: ENABLED
05-31 20:48:45.175 D/CompatibilityChangeReporter( 754): Compat change id reported: 218533173; UID 10020; state: ENABLED
05-31 20:48:45.176 D/CompatibilityChangeReporter( 754): Compat change id reported: 262645982; UID 10020; state: ENABLED
05-31 20:48:45.176 D/CompatibilityChangeReporter( 754): Compat change id reported: 218533173; UID 10061; state: ENABLED
05-31 20:48:45.177 D/CompatibilityChangeReporter( 754): Compat change id reported: 262645982; UID 10061; state: ENABLED
05-31 20:48:45.177 D/CompatibilityChangeReporter( 754): Compat change id reported: 218533173; UID 10022; state: ENABLED
05-31 20:48:45.178 D/CompatibilityChangeReporter( 754): Compat change id reported: 262645982; UID 10022; state: ENABLED
05-31 20:48:45.180 D/CompatibilityChangeReporter( 754): Compat change id reported: 218533173; UID 10003; state: ENABLED
05-31 20:48:45.180 D/CompatibilityChangeReporter( 754): Compat change id reported: 262645982; UID 10003; state: ENABLED
05-31 20:48:45.181 D/CompatibilityChangeReporter( 754): Compat change id reported: 218533173; UID 10011; state: ENABLED
05-31 20:48:45.185 D/CompatibilityChangeReporter( 754): Compat change id reported: 262645982; UID 10011; state: ENABLED
05-31 20:48:45.188 D/CompatibilityChangeReporter( 754): Compat change id reported: 253665015; UID 1000; state: ENABLED
05-31 20:48:45.188 D/CompatibilityChangeReporter( 754): Compat change id reported: 253665015; UID 1000; state: DISABLED
05-31 20:48:45.189 D/CompatibilityChangeReporter( 754): Compat change id reported: 218533173; UID 10041; state: DISABLED
05-31 20:48:45.189 D/CompatibilityChangeReporter( 754): Compat change id reported: 262645982; UID 10041; state: DISABLED
05-31 20:48:45.190 D/CompatibilityChangeReporter( 754): Compat change id reported: 194532703; UID 1000; state: ENABLED
05-31 20:48:45.192 D/CompatibilityChangeReporter( 754): Compat change id reported: 218533173; UID 10057; state: DISABLED
05-31 20:48:45.193 D/CompatibilityChangeReporter( 754): Compat change id reported: 194532703; UID 1000; state: DISABLED
05-31 20:48:45.195 W/QuotaTracker( 754): Alarm not scheduled because boot isn't completed
05-31 20:48:45.197 D/CompatibilityChangeReporter( 754): Compat change id reported: 262645982; UID 10057; state: DISABLED
05-31 20:48:45.198 D/CompatibilityChangeReporter( 754): Compat change id reported: 218533173; UID 10043; state: ENABLED
05-31 20:48:45.198 D/CompatibilityChangeReporter( 754): Compat change id reported: 262645982; UID 10043; state: ENABLED
05-31 20:48:45.199 D/CompatibilityChangeReporter( 754): Compat change id reported: 218533173; UID 10009; state: ENABLED
05-31 20:48:45.199 D/CompatibilityChangeReporter( 754): Compat change id reported: 262645982; UID 10009; state: ENABLED
05-31 20:48:45.200 D/CompatibilityChangeReporter( 754): Compat change id reported: 218533173; UID 10028; state: ENABLED
05-31 20:48:45.200 D/CompatibilityChangeReporter( 754): Compat change id reported: 262645982; UID 10028; state: ENABLED
05-31 20:48:45.205 D/CompatibilityChangeReporter( 754): Compat change id reported: 218533173; UID 10049; state: DISABLED
05-31 20:48:45.206 D/CompatibilityChangeReporter( 754): Compat change id reported: 262645982; UID 10049; state: DISABLED
05-31 20:48:45.207 D/CompatibilityChangeReporter( 754): Compat change id reported: 218533173; UID 10072; state: ENABLED
05-31 20:48:45.207 D/CompatibilityChangeReporter( 754): Compat change id reported: 262645982; UID 10072; state: ENABLED
05-31 20:48:45.208 D/CompatibilityChangeReporter( 754): Compat change id reported: 218533173; UID 10017; state: ENABLED
05-31 20:48:45.208 D/CompatibilityChangeReporter( 754): Compat change id reported: 262645982; UID 10017; state: ENABLED
05-31 20:48:45.210 D/CompatibilityChangeReporter( 754): Compat change id reported: 261072174; UID 1000; state: ENABLED
05-31 20:48:45.217 D/CompatibilityChangeReporter( 754): Compat change id reported: 218533173; UID 10058; state: ENABLED
05-31 20:48:45.218 D/CompatibilityChangeReporter( 754): Compat change id reported: 262645982; UID 10058; state: ENABLED
05-31 20:48:45.219 D/CompatibilityChangeReporter( 754): Compat change id reported: 218533173; UID 10063; state: ENABLED
05-31 20:48:45.220 D/CompatibilityChangeReporter( 754): Compat change id reported: 262645982; UID 10063; state: ENABLED
05-31 20:48:45.222 D/CompatibilityChangeReporter( 754): Compat change id reported: 218533173; UID 10050; state: DISABLED
05-31 20:48:45.222 D/CompatibilityChangeReporter( 754): Compat change id reported: 262645982; UID 10050; state: DISABLED
05-31 20:48:45.223 D/CompatibilityChangeReporter( 754): Compat change id reported: 171306433; UID 10050; state: DISABLED
05-31 20:48:45.223 D/CompatibilityChangeReporter( 754): Compat change id reported: 218533173; UID 10052; state: ENABLED
05-31 20:48:45.224 D/CompatibilityChangeReporter( 754): Compat change id reported: 218533173; UID 10004; state: ENABLED
05-31 20:48:45.224 D/CompatibilityChangeReporter( 754): Compat change id reported: 262645982; UID 10004; state: ENABLED
05-31 20:48:45.226 D/CompatibilityChangeReporter( 754): Compat change id reported: 218533173; UID 10067; state: ENABLED
05-31 20:48:45.227 D/CompatibilityChangeReporter( 754): Compat change id reported: 262645982; UID 10067; state: ENABLED
05-31 20:48:45.227 D/CompatibilityChangeReporter( 754): Compat change id reported: 218533173; UID 10045; state: ENABLED
05-31 20:48:45.228 D/CompatibilityChangeReporter( 754): Compat change id reported: 262645982; UID 10045; state: ENABLED
05-31 20:48:45.228 D/CompatibilityChangeReporter( 754): Compat change id reported: 218533173; UID 10074; state: ENABLED
05-31 20:48:45.228 D/CompatibilityChangeReporter( 754): Compat change id reported: 262645982; UID 10074; state: ENABLED
05-31 20:48:45.229 D/CompatibilityChangeReporter( 754): Compat change id reported: 161145287; UID 1000; state: ENABLED
05-31 20:48:45.230 D/CompatibilityChangeReporter( 754): Compat change id reported: 161145287; UID 1000; state: DISABLED
05-31 20:48:45.230 D/CompatibilityChangeReporter( 754): Compat change id reported: 218533173; UID 10034; state: ENABLED
05-31 20:48:45.230 D/CompatibilityChangeReporter( 754): Compat change id reported: 262645982; UID 10034; state: DISABLED
05-31 20:48:45.231 D/CompatibilityChangeReporter( 754): Compat change id reported: 218533173; UID 10002; state: ENABLED
05-31 20:48:45.231 D/ConditionProviders.SCP( 754): onConnected
05-31 20:48:45.231 D/CompatibilityChangeReporter( 754): Compat change id reported: 262645982; UID 10002; state: ENABLED
05-31 20:48:45.232 D/CompatibilityChangeReporter( 754): Compat change id reported: 218533173; UID 10065; state: ENABLED
05-31 20:48:45.233 D/CompatibilityChangeReporter( 754): Compat change id reported: 262645982; UID 10065; state: ENABLED
05-31 20:48:45.234 D/CompatibilityChangeReporter( 754): Compat change id reported: 218533173; UID 10069; state: ENABLED
05-31 20:48:45.234 D/CompatibilityChangeReporter( 754): Compat change id reported: 262645982; UID 10069; state: ENABLED
05-31 20:48:45.235 D/CompatibilityChangeReporter( 754): Compat change id reported: 218533173; UID 10014; state: ENABLED
05-31 20:48:45.236 D/CompatibilityChangeReporter( 754): Compat change id reported: 262645982; UID 10014; state: ENABLED
05-31 20:48:45.241 D/CompatibilityChangeReporter( 754): Compat change id reported: 265195908; UID 1068; state: ENABLED
05-31 20:48:45.243 D/HDMI ( 754): receive android.intent.action.CONFIGURATION_CHANGED
05-31 20:48:45.245 D/ConditionProviders.SCP( 754): onSubscribe condition://android/schedule?days=1.2.3.4.5.6.7&start=22.0&end=7.0&exitAtAlarm=true
05-31 20:48:45.245 D/ConditionProviders.SCP( 754): setRegistered true
05-31 20:48:45.248 W/ActivityThread( 754): Failed to find provider info for com.android.calendar (user not unlocked)
05-31 20:48:45.248 W/ActivityThread( 754): Failed to find provider info for com.android.calendar (user not unlocked)
05-31 20:48:45.249 D/CompatibilityChangeReporter( 754): Compat change id reported: 171306433; UID 1000; state: ENABLED
05-31 20:48:45.250 D/CompatibilityChangeReporter( 754): Compat change id reported: 218533173; UID 1000; state: ENABLED
05-31 20:48:45.254 D/ConditionProviders.SCP( 754): evaluateSubscriptionLocked cal=ScheduleCalendar[mDays={1, 2, 3, 4, 5, 6, 7}, mSchedule=ScheduleInfo{days=[1, 2, 3, 4, 5, 6, 7], startHour=22, startMinute=0, endHour=7, endMinute=0, exitAtAlarm=true, nextAlarm=Thu Jan 01 08:00:00 GMT+08:00 1970 (0)}], now=Sat May 31 20:48:45 GMT+08:00 2025 (1748695725245), nextUserAlarmTime=Thu Jan 01 08:00:00 GMT+08:00 1970 (0)
05-31 20:48:45.255 D/ConditionProviders.SCP( 754): notifyCondition condition://android/schedule?days=1.2.3.4.5.6.7&start=22.0&end=7.0&exitAtAlarm=true STATE_FALSE reason=!meetsSchedule
05-31 20:48:45.257 D/ConditionProviders.SCP( 754): Scheduling evaluate for Sat May 31 22:00:00 GMT+08:00 2025 (1748700000000), in +1h11m14s755ms, now=Sat May 31 20:48:45 GMT+08:00 2025 (1748695725245)
05-31 20:48:45.306 D/CompatibilityChangeReporter( 754): Compat change id reported: 161145287; UID 1068; state: ENABLED
05-31 20:48:45.331 I/[1 T231 ..] servicemanager( 0): Could not find android.hardware.secure_element.ISecureElement/eSE1 in the VINTF manifest.
05-31 20:48:45.345 I/[2 T231 ..] servicemanager( 0): Could not find android.hardware.secure_element.ISecureElement/SIM1 in the VINTF manifest.
05-31 20:48:45.443 D/HDMI ( 754): receive android.intent.action.CONFIGURATION_CHANGED
05-31 20:48:45.449 D/AudioService( 754): onStatusChange cecEnabled:false available:false
05-31 20:48:45.455 I/MR2ServiceImpl( 754): addProviderRoutes | provider: com.android.server.media/.SystemMediaRoute2Provider, routes: [DEVICE_ROUTE | 电视]
05-31 20:48:45.465 V/SystemUIBootTiming( 1121): StartServices com.android.systemui.accessibility.WindowMagnification took to complete: 314ms
05-31 20:48:45.468 D/WallpaperManagerService( 754): WPMS.onServiceConnected-ComponentInfo{com.android.systemui/com.android.systemui.wallpapers.ImageWallpaper}
05-31 20:48:45.468 D/WallpaperManagerService( 754): WPMS.attachServiceLocked
05-31 20:48:45.468 V/WallpaperManagerService( 754): WPMS.attachServiceLocked took to complete: 0ms
05-31 20:48:45.468 V/WallpaperManagerService( 754): WPMS.onServiceConnected-ComponentInfo{com.android.systemui/com.android.systemui.wallpapers.ImageWallpaper} took to complete: 0ms
05-31 20:48:45.470 I/PackageWatchdog( 754): Syncing health check requests for packages: {}
05-31 20:48:45.470 I/ExplicitHealthCheckController( 754): Service not ready to get health check supported packages. Binding...
05-31 20:48:45.473 I/ExplicitHealthCheckController( 754): Explicit health check service is bound
05-31 20:48:45.511 D/HDMI ( 754): Process pid:1345 is calling addHotplugEventListener
05-31 20:48:45.524 V/SystemUIBootTiming( 1121): StartServices com.android.systemui.bouncer.domain.interactor.BouncerMessageAuditLogger took to complete: 58ms
05-31 20:48:45.525 V/SystemUIBootTiming( 1121): StartServices com.android.systemui.broadcast.BroadcastDispatcherStartable took to complete: 0ms
05-31 20:48:45.531 V/SystemUIBootTiming( 1121): StartServices com.android.systemui.flags.FeatureFlagsDebugStartable took to complete: 6ms
05-31 20:48:45.552 V/SystemUIBootTiming( 1121): StartServices com.android.systemui.globalactions.GlobalActionsComponent took to complete: 21ms
05-31 20:48:45.554 V/SystemUIBootTiming( 1121): StartServices com.android.systemui.keyboard.KeyboardUI took to complete: 1ms
05-31 20:48:45.583 V/SystemUIBootTiming( 1121): StartServices com.android.systemui.keyguard.ResourceTrimmer took to complete: 29ms
05-31 20:48:45.641 D/WallpaperManagerService( 754): WPMS.onServiceConnected-ComponentInfo{com.android.systemui/com.android.systemui.wallpapers.ImageWallpaper}
05-31 20:48:45.641 D/WallpaperManagerService( 754): WPMS.attachServiceLocked
05-31 20:48:45.641 D/WallpaperManagerService( 754): WPMS.connectLocked-ComponentInfo{com.android.systemui/com.android.systemui.wallpapers.ImageWallpaper}
05-31 20:48:45.649 V/WallpaperManagerService( 754): WPMS.connectLocked-ComponentInfo{com.android.systemui/com.android.systemui.wallpapers.ImageWallpaper} took to complete: 7ms
05-31 20:48:45.649 V/WallpaperManagerService( 754): WPMS.attachServiceLocked took to complete: 8ms
05-31 20:48:45.649 D/WallpaperManagerService( 754): WPMS.saveSettingsLocked-0
05-31 20:48:45.669 V/WallpaperManagerService( 754): WPMS.saveSettingsLocked-0 took to complete: 20ms
05-31 20:48:45.669 V/WallpaperManagerService( 754): WPMS.onServiceConnected-ComponentInfo{com.android.systemui/com.android.systemui.wallpapers.ImageWallpaper} took to complete: 28ms
05-31 20:48:45.693 W/WindowManager( 754): [addWindow] title:com.android.systemui.wallpapers.ImageWallpaper
05-31 20:48:45.694 D/CompatibilityChangeReporter( 754): Compat change id reported: 168419799; UID 10052; state: DISABLED
05-31 20:48:45.696 D/CompatibilityChangeReporter( 754): Compat change id reported: 273564678; UID 10052; state: DISABLED
05-31 20:48:45.741 W/ActivityThread( 1333): Failed to find provider info for bluetooth_legacy.provider (user not unlocked)
05-31 20:48:45.779 V/SystemUIBootTiming( 1121): StartServices com.android.systemui.keyguard.domain.interactor.KeyguardTransitionCoreStartable took to complete: 195ms
05-31 20:48:45.783 V/SystemUIBootTiming( 1121): StartServices com.android.systemui.keyguard.domain.interactor.SystemUIKeyguardFaceAuthInteractor took to complete: 4ms
05-31 20:48:45.786 V/SystemUIBootTiming( 1121): StartServices com.android.systemui.media.RingtonePlayer took to complete: 3ms
05-31 20:48:45.793 V/SystemUIBootTiming( 1121): StartServices com.android.systemui.media.systemsounds.HomeSoundEffectController took to complete: 7ms
05-31 20:48:45.809 V/SystemUIBootTiming( 1121): StartServices com.android.systemui.motiontool.MotionToolStartable took to complete: 16ms
05-31 20:48:45.819 W/[3 T754 .s] state_detect_cb( 0): stop bus detected state timer
05-31 20:48:45.835 V/SystemUIBootTiming( 1121): StartServices com.android.systemui.power.PowerUI took to complete: 26ms
05-31 20:48:45.853 D/CompatibilityChangeReporter( 754): Compat change id reported: 161145287; UID 1002; state: ENABLED
05-31 20:48:45.869 I/[1 T231 ..] servicemanager( 0): Found android.hardware.graphics.allocator.IAllocator/default in device VINTF manifest.
05-31 20:48:45.862 V/SystemUIBootTiming( 1121): StartServices com.android.systemui.privacy.television.TvPrivacyChipsController took to complete: 27ms
05-31 20:48:45.863 V/SystemUIBootTiming( 1121): StartServices com.android.systemui.qs.QSFragmentStartable took to complete: 1ms
05-31 20:48:45.871 I/[2 T231 ..] servicemanager( 0): Found android.hardware.graphics.allocator.IAllocator/default in device VINTF manifest.
05-31 20:48:45.962 E/[1 T231 ..] servicemanager( 0): VINTF HALs require names in the format type/instance (e.g. some.package.foo.IFoo/default) but got: suspend_control
05-31 20:48:45.965 I/[1 T231 ..] servicemanager( 0): Could not find android.hardware.bluetooth.IBluetoothHci/default in the VINTF manifest.
05-31 20:48:46.044 V/SystemUIBootTiming( 1121): StartServices com.android.systemui.qs.pipeline.domain.startable.QSPipelineCoreStartable took to complete: 181ms
05-31 20:48:46.014 I/[1 T505 ..] [wireless]( 0): [wifi_power_ioctl] aml module chip is aml_w2_s
05-31 20:48:46.076 I/[3 T505 ..] [wireless]( 0): BT_RADIO going: on
05-31 20:48:46.077 I/[3 T505 ..] [wireless]( 0): AML_BT: going ON,btpower_evt=0
05-31 20:48:46.075 V/SystemUIBootTiming( 1121): StartServices com.android.systemui.scene.domain.startable.SceneContainerStartable took to complete: 31ms
05-31 20:48:46.075 V/SystemUIBootTiming( 1121): StartServices com.android.systemui.settings.UserFileManagerImpl took to complete: 0ms
05-31 20:48:46.080 V/SystemUIBootTiming( 1121): StartServices com.android.systemui.shortcut.ShortcutKeyDispatcher took to complete: 5ms
05-31 20:48:46.082 V/SystemUIBootTiming( 1121): StartServices com.android.systemui.statusbar.notification.InstantAppNotifier took to complete: 2ms
05-31 20:48:46.100 V/SystemUIBootTiming( 1121): StartServices com.android.systemui.statusbar.notification.interruption.KeyguardNotificationVisibilityProviderImpl took to complete: 18ms
05-31 20:48:46.112 I/[3 T231 ..] servicemanager( 0): Could not find android.hardware.input.processor.IInputProcessor/default in the VINTF manifest.
05-31 20:48:46.109 D/HDMI ( 754): settings onchange hdmi_control_one_touch_play_enabled to true
05-31 20:48:46.109 D/HDMI ( 754): settings onchange hdmi_control_auto_language_change_enabled to false
05-31 20:48:46.109 V/SystemUIBootTiming( 1121): StartServices com.android.systemui.statusbar.notification.logging.NotificationMemoryMonitor took to complete: 9ms
05-31 20:48:46.110 D/HDMI ( 754): settings onchange hdmi_control_auto_device_off_enabled to true
05-31 20:48:46.110 V/SystemUIBootTiming( 1121): StartServices com.android.systemui.statusbar.phone.LetterboxBackgroundProvider took to complete: 1ms
05-31 20:48:46.122 W/ ( 0): [1 T1221 ..] [aml_android_priv_ioctl 128] vif idx=0 cmd=SETSUSPENDMODE 1
05-31 20:48:46.116 V/SystemUIBootTiming( 1121): StartServices com.android.systemui.statusbar.pipeline.mobile.data.repository.CarrierConfigCoreStartable took to complete: 6ms
05-31 20:48:46.123 W/ ( 0): [1 T1221 ..] [aml_android_set_suspend_mode 77] set google_cast 1
05-31 20:48:46.132 D/AudioService( 754): onHdmiCecVolumeControlFeature enabled:false
05-31 20:48:46.140 W/ ( 0): [0 T1221 ..] [aml_android_priv_ioctl 128] vif idx=0 cmd=SETSUSPENDMODE 0
05-31 20:48:46.140 W/ ( 0): [0 T1221 ..] [aml_android_set_suspend_mode 77] set google_cast 0
05-31 20:48:46.137 D/AudioService( 754): SoundbarObserver onChange soundbar_mode false
05-31 20:48:46.143 D/AudioService( 754): setWiredDeviceConnectionState( type:400 state:DEVICE_STATE_AVAILABLE addr: name:) from android
05-31 20:48:46.143 I/AS.AudioDeviceInventory( 754): handleDeviceConnection(true dev:400 address: name:)
05-31 20:48:46.144 I/AS.AudioDeviceInventory( 754): deviceKey:0x400:
05-31 20:48:46.144 I/AS.AudioDeviceInventory( 754): deviceInfo:null is(already)Connected:false
05-31 20:48:46.160 D/SystemServerTiming( 754): ManagedServices.unbindOtherUserServices_current0
05-31 20:48:46.160 V/SystemServerTiming( 754): ManagedServices.unbindOtherUserServices_current0 took to complete: 0ms
05-31 20:48:46.160 D/SystemServerTiming( 754): ManagedServices.unbindOtherUserServices_current0
05-31 20:48:46.161 V/SystemServerTiming( 754): ManagedServices.unbindOtherUserServices_current0 took to complete: 0ms
05-31 20:48:46.161 D/SystemServerTiming( 754): ManagedServices.unbindOtherUserServices_current0
05-31 20:48:46.161 V/SystemServerTiming( 754): ManagedServices.unbindOtherUserServices_current0 took to complete: 0ms
05-31 20:48:46.162 V/NotificationAssistants( 754): enabling notification assistant for 0: ComponentInfo{android.ext.services/android.ext.services.notification.Assistant}
05-31 20:48:46.163 V/NotificationAssistants( 754): Not registering ComponentInfo{android.ext.services/android.ext.services.notification.Assistant} is already bound
05-31 20:48:46.174 I/[3 T710 ..] audio_ddr_mngr( 0): frddrs[1] released by device fe330000.audiobus:tdm@1
05-31 20:48:46.175 D/[3 T710 ..] [snd-soc]( 0): spdif_a is set to disable
05-31 20:48:46.175 I/[3 T710 ..] [snd-soc]( 0): aml_audio_reset, reg 0xa, shift 9, use_vadtop 0
05-31 20:48:46.176 I/[3 T710 ..] [snd-soc]( 0): aml_audio_reset, reg 0xa, shift 14, use_vadtop 0
05-31 20:48:46.177 I/[3 T710 ..] [snd-soc]( 0): hdmitx src switch to spdif 0
05-31 20:48:46.177 I/[3 T710 ..] [snd-soc]( 0): sharebuffer_spdifout_prepare get_hdmitx_audio_src(rtd->card):0 spdif_id:0
05-31 20:48:46.179 I/[3 T710 ..] [hdmitx( 0): ] hdmitx_audio_notify_callback[804] type:1 rate:0 size:0 chs:0 i2s_ch_mask:0 aud_src_if:0
05-31 20:48:46.180 E/[3 T710 ..] [hdmitx( 0): ] *HDMITX_ERROR* audio chn setting, must be 2, 4, 6 or 8, Rst as def
05-31 20:48:46.181 I/[3 T710 ..] [hdmitx( 0): ] aout notify format CT_PCM
05-31 20:48:46.182 I/[3 T710 ..] [hdmitx( 0): ] set audio
05-31 20:48:46.183 I/[3 T710 ..] [hdmitx( 0): ] audio_param->chs = -1
05-31 20:48:46.183 I/[3 T710 ..] [hdmitx( 0): ] aud_src_if = 0
05-31 20:48:46.184 I/[3 T710 ..] [hdmitx( 0): ] aud_n_para = 11648
05-31 20:48:46.184 I/[3 T710 ..] [hdmitx( 0): ] set audio param
05-31 20:48:46.185 D/[3 T710 ..] [snd-soc]( 0): spdif_a fifo ctrl, frddr:0 type:1, 16 bits, chmask 0x3, swap 0x10
05-31 20:48:46.185 I/[3 T710 ..] [hdmitx( 0): ] hdmitx_audio_notify_callback[804] type:1 rate:3 size:1 chs:2 i2s_ch_mask:1 aud_src_if:0
05-31 20:48:46.186 I/[3 T710 ..] [hdmitx( 0): ] aout notify format CT_PCM
05-31 20:48:46.187 I/[3 T710 ..] [hdmitx( 0): ] set audio
05-31 20:48:46.188 I/[3 T710 ..] [hdmitx( 0): ] audio_param->chs = 1
05-31 20:48:46.188 I/[3 T710 ..] [hdmitx( 0): ] aud_src_if = 0
05-31 20:48:46.189 I/[3 T710 ..] [hdmitx( 0): ] aud_n_para = 11648
05-31 20:48:46.189 I/[3 T710 ..] [hdmitx( 0): ] set audio param
05-31 20:48:46.193 D/[3 T710 ..] [snd-soc]( 0): spdif_a is set to enable
05-31 20:48:46.195 I/[3 T710 ..] audio_ddr_mngr( 0): frddrs[1] registered by device fe330000.audiobus:tdm@1
05-31 20:48:46.196 I/[3 T710 ..] [hdmitx( 0): ] hdmitx_audio_notify_callback[804] type:1 rate:0 size:0 chs:0 i2s_ch_mask:0 aud_src_if:0
05-31 20:48:46.197 E/[3 T710 ..] [hdmitx( 0): ] *HDMITX_ERROR* audio chn setting, must be 2, 4, 6 or 8, Rst as def
05-31 20:48:46.198 I/[3 T710 ..] [hdmitx( 0): ] aout notify format CT_PCM
05-31 20:48:46.199 I/[3 T710 ..] [hdmitx( 0): ] set audio
05-31 20:48:46.199 I/[3 T710 ..] [hdmitx( 0): ] audio_param->chs = -1
05-31 20:48:46.200 I/[3 T710 ..] [hdmitx( 0): ] aud_src_if = 0
05-31 20:48:46.200 I/[3 T710 ..] [hdmitx( 0): ] aud_n_para = 11648
05-31 20:48:46.201 I/[3 T710 ..] [hdmitx( 0): ] set audio param
05-31 20:48:46.203 I/[3 T710 ..] [snd-soc]( 0): aml_audio_reset, reg 0xa, shift 10, use_vadtop 0
05-31 20:48:46.203 I/[3 T710 ..] [snd-soc]( 0): aml_audio_reset, reg 0xa, shift 13, use_vadtop 0
05-31 20:48:46.204 I/[3 T710 ..] [hdmitx( 0): ] hdmitx_audio_notify_callback[804] type:12 rate:7 size:1 chs:8 i2s_ch_mask:15 aud_src_if:1
05-31 20:48:46.205 I/[3 T710 ..] [hdmitx( 0): ] aout notify format CT_MAT
05-31 20:48:46.206 I/[3 T710 ..] [hdmitx( 0): ] set audio
05-31 20:48:46.207 I/[3 T710 ..] [hdmitx( 0): ] audio_param->chs = 7
05-31 20:48:46.207 I/[3 T710 ..] [hdmitx( 0): ] aud_src_if = 1
05-31 20:48:46.208 I/[3 T710 ..] [hdmitx( 0): ] aud_n_para = 46592
05-31 20:48:46.208 I/[3 T710 ..] [hdmitx( 0): ] set audio param
05-31 20:48:46.284 I/[2 T461 ..] AidlLazyServiceRegistrar( 0): Process has 0 (of 1 available) client(s) in use after notification apexservice has clients: 0
05-31 20:48:46.285 I/[2 T461 ..] AidlLazyServiceRegistrar( 0): Shutdown prevented by forcePersist override flag.
05-31 20:48:46.341 D/CompatibilityChangeReporter( 754): Compat change id reported: 182478738; UID 10052; state: ENABLED
05-31 20:48:46.372 V/SystemUIBootTiming( 1121): StartServices com.android.systemui.statusbar.pipeline.mobile.ui.MobileUiAdapter took to complete: 256ms
05-31 20:48:46.380 V/SystemUIBootTiming( 1121): StartServices com.android.systemui.statusbar.pipeline.wifi.data.repository.WifiRepositoryDagger took to complete: 8ms
05-31 20:48:46.382 I/StatusBarManagerService( 754): registerStatusBar bar=com.android.internal.statusbar.IStatusBar$Stub$Proxy@14b38b6
05-31 20:48:46.383 V/SystemUIBootTiming( 1121): StartServices com.android.systemui.statusbar.tv.TvStatusBar took to complete: 3ms
05-31 20:48:46.394 V/SystemUIBootTiming( 1121): StartServices com.android.systemui.statusbar.tv.VpnStatusObserver took to complete: 11ms
05-31 20:48:46.398 V/SystemUIBootTiming( 1121): StartServices com.android.systemui.statusbar.tv.notifications.TvNotificationHandler took to complete: 4ms
05-31 20:48:46.398 V/SystemUIBootTiming( 1121): StartServices com.android.systemui.statusbar.tv.notifications.TvNotificationPanel took to complete: 0ms
05-31 20:48:46.455 V/SystemUIBootTiming( 1121): StartServices com.android.systemui.theme.ThemeOverlayController took to complete: 57ms
05-31 20:48:46.470 V/SystemUIBootTiming( 1121): StartServices com.android.systemui.toast.ToastUI took to complete: 15ms
05-31 20:48:46.495 I/[1 T505 ..] [wireless]( 0): [usb_power_control] Set BT power on !
05-31 20:48:46.495 V/SystemUIBootTiming( 1121): StartServices com.android.systemui.usb.StorageNotification took to complete: 24ms
05-31 20:48:46.533 I/[2 T1498 ..] BTI( 0): amlbt_sdio_fops_open bt opened rf num:0xffffffff
05-31 20:48:46.533 I/[2 T1498 ..] BTI( 0): amlbt_sdio_fops_open, 0x20240820
05-31 20:48:46.534 I/[2 T1498 ..] BTI( 0): iccm start dw_state 0x0
05-31 20:48:46.535 I/[2 T1498 ..] BTI( 0): amlbt_sdio_char_write BT_fwICCM 0x12dd9000, BT_fwDCCM 0x12e1a000
05-31 20:48:46.539 I/[1 T1498 ..] BTI( 0): dccm start
05-31 20:48:46.537 I/AS.AudioDeviceInventory( 754): sendDeviceConnectionIntent(dev:0x400 state:0x1 address: name:);
05-31 20:48:46.549 D/AudioService( 754): SoundbarObserver onChange soundbar_mode false
05-31 20:48:46.557 V/SystemUIBootTiming( 1121): StartServices com.android.systemui.user.ui.dialog.UserSwitcherDialogCoordinator took to complete: 61ms
05-31 20:48:46.564 I/[0 T1498 ..] BTI( 0): download finished!
05-31 20:48:46.564 I/[0 T1498 ..] BTI( 0): W E 0x40000,0x20000
05-31 20:48:46.564 I/[0 T1498 ..] BTI( 0): amlbt_sdio_char_read end
05-31 20:48:46.567 I/[0 T1498 ..] BTI( 0): BT set rf succeed!
05-31 20:48:46.567 I/[0 T1498 ..] BTI( 0): amlbt_sdio_char_write set rf num 0x2
05-31 20:48:46.567 I/[0 T1498 ..] BTI( 0): amlbt_sdio_fops_close BT closed
05-31 20:48:46.571 V/SystemUIBootTiming( 1121): StartServices com.android.systemui.util.NotificationChannels took to complete: 14ms
05-31 20:48:46.583 V/SystemUIBootTiming( 1121): StartServices com.android.systemui.util.leak.GarbageMonitor took to complete: 11ms
05-31 20:48:46.622 I/ActivityTaskManager( 754): Config changes=80000000 {1.0 ?mcc0mnc [zh_CN] ldltr sw720dp w1280dp h720dp 240dpi xlrg long land television -touch -keyb/h/h dpad/v winConfig={ mBounds=Rect(0, 0 - 1920, 1080) mAppBounds=Rect(0, 0 - 1920, 1080) mMaxBounds=Rect(0, 0 - 1920, 1080) mDisplayRotation=ROTATION_0 mWindowingMode=fullscreen mDisplayWindowingMode=fullscreen mActivityType=undefined mAlwaysOnTop=undefined mRotation=ROTATION_0} as.2 s.8 fontWeightAdjustment=0}
05-31 20:48:46.646 I/WindowManager( 754): Override config changes=80000000 {1.0 ?mcc0mnc [zh_CN] ldltr sw720dp w1280dp h720dp 240dpi xlrg long land television -touch -keyb/h/h dpad/v winConfig={ mBounds=Rect(0, 0 - 1920, 1080) mAppBounds=Rect(0, 0 - 1920, 1080) mMaxBounds=Rect(0, 0 - 1920, 1080) mDisplayRotation=ROTATION_0 mWindowingMode=fullscreen mDisplayWindowingMode=fullscreen mActivityType=undefined mAlwaysOnTop=undefined mRotation=ROTATION_0} as.2 s.8 fontWeightAdjustment=0} for displayId=0
05-31 20:48:46.685 V/ShellDragAndDrop( 1121): Display changed: 0
05-31 20:48:46.713 I/[2 T1108 ..] [snd-soc]( 0): drc high cut scale set to 0%
05-31 20:48:46.713 I/[2 T1108 ..] [snd-soc]( 0): drc low boost scale set to 0%
05-31 20:48:46.714 I/[1 T1108 ..] [snd-soc]( 0): drc mode set to RF
05-31 20:48:46.726 V/SystemUIBootTiming( 1121): StartServices com.android.systemui.volume.VolumeUI took to complete: 143ms
05-31 20:48:46.751 V/SystemUIBootTiming( 1121): StartServices com.android.systemui.wmshell.WMShell took to complete: 25ms
05-31 20:48:46.751 V/SystemUIBootTiming( 1121): StartServices com.android.systemui.VendorServices took to complete: 0ms
05-31 20:48:46.751 V/SystemUIBootTiming( 1121): StartServices took to complete: 1602ms
05-31 20:48:46.915 W/LoadedApk( 1333): New application info for package com.android.bluetooth is out of date with TS 44804 < the current TS 45093
05-31 20:48:46.934 D/SystemServerTiming( 754): getUserSwitchability-0
05-31 20:48:46.934 D/SystemServerTiming( 754): TM.isInCall
05-31 20:48:46.936 V/SystemServerTiming( 754): TM.isInCall took to complete: 2ms
05-31 20:48:46.937 D/SystemServerTiming( 754): hasUserRestriction-DISALLOW_USER_SWITCH
05-31 20:48:46.937 V/SystemServerTiming( 754): hasUserRestriction-DISALLOW_USER_SWITCH took to complete: 0ms
05-31 20:48:46.937 D/SystemServerTiming( 754): getInt-ALLOW_USER_SWITCHING_WHEN_SYSTEM_USER_LOCKED
05-31 20:48:46.937 V/SystemServerTiming( 754): getInt-ALLOW_USER_SWITCHING_WHEN_SYSTEM_USER_LOCKED took to complete: 0ms
05-31 20:48:46.937 D/SystemServerTiming( 754): isUserUnlocked-USER_SYSTEM
05-31 20:48:46.937 V/SystemServerTiming( 754): isUserUnlocked-USER_SYSTEM took to complete: 0ms
05-31 20:48:46.937 V/SystemServerTiming( 754): getUserSwitchability-0 took to complete: 3ms
05-31 20:48:46.947 D/CompatibilityChangeReporter( 754): Compat change id reported: 265464455; UID 10029; state: DISABLED
05-31 20:48:46.947 D/CompatibilityChangeReporter( 754): Compat change id reported: 265452344; UID 10029; state: DISABLED
05-31 20:48:46.948 D/CompatibilityChangeReporter( 754): Compat change id reported: 266124927; UID 10029; state: DISABLED
