06-03 13:55:55.970 D/void Thread::stop()( 4827): Thread-MediaDecoder start stop
06-03 13:55:55.970 I/static int FFDemuxer::interruptCallBack(void *)( 4827): abort request
06-03 13:55:55.970 E/virtual Data FFDemuxer::read()( 4827): read frame failed: Invalid data found when processing input
06-03 13:55:55.970 E/virtual Data FFDemuxer::read()( 4827): read frame failed: Invalid data found when processing input
06-03 13:55:55.970 E/virtual Data FFDemuxer::read()( 4827): read frame failed: Invalid data found when processing input
06-03 13:55:55.970 E/virtual Data FFDemuxer::read()( 4827): read frame failed: Invalid data found when processing input
06-03 13:55:55.970 E/virtual Data FFDemuxer::read()( 4827): read frame failed: Invalid data found when processing input
06-03 13:55:55.970 E/virtual Data FFDemuxer::read()( 4827): read frame failed: Invalid data found when processing input
06-03 13:55:55.970 E/virtual Data FFDemuxer::read()( 4827): read frame failed: Invalid data found when processing input
06-03 13:55:55.970 E/virtual Data FFDemuxer::read()( 4827): read frame failed: Invalid data found when processing input
06-03 13:55:55.970 E/virtual Data FFDemuxer::read()( 4827): read frame failed: Invalid data found when processing input
06-03 13:55:55.970 I/static int FFDemuxer::interruptCallBack(void *)( 4827): abort request
06-03 13:55:55.970 I/static int FFDemuxer::interruptCallBack(void *)( 4827): abort request
06-03 13:55:55.971 I/virtual Data FFDemuxer::read()( 4827): read frame ret: Immediate exit requested latestReceivedTime: 223390 getTotalTimeMillis: 6666 is exit: 1
06-03 13:55:55.971 D/virtual void IDemuxer::run()( 4827): flush packet stop buffer if need
06-03 13:55:55.978 I/void JavaCallback::JNIDetachThread()( 4827): detach thread
06-03 13:55:55.978 I/void MediaDecoder::render()( 4827): stop 2
06-03 13:55:55.979 I/void JavaCallback::JNIDetachThread()( 4827): detach thread
06-03 13:55:55.979 I/virtual void MediaDecoder::run()( 4827): stop 2
06-03 13:55:55.980 D/void Thread::stop()( 4827): Thread-MediaDecoder stop success
06-03 13:55:55.980 D/void Thread::stop()( 4827): Thread-FFDemuxer start stop
06-03 13:55:55.980 I/void JavaCallback::JNIDetachThread()( 4827): detach thread
06-03 13:55:55.980 I/virtual void IDemuxer::run()( 4827): stop
06-03 13:55:55.990 D/void Thread::stop()( 4827): Thread-FFDemuxer stop success
06-03 13:55:55.990 D/void Thread::stop()( 4827): Thread-Player start stop
06-03 13:55:55.991 I/void JavaCallback::JNIDetachThread()( 4827): detach thread
06-03 13:55:55.991 I/virtual void Player::run()( 4827): stop
06-03 13:55:56.000 D/void Thread::stop()( 4827): Thread-Player stop success
06-03 13:55:56.000 I/virtual void IDemuxer::clear()( 4827): clear success
06-03 13:55:56.021 I/virtual void IDecoder::clear(bool)( 4827): clear success 2 serial: 1
06-03 13:55:56.021 I/virtual void MediaDecoder::clear(bool)( 4827): clear success 2
06-03 13:55:56.021 I/virtual void FFDemuxer::close()( 4827): start
06-03 13:55:56.021 I/virtual void FFDemuxer::close()( 4827): close success
06-03 13:55:56.022 D/SurfaceUtils( 4827): connecting to surface 0xf16df7d8, reason connectToSurface
06-03 13:55:56.022 I/MediaCodec( 4827): [c2.amlogic.hevc.decoder] setting surface generation to 4942854
06-03 13:55:56.022 D/SurfaceUtils( 4827): disconnecting from surface 0xf16df7d8, reason connectToSurface(reconnect)
06-03 13:55:56.022 D/SurfaceUtils( 4827): connecting to surface 0xf16df7d8, reason connectToSurface(reconnect)
06-03 13:55:56.022 D/Codec2-OutputBufferQueue( 4827): C2SurfaceSyncMemory created 20(20)
06-03 13:55:56.023 D/Codec2-OutputBufferQueue( 4827): remote graphic buffer migration 9/9
06-03 13:55:56.023 D/Codec2Client( 4827): setOutputSurface -- generation=4942854 consumer usage=0x900 sync
06-03 13:55:56.025 D/C2BqBuffer( 509): local generation change 4942854 , bqId: 20731807137796 migrated buffers # 3
06-03 13:55:56.026 D/Codec2Client( 4827): Surface configure completed
06-03 13:55:56.026 D/SurfaceUtils( 4827): disconnecting from surface 0xbc207e08, reason disconnectFromSurface
06-03 13:55:56.027 D/CCodecBufferChannel( 4827): [c2.amlogic.hevc.decoder#694] MediaCodec discarded an unknown buffer
06-03 13:55:56.027 D/CCodecBufferChannel( 4827): [c2.amlogic.hevc.decoder#694] MediaCodec discarded an unknown buffer
06-03 13:55:56.027 D/CCodecBufferChannel( 4827): [c2.amlogic.hevc.decoder#694] MediaCodec discarded an unknown buffer
06-03 13:55:56.027 I/C2VdecComponent( 509): [0##25]"[release]"
06-03 13:55:56.027 I/C2VdecComponent( 509): [0##25]"[reset]"
06-03 13:55:56.027 I/C2VdecComponent( 509): [0##25]"[stop]"
06-03 13:55:56.027 D/CCodecBufferChannel( 4827): [c2.amlogic.hevc.decoder#694] MediaCodec discarded an unknown buffer
06-03 13:55:56.027 D/CCodecBufferChannel( 4827): [c2.amlogic.hevc.decoder#694] MediaCodec discarded an unknown buffer
06-03 13:55:56.027 I/C2VdecComponent( 509): [0##25]"[onStop]"
06-03 13:55:56.027 D/CCodecBufferChannel( 4827): [c2.amlogic.hevc.decoder#694] MediaCodec discarded an unknown buffer
06-03 13:55:56.028 D/CCodecBufferChannel( 4827): [c2.amlogic.hevc.decoder#694] MediaCodec discarded an unknown buffer
06-03 13:55:56.028 D/CCodecBufferChannel( 4827): [c2.amlogic.hevc.decoder#694] MediaCodec discarded an unknown buffer
06-03 13:55:56.028 D/CCodecBufferChannel( 4827): [c2.amlogic.hevc.decoder#694] MediaCodec discarded an unknown buffer
06-03 13:55:56.028 I/VideoDecWraper( 509): [0##25]"stop"
06-03 13:55:56.028 I/AmVideoDec( 509): [No--1]-[0]"reset\n"
06-03 13:55:56.028 I/VDA ( 509): [0##25]"Reset"
06-03 13:55:56.028 I/VDA ( 509): [0##25]"ResetTask\n"
06-03 13:55:56.028 I/AmlManagePts( 509): [0]"resetPtsInfo into\n"
06-03 13:55:56.028 I/AmlManagePts( 509): [0]"resetOutPutInfo into\n"
06-03 13:55:56.028 I/virtual void MediaDecoder::close()( 4827): close success 2
06-03 13:55:56.028 I/void Player::setState(PLAYER_STATE)( 4827): state changed newState: 7 oldState: 3
06-03 13:55:56.029 D/LeradPlayer( 4827): player newState: 7 oldState: 3
06-03 13:55:56.029 I/void Player::close()( 4827): close success
06-03 13:55:56.029 I/JavaCallback::~JavaCallback()( 4827): delete success
06-03 13:55:56.029 I/Player::~Player()( 4827): start delete
06-03 13:55:56.029 I/virtual FFDemuxer::~FFDemuxer()( 4827): delete success
06-03 13:55:56.029 I/virtual FFAVDecoder::~FFAVDecoder()( 4827): delete success
06-03 13:55:56.029 I/virtual MediaDecoder::~MediaDecoder()( 4827): delete success
06-03 13:55:56.029 I/virtual FFAVDecoder::~FFAVDecoder()( 4827): delete success
06-03 13:55:56.029 I/virtual FFSubtitleDecoder::~FFSubtitleDecoder()( 4827): delete success
06-03 13:55:56.029 I/virtual FFResample::~FFResample()( 4827): delete success
06-03 13:55:56.029 I/virtual AudioTrackOutput::~AudioTrackOutput()( 4827): delete success
06-03 13:55:56.029 D/virtual GLVideoOutput::~GLVideoOutput()( 4827): delete success
06-03 13:55:56.029 I/Player::~Player()( 4827): delete success
06-03 13:55:56.029 I/void PlayerProxy::release(long)( 4827): release success
06-03 13:55:56.030 I/VDA ( 509): [0##25]"FinishReset\n"
06-03 13:55:56.030 I/VDA ( 509): [0##25]"StopInputStream input_streamon 1, input_buffer_map_.size 8\n"
06-03 13:55:56.030 I/VDA ( 509): [0##25]"----stop input VIDIOC_STREAMOFF----\n"
06-03 13:55:56.031 I/VDA ( 509): [0##25]"StopDevicePoll\n"
06-03 13:55:56.031 I/VDA ( 509): [0##25]"----stop output VIDIOC_STREAMOFF----\n"
06-03 13:55:56.031 D/PipelineWatcher( 4827): onInputBufferReleased: frameIndex not found (2118); ignored
06-03 13:55:56.031 D/PipelineWatcher( 4827): onInputBufferReleased: frameIndex not found (2119); ignored
06-03 13:55:56.031 D/PipelineWatcher( 4827): onInputBufferReleased: frameIndex not found (2120); ignored
06-03 13:55:56.031 D/PipelineWatcher( 4827): onInputBufferReleased: frameIndex not found (2121); ignored
06-03 13:55:56.031 D/PipelineWatcher( 4827): onInputBufferReleased: frameIndex not found (2122); ignored
06-03 13:55:56.031 D/PipelineWatcher( 4827): onInputBufferReleased: frameIndex not found (2123); ignored
06-03 13:55:56.031 D/PipelineWatcher( 4827): onInputBufferReleased: frameIndex not found (2124); ignored
06-03 13:55:56.031 D/PipelineWatcher( 4827): onInputBufferReleased: frameIndex not found (2125); ignored
05-31 21:00:12.931 I/[2 T5203 ..] [amlv4l]( 0): [25]: reset mode: 1, es frames buffering: 2
05-31 21:00:12.931 D/[2 T5203 ..] [h265]( 0): [0]h265:pts_unstable=0
05-31 21:00:12.931 D/[2 T5203 ..] [h265]( 0): [0]h265: ver (201602101,0) decinfo: 0x0 rate=3600
05-31 21:00:12.938 I/[1 T5203 ..] [amlv4l]( 0): [25]: reset mode: 1, es frames buffering: 0
05-31 21:00:12.938 D/[1 T5203 ..] [h265]( 0): [0]h265:pts_unstable=0
05-31 21:00:12.938 D/[1 T5203 ..] [h265]( 0): [0]h265: ver (201602101,0) decinfo: 0x0 rate=3600
06-03 13:55:56.039 I/VDA ( 509): [0##25]"SendPictureReady\n"
06-03 13:55:56.039 I/VDA ( 509): [0##25]"post ResetDoneTask\n"
06-03 13:55:56.039 I/VDA ( 509): [0##25]"ResetDoneTask\n"
06-03 13:55:56.039 I/VDA ( 509): [0##25]"StartDevicePoll\n"
06-03 13:55:56.039 I/VDA ( 509): [0##25]"NotifyResetDone\n"
06-03 13:55:56.039 I/AmVideoDec( 509): [No--1]-[0]"notifyResetDone\n"
06-03 13:55:56.039 I/VideoDecWraper( 509): [0##25]"onResetDone\n"
06-03 13:55:56.039 I/C2VdecComponent( 509): [0##25]"[NotifyFlushOrStopDone]"
06-03 13:55:56.039 I/android.hardware.media.c2@1.2-service( 509): (null) is not set, used defaultValue = 0
06-03 13:55:56.039 I/C2VdecComponent( 509): [0##25]"[onFlushOrStopDone]"
06-03 13:55:56.040 I/C2VdecComponent( 509): [0##25]"[onStopDone]"
06-03 13:55:56.040 I/C2VdecComponent( 509): [reportAbandonedWorks] no-tunnel mode abandon bitstreamid:2116 mediatimeus:70597000
06-03 13:55:56.040 I/C2VdecComponent( 509): [reportAbandonedWorks] no-tunnel mode abandon bitstreamid:2117 mediatimeus:70530000
06-03 13:55:56.040 I/C2VdecComponent( 509): [reportAbandonedWorks] no-tunnel mode abandon bitstreamid:2118 mediatimeus:70497000
06-03 13:55:56.040 I/C2VdecComponent( 509): [reportAbandonedWorks] no-tunnel mode abandon bitstreamid:2119 mediatimeus:70564000
06-03 13:55:56.040 I/C2VdecComponent( 509): [reportAbandonedWorks] no-tunnel mode abandon bitstreamid:2120 mediatimeus:70797000
06-03 13:55:56.040 I/C2VdecComponent( 509): [reportAbandonedWorks] no-tunnel mode abandon bitstreamid:2121 mediatimeus:70697000
06-03 13:55:56.040 I/C2VdecComponent( 509): [reportAbandonedWorks] no-tunnel mode abandon bitstreamid:2122 mediatimeus:70630000
06-03 13:55:56.040 I/C2VdecComponent( 509): [reportAbandonedWorks] no-tunnel mode abandon bitstreamid:2123 mediatimeus:70664000
06-03 13:55:56.040 I/C2VdecComponent( 509): [reportAbandonedWorks] no-tunnel mode abandon bitstreamid:2124 mediatimeus:70730000
06-03 13:55:56.040 I/C2VdecComponent( 509): [reportAbandonedWorks] no-tunnel mode abandon bitstreamid:2125 mediatimeus:70764000
06-03 13:55:56.040 I/C2VdecComponent( 509): [0##25]"[onStopDone] clear decoder duration"
06-03 13:55:56.040 I/C2VdecDeviceUtil( 509): [0#25]"into clearDecoderDuration"
06-03 13:55:56.040 I/AmlManagePts( 509): [0]"setDuration error duration[0]type[2]\n"
06-03 13:55:56.041 I/C2VdecBlockPoolUtil( 509): ~C2VdecBlockPoolUtil success:2118 count:4163 fetch level:0.508768
06-03 13:55:56.041 I/C2VdecComponent( 509): [0##25]"[stop] done"
06-03 13:55:56.041 I/DebugUtil( 509): [~DebugUtil:71]
06-03 13:55:56.041 I/C2VdecComponent( 509): [0##25]"[onDestroy]"
06-03 13:55:56.041 I/C2VdecDequeueThreadUtil( 509): ~DequeueThreadUtil!!
06-03 13:55:56.041 I/VideoDecWraper( 509): [0##25]"destroy"
06-03 13:55:56.041 D/ResmanWrapper( 509): ~resManWrapper fd = 11
06-03 13:55:56.042 D/resman ( 509): release all resource, fd = 11
06-03 13:55:56.042 I/VDA ( 509): [0##25]"Destroy:1702"
06-03 13:55:56.042 I/VDA ( 509): [0##25]"DestroyTask INS=0/0, OUTS=0/0"" {IN=0/8, OUT=13/13[kAtAccelerator(0) kAtDevice(0) kAtClient(13)]}"
06-03 13:55:56.042 I/VDA ( 509): [0##25]"StopDevicePoll\n"
06-03 13:55:56.042 I/VDA ( 509): [0##25]"StopInputStream input_streamon 0, input_buffer_map_.size 8\n"
06-03 13:55:56.042 I/AmlManagePts( 509): [0]"resetPtsInfo into\n"
06-03 13:55:56.042 I/AmlManagePts( 509): [0]"resetOutPutInfo into\n"
06-03 13:55:56.042 I/VDA ( 509): [0##25]"DestroyInputBuffers:5083"
06-03 13:55:56.042 I/VDA ( 509): [0##25]"DestroyOutputBuffers:5126"
06-03 13:55:56.044 I/VDA ( 509): [0##25]"DestroyTask:4223"
06-03 13:55:56.044 I/VDA ( 509): [0##25]"DestroyTask:4225 destroy done signal."
06-03 13:55:56.045 I/BufferPoolWraper( 509): [7]"free bufferpool region memory"
06-03 13:55:56.045 I/dmabufmanage( 509): dmabufmanage_uninit-122 UnRegister dmabuf manager success 8
06-03 13:55:56.045 I/BufferPoolWraper( 509): [7]"~BufferPoolWraper:163"
06-03 13:55:56.045 I/AmlManagePts( 509): [0]"~AmlManagePts into\n"
06-03 13:55:56.045 I/VDA ( 509): [0##25]"~V4L2VideoDecodeAccelerator:679"
05-31 21:00:12.945 I/[3 T5198 ..] [amlv4l]( 0): [25]: reset mode: 1, es frames buffering: 0
05-31 21:00:12.946 D/[3 T5198 ..] [h265]( 0): [0]h265:pts_unstable=0
05-31 21:00:12.946 D/[3 T5198 ..] [h265]( 0): [0]h265: ver (201602101,0) decinfo: 0x0 rate=3600
05-31 21:00:12.948 D/[2 T5198 ..] [amlcom]( 0): vdec_release instance 0000000066cc2972, total 1
05-31 21:00:12.949 I/[1 T5198 ..] [amlcom]( 0): dos_local_config end, id 3, is_on 0
05-31 21:00:12.949 D/[1 T5198 ..] [media_clock]( 0): the clk_hevcf_mux clock off, ref cnt: 0
05-31 21:00:12.949 I/ ( 0): [1 T5198 ..] deinit session
05-31 21:00:12.949 I/ ( 0): [1 T5198 ..] deinit session producer-2
05-31 21:00:12.950 I/ ( 0): [1 T5198 ..] deinit has_unusing_fifo [1]
05-31 21:00:12.951 I/ ( 0): [1 T99 ..] p_fifo[2] name[aml-vcodec-dec] state[0] to MP_FIFO_UNUSED
06-03 13:55:56.048 I/SystemControl( 343): [/UEventObserver.cpp, HDMITxUenventThreadLoop, 451] HDMI TX switch_name:0, switch_state:
06-03 13:55:56.048 I/SystemControl-FRA( 343): [/FrameRateAutoAdaption.cpp, isFrameRateOn, 176] hdmi frame rate is on
06-03 13:55:56.049 D/XM_HIDREAD( 2267): remove@ remove@/devices/platform/vdec/ammvdec_h265_v4l.0
06-03 13:55:56.052 I/VideoDecWraper( 509): [0##25]"~VideoDecWraper"
06-03 13:55:56.052 I/AmVideoDec( 509): [No--1]-[0]"~AmVideoDec IN[2126:2126] OUT[2118:2115]\n"
06-03 13:55:56.052 I/C2VdecDeviceUtil( 509): [~DeviceUtil:70]
06-03 13:55:56.053 I/C2VdecDeviceUtil( 509): setSkipReallocBufMode:0
06-03 13:55:56.053 I/C2VdecDeviceUtil( 509): [~DeviceUtil:76] clear vendor.media.llp
06-03 13:55:56.053 I/C2VdecGrallocWraper( 509): free slot:0
06-03 13:55:56.053 I/gralloc ( 509): am_gralloc_set_uvm_decoder_para: parameters:[slot_id=0,w*h(0*0),w_align=0,h_align=0,size=0]
06-03 13:55:56.054 I/C2VdecComponent( 509): [0##25]"[onDestroy] done"
06-03 13:55:56.056 D/C2BqBuffer( 509): configuring null producer: igbp_information(0)
06-03 13:55:56.057 D/SurfaceUtils( 4827): disconnecting from surface 0xf16df7d8, reason disconnectFromSurface
06-03 13:55:56.057 I/hw-BpHwBinder( 4827): onLastStrongRef automatically unlinking death recipients
06-03 13:55:56.057 I/hw-BpHwBinder( 509): onLastStrongRef automatically unlinking death recipients
06-03 13:55:56.057 I/C2VdecComponent( 509): [0##25]"~C2VdecComponent start"
06-03 13:55:56.057 I/C2VdecComponent( 509): [0##25]"~C2VdecComponent done"
06-03 13:55:56.059 D/MediaCodec( 4827): flushMediametrics
06-03 13:55:56.060 D/MediaCodec( 4827): flushMediametrics
06-03 13:55:56.060 W/MediaCodec( 4827): no metrics handle found
06-03 13:55:56.497 D/AdManager( 4827): notFetchAd
06-03 13:55:56.497 D/AdManager( 4827): onComplete
06-03 13:55:57.499 I/Player::Player()( 4827): create success
06-03 13:55:57.499 I/virtual Player *IPlayerBuilder::build()( 4827): build success playType:0, demuxType:0 decodeType:0
06-03 13:55:57.499 I/void Player::setBufferSize(int)( 4827): setBufferSize success 300
06-03 13:55:57.500 D/void PlayerProxy::setDynamicExchangeSurface(long, bool)( 4827): Player setDynamicExchangeSurface:1
06-03 13:55:57.500 I/void PlayerProxy::enableSmoothLoop(long, bool)( 4827): enable smooth: 0
06-03 13:55:57.500 I/void PlayerProxy::enableListSmoothLoop(long, bool)( 4827): enable list smooth: 1
06-03 13:55:57.500 I/void PlayerProxy::initWindow(long, void *)( 4827): start init window
06-03 13:55:57.500 I/void PlayerProxy::initWindow(long, void *)( 4827): init window success
06-03 13:55:57.501 D/LeradPlayer( 4827): open: /data/user/0/com.dangbei.lerad.screensaver/files/download/61/city_1.mp4
06-03 13:55:57.501 D/void Thread::stop()( 4827): Thread-Player start stop
06-03 13:55:57.501 D/void Thread::stop()( 4827): Thread-Player stop success
06-03 13:55:57.501 I/void Player::setState(PLAYER_STATE)( 4827): state changed newState: 7 oldState: 0
06-03 13:55:57.501 D/LeradPlayer( 4827): player newState: 7 oldState: 0
06-03 13:55:57.501 I/void Player::close()( 4827): close success
06-03 13:55:57.501 I/void Player::setState(PLAYER_STATE)( 4827): state changed newState: 1 oldState: 7
06-03 13:55:57.501 D/LeradPlayer( 4827): player newState: 1 oldState: 7
06-03 13:55:57.504 I/virtual bool FFDemuxer::open(const char *)( 4827): open success
06-03 13:55:57.504 D/virtual bool FFDemuxer::open(const char *)( 4827): use avformat_find_stream_info
06-03 13:55:57.505 E/virtual bool FFDemuxer::open(const char *)( 4827): has valid video size: 1 1 0
06-03 13:55:57.505 I/void FFDemuxer::selectDefaultTrack()( 4827): audioStreamIndex: -1 audioTrackCount: 0 videoStreamIndex: 0 videoTrackCount: 1 subtitleStreamIndex: -1 subtitleTrackCount: 0
06-03 13:55:57.505 I/virtual void IDemuxer::pause(bool)( 4827): pause success 0
06-03 13:55:57.505 E/void Player::open(const char *, int, int, int)( 4827): audioDecoder open failed
06-03 13:55:57.505 I/virtual StreamInfo FFDemuxer::getVideoStreamInfo()( 4827): video width: 1920 video height: 1080 video pixelFormat: 0 fps: 30
06-03 13:55:57.505 I/bool DecoderBridge::initMediaCodec(const char *, int, int, int, uint8_t *, int, std::vector, Javause java media codec api level: 34
06-03 13:55:57.505 D/LeradPlayer( 4827): initMediaCodec: video/hevc
06-03 13:55:57.506 D/MediaCodecList( 4827): codecHandlesFormat: no format, so no extra checks
06-03 13:55:57.506 D/MediaCodecList( 4827): codecHandlesFormat: no format, so no extra checks
06-03 13:55:57.509 D/CCodec ( 4827): allocate(c2.amlogic.hevc.decoder)
06-03 13:55:57.511 I/CCodec ( 4827): setting up 'default' as default (vendor) store
06-03 13:55:57.511 I/C2VendorComponentStore( 509): C2VendorComponentStore::createComponent name c2.amlogic.hevc.decoder
06-03 13:55:57.511 I/C2VendorComponentStore( 509): findComponent
06-03 13:55:57.511 I/C2VendorComponentStore( 509): C2VendorComponentStore::createComponent fetchModule
06-03 13:55:57.511 I/C2VendorComponentStore( 509): localModule libpath libcodec2_aml_video_decoder.so 2
06-03 13:55:57.511 V/C2VendorComponentStore( 509): Loading dll
06-03 13:55:57.512 I/C2VendorComponentStore( 509): in init ===> start codec:2 secure:0 isAudio:0
06-03 13:55:57.512 V/C2VendorComponentStore( 509): init libPath:libcodec2_aml_video_decoder.so --> isAudio:0, createFactoryName:CreateC2VdecH265Factory
06-03 13:55:57.512 V/C2VdecComponent( 509): create component H265 secure:0
06-03 13:55:57.512 I/C2VendorComponentStore( 509): GetCodec2VendorComponentStore, line:861
06-03 13:55:57.512 W/C2VdecComponent( 509): Initialize() instances: 0
06-03 13:55:57.512 E/C2VdecCodecConfig( 509): c2.amlogic.hevc.decoder can support 4K
06-03 13:55:57.512 I/C2VdecCodecConfig( 509): isCodecSupportHdr10Plus hdr10:(0)
06-03 13:55:57.512 E/C2VdecCodecConfig( 509): can support 8K
06-03 13:55:57.513 I/C2VdecComponentIntfImpl( 509): [onHdrDeclareParam:1048] mSupportHdr10Plus 0
06-03 13:55:57.514 I/C2VdecComponentIntfImpl( 509): not set prop not support 10bit
06-03 13:55:57.514 I/C2VdecComponent( 509): [7##-1]"Create C2VdecComponent(c2.amlogic.hevc.decoder)"
06-03 13:55:57.514 I/C2VdecComponent( 509): vendor.media.c2.loglevels is not set used def = 1
06-03 13:55:57.514 I/DebugUtil( 509): vendor.media.c2.loglevels is not set used def = 1
06-03 13:55:57.514 I/DebugUtil( 509): [DebugUtil:66]
06-03 13:55:57.514 I/C2VdecDequeueThreadUtil( 509): vendor.media.c2.loglevels is not set used def = 1
06-03 13:55:57.514 I/C2VdecDequeueThreadUtil( 509): Creat DequeueThreadUtil!!
06-03 13:55:57.514 V/C2VendorComponentStore( 509): In ~ComponentModule
06-03 13:55:57.514 V/C2VendorComponentStore( 509): Unloading dll
06-03 13:55:57.515 I/CCodec ( 4827): Created component [c2.amlogic.hevc.decoder]
06-03 13:55:57.516 W/Codec2Client( 4827): query -- param skipped: index = 2684356613.
06-03 13:55:57.516 D/CCodecConfig( 4827): Query domain & kind failed => BAD_INDEX
06-03 13:55:57.516 D/CCodecConfig( 4827): read media type: video/hevc
06-03 13:55:57.516 D/CCodecConfig( 4827): read media type: video/hevc
06-03 13:55:57.519 D/ReflectedParamUpdater( 4827): extent() != 1 for single value type: input.buffers.allocator-ids.values
06-03 13:55:57.519 D/ReflectedParamUpdater( 4827): extent() != 1 for single value type: output.buffers.allocator-ids.values
06-03 13:55:57.519 D/ReflectedParamUpdater( 4827): extent() != 1 for single value type: output.buffers.pool-ids.values
06-03 13:55:57.522 D/ReflectedParamUpdater( 4827): extent() != 1 for single value type: output.tunneled-render.sync-id
06-03 13:55:57.522 D/ReflectedParamUpdater( 4827): extent() != 1 for single value type: output.tunnel-handle.values
06-03 13:55:57.524 D/CCodecConfig( 4827): ignoring local param raw.size (0xd2001800) as it is already supported
06-03 13:55:57.524 D/CCodecConfig( 4827): ignoring local param default.color (0x5200180b) as it is already supported
06-03 13:55:57.524 D/CCodecConfig( 4827): ignoring local param raw.hdr-static-info (0xd200180a) as it is already supported
06-03 13:55:57.526 I/CCodecConfig( 4827): query failed after returning 15 values (BAD_INDEX)
06-03 13:55:57.526 D/CCodecConfig( 4827): c2 config diff is Dict {
06-03 13:55:57.526 D/CCodecConfig( 4827): c2::u32 algo.delay.value = 0
06-03 13:55:57.526 D/CCodecConfig( 4827): c2::u32 algo.low-latency.value = 0
06-03 13:55:57.526 D/CCodecConfig( 4827): c2::float coded.frame-rate.value = 30
06-03 13:55:57.526 D/CCodecConfig( 4827): c2::u32 coded.pl.level = 24838
06-03 13:55:57.526 D/CCodecConfig( 4827): c2::u32 coded.pl.profile = 24576
06-03 13:55:57.526 D/CCodecConfig( 4827): c2::u32 coded.vui.color.matrix = 0
06-03 13:55:57.526 D/CCodecConfig( 4827): c2::u32 coded.vui.color.primaries = 0
06-03 13:55:57.526 D/CCodecConfig( 4827): c2::u32 coded.vui.color.range = 0
06-03 13:55:57.526 D/CCodecConfig( 4827): c2::u32 coded.vui.color.transfer = 0
06-03 13:55:57.526 D/CCodecConfig( 4827): c2::u32 default.color.matrix = 0
06-03 13:55:57.526 D/CCodecConfig( 4827): c2::u32 default.color.primaries = 0
06-03 13:55:57.526 D/CCodecConfig( 4827): c2::u32 default.color.range = 0
06-03 13:55:57.526 D/CCodecConfig( 4827): c2::u32 default.color.transfer = 0
06-03 13:55:57.526 D/CCodecConfig( 4827): c2::u32 input.buffers.max-size.value = 1310720
06-03 13:55:57.526 D/CCodecConfig( 4827): c2::u32 input.delay.value = 4
06-03 13:55:57.526 D/CCodecConfig( 4827): string input.media-type.value = "video/hevc"
06-03 13:55:57.526 D/CCodecConfig( 4827): c2::u32 output.delay.value = 3
06-03 13:55:57.526 D/CCodecConfig( 4827): string output.media-type.value = "video/raw"
06-03 13:55:57.526 D/CCodecConfig( 4827): c2::u32 output.tunnel-start-render.value = 0
06-03 13:55:57.526 D/CCodecConfig( 4827): c2::u32 raw.color.matrix = 0
06-03 13:55:57.526 D/CCodecConfig( 4827): c2::u32 raw.color.primaries = 0
06-03 13:55:57.526 D/CCodecConfig( 4827): c2::u32 raw.color.range = 0
06-03 13:55:57.526 D/CCodecConfig( 4827): c2::u32 raw.color.transfer = 0
06-03 13:55:57.526 D/CCodecConfig( 4827): c2::float raw.hdr-static-info.mastering.blue.x = 0
06-03 13:55:57.526 D/CCodecConfig( 4827): c2::float raw.hdr-static-info.mastering.blue.y = 0
06-03 13:55:57.526 D/CCodecConfig( 4827): c2::float raw.hdr-static-info.maste
06-03 13:55:57.527 W/ColorUtils( 4827): expected specified color aspects (0:0:0:0)
06-03 13:55:57.528 D/MediaCodec( 4827): flushMediametrics
06-03 13:55:57.528 D/SurfaceUtils( 4827): connecting to surface 0xbc201948, reason connectToSurface
06-03 13:55:57.528 I/MediaCodec( 4827): [c2.amlogic.hevc.decoder] setting surface generation to 4942855
06-03 13:55:57.528 D/SurfaceUtils( 4827): disconnecting from surface 0xbc201948, reason connectToSurface(reconnect)
06-03 13:55:57.529 D/SurfaceUtils( 4827): connecting to surface 0xbc201948, reason connectToSurface(reconnect)
06-03 13:55:57.529 D/CCodec ( 4827): [c2.amlogic.hevc.decoder] buffers are bound to CCodec for this session
06-03 13:55:57.529 D/CCodecConfig( 4827): no c2 equivalents for native-window
06-03 13:55:57.529 D/CCodecConfig( 4827): no c2 equivalents for flags
06-03 13:55:57.529 I/C2VdecComponentIntfImpl( 509): [7##7]config picture w:1920 h:1080
06-03 13:55:57.530 D/CCodecConfig( 4827): c2 config diff is c2::u32 raw.size.height = 1080
06-03 13:55:57.530 D/CCodecConfig( 4827): c2::u32 raw.size.width = 1920
06-03 13:55:57.531 W/Codec2Client( 4827): query -- param skipped: index = 1107298332.
06-03 13:55:57.531 D/CCodec ( 4827): encoding statistics level = 0
06-03 13:55:57.531 D/CCodec ( 4827): setup formats input: AMessage(what = 0x00000000) = {
06-03 13:55:57.531 D/CCodec ( 4827): int32_t frame-rate = 30
06-03 13:55:57.531 D/CCodec ( 4827): int32_t height = 1080
06-03 13:55:57.531 D/CCodec ( 4827): int32_t level = 8388608
06-03 13:55:57.531 D/CCodec ( 4827): int32_t max-input-size = 1572864
06-03 13:55:57.531 D/CCodec ( 4827): string mime = "video/hevc"
06-03 13:55:57.531 D/CCodec ( 4827): int32_t profile = 1
06-03 13:55:57.531 D/CCodec ( 4827): int32_t width = 1920
06-03 13:55:57.531 D/CCodec ( 4827): Rect crop(0, 0, 1919, 1079)
06-03 13:55:57.531 D/CCodec ( 4827): }
06-03 13:55:57.531 D/CCodec ( 4827): setup formats output: AMessage(what = 0x00000000) = {
06-03 13:55:57.531 D/CCodec ( 4827): int32_t android._video-scaling = 1
06-03 13:55:57.531 D/CCodec ( 4827): int32_t android._dataspace = 260
06-03 13:55:57.531 D/CCodec ( 4827): int32_t color-standard = 1
06-03 13:55:57.531 D/CCodec ( 4827): int32_t color-range = 2
06-03 13:55:57.531 D/CCodec ( 4827): int32_t color-transfer = 3
06-03 13:55:57.531 D/CCodec ( 4827): int32_t sar-height = 1
06-03 13:55:57.531 D/CCodec ( 4827): int32_t rotation-degrees = 0
06-03 13:55:57.531 D/CCodec ( 4827): Buffer hdr-static-info = {
06-03 13:55:57.531 D/CCodec ( 4827): 00000000: 00 00 00 00 00 00 00 00 00 00 00 00 00 00 00 00 ................
06-03 13:55:57.531 D/CCodec ( 4827): 00000010: 00 00 00 00 00 00 00 00 00 .........
06-03 13:55:57.531 D/CCodec ( 4827): }
06-03 13:55:57.531 D/CCodec ( 4827): int32_t sar-width = 1
06-03 13:55:57.531 D/CCodec ( 4827): Rect crop(0, 0, 1919, 1079)
06-03 13:55:57.531 D/CCodec ( 4827): int32_t width = 1920
06-03 13:55:57.531 D/CCodec ( 4827): int32_t frame-rate = 30
06-03 13:55:57.531 D/CCodec ( 4827): int32_t height = 1080
06-03 13:55:57.531 D/CCodec ( 4827): string mime = "video/raw"
06-03 13:55:57.531 D/CCodec ( 4827): int32_t color-format = 2130708361
06-03 13:55:57.531 D/CCodec ( 4827): }
06-03 13:55:57.531 I/CCodecConfig( 4827): query failed after returning 15 values (BAD_INDEX)
06-03 13:55:57.532 D/CCodecConfig( 4827): c2 config diff is c2::u32 input.buffers.max-size.value = 1572864
06-03 13:55:57.533 I/C2VdecComponent( 509): [7##-1]"[start]"
06-03 13:55:57.533 I/C2VdecComponent( 509): [7##-1]"OnStart DolbyVision:0"
06-03 13:55:57.533 I/C2VdecComponent( 509): debug.vendor.media.c2.vdec.priority is not set used def = 0
06-03 13:55:57.533 I/DebugUtil( 509): [7##-1][setComponent:77]
06-03 13:55:57.533 D/C2DBG ( 509): adding client to C2_VDEC
06-03 13:55:57.534 I/VideoDecWraper( 509): vendor.media.c2.loglevels is not set used def = 1
06-03 13:55:57.534 I/VideoDecWraper( 509): [-1##-1]"VideoDecWraper"
06-03 13:55:57.534 I/C2VdecDeviceUtil( 509): vendor.media.c2.loglevels is not set used def = 1
06-03 13:55:57.534 I/C2VdecCodecConfig( 509): isCodecSupportHdr10Plus hdr10:(0)
06-03 13:55:57.534 I/C2VdecGrallocWraper( 509): vendor.media.c2.loglevels is not set used def = 1
06-03 13:55:57.534 I/C2VdecDeviceUtil( 509): [DeviceUtil:66]mSupportHdr10Plus:0
06-03 13:55:57.534 I/C2VdecDeviceUtil( 509): [7##-1][setComponent:154]
06-03 13:55:57.534 I/C2VdecDeviceUtil( 509): [7#-1]"No HDR ColorAspects set"
06-03 13:55:57.534 I/C2VdecDeviceUtil( 509): setSkipReallocBufMode:0
06-03 13:55:57.535 I/C2VdecDeviceUtil( 509): [0#-1]"[codecConfig:499] query frame rate:30.000000 updata mDurationUs = 33333, unstablePts :0 isAviDiscard :0"
06-03 13:55:57.535 I/C2VdecDeviceUtil( 509): [0#-1]"Disable low latency mode to v4l2 decoder."
06-03 13:55:57.535 I/C2VdecDeviceUtil( 509): [codecConfig:522] clear vendor.media.llp
06-03 13:55:57.536 I/C2VdecDeviceUtil( 509): vendor.media.c2.vdec.h264_mmu_width is not set used def = 2560
06-03 13:55:57.536 I/C2VdecDeviceUtil( 509): vendor.media.c2.vdec.h264_mmu_height is not set used def = 2160
06-03 13:55:57.536 I/C2VdecDeviceUtil( 509): [0#-1]"mEnableAvc4kMMU = 1, mmu open width:2560, height:2160"
06-03 13:55:57.536 I/C2VdecDeviceUtil( 509): [0#-1]"configure width:1920 height:1080"
06-03 13:55:57.536 E/C2VdecCodecConfig( 509): can support 8K
06-03 13:55:57.536 I/C2VdecDeviceUtil( 509): [0#-1]"[codecConfig:569] Codec is Support 8k"
06-03 13:55:57.536 I/C2VdecDeviceUtil( 509): [0#-1]"DoubleWriteMode 3, margin:6 \n"
06-03 13:55:57.536 I/C2VdecDeviceUtil( 509): [0#-1]"Enable DIPOST"
06-03 13:55:57.536 I/C2VdecDeviceUtil( 509): [0#-1]"Buf dma mode 0x100000"
06-03 13:55:57.536 I/C2VdecDeviceUtil( 509): [0#-1]"C2 need disable error policy"
06-03 13:55:57.536 I/C2VdecDeviceUtil( 509): [codecConfig] set triple write:0
06-03 13:55:57.536 I/V4l2Adaptor( 509): V4l2Adaptor::GetSupportedProfiles inputcoded 1, inputFormatFourcc 43564548
06-03 13:55:57.536 I/android.hardware.media.c2@1.2-service( 509): vendor.mediahal.loglevels is not set, used defaultValue = 1
05-31 21:00:14.436 E/ ( 0): [1 T5290 ..] mediaproxy produce init [aml-vcodec-dec]
05-31 21:00:14.436 I/ ( 0): [1 T5290 ..] Mediaproxy is opened name[aml-vcodec-dec]\n
05-31 21:00:14.436 I/ ( 0): [1 T5290 ..] Mediaproxy is opened name[aml-vcodec-dec] end\n
05-31 21:00:14.437 E/ ( 0): [1 T5290 ..] mediaproxy produce start connect
05-31 21:00:14.439 I/ ( 0): [1 T5290 ..] find p kfifo size:[32][2]
05-31 21:00:14.439 I/ ( 0): [1 T5290 ..] mediaproxy_get_fifo get idx[2]
05-31 21:00:14.440 I/ ( 0): [1 T5290 ..] Session producer-2 is connected fifo idx [2]
05-31 21:00:14.441 E/ ( 0): [1 T5290 ..] mediaproxy produce connect [2]
05-31 21:00:14.441 I/ ( 0): [1 T5290 ..] mediaproxy produce msg type :0x40 module_name:aml-vcodec-dec
05-31 21:00:14.443 I/ ( 0): [1 T5290 ..] deinit session
05-31 21:00:14.443 I/ ( 0): [1 T5290 ..] deinit session producer-2
05-31 21:00:14.443 I/ ( 0): [1 T5290 ..] deinit has_unusing_fifo [1]
05-31 21:00:14.444 I/ ( 0): [0 T99 ..] p_fifo[2] name[aml-vcodec-dec] state[0] to MP_FIFO_UNUSED
05-31 21:00:14.444 E/ ( 0): [1 T5290 ..] mediaproxy produce init [aml-vcodec-dec]
05-31 21:00:14.446 I/ ( 0): [1 T5290 ..] Mediaproxy is opened name[aml-vcodec-dec]\n
05-31 21:00:14.446 I/ ( 0): [1 T5290 ..] Mediaproxy is opened name[aml-vcodec-dec] end\n
05-31 21:00:14.446 E/ ( 0): [1 T5290 ..] mediaproxy produce start connect
05-31 21:00:14.448 I/ ( 0): [1 T5290 ..] find p kfifo size:[32][2]
05-31 21:00:14.449 I/ ( 0): [1 T5290 ..] mediaproxy_get_fifo get idx[2]
05-31 21:00:14.449 I/ ( 0): [1 T5290 ..] Session producer-2 is connected fifo idx [2]
05-31 21:00:14.450 E/ ( 0): [1 T5290 ..] mediaproxy produce connect [2]
05-31 21:00:14.451 I/ ( 0): [1 T5290 ..] mediaproxy produce msg type :0x40 module_name:aml-vcodec-dec
06-03 13:55:57.554 I/VideoDecWraper( 509): AmVideoDec_getSupportedProfiles data:0xecb81820, size:3
06-03 13:55:57.554 I/VideoDecWraper( 509): [0##-1]"initialize:mime:video/hevc secureMode is 0 flags is 0x8001"
06-03 13:55:57.554 E/VideoDecWraper( 509): version 1.1 use create AmVideoDec_create
06-03 13:55:57.554 I/AmVideoDec( 509): AmVideoDec version: V3.32.61-g16c2887e (drm.autobuild Thu Dec 19 10:59:00 CST 2024), mHalInstanceID 5, mHalInstancenum 0
06-03 13:55:57.554 I/android.hardware.media.c2@1.2-service( 509): vendor.mediahal.loglevels is not set, used defaultValue = 1
06-03 13:55:57.554 I/AmVideoDec( 509): [No--1]-[0]"new VideoDec\n"
06-03 13:55:57.554 I/AmVideoDec( 509): open dec_stat fd -1 mLowMem:0
06-03 13:55:57.554 I/android.hardware.media.c2@1.2-service( 509): vendor.amtsplayer.pipeline is not set, used defaultValue = 1
06-03 13:55:57.554 I/VideoDecWraper( 509): GetAmVideoDec ok
05-31 21:00:14.452 I/ ( 0): [1 T5290 ..] deinit session
05-31 21:00:14.452 I/ ( 0): [1 T5290 ..] deinit session producer-2
05-31 21:00:14.453 I/ ( 0): [1 T5290 ..] deinit has_unusing_fifo [1]
05-31 21:00:14.453 I/ ( 0): [3 T99 ..] p_fifo[2] name[aml-vcodec-dec] state[0] to MP_FIFO_UNUSED
05-31 21:00:14.455 I/ ( 0): [1 T5290 ..] codec mem info:
06-03 13:55:57.555 D/ResmanWrapper( 509): resManWrapper CODEC2-0 init, fd = 11
06-03 13:55:57.555 I/AmVideoDec( 509): [No--1]-[0]"checkResource.-- mem size:60--dim:0 w:[1920]H[1080]\n"
05-31 21:00:14.455 I/ ( 0): [1 T5290 ..] total codec mem size:364 MB
05-31 21:00:14.455 I/ ( 0): [1 T5290 ..] alloced size= 71 MB
05-31 21:00:14.456 I/ ( 0): [1 T5290 ..] max alloced: 119 MB
05-31 21:00:14.457 I/[1 T5290 ..] CMA( 0): 71,RES:0,TVP:0,SYS:0,COHER:0,VMAPED:0 MB
05-31 21:00:14.457 I/[1 T5290 ..] RES_EXT( 0): 0 MB
05-31 21:00:14.458 I/ ( 0): [1 T5290 ..] [4]CMA size:364 MB:alloced: 71 MB,free:292 MB
05-31 21:00:14.459 I/[1 T5290 d.] [48].0( 0): SCATTER_MEM.0,addr=0xcf2d2000,size=8388608,from=4,cnt=1,flags=268439553,used:216056 ms
05-31 21:00:14.459 I/[1 T5290 d.] [49].0( 0): SCATTER_MEM.0,addr=0xcfad2000,size=8388608,from=4,cnt=1,flags=268439553,used:216056 ms
05-31 21:00:14.460 I/[1 T5290 d.] [50].0( 0): SCATTER_MEM.0,addr=0xd02d2000,size=8388608,from=4,cnt=1,flags=268439553,used:216052 ms
05-31 21:00:14.461 I/[1 T5290 d.] [51].0( 0): SCATTER_MEM.0,addr=0xd0ad2000,size=8388608,from=4,cnt=1,flags=268439553,used:216052 ms
05-31 21:00:14.463 I/[1 T5290 d.] [172].0( 0): CODEC_MM_DMA_BUF.0,addr=0xd12d2000,size=3133440,from=4,cnt=1,flags=1,used:71724 ms
05-31 21:00:14.464 I/[1 T5290 d.] [173].25( 0): v4ldec-m2m.0,addr=0xd18d0000,size=65536,from=4,cnt=1,flags=69633,used:71724 ms
05-31 21:00:14.465 I/[1 T5290 d.] [174].0( 0): CODEC_MM_DMA_BUF.0,addr=0xd15cf000,size=3133440,from=4,cnt=1,flags=1,used:71724 ms
05-31 21:00:14.467 I/[1 T5290 d.] [176].25( 0): v4ldec-m2m.1,addr=0xd1c60000,size=65536,from=4,cnt=1,flags=69633,used:71724 ms
05-31 21:00:14.468 I/[1 T5290 d.] [177].0( 0): CODEC_MM_DMA_BUF.0,addr=0xd1960000,size=3133440,from=4,cnt=1,flags=1,used:71728 ms
05-31 21:00:14.469 I/[1 T5290 d.] [178].25( 0): v4ldec-m2m.2,addr=0xd1f70000,size=65536,from=4,cnt=1,flags=69633,used:71724 ms
05-31 21:00:14.470 I/[1 T5290 d.] [179].0( 0): CODEC_MM_DMA_BUF.0,addr=0xd1c70000,size=3133440,from=4,cnt=1,flags=1,used:71724 ms
05-31 21:00:14.472 I/[1 T5290 d.] [182].0( 0): CODEC_MM_DMA_BUF.0,addr=0xd2000000,size=3133440,from=4,cnt=1,flags=1,used:71720 ms
05-31 21:00:14.473 I/[1 T5290 d.] [183].25( 0): v4ldec-m2m.3,addr=0xd2300000,size=65536,from=4,cnt=1,flags=69633,used:71724 ms
05-31 21:00:14.474 I/[1 T5290 d.] [185].25( 0): v4ldec-m2m.4,addr=0xd2350000,size=65536,from=4,cnt=1,flags=69633,used:71720 ms
05-31 21:00:14.476 I/[1 T5290 d.] [186].0( 0): CODEC_MM_DMA_BUF.0,addr=0xd2360000,size=3133440,from=4,cnt=1,flags=1,used:71724 ms
06-03 13:55:57.597 I/AmVideoDec( 509): [No--1]-[0]"res_status.v.query.avail 292 -mmsize: 60 -adjust 0\n"
05-31 21:00:14.477 I/[1 T5290 d.] [187].25( 0): v4ldec-m2m.5,addr=0xd2960000,size=65536,from=4,cnt=1,flags=69633,used:71724 ms
06-03 13:55:57.597 I/resman ( 509): acquire fd:11, resid:7, preempt:1, time_out:10000, arg:
05-31 21:00:14.478 I/[1 T5290 d.] [188].0( 0): CODEC_MM_DMA_BUF.0,addr=0xd265d000,size=3133440,from=4,cnt=1,flags=1,used:71724 ms
05-31 21:00:14.480 I/[1 T5290 d.] [189].25( 0): v4ldec-m2m.6,addr=0xd2970000,size=65536,from=4,cnt=1,flags=69633,used:71720 ms
05-31 21:00:14.481 I/[1 T5290 d.] [190].0( 0): CODEC_MM_DMA_BUF.0,addr=0xd2980000,size=3133440,from=4,cnt=1,flags=1,used:71720 ms
05-31 21:00:14.482 I/[1 T5290 d.] [192].25( 0): v4ldec-m2m.7,addr=0xd2cc0000,size=65536,from=4,cnt=1,flags=69633,used:71716 ms
05-31 21:00:14.483 I/[1 T5290 d.] [193].0( 0): CODEC_MM_DMA_BUF.0,addr=0xd2fd0000,size=3133440,from=4,cnt=1,flags=1,used:71716 ms
05-31 21:00:14.485 I/[1 T5290 d.] [195].25( 0): v4ldec-m2m.8,addr=0xd2d10000,size=65536,from=4,cnt=1,flags=69633,used:71720 ms
05-31 21:00:14.486 I/[1 T5290 d.] [196].0( 0): CODEC_MM_DMA_BUF.0,addr=0xd32cd000,size=3133440,from=4,cnt=1,flags=1,used:71720 ms
05-31 21:00:14.487 I/[1 T5290 d.] [197].25( 0): v4ldec-m2m.9,addr=0xd2d20000,size=65536,from=4,cnt=1,flags=69633,used:71720 ms
05-31 21:00:14.489 I/[1 T5290 d.] [198].0( 0): CODEC_MM_DMA_BUF.0,addr=0xd35ca000,size=3133440,from=4,cnt=1,flags=1,used:71720 ms
05-31 21:00:14.490 I/[1 T5290 d.] [199].25( 0): v4ldec-m2m.10,addr=0xd2d30000,size=65536,from=4,cnt=1,flags=69633,used:71716 ms
05-31 21:00:14.491 I/[1 T5290 d.] [200].0( 0): CODEC_MM_DMA_BUF.0,addr=0xd38c7000,size=3133440,from=4,cnt=1,flags=1,used:71720 ms
05-31 21:00:14.492 I/[1 T5290 d.] [201].25( 0): v4ldec-m2m.11,addr=0xd2d40000,size=65536,from=4,cnt=1,flags=69633,used:71712 ms
05-31 21:00:14.494 I/[1 T5290 d.] [202].0( 0): CODEC_MM_DMA_BUF.0,addr=0xd63e0000,size=3133440,from=4,cnt=1,flags=1,used:71712 ms
05-31 21:00:14.495 I/[1 T5290 d.] [203].25( 0): v4ldec-m2m.12,addr=0xd1900000,size=65536,from=4,cnt=1,flags=69633,used:71704 ms
05-31 21:00:14.497 I/ ( 0): [1 T5290 ..] codec mem info:
05-31 21:00:14.498 I/ ( 0): [1 T5290 ..] total codec mem size:364 MB
05-31 21:00:14.499 I/ ( 0): [1 T5290 ..] alloced size= 71 MB
05-31 21:00:14.499 I/ ( 0): [1 T5290 ..] max alloced: 119 MB
05-31 21:00:14.500 I/[1 T5290 ..] CMA( 0): 71,RES:0,TVP:0,SYS:0,COHER:0,VMAPED:0 MB
05-31 21:00:14.501 I/[1 T5290 ..] RES_EXT( 0): 0 MB
05-31 21:00:14.501 I/ ( 0): [1 T5290 ..] [4]CMA size:364 MB:alloced: 71 MB,free:292 MB
05-31 21:00:14.502 I/[1 T5290 d.] [48].0( 0): SCATTER_MEM.0,addr=0xcf2d2000,size=8388608,from=4,cnt=1,flags=268439553,used:216096 ms
05-31 21:00:14.502 I/[1 T5290 d.] [49].0( 0): SCATTER_MEM.0,addr=0xcfad2000,size=8388608,from=4,cnt=1,flags=268439553,used:216096 ms
05-31 21:00:14.503 I/[1 T5290 d.] [50].0( 0): SCATTER_MEM.0,addr=0xd02d2000,size=8388608,from=4,cnt=1,flags=268439553,used:216096 ms
05-31 21:00:14.505 I/[1 T5290 d.] [51].0( 0): SCATTER_MEM.0,addr=0xd0ad2000,size=8388608,from=4,cnt=1,flags=268439553,used:216096 ms
05-31 21:00:14.506 I/[1 T5290 d.] [172].0( 0): CODEC_MM_DMA_BUF.0,addr=0xd12d2000,size=3133440,from=4,cnt=1,flags=1,used:71768 ms
05-31 21:00:14.507 I/[1 T5290 d.] [173].25( 0): v4ldec-m2m.0,addr=0xd18d0000,size=65536,from=4,cnt=1,flags=69633,used:71772 ms
05-31 21:00:14.509 I/[1 T5290 d.] [174].0( 0): CODEC_MM_DMA_BUF.0,addr=0xd15cf000,size=3133440,from=4,cnt=1,flags=1,used:71768 ms
05-31 21:00:14.510 I/[1 T5290 d.] [176].25( 0): v4ldec-m2m.1,addr=0xd1c60000,size=65536,from=4,cnt=1,flags=69633,used:71768 ms
05-31 21:00:14.511 I/[1 T5290 d.] [177].0( 0): CODEC_MM_DMA_BUF.0,addr=0xd1960000,size=3133440,from=4,cnt=1,flags=1,used:71772 ms
05-31 21:00:14.513 I/[1 T5290 d.] [178].25( 0): v4ldec-m2m.2,addr=0xd1f70000,size=65536,from=4,cnt=1,flags=69633,used:71768 ms
05-31 21:00:14.514 I/[1 T5290 d.] [179].0( 0): CODEC_MM_DMA_BUF.0,addr=0xd1c70000,size=3133440,from=4,cnt=1,flags=1,used:71768 ms
05-31 21:00:14.515 I/[1 T5290 d.] [182].0( 0): CODEC_MM_DMA_BUF.0,addr=0xd2000000,size=3133440,from=4,cnt=1,flags=1,used:71764 ms
05-31 21:00:14.516 I/[1 T5290 d.] [183].25( 0): v4ldec-m2m.3,addr=0xd2300000,size=65536,from=4,cnt=1,flags=69633,used:71764 ms
05-31 21:00:14.518 I/[1 T5290 d.] [185].25( 0): v4ldec-m2m.4,addr=0xd2350000,size=65536,from=4,cnt=1,flags=69633,used:71764 ms
05-31 21:00:14.519 I/[1 T5290 d.] [186].0( 0): CODEC_MM_DMA_BUF.0,addr=0xd2360000,size=3133440,from=4,cnt=1,flags=1,used:71764 ms
05-31 21:00:14.520 I/[1 T5290 d.] [187].25( 0): v4ldec-m2m.5,addr=0xd2960000,size=65536,from=4,cnt=1,flags=69633,used:71768 ms
05-31 21:00:14.522 I/[1 T5290 d.] [188].0( 0): CODEC_MM_DMA_BUF.0,addr=0xd265d000,size=3133440,from=4,cnt=1,flags=1,used:71768 ms
05-31 21:00:14.523 I/[1 T5290 d.] [189].25( 0): v4ldec-m2m.6,addr=0xd2970000,size=65536,from=4,cnt=1,flags=69633,used:71768 ms
05-31 21:00:14.524 I/[1 T5290 d.] [190].0( 0): CODEC_MM_DMA_BUF.0,addr=0xd2980000,size=3133440,from=4,cnt=1,flags=1,used:71768 ms
05-31 21:00:14.525 I/[1 T5290 d.] [192].25( 0): v4ldec-m2m.7,addr=0xd2cc0000,size=65536,from=4,cnt=1,flags=69633,used:71764 ms
05-31 21:00:14.527 I/[1 T5290 d.] [193].0( 0): CODEC_MM_DMA_BUF.0,addr=0xd2fd0000,size=3133440,from=4,cnt=1,flags=1,used:71768 ms
05-31 21:00:14.528 I/[1 T5290 d.] [195].25( 0): v4ldec-m2m.8,addr=0xd2d10000,size=65536,from=4,cnt=1,flags=69633,used:71764 ms
05-31 21:00:14.529 I/[1 T5290 d.] [196].0( 0): CODEC_MM_DMA_BUF.0,addr=0xd32cd000,size=3133440,from=4,cnt=1,flags=1,used:71764 ms
05-31 21:00:14.531 I/[1 T5290 d.] [197].25( 0): v4ldec-m2m.9,addr=0xd2d20000,size=65536,from=4,cnt=1,flags=69633,used:71764 ms
05-31 21:00:14.532 I/[1 T5290 d.] [198].0( 0): CODEC_MM_DMA_BUF.0,addr=0xd35ca000,size=3133440,from=4,cnt=1,flags=1,used:71764 ms
05-31 21:00:14.533 I/[1 T5290 d.] [199].25( 0): v4ldec-m2m.10,addr=0xd2d30000,size=65536,from=4,cnt=1,flags=69633,used:71760 ms
05-31 21:00:14.535 I/[1 T5290 d.] [200].0( 0): CODEC_MM_DMA_BUF.0,addr=0xd38c7000,size=3133440,from=4,cnt=1,flags=1,used:71760 ms
05-31 21:00:14.536 I/[1 T5290 d.] [201].25( 0): v4ldec-m2m.11,addr=0xd2d40000,size=65536,from=4,cnt=1,flags=69633,used:71752 ms
05-31 21:00:14.537 I/[1 T5290 d.] [202].0( 0): CODEC_MM_DMA_BUF.0,addr=0xd63e0000,size=3133440,from=4,cnt=1,flags=1,used:71752 ms
06-03 13:55:57.640 I/resman ( 509): acquire fd:11, resid:5, preempt:1, time_out:10000, arg:size:60
06-03 13:55:57.640 I/V4l2Adaptor( 509): V4l2Adaptor::initialize flags is 0x8001
06-03 13:55:57.640 I/V4l2Adaptor( 509): V4l2Adaptor::onInit
06-03 13:55:57.640 I/android.hardware.media.c2@1.2-service( 509): vendor.mediahal.loglevels is not set, used defaultValue = 1
06-03 13:55:57.640 I/android.hardware.media.c2@1.2-service( 509): vendor.mediahal.loglevels is not set, used defaultValue = 1
06-03 13:55:57.640 I/VDA ( 509): [-1##-1]"open dec_stat fd -1, gloglevel 1 use_pts_id_ is 0 force dmabuf mode 0\n"
06-03 13:55:57.640 I/VDA ( 509): [-1##-1]"VDA Initialize flags is 32769\n"
06-03 13:55:57.640 I/VDA ( 509): [-1##-1]"Disabled LCEVC"
06-03 13:55:57.640 I/android.hardware.media.c2@1.2-service( 509): vendor.mediahal.loglevels is not set, used defaultValue = 1
06-03 13:55:57.641 I/VDA ( 509): [-1##-1]"Initialize codec2_mode_:1," "stream_mode_:0," "use_pts_id_:0," "force_dmabuf_mode_:0," "use_input_buffercache_:0," "use_input_bufferpool_ :1," "use_dynamic_capture_buffer_:1," "use_uvm_:1," "use_pts_calculator_:1," "use_high_prio_:1," "use_secure_vdec_hal_:1," "use_low_latency_mode_:0," "add_csd_:1"
05-31 21:00:14.538 I/[1 T5290 d.] [203].25( 0): v4ldec-m2m.12,addr=0xd1900000,size=65536,from=4,cnt=1,flags=69633,used:71744 ms
05-31 21:00:14.541 E/ ( 0): [2 T5295 ..] mediaproxy produce init [aml-vcodec-dec]
05-31 21:00:14.542 I/ ( 0): [2 T5295 ..] Mediaproxy is opened name[aml-vcodec-dec]\n
05-31 21:00:14.542 I/ ( 0): [2 T5295 ..] Mediaproxy is opened name[aml-vcodec-dec] end\n
05-31 21:00:14.543 E/ ( 0): [2 T5295 ..] mediaproxy produce start connect
05-31 21:00:14.544 I/ ( 0): [2 T5295 ..] find p kfifo size:[32][2]
05-31 21:00:14.545 I/ ( 0): [2 T5295 ..] mediaproxy_get_fifo get idx[2]
05-31 21:00:14.546 I/ ( 0): [2 T5295 ..] Session producer-2 is connected fifo idx [2]
05-31 21:00:14.546 E/ ( 0): [2 T5295 ..] mediaproxy produce connect [2]
05-31 21:00:14.547 I/ ( 0): [2 T5295 ..] mediaproxy produce msg type :0x40 module_name:aml-vcodec-dec
05-31 21:00:14.549 I/ ( 0): [2 T5295 ..] deinit session
05-31 21:00:14.549 I/ ( 0): [2 T5295 ..] deinit session producer-2
05-31 21:00:14.549 I/ ( 0): [2 T5295 ..] deinit has_unusing_fifo [1]
05-31 21:00:14.550 I/ ( 0): [0 T99 ..] p_fifo[2] name[aml-vcodec-dec] state[0] to MP_FIFO_UNUSED
05-31 21:00:14.550 E/ ( 0): [2 T5295 ..] mediaproxy produce init [aml-vcodec-dec]
05-31 21:00:14.552 I/ ( 0): [2 T5295 ..] Mediaproxy is opened name[aml-vcodec-dec]\n
05-31 21:00:14.552 I/ ( 0): [2 T5295 ..] Mediaproxy is opened name[aml-vcodec-dec] end\n
05-31 21:00:14.552 E/ ( 0): [2 T5295 ..] mediaproxy produce start connect
05-31 21:00:14.554 I/ ( 0): [2 T5295 ..] find p kfifo size:[32][2]
05-31 21:00:14.554 I/ ( 0): [2 T5295 ..] mediaproxy_get_fifo get idx[2]
05-31 21:00:14.555 I/ ( 0): [2 T5295 ..] Session producer-2 is connected fifo idx [2]
06-03 13:55:57.658 I/VDA ( 509): [-1##29]"Initialize decoder_instance_num_ = 29"
06-03 13:55:57.658 I/VDA ( 509): [-1##29]"v4l2 private parms, magic:1437256755 len:5, adaptiveback:0 height:1920 width:1080\n"
06-03 13:55:57.658 I/android.hardware.media.c2@1.2-service( 509): vendor.media.mediahal.videodec.pts.loglevels is not set, used defaultValue = 1
06-03 13:55:57.658 I/AmlManagePts( 509): [0]"AmlManagePts into\n"
06-03 13:55:57.659 I/android.hardware.media.c2@1.2-service( 509): (null) is not set, used defaultValue = 0
05-31 21:00:14.556 E/ ( 0): [2 T5295 ..] mediaproxy produce connect [2]
06-03 13:55:57.659 I/VDA ( 509): V4l2Adaptor::postAndReplyMsg callerinstanceid : 0
05-31 21:00:14.557 I/ ( 0): [2 T5295 ..] mediaproxy produce msg type :0x40 module_name:aml-vcodec-dec
05-31 21:00:14.558 I/[2 T5295 ..] [amlv4l]( 0): [29]: DW:3, TW:0, Margin:6
06-03 13:55:57.659 I/VDA ( 509): [0##29]"InitializeTask"
06-03 13:55:57.659 I/C2VdecDeviceUtil( 509): [0#-1]"into set mUnstablePts = 0 "
06-03 13:55:57.659 I/VDA ( 509): [0##29]"not 8k use max input size\n"
06-03 13:55:57.659 I/AmlManagePts( 509): [0]"setUnstablePts set unstable[0]\n"
06-03 13:55:57.659 I/C2VdecDeviceUtil( 509): [0#-1]"into set mIsAviDiscard = 0 "
06-03 13:55:57.659 I/AmlManagePts( 509): [0]"setAviDiscard set avi discard[0]\n"
06-03 13:55:57.659 I/C2VdecDeviceUtil( 509): [0#-1]"into set mDurationUs = 33333 afr:0 mFramerate:30.000000"
06-03 13:55:57.659 I/AmlManagePts( 509): [0]"setDuration set duration[33333]type[2]mDuration[33333]\n"
06-03 13:55:57.659 I/VDA ( 509): [0##29]"postAndReplyMsg set framerate [30.000000] afr_force_on:0"
06-03 13:55:57.659 I/VDA ( 509): [0##29]"setDurationToDecoder set [3200][30.000000]"
06-03 13:55:57.659 I/VDA ( 509): [0##29]"setDurationToDecoder set [3200]"
06-03 13:55:57.659 I/VDA ( 509): [0##29]"sendMessagetoDecoder set AML_V4L2_SET_VF_DURATION"
06-03 13:55:57.662 D/XM_HIDREAD( 2267): add@ add@/devices/platform/vdec/ammvdec_h265_v4l.0
05-31 21:00:14.559 D/[3 T5301 ..] [amlcom]( 0): vdec_create instance 000000007b7e4098, total 1, PM: power-domain
05-31 21:00:14.559 D/[3 T5301 ..] [media_clock]( 0): hevc mux clock is 799999988 Hz
05-31 21:00:14.560 I/[3 T5301 ..] [amlcom]( 0): dos_local_config end, id 3, is_on 1
05-31 21:00:14.560 I/[3 T5301 ..] [amlcom]( 0): vdec_init, dev_name:ammvdec_h265_v4l, vdec_type=VDEC_TYPE_FRAME_BLOCK, format: 11, total: 1
05-31 21:00:14.562 D/[3 T5301 ..] [h265]( 0): [0]pdata->config=parm_v4l_codec_enable:1;parm_v4l_buffer_margin:6;hevc_double_write_mode:3;hevc_triple_write_mode:0;hevc_buf_width:4096;hevc_buf_height:2304;save_buffer_mode:0;parm_v4l_canvas_mem_mode:0;parm_v4l_canvas_mem_endian:0;parm_v4l_low_latency_mode:0;parm_v4l_metadata_config_flag:1050626;parm_v4l_duration:0;dv_profile:0;parm_v4l_error_handle_info:0;
05-31 21:00:14.562 D/[3 T5301 ..] [h265]( 0): [0]discard dv data
05-31 21:00:14.562 D/[3 T5301 ..] [h265]( 0): [0]dv_profile: 0
05-31 21:00:14.562 D/[3 T5301 ..] [h265]( 0): [0]Correction: policy 0x2 mode 2 lcu_percentage_threshold 0
05-31 21:00:14.566 D/[3 T5301 ..] [h265]( 0): [0]dynamic_buf_num_margin=6
05-31 21:00:14.566 D/[3 T5301 ..] [h265]( 0): [0]double_write_mode=3
05-31 21:00:14.566 D/[3 T5301 ..] [h265]( 0): [0]nal_skip_policy=2
05-31 21:00:14.566 D/[3 T5301 ..] [h265]( 0): [0]h265:pts_unstable=0
05-31 21:00:14.566 D/[3 T5301 ..] [h265]( 0): [0]h265: ver (201602101,0) decinfo: 0x0 rate=3600
06-03 13:55:57.668 I/VDA ( 509): [0##29]"SetupOutputFormat set outformat:NV21"
06-03 13:55:57.668 I/VDA ( 509): IsSupportedOutputFormat v4l2_format 3132564e
06-03 13:55:57.668 I/android.hardware.media.c2@1.2-service( 509): (null) is not set, used defaultValue = 0
06-03 13:55:57.668 I/VDA ( 509): [0##29]"sendMessagetoDecoder set AML_V4L2_SET_UEVENT_DURATION"
06-03 13:55:57.668 I/dmabufmanage( 509): dmabufmanage_init-105 Register dmabuf manager success 9 1
06-03 13:55:57.668 I/BufferPoolWraper( 509): [0]"BufferPoolWraper use dmabuf manager version 1"
06-03 13:55:57.668 I/android.hardware.media.c2@1.2-service( 509): (null) is not set, used defaultValue = 1
06-03 13:55:57.668 I/BufferPoolWraper( 509): [8]"BufferPoolWraper:149"
06-03 13:55:57.668 I/android.hardware.media.c2@1.2-service( 509): (null) is not set, used defaultValue = 4194304
06-03 13:55:57.669 I/SystemControl( 343): [/UEventObserver.cpp, HDMITxUenventThreadLoop, 451] HDMI TX switch_name:3200, switch_state:
06-03 13:55:57.669 I/BufferPoolWraper( 509): [8]"Init:190 fd:16 phyadr:0xffffffffceed2000 size:400000(400000)"
06-03 13:55:57.670 I/SystemControl-FRA( 343): [/FrameRateAutoAdaption.cpp, isFrameRateOn, 176] hdmi frame rate is on
05-31 21:00:14.567 D/[3 T5301 ..] [h265]( 0): ucode version 4.175, swap enable 1
05-31 21:00:14.567 D/[3 T5301 ..] [media_clock]( 0): hevc mux clock is 799999988 Hz
05-31 21:00:14.567 D/[3 T5301 ..] [amlcom]( 0): hevc video changed to 3840 x 2160 60 fps clk->800MHZ
05-31 21:00:14.568 I/[1 T5290 ..] [amlv4l]( 0): [29]: set vf duration: c80
06-03 13:55:57.673 I/VDA ( 509): [0##29]"decoderID:29"
06-03 13:55:57.673 I/android.hardware.media.c2@1.2-service( 509): (null) is not set, used defaultValue = 8
06-03 13:55:57.673 I/VideoDecWraper( 509): [0##-1]"Query decoderID(29) success."
06-03 13:55:57.673 I/VDA ( 509): [0##29]"CreateInputBuffers count 8 instance_num_: 0\n"
06-03 13:55:57.673 I/C2VdecDequeueThreadUtil( 509): [0##29][setComponent:86]
06-03 13:55:57.674 I/VDA ( 509): [0##29]"----create input VIDIOC_STREAMON----\n"
06-03 13:55:57.674 I/VDA ( 509): [0##29]"StartDevicePoll\n"
