05-31 20:48:40.050 D/SystemServerTiming( 754): OnBootPhase_550_com.android.server.accounts.AccountManagerService$Lifecycle
05-31 20:48:40.050 V/SystemServerTiming( 754): OnBootPhase_550_com.android.server.accounts.AccountManagerService$Lifecycle took to complete: 0ms
05-31 20:48:40.050 D/SystemServerTiming( 754): OnBootPhase_550_com.android.server.content.ContentService$Lifecycle
05-31 20:48:40.051 V/SystemServerTiming( 754): OnBootPhase_550_com.android.server.content.ContentService$Lifecycle took to complete: 1ms
05-31 20:48:40.051 D/SystemServerTiming( 754): OnBootPhase_550_com.android.server.deviceconfig.DeviceConfigInit$Lifecycle
05-31 20:48:40.051 V/SystemServerTiming( 754): OnBootPhase_550_com.android.server.deviceconfig.DeviceConfigInit$Lifecycle took to complete: 0ms
05-31 20:48:40.051 D/SystemServerTiming( 754): OnBootPhase_550_com.android.server.DropBoxManagerService
05-31 20:48:40.051 V/SystemServerTiming( 754): OnBootPhase_550_com.android.server.DropBoxManagerService took to complete: 0ms
05-31 20:48:40.051 D/SystemServerTiming( 754): OnBootPhase_550_com.android.role.RoleService
05-31 20:48:40.051 V/SystemServerTiming( 754): OnBootPhase_550_com.android.role.RoleService took to complete: 0ms
05-31 20:48:40.051 D/SystemServerTiming( 754): OnBootPhase_550_com.android.server.vibrator.VibratorManagerService$Lifecycle
05-31 20:48:40.051 V/SystemServerTiming( 754): OnBootPhase_550_com.android.server.vibrator.VibratorManagerService$Lifecycle took to complete: 0ms
05-31 20:48:40.051 D/SystemServerTiming( 754): OnBootPhase_550_com.android.server.tare.InternalResourceService
05-31 20:48:40.051 V/SystemServerTiming( 754): OnBootPhase_550_com.android.server.tare.InternalResourceService took to complete: 0ms
05-31 20:48:40.051 D/SystemServerTiming( 754): OnBootPhase_550_com.android.server.alarm.AlarmManagerService
05-31 20:48:40.051 V/SystemServerTiming( 754): OnBootPhase_550_com.android.server.alarm.AlarmManagerService took to complete: 0ms
05-31 20:48:40.051 D/SystemServerTiming( 754): OnBootPhase_550_com.android.server.devicestate.DeviceStateManagerService
05-31 20:48:40.051 V/SystemServerTiming( 754): OnBootPhase_550_com.android.server.devicestate.DeviceStateManagerService took to complete: 0ms
05-31 20:48:40.051 D/SystemServerTiming( 754): OnBootPhase_550_com.android.server.camera.CameraServiceProxy
05-31 20:48:40.051 V/SystemServerTiming( 754): OnBootPhase_550_com.android.server.camera.CameraServiceProxy took to complete: 0ms
05-31 20:48:40.051 D/SystemServerTiming( 754): OnBootPhase_550_com.android.server.bluetooth.BluetoothService
05-31 20:48:40.051 V/SystemServerTiming( 754): OnBootPhase_550_com.android.server.bluetooth.BluetoothService took to complete: 0ms
05-31 20:48:40.051 D/SystemServerTiming( 754): OnBootPhase_550_com.android.server.connectivity.IpConnectivityMetrics
05-31 20:48:40.051 V/SystemServerTiming( 754): OnBootPhase_550_com.android.server.connectivity.IpConnectivityMetrics took to complete: 0ms
05-31 20:48:40.051 D/SystemServerTiming( 754): OnBootPhase_550_com.android.server.net.watchlist.NetworkWatchlistService$Lifecycle
05-31 20:48:40.054 V/SystemServerTiming( 754): OnBootPhase_550_com.android.server.net.watchlist.NetworkWatchlistService$Lifecycle took to complete: 3ms
05-31 20:48:40.054 D/SystemServerTiming( 754): OnBootPhase_550_com.android.server.PinnerService
05-31 20:48:40.054 V/SystemServerTiming( 754): OnBootPhase_550_com.android.server.PinnerService took to complete: 0ms
05-31 20:48:40.054 D/SystemServerTiming( 754): OnBootPhase_550_com.android.server.integrity.AppIntegrityManagerService
05-31 20:48:40.054 V/SystemServerTiming( 754): OnBootPhase_550_com.android.server.integrity.AppIntegrityManagerService took to complete: 0ms
05-31 20:48:40.054 D/SystemServerTiming( 754): OnBootPhase_550_com.android.server.logcat.LogcatManagerService
05-31 20:48:40.054 V/SystemServerTiming( 754): OnBootPhase_550_com.android.server.logcat.LogcatManagerService took to complete: 0ms
05-31 20:48:40.054 D/SystemServerTiming( 754): OnBootPhase_550_com.android.server.inputmethod.InputMethodManagerService$Lifecycle
05-31 20:48:40.055 D/SystemServerTimingAsync( 754): InitThreadPoolExec:Lazily initialize IMMS#mImeDrawsImeNavBarRes
05-31 20:48:40.055 D/SystemServerInitThreadPool( 754): Started executing Lazily initialize IMMS#mImeDrawsImeNavBarRes
05-31 20:48:40.064 W/InputMethodInfoUtils( 754): Found no fallback locale. imis=[InputMethodInfo{com.sohu.inputmethod.sogou.tv/.SogouIME, settings: com.sohu.inputmethod.sogou.SogouIMESettingsLauncher}]
05-31 20:48:40.066 W/InputMethodInfoUtils( 754): No software keyboard is found. imis=[InputMethodInfo{com.sohu.inputmethod.sogou.tv/.SogouIME, settings: com.sohu.inputmethod.sogou.SogouIMESettingsLauncher}] systemLocale=zh_CN fallbackLocale=null
05-31 20:48:40.069 V/SystemServerTiming( 754): OnBootPhase_550_com.android.server.inputmethod.InputMethodManagerService$Lifecycle took to complete: 15ms
05-31 20:48:40.069 D/SystemServerTiming( 754): OnBootPhase_550_com.android.server.accessibility.AccessibilityManagerService$Lifecycle
05-31 20:48:40.069 V/SystemServerTiming( 754): OnBootPhase_550_com.android.server.accessibility.AccessibilityManagerService$Lifecycle took to complete: 0ms
05-31 20:48:40.069 D/SystemServerTiming( 754): OnBootPhase_550_com.android.server.StorageManagerService$Lifecycle
05-31 20:48:40.069 V/SystemServerTiming( 754): OnBootPhase_550_com.android.server.StorageManagerService$Lifecycle took to complete: 0ms
05-31 20:48:40.069 D/SystemServerTiming( 754): OnBootPhase_550_com.android.server.usage.StorageStatsService$Lifecycle
05-31 20:48:40.069 V/SystemServerTiming( 754): OnBootPhase_550_com.android.server.usage.StorageStatsService$Lifecycle took to complete: 0ms
05-31 20:48:40.069 D/SystemServerTiming( 754): OnBootPhase_550_com.android.server.UiModeManagerService
05-31 20:48:40.069 V/SystemServerTiming( 754): OnBootPhase_550_com.android.server.UiModeManagerService took to complete: 0ms
05-31 20:48:40.069 D/SystemServerTiming( 754): OnBootPhase_550_com.android.server.locales.LocaleManagerService
05-31 20:48:40.069 V/SystemServerTiming( 754): OnBootPhase_550_com.android.server.locales.LocaleManagerService took to complete: 0ms
05-31 20:48:40.069 D/SystemServerTiming( 754): OnBootPhase_550_com.android.server.grammaticalinflection.GrammaticalInflectionService
05-31 20:48:40.069 V/SystemServerTiming( 754): OnBootPhase_550_com.android.server.grammaticalinflection.GrammaticalInflectionService took to complete: 0ms
05-31 20:48:40.069 D/SystemServerTiming( 754): OnBootPhase_550_com.android.server.apphibernation.AppHibernationService
05-31 20:48:40.069 V/SystemServerTiming( 754): OnBootPhase_550_com.android.server.apphibernation.AppHibernationService took to complete: 0ms
05-31 20:48:40.069 D/SystemServerTiming( 754): OnBootPhase_550_com.android.server.locksettings.LockSettingsService$Lifecycle
05-31 20:48:40.071 I/RebootEscrowManager( 754): No reboot escrow data found for users, skipping loading escrow data
05-31 20:48:40.073 V/SystemServerTiming( 754): OnBootPhase_550_com.android.server.locksettings.LockSettingsService$Lifecycle took to complete: 4ms
05-31 20:48:40.073 D/SystemServerTiming( 754): OnBootPhase_550_com.android.server.PersistentDataBlockService
05-31 20:48:40.073 V/SystemServerTiming( 754): OnBootPhase_550_com.android.server.PersistentDataBlockService took to complete: 0ms
05-31 20:48:40.073 D/SystemServerTiming( 754): OnBootPhase_550_com.android.server.testharness.TestHarnessModeService
05-31 20:48:40.073 V/SystemServerTiming( 754): OnBootPhase_550_com.android.server.testharness.TestHarnessModeService took to complete: 0ms
05-31 20:48:40.073 D/SystemServerTiming( 754): OnBootPhase_550_com.android.server.oemlock.OemLockService
05-31 20:48:40.073 V/SystemServerTiming( 754): OnBootPhase_550_com.android.server.oemlock.OemLockService took to complete: 0ms
05-31 20:48:40.073 D/SystemServerTiming( 754): OnBootPhase_550_com.android.server.DeviceIdleController
05-31 20:48:40.073 V/SystemServerTiming( 754): OnBootPhase_550_com.android.server.DeviceIdleController took to complete: 0ms
05-31 20:48:40.073 D/SystemServerTiming( 754): OnBootPhase_550_com.android.server.devicepolicy.DevicePolicyManagerService$Lifecycle
05-31 20:48:40.073 V/SystemServerTiming( 754): OnBootPhase_550_com.android.server.devicepolicy.DevicePolicyManagerService$Lifecycle took to complete: 0ms
05-31 20:48:40.073 D/SystemServerTiming( 754): OnBootPhase_550_com.android.server.texttospeech.TextToSpeechManagerService
05-31 20:48:40.073 V/SystemServerTiming( 754): OnBootPhase_550_com.android.server.texttospeech.TextToSpeechManagerService took to complete: 0ms
05-31 20:48:40.073 D/SystemServerTiming( 754): OnBootPhase_550_com.android.server.ambientcontext.AmbientContextManagerService
05-31 20:48:40.073 V/SystemServerTiming( 754): OnBootPhase_550_com.android.server.ambientcontext.AmbientContextManagerService took to complete: 0ms
05-31 20:48:40.073 D/SystemServerTiming( 754): OnBootPhase_550_com.android.server.wearable.WearableSensingManagerService
05-31 20:48:40.073 V/SystemServerTiming( 754): OnBootPhase_550_com.android.server.wearable.WearableSensingManagerService took to complete: 0ms
05-31 20:48:40.073 D/SystemServerTiming( 754): OnBootPhase_550_com.android.server.speech.SpeechRecognitionManagerService
05-31 20:48:40.073 V/SystemServerTiming( 754): OnBootPhase_550_com.android.server.speech.SpeechRecognitionManagerService took to complete: 0ms
05-31 20:48:40.073 D/SystemServerTiming( 754): OnBootPhase_550_com.android.server.searchui.SearchUiManagerService
05-31 20:48:40.073 V/SystemServerTiming( 754): OnBootPhase_550_com.android.server.searchui.SearchUiManagerService took to complete: 0ms
05-31 20:48:40.073 D/SystemServerTiming( 754): OnBootPhase_550_com.android.server.smartspace.SmartspaceManagerService
05-31 20:48:40.073 V/SystemServerTiming( 754): OnBootPhase_550_com.android.server.smartspace.SmartspaceManagerService took to complete: 0ms
05-31 20:48:40.073 D/SystemServerTiming( 754): OnBootPhase_550_com.android.server.graphics.fonts.FontManagerService$Lifecycle
05-31 20:48:40.073 V/SystemServerTiming( 754): OnBootPhase_550_com.android.server.graphics.fonts.FontManagerService$Lifecycle took to complete: 0ms
05-31 20:48:40.073 D/SystemServerTiming( 754): OnBootPhase_550_com.android.server.textservices.TextServicesManagerService$Lifecycle
05-31 20:48:40.073 V/SystemServerTiming( 754): OnBootPhase_550_com.android.server.textservices.TextServicesManagerService$Lifecycle took to complete: 0ms
05-31 20:48:40.073 D/SystemServerTiming( 754): OnBootPhase_550_com.android.server.textclassifier.TextClassificationManagerService$Lifecycle
05-31 20:48:40.073 V/SystemServerTiming( 754): OnBootPhase_550_com.android.server.textclassifier.TextClassificationManagerService$Lifecycle took to complete: 0ms
05-31 20:48:40.073 D/SystemServerTiming( 754): OnBootPhase_550_com.android.server.NetworkScoreService$Lifecycle
05-31 20:48:40.073 V/SystemServerTiming( 754): OnBootPhase_550_com.android.server.NetworkScoreService$Lifecycle took to complete: 0ms
05-31 20:48:40.073 D/SystemServerTiming( 754): OnBootPhase_550_com.android.server.NetworkStatsServiceInitializer
05-31 20:48:40.076 D/SystemServerInitThreadPool( 754): Finished executing Lazily initialize IMMS#mImeDrawsImeNavBarRes
05-31 20:48:40.076 V/SystemServerTimingAsync( 754): InitThreadPoolExec:Lazily initialize IMMS#mImeDrawsImeNavBarRes took to complete: 21ms
05-31 20:48:40.124 W/SystemServiceManager( 754): Service com.android.server.NetworkStatsServiceInitializer took 51 ms in onBootPhase
05-31 20:48:40.124 V/SystemServerTiming( 754): OnBootPhase_550_com.android.server.NetworkStatsServiceInitializer took to complete: 51ms
05-31 20:48:40.124 D/SystemServerTiming( 754): OnBootPhase_550_com.android.server.wifi.WifiService
05-31 20:48:40.124 V/SystemServerTiming( 754): OnBootPhase_550_com.android.server.wifi.WifiService took to complete: 0ms
05-31 20:48:40.124 D/SystemServerTiming( 754): OnBootPhase_550_com.android.server.wifi.scanner.WifiScanningService
05-31 20:48:40.124 V/SystemServerTiming( 754): OnBootPhase_550_com.android.server.wifi.scanner.WifiScanningService took to complete: 0ms
05-31 20:48:40.124 D/SystemServerTiming( 754): OnBootPhase_550_com.android.server.wifi.p2p.WifiP2pService
05-31 20:48:40.124 V/SystemServerTiming( 754): OnBootPhase_550_com.android.server.wifi.p2p.WifiP2pService took to complete: 0ms
05-31 20:48:40.124 D/SystemServerTiming( 754): OnBootPhase_550_com.android.server.ConnectivityServiceInitializer
05-31 20:48:40.124 V/SystemServerTiming( 754): OnBootPhase_550_com.android.server.ConnectivityServiceInitializer took to complete: 0ms
05-31 20:48:40.124 D/SystemServerTiming( 754): OnBootPhase_550_com.android.server.notification.NotificationManagerService
05-31 20:48:40.124 V/SystemServerTiming( 754): OnBootPhase_550_com.android.server.notification.NotificationManagerService took to complete: 0ms
05-31 20:48:40.124 D/SystemServerTiming( 754): OnBootPhase_550_com.android.server.storage.DeviceStorageMonitorService
05-31 20:48:40.124 V/SystemServerTiming( 754): OnBootPhase_550_com.android.server.storage.DeviceStorageMonitorService took to complete: 0ms
05-31 20:48:40.124 D/SystemServerTiming( 754): OnBootPhase_550_com.android.server.timedetector.TimeDetectorService$Lifecycle
05-31 20:48:40.124 V/SystemServerTiming( 754): OnBootPhase_550_com.android.server.timedetector.TimeDetectorService$Lifecycle took to complete: 0ms
05-31 20:48:40.124 D/SystemServerTiming( 754): OnBootPhase_550_com.android.server.location.LocationManagerService$Lifecycle
05-31 20:48:40.124 V/SystemServerTiming( 754): OnBootPhase_550_com.android.server.location.LocationManagerService$Lifecycle took to complete: 0ms
05-31 20:48:40.124 D/SystemServerTiming( 754): OnBootPhase_550_com.android.server.timezonedetector.TimeZoneDetectorService$Lifecycle
05-31 20:48:40.124 V/SystemServerTiming( 754): OnBootPhase_550_com.android.server.timezonedetector.TimeZoneDetectorService$Lifecycle took to complete: 0ms
05-31 20:48:40.124 D/SystemServerTiming( 754): OnBootPhase_550_com.android.server.location.altitude.AltitudeService$Lifecycle
05-31 20:48:40.124 V/SystemServerTiming( 754): OnBootPhase_550_com.android.server.location.altitude.AltitudeService$Lifecycle took to complete: 0ms
05-31 20:48:40.124 D/SystemServerTiming( 754): OnBootPhase_550_com.android.server.timezonedetector.location.LocationTimeZoneManagerService$Lifecycle
05-31 20:48:40.124 V/SystemServerTiming( 754): OnBootPhase_550_com.android.server.timezonedetector.location.LocationTimeZoneManagerService$Lifecycle took to complete: 0ms
05-31 20:48:40.124 D/SystemServerTiming( 754): OnBootPhase_550_com.android.server.search.SearchManagerService$Lifecycle
05-31 20:48:40.124 V/SystemServerTiming( 754): OnBootPhase_550_com.android.server.search.SearchManagerService$Lifecycle took to complete: 0ms
05-31 20:48:40.124 D/SystemServerTiming( 754): OnBootPhase_550_com.android.server.wallpaper.WallpaperManagerService$Lifecycle
05-31 20:48:40.125 V/WallpaperManagerService( 754): bindWallpaperComponentLocked: componentName=ComponentInfo{com.android.systemui/com.android.systemui.wallpapers.ImageWallpaper}
05-31 20:48:40.125 D/WallpaperManagerService( 754): WPMS.bindWallpaperComponentLocked-ComponentInfo{com.android.systemui/com.android.systemui.wallpapers.ImageWallpaper}
05-31 20:48:40.131 D/CompatibilityChangeReporter( 754): Compat change id reported: 135634846; UID 10052; state: DISABLED
05-31 20:48:40.132 D/CompatibilityChangeReporter( 754): Compat change id reported: 177438394; UID 10052; state: DISABLED
05-31 20:48:40.132 D/CompatibilityChangeReporter( 754): Compat change id reported: 135772972; UID 10052; state: DISABLED
05-31 20:48:40.133 D/CompatibilityChangeReporter( 754): Compat change id reported: 135754954; UID 10052; state: ENABLED
05-31 20:48:40.134 D/CompatibilityChangeReporter( 754): Compat change id reported: 143937733; UID 10052; state: ENABLED
05-31 20:48:40.135 W/ActivityManager( 754): com.android.systemui inode == 0 (b/152760674)
05-31 20:48:40.137 V/WallpaperManagerService( 754): WPMS.bindWallpaperComponentLocked-ComponentInfo{com.android.systemui/com.android.systemui.wallpapers.ImageWallpaper} took to complete: 8ms
05-31 20:48:40.139 I/WallpaperDataParser( 754): No static wallpaper imagery; defaults will be shown
05-31 20:48:40.141 W/WallpaperDataParser( 754): no current wallpaper -- first boot?
05-31 20:48:40.143 V/SystemServerTiming( 754): OnBootPhase_550_com.android.server.wallpaper.WallpaperManagerService$Lifecycle took to complete: 19ms
05-31 20:48:40.143 D/SystemServerTiming( 754): OnBootPhase_550_com.android.server.wallpapereffectsgeneration.WallpaperEffectsGenerationManagerService
05-31 20:48:40.143 V/SystemServerTiming( 754): OnBootPhase_550_com.android.server.wallpapereffectsgeneration.WallpaperEffectsGenerationManagerService took to complete: 0ms
05-31 20:48:40.143 D/SystemServerTiming( 754): OnBootPhase_550_com.android.server.audio.AudioService$Lifecycle
05-31 20:48:40.143 V/SystemServerTiming( 754): OnBootPhase_550_com.android.server.audio.AudioService$Lifecycle took to complete: 0ms
05-31 20:48:40.143 D/SystemServerTiming( 754): OnBootPhase_550_com.android.server.soundtrigger_middleware.SoundTriggerMiddlewareService$Lifecycle
05-31 20:48:40.143 V/SystemServerTiming( 754): OnBootPhase_550_com.android.server.soundtrigger_middleware.SoundTriggerMiddlewareService$Lifecycle took to complete: 0ms
05-31 20:48:40.143 D/SystemServerTiming( 754): OnBootPhase_550_com.android.server.adb.AdbService$Lifecycle
05-31 20:48:40.144 V/SystemServerTiming( 754): OnBootPhase_550_com.android.server.adb.AdbService$Lifecycle took to complete: 1ms
05-31 20:48:40.145 D/SystemServerTiming( 754): OnBootPhase_550_com.android.server.usb.UsbService$Lifecycle
05-31 20:48:40.145 V/SystemServerTiming( 754): OnBootPhase_550_com.android.server.usb.UsbService$Lifecycle took to complete: 0ms
05-31 20:48:40.145 D/SystemServerTiming( 754): OnBootPhase_550_com.android.server.twilight.TwilightService
05-31 20:48:40.145 V/SystemServerTiming( 754): OnBootPhase_550_com.android.server.twilight.TwilightService took to complete: 0ms
05-31 20:48:40.145 D/SystemServerTiming( 754): OnBootPhase_550_com.android.server.display.color.ColorDisplayService
05-31 20:48:40.145 V/SystemServerTiming( 754): OnBootPhase_550_com.android.server.display.color.ColorDisplayService took to complete: 0ms
05-31 20:48:40.145 D/SystemServerTiming( 754): OnBootPhase_550_com.android.server.job.JobSchedulerService
05-31 20:48:40.145 V/SystemServerTiming( 754): OnBootPhase_550_com.android.server.job.JobSchedulerService took to complete: 0ms
05-31 20:48:40.145 D/SystemServerTiming( 754): OnBootPhase_550_com.android.server.soundtrigger.SoundTriggerService
05-31 20:48:40.145 D/SoundTriggerService( 754): onBootPhase: 550 : false
05-31 20:48:40.146 V/SystemServerTiming( 754): OnBootPhase_550_com.android.server.soundtrigger.SoundTriggerService took to complete: 1ms
05-31 20:48:40.146 D/SystemServerTiming( 754): OnBootPhase_550_com.android.server.trust.TrustManagerService
05-31 20:48:40.146 V/SystemServerTiming( 754): OnBootPhase_550_com.android.server.trust.TrustManagerService took to complete: 0ms
05-31 20:48:40.146 D/SystemServerTiming( 754): OnBootPhase_550_com.android.server.backup.BackupManagerService$Lifecycle
05-31 20:48:40.146 V/SystemServerTiming( 754): OnBootPhase_550_com.android.server.backup.BackupManagerService$Lifecycle took to complete: 0ms
05-31 20:48:40.146 D/SystemServerTiming( 754): OnBootPhase_550_com.android.server.appwidget.AppWidgetService
05-31 20:48:40.146 V/SystemServerTiming( 754): OnBootPhase_550_com.android.server.appwidget.AppWidgetService took to complete: 0ms
05-31 20:48:40.146 D/SystemServerTiming( 754): OnBootPhase_550_com.android.server.voiceinteraction.VoiceInteractionManagerService
05-31 20:48:40.146 V/SystemServerTiming( 754): OnBootPhase_550_com.android.server.voiceinteraction.VoiceInteractionManagerService took to complete: 0ms
05-31 20:48:40.146 D/SystemServerTiming( 754): OnBootPhase_550_com.android.server.GestureLauncherService
05-31 20:48:40.146 V/SystemServerTiming( 754): OnBootPhase_550_com.android.server.GestureLauncherService took to complete: 0ms
05-31 20:48:40.146 D/SystemServerTiming( 754): OnBootPhase_550_com.android.server.SensorNotificationService
05-31 20:48:40.146 V/SystemServerTiming( 754): OnBootPhase_550_com.android.server.SensorNotificationService took to complete: 0ms
05-31 20:48:40.146 D/SystemServerTiming( 754): OnBootPhase_550_com.android.server.emergency.EmergencyAffordanceService
05-31 20:48:40.146 V/SystemServerTiming( 754): OnBootPhase_550_com.android.server.emergency.EmergencyAffordanceService took to complete: 0ms
05-31 20:48:40.146 D/SystemServerTiming( 754): OnBootPhase_550_com.android.server.blob.BlobStoreManagerService
05-31 20:48:40.148 V/SystemServerTiming( 754): OnBootPhase_550_com.android.server.blob.BlobStoreManagerService took to complete: 2ms
05-31 20:48:40.149 D/SystemServerTiming( 754): OnBootPhase_550_com.android.server.dreams.DreamManagerService
05-31 20:48:40.149 V/SystemServerTiming( 754): OnBootPhase_550_com.android.server.dreams.DreamManagerService took to complete: 0ms
05-31 20:48:40.149 D/SystemServerTiming( 754): OnBootPhase_550_com.android.server.security.AttestationVerificationManagerService
05-31 20:48:40.149 V/SystemServerTiming( 754): OnBootPhase_550_com.android.server.security.AttestationVerificationManagerService took to complete: 0ms
05-31 20:48:40.149 D/SystemServerTiming( 754): OnBootPhase_550_com.android.server.restrictions.RestrictionsManagerService
05-31 20:48:40.149 V/SystemServerTiming( 754): OnBootPhase_550_com.android.server.restrictions.RestrictionsManagerService took to complete: 0ms
05-31 20:48:40.150 D/SystemServerTiming( 754): OnBootPhase_550_com.android.server.media.MediaSessionService
05-31 20:48:40.151 V/SystemServerTiming( 754): OnBootPhase_550_com.android.server.media.MediaSessionService took to complete: 1ms
05-31 20:48:40.151 D/SystemServerTiming( 754): OnBootPhase_550_com.android.server.hdmi.HdmiControlService
05-31 20:48:40.151 V/SystemServerTiming( 754): OnBootPhase_550_com.android.server.hdmi.HdmiControlService took to complete: 0ms
05-31 20:48:40.151 D/SystemServerTiming( 754): OnBootPhase_550_com.android.server.tv.interactive.TvInteractiveAppManagerService
05-31 20:48:40.151 V/SystemServerTiming( 754): OnBootPhase_550_com.android.server.tv.interactive.TvInteractiveAppManagerService took to complete: 0ms
05-31 20:48:40.151 D/SystemServerTiming( 754): OnBootPhase_550_com.android.server.tv.TvInputManagerService
05-31 20:48:40.151 V/SystemServerTiming( 754): OnBootPhase_550_com.android.server.tv.TvInputManagerService took to complete: 0ms
05-31 20:48:40.151 D/SystemServerTiming( 754): OnBootPhase_550_com.android.server.media.MediaResourceMonitorService
05-31 20:48:40.151 V/SystemServerTiming( 754): OnBootPhase_550_com.android.server.media.MediaResourceMonitorService took to complete: 0ms
05-31 20:48:40.151 D/SystemServerTiming( 754): OnBootPhase_550_com.android.server.tv.TvRemoteService
05-31 20:48:40.151 V/SystemServerTiming( 754): OnBootPhase_550_com.android.server.tv.TvRemoteService took to complete: 0ms
05-31 20:48:40.151 D/SystemServerTiming( 754): OnBootPhase_550_com.android.server.biometrics.BiometricService
05-31 20:48:40.151 V/SystemServerTiming( 754): OnBootPhase_550_com.android.server.biometrics.BiometricService took to complete: 0ms
05-31 20:48:40.151 D/SystemServerTiming( 754): OnBootPhase_550_com.android.server.biometrics.AuthService
05-31 20:48:40.151 V/SystemServerTiming( 754): OnBootPhase_550_com.android.server.biometrics.AuthService took to complete: 0ms
05-31 20:48:40.151 D/SystemServerTiming( 754): OnBootPhase_550_com.android.server.pm.ShortcutService$Lifecycle
05-31 20:48:40.151 V/SystemServerTiming( 754): OnBootPhase_550_com.android.server.pm.ShortcutService$Lifecycle took to complete: 0ms
05-31 20:48:40.151 D/SystemServerTiming( 754): OnBootPhase_550_com.android.server.pm.LauncherAppsService
05-31 20:48:40.151 V/SystemServerTiming( 754): OnBootPhase_550_com.android.server.pm.LauncherAppsService took to complete: 0ms
05-31 20:48:40.151 D/SystemServerTiming( 754): OnBootPhase_550_com.android.server.pm.CrossProfileAppsService
05-31 20:48:40.151 V/SystemServerTiming( 754): OnBootPhase_550_com.android.server.pm.CrossProfileAppsService took to complete: 0ms
05-31 20:48:40.151 D/SystemServerTiming( 754): OnBootPhase_550_com.android.server.people.PeopleService
05-31 20:48:40.151 V/SystemServerTiming( 754): OnBootPhase_550_com.android.server.people.PeopleService took to complete: 0ms
05-31 20:48:40.151 D/SystemServerTiming( 754): OnBootPhase_550_com.android.server.media.metrics.MediaMetricsManagerService
05-31 20:48:40.151 V/SystemServerTiming( 754): OnBootPhase_550_com.android.server.media.metrics.MediaMetricsManagerService took to complete: 0ms
05-31 20:48:40.151 D/SystemServerTiming( 754): OnBootPhase_550_com.android.server.pm.BackgroundInstallControlService
05-31 20:48:40.151 V/SystemServerTiming( 754): OnBootPhase_550_com.android.server.pm.BackgroundInstallControlService took to complete: 0ms
05-31 20:48:40.151 D/SystemServerTiming( 754): OnBootPhase_550_com.android.server.media.projection.MediaProjectionManagerService
05-31 20:48:40.151 V/SystemServerTiming( 754): OnBootPhase_550_com.android.server.media.projection.MediaProjectionManagerService took to complete: 0ms
05-31 20:48:40.151 D/SystemServerTiming( 754): OnBootPhase_550_com.android.server.slice.SliceManagerService$Lifecycle
05-31 20:48:40.151 V/SystemServerTiming( 754): OnBootPhase_550_com.android.server.slice.SliceManagerService$Lifecycle took to complete: 0ms
05-31 20:48:40.152 D/SystemServerTiming( 754): OnBootPhase_550_com.android.server.stats.StatsCompanion$Lifecycle
05-31 20:48:40.152 V/SystemServerTiming( 754): OnBootPhase_550_com.android.server.stats.StatsCompanion$Lifecycle took to complete: 0ms
05-31 20:48:40.152 D/SystemServerTiming( 754): OnBootPhase_550_com.android.server.scheduling.RebootReadinessManagerService$Lifecycle
05-31 20:48:40.152 V/SystemServerTiming( 754): OnBootPhase_550_com.android.server.scheduling.RebootReadinessManagerService$Lifecycle took to complete: 0ms
05-31 20:48:40.152 D/SystemServerTiming( 754): OnBootPhase_550_com.android.server.stats.pull.StatsPullAtomService
05-31 20:48:40.152 V/SystemServerTiming( 754): OnBootPhase_550_com.android.server.stats.pull.StatsPullAtomService took to complete: 0ms
05-31 20:48:40.152 D/SystemServerTiming( 754): OnBootPhase_550_com.android.server.stats.bootstrap.StatsBootstrapAtomService$Lifecycle
05-31 20:48:40.152 V/SystemServerTiming( 754): OnBootPhase_550_com.android.server.stats.bootstrap.StatsBootstrapAtomService$Lifecycle took to complete: 0ms
05-31 20:48:40.152 D/SystemServerTiming( 754): OnBootPhase_550_com.android.server.incident.IncidentCompanionService
05-31 20:48:40.152 V/SystemServerTiming( 754): OnBootPhase_550_com.android.server.incident.IncidentCompanionService took to complete: 0ms
05-31 20:48:40.152 D/SystemServerTiming( 754): OnBootPhase_550_com.android.server.sdksandbox.SdkSandboxManagerService$Lifecycle
05-31 20:48:40.152 V/SystemServerTiming( 754): OnBootPhase_550_com.android.server.sdksandbox.SdkSandboxManagerService$Lifecycle took to complete: 0ms
05-31 20:48:40.152 D/SystemServerTiming( 754): OnBootPhase_550_com.android.server.adservices.AdServicesManagerService$Lifecycle
05-31 20:48:40.152 V/SystemServerTiming( 754): OnBootPhase_550_com.android.server.adservices.AdServicesManagerService$Lifecycle took to complete: 0ms
05-31 20:48:40.152 D/SystemServerTiming( 754): OnBootPhase_550_com.android.server.ondevicepersonalization.OnDevicePersonalizationSystemService$Lifecycle
05-31 20:48:40.152 V/SystemServerTiming( 754): OnBootPhase_550_com.android.server.ondevicepersonalization.OnDevicePersonalizationSystemService$Lifecycle took to complete: 0ms
05-31 20:48:40.152 D/SystemServerTiming( 754): OnBootPhase_550_com.android.server.autofill.AutofillManagerService
05-31 20:48:40.152 V/SystemServerTiming( 754): OnBootPhase_550_com.android.server.autofill.AutofillManagerService took to complete: 0ms
05-31 20:48:40.152 D/SystemServerTiming( 754): OnBootPhase_550_com.android.server.clipboard.ClipboardService
05-31 20:48:40.152 V/SystemServerTiming( 754): OnBootPhase_550_com.android.server.clipboard.ClipboardService took to complete: 0ms
05-31 20:48:40.152 D/SystemServerTiming( 754): OnBootPhase_550_com.android.server.appbinding.AppBindingService$Lifecycle
05-31 20:48:40.152 D/SystemServerTimingAsync( 754): InitThreadPoolExec:UsbService$Lifecycle#onBootPhase
05-31 20:48:40.153 D/SystemServerInitThreadPool( 754): Started executing UsbService$Lifecycle#onBootPhase
05-31 20:48:40.154 I/AppBindingService( 754): Updating constants with: null
05-31 20:48:40.155 V/SystemServerTiming( 754): OnBootPhase_550_com.android.server.appbinding.AppBindingService$Lifecycle took to complete: 3ms
05-31 20:48:40.155 D/SystemServerTiming( 754): OnBootPhase_550_com.android.server.tracing.TracingServiceProxy
05-31 20:48:40.155 V/SystemServerTiming( 754): OnBootPhase_550_com.android.server.tracing.TracingServiceProxy took to complete: 0ms
05-31 20:48:40.155 D/SystemServerTiming( 754): OnBootPhase_550_com.android.server.policy.PermissionPolicyService
05-31 20:48:40.155 D/SystemServerTiming( 754): Permission_grant_default_permissions-0
05-31 20:48:40.156 D/SystemServerTiming( 754): Permission_callback_waiting-0
05-31 20:48:40.161 D/CompatibilityChangeReporter( 754): Compat change id reported: 135634846; UID 10067; state: DISABLED
05-31 20:48:40.161 D/CompatibilityChangeReporter( 754): Compat change id reported: 177438394; UID 10067; state: DISABLED
05-31 20:48:40.162 D/CompatibilityChangeReporter( 754): Compat change id reported: 135772972; UID 10067; state: DISABLED
05-31 20:48:40.162 D/CompatibilityChangeReporter( 754): Compat change id reported: 135754954; UID 10067; state: ENABLED
05-31 20:48:40.166 W/BroadcastLoopers( 754): Found previously unknown looper Thread[AudioDeviceBroker,5,main]
05-31 20:48:40.167 D/HDMI ( 754): Process pid:754 is calling addHotplugEventListener
05-31 20:48:40.182 D/SystemServerInitThreadPool( 754): Finished executing UsbService$Lifecycle#onBootPhase
05-31 20:48:40.182 V/SystemServerTimingAsync( 754): InitThreadPoolExec:UsbService$Lifecycle#onBootPhase took to complete: 30ms
05-31 20:48:40.183 I/UsbPortManager( 754): all: opID:1 successful
05-31 20:48:40.183 W/ActivityManager( 754): Slow operation: 53ms so far, now at startProcess: returned from zygote!
05-31 20:48:40.184 W/ActivityManager( 754): Slow operation: 54ms so far, now at startProcess: done updating battery stats
05-31 20:48:40.185 W/ActivityManager( 754): Slow operation: 55ms so far, now at startProcess: building log message
05-31 20:48:40.185 I/ActivityManager( 754): Start proc 1121:com.android.systemui/u0a52 for service {com.android.systemui/com.android.systemui.wallpapers.ImageWallpaper}
05-31 20:48:40.185 W/ActivityManager( 754): Slow operation: 55ms so far, now at startProcess: starting to update pids map
05-31 20:48:40.185 W/ActivityManager( 754): Slow operation: 55ms so far, now at startProcess: done updating pids map
05-31 20:48:40.186 D/CompatibilityChangeReporter( 754): Compat change id reported: 143937733; UID 10067; state: ENABLED
05-31 20:48:40.186 W/ActivityManager( 754): com.android.permissioncontroller inode == 0 (b/152760674)
05-31 20:48:40.201 I/ActivityManager( 754): Start proc 1123:com.android.permissioncontroller/u0a67 for service {com.android.permissioncontroller/com.android.permissioncontroller.permission.service.PermissionControllerServiceImpl}
05-31 20:48:40.234 D/GameManagerService( 754): User ID '0' does not have a Game Mode selected for package: 'com.android.permissioncontroller'
05-31 20:48:40.235 D/CompatibilityChangeReporter( 754): Compat change id reported: 168419799; UID 10067; state: DISABLED
05-31 20:48:40.235 D/CompatibilityChangeReporter( 754): Compat change id reported: 273564678; UID 10067; state: DISABLED
05-31 20:48:40.248 D/CompatibilityChangeReporter( 754): Compat change id reported: 265195908; UID 10067; state: ENABLED
05-31 20:48:40.260 I/[0 T21 ..] [mmc]( 0): r: b_s = c, b_sz = 2d, f: b_s = 24, b_sz = 1c
05-31 20:48:40.260 I/[0 T21 ..] [mmc]( 0): the final result: sel = 1, rx = 22
05-31 20:48:40.267 I/[0 T21 ..] mmc1( 0): new ultra high speed SDR104 SDIO card at address 0000
05-31 20:48:40.268 W/[0 T21 ..] aml_wifi_sdio_probe( 0): 137, sdio probe product id 0x640
05-31 20:48:40.269 W/[0 T21 ..] aml_wifi_sdio_probe( 0): ********get chip type: aml_w2_s
05-31 20:48:40.270 W/[0 T21 ..] aml_wifi_sdio_probe( 0): 137, sdio probe product id 0x640
05-31 20:48:40.270 W/[0 T21 ..] aml_wifi_sdio_probe( 0): ********get chip type: aml_w2_s
05-31 20:48:40.272 W/[0 T21 ..] aml_wifi_sdio_probe( 0): 137, sdio probe product id 0x640
05-31 20:48:40.272 W/[0 T21 ..] aml_wifi_sdio_probe( 0): ********get chip type: aml_w2_s
05-31 20:48:40.273 W/[0 T21 ..] aml_wifi_sdio_probe( 0): 137, sdio probe product id 0x640
05-31 20:48:40.274 W/[0 T21 ..] aml_wifi_sdio_probe( 0): ********get chip type: aml_w2_s
05-31 20:48:40.280 W/[0 T21 ..] aml_wifi_sdio_probe( 0): 137, sdio probe product id 0x640
05-31 20:48:40.280 W/[0 T21 ..] aml_wifi_sdio_probe( 0): ********get chip type: aml_w2_s
05-31 20:48:40.283 D/CompatibilityChangeReporter( 754): Compat change id reported: 170503758; UID 10067; state: ENABLED
05-31 20:48:40.309 W/[0 T21 ..] aml_wifi_sdio_probe( 0): 137, sdio probe product id 0x640
05-31 20:48:40.309 W/[0 T21 ..] aml_wifi_sdio_probe( 0): ********get chip type: aml_w2_s
05-31 20:48:40.311 W/[0 T21 ..] aml_wifi_sdio_probe( 0): 137, sdio probe product id 0x640
05-31 20:48:40.311 W/[0 T21 ..] aml_wifi_sdio_probe( 0): ********get chip type: aml_w2_s
05-31 20:48:40.312 I/[3 T573 ..] [wireless]( 0): [usb_power_control] Set WiFi power on !
05-31 20:48:40.313 I/[3 T573 ..] [wireless]( 0): [pci_reinit] pci wifi reinit!
05-31 20:48:40.314 I/[3 T573 ..] [wireless]( 0): [wifi_power_ioctl] Set sdio wifi power up!
05-31 20:48:40.313 D/GameManagerService( 754): User ID '0' does not have a Game Mode selected for package: 'com.android.systemui'
05-31 20:48:40.314 D/CompatibilityChangeReporter( 754): Compat change id reported: 168419799; UID 10052; state: DISABLED
05-31 20:48:40.315 D/CompatibilityChangeReporter( 754): Compat change id reported: 273564678; UID 10052; state: DISABLED
05-31 20:48:40.322 D/CompatibilityChangeReporter( 754): Compat change id reported: 265195908; UID 10052; state: ENABLED
05-31 20:48:40.378 D/AudioService( 754): No vibrator found
05-31 20:48:40.406 D/CompatibilityChangeReporter( 754): Compat change id reported: 170503758; UID 10052; state: ENABLED
05-31 20:48:40.514 V/WindowManagerShell( 1121): Adding init callback for DisplayChangeController
05-31 20:48:40.515 V/WindowManagerShell( 1121): Adding init callback for DisplayController
05-31 20:48:40.517 V/WindowManagerShell( 1121): Adding init callback for DisplayInsetsController
05-31 20:48:40.518 V/WindowManagerShell( 1121): Adding init callback for DisplayImeController
05-31 20:48:40.518 V/WindowManagerShell( 1121): Adding init callback for ShellController
05-31 20:48:40.531 V/WindowManagerShell( 1121): Adding init callback for DragAndDropController
05-31 20:48:40.531 D/PackageManager( 754): Instant App installer not found with android.intent.action.INSTALL_INSTANT_APP_PACKAGE
05-31 20:48:40.531 D/PackageManager( 754): Clear ephemeral installer activity
05-31 20:48:40.559 V/WindowManagerShell( 1121): Adding init callback for CompatUIController
05-31 20:48:40.564 D/CompatibilityChangeReporter( 754): Compat change id reported: 261072174; UID 1000; state: ENABLED
05-31 20:48:40.573 V/WindowManagerShell( 1121): Adding init callback for ShellTaskOrganizer
05-31 20:48:40.591 V/WindowManagerShell( 1121): Adding init callback for DefaultTransitionHandler
05-31 20:48:40.592 V/WindowManagerShell( 1121): addHandler: Default
05-31 20:48:40.592 V/WindowManagerShell( 1121): addHandler: Remote
05-31 20:48:40.592 V/WindowManagerShell( 1121): Adding init callback for Transitions
05-31 20:48:40.602 V/WindowManagerShell( 1121): Adding init callback for FullscreenTaskListener
05-31 20:48:40.606 E/android.hardware.wifi-service.droidlogic( 540): get aml true wifi is aml_w2_s
05-31 20:48:40.607 E/android.hardware.wifi-service.droidlogic( 540): multiwifi will rmmod wifi comm
05-31 20:48:40.607 V/WindowManagerShell( 1121): Adding init callback for ActivityEmbeddingController
05-31 20:48:40.616 I/[2 T573 ..] [wireless]( 0): [wifi_power_ioctl] wifi interface dev type: mmc1, length = 4
05-31 20:48:40.616 I/[2 T573 ..] [wireless]( 0): [wifi_power_ioctl] aml module chip is aml_w2_s
05-31 20:48:40.617 I/[2 T573 ..] usbcore( 0): deregistering interface driver wifi_usb_common
05-31 20:48:40.611 D/CompatibilityChangeReporter( 754): Compat change id reported: 161145287; UID 10052; state: ENABLED
05-31 20:48:40.613 V/WindowManagerShell( 1121): Adding init callback for StartingWindowController
05-31 20:48:40.614 V/WindowManagerShell( 1121): Adding init callback for ProtoLogController
05-31 20:48:40.627 V/WindowManagerShell( 1121): Adding init callback for TvPipTransition
05-31 20:48:40.643 W/ ( 0): [1 T573 ..] aml_usb_common->
05-31 20:48:40.643 W/ ( 0): [1 T573 ..] aml_wifi_usb_rmmod(146) aml common driver rmmod
05-31 20:48:40.643 W/ ( 0): [1 T573 ..] aml_sdio_exit++
05-31 20:48:40.644 W/ ( 0): [1 T573 ..]
05-31 20:48:40.644 W/ ( 0): [1 T573 ..] ==========================================
05-31 20:48:40.645 W/ ( 0): [1 T573 ..] aml_sdio_remove++ func->num =7
05-31 20:48:40.646 W/ ( 0): [1 T573 ..] ==========================================
05-31 20:48:40.647 W/ ( 0): [1 T573 ..]
05-31 20:48:40.647 W/ ( 0): [1 T573 ..] ==========================================
05-31 20:48:40.648 W/ ( 0): [1 T573 ..] aml_sdio_remove++ func->num =6
05-31 20:48:40.648 W/ ( 0): [1 T573 ..] ==========================================
05-31 20:48:40.649 W/ ( 0): [3 T573 ..]
05-31 20:48:40.649 W/ ( 0): [3 T573 ..] ==========================================
05-31 20:48:40.650 W/ ( 0): [3 T573 ..] aml_sdio_remove++ func->num =5
05-31 20:48:40.651 W/ ( 0): [3 T573 ..] ==========================================
05-31 20:48:40.654 W/ ( 0): [3 T573 ..]
05-31 20:48:40.654 W/ ( 0): [3 T573 ..] ==========================================
05-31 20:48:40.654 W/ ( 0): [3 T573 ..] aml_sdio_remove++ func->num =4
05-31 20:48:40.655 W/ ( 0): [3 T573 ..] ==========================================
05-31 20:48:40.661 W/ ( 0): [3 T573 ..]
05-31 20:48:40.661 W/ ( 0): [3 T573 ..] ==========================================
05-31 20:48:40.662 W/ ( 0): [3 T573 ..] aml_sdio_remove++ func->num =3
05-31 20:48:40.662 W/ ( 0): [3 T573 ..] ==========================================
05-31 20:48:40.665 W/ ( 0): [3 T573 ..]
05-31 20:48:40.665 W/ ( 0): [3 T573 ..] ==========================================
05-31 20:48:40.665 W/ ( 0): [3 T573 ..] aml_sdio_remove++ func->num =2
05-31 20:48:40.666 W/ ( 0): [3 T573 ..] ==========================================
05-31 20:48:40.659 D/WindowManagerShell( 1121): TvPipActionsProvider: onMediaActionsChanged()
05-31 20:48:40.660 D/WindowManagerShell( 1121): TvPipActionsProvider: replaceCustomActions, count: 0
05-31 20:48:40.660 D/WindowManagerShell( 1121): TvPipMenuController: setDelegate(), delegate=com.android.wm.shell.pip.tv.TvPipController@3db7121
05-31 20:48:40.670 W/ ( 0): [2 T573 ..]
05-31 20:48:40.661 V/WindowManagerShell( 1121): Adding init callback for TvPipController
05-31 20:48:40.670 W/ ( 0): [2 T573 ..] ==========================================
05-31 20:48:40.671 W/ ( 0): [2 T573 ..] aml_sdio_remove++ func->num =1
05-31 20:48:40.672 W/ ( 0): [2 T573 ..] ==========================================
05-31 20:48:40.662 V/WindowManagerShell( 1121): Adding init callback for KeyguardTransitionHandler
05-31 20:48:40.676 V/WindowManagerShell( 1121): Adding init callback for BackAnimationController
05-31 20:48:40.679 V/WindowManagerShell( 1121): Initializing Shell Components: 18
05-31 20:48:40.680 V/WindowManagerShell( 1121): DisplayChangeController init took 1ms
05-31 20:48:40.683 V/WindowManagerShell( 1121): DisplayController init took 3ms
05-31 20:48:40.691 W/ ( 0): [2 T573 ..] *****************aml sdio common driver is rmmoded********************
05-31 20:48:40.685 V/WindowManagerShell( 1121): DisplayInsetsController init took 2ms
05-31 20:48:40.685 V/WindowManagerShell( 1121): DisplayImeController init took 0ms
05-31 20:48:40.685 V/WindowManagerShell( 1121): Adding dump callback for ShellController
05-31 20:48:40.685 V/WindowManagerShell( 1121): ShellController init took 1ms
05-31 20:48:40.686 V/WindowManagerShell( 1121): Adding external interface from DragAndDropController with key extra_shell_drag_and_drop
05-31 20:48:40.686 V/WindowManagerShell( 1121): Adding dump callback for DragAndDropController
05-31 20:48:40.686 V/WindowManagerShell( 1121): DragAndDropController init took 0ms
05-31 20:48:40.686 V/WindowManagerShell( 1121): Adding command class compatui for CompatUIShellCommandHandler
05-31 20:48:40.686 V/WindowManagerShell( 1121): CompatUIController init took 0ms
05-31 20:48:40.686 V/WindowManagerShell( 1121): Adding dump callback for ShellTaskOrganizer
05-31 20:48:40.690 V/WindowManagerShell( 1121): ShellTaskOrganizer init took 4ms
05-31 20:48:40.697 I/android.hardware.wifi-service.droidlogic( 540): found the match wifi is: aml_w2_s
05-31 20:48:40.698 I/android.hardware.wifi-service.droidlogic( 540): insmod driver: /vendor/lib/modules/w2_comm.ko
05-31 20:48:40.701 V/WindowManagerShell( 1121): DefaultTransitionHandler init took 11ms
05-31 20:48:40.702 V/WindowManagerShell( 1121): Adding external interface from Transitions with key extra_shell_shell_transitions
05-31 20:48:40.709 V/WindowManagerShell( 1121): Adding command class transitions for Transitions
05-31 20:48:40.709 V/WindowManagerShell( 1121): Transitions init took 8ms
05-31 20:48:40.710 V/WindowManagerShell( 1121): FullscreenTaskListener init took 1ms
05-31 20:48:40.710 V/WindowManagerShell( 1121): addHandler: ActivityEmbeddingController
05-31 20:48:40.710 V/WindowManagerShell( 1121): ActivityEmbeddingController init took 0ms
05-31 20:48:40.710 V/WindowManagerShell( 1121): Adding external interface from StartingWindowController with key extra_shell_starting_window
05-31 20:48:40.710 V/WindowManagerShell( 1121): StartingWindowController init took 0ms
05-31 20:48:40.710 V/WindowManagerShell( 1121): Adding command class protolog for ProtoLogController
05-31 20:48:40.710 V/WindowManagerShell( 1121): ProtoLogController init took 0ms
05-31 20:48:40.710 V/WindowManagerShell( 1121): addHandler: TvPipTransition
05-31 20:48:40.710 V/WindowManagerShell( 1121): TvPipTransition init took 0ms
05-31 20:48:40.691 W/ ( 0): [2 T573 ..] rmmod aml wifi comm
05-31 20:48:40.719 I/ ( 0): [2 T573 ..] aml_init_wlan_mem ok
05-31 20:48:40.720 W/[3 T573 ..] aml_sdio_probe(177)( 0): func->num 1 sdio block size=512,
05-31 20:48:40.721 W/[3 T573 ..] aml_sdio_probe(187)( 0): func->num 1 sdio_func=00000000bc155248,
05-31 20:48:40.721 W/[3 T573 ..] aml_sdio_probe(194)( 0): func_num=1, last func num=7
05-31 20:48:40.723 W/[3 T573 ..] aml_sdio_probe(177)( 0): func->num 2 sdio block size=512,
05-31 20:48:40.723 W/[3 T573 ..] aml_sdio_probe(187)( 0): func->num 2 sdio_func=0000000008fae8c0,
05-31 20:48:40.724 W/[3 T573 ..] aml_sdio_probe(194)( 0): func_num=2, last func num=7
05-31 20:48:40.726 W/[3 T573 ..] aml_sdio_probe(177)( 0): func->num 3 sdio block size=512,
05-31 20:48:40.726 W/[3 T573 ..] aml_sdio_probe(187)( 0): func->num 3 sdio_func=00000000873c6e36,
05-31 20:48:40.727 W/[3 T573 ..] aml_sdio_probe(194)( 0): func_num=3, last func num=7
05-31 20:48:40.728 W/[3 T573 ..] aml_sdio_probe(177)( 0): func->num 4 sdio block size=512,
05-31 20:48:40.729 W/[3 T573 ..] aml_sdio_probe(187)( 0): func->num 4 sdio_func=00000000f3723647,
05-31 20:48:40.730 W/[3 T573 ..] aml_sdio_probe(194)( 0): func_num=4, last func num=7
05-31 20:48:40.732 W/[3 T573 ..] aml_sdio_probe(177)( 0): func->num 5 sdio block size=512,
05-31 20:48:40.732 W/[3 T573 ..] aml_sdio_probe(187)( 0): func->num 5 sdio_func=0000000064a43f75,
05-31 20:48:40.733 W/[3 T573 ..] aml_sdio_probe(194)( 0): func_num=5, last func num=7
05-31 20:48:40.740 D/CompatibilityChangeReporter( 754): Compat change id reported: 161145287; UID 10067; state: ENABLED
05-31 20:48:40.747 W/[3 T573 ..] aml_sdio_probe(177)( 0): func->num 6 sdio block size=512,
05-31 20:48:40.747 W/[3 T573 ..] aml_sdio_probe(187)( 0): func->num 6 sdio_func=0000000029b4b760,
05-31 20:48:40.748 W/[3 T573 ..] aml_sdio_probe(194)( 0): func_num=6, last func num=7
05-31 20:48:40.753 W/[3 T573 ..] aml_sdio_probe(177)( 0): func->num 7 sdio block size=512,
05-31 20:48:40.754 W/[3 T573 ..] aml_sdio_probe(187)( 0): func->num 7 sdio_func=00000000772ea27c,
05-31 20:48:40.755 W/[3 T573 ..] aml_sdio_probe( 0): 197, sdio probe success
05-31 20:48:40.756 I/ ( 0): [3 T573 ..] sectoin 25, size 327680
05-31 20:48:40.757 W/ ( 0): [3 T573 ..] *****************aml sdio common driver is insmoded********************
05-31 20:48:40.757 W/ ( 0): [3 T573 ..] aml_sdio_insmod(449) start...
05-31 20:48:40.749 I/android.hardware.wifi-service.droidlogic( 540): insmod driver: /vendor/lib/modules/aml_bt.ko
05-31 20:48:40.764 W/[2 T573 ..] aml_bt( 0): no symbol version for aml_pci_read_for_bt
05-31 20:48:40.765 I/[2 T573 ..] BTI( 0): amlbt_init, type:1536
05-31 20:48:40.765 I/[2 T573 ..] BTI( 0): amlbt_init, type:0x600 inter AMLBT_INTF_SDIO, family AMLBT_FAMILY_W2
05-31 20:48:40.773 I/[2 T573 ..] BTI( 0): amlbt_sdio_probe
05-31 20:48:40.773 I/[2 T573 ..] BTI( 0): BTAML version:0x20240820
05-31 20:48:40.773 I/[2 T573 ..] BTI( 0): ++++++sdio bt driver insmod start.++++++
05-31 20:48:40.774 I/[2 T573 ..] BTI( 0): major number:466
05-31 20:48:40.783 I/[2 T573 ..] BTI( 0): BT_sdiodev driver(major 466) installed.
05-31 20:48:40.784 I/[2 T573 ..] BTI( 0): amlbt_sdio_init: BT_major 466
05-31 20:48:40.784 I/[2 T573 ..] BTI( 0): amlbt_sdio_init: devID 488636416
05-31 20:48:40.784 I/[2 T573 ..] BTI( 0): ------sdio bt driver insmod end.------
05-31 20:48:40.788 E/ ( 0): [1 T617 ..] meson8b-dwmac fe368000.ethernet: Failed to reset the dma
05-31 20:48:40.788 E/ ( 0): [1 T617 ..] meson8b-dwmac fe368000.ethernet eth0: stmmac_hw_setup: DMA engine initialization failed
05-31 20:48:40.789 E/ ( 0): [1 T617 ..] meson8b-dwmac fe368000.ethernet eth0: stmmac_open: Hw setup failed
05-31 20:48:40.803 I/ ( 0): [2 T573 ..] sdio_bt sdio_bt: Init 1536 OK!
05-31 20:48:40.801 I/android.hardware.wifi-service.droidlogic( 540): insmod driver: /vendor/lib/modules/w2.ko
05-31 20:48:40.844 W/ ( 0): [1 T573 ..] >>> aml_mod_init()
05-31 20:48:40.844 W/ ( 0): [1 T573 ..] v1.9.10_2024-12.20-w2 driver:daba90760+469302
05-31 20:48:40.845 W/ ( 0): [1 T573 ..] aml_bus_type = 0.
05-31 20:48:40.845 W/ ( 0): [1 T573 ..] >>> aml_platform_init()
05-31 20:48:40.846 W/ ( 0): [1 T573 ..] >>> aml_cfg80211_init()
05-31 20:48:40.846 I/ ( 0): [1 T573 ..] sectoin 24, size 122880
05-31 20:48:40.847 I/ ( 0): [1 T573 ..] sectoin 7, size 11088
05-31 20:48:40.848 W/[1 T573 ..] aml_cfg80211_init( 0): 6472
05-31 20:48:40.848 W/[1 T573 ..] aml_cfg80211_init( 0): 6476
05-31 20:48:40.843 V/WindowManagerShell( 1121): TvPipController init took 133ms
05-31 20:48:40.843 V/WindowManagerShell( 1121): addHandler: KeyguardTransitionHandler
05-31 20:48:40.843 V/WindowManagerShell( 1121): KeyguardTransitionHandler init took 0ms
05-31 20:48:40.849 D/ShellBackPreview( 1121): Back animation enabled=false
05-31 20:48:40.850 V/WindowManagerShell( 1121): Adding external interface from BackAnimationController with key extra_shell_back_animation
05-31 20:48:40.856 V/WindowManagerShell( 1121): BackAnimationController init took 12ms
05-31 20:48:40.856 W/Looper ( 1121): Slow dispatch took 179ms wmshell.main h=android.os.Handler c=com.android.wm.shell.common.ShellExecutor$$ExternalSyntheticLambda0@d769c15 m=0
05-31 20:48:40.857 V/ShellDragAndDrop( 1121): Display added: 0
05-31 20:48:40.849 W/ ( 0): [1 T573 ..] [aml_apply_regdom 143] apply regdom alpha=00
05-31 20:48:40.871 W/ ( 0): [0 T573 ..] [aml_cfg80211_init 6535] set REGULATORY_COUNTRY_IE_IGNORE
05-31 20:48:40.872 W/[0 T573 ..] aml_cfg80211_init( 0): 6572
05-31 20:48:40.873 W/ ( 0): [0 T573 ..] aml_rxbuf_list_init host_buf:9ba00000
05-31 20:48:40.873 W/ ( 0): [1 T573 ..] aml_sdio_calibration right, use this config: i:0, j:0, k:0, l:0
05-31 20:48:40.875 W/ ( 0): [0 T573 ..] bbpll done !
05-31 20:48:40.875 W/ ( 0): [0 T573 ..] bbpll init ok!
05-31 20:48:40.875 W/[0 T573 ..] aml_platform_reset( 0): 900, offset 8010e0 regval 2
05-31 20:48:40.876 W/[0 T573 ..] aml_platform_reset( 0): 909 before regval_status:0
05-31 20:48:40.887 W/[0 T573 ..] aml_platform_reset( 0): 919 regval_aml:2, regval_cpu:70004, regval_status:0
05-31 20:48:40.888 W/[0 T573 ..] aml_platform_reset( 0): 928
05-31 20:48:40.899 W/[3 T573 ..] aml_plat_stop_agcfsm( 0): 571, read 0xc0b390, 0x11003
05-31 20:48:40.899 W/[0 T573 ..] aml_plat_stop_agcfsm( 0): 578, read 0xc00874, 0x0
05-31 20:48:40.900 W/[0 T573 ..] aml_plat_agc_load( 0): 681, agc_addr c0b390, memclk 0, agc_ver 2, clkctrladdr c00874
05-31 20:48:40.901 W/[0 T573 ..] aml_plat_agc_download( 0): 206, src addr 0x60c0a000, size 2048
05-31 20:48:40.902 W/[0 T573 ..] aml_download_wifi_fw_img( 0): 1164
05-31 20:48:40.914 I/ ( 0): [3 T573 ..] sectoin 20, size 262144
05-31 20:48:40.923 W/[3 T573 ..] aml_download_wifi_fw_img(1205)( 0): img len 0x40000, start download fw
05-31 20:48:40.933 W/ ( 0): [0 T573 ..] Host HAL: write ICCM SUCCESS!!!!
05-31 20:48:40.939 W/[0 T573 ..] aml_download_wifi_fw_img(1260)( 0): dccm img len 0x40000, start download dccm
05-31 20:48:40.947 W/ ( 0): [0 T573 ..] Host HAL: write DCCM SUCCESS!!!!
05-31 20:48:40.947 W/ ( 0): [0 T573 ..] >>> aml_ipc_init()
05-31 20:48:40.947 W/ ( 0): [0 T573 ..] >>> aml_cmd_mgr_init()
05-31 20:48:40.948 W/ ( 0): [0 T573 ..] >>> aml_elems_allocs()
