05-31 20:48:54.041 W/ContextImpl( 2341): Calling a method in the system process without a qualified user: android.app.ContextImpl.bindService:1988 android.content.ContextWrapper.bindService:861 android.content.ContextWrapper.bindService:861 WV.Ce0.a:3 WV.Rq0.run:113
05-31 20:48:54.059 I/ActivityManager( 754): Start proc 2502:com.android.webview:webview_service/u0a51 for service {com.android.webview/org.chromium.android_webview.services.VariationsSeedServer}
05-31 20:48:54.084 W/[0 T1639 ..] audit( 0): audit_lost=207 audit_rate_limit=5 audit_backlog_limit=64
05-31 20:48:54.084 E/[0 T1639 ..] audit( 0): rate limit exceeded
05-31 20:48:54.102 D/CompatibilityChangeReporter( 754): Compat change id reported: 168419799; UID 10051; state: DISABLED
05-31 20:48:54.102 D/CompatibilityChangeReporter( 754): Compat change id reported: 273564678; UID 10051; state: DISABLED
05-31 20:48:54.104 D/CompatibilityChangeReporter( 754): Compat change id reported: 265195908; UID 10051; state: ENABLED
05-31 20:48:54.128 D/CompatibilityChangeReporter( 754): Compat change id reported: 178209446; UID 1000; state: ENABLED
05-31 20:48:54.129 D/CompatibilityChangeReporter( 754): Compat change id reported: 178209446; UID 1000; state: DISABLED
05-31 20:48:54.134 D/CompatibilityChangeReporter( 754): Compat change id reported: 170503758; UID 10051; state: ENABLED
05-31 20:48:54.195 D/CompatibilityChangeReporter( 754): Compat change id reported: 261072174; UID 1000; state: DISABLED
05-31 20:48:54.283 D/CompatibilityChangeReporter( 754): Compat change id reported: 271850009; UID 10051; state: ENABLED
05-31 20:48:54.286 D/CompatibilityChangeReporter( 754): Compat change id reported: 253665015; UID 10051; state: ENABLED
05-31 20:48:54.289 D/CompatibilityChangeReporter( 754): Compat change id reported: 194532703; UID 10051; state: ENABLED
05-31 20:48:54.384 D/ColorDisplayService( 754): setUp: currentUser=0
05-31 20:48:54.384 D/HDMI ( 754): settings onchange user_setup_complete to true
05-31 20:48:54.384 I/HDMI ( 754): set up complete!
05-31 20:48:54.387 D/AutofillManagerServiceImpl( 754): Reset component for user 0:null
05-31 20:48:54.391 D/AutofillUI( 754): destroySaveUiUiThread(): already destroyed
05-31 20:48:54.394 D/AutofillUI( 754): destroySaveUiUiThread(): already destroyed
05-31 20:48:54.399 D/OomAdjuster( 754): Not killing cached processes
05-31 20:48:54.404 D/AutofillManagerServiceImpl( 754): Reset component for user 0:null
05-31 20:48:54.405 D/FieldClassificationStrategy( 754): reset(): service is not bound. Do nothing.
05-31 20:48:54.410 D/PinnerService( 754): pinRangeStream: null
05-31 20:48:54.425 D/PinnerService( 754): pinRangeStream: null
05-31 20:48:54.425 D/PinnerService( 754): pinRangeStream: null
05-31 20:48:54.840 W/BroadcastLoopers( 754): Found previously unknown looper Thread[android.imms,5,main]
05-31 20:48:54.844 V/WindowManager( 754): app ------------- force_land :0
05-31 20:48:54.845 I/ActivityTaskManager( 754): Config changes=20 {1.0 ?mcc0mnc [zh_CN] ldltr sw720dp w1280dp h720dp 240dpi xlrg long land television -touch -keyb/v/h dpad/v winConfig={ mBounds=Rect(0, 0 - 1920, 1080) mAppBounds=Rect(0, 0 - 1920, 1080) mMaxBounds=Rect(0, 0 - 1920, 1080) mDisplayRotation=ROTATION_0 mWindowingMode=fullscreen mDisplayWindowingMode=fullscreen mActivityType=undefined mAlwaysOnTop=undefined mRotation=ROTATION_0} as.2 s.16 fontWeightAdjustment=0}
05-31 20:48:54.852 I/WindowManager( 754): Override config changes=20 {1.0 ?mcc0mnc [zh_CN] ldltr sw720dp w1280dp h720dp 240dpi xlrg long land television -touch -keyb/v/h dpad/v winConfig={ mBounds=Rect(0, 0 - 1920, 1080) mAppBounds=Rect(0, 0 - 1920, 1080) mMaxBounds=Rect(0, 0 - 1920, 1080) mDisplayRotation=ROTATION_0 mWindowingMode=fullscreen mDisplayWindowingMode=fullscreen mActivityType=undefined mAlwaysOnTop=undefined mRotation=ROTATION_0} as.2 s.16 fontWeightAdjustment=0} for displayId=0
05-31 20:48:54.857 V/WindowManagerShell( 1121): Transition requested: android.os.BinderProxy@2df159a TransitionRequestInfo { type = 6, triggerTask = null, remoteTransition = null, displayChange = null, flags = 0 }
05-31 20:48:54.865 D/HDMI ( 754): receive android.intent.action.CONFIGURATION_CHANGED
05-31 20:48:54.916 D/CompatibilityChangeReporter( 754): Compat change id reported: 197654537; UID 10029; state: ENABLED
05-31 20:48:54.917 D/CompatibilityChangeReporter( 754): Compat change id reported: 184838306; UID 10029; state: DISABLED
05-31 20:48:54.921 D/CompatibilityChangeReporter( 754): Compat change id reported: 185004937; UID 10029; state: DISABLED
05-31 20:48:54.934 W/Looper ( 1121): Slow dispatch took 77ms wmshell.main h=android.os.Handler c=com.android.wm.shell.transition.Transitions$TransitionPlayerImpl$$ExternalSyntheticLambda1@ad4ecb m=0
05-31 20:48:54.935 D/WindowManagerShell( 1121): TvPipController: onConfigurationChanged(), state=NO_PIP
05-31 20:48:54.935 W/Looper ( 1121): Slow delivery took 76ms wmshell.main h=android.os.Handler c=com.android.wm.shell.sysui.ShellController$ShellInterfaceImpl$$ExternalSyntheticLambda0@3ce96a8 m=0
05-31 20:48:54.935 W/Looper ( 1121): Drained
05-31 20:48:54.940 V/ShellDragAndDrop( 1121): Display changed: 0
05-31 20:48:54.979 W/ContextImpl( 2341): Calling a method in the system process without a qualified user: android.app.ContextImpl.bindService:1988 android.content.ContextWrapper.bindService:861 ae.b.h:57 ae.b$c.call:3 ce.c$a.run:5
05-31 20:48:54.991 I/[1 T356 ..] apexd( 0): Deleting unused dm device com.amlogic.mediaextractor
05-31 20:48:55.006 E/[0 T231 ..] SELinux( 0): avc: denied { find } for pid=2603 uid=0 name=input_method scontext=u:r:init:s0 tcontext=u:object_r:input_method_service:s0 tclass=service_manager permissive=1
05-31 20:48:55.007 E/[1 T356 ..] apexd( 0): Didn't generate uevent for [com.amlogic.mediaextractor] removal
05-31 20:48:55.009 W/[1 T356 ..] apexd( 0): Failed to delete dm-device com.amlogic.mediaextractor
05-31 20:48:55.012 I/[1 T356 ..] apexd( 0): Deleting unused dm device com.android.apex.cts.shim
05-31 20:48:55.022 E/[3 T356 ..] apexd( 0): Didn't generate uevent for [com.android.apex.cts.shim] removal
05-31 20:48:55.023 W/[3 T356 ..] apexd( 0): Failed to delete dm-device com.android.apex.cts.shim
05-31 20:48:55.024 I/[3 T356 ..] apexd( 0): Deleting unused dm device com.android.btservices
05-31 20:48:55.090 W/[0 T2614 ..] audit( 0): audit_lost=244 audit_rate_limit=5 audit_backlog_limit=64
05-31 20:48:55.091 E/[0 T2614 ..] audit( 0): rate limit exceeded
05-31 20:48:55.092 V/WindowManagerShell( 1121): onTransitionReady android.os.BinderProxy@2df159a: {id=2 t=CHANGE f=0x0 trk=0 r=[0@Point(0, 0)] c=[{WCT{android.window.IWindowContainerToken$Stub$Proxy@58a8eb5} m=CHANGE f=IS_DISPLAY leash=Surface(name=WindowedMagnification:0:31)/@0x81ac73e sb=Rect(0, 0 - 1920, 1080) eb=Rect(0, 0 - 1920, 1080) d=0 snapshot=Surface(name=transition snapshot: Display{#0 state=ON size=1920x1080 ROTATION_0})/@0x40fe99f}]}
05-31 20:48:55.092 V/WindowManager( 754): Sent Transition #2 createdAt=05-31 20:48:54.852 via request=TransitionRequestInfo { type = 6, triggerTask = null, remoteTransition = null, displayChange = null, flags = 0 }
05-31 20:48:55.092 V/WindowManager( 754): startWCT=WindowContainerTransaction { changes = {} hops = [] errorCallbackToken=null taskFragmentOrganizer=null }
05-31 20:48:55.093 V/WindowManager( 754): info={id=2 t=CHANGE f=0x0 trk=0 r=[0@Point(0, 0)] c=[{WCT{RemoteToken{ebd57c0 Display{#0 state=ON size=1920x1080 ROTATION_0}}} m=CHANGE f=IS_DISPLAY leash=Surface(name=WindowedMagnification:0:31)/@0xd80b777 sb=Rect(0, 0 - 1920, 1080) eb=Rect(0, 0 - 1920, 1080) d=0}]}
05-31 20:48:55.093 V/WindowManagerShell( 1121): Playing animation for (#2)android.os.BinderProxy@2df159a@0
05-31 20:48:55.093 V/WindowManagerShell( 1121): try handler com.android.wm.shell.keyguard.KeyguardTransitionHandler@878194a
05-31 20:48:55.093 V/WindowManagerShell( 1121): try handler com.android.wm.shell.pip.tv.TvPipTransition@c1380bb
05-31 20:48:55.094 V/WindowManagerShell( 1121): try handler com.android.wm.shell.activityembedding.ActivityEmbeddingController@128f9d8
05-31 20:48:55.094 V/WindowManagerShell( 1121): try handler com.android.wm.shell.transition.RemoteTransitionHandler@fa26131
05-31 20:48:55.094 V/WindowManagerShell( 1121): try handler com.android.wm.shell.transition.DefaultTransitionHandler@ea68016
05-31 20:48:55.094 V/WindowManagerShell( 1121): start default transition animation, info = {id=2 t=CHANGE f=0x0 trk=0 r=[0@Point(0, 0)] c=[{WCT{android.window.IWindowContainerToken$Stub$Proxy@58a8eb5} m=CHANGE f=IS_DISPLAY leash=Surface(name=WindowedMagnification:0:31)/@0x81ac73e sb=Rect(0, 0 - 1920, 1080) eb=Rect(0, 0 - 1920, 1080) d=0 snapshot=Surface(name=transition snapshot: Display{#0 state=ON size=1920x1080 ROTATION_0})/@0x40fe99f}]}
05-31 20:48:55.094 V/WindowManagerShell( 1121): Display is changing, resolve the animation hint.
05-31 20:48:55.103 V/WindowManagerShell( 1121): animated by com.android.wm.shell.transition.DefaultTransitionHandler@ea68016
05-31 20:48:55.234 V/WindowManagerShell( 1121): Transition animation finished (aborted=false), notifying core (#2)android.os.BinderProxy@2df159a@0
05-31 20:48:55.237 V/WindowManager( 754): app ------------- force_land :0
05-31 20:48:55.239 V/WindowManager( 754): Finish Transition #2: created at
05-31 20:48:54.852 collect-started=0.419ms request-sent=1.043ms started=77.936ms ready=78.745ms sent=231.489ms finished=383.879ms
05-31 20:48:55.239 V/WindowManagerShell( 1121): Track 0 became idle
05-31 20:48:55.239 V/WindowManagerShell( 1121): All active transition animations finished
05-31 20:48:56.284 I/[1 T231 ..] servicemanager( 0): Notifying apexservice they don't (previously: do) have clients when we now have no record of a client
05-31 20:48:56.285 I/[2 T231 ..] servicemanager( 0): Unregistering apexservice
05-31 20:48:56.285 I/[2 T231 ..] BpBinder( 0): onLastStrongRef automatically unlinking death recipients:
05-31 20:48:56.290 W/[2 T461 ..] printk( 0): binder:356_1: 164 output lines suppressed due to ratelimiting
05-31 20:48:57.053 I/ActivityManager( 754): reportOnUserCompletedEvent(0): stored=10, eligible=111
05-31 20:48:57.053 D/SystemServerTimingAsync( 754): ssm.CompletedEventUser-0
05-31 20:48:57.054 I/SystemServiceManager( 754): Calling onCompletedEventUser 0
05-31 20:48:57.056 D/SystemServerTimingAsync( 754): ssm.onCompletedEventUser-0_{|Unlocked|}_com.android.server.security.FileIntegrityService
05-31 20:48:57.056 V/SystemServerTimingAsync( 754): ssm.onCompletedEventUser-0_{|Unlocked|}_com.android.server.security.FileIntegrityService took to complete: 0ms
05-31 20:48:57.056 D/SystemServerTimingAsync( 754): ssm.onCompletedEventUser-0_{|Unlocked|}_com.android.server.flags.FeatureFlagsService
05-31 20:48:57.056 V/SystemServerTimingAsync( 754): ssm.onCompletedEventUser-0_{|Unlocked|}_com.android.server.flags.FeatureFlagsService took to complete: 0ms
05-31 20:48:57.056 D/SystemServerTimingAsync( 754): ssm.onCompletedEventUser-0_{|Unlocked|}_com.android.server.uri.UriGrantsManagerService$Lifecycle
05-31 20:48:57.056 V/SystemServerTimingAsync( 754): ssm.onCompletedEventUser-0_{|Unlocked|}_com.android.server.uri.UriGrantsManagerService$Lifecycle took to complete: 0ms
05-31 20:48:57.056 D/SystemServerTimingAsync( 754): ssm.onCompletedEventUser-0_{|Unlocked|}_com.android.server.powerstats.PowerStatsService
05-31 20:48:57.056 V/SystemServerTimingAsync( 754): ssm.onCompletedEventUser-0_{|Unlocked|}_com.android.server.powerstats.PowerStatsService took to complete: 0ms
05-31 20:48:57.056 D/SystemServerTimingAsync( 754): ssm.onCompletedEventUser-0_{|Unlocked|}_com.android.server.permission.access.AccessCheckingService
05-31 20:48:57.056 V/SystemServerTimingAsync( 754): ssm.onCompletedEventUser-0_{|Unlocked|}_com.android.server.permission.access.AccessCheckingService took to complete: 0ms
05-31 20:48:57.056 D/SystemServerTimingAsync( 754): ssm.onCompletedEventUser-0_{|Unlocked|}_com.android.server.wm.ActivityTaskManagerService$Lifecycle
05-31 20:48:57.056 V/SystemServerTimingAsync( 754): ssm.onCompletedEventUser-0_{|Unlocked|}_com.android.server.wm.ActivityTaskManagerService$Lifecycle took to complete: 0ms
05-31 20:48:57.056 D/SystemServerTimingAsync( 754): ssm.onCompletedEventUser-0_{|Unlocked|}_com.android.server.am.ActivityManagerService$Lifecycle
05-31 20:48:57.057 V/SystemServerTimingAsync( 754): ssm.onCompletedEventUser-0_{|Unlocked|}_com.android.server.am.ActivityManagerService$Lifecycle took to complete: 0ms
05-31 20:48:57.057 D/SystemServerTimingAsync( 754): ssm.onCompletedEventUser-0_{|Unlocked|}_com.android.server.pm.DataLoaderManagerService
05-31 20:48:57.057 V/SystemServerTimingAsync( 754): ssm.onCompletedEventUser-0_{|Unlocked|}_com.android.server.pm.DataLoaderManagerService took to complete: 0ms
05-31 20:48:57.057 D/SystemServerTimingAsync( 754): ssm.onCompletedEventUser-0_{|Unlocked|}_com.android.server.power.PowerManagerService
05-31 20:48:57.057 V/SystemServerTimingAsync( 754): ssm.onCompletedEventUser-0_{|Unlocked|}_com.android.server.power.PowerManagerService took to complete: 0ms
05-31 20:48:57.058 D/SystemServerTimingAsync( 754): ssm.onCompletedEventUser-0_{|Unlocked|}_com.android.server.power.ThermalManagerService
05-31 20:48:57.058 V/SystemServerTimingAsync( 754): ssm.onCompletedEventUser-0_{|Unlocked|}_com.android.server.power.ThermalManagerService took to complete: 0ms
05-31 20:48:57.058 D/SystemServerTimingAsync( 754): ssm.onCompletedEventUser-0_{|Unlocked|}_com.android.server.power.hint.HintManagerService
05-31 20:48:57.058 V/SystemServerTimingAsync( 754): ssm.onCompletedEventUser-0_{|Unlocked|}_com.android.server.power.hint.HintManagerService took to complete: 0ms
05-31 20:48:57.058 D/SystemServerTimingAsync( 754): ssm.onCompletedEventUser-0_{|Unlocked|}_com.android.server.recoverysystem.RecoverySystemService$Lifecycle
05-31 20:48:57.058 V/SystemServerTimingAsync( 754): ssm.onCompletedEventUser-0_{|Unlocked|}_com.android.server.recoverysystem.RecoverySystemService$Lifecycle took to complete: 0ms
05-31 20:48:57.058 D/SystemServerTimingAsync( 754): ssm.onCompletedEventUser-0_{|Unlocked|}_com.android.server.lights.LightsService
05-31 20:48:57.058 V/SystemServerTimingAsync( 754): ssm.onCompletedEventUser-0_{|Unlocked|}_com.android.server.lights.LightsService took to complete: 0ms
05-31 20:48:57.058 D/SystemServerTimingAsync( 754): ssm.onCompletedEventUser-0_{|Unlocked|}_com.android.server.display.DisplayManagerService
05-31 20:48:57.058 V/SystemServerTimingAsync( 754): ssm.onCompletedEventUser-0_{|Unlocked|}_com.android.server.display.DisplayManagerService took to complete: 0ms
05-31 20:48:57.058 D/SystemServerTimingAsync( 754): ssm.onCompletedEventUser-0_{|Unlocked|}_com.android.server.pm.Installer
05-31 20:48:57.058 D/SystemServerTimingAsync( 754): ssm.onCompletedEventUser-0_{|Unlocked|}_com.android.server.pm.verify.domain.DomainVerificationService
05-31 20:48:57.058 V/SystemServerTimingAsync( 754): ssm.onCompletedEventUser-0_{|Unlocked|}_com.android.server.pm.Installer took to complete: 0ms
05-31 20:48:57.058 D/SystemServerTimingAsync( 754): ssm.onCompletedEventUser-0_{|Unlocked|}_com.android.server.pm.PackageInstallerService$Lifecycle
05-31 20:48:57.058 V/SystemServerTimingAsync( 754): ssm.onCompletedEventUser-0_{|Unlocked|}_com.android.server.pm.PackageInstallerService$Lifecycle took to complete: 0ms
05-31 20:48:57.058 D/SystemServerTimingAsync( 754): ssm.onCompletedEventUser-0_{|Unlocked|}_com.android.server.pm.UserManagerService$LifeCycle
05-31 20:48:57.058 V/SystemServerTimingAsync( 754): ssm.onCompletedEventUser-0_{|Unlocked|}_com.android.server.pm.UserManagerService$LifeCycle took to complete: 0ms
05-31 20:48:57.058 D/SystemServerTimingAsync( 754): ssm.onCompletedEventUser-0_{|Unlocked|}_com.android.server.om.OverlayManagerService
05-31 20:48:57.058 V/SystemServerTimingAsync( 754): ssm.onCompletedEventUser-0_{|Unlocked|}_com.android.server.om.OverlayManagerService took to complete: 0ms
05-31 20:48:57.058 D/SystemServerTimingAsync( 754): ssm.onCompletedEventUser-0_{|Unlocked|}_com.android.server.resources.ResourcesManagerService
05-31 20:48:57.058 V/SystemServerTimingAsync( 754): ssm.onCompletedEventUser-0_{|Unlocked|}_com.android.server.resources.ResourcesManagerService took to complete: 0ms
05-31 20:48:57.058 D/SystemServerTimingAsync( 754): ssm.onCompletedEventUser-0_{|Unlocked|}_com.android.server.os.DeviceIdentifiersPolicyService
05-31 20:48:57.058 D/SystemServerTimingAsync( 754): ssm.onCompletedEventUser-0_{|Unlocked|}_com.android.server.sensorprivacy.SensorPrivacyService
05-31 20:48:57.058 V/SystemServerTimingAsync( 754): ssm.onCompletedEventUser-0_{|Unlocked|}_com.android.server.sensorprivacy.SensorPrivacyService took to complete: 0ms
05-31 20:48:57.058 V/SystemServerTimingAsync( 754): ssm.onCompletedEventUser-0_{|Unlocked|}_com.android.server.pm.verify.domain.DomainVerificationService took to complete: 0ms
05-31 20:48:57.058 D/SystemServerTimingAsync( 754): ssm.onCompletedEventUser-0_{|Unlocked|}_com.android.server.sensors.SensorService
05-31 20:48:57.058 D/SystemServerTimingAsync( 754): ssm.onCompletedEventUser-0_{|Unlocked|}_com.android.server.SystemConfigService
05-31 20:48:57.058 V/SystemServerTimingAsync( 754): ssm.onCompletedEventUser-0_{|Unlocked|}_com.android.server.os.DeviceIdentifiersPolicyService took to complete: 0ms
05-31 20:48:57.058 V/SystemServerTimingAsync( 754): ssm.onCompletedEventUser-0_{|Unlocked|}_com.android.server.sensors.SensorService took to complete: 0ms
05-31 20:48:57.058 V/SystemServerTimingAsync( 754): ssm.onCompletedEventUser-0_{|Unlocked|}_com.android.server.SystemConfigService took to complete: 0ms
05-31 20:48:57.058 D/SystemServerTimingAsync( 754): ssm.onCompletedEventUser-0_{|Unlocked|}_com.android.server.BatteryService
05-31 20:48:57.058 V/SystemServerTimingAsync( 754): ssm.onCompletedEventUser-0_{|Unlocked|}_com.android.server.BatteryService took to complete: 0ms
05-31 20:48:57.059 D/SystemServerTimingAsync( 754): ssm.onCompletedEventUser-0_{|Unlocked|}_com.android.server.webkit.WebViewUpdateService
05-31 20:48:57.059 D/SystemServerTimingAsync( 754): ssm.onCompletedEventUser-0_{|Unlocked|}_com.android.server.usage.UsageStatsService
05-31 20:48:57.059 V/SystemServerTimingAsync( 754): ssm.onCompletedEventUser-0_{|Unlocked|}_com.android.server.usage.UsageStatsService took to complete: 0ms
05-31 20:48:57.059 D/SystemServerTimingAsync( 754): ssm.onCompletedEventUser-0_{|Unlocked|}_com.android.server.CachedDeviceStateService
05-31 20:48:57.059 V/SystemServerTimingAsync( 754): ssm.onCompletedEventUser-0_{|Unlocked|}_com.android.server.CachedDeviceStateService took to complete: 0ms
05-31 20:48:57.059 D/SystemServerTimingAsync( 754): ssm.onCompletedEventUser-0_{|Unlocked|}_com.android.server.BinderCallsStatsService$LifeCycle
05-31 20:48:57.059 V/SystemServerTimingAsync( 754): ssm.onCompletedEventUser-0_{|Unlocked|}_com.android.server.BinderCallsStatsService$LifeCycle took to complete: 0ms
05-31 20:48:57.059 D/SystemServerTimingAsync( 754): ssm.onCompletedEventUser-0_{|Unlocked|}_com.android.server.LooperStatsService$Lifecycle
05-31 20:48:57.059 V/SystemServerTimingAsync( 754): ssm.onCompletedEventUser-0_{|Unlocked|}_com.android.server.LooperStatsService$Lifecycle took to complete: 0ms
05-31 20:48:57.059 D/SystemServerTimingAsync( 754): ssm.onCompletedEventUser-0_{|Unlocked|}_com.android.server.rollback.RollbackManagerService
05-31 20:48:57.059 V/SystemServerTimingAsync( 754): ssm.onCompletedEventUser-0_{|Unlocked|}_com.android.server.rollback.RollbackManagerService took to complete: 0ms
05-31 20:48:57.059 D/SystemServerTimingAsync( 754): ssm.onCompletedEventUser-0_{|Unlocked|}_com.android.server.os.NativeTombstoneManagerService
05-31 20:48:57.059 V/SystemServerTimingAsync( 754): ssm.onCompletedEventUser-0_{|Unlocked|}_com.android.server.os.NativeTombstoneManagerService took to complete: 0ms
05-31 20:48:57.059 D/SystemServerTimingAsync( 754): ssm.onCompletedEventUser-0_{|Unlocked|}_com.android.server.os.BugreportManagerService
05-31 20:48:57.059 V/SystemServerTimingAsync( 754): ssm.onCompletedEventUser-0_{|Unlocked|}_com.android.server.os.BugreportManagerService took to complete: 0ms
05-31 20:48:57.059 D/SystemServerTimingAsync( 754): ssm.onCompletedEventUser-0_{|Unlocked|}_com.android.server.gpu.GpuService
05-31 20:48:57.059 V/SystemServerTimingAsync( 754): ssm.onCompletedEventUser-0_{|Unlocked|}_com.android.server.gpu.GpuService took to complete: 0ms
05-31 20:48:57.059 D/SystemServerTimingAsync( 754): ssm.onCompletedEventUser-0_{|Unlocked|}_com.android.server.security.rkp.RemoteProvisioningService
05-31 20:48:57.059 V/SystemServerTimingAsync( 754): ssm.onCompletedEventUser-0_{|Unlocked|}_com.android.server.security.rkp.RemoteProvisioningService took to complete: 0ms
05-31 20:48:57.059 D/SystemServerTimingAsync( 754): ssm.onCompletedEventUser-0_{|Unlocked|}_com.android.server.cpu.CpuMonitorService
05-31 20:48:57.059 V/SystemServerTimingAsync( 754): ssm.onCompletedEventUser-0_{|Unlocked|}_com.android.server.webkit.WebViewUpdateService took to complete: 0ms
05-31 20:48:57.059 D/SystemServerTimingAsync( 754): ssm.onCompletedEventUser-0_{|Unlocked|}_com.android.server.security.KeyChainSystemService
05-31 20:48:57.059 D/SystemServerTimingAsync( 754): ssm.onCompletedEventUser-0_{|Unlocked|}_com.android.server.BinaryTransparencyService
05-31 20:48:57.059 V/SystemServerTimingAsync( 754): ssm.onCompletedEventUser-0_{|Unlocked|}_com.android.server.BinaryTransparencyService took to complete: 0ms
05-31 20:48:57.059 V/SystemServerTimingAsync( 754): ssm.onCompletedEventUser-0_{|Unlocked|}_com.android.server.security.KeyChainSystemService took to complete: 0ms
05-31 20:48:57.060 D/SystemServerTimingAsync( 754): ssm.onCompletedEventUser-0_{|Unlocked|}_com.android.server.accounts.AccountManagerService$Lifecycle
05-31 20:48:57.060 V/SystemServerTimingAsync( 754): ssm.onCompletedEventUser-0_{|Unlocked|}_com.android.server.accounts.AccountManagerService$Lifecycle took to complete: 0ms
05-31 20:48:57.060 V/SystemServerTimingAsync( 754): ssm.onCompletedEventUser-0_{|Unlocked|}_com.android.server.cpu.CpuMonitorService took to complete: 0ms
05-31 20:48:57.060 D/SystemServerTimingAsync( 754): ssm.onCompletedEventUser-0_{|Unlocked|}_com.android.server.content.ContentService$Lifecycle
05-31 20:48:57.060 D/SystemServerTimingAsync( 754): ssm.onCompletedEventUser-0_{|Unlocked|}_com.android.server.DropBoxManagerService
05-31 20:48:57.060 V/SystemServerTimingAsync( 754): ssm.onCompletedEventUser-0_{|Unlocked|}_com.android.server.content.ContentService$Lifecycle took to complete: 0ms
05-31 20:48:57.060 D/SystemServerTimingAsync( 754): ssm.onCompletedEventUser-0_{|Unlocked|}_com.android.server.deviceconfig.DeviceConfigInit$Lifecycle
05-31 20:48:57.060 V/SystemServerTimingAsync( 754): ssm.onCompletedEventUser-0_{|Unlocked|}_com.android.server.DropBoxManagerService took to complete: 0ms
05-31 20:48:57.060 V/SystemServerTimingAsync( 754): ssm.onCompletedEventUser-0_{|Unlocked|}_com.android.server.deviceconfig.DeviceConfigInit$Lifecycle took to complete: 0ms
05-31 20:48:57.060 D/SystemServerTimingAsync( 754): ssm.onCompletedEventUser-0_{|Unlocked|}_com.android.role.RoleService
05-31 20:48:57.060 V/SystemServerTimingAsync( 754): ssm.onCompletedEventUser-0_{|Unlocked|}_com.android.role.RoleService took to complete: 0ms
05-31 20:48:57.060 D/SystemServerTimingAsync( 754): ssm.onCompletedEventUser-0_{|Unlocked|}_com.android.server.tare.InternalResourceService
05-31 20:48:57.060 V/SystemServerTimingAsync( 754): ssm.onCompletedEventUser-0_{|Unlocked|}_com.android.server.tare.InternalResourceService took to complete: 0ms
05-31 20:48:57.060 D/SystemServerTimingAsync( 754): ssm.onCompletedEventUser-0_{|Unlocked|}_com.android.server.alarm.AlarmManagerService
05-31 20:48:57.060 V/SystemServerTimingAsync( 754): ssm.onCompletedEventUser-0_{|Unlocked|}_com.android.server.alarm.AlarmManagerService took to complete: 0ms
05-31 20:48:57.060 D/SystemServerTimingAsync( 754): ssm.onCompletedEventUser-0_{|Unlocked|}_com.android.server.devicestate.DeviceStateManagerService
05-31 20:48:57.060 V/SystemServerTimingAsync( 754): ssm.onCompletedEventUser-0_{|Unlocked|}_com.android.server.devicestate.DeviceStateManagerService took to complete: 0ms
05-31 20:48:57.060 D/SystemServerTimingAsync( 754): ssm.onCompletedEventUser-0_{|Unlocked|}_com.android.server.camera.CameraServiceProxy
05-31 20:48:57.060 D/SystemServerTimingAsync( 754): ssm.onCompletedEventUser-0_{|Unlocked|}_com.android.server.vibrator.VibratorManagerService$Lifecycle
05-31 20:48:57.060 D/SystemServerTimingAsync( 754): ssm.onCompletedEventUser-0_{|Unlocked|}_com.android.server.bluetooth.BluetoothService
05-31 20:48:57.060 V/SystemServerTimingAsync( 754): ssm.onCompletedEventUser-0_{|Unlocked|}_com.android.server.bluetooth.BluetoothService took to complete: 0ms
05-31 20:48:57.060 V/SystemServerTimingAsync( 754): ssm.onCompletedEventUser-0_{|Unlocked|}_com.android.server.vibrator.VibratorManagerService$Lifecycle took to complete: 0ms
05-31 20:48:57.060 V/SystemServerTimingAsync( 754): ssm.onCompletedEventUser-0_{|Unlocked|}_com.android.server.camera.CameraServiceProxy took to complete: 0ms
05-31 20:48:57.060 D/SystemServerTimingAsync( 754): ssm.onCompletedEventUser-0_{|Unlocked|}_com.android.server.connectivity.IpConnectivityMetrics
05-31 20:48:57.060 D/SystemServerTimingAsync( 754): ssm.onCompletedEventUser-0_{|Unlocked|}_com.android.server.net.watchlist.NetworkWatchlistService$Lifecycle
05-31 20:48:57.060 D/SystemServerTimingAsync( 754): ssm.onCompletedEventUser-0_{|Unlocked|}_com.android.server.PinnerService
05-31 20:48:57.060 V/SystemServerTimingAsync( 754): ssm.onCompletedEventUser-0_{|Unlocked|}_com.android.server.PinnerService took to complete: 0ms
05-31 20:48:57.060 V/SystemServerTimingAsync( 754): ssm.onCompletedEventUser-0_{|Unlocked|}_com.android.server.net.watchlist.NetworkWatchlistService$Lifecycle took to complete: 0ms
05-31 20:48:57.060 V/SystemServerTimingAsync( 754): ssm.onCompletedEventUser-0_{|Unlocked|}_com.android.server.connectivity.IpConnectivityMetrics took to complete: 0ms
05-31 20:48:57.060 D/SystemServerTimingAsync( 754): ssm.onCompletedEventUser-0_{|Unlocked|}_com.android.server.integrity.AppIntegrityManagerService
05-31 20:48:57.060 D/SystemServerTimingAsync( 754): ssm.onCompletedEventUser-0_{|Unlocked|}_com.android.server.logcat.LogcatManagerService
05-31 20:48:57.060 V/SystemServerTimingAsync( 754): ssm.onCompletedEventUser-0_{|Unlocked|}_com.android.server.logcat.LogcatManagerService took to complete: 0ms
05-31 20:48:57.060 V/SystemServerTimingAsync( 754): ssm.onCompletedEventUser-0_{|Unlocked|}_com.android.server.integrity.AppIntegrityManagerService took to complete: 0ms
05-31 20:48:57.061 D/SystemServerTimingAsync( 754): ssm.onCompletedEventUser-0_{|Unlocked|}_com.android.server.inputmethod.InputMethodManagerService$Lifecycle
05-31 20:48:57.061 V/SystemServerTimingAsync( 754): ssm.onCompletedEventUser-0_{|Unlocked|}_com.android.server.inputmethod.InputMethodManagerService$Lifecycle took to complete: 0ms
05-31 20:48:57.061 D/SystemServerTimingAsync( 754): ssm.onCompletedEventUser-0_{|Unlocked|}_com.android.server.StorageManagerService$Lifecycle
05-31 20:48:57.061 V/SystemServerTimingAsync( 754): ssm.onCompletedEventUser-0_{|Unlocked|}_com.android.server.StorageManagerService$Lifecycle took to complete: 0ms
05-31 20:48:57.061 D/SystemServerTimingAsync( 754): ssm.onCompletedEventUser-0_{|Unlocked|}_com.android.server.usage.StorageStatsService$Lifecycle
05-31 20:48:57.061 D/SystemServerTimingAsync( 754): ssm.onCompletedEventUser-0_{|Unlocked|}_com.android.server.accessibility.AccessibilityManagerService$Lifecycle
05-31 20:48:57.061 D/SystemServerTimingAsync( 754): ssm.onCompletedEventUser-0_{|Unlocked|}_com.android.server.UiModeManagerService
05-31 20:48:57.061 V/SystemServerTimingAsync( 754): ssm.onCompletedEventUser-0_{|Unlocked|}_com.android.server.UiModeManagerService took to complete: 0ms
05-31 20:48:57.061 V/SystemServerTimingAsync( 754): ssm.onCompletedEventUser-0_{|Unlocked|}_com.android.server.accessibility.AccessibilityManagerService$Lifecycle took to complete: 0ms
05-31 20:48:57.061 V/SystemServerTimingAsync( 754): ssm.onCompletedEventUser-0_{|Unlocked|}_com.android.server.usage.StorageStatsService$Lifecycle took to complete: 0ms
05-31 20:48:57.061 D/SystemServerTimingAsync( 754): ssm.onCompletedEventUser-0_{|Unlocked|}_com.android.server.locales.LocaleManagerService
05-31 20:48:57.061 V/SystemServerTimingAsync( 754): ssm.onCompletedEventUser-0_{|Unlocked|}_com.android.server.locales.LocaleManagerService took to complete: 0ms
05-31 20:48:57.061 D/SystemServerTimingAsync( 754): ssm.onCompletedEventUser-0_{|Unlocked|}_com.android.server.apphibernation.AppHibernationService
05-31 20:48:57.061 V/SystemServerTimingAsync( 754): ssm.onCompletedEventUser-0_{|Unlocked|}_com.android.server.apphibernation.AppHibernationService took to complete: 0ms
05-31 20:48:57.061 D/SystemServerTimingAsync( 754): ssm.onCompletedEventUser-0_{|Unlocked|}_com.android.server.locksettings.LockSettingsService$Lifecycle
05-31 20:48:57.061 V/SystemServerTimingAsync( 754): ssm.onCompletedEventUser-0_{|Unlocked|}_com.android.server.locksettings.LockSettingsService$Lifecycle took to complete: 0ms
05-31 20:48:57.061 D/SystemServerTimingAsync( 754): ssm.onCompletedEventUser-0_{|Unlocked|}_com.android.server.PersistentDataBlockService
05-31 20:48:57.061 D/SystemServerTimingAsync( 754): ssm.onCompletedEventUser-0_{|Unlocked|}_com.android.server.grammaticalinflection.GrammaticalInflectionService
05-31 20:48:57.061 V/SystemServerTimingAsync( 754): ssm.onCompletedEventUser-0_{|Unlocked|}_com.android.server.grammaticalinflection.GrammaticalInflectionService took to complete: 0ms
05-31 20:48:57.061 V/SystemServerTimingAsync( 754): ssm.onCompletedEventUser-0_{|Unlocked|}_com.android.server.PersistentDataBlockService took to complete: 0ms
05-31 20:48:57.061 D/SystemServerTimingAsync( 754): ssm.onCompletedEventUser-0_{|Unlocked|}_com.android.server.testharness.TestHarnessModeService
05-31 20:48:57.061 V/SystemServerTimingAsync( 754): ssm.onCompletedEventUser-0_{|Unlocked|}_com.android.server.testharness.TestHarnessModeService took to complete: 0ms
05-31 20:48:57.061 D/SystemServerTimingAsync( 754): ssm.onCompletedEventUser-0_{|Unlocked|}_com.android.server.DeviceIdleController
05-31 20:48:57.061 D/SystemServerTimingAsync( 754): ssm.onCompletedEventUser-0_{|Unlocked|}_com.android.server.oemlock.OemLockService
05-31 20:48:57.061 V/SystemServerTimingAsync( 754): ssm.onCompletedEventUser-0_{|Unlocked|}_com.android.server.oemlock.OemLockService took to complete: 0ms
05-31 20:48:57.061 V/SystemServerTimingAsync( 754): ssm.onCompletedEventUser-0_{|Unlocked|}_com.android.server.DeviceIdleController took to complete: 0ms
05-31 20:48:57.061 D/SystemServerTimingAsync( 754): ssm.onCompletedEventUser-0_{|Unlocked|}_com.android.server.devicepolicy.DevicePolicyManagerService$Lifecycle
05-31 20:48:57.061 V/SystemServerTimingAsync( 754): ssm.onCompletedEventUser-0_{|Unlocked|}_com.android.server.devicepolicy.DevicePolicyManagerService$Lifecycle took to complete: 0ms
05-31 20:48:57.061 D/SystemServerTimingAsync( 754): ssm.onCompletedEventUser-0_{|Unlocked|}_com.android.server.ambientcontext.AmbientContextManagerService
05-31 20:48:57.061 V/SystemServerTimingAsync( 754): ssm.onCompletedEventUser-0_{|Unlocked|}_com.android.server.ambientcontext.AmbientContextManagerService took to complete: 0ms
05-31 20:48:57.062 D/SystemServerTimingAsync( 754): ssm.onCompletedEventUser-0_{|Unlocked|}_com.android.server.wearable.WearableSensingManagerService
05-31 20:48:57.062 V/SystemServerTimingAsync( 754): ssm.onCompletedEventUser-0_{|Unlocked|}_com.android.server.wearable.WearableSensingManagerService took to complete: 0ms
05-31 20:48:57.062 D/SystemServerTimingAsync( 754): ssm.onCompletedEventUser-0_{|Unlocked|}_com.android.server.speech.SpeechRecognitionManagerService
05-31 20:48:57.062 V/SystemServerTimingAsync( 754): ssm.onCompletedEventUser-0_{|Unlocked|}_com.android.server.speech.SpeechRecognitionManagerService took to complete: 0ms
05-31 20:48:57.062 D/SystemServerTimingAsync( 754): ssm.onCompletedEventUser-0_{|Unlocked|}_com.android.server.searchui.SearchUiManagerService
05-31 20:48:57.062 V/SystemServerTimingAsync( 754): ssm.onCompletedEventUser-0_{|Unlocked|}_com.android.server.searchui.SearchUiManagerService took to complete: 0ms
05-31 20:48:57.062 D/SystemServerTimingAsync( 754): ssm.onCompletedEventUser-0_{|Unlocked|}_com.android.server.smartspace.SmartspaceManagerService
05-31 20:48:57.062 D/SystemServerTimingAsync( 754): ssm.onCompletedEventUser-0_{|Unlocked|}_com.android.server.texttospeech.TextToSpeechManagerService
05-31 20:48:57.062 D/SystemServerTimingAsync( 754): ssm.onCompletedEventUser-0_{|Unlocked|}_com.android.server.graphics.fonts.FontManagerService$Lifecycle
05-31 20:48:57.062 V/SystemServerTimingAsync( 754): ssm.onCompletedEventUser-0_{|Unlocked|}_com.android.server.graphics.fonts.FontManagerService$Lifecycle took to complete: 0ms
05-31 20:48:57.062 V/SystemServerTimingAsync( 754): ssm.onCompletedEventUser-0_{|Unlocked|}_com.android.server.texttospeech.TextToSpeechManagerService took to complete: 0ms
05-31 20:48:57.062 D/SystemServerTimingAsync( 754): ssm.onCompletedEventUser-0_{|Unlocked|}_com.android.server.textservices.TextServicesManagerService$Lifecycle
05-31 20:48:57.062 D/SystemServerTimingAsync( 754): ssm.onCompletedEventUser-0_{|Unlocked|}_com.android.server.textclassifier.TextClassificationManagerService$Lifecycle
05-31 20:48:57.062 V/SystemServerTimingAsync( 754): ssm.onCompletedEventUser-0_{|Unlocked|}_com.android.server.smartspace.SmartspaceManagerService took to complete: 0ms
05-31 20:48:57.062 V/SystemServerTimingAsync( 754): ssm.onCompletedEventUser-0_{|Unlocked|}_com.android.server.textclassifier.TextClassificationManagerService$Lifecycle took to complete: 0ms
05-31 20:48:57.062 D/SystemServerTimingAsync( 754): ssm.onCompletedEventUser-0_{|Unlocked|}_com.android.server.NetworkScoreService$Lifecycle
05-31 20:48:57.062 D/SystemServerTimingAsync( 754): ssm.onCompletedEventUser-0_{|Unlocked|}_com.android.server.NetworkStatsServiceInitializer
05-31 20:48:57.062 V/SystemServerTimingAsync( 754): ssm.onCompletedEventUser-0_{|Unlocked|}_com.android.server.textservices.TextServicesManagerService$Lifecycle took to complete: 0ms
05-31 20:48:57.062 V/SystemServerTimingAsync( 754): ssm.onCompletedEventUser-0_{|Unlocked|}_com.android.server.NetworkScoreService$Lifecycle took to complete: 0ms
05-31 20:48:57.062 V/SystemServerTimingAsync( 754): ssm.onCompletedEventUser-0_{|Unlocked|}_com.android.server.NetworkStatsServiceInitializer took to complete: 0ms
05-31 20:48:57.062 D/SystemServerTimingAsync( 754): ssm.onCompletedEventUser-0_{|Unlocked|}_com.android.server.wifi.WifiService
05-31 20:48:57.062 V/SystemServerTimingAsync( 754): ssm.onCompletedEventUser-0_{|Unlocked|}_com.android.server.wifi.WifiService took to complete: 0ms
05-31 20:48:57.062 D/SystemServerTimingAsync( 754): ssm.onCompletedEventUser-0_{|Unlocked|}_com.android.server.wifi.p2p.WifiP2pService
05-31 20:48:57.062 V/SystemServerTimingAsync( 754): ssm.onCompletedEventUser-0_{|Unlocked|}_com.android.server.wifi.p2p.WifiP2pService took to complete: 0ms
05-31 20:48:57.062 D/SystemServerTimingAsync( 754): ssm.onCompletedEventUser-0_{|Unlocked|}_com.android.server.ConnectivityServiceInitializer
05-31 20:48:57.062 V/SystemServerTimingAsync( 754): ssm.onCompletedEventUser-0_{|Unlocked|}_com.android.server.ConnectivityServiceInitializer took to complete: 0ms
05-31 20:48:57.062 D/SystemServerTimingAsync( 754): ssm.onCompletedEventUser-0_{|Unlocked|}_com.android.server.notification.NotificationManagerService
05-31 20:48:57.062 V/SystemServerTimingAsync( 754): ssm.onCompletedEventUser-0_{|Unlocked|}_com.android.server.notification.NotificationManagerService took to complete: 0ms
05-31 20:48:57.062 D/SystemServerTimingAsync( 754): ssm.onCompletedEventUser-0_{|Unlocked|}_com.android.server.storage.DeviceStorageMonitorService
05-31 20:48:57.062 V/SystemServerTimingAsync( 754): ssm.onCompletedEventUser-0_{|Unlocked|}_com.android.server.storage.DeviceStorageMonitorService took to complete: 0ms
05-31 20:48:57.062 D/SystemServerTimingAsync( 754): ssm.onCompletedEventUser-0_{|Unlocked|}_com.android.server.timedetector.TimeDetectorService$Lifecycle
05-31 20:48:57.062 D/SystemServerTimingAsync( 754): ssm.onCompletedEventUser-0_{|Unlocked|}_com.android.server.wifi.scanner.WifiScanningService
05-31 20:48:57.062 V/SystemServerTimingAsync( 754): ssm.onCompletedEventUser-0_{|Unlocked|}_com.android.server.wifi.scanner.WifiScanningService took to complete: 0ms
05-31 20:48:57.062 V/SystemServerTimingAsync( 754): ssm.onCompletedEventUser-0_{|Unlocked|}_com.android.server.timedetector.TimeDetectorService$Lifecycle took to complete: 0ms
05-31 20:48:57.062 D/SystemServerTimingAsync( 754): ssm.onCompletedEventUser-0_{|Unlocked|}_com.android.server.location.altitude.AltitudeService$Lifecycle
05-31 20:48:57.062 D/SystemServerTimingAsync( 754): ssm.onCompletedEventUser-0_{|Unlocked|}_com.android.server.timezonedetector.TimeZoneDetectorService$Lifecycle
05-31 20:48:57.062 V/SystemServerTimingAsync( 754): ssm.onCompletedEventUser-0_{|Unlocked|}_com.android.server.timezonedetector.TimeZoneDetectorService$Lifecycle took to complete: 0ms
05-31 20:48:57.062 V/SystemServerTimingAsync( 754): ssm.onCompletedEventUser-0_{|Unlocked|}_com.android.server.location.altitude.AltitudeService$Lifecycle took to complete: 0ms
05-31 20:48:57.063 D/SystemServerTimingAsync( 754): ssm.onCompletedEventUser-0_{|Unlocked|}_com.android.server.location.LocationManagerService$Lifecycle
05-31 20:48:57.063 D/SystemServerTimingAsync( 754): ssm.onCompletedEventUser-0_{|Unlocked|}_com.android.server.timezonedetector.location.LocationTimeZoneManagerService$Lifecycle
05-31 20:48:57.063 D/SystemServerTimingAsync( 754): ssm.onCompletedEventUser-0_{|Unlocked|}_com.android.server.search.SearchManagerService$Lifecycle
05-31 20:48:57.063 V/SystemServerTimingAsync( 754): ssm.onCompletedEventUser-0_{|Unlocked|}_com.android.server.location.LocationManagerService$Lifecycle took to complete: 0ms
05-31 20:48:57.063 V/SystemServerTimingAsync( 754): ssm.onCompletedEventUser-0_{|Unlocked|}_com.android.server.timezonedetector.location.LocationTimeZoneManagerService$Lifecycle took to complete: 0ms
05-31 20:48:57.063 V/SystemServerTimingAsync( 754): ssm.onCompletedEventUser-0_{|Unlocked|}_com.android.server.search.SearchManagerService$Lifecycle took to complete: 0ms
05-31 20:48:57.063 D/SystemServerTimingAsync( 754): ssm.onCompletedEventUser-0_{|Unlocked|}_com.android.server.wallpaper.WallpaperManagerService$Lifecycle
05-31 20:48:57.063 D/SystemServerTimingAsync( 754): ssm.onCompletedEventUser-0_{|Unlocked|}_com.android.server.wallpapereffectsgeneration.WallpaperEffectsGenerationManagerService
05-31 20:48:57.063 V/SystemServerTimingAsync( 754): ssm.onCompletedEventUser-0_{|Unlocked|}_com.android.server.wallpapereffectsgeneration.WallpaperEffectsGenerationManagerService took to complete: 0ms
05-31 20:48:57.063 D/SystemServerTimingAsync( 754): ssm.onCompletedEventUser-0_{|Unlocked|}_com.android.server.soundtrigger_middleware.SoundTriggerMiddlewareService$Lifecycle
05-31 20:48:57.063 V/SystemServerTimingAsync( 754): ssm.onCompletedEventUser-0_{|Unlocked|}_com.android.server.soundtrigger_middleware.SoundTriggerMiddlewareService$Lifecycle took to complete: 0ms
05-31 20:48:57.063 D/SystemServerTimingAsync( 754): ssm.onCompletedEventUser-0_{|Unlocked|}_com.android.server.adb.AdbService$Lifecycle
05-31 20:48:57.063 V/SystemServerTimingAsync( 754): ssm.onCompletedEventUser-0_{|Unlocked|}_com.android.server.adb.AdbService$Lifecycle took to complete: 0ms
05-31 20:48:57.063 V/SystemServerTimingAsync( 754): ssm.onCompletedEventUser-0_{|Unlocked|}_com.android.server.wallpaper.WallpaperManagerService$Lifecycle took to complete: 0ms
05-31 20:48:57.063 D/SystemServerTimingAsync( 754): ssm.onCompletedEventUser-0_{|Unlocked|}_com.android.server.usb.UsbService$Lifecycle
05-31 20:48:57.063 V/SystemServerTimingAsync( 754): ssm.onCompletedEventUser-0_{|Unlocked|}_com.android.server.usb.UsbService$Lifecycle took to complete: 0ms
05-31 20:48:57.063 D/SystemServerTimingAsync( 754): ssm.onCompletedEventUser-0_{|Unlocked|}_com.android.server.audio.AudioService$Lifecycle
05-31 20:48:57.063 D/SystemServerTimingAsync( 754): ssm.onCompletedEventUser-0_{|Unlocked|}_com.android.server.display.color.ColorDisplayService
05-31 20:48:57.063 V/SystemServerTimingAsync( 754): ssm.onCompletedEventUser-0_{|Unlocked|}_com.android.server.display.color.ColorDisplayService took to complete: 0ms
05-31 20:48:57.063 D/SystemServerTimingAsync( 754): ssm.onCompletedEventUser-0_{|Unlocked|}_com.android.server.twilight.TwilightService
05-31 20:48:57.063 V/SystemServerTimingAsync( 754): ssm.onCompletedEventUser-0_{|Unlocked|}_com.android.server.twilight.TwilightService took to complete: 0ms
05-31 20:48:57.063 D/SystemServerTimingAsync( 754): ssm.onCompletedEventUser-0_{|Unlocked|}_com.android.server.job.JobSchedulerService
05-31 20:48:57.063 V/SystemServerTimingAsync( 754): ssm.onCompletedEventUser-0_{|Unlocked|}_com.android.server.audio.AudioService$Lifecycle took to complete: 0ms
05-31 20:48:57.063 D/SystemServerTimingAsync( 754): ssm.onCompletedEventUser-0_{|Unlocked|}_com.android.server.trust.TrustManagerService
05-31 20:48:57.063 V/SystemServerTimingAsync( 754): ssm.onCompletedEventUser-0_{|Unlocked|}_com.android.server.job.JobSchedulerService took to complete: 0ms
05-31 20:48:57.063 V/SystemServerTimingAsync( 754): ssm.onCompletedEventUser-0_{|Unlocked|}_com.android.server.trust.TrustManagerService took to complete: 0ms
05-31 20:48:57.063 D/SystemServerTimingAsync( 754): ssm.onCompletedEventUser-0_{|Unlocked|}_com.android.server.backup.BackupManagerService$Lifecycle
05-31 20:48:57.063 D/SystemServerTimingAsync( 754): ssm.onCompletedEventUser-0_{|Unlocked|}_com.android.server.appwidget.AppWidgetService
05-31 20:48:57.063 V/SystemServerTimingAsync( 754): ssm.onCompletedEventUser-0_{|Unlocked|}_com.android.server.appwidget.AppWidgetService took to complete: 0ms
05-31 20:48:57.063 V/SystemServerTimingAsync( 754): ssm.onCompletedEventUser-0_{|Unlocked|}_com.android.server.backup.BackupManagerService$Lifecycle took to complete: 0ms
05-31 20:48:57.063 D/SystemServerTimingAsync( 754): ssm.onCompletedEventUser-0_{|Unlocked|}_com.android.server.GestureLauncherService
05-31 20:48:57.063 V/SystemServerTimingAsync( 754): ssm.onCompletedEventUser-0_{|Unlocked|}_com.android.server.GestureLauncherService took to complete: 0ms
05-31 20:48:57.063 D/SystemServerTimingAsync( 754): ssm.onCompletedEventUser-0_{|Unlocked|}_com.android.server.SensorNotificationService
05-31 20:48:57.063 V/SystemServerTimingAsync( 754): ssm.onCompletedEventUser-0_{|Unlocked|}_com.android.server.SensorNotificationService took to complete: 0ms
05-31 20:48:57.063 D/SystemServerTimingAsync( 754): ssm.onCompletedEventUser-0_{|Unlocked|}_com.android.server.soundtrigger.SoundTriggerService
05-31 20:48:57.063 V/SystemServerTimingAsync( 754): ssm.onCompletedEventUser-0_{|Unlocked|}_com.android.server.soundtrigger.SoundTriggerService took to complete: 0ms
05-31 20:48:57.064 D/SystemServerTimingAsync( 754): ssm.onCompletedEventUser-0_{|Unlocked|}_com.android.server.voiceinteraction.VoiceInteractionManagerService
05-31 20:48:57.064 D/SystemServerTimingAsync( 754): ssm.onCompletedEventUser-0_{|Unlocked|}_com.android.server.blob.BlobStoreManagerService
05-31 20:48:57.064 D/SystemServerTimingAsync( 754): ssm.onCompletedEventUser-0_{|Unlocked|}_com.android.server.emergency.EmergencyAffordanceService
05-31 20:48:57.064 V/SystemServerTimingAsync( 754): ssm.onCompletedEventUser-0_{|Unlocked|}_com.android.server.voiceinteraction.VoiceInteractionManagerService took to complete: 0ms
05-31 20:48:57.064 V/SystemServerTimingAsync( 754): ssm.onCompletedEventUser-0_{|Unlocked|}_com.android.server.emergency.EmergencyAffordanceService took to complete: 0ms
05-31 20:48:57.064 D/SystemServerTimingAsync( 754): ssm.onCompletedEventUser-0_{|Unlocked|}_com.android.server.dreams.DreamManagerService
05-31 20:48:57.064 D/SystemServerTimingAsync( 754): ssm.onCompletedEventUser-0_{|Unlocked|}_com.android.server.security.AttestationVerificationManagerService
05-31 20:48:57.064 V/SystemServerTimingAsync( 754): ssm.onCompletedEventUser-0_{|Unlocked|}_com.android.server.security.AttestationVerificationManagerService took to complete: 0ms
05-31 20:48:57.064 V/SystemServerTimingAsync( 754): ssm.onCompletedEventUser-0_{|Unlocked|}_com.android.server.dreams.DreamManagerService took to complete: 0ms
05-31 20:48:57.064 D/SystemServerTimingAsync( 754): ssm.onCompletedEventUser-0_{|Unlocked|}_com.android.server.restrictions.RestrictionsManagerService
05-31 20:48:57.064 D/SystemServerTimingAsync( 754): ssm.onCompletedEventUser-0_{|Unlocked|}_com.android.server.media.MediaSessionService
05-31 20:48:57.064 V/SystemServerTimingAsync( 754): ssm.onCompletedEventUser-0_{|Unlocked|}_com.android.server.restrictions.RestrictionsManagerService took to complete: 0ms
05-31 20:48:57.064 V/SystemServerTimingAsync( 754): ssm.onCompletedEventUser-0_{|Unlocked|}_com.android.server.media.MediaSessionService took to complete: 0ms
05-31 20:48:57.064 D/SystemServerTimingAsync( 754): ssm.onCompletedEventUser-0_{|Unlocked|}_com.android.server.hdmi.HdmiControlService
05-31 20:48:57.064 D/SystemServerTimingAsync( 754): ssm.onCompletedEventUser-0_{|Unlocked|}_com.android.server.tv.interactive.TvInteractiveAppManagerService
05-31 20:48:57.064 V/SystemServerTimingAsync( 754): ssm.onCompletedEventUser-0_{|Unlocked|}_com.android.server.hdmi.HdmiControlService took to complete: 0ms
05-31 20:48:57.064 V/SystemServerTimingAsync( 754): ssm.onCompletedEventUser-0_{|Unlocked|}_com.android.server.tv.interactive.TvInteractiveAppManagerService took to complete: 0ms
05-31 20:48:57.064 D/SystemServerTimingAsync( 754): ssm.onCompletedEventUser-0_{|Unlocked|}_com.android.server.tv.TvInputManagerService
05-31 20:48:57.064 D/SystemServerTimingAsync( 754): ssm.onCompletedEventUser-0_{|Unlocked|}_com.android.server.media.MediaResourceMonitorService
05-31 20:48:57.064 V/SystemServerTimingAsync( 754): ssm.onCompletedEventUser-0_{|Unlocked|}_com.android.server.media.MediaResourceMonitorService took to complete: 0ms
05-31 20:48:57.064 V/SystemServerTimingAsync( 754): ssm.onCompletedEventUser-0_{|Unlocked|}_com.android.server.tv.TvInputManagerService took to complete: 0ms
05-31 20:48:57.064 D/SystemServerTimingAsync( 754): ssm.onCompletedEventUser-0_{|Unlocked|}_com.android.server.tv.TvRemoteService
05-31 20:48:57.064 V/SystemServerTimingAsync( 754): ssm.onCompletedEventUser-0_{|Unlocked|}_com.android.server.tv.TvRemoteService took to complete: 0ms
05-31 20:48:57.065 D/SystemServerTimingAsync( 754): ssm.onCompletedEventUser-0_{|Unlocked|}_com.android.server.biometrics.BiometricService
05-31 20:48:57.065 V/SystemServerTimingAsync( 754): ssm.onCompletedEventUser-0_{|Unlocked|}_com.android.server.biometrics.BiometricService took to complete: 0ms
05-31 20:48:57.065 D/SystemServerTimingAsync( 754): ssm.onCompletedEventUser-0_{|Unlocked|}_com.android.server.biometrics.AuthService
05-31 20:48:57.065 D/SystemServerTimingAsync( 754): ssm.onCompletedEventUser-0_{|Unlocked|}_com.android.server.pm.ShortcutService$Lifecycle
05-31 20:48:57.065 V/SystemServerTimingAsync( 754): ssm.onCompletedEventUser-0_{|Unlocked|}_com.android.server.biometrics.AuthService took to complete: 0ms
05-31 20:48:57.065 V/SystemServerTimingAsync( 754): ssm.onCompletedEventUser-0_{|Unlocked|}_com.android.server.pm.ShortcutService$Lifecycle took to complete: 0ms
05-31 20:48:57.065 D/SystemServerTimingAsync( 754): ssm.onCompletedEventUser-0_{|Unlocked|}_com.android.server.pm.LauncherAppsService
05-31 20:48:57.065 D/SystemServerTimingAsync( 754): ssm.onCompletedEventUser-0_{|Unlocked|}_com.android.server.pm.CrossProfileAppsService
05-31 20:48:57.066 V/SystemServerTimingAsync( 754): ssm.onCompletedEventUser-0_{|Unlocked|}_com.android.server.pm.CrossProfileAppsService took to complete: 0ms
05-31 20:48:57.066 V/SystemServerTimingAsync( 754): ssm.onCompletedEventUser-0_{|Unlocked|}_com.android.server.blob.BlobStoreManagerService took to complete: 0ms
05-31 20:48:57.066 V/SystemServerTimingAsync( 754): ssm.onCompletedEventUser-0_{|Unlocked|}_com.android.server.pm.LauncherAppsService took to complete: 0ms
05-31 20:48:57.066 D/SystemServerTimingAsync( 754): ssm.onCompletedEventUser-0_{|Unlocked|}_com.android.server.media.metrics.MediaMetricsManagerService
05-31 20:48:57.066 D/SystemServerTimingAsync( 754): ssm.onCompletedEventUser-0_{|Unlocked|}_com.android.server.people.PeopleService
05-31 20:48:57.066 D/SystemServerTimingAsync( 754): ssm.onCompletedEventUser-0_{|Unlocked|}_com.android.server.pm.BackgroundInstallControlService
05-31 20:48:57.066 V/SystemServerTimingAsync( 754): ssm.onCompletedEventUser-0_{|Unlocked|}_com.android.server.pm.BackgroundInstallControlService took to complete: 0ms
05-31 20:48:57.066 V/SystemServerTimingAsync( 754): ssm.onCompletedEventUser-0_{|Unlocked|}_com.android.server.people.PeopleService took to complete: 0ms
05-31 20:48:57.066 V/SystemServerTimingAsync( 754): ssm.onCompletedEventUser-0_{|Unlocked|}_com.android.server.media.metrics.MediaMetricsManagerService took to complete: 0ms
05-31 20:48:57.066 D/SystemServerTimingAsync( 754): ssm.onCompletedEventUser-0_{|Unlocked|}_com.android.server.media.projection.MediaProjectionManagerService
05-31 20:48:57.066 V/SystemServerTimingAsync( 754): ssm.onCompletedEventUser-0_{|Unlocked|}_com.android.server.media.projection.MediaProjectionManagerService took to complete: 0ms
05-31 20:48:57.066 D/SystemServerTimingAsync( 754): ssm.onCompletedEventUser-0_{|Unlocked|}_com.android.server.stats.StatsCompanion$Lifecycle
05-31 20:48:57.066 V/SystemServerTimingAsync( 754): ssm.onCompletedEventUser-0_{|Unlocked|}_com.android.server.stats.StatsCompanion$Lifecycle took to complete: 0ms
