05-31 20:48:38.463 D/SystemServerTiming( 754): InitNetworkStackClient
05-31 20:48:38.463 V/SystemServerTiming( 754): InitNetworkStackClient took to complete: 0ms
05-31 20:48:38.463 D/SystemServerTiming( 754): StartNetworkManagementService
05-31 20:48:38.467 V/SystemServerTiming( 754): StartNetworkManagementService took to complete: 5ms
05-31 20:48:38.468 D/SystemServerTiming( 754): StartFontManagerService
05-31 20:48:38.679 V/SystemServerTiming( 754): StartFontManagerService took to complete: 211ms
05-31 20:48:38.679 D/SystemServerTiming( 754): StartTextServicesManager
05-31 20:48:38.679 I/SystemServiceManager( 754): Starting com.android.server.textservices.TextServicesManagerService$Lifecycle
05-31 20:48:38.681 V/SystemServerTiming( 754): StartTextServicesManager took to complete: 2ms
05-31 20:48:38.681 D/SystemServerTiming( 754): StartTextClassificationManagerService
05-31 20:48:38.681 I/SystemServiceManager( 754): Starting com.android.server.textclassifier.TextClassificationManagerService$Lifecycle
05-31 20:48:38.686 V/SystemServerTiming( 754): StartTextClassificationManagerService took to complete: 5ms
05-31 20:48:38.686 D/SystemServerTiming( 754): StartNetworkScoreService
05-31 20:48:38.686 I/SystemServiceManager( 754): Starting com.android.server.NetworkScoreService$Lifecycle
05-31 20:48:38.692 V/SystemServerTiming( 754): StartNetworkScoreService took to complete: 6ms
05-31 20:48:38.692 D/SystemServerTiming( 754): StartNetworkStatsService
05-31 20:48:38.693 I/SystemServiceManager( 754): Starting com.android.server.NetworkStatsServiceInitializer
05-31 20:48:38.745 V/SystemServerTiming( 754): StartNetworkStatsService took to complete: 53ms
05-31 20:48:38.745 D/SystemServerTiming( 754): StartNetworkPolicyManagerService
05-31 20:48:38.759 V/SystemServerTiming( 754): StartNetworkPolicyManagerService took to complete: 14ms
05-31 20:48:38.759 D/SystemServerTiming( 754): StartWifi
05-31 20:48:38.760 I/SystemServiceManager( 754): Starting com.android.server.wifi.WifiService
05-31 20:48:38.801 I/[0 T231 ..] servicemanager( 0): Found android.hardware.wifi.IWifi/default in device VINTF manifest.
05-31 20:48:38.806 I/[0 T231 ..] servicemanager( 0): Found android.hardware.wifi.supplicant.ISupplicant/default in device VINTF manifest.
05-31 20:48:38.810 I/[0 T231 ..] servicemanager( 0): Found android.hardware.wifi.supplicant.ISupplicant/default in device VINTF manifest.
05-31 20:48:38.834 I/wificond( 660): New wificond event callback registered
05-31 20:48:38.846 V/HistoricalRegistry( 754): Interaction before persistence initialized
05-31 20:48:38.846 V/HistoricalRegistry( 754): Interaction before persistence initialized
05-31 20:48:38.855 V/SystemServerTiming( 754): StartWifi took to complete: 96ms
05-31 20:48:38.855 D/SystemServerTiming( 754): StartWifiScanning
05-31 20:48:38.856 I/SystemServiceManager( 754): Starting com.android.server.wifi.scanner.WifiScanningService
05-31 20:48:38.859 V/SystemServerTiming( 754): StartWifiScanning took to complete: 4ms
05-31 20:48:38.859 D/SystemServerTiming( 754): StartWifiP2P
05-31 20:48:38.860 I/SystemServiceManager( 754): Starting com.android.server.wifi.p2p.WifiP2pService
05-31 20:48:38.867 V/SystemServerTiming( 754): StartWifiP2P took to complete: 8ms
05-31 20:48:38.867 D/SystemServerTiming( 754): StartPacProxyService
05-31 20:48:38.870 V/SystemServerTiming( 754): StartPacProxyService took to complete: 3ms
05-31 20:48:38.870 D/SystemServerTiming( 754): StartConnectivityService
05-31 20:48:38.871 I/SystemServiceManager( 754): Starting com.android.server.ConnectivityServiceInitializer
05-31 20:48:38.910 D/CompatibilityChangeReporter( 754): Compat change id reported: 182478738; UID 1000; state: ENABLED
05-31 20:48:38.923 W/BroadcastLoopers( 754): Found previously unknown looper Thread[NsdService,5,main]
05-31 20:48:38.945 V/SystemServerTiming( 754): StartConnectivityService took to complete: 74ms
05-31 20:48:38.945 D/SystemServerTiming( 754): StartVpnManagerService
05-31 20:48:38.950 V/SystemServerTiming( 754): StartVpnManagerService took to complete: 5ms
05-31 20:48:38.950 D/SystemServerTiming( 754): StartVcnManagementService
05-31 20:48:38.955 V/SystemServerTiming( 754): StartVcnManagementService took to complete: 5ms
05-31 20:48:38.955 D/SystemServerTiming( 754): StartSystemUpdateManagerService
05-31 20:48:38.956 I/SystemUpdateManagerService( 754): No existing info file /data/system/system-update-info.xml
05-31 20:48:38.957 V/SystemServerTiming( 754): StartSystemUpdateManagerService took to complete: 2ms
05-31 20:48:38.957 D/SystemServerTiming( 754): StartUpdateLockService
05-31 20:48:38.958 W/BroadcastLoopers( 754): Found previously unknown looper Thread[main,5,main]
05-31 20:48:38.959 V/SystemServerTiming( 754): StartUpdateLockService took to complete: 1ms
05-31 20:48:38.959 D/SystemServerTiming( 754): StartNotificationManager
05-31 20:48:38.960 I/SystemServiceManager( 754): Starting com.android.server.notification.NotificationManagerService
05-31 20:48:38.980 D/ConditionProviders.SCP( 754): new ScheduleConditionProvider()
05-31 20:48:38.986 I/ConditionProviders( 754): Allowing condition provider com.android.camera2 (userSet: true)
05-31 20:48:38.988 I/ConditionProviders( 754): Allowing condition provider android.ext.services/android.ext.services.notification.Assistant (userSet: true)
05-31 20:48:38.988 I/NotificationAssistants( 754): Allowing notification assistant android.ext.services/android.ext.services.notification.Assistant (userSet: false)
05-31 20:48:38.988 V/NotificationAssistants( 754): enabling notification assistant for 0: ComponentInfo{android.ext.services/android.ext.services.notification.Assistant}
05-31 20:48:38.989 V/NotificationAssistants( 754): binding: Intent { act=android.service.notification.NotificationAssistantService cmp=android.ext.services/.notification.Assistant (has extras) }
05-31 20:48:39.006 V/SystemServerTiming( 754): StartNotificationManager took to complete: 47ms
05-31 20:48:39.006 D/SystemServerTiming( 754): StartDeviceMonitor
05-31 20:48:39.006 I/SystemServiceManager( 754): Starting com.android.server.storage.DeviceStorageMonitorService
05-31 20:48:39.009 V/SystemServerTiming( 754): StartDeviceMonitor took to complete: 3ms
05-31 20:48:39.009 D/SystemServerTiming( 754): StartTimeDetectorService
05-31 20:48:39.009 I/SystemServiceManager( 754): Starting com.android.server.timedetector.TimeDetectorService$Lifecycle
05-31 20:48:39.018 V/SystemServerTiming( 754): StartTimeDetectorService took to complete: 9ms
05-31 20:48:39.018 D/SystemServerTiming( 754): StartLocationManagerService
05-31 20:48:39.018 I/SystemServiceManager( 754): Starting com.android.server.location.LocationManagerService$Lifecycle
05-31 20:48:39.028 V/SystemServerTiming( 754): StartLocationManagerService took to complete: 10ms
05-31 20:48:39.028 D/SystemServerTiming( 754): StartCountryDetectorService
05-31 20:48:39.029 V/SystemServerTiming( 754): StartCountryDetectorService took to complete: 1ms
05-31 20:48:39.029 D/SystemServerTiming( 754): StartTimeZoneDetectorService
05-31 20:48:39.029 I/SystemServiceManager( 754): Starting com.android.server.timezonedetector.TimeZoneDetectorService$Lifecycle
05-31 20:48:39.037 V/SystemServerTiming( 754): StartTimeZoneDetectorService took to complete: 8ms
05-31 20:48:39.037 D/SystemServerTiming( 754): StartAltitudeService
05-31 20:48:39.037 I/SystemServiceManager( 754): Starting com.android.server.location.altitude.AltitudeService$Lifecycle
05-31 20:48:39.040 V/SystemServerTiming( 754): StartAltitudeService took to complete: 3ms
05-31 20:48:39.040 D/SystemServerTiming( 754): StartLocationTimeZoneManagerService
05-31 20:48:39.040 I/SystemServiceManager( 754): Starting com.android.server.timezonedetector.location.LocationTimeZoneManagerService$Lifecycle
05-31 20:48:39.040 D/LocationTZDetector( 754): Geo time zone detection feature is disabled in config
05-31 20:48:39.040 V/SystemServerTiming( 754): StartLocationTimeZoneManagerService took to complete: 0ms
05-31 20:48:39.040 D/SystemServerTiming( 754): StartSearchManagerService
05-31 20:48:39.049 I/[0 T231 ..] servicemanager( 0): Found android.frameworks.location.altitude.IAltitudeService/default in framework VINTF manifest.
05-31 20:48:39.041 I/SystemServiceManager( 754): Starting com.android.server.search.SearchManagerService$Lifecycle
05-31 20:48:39.043 V/SystemServerTiming( 754): StartSearchManagerService took to complete: 3ms
05-31 20:48:39.043 D/SystemServerTiming( 754): StartWallpaperManagerService
05-31 20:48:39.043 I/SystemServiceManager( 754): Starting com.android.server.wallpaper.WallpaperManagerService$Lifecycle
05-31 20:48:39.047 V/SystemServerTiming( 754): StartWallpaperManagerService took to complete: 4ms
05-31 20:48:39.047 D/SystemServerTiming( 754): StartWallpaperEffectsGenerationService
05-31 20:48:39.047 I/SystemServiceManager( 754): Starting com.android.server.wallpapereffectsgeneration.WallpaperEffectsGenerationManagerService
05-31 20:48:39.051 V/SystemServerTiming( 754): StartWallpaperEffectsGenerationService took to complete: 4ms
05-31 20:48:39.051 D/SystemServerTiming( 754): StartAudioService
05-31 20:48:39.051 I/SystemServiceManager( 754): Starting com.android.server.audio.AudioService$Lifecycle
05-31 20:48:39.111 V/SystemServerTiming( 754): StartAudioService took to complete: 60ms
05-31 20:48:39.111 D/SystemServerTiming( 754): StartSoundTriggerMiddlewareService
05-31 20:48:39.111 I/SystemServiceManager( 754): Starting com.android.server.soundtrigger_middleware.SoundTriggerMiddlewareService$Lifecycle
05-31 20:48:39.115 I/SoundTriggerMiddlewareDefaultHalFactory( 754): Connecting to default soundtrigger-V2.x.ISoundTriggerHw
05-31 20:48:39.124 I/[0 T231 ..] servicemanager( 0): Could not find android.hardware.soundtrigger3.ISoundTriggerHw/default in the VINTF manifest.
05-31 20:48:39.117 E/SoundTriggerMiddlewareImpl( 754): Failed to add a SoundTriggerModule instance
05-31 20:48:39.117 E/SoundTriggerMiddlewareImpl( 754): java.util.NoSuchElementException
05-31 20:48:39.117 E/SoundTriggerMiddlewareImpl( 754): at android.os.HwBinder.getService(Native Method)
05-31 20:48:39.117 E/SoundTriggerMiddlewareImpl( 754): at android.hardware.soundtrigger.V2_0.ISoundTriggerHw.getService(ISoundTriggerHw.java:57)
05-31 20:48:39.117 E/SoundTriggerMiddlewareImpl( 754): at android.hardware.soundtrigger.V2_0.ISoundTriggerHw.getService(ISoundTriggerHw.java:64)
05-31 20:48:39.117 E/SoundTriggerMiddlewareImpl( 754): at com.android.server.soundtrigger_middleware.DefaultHalFactory.create(DefaultHalFactory.java:76)
05-31 20:48:39.117 E/SoundTriggerMiddlewareImpl( 754): at com.android.server.soundtrigger_middleware.SoundTriggerModule.attachToHal(SoundTriggerModule.java:176)
05-31 20:48:39.117 E/SoundTriggerMiddlewareImpl( 754): at com.android.server.soundtrigger_middleware.SoundTriggerModule.(SoundTriggerModule.java:105)
05-31 20:48:39.117 E/SoundTriggerMiddlewareImpl( 754): at com.android.server.soundtrigger_middleware.SoundTriggerMiddlewareImpl.(SoundTriggerMiddlewareImpl.java:86)
05-31 20:48:39.117 E/SoundTriggerMiddlewareImpl( 754): at com.android.server.soundtrigger_middleware.SoundTriggerMiddlewareService$Lifecycle.onStart(SoundTriggerMiddlewareService.java:248)
05-31 20:48:39.117 E/SoundTriggerMiddlewareImpl( 754): at com.android.server.SystemServiceManager.startService(SystemServiceManager.java:255)
05-31 20:48:39.117 E/SoundTriggerMiddlewareImpl( 754): at com.android.server.SystemServiceManager.startService(SystemServiceManager.java:233)
05-31 20:48:39.117 E/SoundTriggerMiddlewareImpl( 754): at com.android.server.SystemServer.startOtherServices(SystemServer.java:2226)
05-31 20:48:39.117 E/SoundTriggerMiddlewareImpl( 754): at com.android.server.SystemServer.run(SystemServer.java:946)
05-31 20:48:39.117 E/SoundTriggerMiddlewareImpl( 754): at com.android.server.SystemServer.main(SystemServer.java:668)
05-31 20:48:39.117 E/SoundTriggerMiddlewareImpl( 754): at java.lang.reflect.Method.invoke(Native Method)
05-31 20:48:39.117 E/SoundTriggerMiddlewareImpl( 754): at com.android.internal.os.RuntimeInit$MethodAndArgsCaller.run(RuntimeInit.java:552)
05-31 20:48:39.117 E/SoundTriggerMiddlewareImpl( 754): at com.android.internal.os.ZygoteInit.main(ZygoteInit.java:956)
05-31 20:48:39.122 V/SystemServerTiming( 754): StartSoundTriggerMiddlewareService took to complete: 11ms
05-31 20:48:39.122 D/SystemServerTiming( 754): StartWiredAccessoryManager
05-31 20:48:39.124 W/WiredAccessoryManager( 754): This kernel does not have wired headset support
05-31 20:48:39.124 W/WiredAccessoryManager( 754): This kernel does not have usb audio support
05-31 20:48:39.124 W/WiredAccessoryManager( 754): This kernel does not have HDMI audio support
05-31 20:48:39.124 V/SystemServerTiming( 754): StartWiredAccessoryManager took to complete: 2ms
05-31 20:48:39.125 D/SystemServerTiming( 754): StartAdbService
05-31 20:48:39.125 I/SystemServiceManager( 754): Starting com.android.server.adb.AdbService$Lifecycle
05-31 20:48:39.129 V/SystemServerTiming( 754): StartAdbService took to complete: 4ms
05-31 20:48:39.130 D/SystemServerTiming( 754): StartUsbService
05-31 20:48:39.131 I/SystemServiceManager( 754): Starting com.android.server.usb.UsbService$Lifecycle
05-31 20:48:39.131 V/SystemServerTiming( 754): StartUsbService took to complete: 2ms
05-31 20:48:39.132 D/SystemServerTiming( 754): StartSerialService
05-31 20:48:39.132 D/SystemServerTimingAsync( 754): InitThreadPoolExec:UsbService$Lifecycle#onStart
05-31 20:48:39.132 D/SystemServerInitThreadPool( 754): Started executing UsbService$Lifecycle#onStart
05-31 20:48:39.133 V/SystemServerTiming( 754): StartSerialService took to complete: 1ms
05-31 20:48:39.133 D/SystemServerTiming( 754): StartHardwarePropertiesManagerService
05-31 20:48:39.136 V/SystemServerTiming( 754): StartHardwarePropertiesManagerService took to complete: 3ms
05-31 20:48:39.136 D/SystemServerTiming( 754): StartTwilightService
05-31 20:48:39.136 I/SystemServiceManager( 754): Starting com.android.server.twilight.TwilightService
05-31 20:48:39.136 V/SystemServerTiming( 754): StartTwilightService took to complete: 0ms
05-31 20:48:39.136 D/SystemServerTiming( 754): StartColorDisplay
05-31 20:48:39.144 I/[0 T231 ..] servicemanager( 0): Found android.hardware.thermal.IThermal/default in device VINTF manifest.
05-31 20:48:39.137 I/SystemServiceManager( 754): Starting com.android.server.display.color.ColorDisplayService
05-31 20:48:39.139 V/SystemServerTiming( 754): StartColorDisplay took to complete: 2ms
05-31 20:48:39.139 D/SystemServerTiming( 754): StartJobScheduler
05-31 20:48:39.141 I/UsbDeviceManager( 754): failed to write to /sys/class/android_usb/android0/f_rndis/ethaddr
05-31 20:48:39.141 I/SystemServiceManager( 754): Starting com.android.server.job.JobSchedulerService
05-31 20:48:39.141 D/UsbPortManager( 754): Querying USB Gadget HAL version
05-31 20:48:39.145 I/UsbPortManager( 754): USB Gadget HAL AIDL present
05-31 20:48:39.146 D/UsbDeviceManager( 754): getInstance done
05-31 20:48:39.154 I/[0 T231 ..] servicemanager( 0): Found android.hardware.usb.gadget.IUsbGadget/default in device VINTF manifest.
05-31 20:48:39.151 W/StorageManagerService( 754): No primary storage defined yet; hacking together a stub
05-31 20:48:39.154 I/UsbGadgetAidl( 754): USB Gadget HAL AIDL version: GADGET_HAL_V2_0
05-31 20:48:39.155 I/JobStore( 754): Read 0 jobs
05-31 20:48:39.159 E/UsbDeviceManager( 754): Usb getCurrentUsbFunctionsCb failed ,functions:1 ,status:3 ,transactionId:1
05-31 20:48:39.160 I/UsbDeviceManager( 754): processing MSG_GET_CURRENT_USB_FUNCTIONS
05-31 20:48:39.160 I/UsbDeviceManager( 754): updating mCurrentFunctions
05-31 20:48:39.160 I/UsbDeviceManager( 754): mCurrentFunctions:0applied:0
05-31 20:48:39.161 D/UsbPortManager( 754): Querying USB HAL version
05-31 20:48:39.163 I/UsbPortManager( 754): USB HAL AIDL present
05-31 20:48:39.172 I/[1 T231 ..] servicemanager( 0): Found android.hardware.usb.IUsb/default in device VINTF manifest.
05-31 20:48:39.166 D/UsbPortManager( 754): getInstance done
05-31 20:48:39.168 V/HistoricalRegistry( 754): Interaction before persistence initialized
05-31 20:48:39.170 I/UsbPortManager( 754): all: opID:1 successful
05-31 20:48:39.171 V/HistoricalRegistry( 754): Interaction before persistence initialized
05-31 20:48:39.172 D/SystemServerInitThreadPool( 754): Finished executing UsbService$Lifecycle#onStart
05-31 20:48:39.172 V/SystemServerTimingAsync( 754): InitThreadPoolExec:UsbService$Lifecycle#onStart took to complete: 40ms
05-31 20:48:39.175 V/SystemServerTiming( 754): StartJobScheduler took to complete: 36ms
05-31 20:48:39.175 D/SystemServerTiming( 754): StartSoundTrigger
05-31 20:48:39.175 I/SystemServiceManager( 754): Starting com.android.server.soundtrigger.SoundTriggerService
05-31 20:48:39.177 V/SystemServerTiming( 754): StartSoundTrigger took to complete: 2ms
05-31 20:48:39.177 D/SystemServerTiming( 754): StartTrustManager
05-31 20:48:39.178 I/SystemServiceManager( 754): Starting com.android.server.trust.TrustManagerService
05-31 20:48:39.181 V/SystemServerTiming( 754): StartTrustManager took to complete: 4ms
05-31 20:48:39.181 D/SystemServerTiming( 754): StartBackupManager
05-31 20:48:39.181 I/SystemServiceManager( 754): Starting com.android.server.backup.BackupManagerService$Lifecycle
05-31 20:48:39.184 D/BackupManagerService( 754): Default backup user id = 0
05-31 20:48:39.187 V/SystemServerTiming( 754): StartBackupManager took to complete: 6ms
05-31 20:48:39.187 D/SystemServerTiming( 754): StartAppWidgetService
05-31 20:48:39.187 I/SystemServiceManager( 754): Starting com.android.server.appwidget.AppWidgetService
05-31 20:48:39.193 V/SystemServerTiming( 754): StartAppWidgetService took to complete: 7ms
05-31 20:48:39.194 D/SystemServerTiming( 754): StartVoiceRecognitionManager
05-31 20:48:39.194 I/SystemServiceManager( 754): Starting com.android.server.voiceinteraction.VoiceInteractionManagerService
05-31 20:48:39.198 V/SystemServerTiming( 754): StartVoiceRecognitionManager took to complete: 4ms
05-31 20:48:39.200 D/SystemServerTiming( 754): StartGestureLauncher
05-31 20:48:39.200 I/SystemServiceManager( 754): Starting com.android.server.GestureLauncherService
05-31 20:48:39.200 V/SystemServerTiming( 754): StartGestureLauncher took to complete: 0ms
05-31 20:48:39.200 D/SystemServerTiming( 754): StartSensorNotification
05-31 20:48:39.200 I/SystemServiceManager( 754): Starting com.android.server.SensorNotificationService
05-31 20:48:39.201 V/SystemServerTiming( 754): StartSensorNotification took to complete: 1ms
05-31 20:48:39.201 D/SystemServerTiming( 754): StartDiskStatsService
05-31 20:48:39.204 D/CompatibilityChangeReporter( 754): Compat change id reported: 253665015; UID 1000; state: ENABLED
05-31 20:48:39.204 D/CompatibilityChangeReporter( 754): Compat change id reported: 253665015; UID 1000; state: DISABLED
05-31 20:48:39.206 D/CompatibilityChangeReporter( 754): Compat change id reported: 194532703; UID 1000; state: ENABLED
05-31 20:48:39.207 D/CompatibilityChangeReporter( 754): Compat change id reported: 194532703; UID 1000; state: DISABLED
05-31 20:48:39.213 V/SystemServerTiming( 754): StartDiskStatsService took to complete: 12ms
05-31 20:48:39.213 D/SystemServerTiming( 754): RuntimeService
05-31 20:48:39.214 V/SystemServerTiming( 754): RuntimeService took to complete: 1ms
05-31 20:48:39.214 D/SystemServerTiming( 754): StartNetworkTimeUpdateService
05-31 20:48:39.217 V/SystemServerTiming( 754): StartNetworkTimeUpdateService took to complete: 3ms
05-31 20:48:39.217 D/SystemServerTiming( 754): CertBlacklister
05-31 20:48:39.219 V/SystemServerTiming( 754): CertBlacklister took to complete: 1ms
05-31 20:48:39.219 D/SystemServerTiming( 754): StartEmergencyAffordanceService
05-31 20:48:39.219 I/SystemServiceManager( 754): Starting com.android.server.emergency.EmergencyAffordanceService
05-31 20:48:39.220 V/SystemServerTiming( 754): StartEmergencyAffordanceService took to complete: 1ms
05-31 20:48:39.220 D/SystemServerTiming( 754): startBlobStoreManagerService
05-31 20:48:39.221 I/SystemServiceManager( 754): Starting com.android.server.blob.BlobStoreManagerService
05-31 20:48:39.225 V/SystemServerTiming( 754): startBlobStoreManagerService took to complete: 5ms
05-31 20:48:39.225 D/SystemServerTiming( 754): StartDreamManager
05-31 20:48:39.226 I/SystemServiceManager( 754): Starting com.android.server.dreams.DreamManagerService
05-31 20:48:39.229 V/SystemServerTiming( 754): StartDreamManager took to complete: 5ms
05-31 20:48:39.230 D/SystemServerTiming( 754): AddGraphicsStatsService
05-31 20:48:39.235 V/SystemServerTiming( 754): AddGraphicsStatsService took to complete: 5ms
05-31 20:48:39.237 D/SystemServerTiming( 754): StartAttestationVerificationService
05-31 20:48:39.237 I/SystemServiceManager( 754): Starting com.android.server.security.AttestationVerificationManagerService
05-31 20:48:39.238 D/AVF ( 754): Started
05-31 20:48:39.239 V/SystemServerTiming( 754): StartAttestationVerificationService took to complete: 2ms
05-31 20:48:39.239 D/SystemServerTiming( 754): StartRestrictionManager
05-31 20:48:39.239 I/SystemServiceManager( 754): Starting com.android.server.restrictions.RestrictionsManagerService
05-31 20:48:39.241 V/SystemServerTiming( 754): StartRestrictionManager took to complete: 2ms
05-31 20:48:39.241 D/SystemServerTiming( 754): StartMediaSessionService
05-31 20:48:39.242 I/SystemServiceManager( 754): Starting com.android.server.media.MediaSessionService
05-31 20:48:39.247 V/SystemServerTiming( 754): StartMediaSessionService took to complete: 6ms
05-31 20:48:39.247 D/SystemServerTiming( 754): StartHdmiControlService
05-31 20:48:39.248 I/SystemServiceManager( 754): Starting com.android.server.hdmi.HdmiControlService
05-31 20:48:39.256 D/HdmiControlService( 754): Initial power status is set to 0
05-31 20:48:39.258 D/HDMI ( 754): updateEarcEnabled audioControlEnabled:true, earcFeatureEnabled:true res:true
05-31 20:48:39.259 W/BroadcastLoopers( 754): Found previously unknown looper Thread[AudioService,5,main]
05-31 20:48:39.259 D/HDMI ( 754): initOthers
05-31 20:48:39.260 W/HDMI ( 754): [1]:volmeControlConf:true settings:false
05-31 20:48:39.261 D/HDMI ( 754): Updating CEC setting 'volume_control_enabled' to '0'.
05-31 20:48:39.261 D/HDMI ( 754): Setting 'volume_control_enabled' shared pref.
05-31 20:48:39.270 I/HdmiControlService( 754): Device does not support MHL-control.
05-31 20:48:39.271 W/HDMI ( 754): [1]:Could not connect to eARC AIDL HAL.
05-31 20:48:39.271 I/HdmiControlService( 754): Device does not support eARC.
05-31 20:48:39.272 D/HDMI ( 754): enableCec: false
05-31 20:48:39.283 D/HDMI ( 754): initPortInfo port info:port_id: 0, type: HDMI_OUT, address: 0x3000, cec: true, arc: true, mhl: false, earc: false
05-31 20:48:39.290 V/SystemServerTiming( 754): StartHdmiControlService took to complete: 43ms
05-31 20:48:39.291 D/SystemServerTiming( 754): StartTvInteractiveAppManager
05-31 20:48:39.292 I/SystemServiceManager( 754): Starting com.android.server.tv.interactive.TvInteractiveAppManagerService
05-31 20:48:39.297 V/SystemServerTiming( 754): StartTvInteractiveAppManager took to complete: 6ms
05-31 20:48:39.297 D/SystemServerTiming( 754): StartTvInputManager
05-31 20:48:39.298 I/SystemServiceManager( 754): Starting com.android.server.tv.TvInputManagerService
05-31 20:48:39.304 V/SystemServerTiming( 754): StartTvInputManager took to complete: 7ms
05-31 20:48:39.304 D/SystemServerTiming( 754): StartMediaResourceMonitor
05-31 20:48:39.304 I/SystemServiceManager( 754): Starting com.android.server.media.MediaResourceMonitorService
05-31 20:48:39.305 V/SystemServerTiming( 754): StartMediaResourceMonitor took to complete: 1ms
05-31 20:48:39.305 D/SystemServerTiming( 754): StartTvRemoteService
05-31 20:48:39.306 I/SystemServiceManager( 754): Starting com.android.server.tv.TvRemoteService
05-31 20:48:39.307 V/SystemServerTiming( 754): StartTvRemoteService took to complete: 2ms
05-31 20:48:39.307 D/SystemServerTiming( 754): StartMediaRouterService
05-31 20:48:39.308 V/HistoricalRegistry( 754): Interaction before persistence initialized
05-31 20:48:39.312 V/SystemServerTiming( 754): StartMediaRouterService took to complete: 5ms
05-31 20:48:39.312 D/SystemServerTiming( 754): StartBiometricService
05-31 20:48:39.313 I/SystemServiceManager( 754): Starting com.android.server.biometrics.BiometricService
05-31 20:48:39.323 V/HistoricalRegistry( 754): Interaction before persistence initialized
05-31 20:48:39.327 V/SystemServerTiming( 754): StartBiometricService took to complete: 15ms
05-31 20:48:39.327 D/SystemServerTiming( 754): StartAuthService
05-31 20:48:39.327 I/SystemServiceManager( 754): Starting com.android.server.biometrics.AuthService
05-31 20:48:39.334 V/SystemServerTiming( 754): StartAuthService took to complete: 7ms
05-31 20:48:39.334 D/SystemServerTiming( 754): StartDynamicCodeLoggingService
05-31 20:48:39.336 V/SystemServerTiming( 754): StartDynamicCodeLoggingService took to complete: 2ms
05-31 20:48:39.336 D/SystemServerTiming( 754): StartPruneInstantAppsJobService
05-31 20:48:39.338 V/SystemServerTiming( 754): StartPruneInstantAppsJobService took to complete: 2ms
05-31 20:48:39.338 D/SystemServerTiming( 754): StartShortcutServiceLifecycle
05-31 20:48:39.338 I/SystemServiceManager( 754): Starting com.android.server.pm.ShortcutService$Lifecycle
05-31 20:48:39.342 V/HistoricalRegistry( 754): Interaction before persistence initialized
05-31 20:48:39.343 V/SystemServerTiming( 754): StartShortcutServiceLifecycle took to complete: 5ms
05-31 20:48:39.344 D/SystemServerTiming( 754): StartLauncherAppsService
05-31 20:48:39.344 I/SystemServiceManager( 754): Starting com.android.server.pm.LauncherAppsService
05-31 20:48:39.348 V/SystemServerTiming( 754): StartLauncherAppsService took to complete: 4ms
05-31 20:48:39.348 D/SystemServerTiming( 754): StartCrossProfileAppsService
05-31 20:48:39.348 I/SystemServiceManager( 754): Starting com.android.server.pm.CrossProfileAppsService
05-31 20:48:39.350 V/SystemServerTiming( 754): StartCrossProfileAppsService took to complete: 2ms
05-31 20:48:39.350 D/SystemServerTiming( 754): StartPeopleService
05-31 20:48:39.350 I/SystemServiceManager( 754): Starting com.android.server.people.PeopleService
05-31 20:48:39.354 V/SystemServerTiming( 754): StartPeopleService took to complete: 4ms
05-31 20:48:39.354 D/SystemServerTiming( 754): StartMediaMetricsManager
05-31 20:48:39.355 I/SystemServiceManager( 754): Starting com.android.server.media.metrics.MediaMetricsManagerService
05-31 20:48:39.356 V/SystemServerTiming( 754): StartMediaMetricsManager took to complete: 2ms
05-31 20:48:39.357 D/SystemServerTiming( 754): StartBackgroundInstallControlService
05-31 20:48:39.357 I/SystemServiceManager( 754): Starting com.android.server.pm.BackgroundInstallControlService
05-31 20:48:39.360 V/SystemServerTiming( 754): StartBackgroundInstallControlService took to complete: 3ms
05-31 20:48:39.360 D/SystemServerTiming( 754): StartMediaProjectionManager
05-31 20:48:39.360 I/SystemServiceManager( 754): Starting com.android.server.media.projection.MediaProjectionManagerService
05-31 20:48:39.366 V/SystemServerTiming( 754): StartMediaProjectionManager took to complete: 6ms
05-31 20:48:39.366 D/SystemServerTiming( 754): StartSliceManagerService
05-31 20:48:39.367 I/SystemServiceManager( 754): Starting com.android.server.slice.SliceManagerService$Lifecycle
05-31 20:48:39.370 V/SystemServerTiming( 754): StartSliceManagerService took to complete: 3ms
05-31 20:48:39.370 D/SystemServerTiming( 754): StartStatsCompanion
05-31 20:48:39.371 I/SystemServiceManager( 754): Starting com.android.server.stats.StatsCompanion$Lifecycle
05-31 20:48:39.377 V/SystemServerTiming( 754): StartStatsCompanion took to complete: 6ms
05-31 20:48:39.377 D/SystemServerTiming( 754): StartRebootReadinessManagerService
05-31 20:48:39.378 I/SystemServiceManager( 754): Starting com.android.server.scheduling.RebootReadinessManagerService$Lifecycle
05-31 20:48:39.384 V/SystemServerTiming( 754): StartRebootReadinessManagerService took to complete: 7ms
05-31 20:48:39.384 D/SystemServerTiming( 754): StartStatsPullAtomService
05-31 20:48:39.387 I/SystemServiceManager( 754): Starting com.android.server.stats.pull.StatsPullAtomService
05-31 20:48:39.387 V/SystemServerTiming( 754): StartStatsPullAtomService took to complete: 3ms
05-31 20:48:39.387 D/SystemServerTiming( 754): StatsBootstrapAtomService
05-31 20:48:39.387 I/SystemServiceManager( 754): Starting com.android.server.stats.bootstrap.StatsBootstrapAtomService$Lifecycle
05-31 20:48:39.388 V/SystemServerTiming( 754): StatsBootstrapAtomService took to complete: 2ms
05-31 20:48:39.389 D/SystemServerTiming( 754): StartIncidentCompanionService
05-31 20:48:39.389 I/SystemServiceManager( 754): Starting com.android.server.incident.IncidentCompanionService
05-31 20:48:39.390 V/SystemServerTiming( 754): StartIncidentCompanionService took to complete: 1ms
05-31 20:48:39.390 D/SystemServerTiming( 754): StarSdkSandboxManagerService
05-31 20:48:39.391 I/SystemServiceManager( 754): Starting com.android.server.sdksandbox.SdkSandboxManagerService$Lifecycle
05-31 20:48:39.401 V/SystemServerTiming( 754): StarSdkSandboxManagerService took to complete: 10ms
05-31 20:48:39.401 D/SystemServerTiming( 754): StartAdServicesManagerService
05-31 20:48:39.402 I/SystemServiceManager( 754): Starting com.android.server.adservices.AdServicesManagerService$Lifecycle
05-31 20:48:39.405 V/SystemServerTiming( 754): StartAdServicesManagerService took to complete: 4ms
05-31 20:48:39.405 D/SystemServerTiming( 754): StartOnDevicePersonalizationSystemService
05-31 20:48:39.406 I/SystemServiceManager( 754): Starting com.android.server.ondevicepersonalization.OnDevicePersonalizationSystemService$Lifecycle
05-31 20:48:39.407 V/SystemServerTiming( 754): StartOnDevicePersonalizationSystemService took to complete: 1ms
05-31 20:48:39.407 D/SystemServerTiming( 754): StartAutoFillService
05-31 20:48:39.408 I/SystemServiceManager( 754): Starting com.android.server.autofill.AutofillManagerService
05-31 20:48:39.412 D/AutofillManagerService( 754): setLogLevelFromSettings(): level=2, debug=true, verbose=false
05-31 20:48:39.412 D/AutofillManagerService( 754): setMaxPartitionsFromSettings(): 10
05-31 20:48:39.412 D/AutofillManagerService( 754): setMaxVisibleDatasetsFromSettings(): 0
05-31 20:48:39.416 D/AutofillUI( 754): destroySaveUiUiThread(): already destroyed
05-31 20:48:39.416 D/AutofillManagerServiceImpl( 754): Reset component for user 0:null
05-31 20:48:39.419 V/SystemServerTiming( 754): StartAutoFillService took to complete: 12ms
05-31 20:48:39.420 D/SystemServer( 754): TranslationService not defined by OEM
05-31 20:48:39.420 D/SystemServerTiming( 754): StartClipboardService
05-31 20:48:39.420 I/SystemServiceManager( 754): Starting com.android.server.clipboard.ClipboardService
05-31 20:48:39.424 V/SystemServerTiming( 754): StartClipboardService took to complete: 4ms
05-31 20:48:39.424 D/SystemServerTiming( 754): AppServiceManager
05-31 20:48:39.424 I/SystemServiceManager( 754): Starting com.android.server.appbinding.AppBindingService$Lifecycle
05-31 20:48:39.427 V/SystemServerTiming( 754): AppServiceManager took to complete: 3ms
05-31 20:48:39.427 D/SystemServerTiming( 754): startTracingServiceProxy
05-31 20:48:39.427 I/SystemServiceManager( 754): Starting com.android.server.tracing.TracingServiceProxy
05-31 20:48:39.428 V/SystemServerTiming( 754): startTracingServiceProxy took to complete: 1ms
05-31 20:48:39.428 D/SystemServerTiming( 754): MakeLockSettingsServiceReady
05-31 20:48:39.445 I/LockSettingsService( 754): Migrated keys to LSS namespace
05-31 20:48:39.448 I/LockSettingsService( 754): Device doesn't implement AuthSecret HAL
05-31 20:48:39.449 I/LockSettingsService( 754): FRP credential disabled, reporting device setup complete to Gatekeeper immediately
05-31 20:48:39.453 V/SystemServerTiming( 754): MakeLockSettingsServiceReady took to complete: 25ms
05-31 20:48:39.453 D/SystemServerTiming( 754): StartBootPhaseLockSettingsReady
05-31 20:48:39.453 I/SystemServiceManager( 754): Starting phase 480
05-31 20:48:39.453 D/SystemServerTiming( 754): OnBootPhase_480
05-31 20:48:39.453 D/SystemServerTiming( 754): OnBootPhase_480_com.android.server.security.FileIntegrityService
05-31 20:48:39.453 V/SystemServerTiming( 754): OnBootPhase_480_com.android.server.security.FileIntegrityService took to complete: 0ms
05-31 20:48:39.453 D/SystemServerTiming( 754): OnBootPhase_480_com.android.server.pm.Installer
05-31 20:48:39.453 V/SystemServerTiming( 754): OnBootPhase_480_com.android.server.pm.Installer took to complete: 0ms
05-31 20:48:39.453 D/SystemServerTiming( 754): OnBootPhase_480_com.android.server.os.DeviceIdentifiersPolicyService
05-31 20:48:39.453 V/SystemServerTiming( 754): OnBootPhase_480_com.android.server.os.DeviceIdentifiersPolicyService took to complete: 0ms
05-31 20:48:39.453 D/SystemServerTiming( 754): OnBootPhase_480_com.android.server.flags.FeatureFlagsService
05-31 20:48:39.453 V/SystemServerTiming( 754): OnBootPhase_480_com.android.server.flags.FeatureFlagsService took to complete: 0ms
05-31 20:48:39.453 D/SystemServerTiming( 754): OnBootPhase_480_com.android.server.uri.UriGrantsManagerService$Lifecycle
05-31 20:48:39.453 V/SystemServerTiming( 754): OnBootPhase_480_com.android.server.uri.UriGrantsManagerService$Lifecycle took to complete: 0ms
05-31 20:48:39.453 D/SystemServerTiming( 754): OnBootPhase_480_com.android.server.powerstats.PowerStatsService
05-31 20:48:39.453 V/SystemServerTiming( 754): OnBootPhase_480_com.android.server.powerstats.PowerStatsService took to complete: 0ms
05-31 20:48:39.453 D/SystemServerTiming( 754): OnBootPhase_480_com.android.server.permission.access.AccessCheckingService
05-31 20:48:39.453 V/SystemServerTiming( 754): OnBootPhase_480_com.android.server.permission.access.AccessCheckingService took to complete: 0ms
05-31 20:48:39.453 D/SystemServerTiming( 754): OnBootPhase_480_com.android.server.wm.ActivityTaskManagerService$Lifecycle
05-31 20:48:39.453 V/SystemServerTiming( 754): OnBootPhase_480_com.android.server.wm.ActivityTaskManagerService$Lifecycle took to complete: 0ms
05-31 20:48:39.453 D/SystemServerTiming( 754): OnBootPhase_480_com.android.server.am.ActivityManagerService$Lifecycle
05-31 20:48:39.453 V/SystemServerTiming( 754): OnBootPhase_480_com.android.server.am.ActivityManagerService$Lifecycle took to complete: 0ms
05-31 20:48:39.453 D/SystemServerTiming( 754): OnBootPhase_480_com.android.server.pm.DataLoaderManagerService
05-31 20:48:39.453 V/SystemServerTiming( 754): OnBootPhase_480_com.android.server.pm.DataLoaderManagerService took to complete: 0ms
05-31 20:48:39.453 D/SystemServerTiming( 754): OnBootPhase_480_com.android.server.power.PowerManagerService
05-31 20:48:39.453 V/SystemServerTiming( 754): OnBootPhase_480_com.android.server.power.PowerManagerService took to complete: 0ms
05-31 20:48:39.453 D/SystemServerTiming( 754): OnBootPhase_480_com.android.server.power.ThermalManagerService
05-31 20:48:39.453 V/SystemServerTiming( 754): OnBootPhase_480_com.android.server.power.ThermalManagerService took to complete: 0ms
05-31 20:48:39.453 D/SystemServerTiming( 754): OnBootPhase_480_com.android.server.power.hint.HintManagerService
05-31 20:48:39.453 V/SystemServerTiming( 754): OnBootPhase_480_com.android.server.power.hint.HintManagerService took to complete: 0ms
05-31 20:48:39.453 D/SystemServerTiming( 754): OnBootPhase_480_com.android.server.recoverysystem.RecoverySystemService$Lifecycle
05-31 20:48:39.453 V/SystemServerTiming( 754): OnBootPhase_480_com.android.server.recoverysystem.RecoverySystemService$Lifecycle took to complete: 0ms
05-31 20:48:39.453 D/SystemServerTiming( 754): OnBootPhase_480_com.android.server.lights.LightsService
05-31 20:48:39.453 V/SystemServerTiming( 754): OnBootPhase_480_com.android.server.lights.LightsService took to complete: 0ms
05-31 20:48:39.453 D/SystemServerTiming( 754): OnBootPhase_480_com.android.server.display.DisplayManagerService
05-31 20:48:39.453 V/SystemServerTiming( 754): OnBootPhase_480_com.android.server.display.DisplayManagerService took to complete: 0ms
05-31 20:48:39.454 D/SystemServerTiming( 754): OnBootPhase_480_com.android.server.pm.verify.domain.DomainVerificationService
05-31 20:48:39.454 V/SystemServerTiming( 754): OnBootPhase_480_com.android.server.pm.verify.domain.DomainVerificationService took to complete: 0ms
05-31 20:48:39.454 D/SystemServerTiming( 754): OnBootPhase_480_com.android.server.pm.PackageInstallerService$Lifecycle
05-31 20:48:39.454 V/SystemServerTiming( 754): OnBootPhase_480_com.android.server.pm.PackageInstallerService$Lifecycle took to complete: 0ms
05-31 20:48:39.454 D/SystemServerTiming( 754): OnBootPhase_480_com.android.server.pm.UserManagerService$LifeCycle
05-31 20:48:39.454 V/SystemServerTiming( 754): OnBootPhase_480_com.android.server.pm.UserManagerService$LifeCycle took to complete: 0ms
05-31 20:48:39.454 D/SystemServerTiming( 754): OnBootPhase_480_com.android.server.om.OverlayManagerService
05-31 20:48:39.454 V/SystemServerTiming( 754): OnBootPhase_480_com.android.server.om.OverlayManagerService took to complete: 0ms
05-31 20:48:39.454 D/SystemServerTiming( 754): OnBootPhase_480_com.android.server.resources.ResourcesManagerService
05-31 20:48:39.454 V/SystemServerTiming( 754): OnBootPhase_480_com.android.server.resources.ResourcesManagerService took to complete: 0ms
05-31 20:48:39.454 D/SystemServerTiming( 754): OnBootPhase_480_com.android.server.sensorprivacy.SensorPrivacyService
05-31 20:48:39.454 V/SystemServerTiming( 754): OnBootPhase_480_com.android.server.sensorprivacy.SensorPrivacyService took to complete: 0ms
05-31 20:48:39.454 D/SystemServerTiming( 754): OnBootPhase_480_com.android.server.sensors.SensorService
05-31 20:48:39.454 V/SystemServerTiming( 754): OnBootPhase_480_com.android.server.sensors.SensorService took to complete: 0ms
05-31 20:48:39.454 D/SystemServerTiming( 754): OnBootPhase_480_com.android.server.SystemConfigService
05-31 20:48:39.454 V/SystemServerTiming( 754): OnBootPhase_480_com.android.server.SystemConfigService took to complete: 0ms
05-31 20:48:39.454 D/SystemServerTiming( 754): OnBootPhase_480_com.android.server.BatteryService
05-31 20:48:39.454 V/SystemServerTiming( 754): OnBootPhase_480_com.android.server.BatteryService took to complete: 0ms
05-31 20:48:39.454 D/SystemServerTiming( 754): OnBootPhase_480_com.android.server.usage.UsageStatsService
05-31 20:48:39.454 V/SystemServerTiming( 754): OnBootPhase_480_com.android.server.usage.UsageStatsService took to complete: 0ms
05-31 20:48:39.454 D/SystemServerTiming( 754): OnBootPhase_480_com.android.server.webkit.WebViewUpdateService
05-31 20:48:39.454 V/SystemServerTiming( 754): OnBootPhase_480_com.android.server.webkit.WebViewUpdateService took to complete: 0ms
05-31 20:48:39.454 D/SystemServerTiming( 754): OnBootPhase_480_com.android.server.CachedDeviceStateService
05-31 20:48:39.454 V/SystemServerTiming( 754): OnBootPhase_480_com.android.server.CachedDeviceStateService took to complete: 0ms
05-31 20:48:39.454 D/SystemServerTiming( 754): OnBootPhase_480_com.android.server.BinderCallsStatsService$LifeCycle
05-31 20:48:39.454 V/SystemServerTiming( 754): OnBootPhase_480_com.android.server.BinderCallsStatsService$LifeCycle took to complete: 0ms
05-31 20:48:39.454 D/SystemServerTiming( 754): OnBootPhase_480_com.android.server.LooperStatsService$Lifecycle
05-31 20:48:39.454 V/SystemServerTiming( 754): OnBootPhase_480_com.android.server.LooperStatsService$Lifecycle took to complete: 0ms
05-31 20:48:39.454 D/SystemServerTiming( 754): OnBootPhase_480_com.android.server.rollback.RollbackManagerService
05-31 20:48:39.454 V/SystemServerTiming( 754): OnBootPhase_480_com.android.server.rollback.RollbackManagerService took to complete: 0ms
05-31 20:48:39.454 D/SystemServerTiming( 754): OnBootPhase_480_com.android.server.os.NativeTombstoneManagerService
05-31 20:48:39.454 V/SystemServerTiming( 754): OnBootPhase_480_com.android.server.os.NativeTombstoneManagerService took to complete: 0ms
05-31 20:48:39.454 D/SystemServerTiming( 754): OnBootPhase_480_com.android.server.os.BugreportManagerService
05-31 20:48:39.454 V/SystemServerTiming( 754): OnBootPhase_480_com.android.server.os.BugreportManagerService took to complete: 0ms
05-31 20:48:39.454 D/SystemServerTiming( 754): OnBootPhase_480_com.android.server.gpu.GpuService
05-31 20:48:39.454 V/SystemServerTiming( 754): OnBootPhase_480_com.android.server.gpu.GpuService took to complete: 0ms
05-31 20:48:39.454 D/SystemServerTiming( 754): OnBootPhase_480_com.android.server.security.rkp.RemoteProvisioningService
05-31 20:48:39.454 V/SystemServerTiming( 754): OnBootPhase_480_com.android.server.security.rkp.RemoteProvisioningService took to complete: 0ms
05-31 20:48:39.454 D/SystemServerTiming( 754): OnBootPhase_480_com.android.server.cpu.CpuMonitorService
05-31 20:48:39.454 V/SystemServerTiming( 754): OnBootPhase_480_com.android.server.cpu.CpuMonitorService took to complete: 0ms
05-31 20:48:39.454 D/SystemServerTiming( 754): OnBootPhase_480_com.android.server.security.KeyChainSystemService
05-31 20:48:39.454 V/SystemServerTiming( 754): OnBootPhase_480_com.android.server.security.KeyChainSystemService took to complete: 0ms
05-31 20:48:39.454 D/SystemServerTiming( 754): OnBootPhase_480_com.android.server.BinaryTransparencyService
05-31 20:48:39.454 V/SystemServerTiming( 754): OnBootPhase_480_com.android.server.BinaryTransparencyService took to complete: 0ms
05-31 20:48:39.455 D/SystemServerTiming( 754): OnBootPhase_480_com.android.server.accounts.AccountManagerService$Lifecycle
05-31 20:48:39.455 V/SystemServerTiming( 754): OnBootPhase_480_com.android.server.accounts.AccountManagerService$Lifecycle took to complete: 0ms
05-31 20:48:39.455 D/SystemServerTiming( 754): OnBootPhase_480_com.android.server.content.ContentService$Lifecycle
05-31 20:48:39.455 V/SystemServerTiming( 754): OnBootPhase_480_com.android.server.content.ContentService$Lifecycle took to complete: 0ms
05-31 20:48:39.455 D/SystemServerTiming( 754): OnBootPhase_480_com.android.server.deviceconfig.DeviceConfigInit$Lifecycle
05-31 20:48:39.455 V/SystemServerTiming( 754): OnBootPhase_480_com.android.server.deviceconfig.DeviceConfigInit$Lifecycle took to complete: 0ms
05-31 20:48:39.455 D/SystemServerTiming( 754): OnBootPhase_480_com.android.server.DropBoxManagerService
05-31 20:48:39.455 V/SystemServerTiming( 754): OnBootPhase_480_com.android.server.DropBoxManagerService took to complete: 0ms
05-31 20:48:39.455 D/SystemServerTiming( 754): OnBootPhase_480_com.android.role.RoleService
05-31 20:48:39.455 V/SystemServerTiming( 754): OnBootPhase_480_com.android.role.RoleService took to complete: 0ms
05-31 20:48:39.455 D/SystemServerTiming( 754): OnBootPhase_480_com.android.server.vibrator.VibratorManagerService$Lifecycle
05-31 20:48:39.455 V/SystemServerTiming( 754): OnBootPhase_480_com.android.server.vibrator.VibratorManagerService$Lifecycle took to complete: 0ms
05-31 20:48:39.455 D/SystemServerTiming( 754): OnBootPhase_480_com.android.server.tare.InternalResourceService
05-31 20:48:39.455 V/SystemServerTiming( 754): OnBootPhase_480_com.android.server.tare.InternalResourceService took to complete: 0ms
05-31 20:48:39.455 D/SystemServerTiming( 754): OnBootPhase_480_com.android.server.alarm.AlarmManagerService
05-31 20:48:39.455 V/SystemServerTiming( 754): OnBootPhase_480_com.android.server.alarm.AlarmManagerService took to complete: 0ms
05-31 20:48:39.455 D/SystemServerTiming( 754): OnBootPhase_480_com.android.server.devicestate.DeviceStateManagerService
05-31 20:48:39.455 V/SystemServerTiming( 754): OnBootPhase_480_com.android.server.devicestate.DeviceStateManagerService took to complete: 0ms
05-31 20:48:39.455 D/SystemServerTiming( 754): OnBootPhase_480_com.android.server.camera.CameraServiceProxy
05-31 20:48:39.456 V/SystemServerTiming( 754): OnBootPhase_480_com.android.server.camera.CameraServiceProxy took to complete: 0ms
05-31 20:48:39.456 D/SystemServerTiming( 754): OnBootPhase_480_com.android.server.bluetooth.BluetoothService
05-31 20:48:39.456 V/SystemServerTiming( 754): OnBootPhase_480_com.android.server.bluetooth.BluetoothService took to complete: 0ms
05-31 20:48:39.456 D/SystemServerTiming( 754): OnBootPhase_480_com.android.server.connectivity.IpConnectivityMetrics
05-31 20:48:39.456 V/SystemServerTiming( 754): OnBootPhase_480_com.android.server.connectivity.IpConnectivityMetrics took to complete: 0ms
05-31 20:48:39.456 D/SystemServerTiming( 754): OnBootPhase_480_com.android.server.net.watchlist.NetworkWatchlistService$Lifecycle
05-31 20:48:39.456 V/SystemServerTiming( 754): OnBootPhase_480_com.android.server.net.watchlist.NetworkWatchlistService$Lifecycle took to complete: 0ms
05-31 20:48:39.456 D/SystemServerTiming( 754): OnBootPhase_480_com.android.server.PinnerService
05-31 20:48:39.456 V/SystemServerTiming( 754): OnBootPhase_480_com.android.server.PinnerService took to complete: 0ms
05-31 20:48:39.456 D/SystemServerTiming( 754): OnBootPhase_480_com.android.server.integrity.AppIntegrityManagerService
05-31 20:48:39.456 V/SystemServerTiming( 754): OnBootPhase_480_com.android.server.integrity.AppIntegrityManagerService took to complete: 0ms
05-31 20:48:39.456 D/SystemServerTiming( 754): OnBootPhase_480_com.android.server.logcat.LogcatManagerService
05-31 20:48:39.456 V/SystemServerTiming( 754): OnBootPhase_480_com.android.server.logcat.LogcatManagerService took to complete: 0ms
05-31 20:48:39.456 D/SystemServerTiming( 754): OnBootPhase_480_com.android.server.inputmethod.InputMethodManagerService$Lifecycle
05-31 20:48:39.456 V/SystemServerTiming( 754): OnBootPhase_480_com.android.server.inputmethod.InputMethodManagerService$Lifecycle took to complete: 0ms
05-31 20:48:39.456 D/SystemServerTiming( 754): OnBootPhase_480_com.android.server.accessibility.AccessibilityManagerService$Lifecycle
05-31 20:48:39.456 V/SystemServerTiming( 754): OnBootPhase_480_com.android.server.accessibility.AccessibilityManagerService$Lifecycle took to complete: 0ms
05-31 20:48:39.456 D/SystemServerTiming( 754): OnBootPhase_480_com.android.server.StorageManagerService$Lifecycle
05-31 20:48:39.456 V/SystemServerTiming( 754): OnBootPhase_480_com.android.server.StorageManagerService$Lifecycle took to complete: 0ms
05-31 20:48:39.456 D/SystemServerTiming( 754): OnBootPhase_480_com.android.server.usage.StorageStatsService$Lifecycle
05-31 20:48:39.456 V/SystemServerTiming( 754): OnBootPhase_480_com.android.server.usage.StorageStatsService$Lifecycle took to complete: 0ms
05-31 20:48:39.456 D/SystemServerTiming( 754): OnBootPhase_480_com.android.server.UiModeManagerService
05-31 20:48:39.456 V/SystemServerTiming( 754): OnBootPhase_480_com.android.server.UiModeManagerService took to complete: 0ms
05-31 20:48:39.456 D/SystemServerTiming( 754): OnBootPhase_480_com.android.server.locales.LocaleManagerService
05-31 20:48:39.456 V/SystemServerTiming( 754): OnBootPhase_480_com.android.server.locales.LocaleManagerService took to complete: 0ms
05-31 20:48:39.456 D/SystemServerTiming( 754): OnBootPhase_480_com.android.server.grammaticalinflection.GrammaticalInflectionService
05-31 20:48:39.456 V/SystemServerTiming( 754): OnBootPhase_480_com.android.server.grammaticalinflection.GrammaticalInflectionService took to complete: 0ms
05-31 20:48:39.456 D/SystemServerTiming( 754): OnBootPhase_480_com.android.server.apphibernation.AppHibernationService
05-31 20:48:39.456 V/SystemServerTiming( 754): OnBootPhase_480_com.android.server.apphibernation.AppHibernationService took to complete: 0ms
05-31 20:48:39.456 D/SystemServerTiming( 754): OnBootPhase_480_com.android.server.locksettings.LockSettingsService$Lifecycle
05-31 20:48:39.456 V/SystemServerTiming( 754): OnBootPhase_480_com.android.server.locksettings.LockSettingsService$Lifecycle took to complete: 0ms
05-31 20:48:39.456 D/SystemServerTiming( 754): OnBootPhase_480_com.android.server.PersistentDataBlockService
05-31 20:48:39.456 V/SystemServerTiming( 754): OnBootPhase_480_com.android.server.PersistentDataBlockService took to complete: 0ms
05-31 20:48:39.456 D/SystemServerTiming( 754): OnBootPhase_480_com.android.server.testharness.TestHarnessModeService
05-31 20:48:39.456 V/SystemServerTiming( 754): OnBootPhase_480_com.android.server.testharness.TestHarnessModeService took to complete: 0ms
05-31 20:48:39.456 D/SystemServerTiming( 754): OnBootPhase_480_com.android.server.oemlock.OemLockService
05-31 20:48:39.456 V/SystemServerTiming( 754): OnBootPhase_480_com.android.server.oemlock.OemLockService took to complete: 0ms
05-31 20:48:39.457 D/SystemServerTiming( 754): OnBootPhase_480_com.android.server.DeviceIdleController
05-31 20:48:39.457 V/SystemServerTiming( 754): OnBootPhase_480_com.android.server.DeviceIdleController took to complete: 0ms
05-31 20:48:39.457 D/SystemServerTiming( 754): OnBootPhase_480_com.android.server.devicepolicy.DevicePolicyManagerService$Lifecycle
05-31 20:48:39.457 V/SystemServerTiming( 754): OnBootPhase_480_com.android.server.devicepolicy.DevicePolicyManagerService$Lifecycle took to complete: 0ms
05-31 20:48:39.457 D/SystemServerTiming( 754): OnBootPhase_480_com.android.server.texttospeech.TextToSpeechManagerService
05-31 20:48:39.457 V/SystemServerTiming( 754): OnBootPhase_480_com.android.server.texttospeech.TextToSpeechManagerService took to complete: 0ms
05-31 20:48:39.457 D/SystemServerTiming( 754): OnBootPhase_480_com.android.server.ambientcontext.AmbientContextManagerService
05-31 20:48:39.457 V/SystemServerTiming( 754): OnBootPhase_480_com.android.server.ambientcontext.AmbientContextManagerService took to complete: 0ms
05-31 20:48:39.457 D/SystemServerTiming( 754): OnBootPhase_480_com.android.server.wearable.WearableSensingManagerService
05-31 20:48:39.457 V/SystemServerTiming( 754): OnBootPhase_480_com.android.server.wearable.WearableSensingManagerService took to complete: 0ms
05-31 20:48:39.457 D/SystemServerTiming( 754): OnBootPhase_480_com.android.server.speech.SpeechRecognitionManagerService
