05-31 20:48:57.066 D/SystemServerTimingAsync( 754): ssm.onCompletedEventUser-0_{|Unlocked|}_com.android.server.stats.pull.StatsPullAtomService
05-31 20:48:57.066 V/SystemServerTimingAsync( 754): ssm.onCompletedEventUser-0_{|Unlocked|}_com.android.server.stats.pull.StatsPullAtomService took to complete: 0ms
05-31 20:48:57.066 D/SystemServerTimingAsync( 754): ssm.onCompletedEventUser-0_{|Unlocked|}_com.android.server.stats.bootstrap.StatsBootstrapAtomService$Lifecycle
05-31 20:48:57.066 D/SystemServerTimingAsync( 754): ssm.onCompletedEventUser-0_{|Unlocked|}_com.android.server.scheduling.RebootReadinessManagerService$Lifecycle
05-31 20:48:57.066 D/SystemServerTimingAsync( 754): ssm.onCompletedEventUser-0_{|Unlocked|}_com.android.server.slice.SliceManagerService$Lifecycle
05-31 20:48:57.066 V/SystemServerTimingAsync( 754): ssm.onCompletedEventUser-0_{|Unlocked|}_com.android.server.scheduling.RebootReadinessManagerService$Lifecycle took to complete: 0ms
05-31 20:48:57.066 V/SystemServerTimingAsync( 754): ssm.onCompletedEventUser-0_{|Unlocked|}_com.android.server.slice.SliceManagerService$Lifecycle took to complete: 0ms
05-31 20:48:57.066 V/SystemServerTimingAsync( 754): ssm.onCompletedEventUser-0_{|Unlocked|}_com.android.server.stats.bootstrap.StatsBootstrapAtomService$Lifecycle took to complete: 0ms
05-31 20:48:57.066 D/SystemServerTimingAsync( 754): ssm.onCompletedEventUser-0_{|Unlocked|}_com.android.server.sdksandbox.SdkSandboxManagerService$Lifecycle
05-31 20:48:57.066 D/SystemServerTimingAsync( 754): ssm.onCompletedEventUser-0_{|Unlocked|}_com.android.server.incident.IncidentCompanionService
05-31 20:48:57.066 V/SystemServerTimingAsync( 754): ssm.onCompletedEventUser-0_{|Unlocked|}_com.android.server.incident.IncidentCompanionService took to complete: 0ms
05-31 20:48:57.066 D/SystemServerTimingAsync( 754): ssm.onCompletedEventUser-0_{|Unlocked|}_com.android.server.adservices.AdServicesManagerService$Lifecycle
05-31 20:48:57.066 V/SystemServerTimingAsync( 754): ssm.onCompletedEventUser-0_{|Unlocked|}_com.android.server.sdksandbox.SdkSandboxManagerService$Lifecycle took to complete: 0ms
05-31 20:48:57.066 D/SystemServerTimingAsync( 754): ssm.onCompletedEventUser-0_{|Unlocked|}_com.android.server.ondevicepersonalization.OnDevicePersonalizationSystemService$Lifecycle
05-31 20:48:57.066 V/SystemServerTimingAsync( 754): ssm.onCompletedEventUser-0_{|Unlocked|}_com.android.server.adservices.AdServicesManagerService$Lifecycle took to complete: 0ms
05-31 20:48:57.066 D/SystemServerTimingAsync( 754): ssm.onCompletedEventUser-0_{|Unlocked|}_com.android.server.autofill.AutofillManagerService
05-31 20:48:57.067 V/SystemServerTimingAsync( 754): ssm.onCompletedEventUser-0_{|Unlocked|}_com.android.server.autofill.AutofillManagerService took to complete: 0ms
05-31 20:48:57.067 D/SystemServerTimingAsync( 754): ssm.onCompletedEventUser-0_{|Unlocked|}_com.android.server.clipboard.ClipboardService
05-31 20:48:57.067 V/SystemServerTimingAsync( 754): ssm.onCompletedEventUser-0_{|Unlocked|}_com.android.server.clipboard.ClipboardService took to complete: 0ms
05-31 20:48:57.067 D/SystemServerTimingAsync( 754): ssm.onCompletedEventUser-0_{|Unlocked|}_com.android.server.appbinding.AppBindingService$Lifecycle
05-31 20:48:57.067 V/SystemServerTimingAsync( 754): ssm.onCompletedEventUser-0_{|Unlocked|}_com.android.server.appbinding.AppBindingService$Lifecycle took to complete: 0ms
05-31 20:48:57.067 D/SystemServerTimingAsync( 754): ssm.onCompletedEventUser-0_{|Unlocked|}_com.android.server.tracing.TracingServiceProxy
05-31 20:48:57.067 V/SystemServerTimingAsync( 754): ssm.onCompletedEventUser-0_{|Unlocked|}_com.android.server.ondevicepersonalization.OnDevicePersonalizationSystemService$Lifecycle took to complete: 0ms
05-31 20:48:57.067 D/SystemServerTimingAsync( 754): ssm.onCompletedEventUser-0_{|Unlocked|}_com.android.server.pm.StagingManager$Lifecycle
05-31 20:48:57.067 V/SystemServerTimingAsync( 754): ssm.onCompletedEventUser-0_{|Unlocked|}_com.android.server.pm.StagingManager$Lifecycle took to complete: 0ms
05-31 20:48:57.067 D/SystemServerTimingAsync( 754): ssm.onCompletedEventUser-0_{|Unlocked|}_com.android.server.app.GameManagerService$Lifecycle
05-31 20:48:57.067 V/SystemServerTimingAsync( 754): ssm.onCompletedEventUser-0_{|Unlocked|}_com.android.server.app.GameManagerService$Lifecycle took to complete: 0ms
05-31 20:48:57.067 D/SystemServerTimingAsync( 754): ssm.onCompletedEventUser-0_{|Unlocked|}_com.android.safetycenter.SafetyCenterService
05-31 20:48:57.067 V/SystemServerTimingAsync( 754): ssm.onCompletedEventUser-0_{|Unlocked|}_com.android.safetycenter.SafetyCenterService took to complete: 0ms
05-31 20:48:57.067 D/SystemServerTimingAsync( 754): ssm.onCompletedEventUser-0_{|Unlocked|}_com.android.server.appsearch.AppSearchModule$Lifecycle
05-31 20:48:57.067 V/SystemServerTimingAsync( 754): ssm.onCompletedEventUser-0_{|Unlocked|}_com.android.server.appsearch.AppSearchModule$Lifecycle took to complete: 0ms
05-31 20:48:57.067 D/SystemServerTimingAsync( 754): ssm.onCompletedEventUser-0_{|Unlocked|}_com.android.server.media.MediaCommunicationService
05-31 20:48:57.067 V/SystemServerTimingAsync( 754): ssm.onCompletedEventUser-0_{|Unlocked|}_com.android.server.media.MediaCommunicationService took to complete: 0ms
05-31 20:48:57.067 D/SystemServerTimingAsync( 754): ssm.onCompletedEventUser-0_{|Unlocked|}_com.android.server.compat.overrides.AppCompatOverridesService$Lifecycle
05-31 20:48:57.067 V/SystemServerTimingAsync( 754): ssm.onCompletedEventUser-0_{|Unlocked|}_com.android.server.compat.overrides.AppCompatOverridesService$Lifecycle took to complete: 0ms
05-31 20:48:57.067 D/SystemServerTimingAsync( 754): ssm.onCompletedEventUser-0_{|Unlocked|}_com.android.server.healthconnect.HealthConnectManagerService
05-31 20:48:57.067 V/SystemServerTimingAsync( 754): ssm.onCompletedEventUser-0_{|Unlocked|}_com.android.server.healthconnect.HealthConnectManagerService took to complete: 0ms
05-31 20:48:57.067 D/SystemServerTimingAsync( 754): ssm.onCompletedEventUser-0_{|Unlocked|}_com.android.server.devicelock.DeviceLockService
05-31 20:48:57.067 V/SystemServerTimingAsync( 754): ssm.onCompletedEventUser-0_{|Unlocked|}_com.android.server.devicelock.DeviceLockService took to complete: 0ms
05-31 20:48:57.068 D/SystemServerTimingAsync( 754): ssm.onCompletedEventUser-0_{|Unlocked|}_com.android.server.policy.PermissionPolicyService
05-31 20:48:57.069 V/SystemServerTimingAsync( 754): ssm.onCompletedEventUser-0_{|Unlocked|}_com.android.server.tracing.TracingServiceProxy took to complete: 0ms
05-31 20:48:57.069 V/SystemServerTimingAsync( 754): ssm.onCompletedEventUser-0_{|Unlocked|}_com.android.server.policy.PermissionPolicyService took to complete: 0ms
05-31 20:48:57.069 V/SystemServerTimingAsync( 754): ssm.CompletedEventUser-0 took to complete: 15ms
05-31 20:48:57.702 D/CompatibilityChangeReporter( 754): Compat change id reported: 253665015; UID 10018; state: ENABLED
05-31 20:48:57.702 D/CompatibilityChangeReporter( 754): Compat change id reported: 194532703; UID 10018; state: ENABLED
05-31 20:48:58.078 W/ContextImpl( 1907): Calling a method in the system process without a qualified user: android.app.ContextImpl.startService:1899 android.content.ContextWrapper.startService:825 com.dangbei.etna.setting.core.SettingHelper.startRocky:267 com.dangbei.etna.setting.core.SettingHelper.sendCycleCheckBootGuideStatusMessage:214 com.dangbei.etna.setting.core.SettingHelper.startLoop$lambda-0:189
05-31 20:48:58.080 I/ActivityManager( 754): com.dangbei.lerad.rocky is exempt from freezer
05-31 20:48:58.081 D/CompatibilityChangeReporter( 754): Compat change id reported: 135634846; UID 1000; state: DISABLED
05-31 20:48:58.083 W/ContextImpl( 1907): Calling a method in the system process without a qualified user: android.app.ContextImpl.sendBroadcast:1220 android.content.ContextWrapper.sendBroadcast:504 com.dangbei.etna.setting.core.SettingHelper.sendCycleToProjector:257 com.dangbei.etna.setting.core.SettingHelper.sendCycleCheckBroadcast:226 com.dangbei.etna.setting.core.SettingHelper.sendCycleCheckBootGuideStatusMessage:215
05-31 20:48:58.085 W/ContextImpl( 1907): Calling a method in the system process without a qualified user: android.app.ContextImpl.sendBroadcast:1220 android.content.ContextWrapper.sendBroadcast:504 com.dangbei.etna.setting.core.SettingHelper.sendCycleToVoice:242 com.dangbei.etna.setting.core.SettingHelper.sendCycleCheckBroadcast:227 com.dangbei.etna.setting.core.SettingHelper.sendCycleCheckBootGuideStatusMessage:215
05-31 20:48:58.086 D/CompatibilityChangeReporter( 754): Compat change id reported: 135634846; UID 10044; state: DISABLED
05-31 20:48:58.102 I/ActivityManager( 754): Start proc 2655:com.dangbei.lerad.rocky/1000 for service {com.dangbei.lerad.rocky/com.dangbei.rocky.RockyService}
05-31 20:48:58.102 D/CompatibilityChangeReporter( 754): Compat change id reported: 143937733; UID 10044; state: DISABLED
05-31 20:48:58.118 I/ActivityManager( 754): Start proc 2656:com.dangbei.screencast/u0a44 for broadcast {com.dangbei.screencast/com.dangbei.screencast.startup.BootReceiver}
05-31 20:48:58.140 D/CompatibilityChangeReporter( 754): Compat change id reported: 168419799; UID 1000; state: DISABLED
05-31 20:48:58.141 D/CompatibilityChangeReporter( 754): Compat change id reported: 273564678; UID 1000; state: DISABLED
05-31 20:48:58.158 D/CompatibilityChangeReporter( 754): Compat change id reported: 168419799; UID 10044; state: DISABLED
05-31 20:48:58.158 D/CompatibilityChangeReporter( 754): Compat change id reported: 273564678; UID 10044; state: DISABLED
05-31 20:48:58.162 D/CompatibilityChangeReporter( 754): Compat change id reported: 265195908; UID 10044; state: ENABLED
05-31 20:48:58.187 D/CompatibilityChangeReporter( 754): Compat change id reported: 170503758; UID 10044; state: DISABLED
05-31 20:48:58.304 W/ActivityManager( 754): Background start not allowed: service Intent { act=com.dangbei.screencast.STARTUP pkg=com.dangbei.screencast } to com.dangbei.screencast/.startup.StartupService from pid=2656 uid=10044 pkg=com.dangbei.screencast startFg?=false
05-31 20:48:58.325 W/ActivityManager( 754): Background start not allowed: service Intent { act=com.dangbei.screencast.STARTUP pkg=com.dangbei.screencast } to com.dangbei.screencast/.startup.StartupService from pid=2656 uid=10044 pkg=com.dangbei.screencast startFg?=false
05-31 20:48:58.384 D/CompatibilityChangeReporter( 754): Compat change id reported: 149924527; UID 10044; state: ENABLED
05-31 20:48:58.385 D/CompatibilityChangeReporter( 754): Compat change id reported: 132649864; UID 10044; state: DISABLED
05-31 20:48:58.408 W/ContextImpl( 2655): Calling a method in the system process without a qualified user: android.app.ContextImpl.startService:1899 android.content.ContextWrapper.startService:825 com.cvte.tv.api.TvApiSDKManager.:177 com.cvte.tv.api.TvApiSDKManager.init:217 com.dangbei.rocky.component.system.SystemControlUtils.initSystemAidl:82
05-31 20:48:58.408 W/ActivityManager( 754): Unable to start service Intent { act=com.cvte.tv.api.TV_API_SERVICE pkg=com.cvte.tv.api.impl } U=0: not found
05-31 20:48:58.411 W/ContextImpl( 2655): Calling a method in the system process without a qualified user: android.app.ContextImpl.bindService:1988 android.content.ContextWrapper.bindService:861 com.cvte.tv.api.TvApiSDKManager.:178 com.cvte.tv.api.TvApiSDKManager.init:217 com.dangbei.rocky.component.system.SystemControlUtils.initSystemAidl:82
05-31 20:48:58.411 W/ActivityManager( 754): Unable to start service Intent { act=com.cvte.tv.api.TV_API_SERVICE pkg=com.cvte.tv.api.impl } U=0: not found
05-31 20:48:58.413 W/ContextImpl( 2655): Calling a method in the system process without a qualified user: android.app.ContextImpl.startService:1899 android.content.ContextWrapper.startService:825 com.cvte.tv.api.TvApiSDKManager.getTvApi:361 com.dangbei.rocky.component.system.SystemControlUtils.initSystemAidl:83 com.dangbei.rocky.component.system.SystemComponent.onAttached:38
05-31 20:48:58.414 W/ActivityManager( 754): Unable to start service Intent { act=com.cvte.tv.api.TV_API_SERVICE pkg=com.cvte.tv.api.impl } U=0: not found
05-31 20:48:58.414 W/ContextImpl( 2655): Calling a method in the system process without a qualified user: android.app.ContextImpl.bindService:1988 android.content.ContextWrapper.bindService:861 com.cvte.tv.api.TvApiSDKManager.getTvApi:362 com.dangbei.rocky.component.system.SystemControlUtils.initSystemAidl:83 com.dangbei.rocky.component.system.SystemComponent.onAttached:38
05-31 20:48:58.415 W/ActivityManager( 754): Unable to start service Intent { act=com.cvte.tv.api.TV_API_SERVICE pkg=com.cvte.tv.api.impl } U=0: not found
05-31 20:48:58.417 D/CompatibilityChangeReporter( 754): Compat change id reported: 161145287; UID 10044; state: DISABLED
05-31 20:48:58.426 W/ContextImpl( 2655): Calling a method in the system process without a qualified user: android.app.ContextImpl.startService:1899 android.content.ContextWrapper.startService:825 com.dangbei.phrike.core.DownloadManager.register:294 com.dangbei.component_appcontrol.phrike.XPhrikeAppCreator.register:47 com.dangbei.component_appcontrol.AppControlComponent.onAttached:65
05-31 20:48:58.443 W/[2 T2698 ..] audit( 0): audit_lost=249 audit_rate_limit=5 audit_backlog_limit=64
05-31 20:48:58.444 E/[2 T2698 ..] audit( 0): rate limit exceeded
05-31 20:48:58.586 I/ActivityManager( 754): Background started FGS: Allowed [callingPackage: com.dangbei.screencast; callingUid: 10044; uidState: CEM ; uidBFSL: n/a; intent: Intent { act=com.dangbei.screencast.STARTUP pkg=com.dangbei.screencast }; code:SYSTEM_ALERT_WINDOW_PERMISSION; tempAllowListReason:; targetSdkVersion:28; callerTargetSdkVersion:28; startForegroundCount:0; bindFromPackage:null: isBindService:false]
05-31 20:48:58.631 D/CompatibilityChangeReporter( 754): Compat change id reported: 170668199; UID 10044; state: DISABLED
05-31 20:48:58.631 W/ActivityManager( 754): Foreground service started from background can not have location/camera/microphone access: service com.dangbei.screencast/.startup.StartupService
05-31 20:48:58.632 D/CompatibilityChangeReporter( 754): Compat change id reported: 255038118; UID 10044; state: DISABLED
05-31 20:48:58.635 D/CompatibilityChangeReporter( 754): Compat change id reported: 255042465; UID 10044; state: DISABLED
05-31 20:48:58.639 W/ForegroundServiceTypeLoggerModule( 754): Foreground service start for UID: 10044 does not have any types
05-31 20:48:58.641 I/ActivityManager( 754): Deferring FGS notification in legacy app com.dangbei.screencast/u0a44 : Notification(channel=channel_record shortcut=null contentView=null vibrate=null sound=null defaults=0x0 flags=0x60 color=0x00000000 category=transport vis=PUBLIC)
05-31 20:48:58.730 I/ActivityManager( 754): Background started FGS: Allowed [callingPackage: com.dangbei.screencast; callingUid: 10044; uidState: FGS ; uidBFSL: [BFSL]; intent: Intent { cmp=com.dangbei.screencast/.huaweicast.service.HuaweiCastService }; code:PROC_STATE_FGS; tempAllowListReason:; targetSdkVersion:28; callerTargetSdkVersion:28; startForegroundCount:0; bindFromPackage:null: isBindService:false]
05-31 20:48:58.810 D/CompatibilityChangeReporter( 754): Compat change id reported: 261072174; UID 10044; state: DISABLED
05-31 20:48:58.819 W/ActivityManager( 754): Foreground service started from background can not have location/camera/microphone access: service com.dangbei.screencast/.huaweicast.service.HuaweiCastService
05-31 20:48:58.820 W/ForegroundServiceTypeLoggerModule( 754): Foreground service start for UID: 10044 does not have any types
05-31 20:48:59.420 D/OomAdjuster( 754): Not killing cached processes
05-31 20:48:59.422 W/BroadcastLoopers( 754): Found previously unknown looper Thread[appscheduling.default,5,main]
05-31 20:49:00.729 W/OverlayManager( 754): service 'idmap' died
05-31 20:49:00.743 I/keystore2( 283): system/security/keystore2/src/watchdog.rs:319 - Watchdog thread idle -> terminating. Have a great day.
05-31 20:49:01.013 D/ActivityManager( 754): freezing 1935 com.android.music
05-31 20:49:01.353 I/AppsFilter( 754): interaction: PackageSetting{7d055f4 com.dangbei.hqguide/10029} -> PackageSetting{e7474be com.android.rkpdapp/10059} BLOCKED
05-31 20:49:01.358 D/CompatibilityChangeReporter( 754): Compat change id reported: 218533173; UID 10026; state: DISABLED
05-31 20:49:01.358 D/CompatibilityChangeReporter( 754): Compat change id reported: 262645982; UID 10026; state: DISABLED
05-31 20:49:01.381 D/CompatibilityChangeReporter( 754): Compat change id reported: 261072174; UID 1000; state: ENABLED
05-31 20:49:01.396 D/CompatibilityChangeReporter( 754): Compat change id reported: 218533173; UID 10059; state: ENABLED
05-31 20:49:01.396 D/CompatibilityChangeReporter( 754): Compat change id reported: 262645982; UID 10059; state: ENABLED
05-31 20:49:01.401 D/CompatibilityChangeReporter( 754): Compat change id reported: 218533173; UID 10058; state: ENABLED
05-31 20:49:01.402 D/CompatibilityChangeReporter( 754): Compat change id reported: 262645982; UID 10058; state: ENABLED
05-31 20:49:01.414 W/VoiceInteractionManager( 754): no available voice recognition services found for user 0
05-31 20:49:01.545 W/VoiceInteractionManager( 754): no available voice recognition services found for user 0
05-31 20:49:01.561 W/VoiceInteractionManager( 754): no available voice recognition services found for user 0
05-31 20:49:01.565 W/VoiceInteractionManager( 754): no available voice recognition services found for user 0
05-31 20:49:01.571 W/VoiceInteractionManager( 754): no available voice recognition services found for user 0
05-31 20:49:02.778 D/ActivityManager( 754): freezing 2195 com.android.externalstorage
05-31 20:49:03.737 D/CompatibilityChangeReporter( 754): Compat change id reported: 135634846; UID 10044; state: DISABLED
05-31 20:49:03.738 D/CompatibilityChangeReporter( 754): Compat change id reported: 143937733; UID 10044; state: DISABLED
05-31 20:49:03.764 I/ActivityManager( 754): Start proc 2829:com.huawei.connection/u0a44 for service {com.dangbei.screencast/com.huawei.connection.service.NearFieldManagerService}
05-31 20:49:03.795 D/CompatibilityChangeReporter( 754): Compat change id reported: 168419799; UID 10044; state: DISABLED
05-31 20:49:03.796 D/CompatibilityChangeReporter( 754): Compat change id reported: 273564678; UID 10044; state: DISABLED
05-31 20:49:03.831 D/CompatibilityChangeReporter( 754): Compat change id reported: 170503758; UID 10044; state: DISABLED
05-31 20:49:03.873 D/CompatibilityChangeReporter( 754): Compat change id reported: 161145287; UID 10044; state: DISABLED
05-31 20:49:03.920 D/CompatibilityChangeReporter( 754): Compat change id reported: 261072174; UID 10044; state: DISABLED
05-31 20:49:03.947 W/[0 T2844 ..] audit( 0): audit_lost=419 audit_rate_limit=5 audit_backlog_limit=64
05-31 20:49:03.947 E/[0 T2844 ..] audit( 0): rate limit exceeded
05-31 20:49:04.134 I/ActivityManager( 754): Skip zero pid ANR, process=WebViewLoader-armeabi-v7a
05-31 20:49:04.277 D/ActivityManager( 754): freezing 2502 com.android.webview:webview_service
05-31 20:49:06.151 I/ActivityManager( 754): Waited long enough for: ServiceRecord{2ba157d u0 com.droidlogic.mictoggle/.AssistantMicMuteService}
05-31 20:49:06.782 W/[3 T2921 ..] audit( 0): audit_lost=971 audit_rate_limit=5 audit_backlog_limit=64
05-31 20:49:06.782 E/[3 T2921 ..] audit( 0): rate limit exceeded
05-31 20:49:07.480 I/ActivityManager( 754): Waited long enough for: ServiceRecord{a76a82e u0 com.oranth.storage/.MainService}
05-31 20:49:08.860 W/NotificationHistory( 754): Attempted to add notif for locked/gone/disabled user 0
05-31 20:49:08.981 W/[1 T2964 ..] audit( 0): audit_lost=976 audit_rate_limit=5 audit_backlog_limit=64
05-31 20:49:08.982 E/[1 T2964 ..] audit( 0): rate limit exceeded
05-31 20:49:09.623 W/ ( 0): [1 T660 ..] [aml_cfg80211_scan 1812] n_channels:26,iftype:2
05-31 20:49:09.623 W/ ( 0): [1 T660 ..] [aml_send_scanu_req 2532] vif:0
05-31 20:49:09.623 W/ ( 0): [1 T660 ..] >>> aml_send_msg()
05-31 20:49:09.625 W/ ( 0): [2 T1196 ..] ipc_sdio_host_msgack_handler 00000000e4a05d17
05-31 20:49:09.625 W/ ( 0): [2 T1196 ..] [aml_msgackind 2038] msg ack hostid=0xffffff803b0f8300
05-31 20:49:09.626 W/ ( 0): [2 T1196 ..] [cmd_mgr_llind 329] cmd tkn[23] flags:0008 result: -4 cmd:4096-SCANU_START_REQ - reqcfm( 0-none)
05-31 20:49:09.628 W/ ( 0): [2 T1196 ..] [cmd_complete 65] cmd tkn[23] flags:0000 result: -4 cmd:4096-SCANU_START_REQ - reqcfm( 0-none)
05-31 20:49:11.370 D/OomAdjuster( 754): Not killing cached processes
05-31 20:49:11.294 W/ ( 0): [3 T1197 ..] [aml_scan_rx 1505] scanres_payload_buf overflow, flush
05-31 20:49:11.585 I/[3 T1597 ..] logd( 0): start watching /data/system/packages.list ...
05-31 20:49:11.588 I/[3 T1597 ..] logd( 0): ReadPackageList, total packages: 80
05-31 20:49:12.154 W/ ( 0): [2 T1196 ..] >>> aml_rx_scanu_start_cfm()
05-31 20:49:14.496 I/keystore2( 283): system/security/keystore2/src/watchdog.rs:319 - Watchdog thread idle -> terminating. Have a great day.
05-31 20:49:16.688 D/OomAdjuster( 754): Not killing cached processes
05-31 20:49:21.168 W/ ( 0): [3 T660 ..] [aml_cfg80211_scan 1812] n_channels:26,iftype:2
05-31 20:49:21.168 W/ ( 0): [3 T660 ..] [aml_send_scanu_req 2532] vif:0
05-31 20:49:21.168 W/ ( 0): [3 T660 ..] >>> aml_send_msg()
05-31 20:49:21.170 W/ ( 0): [2 T1196 ..] ipc_sdio_host_msgack_handler 000000003bf26d6c
05-31 20:49:21.170 W/ ( 0): [2 T1196 ..] [aml_msgackind 2038] msg ack hostid=0xffffff80b80acc00
05-31 20:49:21.171 W/ ( 0): [2 T1196 ..] [cmd_mgr_llind 329] cmd tkn[24] flags:0008 result: -4 cmd:4096-SCANU_START_REQ - reqcfm( 0-none)
05-31 20:49:21.173 W/ ( 0): [2 T1196 ..] [cmd_complete 65] cmd tkn[24] flags:0000 result: -4 cmd:4096-SCANU_START_REQ - reqcfm( 0-none)
05-31 20:49:22.669 D/ActivityManager( 754): freezing 2124 com.android.providers.calendar
05-31 20:49:22.713 D/ActivityManager( 754): freezing 1585 com.android.providers.tv
05-31 20:49:23.317 D/ActivityManager( 754): freezing 2322 com.android.rkpdapp
05-31 20:49:23.248 W/ ( 0): [3 T1197 ..] [aml_scan_rx 1505] scanres_payload_buf overflow, flush
05-31 20:49:23.699 W/ ( 0): [2 T1196 ..] >>> aml_rx_scanu_start_cfm()
05-31 20:49:23.774 D/ActivityManager( 754): freezing 2399 com.android.statementservice
05-31 20:49:25.857 D/CompatibilityChangeReporter( 754): Compat change id reported: 135634846; UID 10040; state: DISABLED
05-31 20:49:25.859 D/CompatibilityChangeReporter( 754): Compat change id reported: 143937733; UID 10040; state: DISABLED
05-31 20:49:25.879 I/ActivityManager( 754): Start proc 3135:com.sohu.inputmethod.sogou.tv/u0a40 for service {com.sohu.inputmethod.sogou.tv/com.sohu.inputmethod.sogou.tv.SogouIME}
05-31 20:49:25.911 D/CompatibilityChangeReporter( 754): Compat change id reported: 168419799; UID 10040; state: DISABLED
05-31 20:49:25.911 D/CompatibilityChangeReporter( 754): Compat change id reported: 273564678; UID 10040; state: DISABLED
05-31 20:49:25.916 D/CompatibilityChangeReporter( 754): Compat change id reported: 265195908; UID 10040; state: ENABLED
05-31 20:49:25.937 D/CompatibilityChangeReporter( 754): Compat change id reported: 170503758; UID 10040; state: DISABLED
05-31 20:49:26.092 W/WindowManager( 754): [addWindow] title:InputMethod
05-31 20:49:26.095 W/ActivityTaskManager( 754): Current config: {1.0 ?mcc0mnc [zh_CN] ldltr sw720dp w1280dp h720dp 240dpi xlrg long land television -touch -keyb/v/h dpad/v winConfig={ mBounds=Rect(0, 0 - 1920, 1080) mAppBounds=Rect(0, 0 - 1920, 1080) mMaxBounds=Rect(0, 0 - 1920, 1080) mDisplayRotation=ROTATION_0 mWindowingMode=fullscreen mDisplayWindowingMode=fullscreen mActivityType=undefined mAlwaysOnTop=undefined mRotation=ROTATION_0} as.2 s.16 fontWeightAdjustment=0} unchanged for IME proc com.sohu.inputmethod.sogou.tv
05-31 20:49:26.095 W/ActivityTaskManager( 754): Current config: {1.0 ?mcc0mnc [zh_CN] ldltr sw720dp w1280dp h720dp 240dpi xlrg long land television -touch -keyb/v/h dpad/v winConfig={ mBounds=Rect(0, 0 - 1920, 1080) mAppBounds=Rect(0, 0 - 1920, 1080) mMaxBounds=Rect(0, 0 - 1920, 1080) mDisplayRotation=ROTATION_0 mWindowingMode=fullscreen mDisplayWindowingMode=fullscreen mActivityType=undefined mAlwaysOnTop=undefined mRotation=ROTATION_0} as.2 s.16 fontWeightAdjustment=0} unchanged for IME proc com.sohu.inputmethod.sogou.tv
05-31 20:49:26.103 D/CoreBackPreview( 754): Window{92c1bc8 u0 InputMethod}: Setting back callback OnBackInvokedCallbackInfo{mCallback=android.window.IOnBackInvokedCallback$Stub$Proxy@5c5759d, mPriority=0, mIsAnimationCallback=false}
05-31 20:49:26.113 D/CompatibilityChangeReporter( 754): Compat change id reported: 161145287; UID 10040; state: DISABLED
05-31 20:49:26.253 D/CompatibilityChangeReporter( 754): Compat change id reported: 149924527; UID 10040; state: ENABLED
05-31 20:49:26.254 D/CompatibilityChangeReporter( 754): Compat change id reported: 132649864; UID 10040; state: DISABLED
05-31 20:49:26.697 D/ActivityManager( 754): freezing 1123 com.android.permissioncontroller
05-31 20:49:31.381 D/OomAdjuster( 754): Not killing cached processes
05-31 20:49:33.219 D/ActivityManager( 754): sync unfroze 1585 com.android.providers.tv for 6
05-31 20:49:39.752 D/ActivityManager( 754): sync unfroze 1123 com.android.permissioncontroller for 6
05-31 20:49:39.754 D/OomAdjuster( 754): Not killing cached processes
05-31 20:49:39.754 W/ProcessStats( 754): Tracking association SourceState{cc69a3c system/1000 ImpFg #443} whose proc state 5 is better than process ProcessState{b22f231 com.android.permissioncontroller/10067 pkg=com.android.permissioncontroller} proc state 15 (0 skipped)
05-31 20:49:41.390 D/ActivityManager( 754): freezing 2037 android.process.acore
05-31 20:49:41.391 D/ActivityManager( 754): freezing 2108 android.process.media
05-31 20:49:43.163 W/ ( 0): [0 T61 ..] [aml_send_sync_trace 4388] sync token[13198]
05-31 20:49:43.163 W/ ( 0): [0 T61 ..] >>> aml_send_msg()
05-31 20:49:43.165 W/ ( 0): [2 T1196 ..] ipc_sdio_host_msgack_handler 0000000068f59567
05-31 20:49:43.165 W/ ( 0): [2 T1196 ..] [aml_msgackind 2038] msg ack hostid=0xffffff8010e34580
05-31 20:49:43.166 W/ ( 0): [2 T1196 ..] [cmd_mgr_llind 329] cmd tkn[25] flags:0008 result: -4 cmd: 105-MM_SYNC_TRACE - reqcfm( 0-none)
05-31 20:49:43.167 W/ ( 0): [2 T1196 ..] [cmd_complete 65] cmd tkn[25] flags:0000 result: -4 cmd: 105-MM_SYNC_TRACE - reqcfm( 0-none)
05-31 20:49:43.254 D/ActivityManager( 754): freezing 1585 com.android.providers.tv
05-31 20:49:49.627 W/ ( 0): [1 T660 ..] [aml_cfg80211_scan 1812] n_channels:26,iftype:2
05-31 20:49:49.627 W/ ( 0): [1 T660 ..] [aml_send_scanu_req 2532] vif:0
05-31 20:49:49.627 W/ ( 0): [1 T660 ..] >>> aml_send_msg()
05-31 20:49:49.628 W/ ( 0): [2 T1196 ..] ipc_sdio_host_msgack_handler 00000000e1049180
05-31 20:49:49.629 W/ ( 0): [2 T1196 ..] [aml_msgackind 2038] msg ack hostid=0xffffff802ecf3780
05-31 20:49:49.630 W/ ( 0): [2 T1196 ..] [cmd_mgr_llind 329] cmd tkn[26] flags:0008 result: -4 cmd:4096-SCANU_START_REQ - reqcfm( 0-none)
05-31 20:49:49.631 W/ ( 0): [2 T1196 ..] [cmd_complete 65] cmd tkn[26] flags:0000 result: -4 cmd:4096-SCANU_START_REQ - reqcfm( 0-none)
05-31 20:49:49.892 I/[3 T1597 ..] logd( 0): start watching /data/system/packages.list ...
05-31 20:49:49.895 I/[3 T1597 ..] logd( 0): ReadPackageList, total packages: 80
05-31 20:49:49.894 D/OomAdjuster( 754): Not killing cached processes
05-31 20:49:50.361 W/BatteryExternalStatsWorker( 754): error reading Bluetooth stats: 11
05-31 20:49:51.727 W/ ( 0): [3 T1197 ..] [aml_scan_rx 1505] scanres_payload_buf overflow, flush
05-31 20:49:52.158 W/ ( 0): [2 T1196 ..] >>> aml_rx_scanu_start_cfm()
05-31 20:49:52.531 D/CompatibilityChangeReporter( 754): Compat change id reported: 171306433; UID 1000; state: ENABLED
05-31 20:49:52.532 D/CompatibilityChangeReporter( 754): Compat change id reported: 218533173; UID 1000; state: ENABLED
05-31 20:49:53.850 W/ ( 0): [3 T660 ..] [aml_cfg80211_scan 1812] n_channels:26,iftype:2
05-31 20:49:53.850 W/ ( 0): [3 T660 ..] [aml_send_scanu_req 2532] vif:0
05-31 20:49:53.850 W/ ( 0): [3 T660 ..] >>> aml_send_msg()
05-31 20:49:53.852 W/ ( 0): [2 T1196 ..] ipc_sdio_host_msgack_handler 00000000a7b152c9
05-31 20:49:53.852 W/ ( 0): [2 T1196 ..] [aml_msgackind 2038] msg ack hostid=0xffffff80b42ab180
05-31 20:49:53.853 W/ ( 0): [2 T1196 ..] [cmd_mgr_llind 329] cmd tkn[27] flags:0008 result: -4 cmd:4096-SCANU_START_REQ - reqcfm( 0-none)
05-31 20:49:53.855 W/ ( 0): [2 T1196 ..] [cmd_complete 65] cmd tkn[27] flags:0000 result: -4 cmd:4096-SCANU_START_REQ - reqcfm( 0-none)
05-31 20:49:55.988 W/ ( 0): [3 T1197 ..] [aml_scan_rx 1505] scanres_payload_buf overflow, flush
05-31 20:49:56.381 W/ ( 0): [2 T1196 ..] >>> aml_rx_scanu_start_cfm()
05-31 20:49:59.943 D/ActivityManager( 754): freezing 1123 com.android.permissioncontroller
05-31 20:50:00.674 W/ ( 0): [0 T1221 ..] [aml_android_priv_ioctl 128] vif idx=0 cmd=BTCOEXSCAN-START
05-31 20:50:00.674 W/ ( 0): [0 T1221 ..] [aml_android_priv_ioctl 152] not support id=22
05-31 20:50:03.293 I/[3 T42 ..] input( 0): Dangbei as /devices/virtual/misc/uhid/0005:000D:3838.0001/input/input9
05-31 20:50:03.295 I/[3 T42 ..] input( 0): Dangbei Consumer Control as /devices/virtual/misc/uhid/0005:000D:3838.0001/input/input11
05-31 20:50:03.300 I/ ( 0): [3 T42 ..] hid-generic 0005:000D:3838.0001: input,hidraw0: BLUETOOTH HID v0.00 Keyboard [Dangbei] on 1c:79:2d:20:62:cc
05-31 20:50:03.302 W/ ( 0): [3 T1221 ..] [aml_android_priv_ioctl 128] vif idx=0 cmd=BTCOEXSCAN-START
05-31 20:50:03.302 W/ ( 0): [3 T1221 ..] [aml_android_priv_ioctl 152] not support id=22
05-31 20:50:04.135 W/[1 T3538 ..] audit( 0): audit_lost=1284 audit_rate_limit=5 audit_backlog_limit=64
05-31 20:50:04.135 E/[1 T3538 ..] audit( 0): rate limit exceeded
05-31 20:50:11.372 W/ ( 0): [2 T660 ..] [aml_cfg80211_scan 1812] n_channels:26,iftype:2
05-31 20:50:11.372 W/ ( 0): [2 T660 ..] [aml_send_scanu_req 2532] vif:0
05-31 20:50:11.373 W/ ( 0): [2 T660 ..] >>> aml_send_msg()
05-31 20:50:11.374 W/ ( 0): [2 T1196 ..] ipc_sdio_host_msgack_handler 000000000c4e11bd
05-31 20:50:11.375 W/ ( 0): [2 T1196 ..] [aml_msgackind 2038] msg ack hostid=0xffffff803c133c00
05-31 20:50:11.375 W/ ( 0): [2 T1196 ..] [cmd_mgr_llind 329] cmd tkn[28] flags:0008 result: -4 cmd:4096-SCANU_START_REQ - reqcfm( 0-none)
05-31 20:50:11.377 W/ ( 0): [2 T1196 ..] [cmd_complete 65] cmd tkn[28] flags:0000 result: -4 cmd:4096-SCANU_START_REQ - reqcfm( 0-none)
05-31 20:50:13.042 W/ ( 0): [3 T1197 ..] [aml_scan_rx 1505] scanres_payload_buf overflow, flush
05-31 20:50:13.903 W/ ( 0): [2 T1196 ..] >>> aml_rx_scanu_start_cfm()
05-31 20:50:20.515 D/HDMI ( 754): settings onchange user_setup_complete to true
05-31 20:50:20.515 I/HDMI ( 754): set up complete!
05-31 20:50:20.515 D/AutofillManagerServiceImpl( 754): Reset component for user 0:null
05-31 20:50:20.516 D/AutofillUI( 754): destroySaveUiUiThread(): already destroyed
05-31 20:50:20.516 D/AutofillUI( 754): destroySaveUiUiThread(): already destroyed
05-31 20:50:20.517 D/AutofillManagerServiceImpl( 754): Reset component for user 0:null
05-31 20:50:20.517 D/FieldClassificationStrategy( 754): reset(): service is not bound. Do nothing.
05-31 20:50:20.517 D/PackageManager( 754): Instant App installer not found with android.intent.action.INSTALL_INSTANT_APP_PACKAGE
05-31 20:50:20.517 D/PackageManager( 754): Clear ephemeral installer activity
05-31 20:50:20.521 D/PackageManager( 754): Instant App installer not found with android.intent.action.INSTALL_INSTANT_APP_PACKAGE
05-31 20:50:20.521 D/PackageManager( 754): Clear ephemeral installer activity
05-31 20:50:20.521 D/PinnerService( 754): pinRangeStream: null
05-31 20:50:20.524 D/OomAdjuster( 754): Not killing cached processes
05-31 20:50:20.530 V/WindowManagerShell( 1121): Transition requested: android.os.BinderProxy@18278ea TransitionRequestInfo { type = 2, triggerTask = TaskInfo{userId=0 taskId=3 displayId=0 isRunning=false baseIntent=Intent { act=android.intent.action.MAIN cat=[android.intent.category.HOME] flg=0x10800100 cmp=com.dangbei.hqguide/.main.MainActivity } baseActivity=null topActivity=null origActivity=null realActivity=ComponentInfo{com.dangbei.hqguide/com.dangbei.hqguide.main.MainActivity} numActivities=0 lastActiveTime=47305 supportsMultiWindow=true resizeMode=0 isResizeable=false minWidth=-1 minHeight=-1 defaultMinSize=220 token=WCT{android.window.IWindowContainerToken$Stub$Proxy@460f7db} topActivityType=2 pictureInPictureParams=null shouldDockBigOverlays=false launchIntoPipHostTaskId=-1 lastParentTaskIdBeforePip=-1 displayCutoutSafeInsets=null topActivityInfo=null launchCookies=[] positionInParent=Point(0, 0) parentTaskId=-1 isFocused=true isVisible=true isVisibleRequested=true isSleeping=false topActivityInSizeCompat=false topActivityEligibleForLetterboxEducation= false isLetterboxDoubleTapEnabled= false topActivityEligibleForUserAspectRatioButton= false topActivityBoundsLetterboxed= false isFromLetterboxDoubleTap= false topActivityLetterboxVerticalPosition= -1 topActivityLetterboxHorizontalPosition= -1 topActivityLetterboxWidth=-1 topActivityLetterboxHeight=-1 isUserFullscreenOverrideEnabled=false isTopActivityTransparent=false locusId=null displayAreaFeatureId=1 cameraCompatControlState=hidden}, remoteTransition = null, displayChange = null, flags = 0 }
05-31 20:50:20.538 D/CompatibilityChangeReporter( 754): Compat change id reported: 265464455; UID 1000; state: DISABLED
05-31 20:50:20.539 D/CompatibilityChangeReporter( 754): Compat change id reported: 265452344; UID 1000; state: DISABLED
05-31 20:50:20.539 D/CompatibilityChangeReporter( 754): Compat change id reported: 266124927; UID 1000; state: DISABLED
05-31 20:50:20.539 D/CompatibilityChangeReporter( 754): Compat change id reported: 265451093; UID 1000; state: DISABLED
05-31 20:50:20.539 D/CompatibilityChangeReporter( 754): Compat change id reported: 265456536; UID 1000; state: DISABLED
05-31 20:50:20.540 D/CompatibilityChangeReporter( 754): Compat change id reported: 255940284; UID 1000; state: DISABLED
05-31 20:50:20.540 D/CompatibilityChangeReporter( 754): Compat change id reported: 236283604; UID 1000; state: DISABLED
05-31 20:50:20.540 D/CompatibilityChangeReporter( 754): Compat change id reported: 263959004; UID 1000; state: DISABLED
05-31 20:50:20.540 D/CompatibilityChangeReporter( 754): Compat change id reported: 264304459; UID 1000; state: DISABLED
05-31 20:50:20.540 D/CompatibilityChangeReporter( 754): Compat change id reported: 264301586; UID 1000; state: DISABLED
05-31 20:50:20.541 D/CompatibilityChangeReporter( 754): Compat change id reported: 254631730; UID 1000; state: DISABLED
05-31 20:50:20.541 D/CompatibilityChangeReporter( 754): Compat change id reported: 273509367; UID 1000; state: DISABLED
05-31 20:50:20.541 D/CompatibilityChangeReporter( 754): Compat change id reported: 263259275; UID 1000; state: DISABLED
05-31 20:50:20.541 D/CompatibilityChangeReporter( 754): Compat change id reported: 174042980; UID 1000; state: DISABLED
05-31 20:50:20.541 D/CompatibilityChangeReporter( 754): Compat change id reported: 174042936; UID 1000; state: DISABLED
05-31 20:50:20.541 D/CompatibilityChangeReporter( 754): Compat change id reported: 181136395; UID 1000; state: DISABLED
05-31 20:50:20.545 D/CompatibilityChangeReporter( 754): Compat change id reported: 194480991; UID 1000; state: ENABLED
05-31 20:50:20.553 D/CompatibilityChangeReporter( 754): Compat change id reported: 197654537; UID 1000; state: DISABLED
05-31 20:50:20.555 I/ActivityTaskManager( 754): START u0 {act=android.intent.action.MAIN cat=[android.intent.category.HOME] flg=0x10000100 cmp=com.dangbei.leard.leradlauncher/com.dangbei.launcher.home.LauncherActivity (has extras)} with LAUNCH_SINGLE_TASK from uid 0 (BAL_ALLOW_ALLOWLISTED_UID) result code=0
05-31 20:50:20.557 V/WindowManager( 754): app ------------- force_land :0
05-31 20:50:20.581 D/PinnerService( 754): pinRangeStream: null
05-31 20:50:20.581 D/PinnerService( 754): pinRangeStream: null
05-31 20:50:20.661 D/WindowManagerShell( 1121): TvPipController: onTaskStackChanged()
05-31 20:50:20.763 D/CompatibilityChangeReporter( 754): Compat change id reported: 161145287; UID 1000; state: ENABLED
05-31 20:50:20.763 D/CompatibilityChangeReporter( 754): Compat change id reported: 161145287; UID 1000; state: DISABLED
05-31 20:50:20.984 W/WindowManager( 754): [addWindow] title:com.dangbei.leard.leradlauncher/com.dangbei.launcher.home.LauncherActivity
05-31 20:50:20.985 W/WindowManager( 754): Failed looking up window session=Session{7c2305e 2341:1000} callers=com.android.server.wm.WindowManagerService.windowForClientLocked:6075 com.android.server.wm.Session.updateRequestedVisibleTypes:695 android.view.IWindowSession$Stub.onTransact:1034
05-31 20:50:20.985 D/CompatibilityChangeReporter( 754): Compat change id reported: 168419799; UID 1000; state: DISABLED
05-31 20:50:20.986 D/CompatibilityChangeReporter( 754): Compat change id reported: 273564678; UID 1000; state: DISABLED
05-31 20:50:21.043 D/CoreBackPreview( 754): Window{cbb6255 u0 com.dangbei.leard.leradlauncher/com.dangbei.launcher.home.LauncherActivity}: Setting back callback OnBackInvokedCallbackInfo{mCallback=android.window.IOnBackInvokedCallback$Stub$Proxy@89cced1, mPriority=0, mIsAnimationCallback=false}
05-31 20:50:21.121 I/[2 T231 ..] servicemanager( 0): Found android.hardware.graphics.allocator.IAllocator/default in device VINTF manifest.
05-31 20:50:21.125 I/[1 T231 ..] servicemanager( 0): Found android.hardware.graphics.allocator.IAllocator/default in device VINTF manifest.
05-31 20:50:21.161 E/ ( 0): [0 T3791 ..] mediaproxy produce init [aml-vcodec-dec]
05-31 20:50:21.161 I/ ( 0): [0 T3791 ..] Mediaproxy is opened name[aml-vcodec-dec]\n
05-31 20:50:21.161 I/ ( 0): [0 T3791 ..] Mediaproxy is opened name[aml-vcodec-dec] end\n
05-31 20:50:21.162 E/ ( 0): [0 T3791 ..] mediaproxy produce start connect
05-31 20:50:21.151 W/ContextImpl( 754): Calling a method in the system process without a qualified user: android.app.ContextImpl.startService:1899 com.android.server.wm.DisplayPolicy.lambda$focusChangedLw$5:2126 com.android.server.wm.DisplayPolicy.$r8$lambda$Znxk63oh-WzVnzo_WQefN7uxV48:0 com.android.server.wm.DisplayPolicy$$ExternalSyntheticLambda13.run:0 android.os.Handler.handleCallback:958
05-31 20:50:21.163 I/ ( 0): [0 T3791 ..] success to alloc kfifo size:[32] i=[2]
05-31 20:50:21.164 I/ ( 0): [0 T3791 ..] find p kfifo size:[32][2]
05-31 20:50:21.165 I/ ( 0): [0 T3791 ..] mediaproxy_get_fifo get idx[2]
05-31 20:50:21.165 I/ ( 0): [0 T3791 ..] Session producer-2 is connected fifo idx [2]
05-31 20:50:21.166 E/ ( 0): [0 T3791 ..] mediaproxy produce connect [2]
05-31 20:50:21.167 I/ ( 0): [0 T3791 ..] mediaproxy produce msg type :0x40 module_name:aml-vcodec-dec
05-31 20:50:21.169 I/ ( 0): [0 T3791 ..] deinit session
05-31 20:50:21.169 I/ ( 0): [0 T3791 ..] deinit session producer-2
05-31 20:50:21.169 I/ ( 0): [0 T3791 ..] deinit has_unusing_fifo [1]
05-31 20:50:21.170 I/ ( 0): [1 T99 ..] p_fifo[2] name[aml-vcodec-dec] state[0] to MP_FIFO_UNUSED
05-31 20:50:21.171 E/ ( 0): [0 T3791 ..] mediaproxy produce init [aml-vcodec-dec]
05-31 20:50:21.172 I/ ( 0): [0 T3791 ..] Mediaproxy is opened name[aml-vcodec-dec]\n
05-31 20:50:21.172 I/ ( 0): [0 T3791 ..] Mediaproxy is opened name[aml-vcodec-dec] end\n
05-31 20:50:21.172 E/ ( 0): [0 T3791 ..] mediaproxy produce start connect
05-31 20:50:21.174 I/ ( 0): [0 T3791 ..] find p kfifo size:[32][2]
05-31 20:50:21.175 I/ ( 0): [0 T3791 ..] mediaproxy_get_fifo get idx[2]
05-31 20:50:21.175 I/ ( 0): [0 T3791 ..] Session producer-2 is connected fifo idx [2]
05-31 20:50:21.176 E/ ( 0): [0 T3791 ..] mediaproxy produce connect [2]
05-31 20:50:21.177 I/ ( 0): [0 T3791 ..] mediaproxy produce msg type :0x40 module_name:aml-vcodec-dec
05-31 20:50:21.181 I/ ( 0): [0 T3791 ..] deinit session
05-31 20:50:21.181 I/ ( 0): [0 T3791 ..] deinit session producer-2
05-31 20:50:21.181 I/ ( 0): [0 T3791 ..] deinit has_unusing_fifo [1]
05-31 20:50:21.182 I/ ( 0): [0 T99 ..] p_fifo[2] name[aml-vcodec-dec] state[0] to MP_FIFO_UNUSED
05-31 20:50:21.183 W/[2 T3791 ..] audit( 0): audit_lost=1285 audit_rate_limit=5 audit_backlog_limit=64
05-31 20:50:21.183 E/[2 T3791 ..] audit( 0): rate limit exceeded
05-31 20:50:21.184 I/ ( 0): [1 T3791 ..] codec mem info:
05-31 20:50:21.185 I/ ( 0): [1 T3791 ..] total codec mem size:364 MB
05-31 20:50:21.185 I/ ( 0): [1 T3791 ..] alloced size= 0 MB
05-31 20:50:21.186 I/ ( 0): [1 T3791 ..] max alloced: 0 MB
05-31 20:50:21.186 I/[1 T3791 ..] CMA( 0): 0,RES:0,TVP:0,SYS:0,COHER:0,VMAPED:0 MB
05-31 20:50:21.188 I/[1 T3791 ..] RES_EXT( 0): 0 MB
05-31 20:50:21.188 I/ ( 0): [1 T3791 ..] [4]CMA size:364 MB:alloced: 0 MB,free:364 MB
05-31 20:50:21.189 I/ ( 0): [1 T3791 ..] codec mem info:
05-31 20:50:21.189 I/ ( 0): [1 T3791 ..] total codec mem size:364 MB
05-31 20:50:21.190 I/ ( 0): [1 T3791 ..] alloced size= 0 MB
05-31 20:50:21.190 I/ ( 0): [1 T3791 ..] max alloced: 0 MB
05-31 20:50:21.191 I/[1 T3791 ..] CMA( 0): 0,RES:0,TVP:0,SYS:0,COHER:0,VMAPED:0 MB
05-31 20:50:21.191 I/[1 T3791 ..] RES_EXT( 0): 0 MB
05-31 20:50:21.192 I/ ( 0): [1 T3791 ..] [4]CMA size:364 MB:alloced: 0 MB,free:364 MB
05-31 20:50:21.194 E/ ( 0): [0 T3798 ..] mediaproxy produce init [aml-vcodec-dec]
05-31 20:50:21.194 I/ ( 0): [0 T3798 ..] Mediaproxy is opened name[aml-vcodec-dec]\n
05-31 20:50:21.194 I/ ( 0): [0 T3798 ..] Mediaproxy is opened name[aml-vcodec-dec] end\n
05-31 20:50:21.195 E/ ( 0): [0 T3798 ..] mediaproxy produce start connect
05-31 20:50:21.196 I/ ( 0): [0 T3798 ..] find p kfifo size:[32][2]
05-31 20:50:21.197 I/ ( 0): [0 T3798 ..] mediaproxy_get_fifo get idx[2]
05-31 20:50:21.197 I/ ( 0): [0 T3798 ..] Session producer-2 is connected fifo idx [2]
05-31 20:50:21.198 E/ ( 0): [0 T3798 ..] mediaproxy produce connect [2]
05-31 20:50:21.199 I/ ( 0): [0 T3798 ..] mediaproxy produce msg type :0x40 module_name:aml-vcodec-dec
05-31 20:50:21.202 I/ ( 0): [0 T3798 ..] deinit session
05-31 20:50:21.202 I/ ( 0): [0 T3798 ..] deinit session producer-2
05-31 20:50:21.202 I/ ( 0): [0 T3798 ..] deinit has_unusing_fifo [1]
05-31 20:50:21.207 I/ ( 0): [2 T99 ..] p_fifo[2] name[aml-vcodec-dec] state[0] to MP_FIFO_UNUSED
05-31 20:50:21.208 E/ ( 0): [3 T3798 ..] mediaproxy produce init [aml-vcodec-dec]
05-31 20:50:21.209 I/ ( 0): [3 T3798 ..] Mediaproxy is opened name[aml-vcodec-dec]\n
05-31 20:50:21.209 I/ ( 0): [3 T3798 ..] Mediaproxy is opened name[aml-vcodec-dec] end\n
05-31 20:50:21.210 E/ ( 0): [3 T3798 ..] mediaproxy produce start connect
05-31 20:50:21.211 I/ ( 0): [3 T3798 ..] find p kfifo size:[32][2]
05-31 20:50:21.212 I/ ( 0): [3 T3798 ..] mediaproxy_get_fifo get idx[2]
05-31 20:50:21.212 I/ ( 0): [3 T3798 ..] Session producer-2 is connected fifo idx [2]
05-31 20:50:21.213 E/ ( 0): [3 T3798 ..] mediaproxy produce connect [2]
05-31 20:50:21.214 I/ ( 0): [3 T3798 ..] mediaproxy produce msg type :0x40 module_name:aml-vcodec-dec
05-31 20:50:21.219 I/[3 T3798 ..] [amlv4l]( 0): [3]: DW:10, TW:0, Margin:6
05-31 20:50:21.219 D/[2 T3806 ..] [amlcom]( 0): vdec_create instance 00000000fb3ee8fc, total 1, PM: power-domain
05-31 20:50:21.219 D/[2 T3806 ..] [media_clock]( 0): vdec mux clock is 799999988 Hz
05-31 20:50:21.220 I/[3 T3806 ..] [amlcom]( 0): dos_local_config end, id 0, is_on 1
05-31 20:50:21.220 I/[3 T3806 ..] [amlcom]( 0): vdec_init, dev_name:ammvdec_h264_v4l, vdec_type=VDEC_TYPE_FRAME_BLOCK, format: 2, total: 1
05-31 20:50:21.222 D/[3 T3806 ..] [h264]( 0): 0: pdata->config=parm_v4l_codec_enable:1;mh264_double_write_mode:16;parm_v4l_buffer_margin:6;parm_v4l_canvas_mem_mode:0;parm_v4l_canvas_mem_endian:0;parm_v4l_low_latency_mode:0;parm_v4l_metadata_config_flag:1050626;parm_v4l_duration:0;parm_v4l_error_handle_info:0;
05-31 20:50:21.222 D/[3 T3806 ..] [h264]( 0): 0: ammvdec_h264_probe error_proc_policy 0x813fcff7 mb_count_threshold 0
05-31 20:50:21.222 D/[3 T3806 ..] [h264]( 0): ammvdec_h264_bmmu_init tvp = 0x0
05-31 20:50:21.236 D/[1 T3806 ..] [media_clock]( 0): vdec mux clock is 799999988 Hz
05-31 20:50:21.239 D/[3 T3806 ..] [h264]( 0): vh264_init, phy_addr=cee29000 vaddr=0000000064bab3ac
05-31 20:50:21.240 I/[1 T3791 ..] [amlv4l]( 0): [3]: set vf duration: f00
05-31 20:50:21.270 D/[3 T61 ..] [h264]( 0): 0: vmh264_get_ps_info mmu_enable 0 double_write_mode 0x10
05-31 20:50:21.270 I/[3 T61 ..] [amlv4l]( 0): [3]: Parse from ucode, visible(1920 x 1080), coded(1920 x 1088), scan:P, bitdepth(0), dw(10)
05-31 20:50:21.270 I/[0 T3806 ..] [amlv4l]( 0): [3]: Picture buffer count: dec:5, vpp:0, ge2d:0, margin:6, total:11
05-31 20:50:21.272 D/[0 T3806 ..] [amlv4l]( 0): [3]: Post event: res chg
05-31 20:50:21.285 I/[1 T231 ..] servicemanager( 0): Found android.hardware.graphics.allocator.IAllocator/default in device VINTF manifest.
05-31 20:50:21.287 I/[1 T231 ..] servicemanager( 0): Found android.hardware.graphics.allocator.IAllocator/default in device VINTF manifest.
05-31 20:50:21.301 I/[1 T231 ..] servicemanager( 0): Found android.hardware.graphics.allocator.IAllocator/default in device VINTF manifest.
05-31 20:50:21.303 I/[1 T231 ..] servicemanager( 0): Found android.hardware.graphics.allocator.IAllocator/default in device VINTF manifest.
05-31 20:50:21.325 D/[1 T61 ..] [h264]( 0): 0: restriction_flag=0, max_dec_frame_buffering=4, dec_dpb_size=5 num_reorder_frames 2 used_reorder_dpb_size_margin 6
05-31 20:50:21.333 D/[0 T254 ..] [h264]( 0): 0: decoder duration change old: 0 new: 1920
05-31 20:50:21.350 V/WindowManagerShell( 1121): onTransitionReady android.os.BinderProxy@18278ea: {id=3 t=CLOSE f=0x0 trk=0 r=[0@Point(0, 0)] c=[{WCT{android.window.IWindowContainerToken$Stub$Proxy@4ed36b7} m=OPEN f=MOVE_TO_TOP leash=Surface(name=Task=4)/@0x7307278 sb=Rect(0, 0 - 1920, 1080) eb=Rect(0, 0 - 1920, 1080) d=0},{WCT{android.window.IWindowContainerToken$Stub$Proxy@8363e24} m=CLOSE f=NONE leash=Surface(name=Task=3)/@0x3517d51 sb=Rect(0, 0 - 1920, 1080) eb=Rect(0, 0 - 1920, 1080) d=0}]}
05-31 20:50:21.351 V/WindowManagerShell( 1121): Playing animation for (#3)android.os.BinderProxy@18278ea@0
05-31 20:50:21.351 V/WindowManagerShell( 1121): try handler com.android.wm.shell.keyguard.KeyguardTransitionHandler@878194a
05-31 20:50:21.351 V/WindowManagerShell( 1121): try handler com.android.wm.shell.pip.tv.TvPipTransition@c1380bb
05-31 20:50:21.351 V/WindowManagerShell( 1121): try handler com.android.wm.shell.activityembedding.ActivityEmbeddingController@128f9d8
05-31 20:50:21.352 V/WindowManagerShell( 1121): try handler com.android.wm.shell.transition.RemoteTransitionHandler@fa26131
05-31 20:50:21.352 V/WindowManagerShell( 1121): Transition doesn't have explicit remote, search filters for match for {id=3 t=CLOSE f=0x0 trk=0 r=[0@Point(0, 0)] c=[{WCT{android.window.IWindowContainerToken$Stub$Proxy@4ed36b7} m=OPEN f=MOVE_TO_TOP leash=Surface(name=Task=4)/@0x7307278 sb=Rect(0, 0 - 1920, 1080) eb=Rect(0, 0 - 1920, 1080) d=0},{WCT{android.window.IWindowContainerToken$Stub$Proxy@8363e24} m=CLOSE f=NONE leash=Surface(name=Task=3)/@0x3517d51 sb=Rect(0, 0 - 1920, 1080) eb=Rect(0, 0 - 1920, 1080) d=0}]}
05-31 20:50:21.352 V/WindowManagerShell( 1121): Delegate animation for #3 to null
05-31 20:50:21.352 V/WindowManagerShell( 1121): try handler com.android.wm.shell.transition.DefaultTransitionHandler@ea68016
05-31 20:50:21.352 V/WindowManagerShell( 1121): start default transition animation, info = {id=3 t=CLOSE f=0x0 trk=0 r=[0@Point(0, 0)] c=[{WCT{android.window.IWindowContainerToken$Stub$Proxy@4ed36b7} m=OPEN f=MOVE_TO_TOP leash=Surface(name=Task=4)/@0x7307278 sb=Rect(0, 0 - 1920, 1080) eb=Rect(0, 0 - 1920, 1080) d=0},{WCT{android.window.IWindowContainerToken$Stub$Proxy@8363e24} m=CLOSE f=NONE leash=Surface(name=Task=3)/@0x3517d51 sb=Rect(0, 0 - 1920, 1080) eb=Rect(0, 0 - 1920, 1080) d=0}]}
05-31 20:50:21.358 V/WindowManagerShell( 1121): loadAnimation: anim=android.view.animation.AlphaAnimation@7ab1890 animAttr=0xb type=CLOSE isEntrance=false
05-31 20:50:21.362 V/WindowManager( 754): Sent Transition #3 createdAt=05-31 20:50:20.525 via request=TransitionRequestInfo { type = 2, triggerTask = TaskInfo{userId=0 taskId=3 displayId=0 isRunning=false baseIntent=Intent { act=android.intent.action.MAIN cat=[android.intent.category.HOME] flg=0x10800100 cmp=com.dangbei.hqguide/.main.MainActivity } baseActivity=null topActivity=null origActivity=null realActivity=ComponentInfo{com.dangbei.hqguide/com.dangbei.hqguide.main.MainActivity} numActivities=0 lastActiveTime=47305 supportsMultiWindow=true resizeMode=0 isResizeable=false minWidth=-1 minHeight=-1 defaultMinSize=220 token=WCT{RemoteToken{3e1f128 Task{456c7bd #3 type=home A=10029:com.dangbei.hqguide}}} topActivityType=2 pictureInPictureParams=null shouldDockBigOverlays=false launchIntoPipHostTaskId=-1 lastParentTaskIdBeforePip=-1 displayCutoutSafeInsets=null topActivityInfo=null launchCookies=[] positionInParent=Point(0, 0) parentTaskId=-1 isFocused=true isVisible=true isVisibleRequested=true isSleeping=false topActivityInSizeCompat=false topActivityEligibleForLetterboxEducation= false isLetterboxDoubleTapEnabled= false topActivityEligibleForUserAspectRatioButton= false topActivityBoundsLetterboxed= false isFromLetterboxDoubleTap= false topActivityLetterboxVerticalPosition= -1 topActivityLetterboxHorizontalPosition= -1 topActivityLetterboxWidth=-1 topActivityLetterboxHeight=-1 isUserFullscreenOverrideEnabled=false isTopActivityTransparent=false locusId=null displayAreaFeatureId=1 cameraCompatControlState=hidden}, remoteTransition = null, displayChange = null, flags = 0 }
05-31 20:50:21.362 V/WindowManager( 754): startWCT=WindowContainerTransaction { changes = {} hops = [] errorCallbackToken=null taskFragmentOrganizer=null }
