05-31 20:48:50.178 V/SystemServerTimingAsync( 754): ssm.onUnlockingUser-0_com.android.role.RoleService took to complete: 0ms
05-31 20:48:50.178 D/SystemServerTimingAsync( 754): ssm.onUnlockingUser-0_com.android.server.vibrator.VibratorManagerService$Lifecycle
05-31 20:48:50.178 V/SystemServerTimingAsync( 754): ssm.onUnlockingUser-0_com.android.server.vibrator.VibratorManagerService$Lifecycle took to complete: 0ms
05-31 20:48:50.178 D/SystemServerTimingAsync( 754): ssm.onUnlockingUser-0_com.android.server.tare.InternalResourceService
05-31 20:48:50.178 V/SystemServerTimingAsync( 754): ssm.onUnlockingUser-0_com.android.server.tare.InternalResourceService took to complete: 0ms
05-31 20:48:50.178 D/SystemServerTimingAsync( 754): ssm.onUnlockingUser-0_com.android.server.alarm.AlarmManagerService
05-31 20:48:50.178 V/SystemServerTimingAsync( 754): ssm.onUnlockingUser-0_com.android.server.alarm.AlarmManagerService took to complete: 0ms
05-31 20:48:50.178 D/SystemServerTimingAsync( 754): ssm.onUnlockingUser-0_com.android.server.devicestate.DeviceStateManagerService
05-31 20:48:50.178 V/SystemServerTimingAsync( 754): ssm.onUnlockingUser-0_com.android.server.devicestate.DeviceStateManagerService took to complete: 0ms
05-31 20:48:50.178 D/SystemServerTimingAsync( 754): ssm.onUnlockingUser-0_com.android.server.camera.CameraServiceProxy
05-31 20:48:50.178 V/SystemServerTimingAsync( 754): ssm.onUnlockingUser-0_com.android.server.camera.CameraServiceProxy took to complete: 0ms
05-31 20:48:50.178 D/SystemServerTimingAsync( 754): ssm.onUnlockingUser-0_com.android.server.bluetooth.BluetoothService
05-31 20:48:50.178 V/SystemServerTimingAsync( 754): ssm.onUnlockingUser-0_com.android.server.bluetooth.BluetoothService took to complete: 0ms
05-31 20:48:50.178 D/SystemServerTimingAsync( 754): ssm.onUnlockingUser-0_com.android.server.connectivity.IpConnectivityMetrics
05-31 20:48:50.178 V/SystemServerTimingAsync( 754): ssm.onUnlockingUser-0_com.android.server.connectivity.IpConnectivityMetrics took to complete: 0ms
05-31 20:48:50.179 D/SystemServerTimingAsync( 754): ssm.onUnlockingUser-0_com.android.server.net.watchlist.NetworkWatchlistService$Lifecycle
05-31 20:48:50.179 V/SystemServerTimingAsync( 754): ssm.onUnlockingUser-0_com.android.server.net.watchlist.NetworkWatchlistService$Lifecycle took to complete: 0ms
05-31 20:48:50.179 D/SystemServerTimingAsync( 754): ssm.onUnlockingUser-0_com.android.server.PinnerService
05-31 20:48:50.179 V/SystemServerTimingAsync( 754): ssm.onUnlockingUser-0_com.android.server.PinnerService took to complete: 0ms
05-31 20:48:50.179 D/SystemServerTimingAsync( 754): ssm.onUnlockingUser-0_com.android.server.integrity.AppIntegrityManagerService
05-31 20:48:50.179 V/SystemServerTimingAsync( 754): ssm.onUnlockingUser-0_com.android.server.integrity.AppIntegrityManagerService took to complete: 0ms
05-31 20:48:50.179 D/SystemServerTimingAsync( 754): ssm.onUnlockingUser-0_com.android.server.logcat.LogcatManagerService
05-31 20:48:50.179 V/SystemServerTimingAsync( 754): ssm.onUnlockingUser-0_com.android.server.logcat.LogcatManagerService took to complete: 0ms
05-31 20:48:50.179 D/SystemServerTimingAsync( 754): ssm.onUnlockingUser-0_com.android.server.inputmethod.InputMethodManagerService$Lifecycle
05-31 20:48:50.179 V/SystemServerTimingAsync( 754): ssm.onUnlockingUser-0_com.android.server.inputmethod.InputMethodManagerService$Lifecycle took to complete: 0ms
05-31 20:48:50.179 D/SystemServerTimingAsync( 754): ssm.onUnlockingUser-0_com.android.server.accessibility.AccessibilityManagerService$Lifecycle
05-31 20:48:50.179 V/SystemServerTimingAsync( 754): ssm.onUnlockingUser-0_com.android.server.accessibility.AccessibilityManagerService$Lifecycle took to complete: 0ms
05-31 20:48:50.179 D/SystemServerTimingAsync( 754): ssm.onUnlockingUser-0_com.android.server.StorageManagerService$Lifecycle
05-31 20:48:50.179 D/StorageManagerService( 754): onUnlockUser 0
05-31 20:48:50.179 I/StorageSessionController( 754): On user unlock 0
05-31 20:48:50.179 I/StorageSessionController( 754): Initialialising...
05-31 20:48:50.144 W/ ( 0): [2 T1197 ..] [aml_scan_rx 1505] scanres_payload_buf overflow, flush
05-31 20:48:50.189 I/[2 T784 ..] apexd( 0): destroyCeSnapshotsNotSpecified() received by ApexService user_id : 0 retain_rollback_ids : []
05-31 20:48:50.188 W/InputMethodInfoUtils( 754): Found no fallback locale. imis=[InputMethodInfo{com.sohu.inputmethod.sogou.tv/.SogouIME, settings: com.sohu.inputmethod.sogou.SogouIMESettingsLauncher}]
05-31 20:48:50.190 I/vold ( 247): onUserStarted: 0
05-31 20:48:50.190 W/InputMethodInfoUtils( 754): No software keyboard is found. imis=[InputMethodInfo{com.sohu.inputmethod.sogou.tv/.SogouIME, settings: com.sohu.inputmethod.sogou.SogouIMESettingsLauncher}] systemLocale=zh_CN fallbackLocale=null
05-31 20:48:50.192 V/SystemServerTimingAsync( 754): ssm.onUnlockingUser-0_com.android.server.StorageManagerService$Lifecycle took to complete: 13ms
05-31 20:48:50.192 D/SystemServerTimingAsync( 754): ssm.onUnlockingUser-0_com.android.server.usage.StorageStatsService$Lifecycle
05-31 20:48:50.192 V/SystemServerTimingAsync( 754): ssm.onUnlockingUser-0_com.android.server.usage.StorageStatsService$Lifecycle took to complete: 0ms
05-31 20:48:50.192 D/SystemServerTimingAsync( 754): ssm.onUnlockingUser-0_com.android.server.UiModeManagerService
05-31 20:48:50.192 V/SystemServerTimingAsync( 754): ssm.onUnlockingUser-0_com.android.server.UiModeManagerService took to complete: 0ms
05-31 20:48:50.192 D/SystemServerTimingAsync( 754): ssm.onUnlockingUser-0_com.android.server.locales.LocaleManagerService
05-31 20:48:50.192 V/SystemServerTimingAsync( 754): ssm.onUnlockingUser-0_com.android.server.locales.LocaleManagerService took to complete: 0ms
05-31 20:48:50.193 D/SystemServerTimingAsync( 754): ssm.onUnlockingUser-0_com.android.server.grammaticalinflection.GrammaticalInflectionService
05-31 20:48:50.193 V/SystemServerTimingAsync( 754): ssm.onUnlockingUser-0_com.android.server.grammaticalinflection.GrammaticalInflectionService took to complete: 0ms
05-31 20:48:50.193 D/SystemServerTimingAsync( 754): ssm.onUnlockingUser-0_com.android.server.apphibernation.AppHibernationService
05-31 20:48:50.193 D/CompatibilityChangeReporter( 754): Compat change id reported: 253665015; UID 1000; state: ENABLED
05-31 20:48:50.193 V/SystemServerTimingAsync( 754): ssm.onUnlockingUser-0_com.android.server.apphibernation.AppHibernationService took to complete: 0ms
05-31 20:48:50.193 D/SystemServerTimingAsync( 754): ssm.onUnlockingUser-0_com.android.server.locksettings.LockSettingsService$Lifecycle
05-31 20:48:50.193 V/SystemServerTimingAsync( 754): ssm.onUnlockingUser-0_com.android.server.locksettings.LockSettingsService$Lifecycle took to complete: 0ms
05-31 20:48:50.193 D/SystemServerTimingAsync( 754): ssm.onUnlockingUser-0_com.android.server.PersistentDataBlockService
05-31 20:48:50.193 V/SystemServerTimingAsync( 754): ssm.onUnlockingUser-0_com.android.server.PersistentDataBlockService took to complete: 0ms
05-31 20:48:50.193 D/SystemServerTimingAsync( 754): ssm.onUnlockingUser-0_com.android.server.testharness.TestHarnessModeService
05-31 20:48:50.193 I/HibernationStateDiskStore( 754): No hibernation file on disk for file /data/system_ce/0/hibernation/states
05-31 20:48:50.193 V/SystemServerTimingAsync( 754): ssm.onUnlockingUser-0_com.android.server.testharness.TestHarnessModeService took to complete: 0ms
05-31 20:48:50.193 D/SystemServerTimingAsync( 754): ssm.onUnlockingUser-0_com.android.server.oemlock.OemLockService
05-31 20:48:50.193 D/LockSettingsService( 754): Hiding encryption notification for user 0
05-31 20:48:50.193 D/CompatibilityChangeReporter( 754): Compat change id reported: 253665015; UID 1000; state: DISABLED
05-31 20:48:50.194 V/SystemServerTimingAsync( 754): ssm.onUnlockingUser-0_com.android.server.oemlock.OemLockService took to complete: 0ms
05-31 20:48:50.194 D/SystemServerTimingAsync( 754): ssm.onUnlockingUser-0_com.android.server.DeviceIdleController
05-31 20:48:50.194 V/SystemServerTimingAsync( 754): ssm.onUnlockingUser-0_com.android.server.DeviceIdleController took to complete: 0ms
05-31 20:48:50.194 D/SystemServerTimingAsync( 754): ssm.onUnlockingUser-0_com.android.server.devicepolicy.DevicePolicyManagerService$Lifecycle
05-31 20:48:50.194 V/SystemServerTimingAsync( 754): ssm.onUnlockingUser-0_com.android.server.devicepolicy.DevicePolicyManagerService$Lifecycle took to complete: 0ms
05-31 20:48:50.194 D/SystemServerTimingAsync( 754): ssm.onUnlockingUser-0_com.android.server.texttospeech.TextToSpeechManagerService
05-31 20:48:50.194 D/CompatibilityChangeReporter( 754): Compat change id reported: 194532703; UID 1000; state: ENABLED
05-31 20:48:50.195 V/SystemServerTimingAsync( 754): ssm.onUnlockingUser-0_com.android.server.texttospeech.TextToSpeechManagerService took to complete: 1ms
05-31 20:48:50.195 D/SystemServerTimingAsync( 754): ssm.onUnlockingUser-0_com.android.server.ambientcontext.AmbientContextManagerService
05-31 20:48:50.195 D/CompatibilityChangeReporter( 754): Compat change id reported: 194532703; UID 1000; state: DISABLED
05-31 20:48:50.195 I/AmbientContextManagerService( 754): serviceNames sent in newServiceListLocked is null, or empty
05-31 20:48:50.195 V/SystemServerTimingAsync( 754): ssm.onUnlockingUser-0_com.android.server.ambientcontext.AmbientContextManagerService took to complete: 0ms
05-31 20:48:50.195 D/SystemServerTimingAsync( 754): ssm.onUnlockingUser-0_com.android.server.wearable.WearableSensingManagerService
05-31 20:48:50.195 D/WearableSensingManagerService( 754): onServiceRemoved
05-31 20:48:50.195 D/WearableSensingManagerPerUserService( 754): Trying to cancel the remote request. Reason: Service destroyed.
05-31 20:48:50.195 V/SystemServerTimingAsync( 754): ssm.onUnlockingUser-0_com.android.server.wearable.WearableSensingManagerService took to complete: 0ms
05-31 20:48:50.195 D/SystemServerTimingAsync( 754): ssm.onUnlockingUser-0_com.android.server.speech.SpeechRecognitionManagerService
05-31 20:48:50.196 V/SystemServerTimingAsync( 754): ssm.onUnlockingUser-0_com.android.server.speech.SpeechRecognitionManagerService took to complete: 1ms
05-31 20:48:50.196 D/SystemServerTimingAsync( 754): ssm.onUnlockingUser-0_com.android.server.searchui.SearchUiManagerService
05-31 20:48:50.197 V/SystemServerTimingAsync( 754): ssm.onUnlockingUser-0_com.android.server.searchui.SearchUiManagerService took to complete: 1ms
05-31 20:48:50.197 D/SystemServerTimingAsync( 754): ssm.onUnlockingUser-0_com.android.server.smartspace.SmartspaceManagerService
05-31 20:48:50.197 V/SystemServerTimingAsync( 754): ssm.onUnlockingUser-0_com.android.server.smartspace.SmartspaceManagerService took to complete: 0ms
05-31 20:48:50.197 D/SystemServerTimingAsync( 754): ssm.onUnlockingUser-0_com.android.server.graphics.fonts.FontManagerService$Lifecycle
05-31 20:48:50.197 V/SystemServerTimingAsync( 754): ssm.onUnlockingUser-0_com.android.server.graphics.fonts.FontManagerService$Lifecycle took to complete: 0ms
05-31 20:48:50.197 D/SystemServerTimingAsync( 754): ssm.onUnlockingUser-0_com.android.server.textservices.TextServicesManagerService$Lifecycle
05-31 20:48:50.197 W/TextServicesManagerService( 754): no available spell checker services found
05-31 20:48:50.198 W/BatteryExternalStatsWorker( 754): error reading modem stats:ERROR_PHONE_NOT_AVAILABLE
05-31 20:48:50.198 V/SystemServerTimingAsync( 754): ssm.onUnlockingUser-0_com.android.server.textservices.TextServicesManagerService$Lifecycle took to complete: 1ms
05-31 20:48:50.198 D/SystemServerTimingAsync( 754): ssm.onUnlockingUser-0_com.android.server.textclassifier.TextClassificationManagerService$Lifecycle
05-31 20:48:50.198 I/UsageStatsService( 754): Starting migration to system CE for user 0
05-31 20:48:50.199 V/SystemServerTimingAsync( 754): ssm.onUnlockingUser-0_com.android.server.textclassifier.TextClassificationManagerService$Lifecycle took to complete: 1ms
05-31 20:48:50.199 D/SystemServerTimingAsync( 754): ssm.onUnlockingUser-0_com.android.server.NetworkScoreService$Lifecycle
05-31 20:48:50.199 V/SystemServerTimingAsync( 754): ssm.onUnlockingUser-0_com.android.server.NetworkScoreService$Lifecycle took to complete: 0ms
05-31 20:48:50.199 D/SystemServerTimingAsync( 754): ssm.onUnlockingUser-0_com.android.server.NetworkStatsServiceInitializer
05-31 20:48:50.199 V/SystemServerTimingAsync( 754): ssm.onUnlockingUser-0_com.android.server.NetworkStatsServiceInitializer took to complete: 0ms
05-31 20:48:50.199 D/SystemServerTimingAsync( 754): ssm.onUnlockingUser-0_com.android.server.wifi.WifiService
05-31 20:48:50.199 W/BatteryExternalStatsWorker( 754): error reading Bluetooth stats: 11
05-31 20:48:50.199 I/UsageStatsService( 754): Finished migration to system CE for user 0
05-31 20:48:50.201 V/SystemServerTimingAsync( 754): ssm.onUnlockingUser-0_com.android.server.wifi.WifiService took to complete: 2ms
05-31 20:48:50.201 D/SystemServerTimingAsync( 754): ssm.onUnlockingUser-0_com.android.server.wifi.scanner.WifiScanningService
05-31 20:48:50.201 V/SystemServerTimingAsync( 754): ssm.onUnlockingUser-0_com.android.server.wifi.scanner.WifiScanningService took to complete: 0ms
05-31 20:48:50.201 D/SystemServerTimingAsync( 754): ssm.onUnlockingUser-0_com.android.server.wifi.p2p.WifiP2pService
05-31 20:48:50.201 V/SystemServerTimingAsync( 754): ssm.onUnlockingUser-0_com.android.server.wifi.p2p.WifiP2pService took to complete: 0ms
05-31 20:48:50.201 D/SystemServerTimingAsync( 754): ssm.onUnlockingUser-0_com.android.server.ConnectivityServiceInitializer
05-31 20:48:50.201 V/SystemServerTimingAsync( 754): ssm.onUnlockingUser-0_com.android.server.ConnectivityServiceInitializer took to complete: 0ms
05-31 20:48:50.201 D/SystemServerTimingAsync( 754): ssm.onUnlockingUser-0_com.android.server.notification.NotificationManagerService
05-31 20:48:50.201 V/SystemServerTimingAsync( 754): ssm.onUnlockingUser-0_com.android.server.notification.NotificationManagerService took to complete: 0ms
05-31 20:48:50.201 V/StorageManagerService( 754): Found primary storage at VolumeInfo{emulated;0}:
05-31 20:48:50.201 V/StorageManagerService( 754): type=EMULATED diskId=null partGuid= mountFlags=0 mountUserId=0
05-31 20:48:50.201 V/StorageManagerService( 754): state=UNMOUNTED
05-31 20:48:50.201 V/StorageManagerService( 754): fsType=null fsUuid=null fsLabel=null
05-31 20:48:50.201 V/StorageManagerService( 754): path=null internalPath=null
05-31 20:48:50.201 D/SystemServerTimingAsync( 754): ssm.onUnlockingUser-0_com.android.server.storage.DeviceStorageMonitorService
05-31 20:48:50.202 V/SystemServerTimingAsync( 754): ssm.onUnlockingUser-0_com.android.server.storage.DeviceStorageMonitorService took to complete: 0ms
05-31 20:48:50.202 D/SystemServerTimingAsync( 754): ssm.onUnlockingUser-0_com.android.server.timedetector.TimeDetectorService$Lifecycle
05-31 20:48:50.202 V/SystemServerTimingAsync( 754): ssm.onUnlockingUser-0_com.android.server.timedetector.TimeDetectorService$Lifecycle took to complete: 0ms
05-31 20:48:50.202 D/SystemServerTimingAsync( 754): ssm.onUnlockingUser-0_com.android.server.location.LocationManagerService$Lifecycle
05-31 20:48:50.202 V/SystemServerTimingAsync( 754): ssm.onUnlockingUser-0_com.android.server.location.LocationManagerService$Lifecycle took to complete: 0ms
05-31 20:48:50.202 D/SystemServerTimingAsync( 754): ssm.onUnlockingUser-0_com.android.server.timezonedetector.TimeZoneDetectorService$Lifecycle
05-31 20:48:50.202 V/SystemServerTimingAsync( 754): ssm.onUnlockingUser-0_com.android.server.timezonedetector.TimeZoneDetectorService$Lifecycle took to complete: 0ms
05-31 20:48:50.202 D/SystemServerTimingAsync( 754): ssm.onUnlockingUser-0_com.android.server.location.altitude.AltitudeService$Lifecycle
05-31 20:48:50.202 V/SystemServerTimingAsync( 754): ssm.onUnlockingUser-0_com.android.server.location.altitude.AltitudeService$Lifecycle took to complete: 0ms
05-31 20:48:50.202 D/SystemServerTimingAsync( 754): ssm.onUnlockingUser-0_com.android.server.timezonedetector.location.LocationTimeZoneManagerService$Lifecycle
05-31 20:48:50.202 V/SystemServerTimingAsync( 754): ssm.onUnlockingUser-0_com.android.server.timezonedetector.location.LocationTimeZoneManagerService$Lifecycle took to complete: 0ms
05-31 20:48:50.202 D/SystemServerTimingAsync( 754): ssm.onUnlockingUser-0_com.android.server.search.SearchManagerService$Lifecycle
05-31 20:48:50.202 V/SystemServerTimingAsync( 754): ssm.onUnlockingUser-0_com.android.server.search.SearchManagerService$Lifecycle took to complete: 0ms
05-31 20:48:50.202 D/SystemServerTimingAsync( 754): ssm.onUnlockingUser-0_com.android.server.wallpaper.WallpaperManagerService$Lifecycle
05-31 20:48:50.202 V/SystemServerTimingAsync( 754): ssm.onUnlockingUser-0_com.android.server.wallpaper.WallpaperManagerService$Lifecycle took to complete: 0ms
05-31 20:48:50.202 D/SystemServerTimingAsync( 754): ssm.onUnlockingUser-0_com.android.server.wallpapereffectsgeneration.WallpaperEffectsGenerationManagerService
05-31 20:48:50.203 V/SystemServerTimingAsync( 754): ssm.onUnlockingUser-0_com.android.server.wallpapereffectsgeneration.WallpaperEffectsGenerationManagerService took to complete: 1ms
05-31 20:48:50.203 D/SystemServerTimingAsync( 754): ssm.onUnlockingUser-0_com.android.server.audio.AudioService$Lifecycle
05-31 20:48:50.203 V/SystemServerTimingAsync( 754): ssm.onUnlockingUser-0_com.android.server.audio.AudioService$Lifecycle took to complete: 0ms
05-31 20:48:50.203 D/SystemServerTimingAsync( 754): ssm.onUnlockingUser-0_com.android.server.soundtrigger_middleware.SoundTriggerMiddlewareService$Lifecycle
05-31 20:48:50.203 V/SystemServerTimingAsync( 754): ssm.onUnlockingUser-0_com.android.server.soundtrigger_middleware.SoundTriggerMiddlewareService$Lifecycle took to complete: 0ms
05-31 20:48:50.203 D/SystemServerTimingAsync( 754): ssm.onUnlockingUser-0_com.android.server.adb.AdbService$Lifecycle
05-31 20:48:50.203 V/SystemServerTimingAsync( 754): ssm.onUnlockingUser-0_com.android.server.adb.AdbService$Lifecycle took to complete: 0ms
05-31 20:48:50.203 D/SystemServerTimingAsync( 754): ssm.onUnlockingUser-0_com.android.server.usb.UsbService$Lifecycle
05-31 20:48:50.203 I/UsageStatsDatabase( 754): Upgrading from version 0 to 5
05-31 20:48:50.203 I/UsageStatsDatabase( 754): Deleting all usage stats files
05-31 20:48:50.204 I/StorageManagerService( 754): Mounting volume VolumeInfo{emulated;0}:
05-31 20:48:50.204 I/StorageManagerService( 754): type=EMULATED diskId=null partGuid= mountFlags=PRIMARY|VISIBLE_FOR_WRITE
05-31 20:48:50.204 I/StorageManagerService( 754): mountUserId=0 state=UNMOUNTED
05-31 20:48:50.204 I/StorageManagerService( 754): fsType=null fsUuid=null fsLabel=null
05-31 20:48:50.204 I/StorageManagerService( 754): path=null internalPath=null
05-31 20:48:50.205 I/vold ( 247): Mounting emulated fuse volume
05-31 20:48:50.205 V/SystemServerTimingAsync( 754): ssm.onUnlockingUser-0_com.android.server.usb.UsbService$Lifecycle took to complete: 2ms
05-31 20:48:50.205 D/SystemServerTimingAsync( 754): ssm.onUnlockingUser-0_com.android.server.twilight.TwilightService
05-31 20:48:50.205 V/SystemServerTimingAsync( 754): ssm.onUnlockingUser-0_com.android.server.twilight.TwilightService took to complete: 0ms
05-31 20:48:50.205 D/SystemServerTimingAsync( 754): ssm.onUnlockingUser-0_com.android.server.display.color.ColorDisplayService
05-31 20:48:50.205 V/SystemServerTimingAsync( 754): ssm.onUnlockingUser-0_com.android.server.display.color.ColorDisplayService took to complete: 0ms
05-31 20:48:50.205 D/SystemServerTimingAsync( 754): ssm.onUnlockingUser-0_com.android.server.job.JobSchedulerService
05-31 20:48:50.205 V/SystemServerTimingAsync( 754): ssm.onUnlockingUser-0_com.android.server.job.JobSchedulerService took to complete: 0ms
05-31 20:48:50.205 D/SystemServerTimingAsync( 754): ssm.onUnlockingUser-0_com.android.server.soundtrigger.SoundTriggerService
05-31 20:48:50.205 V/SystemServerTimingAsync( 754): ssm.onUnlockingUser-0_com.android.server.soundtrigger.SoundTriggerService took to complete: 0ms
05-31 20:48:50.205 D/SystemServerTimingAsync( 754): ssm.onUnlockingUser-0_com.android.server.trust.TrustManagerService
05-31 20:48:50.205 V/SystemServerTimingAsync( 754): ssm.onUnlockingUser-0_com.android.server.trust.TrustManagerService took to complete: 0ms
05-31 20:48:50.205 D/SystemServerTimingAsync( 754): ssm.onUnlockingUser-0_com.android.server.backup.BackupManagerService$Lifecycle
05-31 20:48:50.206 V/SystemServerTimingAsync( 754): ssm.onUnlockingUser-0_com.android.server.backup.BackupManagerService$Lifecycle took to complete: 1ms
05-31 20:48:50.206 D/SystemServerTimingAsync( 754): ssm.onUnlockingUser-0_com.android.server.appwidget.AppWidgetService
05-31 20:48:50.206 V/SystemServerTimingAsync( 754): ssm.onUnlockingUser-0_com.android.server.appwidget.AppWidgetService took to complete: 0ms
05-31 20:48:50.206 D/SystemServerTimingAsync( 754): ssm.onUnlockingUser-0_com.android.server.voiceinteraction.VoiceInteractionManagerService
05-31 20:48:50.206 W/VoiceInteractionManager( 754): no available voice recognition services found for user 0
05-31 20:48:50.207 V/SystemServerTimingAsync( 754): ssm.onUnlockingUser-0_com.android.server.voiceinteraction.VoiceInteractionManagerService took to complete: 1ms
05-31 20:48:50.207 D/SystemServerTimingAsync( 754): ssm.onUnlockingUser-0_com.android.server.GestureLauncherService
05-31 20:48:50.207 V/SystemServerTimingAsync( 754): ssm.onUnlockingUser-0_com.android.server.GestureLauncherService took to complete: 0ms
05-31 20:48:50.207 D/SystemServerTimingAsync( 754): ssm.onUnlockingUser-0_com.android.server.SensorNotificationService
05-31 20:48:50.207 V/SystemServerTimingAsync( 754): ssm.onUnlockingUser-0_com.android.server.SensorNotificationService took to complete: 0ms
05-31 20:48:50.207 D/SystemServerTimingAsync( 754): ssm.onUnlockingUser-0_com.android.server.emergency.EmergencyAffordanceService
05-31 20:48:50.207 V/SystemServerTimingAsync( 754): ssm.onUnlockingUser-0_com.android.server.emergency.EmergencyAffordanceService took to complete: 0ms
05-31 20:48:50.207 D/SystemServerTimingAsync( 754): ssm.onUnlockingUser-0_com.android.server.blob.BlobStoreManagerService
05-31 20:48:50.207 V/SystemServerTimingAsync( 754): ssm.onUnlockingUser-0_com.android.server.blob.BlobStoreManagerService took to complete: 0ms
05-31 20:48:50.207 D/SystemServerTimingAsync( 754): ssm.onUnlockingUser-0_com.android.server.dreams.DreamManagerService
05-31 20:48:50.207 V/SystemServerTimingAsync( 754): ssm.onUnlockingUser-0_com.android.server.dreams.DreamManagerService took to complete: 0ms
05-31 20:48:50.207 D/SystemServerTimingAsync( 754): ssm.onUnlockingUser-0_com.android.server.security.AttestationVerificationManagerService
05-31 20:48:50.207 V/SystemServerTimingAsync( 754): ssm.onUnlockingUser-0_com.android.server.security.AttestationVerificationManagerService took to complete: 0ms
05-31 20:48:50.207 D/SystemServerTimingAsync( 754): ssm.onUnlockingUser-0_com.android.server.restrictions.RestrictionsManagerService
05-31 20:48:50.207 I/BackupManagerService( 754): Starting service for user: 0
05-31 20:48:50.207 V/SystemServerTimingAsync( 754): ssm.onUnlockingUser-0_com.android.server.restrictions.RestrictionsManagerService took to complete: 0ms
05-31 20:48:50.207 D/SystemServerTimingAsync( 754): ssm.onUnlockingUser-0_com.android.server.media.MediaSessionService
05-31 20:48:50.207 V/SystemServerTimingAsync( 754): ssm.onUnlockingUser-0_com.android.server.media.MediaSessionService took to complete: 0ms
05-31 20:48:50.207 D/SystemServerTimingAsync( 754): ssm.onUnlockingUser-0_com.android.server.hdmi.HdmiControlService
05-31 20:48:50.207 V/SystemServerTimingAsync( 754): ssm.onUnlockingUser-0_com.android.server.hdmi.HdmiControlService took to complete: 0ms
05-31 20:48:50.207 D/SystemServerTimingAsync( 754): ssm.onUnlockingUser-0_com.android.server.tv.interactive.TvInteractiveAppManagerService
05-31 20:48:50.207 V/SystemServerTimingAsync( 754): ssm.onUnlockingUser-0_com.android.server.tv.interactive.TvInteractiveAppManagerService took to complete: 0ms
05-31 20:48:50.207 D/SystemServerTimingAsync( 754): ssm.onUnlockingUser-0_com.android.server.tv.TvInputManagerService
05-31 20:48:50.207 I/UsageStatsService( 754): User[0] Rollover scheduled @ 2025-06-01 20:48:50(1748782130200)
05-31 20:48:50.208 V/SystemServerTimingAsync( 754): ssm.onUnlockingUser-0_com.android.server.tv.TvInputManagerService took to complete: 0ms
05-31 20:48:50.209 D/SystemServerTimingAsync( 754): ssm.onUnlockingUser-0_com.android.server.media.MediaResourceMonitorService
05-31 20:48:50.209 V/SystemServerTimingAsync( 754): ssm.onUnlockingUser-0_com.android.server.media.MediaResourceMonitorService took to complete: 0ms
05-31 20:48:50.209 D/SystemServerTimingAsync( 754): ssm.onUnlockingUser-0_com.android.server.tv.TvRemoteService
05-31 20:48:50.209 V/SystemServerTimingAsync( 754): ssm.onUnlockingUser-0_com.android.server.tv.TvRemoteService took to complete: 0ms
05-31 20:48:50.209 D/SystemServerTimingAsync( 754): ssm.onUnlockingUser-0_com.android.server.biometrics.BiometricService
05-31 20:48:50.209 V/SystemServerTimingAsync( 754): ssm.onUnlockingUser-0_com.android.server.biometrics.BiometricService took to complete: 0ms
05-31 20:48:50.209 D/SystemServerTimingAsync( 754): ssm.onUnlockingUser-0_com.android.server.biometrics.AuthService
05-31 20:48:50.209 V/SystemServerTimingAsync( 754): ssm.onUnlockingUser-0_com.android.server.biometrics.AuthService took to complete: 0ms
05-31 20:48:50.209 D/SystemServerTimingAsync( 754): ssm.onUnlockingUser-0_com.android.server.pm.ShortcutService$Lifecycle
05-31 20:48:50.209 V/SystemServerTimingAsync( 754): ssm.onUnlockingUser-0_com.android.server.pm.ShortcutService$Lifecycle took to complete: 0ms
05-31 20:48:50.209 D/SystemServerTimingAsync( 754): ssm.onUnlockingUser-0_com.android.server.pm.LauncherAppsService
05-31 20:48:50.209 V/SystemServerTimingAsync( 754): ssm.onUnlockingUser-0_com.android.server.pm.LauncherAppsService took to complete: 0ms
05-31 20:48:50.209 D/SystemServerTimingAsync( 754): ssm.onUnlockingUser-0_com.android.server.pm.CrossProfileAppsService
05-31 20:48:50.209 V/SystemServerTimingAsync( 754): ssm.onUnlockingUser-0_com.android.server.pm.CrossProfileAppsService took to complete: 0ms
05-31 20:48:50.209 D/SystemServerTimingAsync( 754): ssm.onUnlockingUser-0_com.android.server.people.PeopleService
05-31 20:48:50.209 V/SystemServerTimingAsync( 754): ssm.onUnlockingUser-0_com.android.server.people.PeopleService took to complete: 0ms
05-31 20:48:50.209 D/SystemServerTimingAsync( 754): ssm.onUnlockingUser-0_com.android.server.media.metrics.MediaMetricsManagerService
05-31 20:48:50.209 V/SystemServerTimingAsync( 754): ssm.onUnlockingUser-0_com.android.server.media.metrics.MediaMetricsManagerService took to complete: 0ms
05-31 20:48:50.209 D/SystemServerTimingAsync( 754): ssm.onUnlockingUser-0_com.android.server.pm.BackgroundInstallControlService
05-31 20:48:50.209 V/SystemServerTimingAsync( 754): ssm.onUnlockingUser-0_com.android.server.pm.BackgroundInstallControlService took to complete: 0ms
05-31 20:48:50.209 D/SystemServerTimingAsync( 754): ssm.onUnlockingUser-0_com.android.server.media.projection.MediaProjectionManagerService
05-31 20:48:50.209 V/SystemServerTimingAsync( 754): ssm.onUnlockingUser-0_com.android.server.media.projection.MediaProjectionManagerService took to complete: 0ms
05-31 20:48:50.209 D/SystemServerTimingAsync( 754): ssm.onUnlockingUser-0_com.android.server.slice.SliceManagerService$Lifecycle
05-31 20:48:50.209 V/SystemServerTimingAsync( 754): ssm.onUnlockingUser-0_com.android.server.slice.SliceManagerService$Lifecycle took to complete: 0ms
05-31 20:48:50.209 D/SystemServerTimingAsync( 754): ssm.onUnlockingUser-0_com.android.server.stats.StatsCompanion$Lifecycle
05-31 20:48:50.209 V/SystemServerTimingAsync( 754): ssm.onUnlockingUser-0_com.android.server.stats.StatsCompanion$Lifecycle took to complete: 0ms
05-31 20:48:50.210 D/SystemServerTimingAsync( 754): ssm.onUnlockingUser-0_com.android.server.scheduling.RebootReadinessManagerService$Lifecycle
05-31 20:48:50.210 V/SystemServerTimingAsync( 754): ssm.onUnlockingUser-0_com.android.server.scheduling.RebootReadinessManagerService$Lifecycle took to complete: 0ms
05-31 20:48:50.210 D/SystemServerTimingAsync( 754): ssm.onUnlockingUser-0_com.android.server.stats.pull.StatsPullAtomService
05-31 20:48:50.210 V/SystemServerTimingAsync( 754): ssm.onUnlockingUser-0_com.android.server.stats.pull.StatsPullAtomService took to complete: 0ms
05-31 20:48:50.210 D/SystemServerTimingAsync( 754): ssm.onUnlockingUser-0_com.android.server.stats.bootstrap.StatsBootstrapAtomService$Lifecycle
05-31 20:48:50.210 V/SystemServerTimingAsync( 754): ssm.onUnlockingUser-0_com.android.server.stats.bootstrap.StatsBootstrapAtomService$Lifecycle took to complete: 0ms
05-31 20:48:50.210 D/SystemServerTimingAsync( 754): ssm.onUnlockingUser-0_com.android.server.incident.IncidentCompanionService
05-31 20:48:50.210 V/SystemServerTimingAsync( 754): ssm.onUnlockingUser-0_com.android.server.incident.IncidentCompanionService took to complete: 0ms
05-31 20:48:50.210 D/SystemServerTimingAsync( 754): ssm.onUnlockingUser-0_com.android.server.sdksandbox.SdkSandboxManagerService$Lifecycle
05-31 20:48:50.210 V/SystemServerTimingAsync( 754): ssm.onUnlockingUser-0_com.android.server.sdksandbox.SdkSandboxManagerService$Lifecycle took to complete: 0ms
05-31 20:48:50.210 D/SystemServerTimingAsync( 754): ssm.onUnlockingUser-0_com.android.server.adservices.AdServicesManagerService$Lifecycle
05-31 20:48:50.210 V/SystemServerTimingAsync( 754): ssm.onUnlockingUser-0_com.android.server.adservices.AdServicesManagerService$Lifecycle took to complete: 0ms
05-31 20:48:50.210 D/SystemServerTimingAsync( 754): ssm.onUnlockingUser-0_com.android.server.ondevicepersonalization.OnDevicePersonalizationSystemService$Lifecycle
05-31 20:48:50.210 V/SystemServerTimingAsync( 754): ssm.onUnlockingUser-0_com.android.server.ondevicepersonalization.OnDevicePersonalizationSystemService$Lifecycle took to complete: 0ms
05-31 20:48:50.210 D/SystemServerTimingAsync( 754): ssm.onUnlockingUser-0_com.android.server.autofill.AutofillManagerService
05-31 20:48:50.211 D/AutofillManagerServiceImpl( 754): Reset component for user 0:null
05-31 20:48:50.211 D/AutofillUI( 754): destroySaveUiUiThread(): already destroyed
05-31 20:48:50.211 D/FieldClassificationStrategy( 754): reset(): service is not bound. Do nothing.
05-31 20:48:50.211 V/SystemServerTimingAsync( 754): ssm.onUnlockingUser-0_com.android.server.autofill.AutofillManagerService took to complete: 0ms
05-31 20:48:50.211 D/SystemServerTimingAsync( 754): ssm.onUnlockingUser-0_com.android.server.clipboard.ClipboardService
05-31 20:48:50.211 V/SystemServerTimingAsync( 754): ssm.onUnlockingUser-0_com.android.server.clipboard.ClipboardService took to complete: 0ms
05-31 20:48:50.211 D/SystemServerTimingAsync( 754): ssm.onUnlockingUser-0_com.android.server.appbinding.AppBindingService$Lifecycle
05-31 20:48:50.211 W/AppBindingService( 754): [Default SMS app] u0 Target package not found
05-31 20:48:50.211 V/SystemServerTimingAsync( 754): ssm.onUnlockingUser-0_com.android.server.appbinding.AppBindingService$Lifecycle took to complete: 1ms
05-31 20:48:50.211 D/SystemServerTimingAsync( 754): ssm.onUnlockingUser-0_com.android.server.tracing.TracingServiceProxy
05-31 20:48:50.211 V/SystemServerTimingAsync( 754): ssm.onUnlockingUser-0_com.android.server.tracing.TracingServiceProxy took to complete: 0ms
05-31 20:48:50.212 D/SystemServerTimingAsync( 754): ssm.onUnlockingUser-0_com.android.server.policy.PermissionPolicyService
05-31 20:48:50.212 V/SystemServerTimingAsync( 754): ssm.onUnlockingUser-0_com.android.server.policy.PermissionPolicyService took to complete: 0ms
05-31 20:48:50.212 D/CompatibilityChangeReporter( 754): Compat change id reported: 261072174; UID 1000; state: ENABLED
05-31 20:48:50.212 D/SystemServerTimingAsync( 754): ssm.onUnlockingUser-0_com.android.server.pm.StagingManager$Lifecycle
05-31 20:48:50.212 V/SystemServerTimingAsync( 754): ssm.onUnlockingUser-0_com.android.server.pm.StagingManager$Lifecycle took to complete: 0ms
05-31 20:48:50.212 D/SystemServerTimingAsync( 754): ssm.onUnlockingUser-0_com.android.server.app.GameManagerService$Lifecycle
05-31 20:48:50.212 V/SystemServerTimingAsync( 754): ssm.onUnlockingUser-0_com.android.server.app.GameManagerService$Lifecycle took to complete: 0ms
05-31 20:48:50.212 D/SystemServerTimingAsync( 754): ssm.onUnlockingUser-0_com.android.safetycenter.SafetyCenterService
05-31 20:48:50.212 V/SystemServerTimingAsync( 754): ssm.onUnlockingUser-0_com.android.safetycenter.SafetyCenterService took to complete: 0ms
05-31 20:48:50.212 D/SystemServerTimingAsync( 754): ssm.onUnlockingUser-0_com.android.server.appsearch.AppSearchModule$Lifecycle
05-31 20:48:50.215 V/BackupManagerService( 754): [UserID:0] Starting with transport com.android.localtransport/.LocalTransport
05-31 20:48:50.220 V/SystemServerTimingAsync( 754): ssm.onUnlockingUser-0_com.android.server.appsearch.AppSearchModule$Lifecycle took to complete: 8ms
05-31 20:48:50.220 D/SystemServerTimingAsync( 754): ssm.onUnlockingUser-0_com.android.server.media.MediaCommunicationService
05-31 20:48:50.220 V/SystemServerTimingAsync( 754): ssm.onUnlockingUser-0_com.android.server.media.MediaCommunicationService took to complete: 0ms
05-31 20:48:50.220 D/SystemServerTimingAsync( 754): ssm.onUnlockingUser-0_com.android.server.compat.overrides.AppCompatOverridesService$Lifecycle
05-31 20:48:50.220 V/SystemServerTimingAsync( 754): ssm.onUnlockingUser-0_com.android.server.compat.overrides.AppCompatOverridesService$Lifecycle took to complete: 0ms
05-31 20:48:50.220 D/SystemServerTimingAsync( 754): ssm.onUnlockingUser-0_com.android.server.healthconnect.HealthConnectManagerService
05-31 20:48:50.220 V/SystemServerTimingAsync( 754): ssm.onUnlockingUser-0_com.android.server.healthconnect.HealthConnectManagerService took to complete: 0ms
05-31 20:48:50.220 D/SystemServerTimingAsync( 754): ssm.onUnlockingUser-0_com.android.server.devicelock.DeviceLockService
05-31 20:48:50.220 D/DeviceLockService( 754): onUserUnlocking
05-31 20:48:50.220 V/SystemServerTimingAsync( 754): ssm.onUnlockingUser-0_com.android.server.devicelock.DeviceLockService took to complete: 0ms
05-31 20:48:50.220 V/SystemServerTimingAsync( 754): ssm.UnlockingUser-0 took to complete: 46ms
05-31 20:48:50.221 D/SystemServerTiming( 754): finishUserUnlocked-0
05-31 20:48:50.221 I/ActivityManager( 754): User 0 state changed from RUNNING_UNLOCKING to RUNNING_UNLOCKED
05-31 20:48:50.221 I/ActivityTaskManager( 754): Loading recents for user 0 into memory.
05-31 20:48:50.221 E/TaskPersister( 754): restoreTasksForUserLocked: Unable to list files from /data/system_ce/0/recent_tasks
05-31 20:48:50.222 D/AppStandbyController( 754): Initializing defaults for system apps on user 0, appIdleEnabled=true
05-31 20:48:50.222 V/SystemServerTiming( 754): SystemUserUnlock took to complete: 698ms
05-31 20:48:50.222 V/PackageConfigPersister( 754): loadPackages: empty list files from /data/system_ce/0/package_configs
05-31 20:48:50.223 D/BackupManagerService( 754): [UserID:0] Started thread backup-0
05-31 20:48:50.228 I/ActivityManager( 754): com.dangbei.lerad.etna.haqu is exempt from freezer
05-31 20:48:50.232 D/CompatibilityChangeReporter( 754): Compat change id reported: 135634846; UID 1000; state: DISABLED
05-31 20:48:50.234 W/BroadcastLoopers( 754): Found previously unknown looper Thread[ActivityManager,5,main]
05-31 20:48:50.236 I/PreBootBroadcaster( 754): Pre-boot of {com.droidlogic/com.droidlogic.BootComplete} for user 0
05-31 20:48:50.237 V/SystemServerTiming( 754): finishUserUnlocked-0 took to complete: 16ms
05-31 20:48:50.248 V/NotificationAssistants( 754): disabling notification assistant for user 0: ComponentInfo{android.ext.services/android.ext.services.notification.Assistant}
05-31 20:48:50.248 D/NotificationListeners( 754): Removing active service ComponentInfo{android.ext.services/android.ext.services.notification.Assistant}
05-31 20:48:50.253 V/NotificationAssistants( 754): enabling notification assistant for 0: ComponentInfo{android.ext.services/android.ext.services.notification.Assistant}
05-31 20:48:50.254 V/NotificationAssistants( 754): binding: Intent { act=android.service.notification.NotificationAssistantService cmp=android.ext.services/.notification.Assistant (has extras) }
05-31 20:48:50.261 D/CompatibilityChangeReporter( 754): Compat change id reported: 161252188; UID 1000; state: DISABLED
05-31 20:48:50.262 I/ActivityManager( 754): com.android.keychain is exempt from freezer
05-31 20:48:50.263 V/ActivityThread( 1815): getPackageInfo() caused update to cached ApplicationInfo for package android.ext.services
05-31 20:48:50.267 D/CompatibilityChangeReporter( 754): Compat change id reported: 261072174; UID 1002; state: ENABLED
05-31 20:48:50.268 I/vold ( 247): Bind mounting /data/media to /mnt/pass_through/0/emulated
05-31 20:48:50.272 I/StorageSessionController( 754): On volume mount VolumeInfo{emulated;0}:
05-31 20:48:50.272 I/StorageSessionController( 754): type=EMULATED diskId=null partGuid= mountFlags=PRIMARY|VISIBLE_FOR_WRITE
05-31 20:48:50.272 I/StorageSessionController( 754): mountUserId=0 state=CHECKING
05-31 20:48:50.272 I/StorageSessionController( 754): fsType=null fsUuid=null fsLabel=null
05-31 20:48:50.272 I/StorageSessionController( 754): path=/storage/emulated internalPath=/data/media
05-31 20:48:50.274 D/CompatibilityChangeReporter( 754): Compat change id reported: 161252188; UID 10049; state: DISABLED
05-31 20:48:50.278 D/CompatibilityChangeReporter( 754): Compat change id reported: 135634846; UID 10049; state: DISABLED
05-31 20:48:50.279 D/CompatibilityChangeReporter( 754): Compat change id reported: 177438394; UID 10049; state: DISABLED
05-31 20:48:50.279 D/CompatibilityChangeReporter( 754): Compat change id reported: 135772972; UID 10049; state: DISABLED
05-31 20:48:50.279 D/CompatibilityChangeReporter( 754): Compat change id reported: 135754954; UID 10049; state: ENABLED
05-31 20:48:50.284 I/StorageSessionController( 754): Creating connection for user: 0
05-31 20:48:50.284 I/StorageSessionController( 754): Creating and starting session with id: emulated;0
05-31 20:48:50.290 D/CompatibilityChangeReporter( 754): Compat change id reported: 218533173; UID 10068; state: ENABLED
05-31 20:48:50.290 D/CompatibilityChangeReporter( 754): Compat change id reported: 262645982; UID 10068; state: ENABLED
05-31 20:48:50.292 I/StorageUserConnection( 754): Binding to the ExternalStorageService for user 0
05-31 20:48:50.295 D/CompatibilityChangeReporter( 754): Compat change id reported: 135634846; UID 10058; state: DISABLED
05-31 20:48:50.298 D/SystemServerTiming( 754): getUserSwitchability-0
05-31 20:48:50.299 D/SystemServerTiming( 754): TM.isInCall
05-31 20:48:50.301 D/PackageManager( 754): Instant App installer not found with android.intent.action.INSTALL_INSTANT_APP_PACKAGE
05-31 20:48:50.301 D/PackageManager( 754): Clear ephemeral installer activity
05-31 20:48:50.305 V/SystemServerTiming( 754): TM.isInCall took to complete: 6ms
05-31 20:48:50.305 D/SystemServerTiming( 754): hasUserRestriction-DISALLOW_USER_SWITCH
05-31 20:48:50.305 V/SystemServerTiming( 754): hasUserRestriction-DISALLOW_USER_SWITCH took to complete: 0ms
05-31 20:48:50.305 D/SystemServerTiming( 754): getInt-ALLOW_USER_SWITCHING_WHEN_SYSTEM_USER_LOCKED
05-31 20:48:50.305 V/SystemServerTiming( 754): getInt-ALLOW_USER_SWITCHING_WHEN_SYSTEM_USER_LOCKED took to complete: 0ms
05-31 20:48:50.305 D/SystemServerTiming( 754): isUserUnlocked-USER_SYSTEM
05-31 20:48:50.305 V/SystemServerTiming( 754): isUserUnlocked-USER_SYSTEM took to complete: 0ms
05-31 20:48:50.305 V/SystemServerTiming( 754): getUserSwitchability-0 took to complete: 6ms
05-31 20:48:50.306 W/ActivityManager( 754): Slow operation: 81ms so far, now at startProcess: returned from zygote!
05-31 20:48:50.307 W/ActivityManager( 754): Slow operation: 82ms so far, now at startProcess: done updating battery stats
05-31 20:48:50.307 W/ActivityManager( 754): Slow operation: 82ms so far, now at startProcess: building log message
05-31 20:48:50.307 I/ActivityManager( 754): Start proc 1907:com.dangbei.lerad.etna.haqu/1000 for added application com.dangbei.lerad.etna.haqu
05-31 20:48:50.307 W/ActivityManager( 754): Slow operation: 82ms so far, now at startProcess: starting to update pids map
05-31 20:48:50.307 W/ActivityManager( 754): Slow operation: 82ms so far, now at startProcess: done updating pids map
05-31 20:48:50.307 D/PackageManager( 754): Instant App installer not found with android.intent.action.INSTALL_INSTANT_APP_PACKAGE
05-31 20:48:50.307 D/PackageManager( 754): Clear ephemeral installer activity
05-31 20:48:50.308 I/StorageUserConnection( 754): Bound to the ExternalStorageService for user 0
05-31 20:48:50.331 W/ContextImpl( 1345): Calling a method in the system process without a qualified user: android.app.ContextImpl.startService:1899 android.content.ContextWrapper.startService:825 android.content.ContextWrapper.startService:825 com.droidlogic.BootComplete.onReceive:116 android.app.ActivityThread.handleReceiver:4494
05-31 20:48:50.334 I/MediaSessionStack( 754): addSession to bottom of stack | record: com.android.bluetooth/BluetoothMediaBrowserService (userId=0)
05-31 20:48:50.337 D/SystemServerTiming( 754): getUserSwitchability-0
05-31 20:48:50.337 D/SystemServerTiming( 754): TM.isInCall
05-31 20:48:50.338 V/SystemServerTiming( 754): TM.isInCall took to complete: 1ms
05-31 20:48:50.338 D/SystemServerTiming( 754): hasUserRestriction-DISALLOW_USER_SWITCH
05-31 20:48:50.338 V/SystemServerTiming( 754): hasUserRestriction-DISALLOW_USER_SWITCH took to complete: 0ms
05-31 20:48:50.338 D/SystemServerTiming( 754): getInt-ALLOW_USER_SWITCHING_WHEN_SYSTEM_USER_LOCKED
05-31 20:48:50.338 V/SystemServerTiming( 754): getInt-ALLOW_USER_SWITCHING_WHEN_SYSTEM_USER_LOCKED took to complete: 0ms
05-31 20:48:50.338 D/SystemServerTiming( 754): isUserUnlocked-USER_SYSTEM
05-31 20:48:50.338 V/SystemServerTiming( 754): isUserUnlocked-USER_SYSTEM took to complete: 0ms
05-31 20:48:50.338 V/SystemServerTiming( 754): getUserSwitchability-0 took to complete: 1ms
05-31 20:48:50.342 I/UsageStatsService( 754): User[0] Flushing usage stats to disk
05-31 20:48:50.351 E/BackupPasswordManager( 754): Unable to read backup pw version
05-31 20:48:50.351 E/BackupPasswordManager( 754): Unable to read saved backup pw hash
05-31 20:48:50.353 W/ActivityManager( 754): Slow operation: 93ms so far, now at startProcess: returned from zygote!
05-31 20:48:50.354 D/SystemServerTiming( 754): getUserSwitchability-0
05-31 20:48:50.354 D/SystemServerTiming( 754): TM.isInCall
05-31 20:48:50.356 D/CompatibilityChangeReporter( 754): Compat change id reported: 161145287; UID 1000; state: ENABLED
05-31 20:48:50.358 V/SystemServerTiming( 754): TM.isInCall took to complete: 4ms
05-31 20:48:50.358 D/SystemServerTiming( 754): hasUserRestriction-DISALLOW_USER_SWITCH
05-31 20:48:50.358 V/SystemServerTiming( 754): hasUserRestriction-DISALLOW_USER_SWITCH took to complete: 0ms
05-31 20:48:50.358 D/SystemServerTiming( 754): getInt-ALLOW_USER_SWITCHING_WHEN_SYSTEM_USER_LOCKED
05-31 20:48:50.358 V/SystemServerTiming( 754): getInt-ALLOW_USER_SWITCHING_WHEN_SYSTEM_USER_LOCKED took to complete: 0ms
05-31 20:48:50.358 D/SystemServerTiming( 754): isUserUnlocked-USER_SYSTEM
05-31 20:48:50.358 V/SystemServerTiming( 754): isUserUnlocked-USER_SYSTEM took to complete: 0ms
05-31 20:48:50.358 V/SystemServerTiming( 754): getUserSwitchability-0 took to complete: 4ms
05-31 20:48:50.362 D/SystemServerTiming( 754): getUserSwitchability-0
05-31 20:48:50.362 D/SystemServerTiming( 754): TM.isInCall
05-31 20:48:50.362 V/SystemServerTiming( 754): TM.isInCall took to complete: 0ms
05-31 20:48:50.362 D/SystemServerTiming( 754): hasUserRestriction-DISALLOW_USER_SWITCH
05-31 20:48:50.363 V/SystemServerTiming( 754): hasUserRestriction-DISALLOW_USER_SWITCH took to complete: 0ms
05-31 20:48:50.363 D/SystemServerTiming( 754): getInt-ALLOW_USER_SWITCHING_WHEN_SYSTEM_USER_LOCKED
05-31 20:48:50.363 V/SystemServerTiming( 754): getInt-ALLOW_USER_SWITCHING_WHEN_SYSTEM_USER_LOCKED took to complete: 0ms
05-31 20:48:50.363 D/SystemServerTiming( 754): isUserUnlocked-USER_SYSTEM
05-31 20:48:50.363 V/SystemServerTiming( 754): isUserUnlocked-USER_SYSTEM took to complete: 0ms
05-31 20:48:50.363 V/SystemServerTiming( 754): getUserSwitchability-0 took to complete: 1ms
05-31 20:48:50.364 D/CompatibilityChangeReporter( 754): Compat change id reported: 161145287; UID 1000; state: DISABLED
05-31 20:48:50.368 D/SystemServerTiming( 754): getUserSwitchability-0
05-31 20:48:50.369 D/SystemServerTiming( 754): TM.isInCall
05-31 20:48:50.369 V/SystemServerTiming( 754): TM.isInCall took to complete: 0ms
05-31 20:48:50.369 D/SystemServerTiming( 754): hasUserRestriction-DISALLOW_USER_SWITCH
05-31 20:48:50.369 V/SystemServerTiming( 754): hasUserRestriction-DISALLOW_USER_SWITCH took to complete: 0ms
05-31 20:48:50.369 D/SystemServerTiming( 754): getInt-ALLOW_USER_SWITCHING_WHEN_SYSTEM_USER_LOCKED
05-31 20:48:50.369 V/SystemServerTiming( 754): getInt-ALLOW_USER_SWITCHING_WHEN_SYSTEM_USER_LOCKED took to complete: 0ms
05-31 20:48:50.369 D/SystemServerTiming( 754): isUserUnlocked-USER_SYSTEM
05-31 20:48:50.369 V/SystemServerTiming( 754): isUserUnlocked-USER_SYSTEM took to complete: 0ms
05-31 20:48:50.369 V/SystemServerTiming( 754): getUserSwitchability-0 took to complete: 0ms
05-31 20:48:50.378 D/SystemServerTiming( 754): getUserSwitchability-0
05-31 20:48:50.378 D/SystemServerTiming( 754): TM.isInCall
05-31 20:48:50.381 V/SystemServerTiming( 754): TM.isInCall took to complete: 3ms
05-31 20:48:50.381 D/SystemServerTiming( 754): hasUserRestriction-DISALLOW_USER_SWITCH
05-31 20:48:50.381 V/SystemServerTiming( 754): hasUserRestriction-DISALLOW_USER_SWITCH took to complete: 0ms
05-31 20:48:50.381 D/SystemServerTiming( 754): getInt-ALLOW_USER_SWITCHING_WHEN_SYSTEM_USER_LOCKED
05-31 20:48:50.381 V/SystemServerTiming( 754): getInt-ALLOW_USER_SWITCHING_WHEN_SYSTEM_USER_LOCKED took to complete: 0ms
05-31 20:48:50.381 D/SystemServerTiming( 754): isUserUnlocked-USER_SYSTEM
05-31 20:48:50.381 V/SystemServerTiming( 754): isUserUnlocked-USER_SYSTEM took to complete: 0ms
05-31 20:48:50.381 V/SystemServerTiming( 754): getUserSwitchability-0 took to complete: 3ms
05-31 20:48:50.384 D/CompatibilityChangeReporter( 754): Compat change id reported: 168419799; UID 1000; state: DISABLED
05-31 20:48:50.385 D/CompatibilityChangeReporter( 754): Compat change id reported: 273564678; UID 1000; state: DISABLED
05-31 20:48:50.391 W/ActivityManager( 754): Slow operation: 130ms so far, now at startProcess: done updating battery stats
05-31 20:48:50.391 W/ActivityManager( 754): Slow operation: 130ms so far, now at startProcess: building log message
05-31 20:48:50.391 I/ActivityManager( 754): Start proc 1914:com.android.keychain/1000 for service {com.android.keychain/com.android.keychain.KeyChainService}
05-31 20:48:50.391 W/ActivityManager( 754): Slow operation: 130ms so far, now at startProcess: starting to update pids map
05-31 20:48:50.391 W/ActivityManager( 754): Slow operation: 130ms so far, now at startProcess: done updating pids map
05-31 20:48:50.391 W/ActivityManager( 754): Slow operation: 113ms so far, now at startProcess: asking zygote to start proc
05-31 20:48:50.391 D/CompatibilityChangeReporter( 754): Compat change id reported: 143937733; UID 10049; state: ENABLED
05-31 20:48:50.392 D/CompatibilityChangeReporter( 754): Compat change id reported: 168419799; UID 1000; state: DISABLED
05-31 20:48:50.393 D/CompatibilityChangeReporter( 754): Compat change id reported: 273564678; UID 1000; state: DISABLED
05-31 20:48:50.394 W/ContextImpl( 1345): Calling a method in the system process without a qualified user: android.app.ContextImpl.startForegroundService:1905 android.content.ContextWrapper.startForegroundService:830 android.content.ContextWrapper.startForegroundService:830 com.droidlogic.BootComplete.onReceive:125 android.app.ActivityThread.handleReceiver:4494
05-31 20:48:50.394 D/SystemServerTiming( 754): getUserSwitchability-0
05-31 20:48:50.394 D/SystemServerTiming( 754): TM.isInCall
05-31 20:48:50.396 V/SystemServerTiming( 754): TM.isInCall took to complete: 2ms
05-31 20:48:50.396 D/SystemServerTiming( 754): hasUserRestriction-DISALLOW_USER_SWITCH
05-31 20:48:50.396 V/SystemServerTiming( 754): hasUserRestriction-DISALLOW_USER_SWITCH took to complete: 0ms
05-31 20:48:50.396 D/SystemServerTiming( 754): getInt-ALLOW_USER_SWITCHING_WHEN_SYSTEM_USER_LOCKED
05-31 20:48:50.396 V/SystemServerTiming( 754): getInt-ALLOW_USER_SWITCHING_WHEN_SYSTEM_USER_LOCKED took to complete: 0ms
05-31 20:48:50.396 D/SystemServerTiming( 754): isUserUnlocked-USER_SYSTEM
05-31 20:48:50.396 V/SystemServerTiming( 754): isUserUnlocked-USER_SYSTEM took to complete: 0ms
05-31 20:48:50.396 V/SystemServerTiming( 754): getUserSwitchability-0 took to complete: 2ms
05-31 20:48:50.396 W/ActivityManager( 754): Unable to start service Intent { cmp=com.android.tv.mdnsoffloadcmd/.MdnsOffloadCmdService } U=0: not found
05-31 20:48:50.401 D/SystemServerTiming( 754): getUserSwitchability-0
05-31 20:48:50.401 D/SystemServerTiming( 754): TM.isInCall
05-31 20:48:50.401 V/SystemServerTiming( 754): TM.isInCall took to complete: 0ms
05-31 20:48:50.401 D/SystemServerTiming( 754): hasUserRestriction-DISALLOW_USER_SWITCH
05-31 20:48:50.401 V/SystemServerTiming( 754): hasUserRestriction-DISALLOW_USER_SWITCH took to complete: 0ms
05-31 20:48:50.401 D/SystemServerTiming( 754): getInt-ALLOW_USER_SWITCHING_WHEN_SYSTEM_USER_LOCKED
05-31 20:48:50.401 V/SystemServerTiming( 754): getInt-ALLOW_USER_SWITCHING_WHEN_SYSTEM_USER_LOCKED took to complete: 0ms
05-31 20:48:50.401 D/SystemServerTiming( 754): isUserUnlocked-USER_SYSTEM
05-31 20:48:50.401 V/SystemServerTiming( 754): isUserUnlocked-USER_SYSTEM took to complete: 0ms
05-31 20:48:50.401 V/SystemServerTiming( 754): getUserSwitchability-0 took to complete: 0ms
