06-03 13:54:45.505 D/CCodec ( 4827): [c2.amlogic.hevc.decoder] buffers are bound to CCodec for this session
06-03 13:54:45.505 D/CCodecConfig( 4827): no c2 equivalents for native-window
06-03 13:54:45.505 D/CCodecConfig( 4827): no c2 equivalents for flags
06-03 13:54:45.506 I/C2VdecComponentIntfImpl( 509): [6##6]config picture w:1920 h:1080
06-03 13:54:45.506 D/CCodecConfig( 4827): c2 config diff is c2::u32 raw.size.height = 1080
06-03 13:54:45.506 D/CCodecConfig( 4827): c2::u32 raw.size.width = 1920
06-03 13:54:45.508 W/Codec2Client( 4827): query -- param skipped: index = 1107298332.
06-03 13:54:45.508 D/CCodec ( 4827): encoding statistics level = 0
06-03 13:54:45.508 D/CCodec ( 4827): setup formats input: AMessage(what = 0x00000000) = {
06-03 13:54:45.508 D/CCodec ( 4827): int32_t frame-rate = 30
06-03 13:54:45.508 D/CCodec ( 4827): int32_t height = 1080
06-03 13:54:45.508 D/CCodec ( 4827): int32_t level = 8388608
06-03 13:54:45.508 D/CCodec ( 4827): int32_t max-input-size = 1572864
06-03 13:54:45.508 D/CCodec ( 4827): string mime = "video/hevc"
06-03 13:54:45.508 D/CCodec ( 4827): int32_t profile = 1
06-03 13:54:45.508 D/CCodec ( 4827): int32_t width = 1920
06-03 13:54:45.508 D/CCodec ( 4827): Rect crop(0, 0, 1919, 1079)
06-03 13:54:45.508 D/CCodec ( 4827): }
06-03 13:54:45.508 D/CCodec ( 4827): setup formats output: AMessage(what = 0x00000000) = {
06-03 13:54:45.508 D/CCodec ( 4827): int32_t android._video-scaling = 1
06-03 13:54:45.508 D/CCodec ( 4827): int32_t android._dataspace = 260
06-03 13:54:45.508 D/CCodec ( 4827): int32_t color-standard = 1
06-03 13:54:45.508 D/CCodec ( 4827): int32_t color-range = 2
06-03 13:54:45.508 D/CCodec ( 4827): int32_t color-transfer = 3
06-03 13:54:45.508 D/CCodec ( 4827): int32_t sar-height = 1
06-03 13:54:45.508 D/CCodec ( 4827): int32_t rotation-degrees = 0
06-03 13:54:45.508 D/CCodec ( 4827): Buffer hdr-static-info = {
06-03 13:54:45.508 D/CCodec ( 4827): 00000000: 00 00 00 00 00 00 00 00 00 00 00 00 00 00 00 00 ................
06-03 13:54:45.508 D/CCodec ( 4827): 00000010: 00 00 00 00 00 00 00 00 00 .........
06-03 13:54:45.508 D/CCodec ( 4827): }
06-03 13:54:45.508 D/CCodec ( 4827): int32_t sar-width = 1
06-03 13:54:45.508 D/CCodec ( 4827): Rect crop(0, 0, 1919, 1079)
06-03 13:54:45.508 D/CCodec ( 4827): int32_t width = 1920
06-03 13:54:45.508 D/CCodec ( 4827): int32_t frame-rate = 30
06-03 13:54:45.508 D/CCodec ( 4827): int32_t height = 1080
06-03 13:54:45.508 D/CCodec ( 4827): string mime = "video/raw"
06-03 13:54:45.508 D/CCodec ( 4827): int32_t color-format = 2130708361
06-03 13:54:45.508 D/CCodec ( 4827): }
06-03 13:54:45.508 I/CCodecConfig( 4827): query failed after returning 15 values (BAD_INDEX)
06-03 13:54:45.508 D/CCodecConfig( 4827): c2 config diff is c2::u32 input.buffers.max-size.value = 1572864
06-03 13:54:45.509 I/C2VdecComponent( 509): [6##-1]"[start]"
06-03 13:54:45.510 I/C2VdecComponent( 509): [6##-1]"OnStart DolbyVision:0"
06-03 13:54:45.510 I/C2VdecComponent( 509): debug.vendor.media.c2.vdec.priority is not set used def = 0
06-03 13:54:45.510 I/DebugUtil( 509): [6##-1][setComponent:77]
06-03 13:54:45.510 D/C2DBG ( 509): adding client to C2_VDEC
06-03 13:54:45.510 I/VideoDecWraper( 509): vendor.media.c2.loglevels is not set used def = 1
06-03 13:54:45.510 I/VideoDecWraper( 509): [-1##-1]"VideoDecWraper"
06-03 13:54:45.510 I/C2VdecDeviceUtil( 509): vendor.media.c2.loglevels is not set used def = 1
06-03 13:54:45.510 I/C2VdecCodecConfig( 509): isCodecSupportHdr10Plus hdr10:(0)
06-03 13:54:45.510 I/C2VdecGrallocWraper( 509): vendor.media.c2.loglevels is not set used def = 1
06-03 13:54:45.510 I/C2VdecDeviceUtil( 509): [DeviceUtil:66]mSupportHdr10Plus:0
06-03 13:54:45.510 I/C2VdecDeviceUtil( 509): [6##-1][setComponent:154]
06-03 13:54:45.510 I/C2VdecDeviceUtil( 509): [6#-1]"No HDR ColorAspects set"
06-03 13:54:45.510 I/C2VdecDeviceUtil( 509): setSkipReallocBufMode:0
06-03 13:54:45.511 I/C2VdecDeviceUtil( 509): [0#-1]"[codecConfig:499] query frame rate:30.000000 updata mDurationUs = 33333, unstablePts :0 isAviDiscard :0"
06-03 13:54:45.511 I/C2VdecDeviceUtil( 509): [0#-1]"Disable low latency mode to v4l2 decoder."
06-03 13:54:45.511 I/C2VdecDeviceUtil( 509): [codecConfig:522] clear vendor.media.llp
06-03 13:54:45.511 I/C2VdecDeviceUtil( 509): vendor.media.c2.vdec.h264_mmu_width is not set used def = 2560
06-03 13:54:45.511 I/C2VdecDeviceUtil( 509): vendor.media.c2.vdec.h264_mmu_height is not set used def = 2160
06-03 13:54:45.511 I/C2VdecDeviceUtil( 509): [0#-1]"mEnableAvc4kMMU = 1, mmu open width:2560, height:2160"
06-03 13:54:45.511 I/C2VdecDeviceUtil( 509): [0#-1]"configure width:1920 height:1080"
06-03 13:54:45.511 E/C2VdecCodecConfig( 509): can support 8K
06-03 13:54:45.511 I/C2VdecDeviceUtil( 509): [0#-1]"[codecConfig:569] Codec is Support 8k"
06-03 13:54:45.511 I/C2VdecDeviceUtil( 509): [0#-1]"DoubleWriteMode 3, margin:6 \n"
06-03 13:54:45.511 I/C2VdecDeviceUtil( 509): [0#-1]"Enable DIPOST"
06-03 13:54:45.511 I/C2VdecDeviceUtil( 509): [0#-1]"Buf dma mode 0x100000"
06-03 13:54:45.511 I/C2VdecDeviceUtil( 509): [0#-1]"C2 need disable error policy"
06-03 13:54:45.511 I/C2VdecDeviceUtil( 509): [codecConfig] set triple write:0
06-03 13:54:45.511 I/V4l2Adaptor( 509): V4l2Adaptor::GetSupportedProfiles inputcoded 1, inputFormatFourcc 43564548
06-03 13:54:45.511 I/android.hardware.media.c2@1.2-service( 509): vendor.mediahal.loglevels is not set, used defaultValue = 1
05-31 20:59:02.412 E/ ( 0): [1 T5179 ..] mediaproxy produce init [aml-vcodec-dec]
05-31 20:59:02.412 I/ ( 0): [1 T5179 ..] Mediaproxy is opened name[aml-vcodec-dec]\n
05-31 20:59:02.412 I/ ( 0): [1 T5179 ..] Mediaproxy is opened name[aml-vcodec-dec] end\n
05-31 20:59:02.412 E/ ( 0): [1 T5179 ..] mediaproxy produce start connect
05-31 20:59:02.414 I/ ( 0): [1 T5179 ..] find p kfifo size:[32][2]
05-31 20:59:02.415 I/ ( 0): [1 T5179 ..] mediaproxy_get_fifo get idx[2]
05-31 20:59:02.415 I/ ( 0): [1 T5179 ..] Session producer-2 is connected fifo idx [2]
05-31 20:59:02.416 E/ ( 0): [1 T5179 ..] mediaproxy produce connect [2]
05-31 20:59:02.417 I/ ( 0): [1 T5179 ..] mediaproxy produce msg type :0x40 module_name:aml-vcodec-dec
05-31 20:59:02.418 I/ ( 0): [1 T5179 ..] deinit session
05-31 20:59:02.418 I/ ( 0): [1 T5179 ..] deinit session producer-2
05-31 20:59:02.419 I/ ( 0): [1 T5179 ..] deinit has_unusing_fifo [1]
05-31 20:59:02.419 I/ ( 0): [0 T99 ..] p_fifo[2] name[aml-vcodec-dec] state[0] to MP_FIFO_UNUSED
05-31 20:59:02.420 E/ ( 0): [1 T5179 ..] mediaproxy produce init [aml-vcodec-dec]
05-31 20:59:02.421 I/ ( 0): [1 T5179 ..] Mediaproxy is opened name[aml-vcodec-dec]\n
05-31 20:59:02.421 I/ ( 0): [1 T5179 ..] Mediaproxy is opened name[aml-vcodec-dec] end\n
05-31 20:59:02.422 E/ ( 0): [1 T5179 ..] mediaproxy produce start connect
05-31 20:59:02.423 I/ ( 0): [1 T5179 ..] find p kfifo size:[32][2]
05-31 20:59:02.424 I/ ( 0): [1 T5179 ..] mediaproxy_get_fifo get idx[2]
05-31 20:59:02.425 I/ ( 0): [1 T5179 ..] Session producer-2 is connected fifo idx [2]
05-31 20:59:02.425 E/ ( 0): [1 T5179 ..] mediaproxy produce connect [2]
05-31 20:59:02.426 I/ ( 0): [1 T5179 ..] mediaproxy produce msg type :0x40 module_name:aml-vcodec-dec
06-03 13:54:45.529 I/VideoDecWraper( 509): AmVideoDec_getSupportedProfiles data:0xecb800f0, size:3
06-03 13:54:45.529 I/VideoDecWraper( 509): [0##-1]"initialize:mime:video/hevc secureMode is 0 flags is 0x8001"
06-03 13:54:45.529 E/VideoDecWraper( 509): version 1.1 use create AmVideoDec_create
06-03 13:54:45.529 I/AmVideoDec( 509): AmVideoDec version: V3.32.61-g16c2887e (drm.autobuild Thu Dec 19 10:59:00 CST 2024), mHalInstanceID 4, mHalInstancenum 0
06-03 13:54:45.529 I/android.hardware.media.c2@1.2-service( 509): vendor.mediahal.loglevels is not set, used defaultValue = 1
06-03 13:54:45.529 I/AmVideoDec( 509): [No--1]-[0]"new VideoDec\n"
06-03 13:54:45.529 I/AmVideoDec( 509): open dec_stat fd -1 mLowMem:0
06-03 13:54:45.529 I/android.hardware.media.c2@1.2-service( 509): vendor.amtsplayer.pipeline is not set, used defaultValue = 1
06-03 13:54:45.529 I/VideoDecWraper( 509): GetAmVideoDec ok
06-03 13:54:45.530 D/ResmanWrapper( 509): resManWrapper CODEC2-0 init, fd = 11
06-03 13:54:45.530 I/AmVideoDec( 509): [No--1]-[0]"checkResource.-- mem size:60--dim:0 w:[1920]H[1080]\n"
06-03 13:54:45.530 I/AmVideoDec( 509): [No--1]-[0]"res_status.v.query.avail 292 -mmsize: 60 -adjust 0\n"
06-03 13:54:45.530 I/resman ( 509): acquire fd:11, resid:7, preempt:1, time_out:10000, arg:
05-31 20:59:02.428 I/ ( 0): [2 T5179 ..] deinit session
05-31 20:59:02.428 I/ ( 0): [2 T5179 ..] deinit session producer-2
05-31 20:59:02.428 I/ ( 0): [2 T5179 ..] deinit has_unusing_fifo [1]
05-31 20:59:02.429 I/ ( 0): [0 T99 ..] p_fifo[2] name[aml-vcodec-dec] state[0] to MP_FIFO_UNUSED
05-31 20:59:02.430 I/ ( 0): [2 T5179 ..] codec mem info:
05-31 20:59:02.430 I/ ( 0): [2 T5179 ..] total codec mem size:364 MB
05-31 20:59:02.430 I/ ( 0): [2 T5179 ..] alloced size= 71 MB
05-31 20:59:02.430 I/ ( 0): [2 T5179 ..] max alloced: 119 MB
05-31 20:59:02.430 I/[2 T5179 ..] CMA( 0): 71,RES:0,TVP:0,SYS:0,COHER:0,VMAPED:0 MB
05-31 20:59:02.430 I/[2 T5179 ..] RES_EXT( 0): 0 MB
05-31 20:59:02.430 I/ ( 0): [2 T5179 ..] [4]CMA size:364 MB:alloced: 71 MB,free:292 MB
05-31 20:59:02.430 I/[2 T5179 d.] [48].0( 0): SCATTER_MEM.0,addr=0xcf2d2000,size=8388608,from=4,cnt=1,flags=268439553,used:144024 ms
05-31 20:59:02.430 I/[2 T5179 d.] [49].0( 0): SCATTER_MEM.0,addr=0xcfad2000,size=8388608,from=4,cnt=1,flags=268439553,used:144024 ms
05-31 20:59:02.430 I/[2 T5179 d.] [50].0( 0): SCATTER_MEM.0,addr=0xd02d2000,size=8388608,from=4,cnt=1,flags=268439553,used:144020 ms
05-31 20:59:02.430 I/[2 T5179 d.] [51].0( 0): SCATTER_MEM.0,addr=0xd0ad2000,size=8388608,from=4,cnt=1,flags=268439553,used:144020 ms
05-31 20:59:02.430 I/[2 T5179 d.] [112].0( 0): CODEC_MM_DMA_BUF.0,addr=0xd3c20000,size=3133440,from=4,cnt=1,flags=1,used:71884 ms
05-31 20:59:02.430 I/[2 T5179 d.] [113].19( 0): v4ldec-m2m.0,addr=0xd18e0000,size=65536,from=4,cnt=1,flags=69633,used:71880 ms
05-31 20:59:02.430 I/[2 T5179 d.] [114].0( 0): CODEC_MM_DMA_BUF.0,addr=0xd3f1d000,size=3133440,from=4,cnt=1,flags=1,used:71880 ms
05-31 20:59:02.430 I/[2 T5179 d.] [116].19( 0): v4ldec-m2m.1,addr=0xd18f0000,size=65536,from=4,cnt=1,flags=69633,used:71880 ms
05-31 20:59:02.430 I/[2 T5179 d.] [117].0( 0): CODEC_MM_DMA_BUF.0,addr=0xd421a000,size=3133440,from=4,cnt=1,flags=1,used:71880 ms
05-31 20:59:02.430 I/[2 T5179 d.] [118].19( 0): v4ldec-m2m.2,addr=0xd1900000,size=65536,from=4,cnt=1,flags=69633,used:71876 ms
05-31 20:59:02.430 I/[2 T5179 d.] [119].0( 0): CODEC_MM_DMA_BUF.0,addr=0xd4517000,size=3133440,from=4,cnt=1,flags=1,used:71876 ms
05-31 20:59:02.430 I/[2 T5179 d.] [122].0( 0): CODEC_MM_DMA_BUF.0,addr=0xd4814000,size=3133440,from=4,cnt=1,flags=1,used:71872 ms
05-31 20:59:02.430 I/[2 T5179 d.] [123].19( 0): v4ldec-m2m.3,addr=0xd1910000,size=65536,from=4,cnt=1,flags=69633,used:71872 ms
05-31 20:59:02.430 I/[2 T5179 d.] [125].0( 0): CODEC_MM_DMA_BUF.0,addr=0xd4b11000,size=3133440,from=4,cnt=1,flags=1,used:71868 ms
05-31 20:59:02.430 I/[2 T5179 d.] [126].19( 0): v4ldec-m2m.4,addr=0xd2f90000,size=65536,from=4,cnt=1,flags=69633,used:71868 ms
05-31 20:59:02.430 I/[2 T5179 d.] [127].0( 0): CODEC_MM_DMA_BUF.0,addr=0xd4e0e000,size=3133440,from=4,cnt=1,flags=1,used:71868 ms
05-31 20:59:02.430 I/[2 T5179 d.] [128].19( 0): v4ldec-m2m.5,addr=0xd2fa0000,size=65536,from=4,cnt=1,flags=69633,used:71868 ms
05-31 20:59:02.430 I/[2 T5179 d.] [129].19( 0): v4ldec-m2m.6,addr=0xd2fb0000,size=65536,from=4,cnt=1,flags=69633,used:71864 ms
05-31 20:59:02.430 I/[2 T5179 d.] [131].0( 0): CODEC_MM_DMA_BUF.0,addr=0xd510b000,size=3133440,from=4,cnt=1,flags=1,used:71864 ms
05-31 20:59:02.430 I/[2 T5179 d.] [132].19( 0): v4ldec-m2m.7,addr=0xd2fc0000,size=65536,from=4,cnt=1,flags=69633,used:71860 ms
05-31 20:59:02.430 I/[2 T5179 d.] [133].0( 0): CODEC_MM_DMA_BUF.0,addr=0xd5450000,size=3133440,from=4,cnt=1,flags=1,used:71860 ms
05-31 20:59:02.430 I/[2 T5179 d.] [134].19( 0): v4ldec-m2m.8,addr=0xd5a50000,size=65536,from=4,cnt=1,flags=69633,used:71860 ms
05-31 20:59:02.430 I/[2 T5179 d.] [135].0( 0): CODEC_MM_DMA_BUF.0,addr=0xd574d000,size=3133440,from=4,cnt=1,flags=1,used:71860 ms
05-31 20:59:02.430 I/[2 T5179 d.] [136].19( 0): v4ldec-m2m.9,addr=0xd5a60000,size=65536,from=4,cnt=1,flags=69633,used:71856 ms
05-31 20:59:02.430 I/[2 T5179 d.] [137].0( 0): CODEC_MM_DMA_BUF.0,addr=0xd5a70000,size=3133440,from=4,cnt=1,flags=1,used:71856 ms
05-31 20:59:02.430 I/[2 T5179 d.] [139].0( 0): CODEC_MM_DMA_BUF.0,addr=0xd5db0000,size=3133440,from=4,cnt=1,flags=1,used:71848 ms
05-31 20:59:02.430 I/[2 T5179 d.] [140].19( 0): v4ldec-m2m.10,addr=0xd60b0000,size=65536,from=4,cnt=1,flags=69633,used:71848 ms
05-31 20:59:02.430 I/[2 T5179 d.] [141].19( 0): v4ldec-m2m.11,addr=0xd60c0000,size=65536,from=4,cnt=1,flags=69633,used:71844 ms
05-31 20:59:02.430 I/[2 T5179 d.] [142].0( 0): CODEC_MM_DMA_BUF.0,addr=0xd60d0000,size=3133440,from=4,cnt=1,flags=1,used:71844 ms
05-31 20:59:02.430 I/[2 T5179 d.] [143].19( 0): v4ldec-m2m.12,addr=0xd63d0000,size=65536,from=4,cnt=1,flags=69633,used:71836 ms
05-31 20:59:02.430 I/ ( 0): [2 T5179 ..] codec mem info:
05-31 20:59:02.474 I/ ( 0): [3 T5179 ..] total codec mem size:364 MB
05-31 20:59:02.474 I/ ( 0): [3 T5179 ..] alloced size= 71 MB
05-31 20:59:02.475 I/ ( 0): [3 T5179 ..] max alloced: 119 MB
06-03 13:54:45.575 D/nStackXCoAP( 2829): IsInSameNetwork:[276] :IsInSameNetwork exec
06-03 13:54:45.575 I/nStackXDFinder( 2829): GetLocalInterfaceDetail:[461] :GetLocalInterfaceDetail in
06-03 13:54:45.575 E/nStackXCoAP( 2829): IsInSameNetwork:[281] :IsInSameNetwork: not priority process
06-03 13:54:45.575 D/nStackXCoAP( 2829): ParseServiceDiscover:[330] :new device join
06-03 13:54:45.575 E/nStackXDFinder( 2829): GetLocalIp:[401] :GetLocalIp exec
06-03 13:54:45.608 D/nStackXCoAP( 2829): CoapMessageHandler:[133] :2.01
06-03 13:54:45.615 I/resman ( 509): acquire fd:11, resid:5, preempt:1, time_out:10000, arg:size:60
06-03 13:54:45.615 I/V4l2Adaptor( 509): V4l2Adaptor::initialize flags is 0x8001
06-03 13:54:45.616 I/V4l2Adaptor( 509): V4l2Adaptor::onInit
06-03 13:54:45.616 I/android.hardware.media.c2@1.2-service( 509): vendor.mediahal.loglevels is not set, used defaultValue = 1
06-03 13:54:45.616 I/android.hardware.media.c2@1.2-service( 509): vendor.mediahal.loglevels is not set, used defaultValue = 1
05-31 20:59:02.475 I/[3 T5179 ..] CMA( 0): 71,RES:0,TVP:0,SYS:0,COHER:0,VMAPED:0 MB
05-31 20:59:02.476 I/[3 T5179 ..] RES_EXT( 0): 0 MB
06-03 13:54:45.616 I/VDA ( 509): [-1##-1]"open dec_stat fd -1, gloglevel 1 use_pts_id_ is 0 force dmabuf mode 0\n"
05-31 20:59:02.477 I/ ( 0): [3 T5179 ..] [4]CMA size:364 MB:alloced: 71 MB,free:292 MB
06-03 13:54:45.616 I/VDA ( 509): [-1##-1]"VDA Initialize flags is 32769\n"
05-31 20:59:02.477 I/[3 T5179 d.] [48].0( 0): SCATTER_MEM.0,addr=0xcf2d2000,size=8388608,from=4,cnt=1,flags=268439553,used:144072 ms
05-31 20:59:02.477 I/[3 T5179 d.] [49].0( 0): SCATTER_MEM.0,addr=0xcfad2000,size=8388608,from=4,cnt=1,flags=268439553,used:144072 ms
06-03 13:54:45.616 I/VDA ( 509): [-1##-1]"Disabled LCEVC"
06-03 13:54:45.616 I/android.hardware.media.c2@1.2-service( 509): vendor.mediahal.loglevels is not set, used defaultValue = 1
05-31 20:59:02.479 I/[3 T5179 d.] [50].0( 0): SCATTER_MEM.0,addr=0xd02d2000,size=8388608,from=4,cnt=1,flags=268439553,used:144072 ms
05-31 20:59:02.480 I/[3 T5179 d.] [51].0( 0): SCATTER_MEM.0,addr=0xd0ad2000,size=8388608,from=4,cnt=1,flags=268439553,used:144072 ms
05-31 20:59:02.481 I/[3 T5179 d.] [112].0( 0): CODEC_MM_DMA_BUF.0,addr=0xd3c20000,size=3133440,from=4,cnt=1,flags=1,used:71936 ms
05-31 20:59:02.483 I/[3 T5179 d.] [113].19( 0): v4ldec-m2m.0,addr=0xd18e0000,size=65536,from=4,cnt=1,flags=69633,used:71936 ms
06-03 13:54:45.616 I/VDA ( 509): [-1##-1]"Initialize codec2_mode_:1," "stream_mode_:0," "use_pts_id_:0," "force_dmabuf_mode_:0," "use_input_buffercache_:0," "use_input_bufferpool_ :1," "use_dynamic_capture_buffer_:1," "use_uvm_:1," "use_pts_calculator_:1," "use_high_prio_:1," "use_secure_vdec_hal_:1," "use_low_latency_mode_:0," "add_csd_:1"
05-31 20:59:02.484 I/[3 T5179 d.] [114].0( 0): CODEC_MM_DMA_BUF.0,addr=0xd3f1d000,size=3133440,from=4,cnt=1,flags=1,used:71936 ms
05-31 20:59:02.485 I/[3 T5179 d.] [116].19( 0): v4ldec-m2m.1,addr=0xd18f0000,size=65536,from=4,cnt=1,flags=69633,used:71936 ms
05-31 20:59:02.487 I/[3 T5179 d.] [117].0( 0): CODEC_MM_DMA_BUF.0,addr=0xd421a000,size=3133440,from=4,cnt=1,flags=1,used:71940 ms
05-31 20:59:02.488 I/[3 T5179 d.] [118].19( 0): v4ldec-m2m.2,addr=0xd1900000,size=65536,from=4,cnt=1,flags=69633,used:71936 ms
05-31 20:59:02.489 I/[3 T5179 d.] [119].0( 0): CODEC_MM_DMA_BUF.0,addr=0xd4517000,size=3133440,from=4,cnt=1,flags=1,used:71936 ms
05-31 20:59:02.491 I/[3 T5179 d.] [122].0( 0): CODEC_MM_DMA_BUF.0,addr=0xd4814000,size=3133440,from=4,cnt=1,flags=1,used:71936 ms
05-31 20:59:02.492 I/[3 T5179 d.] [123].19( 0): v4ldec-m2m.3,addr=0xd1910000,size=65536,from=4,cnt=1,flags=69633,used:71936 ms
05-31 20:59:02.493 I/[3 T5179 d.] [125].0( 0): CODEC_MM_DMA_BUF.0,addr=0xd4b11000,size=3133440,from=4,cnt=1,flags=1,used:71932 ms
05-31 20:59:02.494 I/[3 T5179 d.] [126].19( 0): v4ldec-m2m.4,addr=0xd2f90000,size=65536,from=4,cnt=1,flags=69633,used:71932 ms
05-31 20:59:02.496 I/[3 T5179 d.] [127].0( 0): CODEC_MM_DMA_BUF.0,addr=0xd4e0e000,size=3133440,from=4,cnt=1,flags=1,used:71936 ms
05-31 20:59:02.497 I/[3 T5179 d.] [128].19( 0): v4ldec-m2m.5,addr=0xd2fa0000,size=65536,from=4,cnt=1,flags=69633,used:71936 ms
05-31 20:59:02.498 I/[3 T5179 d.] [129].19( 0): v4ldec-m2m.6,addr=0xd2fb0000,size=65536,from=4,cnt=1,flags=69633,used:71932 ms
05-31 20:59:02.500 I/[3 T5179 d.] [131].0( 0): CODEC_MM_DMA_BUF.0,addr=0xd510b000,size=3133440,from=4,cnt=1,flags=1,used:71936 ms
05-31 20:59:02.501 I/[3 T5179 d.] [132].19( 0): v4ldec-m2m.7,addr=0xd2fc0000,size=65536,from=4,cnt=1,flags=69633,used:71932 ms
05-31 20:59:02.502 I/[3 T5179 d.] [133].0( 0): CODEC_MM_DMA_BUF.0,addr=0xd5450000,size=3133440,from=4,cnt=1,flags=1,used:71932 ms
05-31 20:59:02.504 I/[3 T5179 d.] [134].19( 0): v4ldec-m2m.8,addr=0xd5a50000,size=65536,from=4,cnt=1,flags=69633,used:71936 ms
05-31 20:59:02.505 I/[3 T5179 d.] [135].0( 0): CODEC_MM_DMA_BUF.0,addr=0xd574d000,size=3133440,from=4,cnt=1,flags=1,used:71936 ms
05-31 20:59:02.506 I/[3 T5179 d.] [136].19( 0): v4ldec-m2m.9,addr=0xd5a60000,size=65536,from=4,cnt=1,flags=69633,used:71932 ms
05-31 20:59:02.507 I/[3 T5179 d.] [137].0( 0): CODEC_MM_DMA_BUF.0,addr=0xd5a70000,size=3133440,from=4,cnt=1,flags=1,used:71936 ms
05-31 20:59:02.509 I/[3 T5179 d.] [139].0( 0): CODEC_MM_DMA_BUF.0,addr=0xd5db0000,size=3133440,from=4,cnt=1,flags=1,used:71928 ms
05-31 20:59:02.510 I/[3 T5179 d.] [140].19( 0): v4ldec-m2m.10,addr=0xd60b0000,size=65536,from=4,cnt=1,flags=69633,used:71928 ms
05-31 20:59:02.511 I/[3 T5179 d.] [141].19( 0): v4ldec-m2m.11,addr=0xd60c0000,size=65536,from=4,cnt=1,flags=69633,used:71928 ms
05-31 20:59:02.513 I/[3 T5179 d.] [142].0( 0): CODEC_MM_DMA_BUF.0,addr=0xd60d0000,size=3133440,from=4,cnt=1,flags=1,used:71928 ms
05-31 20:59:02.514 I/[3 T5179 d.] [143].19( 0): v4ldec-m2m.12,addr=0xd63d0000,size=65536,from=4,cnt=1,flags=69633,used:71920 ms
05-31 20:59:02.516 E/ ( 0): [3 T5184 ..] mediaproxy produce init [aml-vcodec-dec]
05-31 20:59:02.518 I/ ( 0): [3 T5184 ..] Mediaproxy is opened name[aml-vcodec-dec]\n
05-31 20:59:02.518 I/ ( 0): [3 T5184 ..] Mediaproxy is opened name[aml-vcodec-dec] end\n
05-31 20:59:02.519 E/ ( 0): [3 T5184 ..] mediaproxy produce start connect
05-31 20:59:02.520 I/ ( 0): [3 T5184 ..] find p kfifo size:[32][2]
05-31 20:59:02.521 I/ ( 0): [3 T5184 ..] mediaproxy_get_fifo get idx[2]
05-31 20:59:02.521 I/ ( 0): [3 T5184 ..] Session producer-2 is connected fifo idx [2]
05-31 20:59:02.522 E/ ( 0): [3 T5184 ..] mediaproxy produce connect [2]
05-31 20:59:02.523 I/ ( 0): [3 T5184 ..] mediaproxy produce msg type :0x40 module_name:aml-vcodec-dec
05-31 20:59:02.524 I/ ( 0): [1 T5184 ..] deinit session
05-31 20:59:02.524 I/ ( 0): [1 T5184 ..] deinit session producer-2
05-31 20:59:02.525 I/ ( 0): [1 T5184 ..] deinit has_unusing_fifo [1]
05-31 20:59:02.526 I/ ( 0): [3 T99 ..] p_fifo[2] name[aml-vcodec-dec] state[0] to MP_FIFO_UNUSED
05-31 20:59:02.526 E/ ( 0): [1 T5184 ..] mediaproxy produce init [aml-vcodec-dec]
05-31 20:59:02.527 I/ ( 0): [1 T5184 ..] Mediaproxy is opened name[aml-vcodec-dec]\n
05-31 20:59:02.527 I/ ( 0): [1 T5184 ..] Mediaproxy is opened name[aml-vcodec-dec] end\n
05-31 20:59:02.528 E/ ( 0): [1 T5184 ..] mediaproxy produce start connect
05-31 20:59:02.529 I/ ( 0): [1 T5184 ..] find p kfifo size:[32][2]
05-31 20:59:02.530 I/ ( 0): [1 T5184 ..] mediaproxy_get_fifo get idx[2]
05-31 20:59:02.531 I/ ( 0): [1 T5184 ..] Session producer-2 is connected fifo idx [2]
06-03 13:54:45.634 I/VDA ( 509): [-1##23]"Initialize decoder_instance_num_ = 23"
06-03 13:54:45.634 I/VDA ( 509): [-1##23]"v4l2 private parms, magic:1437256755 len:5, adaptiveback:0 height:1920 width:1080\n"
06-03 13:54:45.634 I/android.hardware.media.c2@1.2-service( 509): vendor.media.mediahal.videodec.pts.loglevels is not set, used defaultValue = 1
06-03 13:54:45.634 I/AmlManagePts( 509): [0]"AmlManagePts into\n"
06-03 13:54:45.634 I/android.hardware.media.c2@1.2-service( 509): (null) is not set, used defaultValue = 0
06-03 13:54:45.634 I/VDA ( 509): V4l2Adaptor::postAndReplyMsg callerinstanceid : 0
06-03 13:54:45.634 I/C2VdecDeviceUtil( 509): [0#-1]"into set mUnstablePts = 0 "
06-03 13:54:45.634 I/VDA ( 509): [0##23]"InitializeTask"
06-03 13:54:45.634 I/VDA ( 509): [0##23]"not 8k use max input size\n"
06-03 13:54:45.634 I/AmlManagePts( 509): [0]"setUnstablePts set unstable[0]\n"
06-03 13:54:45.634 I/C2VdecDeviceUtil( 509): [0#-1]"into set mIsAviDiscard = 0 "
06-03 13:54:45.634 I/AmlManagePts( 509): [0]"setAviDiscard set avi discard[0]\n"
06-03 13:54:45.634 I/C2VdecDeviceUtil( 509): [0#-1]"into set mDurationUs = 33333 afr:0 mFramerate:30.000000"
06-03 13:54:45.635 I/AmlManagePts( 509): [0]"setDuration set duration[33333]type[2]mDuration[33333]\n"
06-03 13:54:45.635 I/VDA ( 509): [0##23]"postAndReplyMsg set framerate [30.000000] afr_force_on:0"
06-03 13:54:45.635 I/VDA ( 509): [0##23]"setDurationToDecoder set [3200][30.000000]"
06-03 13:54:45.635 I/VDA ( 509): [0##23]"setDurationToDecoder set [3200]"
06-03 13:54:45.635 I/VDA ( 509): [0##23]"sendMessagetoDecoder set AML_V4L2_SET_VF_DURATION"
05-31 20:59:02.532 E/ ( 0): [1 T5184 ..] mediaproxy produce connect [2]
05-31 20:59:02.532 I/ ( 0): [1 T5184 ..] mediaproxy produce msg type :0x40 module_name:aml-vcodec-dec
05-31 20:59:02.534 I/[1 T5184 ..] [amlv4l]( 0): [23]: DW:3, TW:0, Margin:6
05-31 20:59:02.535 D/[0 T5189 ..] [amlcom]( 0): vdec_create instance 00000000e843e99b, total 1, PM: power-domain
05-31 20:59:02.535 D/[0 T5189 ..] [media_clock]( 0): hevc mux clock is 799999988 Hz
06-03 13:54:45.637 D/XM_HIDREAD( 2267): add@ add@/devices/platform/vdec/ammvdec_h265_v4l.0
05-31 20:59:02.535 I/[0 T5189 ..] [amlcom]( 0): dos_local_config end, id 3, is_on 1
05-31 20:59:02.535 I/[0 T5189 ..] [amlcom]( 0): vdec_init, dev_name:ammvdec_h265_v4l, vdec_type=VDEC_TYPE_FRAME_BLOCK, format: 11, total: 1
05-31 20:59:02.538 D/[0 T5189 ..] [h265]( 0): [0]pdata->config=parm_v4l_codec_enable:1;parm_v4l_buffer_margin:6;hevc_double_write_mode:3;hevc_triple_write_mode:0;hevc_buf_width:4096;hevc_buf_height:2304;save_buffer_mode:0;parm_v4l_canvas_mem_mode:0;parm_v4l_canvas_mem_endian:0;parm_v4l_low_latency_mode:0;parm_v4l_metadata_config_flag:1050626;parm_v4l_duration:0;dv_profile:0;parm_v4l_error_handle_info:0;
05-31 20:59:02.538 D/[0 T5189 ..] [h265]( 0): [0]discard dv data
05-31 20:59:02.538 D/[0 T5189 ..] [h265]( 0): [0]dv_profile: 0
05-31 20:59:02.538 D/[0 T5189 ..] [h265]( 0): [0]Correction: policy 0x2 mode 2 lcu_percentage_threshold 0
06-03 13:54:45.645 I/VDA ( 509): [0##23]"SetupOutputFormat set outformat:NV21"
06-03 13:54:45.645 I/VDA ( 509): IsSupportedOutputFormat v4l2_format 3132564e
06-03 13:54:45.645 I/android.hardware.media.c2@1.2-service( 509): (null) is not set, used defaultValue = 0
06-03 13:54:45.645 I/VDA ( 509): [0##23]"sendMessagetoDecoder set AML_V4L2_SET_UEVENT_DURATION"
06-03 13:54:45.645 I/dmabufmanage( 509): dmabufmanage_init-105 Register dmabuf manager success 7 1
06-03 13:54:45.645 I/BufferPoolWraper( 509): [0]"BufferPoolWraper use dmabuf manager version 1"
06-03 13:54:45.645 I/android.hardware.media.c2@1.2-service( 509): (null) is not set, used defaultValue = 1
06-03 13:54:45.645 I/BufferPoolWraper( 509): [6]"BufferPoolWraper:149"
06-03 13:54:45.645 I/android.hardware.media.c2@1.2-service( 509): (null) is not set, used defaultValue = 4194304
06-03 13:54:45.646 I/SystemControl( 343): [/UEventObserver.cpp, HDMITxUenventThreadLoop, 451] HDMI TX switch_name:3200, switch_state:
05-31 20:59:02.544 D/[0 T5189 ..] [h265]( 0): [0]dynamic_buf_num_margin=6
06-03 13:54:45.646 I/SystemControl-FRA( 343): [/FrameRateAutoAdaption.cpp, isFrameRateOn, 176] hdmi frame rate is on
06-03 13:54:45.646 I/BufferPoolWraper( 509): [6]"Init:190 fd:16 phyadr:0xffffffffceed2000 size:400000(400000)"
05-31 20:59:02.544 D/[0 T5189 ..] [h265]( 0): [0]double_write_mode=3
05-31 20:59:02.544 D/[0 T5189 ..] [h265]( 0): [0]nal_skip_policy=2
05-31 20:59:02.544 D/[0 T5189 ..] [h265]( 0): [0]h265:pts_unstable=0
05-31 20:59:02.544 D/[0 T5189 ..] [h265]( 0): [0]h265: ver (201602101,0) decinfo: 0x0 rate=3600
05-31 20:59:02.544 D/[0 T5189 ..] [h265]( 0): ucode version 4.175, swap enable 1
05-31 20:59:02.544 D/[0 T5189 ..] [media_clock]( 0): hevc mux clock is 799999988 Hz
05-31 20:59:02.544 D/[0 T5189 ..] [amlcom]( 0): hevc video changed to 3840 x 2160 60 fps clk->800MHZ
05-31 20:59:02.545 I/[2 T5179 ..] [amlv4l]( 0): [23]: set vf duration: c80
06-03 13:54:45.651 I/VDA ( 509): [0##23]"decoderID:23"
06-03 13:54:45.651 I/android.hardware.media.c2@1.2-service( 509): (null) is not set, used defaultValue = 8
06-03 13:54:45.651 I/VDA ( 509): [0##23]"CreateInputBuffers count 8 instance_num_: 0\n"
06-03 13:54:45.651 I/VideoDecWraper( 509): [0##-1]"Query decoderID(23) success."
06-03 13:54:45.651 I/VDA ( 509): [0##23]"----create input VIDIOC_STREAMON----\n"
06-03 13:54:45.651 I/VDA ( 509): [0##23]"StartDevicePoll\n"
06-03 13:54:45.651 I/C2VdecDequeueThreadUtil( 509): [0##23][setComponent:86]
06-03 13:54:45.651 I/C2VdecComponent( 509): [0##23]"[start] done"
06-03 13:54:45.651 I/android.hardware.media.c2@1.2-service( 509): (null) is not set, used defaultValue = 0
06-03 13:54:45.652 I/android.hardware.media.c2@1.2-service( 509): (null) is not set, used defaultValue = 0
06-03 13:54:45.652 W/Codec2Client( 4827): query -- param skipped: index = 1342179345.
06-03 13:54:45.652 W/Codec2Client( 4827): query -- param skipped: index = 2415921170.
06-03 13:54:45.653 D/CCodecBufferChannel( 4827): [c2.amlogic.hevc.decoder#694] Created input block pool with allocatorID 16 => poolID 19 - OK (0)
06-03 13:54:45.654 I/CCodecBufferChannel( 4827): [c2.amlogic.hevc.decoder#694] Created output block pool with allocatorID 18 => poolID 21 - OK
06-03 13:54:45.654 D/CCodecBufferChannel( 4827): [c2.amlogic.hevc.decoder#694] Configured output block pool ids 21 => OK
06-03 13:54:45.654 D/Codec2-OutputBufferQueue( 4827): C2SurfaceSyncMemory created 20(20)
06-03 13:54:45.654 D/Codec2-OutputBufferQueue( 4827): remote graphic buffer migration 0/0
06-03 13:54:45.655 D/Codec2Client( 4827): setOutputSurface -- generation=4942853 consumer usage=0x900 sync
06-03 13:54:45.655 D/C2BqBuffer( 509): local generation change 4942853 , bqId: 20731807137793 migrated buffers # 0
06-03 13:54:45.655 D/Codec2Client( 4827): Surface configure completed
06-03 13:54:45.655 I/C2VendorComponentStore( 509): setDmaBufUsage 5
06-03 13:54:45.657 W/ResourceManagerService( 655): Ignoring request to add new resource entry with value <= 0
06-03 13:54:45.658 I/virtual bool MediaDecoder::open(DecodeParam)( 4827): open success: video/hevc hevc_mp4toannexb
06-03 13:54:45.658 I/virtual void IDecoder::pause(bool, bool)( 4827): pause success: 0
06-03 13:54:45.658 I/void Player::setState(PLAYER_STATE)( 4827): state changed newState: 2 oldState: 1
06-03 13:54:45.658 D/LeradPlayer( 4827): player newState: 2 oldState: 1
06-03 13:54:45.658 D/LeradPlayer( 4827): openSuccess: 1002
06-03 13:54:45.658 D/BufferPoolAccessor2.0( 4827): bufferpool2 0xe9d31288 : 0(0 size) total buffers - 0(0 size) used buffers - 0/9 (recycle/alloc) - 9/2126 (fetch/transfer)
06-03 13:54:45.658 D/BufferPoolAccessor2.0( 4827): Destruction - bufferpool2 0xe9d31288 cached: 0/0M, 0/0% in use; allocs: 9, 0% recycled; transfers: 2126, 100% unfetched
06-03 13:54:45.660 I/C2VdecBlockPoolUtil( 509): vendor.media.c2.loglevels is not set used def = 1
06-03 13:54:45.660 I/C2VdecBlockPoolUtil( 509): Create block pool success, allocatorId:18 poolId:21 use surface:1
06-03 13:54:45.660 I/C2VdecBlockPoolUtil( 509): pool id:21 use surface:1
06-03 13:54:45.660 I/C2VdecComponent( 509): [0##23]"Bufferqueue-backed block pool is used. blockPool->getAllocatorId() 18, C2PlatformAllocatorStore::BUFFERQUEUE 18 "
06-03 13:54:45.660 I/VideoDecWraper( 509): [0##23]"destroy"
06-03 13:54:45.660 D/ResmanWrapper( 509): ~resManWrapper fd = 11
06-03 13:54:45.660 D/resman ( 509): release all resource, fd = 11
06-03 13:54:45.660 I/VDA ( 509): [0##23]"Destroy:1702"
06-03 13:54:45.660 I/VDA ( 509): [0##23]"DestroyTask INS=0/0, OUTS=0/0"" {IN=0/8, OUT=0/0[kAtAccelerator(0) kAtDevice(0) kAtClient(0)]}"
06-03 13:54:45.660 I/VDA ( 509): [0##23]"StopDevicePoll\n"
06-03 13:54:45.662 I/VDA ( 509): [0##23]"StopInputStream input_streamon 1, input_buffer_map_.size 8\n"
05-31 20:59:02.562 I/[0 T5189 ..] [amlv4l]( 0): [23]: reset mode: 1, es frames buffering: 0
05-31 20:59:02.562 D/[0 T5189 ..] [h265]( 0): [0]h265:pts_unstable=0
05-31 20:59:02.562 D/[0 T5189 ..] [h265]( 0): [0]h265: ver (201602101,0) decinfo: 0x0 rate=3600
06-03 13:54:45.663 E/screen_saver2( 4827): mute player true
06-03 13:54:45.666 I/void PlayerProxy::play(long)( 4827): start play
06-03 13:54:45.666 D/void Thread::start()( 4827): Thread-MediaDecoder start
06-03 13:54:45.667 D/void Thread::start()( 4827): Thread-FFDemuxer start
06-03 13:54:45.667 D/void Thread::start()( 4827): Thread-Player start
06-03 13:54:45.667 I/virtual void IDemuxer::run()( 4827): start
06-03 13:54:45.667 I/void Player::play()( 4827): start success
06-03 13:54:45.669 I/virtual void MediaDecoder::run()( 4827): start 2
06-03 13:54:45.669 I/VDA ( 509): [0##23]"----stop input VIDIOC_STREAMOFF----\n"
06-03 13:54:45.669 I/AmlManagePts( 509): [0]"resetPtsInfo into\n"
06-03 13:54:45.669 I/AmlManagePts( 509): [0]"resetOutPutInfo into\n"
06-03 13:54:45.669 I/VDA ( 509): [0##23]"DestroyInputBuffers:5083"
06-03 13:54:45.669 I/VDA ( 509): [0##23]"DestroyOutputBuffers:5126"
06-03 13:54:45.669 I/VDA ( 509): [0##23]"DestroyTask:4223"
06-03 13:54:45.669 I/VDA ( 509): [0##23]"DestroyTask:4225 destroy done signal."
06-03 13:54:45.669 I/void MediaDecoder::render()( 4827): start 2
06-03 13:54:45.670 I/BufferPoolWraper( 509): [6]"free bufferpool region memory"
06-03 13:54:45.670 I/dmabufmanage( 509): dmabufmanage_uninit-122 UnRegister dmabuf manager success 7
06-03 13:54:45.670 I/BufferPoolWraper( 509): [6]"~BufferPoolWraper:163"
06-03 13:54:45.670 I/AmlManagePts( 509): [0]"~AmlManagePts into\n"
06-03 13:54:45.670 I/VDA ( 509): [0##23]"~V4L2VideoDecodeAccelerator:679"
06-03 13:54:45.670 I/virtual Data FFDemuxer::read()( 4827): read frame ret: End of file latestReceivedTime: 7433 getTotalTimeMillis: 7500 is exit: 0
06-03 13:54:45.670 I/virtual Data FFDemuxer::read()( 4827): list smooth loop
06-03 13:54:45.671 I/SystemControl( 343): [/UEventObserver.cpp, HDMITxUenventThreadLoop, 451] HDMI TX switch_name:0, switch_state:
06-03 13:54:45.671 I/SystemControl-FRA( 343): [/FrameRateAutoAdaption.cpp, isFrameRateOn, 176] hdmi frame rate is on
06-03 13:54:45.672 D/XM_HIDREAD( 2267): remove@ remove@/devices/platform/vdec/ammvdec_h265_v4l.0
06-03 13:54:45.674 I/virtual StreamInfo FFDemuxer::getVideoStreamInfo()( 4827): video width: 1920 video height: 1080 video pixelFormat: 0 fps: 30
06-03 13:54:45.674 D/virtual Data FFDemuxer::read()( 4827): open next url: /data/user/0/com.dangbei.lerad.screensaver/files/download/61/city_2.mp4
05-31 20:59:02.572 D/[1 T5184 ..] [amlcom]( 0): vdec_release instance 00000000e843e99b, total 1
06-03 13:54:45.675 I/virtual void Player::run()( 4827): start
06-03 13:54:45.677 I/virtual Data FFDemuxer::read()( 4827): read frame ret: End of file latestReceivedTime: 14100 getTotalTimeMillis: 6666 is exit: 0
06-03 13:54:45.677 I/virtual Data FFDemuxer::read()( 4827): list smooth loop
05-31 20:59:02.576 I/[3 T5184 ..] [amlcom]( 0): dos_local_config end, id 3, is_on 0
05-31 20:59:02.576 D/[3 T5184 ..] [media_clock]( 0): the clk_hevcf_mux clock off, ref cnt: 0
05-31 20:59:02.576 I/ ( 0): [3 T5184 ..] deinit session
05-31 20:59:02.576 I/ ( 0): [3 T5184 ..] deinit session producer-2
05-31 20:59:02.577 I/ ( 0): [3 T5184 ..] deinit has_unusing_fifo [1]
05-31 20:59:02.578 I/ ( 0): [0 T99 ..] p_fifo[2] name[aml-vcodec-dec] state[0] to MP_FIFO_UNUSED
06-03 13:54:45.681 I/virtual StreamInfo FFDemuxer::getVideoStreamInfo()( 4827): video width: 1920 video height: 1080 video pixelFormat: 0 fps: 30
06-03 13:54:45.681 D/virtual Data FFDemuxer::read()( 4827): open next url: /data/user/0/com.dangbei.lerad.screensaver/files/download/61/city_1.mp4
06-03 13:54:45.683 I/C2VdecDeviceUtil( 509): [0#23]"[codecConfig:499] query frame rate:30.000000 updata mDurationUs = 33333, unstablePts :0 isAviDiscard :0"
06-03 13:54:45.683 I/C2VdecDeviceUtil( 509): [0#23]"Disable low latency mode to v4l2 decoder."
06-03 13:54:45.685 I/virtual Data FFDemuxer::read()( 4827): read frame ret: End of file latestReceivedTime: 21599 getTotalTimeMillis: 7500 is exit: 0
06-03 13:54:45.685 I/virtual Data FFDemuxer::read()( 4827): list smooth loop
06-03 13:54:45.687 I/C2VdecDeviceUtil( 509): [codecConfig:522] clear vendor.media.llp
06-03 13:54:45.687 I/C2VdecDeviceUtil( 509): vendor.media.c2.vdec.h264_mmu_width is not set used def = 2560
06-03 13:54:45.687 I/C2VdecDeviceUtil( 509): vendor.media.c2.vdec.h264_mmu_height is not set used def = 2160
06-03 13:54:45.687 I/C2VdecDeviceUtil( 509): [0#23]"mEnableAvc4kMMU = 1, mmu open width:2560, height:2160"
06-03 13:54:45.687 I/C2VdecDeviceUtil( 509): [0#23]"configure width:1920 height:1080"
06-03 13:54:45.687 E/C2VdecCodecConfig( 509): can support 8K
06-03 13:54:45.687 I/C2VdecDeviceUtil( 509): [0#23]"[codecConfig:569] Codec is Support 8k"
06-03 13:54:45.687 I/C2VdecDeviceUtil( 509): [0#23]"DoubleWriteMode 1, margin:6 \n"
06-03 13:54:45.687 I/C2VdecDeviceUtil( 509): [0#23]"SurfaceText or noSurface unuse avbc out"
06-03 13:54:45.687 I/C2VdecDeviceUtil( 509): [0#23]"Enable DIPOST"
06-03 13:54:45.687 I/C2VdecDeviceUtil( 509): [0#23]"Buf dma mode 0x180000"
06-03 13:54:45.687 I/C2VdecDeviceUtil( 509): [0#23]"C2 need disable error policy"
06-03 13:54:45.687 I/C2VdecDeviceUtil( 509): [codecConfig] set triple write:0
06-03 13:54:45.687 I/VideoDecWraper( 509): [0##23]"initialize:mime:video/hevc secureMode is 0 flags is 0x8001"
06-03 13:54:45.688 I/virtual StreamInfo FFDemuxer::getVideoStreamInfo()( 4827): video width: 1920 video height: 1080 video pixelFormat: 0 fps: 30
06-03 13:54:45.688 D/virtual Data FFDemuxer::read()( 4827): open next url: /data/user/0/com.dangbei.lerad.screensaver/files/download/61/city_2.mp4
06-03 13:54:45.691 D/ResmanWrapper( 509): resManWrapper CODEC2-0 init, fd = 11
06-03 13:54:45.691 I/AmVideoDec( 509): [No--1]-[0]"checkResource.-- mem size:60--dim:0 w:[1920]H[1080]\n"
06-03 13:54:45.692 I/virtual Data FFDemuxer::read()( 4827): read frame ret: End of file latestReceivedTime: 28266 getTotalTimeMillis: 6666 is exit: 0
06-03 13:54:45.692 I/virtual Data FFDemuxer::read()( 4827): list smooth loop
06-03 13:54:45.695 I/virtual StreamInfo FFDemuxer::getVideoStreamInfo()( 4827): video width: 1920 video height: 1080 video pixelFormat: 0 fps: 30
06-03 13:54:45.696 D/virtual Data FFDemuxer::read()( 4827): open next url: /data/user/0/com.dangbei.lerad.screensaver/files/download/61/city_1.mp4
05-31 20:59:02.591 I/ ( 0): [3 T5179 ..] codec mem info:
05-31 20:59:02.591 I/ ( 0): [3 T5179 ..] total codec mem size:364 MB
05-31 20:59:02.591 I/ ( 0): [3 T5179 ..] alloced size= 71 MB
05-31 20:59:02.592 I/ ( 0): [3 T5179 ..] max alloced: 119 MB
05-31 20:59:02.593 I/[3 T5179 ..] CMA( 0): 71,RES:0,TVP:0,SYS:0,COHER:0,VMAPED:0 MB
05-31 20:59:02.593 I/[3 T5179 ..] RES_EXT( 0): 0 MB
05-31 20:59:02.594 I/ ( 0): [3 T5179 ..] [4]CMA size:364 MB:alloced: 71 MB,free:292 MB
05-31 20:59:02.595 I/[3 T5179 d.] [48].0( 0): SCATTER_MEM.0,addr=0xcf2d2000,size=8388608,from=4,cnt=1,flags=268439553,used:144192 ms
05-31 20:59:02.595 I/[3 T5179 d.] [49].0( 0): SCATTER_MEM.0,addr=0xcfad2000,size=8388608,from=4,cnt=1,flags=268439553,used:144192 ms
06-03 13:54:45.699 I/virtual Data FFDemuxer::read()( 4827): read frame ret: End of file latestReceivedTime: 35765 getTotalTimeMillis: 7500 is exit: 0
06-03 13:54:45.699 I/virtual Data FFDemuxer::read()( 4827): list smooth loop
06-03 13:54:45.702 I/virtual StreamInfo FFDemuxer::getVideoStreamInfo()( 4827): video width: 1920 video height: 1080 video pixelFormat: 0 fps: 30
06-03 13:54:45.702 D/virtual Data FFDemuxer::read()( 4827): open next url: /data/user/0/com.dangbei.lerad.screensaver/files/download/61/city_2.mp4
06-03 13:54:45.704 I/virtual Data FFDemuxer::read()( 4827): read frame ret: End of file latestReceivedTime: 42432 getTotalTimeMillis: 6666 is exit: 0
06-03 13:54:45.705 I/virtual Data FFDemuxer::read()( 4827): list smooth loop
06-03 13:54:45.707 I/virtual StreamInfo FFDemuxer::getVideoStreamInfo()( 4827): video width: 1920 video height: 1080 video pixelFormat: 0 fps: 30
06-03 13:54:45.707 D/virtual Data FFDemuxer::read()( 4827): open next url: /data/user/0/com.dangbei.lerad.screensaver/files/download/61/city_1.mp4
06-03 13:54:45.710 I/virtual Data FFDemuxer::read()( 4827): read frame ret: End of file latestReceivedTime: 49931 getTotalTimeMillis: 7500 is exit: 0
06-03 13:54:45.710 I/virtual Data FFDemuxer::read()( 4827): list smooth loop
06-03 13:54:45.712 I/virtual StreamInfo FFDemuxer::getVideoStreamInfo()( 4827): video width: 1920 video height: 1080 video pixelFormat: 0 fps: 30
06-03 13:54:45.713 D/virtual Data FFDemuxer::read()( 4827): open next url: /data/user/0/com.dangbei.lerad.screensaver/files/download/61/city_2.mp4
06-03 13:54:45.715 I/virtual Data FFDemuxer::read()( 4827): read frame ret: End of file latestReceivedTime: 56598 getTotalTimeMillis: 6666 is exit: 0
06-03 13:54:45.715 I/virtual Data FFDemuxer::read()( 4827): list smooth loop
06-03 13:54:45.718 I/virtual StreamInfo FFDemuxer::getVideoStreamInfo()( 4827): video width: 1920 video height: 1080 video pixelFormat: 0 fps: 30
06-03 13:54:45.718 D/virtual Data FFDemuxer::read()( 4827): open next url: /data/user/0/com.dangbei.lerad.screensaver/files/download/61/city_1.mp4
06-03 13:54:45.721 I/virtual Data FFDemuxer::read()( 4827): read frame ret: End of file latestReceivedTime: 64097 getTotalTimeMillis: 7500 is exit: 0
06-03 13:54:45.721 I/virtual Data FFDemuxer::read()( 4827): list smooth loop
06-03 13:54:45.724 I/virtual StreamInfo FFDemuxer::getVideoStreamInfo()( 4827): video width: 1920 video height: 1080 video pixelFormat: 0 fps: 30
06-03 13:54:45.724 D/virtual Data FFDemuxer::read()( 4827): open next url: /data/user/0/com.dangbei.lerad.screensaver/files/download/61/city_2.mp4
06-03 13:54:45.727 I/virtual Data FFDemuxer::read()( 4827): read frame ret: End of file latestReceivedTime: 70764 getTotalTimeMillis: 6666 is exit: 0
06-03 13:54:45.727 I/virtual Data FFDemuxer::read()( 4827): list smooth loop
06-03 13:54:45.729 I/virtual StreamInfo FFDemuxer::getVideoStreamInfo()( 4827): video width: 1920 video height: 1080 video pixelFormat: 0 fps: 30
06-03 13:54:45.729 D/virtual Data FFDemuxer::read()( 4827): open next url: /data/user/0/com.dangbei.lerad.screensaver/files/download/61/city_1.mp4
06-03 13:54:45.732 I/virtual Data FFDemuxer::read()( 4827): read frame ret: End of file latestReceivedTime: 78263 getTotalTimeMillis: 7500 is exit: 0
06-03 13:54:45.732 I/virtual Data FFDemuxer::read()( 4827): list smooth loop
05-31 20:59:02.596 I/[3 T5179 d.] [50].0( 0): SCATTER_MEM.0,addr=0xd02d2000,size=8388608,from=4,cnt=1,flags=268439553,used:144188 ms
05-31 20:59:02.597 I/[3 T5179 d.] [51].0( 0): SCATTER_MEM.0,addr=0xd0ad2000,size=8388608,from=4,cnt=1,flags=268439553,used:144188 ms
05-31 20:59:02.599 I/[3 T5179 d.] [112].0( 0): CODEC_MM_DMA_BUF.0,addr=0xd3c20000,size=3133440,from=4,cnt=1,flags=1,used:72056 ms
05-31 20:59:02.600 I/[3 T5179 d.] [113].19( 0): v4ldec-m2m.0,addr=0xd18e0000,size=65536,from=4,cnt=1,flags=69633,used:72052 ms
05-31 20:59:02.601 I/[3 T5179 d.] [114].0( 0): CODEC_MM_DMA_BUF.0,addr=0xd3f1d000,size=3133440,from=4,cnt=1,flags=1,used:72052 ms
05-31 20:59:02.603 I/[3 T5179 d.] [116].19( 0): v4ldec-m2m.1,addr=0xd18f0000,size=65536,from=4,cnt=1,flags=69633,used:72052 ms
05-31 20:59:02.604 I/[3 T5179 d.] [117].0( 0): CODEC_MM_DMA_BUF.0,addr=0xd421a000,size=3133440,from=4,cnt=1,flags=1,used:72056 ms
05-31 20:59:02.605 I/[3 T5179 d.] [118].19( 0): v4ldec-m2m.2,addr=0xd1900000,size=65536,from=4,cnt=1,flags=69633,used:72052 ms
05-31 20:59:02.606 I/[3 T5179 d.] [119].0( 0): CODEC_MM_DMA_BUF.0,addr=0xd4517000,size=3133440,from=4,cnt=1,flags=1,used:72052 ms
05-31 20:59:02.608 I/[3 T5179 d.] [122].0( 0): CODEC_MM_DMA_BUF.0,addr=0xd4814000,size=3133440,from=4,cnt=1,flags=1,used:72052 ms
05-31 20:59:02.609 I/[3 T5179 d.] [123].19( 0): v4ldec-m2m.3,addr=0xd1910000,size=65536,from=4,cnt=1,flags=69633,used:72052 ms
05-31 20:59:02.610 I/[3 T5179 d.] [125].0( 0): CODEC_MM_DMA_BUF.0,addr=0xd4b11000,size=3133440,from=4,cnt=1,flags=1,used:72048 ms
05-31 20:59:02.612 I/[3 T5179 d.] [126].19( 0): v4ldec-m2m.4,addr=0xd2f90000,size=65536,from=4,cnt=1,flags=69633,used:72052 ms
05-31 20:59:02.613 I/[3 T5179 d.] [127].0( 0): CODEC_MM_DMA_BUF.0,addr=0xd4e0e000,size=3133440,from=4,cnt=1,flags=1,used:72052 ms
05-31 20:59:02.614 I/[3 T5179 d.] [128].19( 0): v4ldec-m2m.5,addr=0xd2fa0000,size=65536,from=4,cnt=1,flags=69633,used:72052 ms
05-31 20:59:02.616 I/[3 T5179 d.] [129].19( 0): v4ldec-m2m.6,addr=0xd2fb0000,size=65536,from=4,cnt=1,flags=69633,used:72052 ms
05-31 20:59:02.617 I/[3 T5179 d.] [131].0( 0): CODEC_MM_DMA_BUF.0,addr=0xd510b000,size=3133440,from=4,cnt=1,flags=1,used:72052 ms
05-31 20:59:02.618 I/[3 T5179 d.] [132].19( 0): v4ldec-m2m.7,addr=0xd2fc0000,size=65536,from=4,cnt=1,flags=69633,used:72048 ms
05-31 20:59:02.619 I/[3 T5179 d.] [133].0( 0): CODEC_MM_DMA_BUF.0,addr=0xd5450000,size=3133440,from=4,cnt=1,flags=1,used:72052 ms
05-31 20:59:02.621 I/[3 T5179 d.] [134].19( 0): v4ldec-m2m.8,addr=0xd5a50000,size=65536,from=4,cnt=1,flags=69633,used:72052 ms
05-31 20:59:02.622 I/[3 T5179 d.] [135].0( 0): CODEC_MM_DMA_BUF.0,addr=0xd574d000,size=3133440,from=4,cnt=1,flags=1,used:72052 ms
05-31 20:59:02.623 I/[3 T5179 d.] [136].19( 0): v4ldec-m2m.9,addr=0xd5a60000,size=65536,from=4,cnt=1,flags=69633,used:72052 ms
05-31 20:59:02.625 I/[3 T5179 d.] [137].0( 0): CODEC_MM_DMA_BUF.0,addr=0xd5a70000,size=3133440,from=4,cnt=1,flags=1,used:72052 ms
05-31 20:59:02.626 I/[3 T5179 d.] [139].0( 0): CODEC_MM_DMA_BUF.0,addr=0xd5db0000,size=3133440,from=4,cnt=1,flags=1,used:72044 ms
05-31 20:59:02.627 I/[3 T5179 d.] [140].19( 0): v4ldec-m2m.10,addr=0xd60b0000,size=65536,from=4,cnt=1,flags=69633,used:72048 ms
05-31 20:59:02.628 I/[3 T5179 d.] [141].19( 0): v4ldec-m2m.11,addr=0xd60c0000,size=65536,from=4,cnt=1,flags=69633,used:72044 ms
05-31 20:59:02.630 I/[3 T5179 d.] [142].0( 0): CODEC_MM_DMA_BUF.0,addr=0xd60d0000,size=3133440,from=4,cnt=1,flags=1,used:72044 ms
05-31 20:59:02.631 I/[3 T5179 d.] [143].19( 0): v4ldec-m2m.12,addr=0xd63d0000,size=65536,from=4,cnt=1,flags=69633,used:72040 ms
05-31 20:59:02.631 D/[0 T715 ..] [snd-soc]( 0): spdif_a is set to disable
05-31 20:59:02.634 I/[3 T710 ..] [snd-soc]( 0): aml_audio_reset, reg 0xa, shift 9, use_vadtop 0
05-31 20:59:02.634 I/ ( 0): [1 T5179 ..] codec mem info:
05-31 20:59:02.635 I/[3 T710 ..] [snd-soc]( 0): aml_audio_reset, reg 0xa, shift 14, use_vadtop 0
05-31 20:59:02.635 I/ ( 0): [1 T5179 ..] total codec mem size:364 MB
05-31 20:59:02.636 I/[3 T710 ..] [snd-soc]( 0): hdmitx src switch to spdif 0
05-31 20:59:02.637 I/ ( 0): [1 T5179 ..] alloced size= 71 MB
05-31 20:59:02.637 I/ ( 0): [1 T5179 ..] max alloced: 119 MB
05-31 20:59:02.637 I/[3 T710 ..] [snd-soc]( 0): sharebuffer_spdifout_prepare get_hdmitx_audio_src(rtd->card):0 spdif_id:0
05-31 20:59:02.638 I/[1 T5179 ..] CMA( 0): 71,RES:0,TVP:0,SYS:0,COHER:0,VMAPED:0 MB
05-31 20:59:02.639 I/[3 T710 ..] [hdmitx( 0): ] hdmitx_audio_notify_callback[804] type:1 rate:0 size:0 chs:0 i2s_ch_mask:0 aud_src_if:0
05-31 20:59:02.640 I/[1 T5179 ..] RES_EXT( 0): 0 MB
05-31 20:59:02.640 I/ ( 0): [1 T5179 ..] [4]CMA size:364 MB:alloced: 71 MB,free:292 MB
05-31 20:59:02.640 I/[1 T5179 d.] [48].0( 0): SCATTER_MEM.0,addr=0xcf2d2000,size=8388608,from=4,cnt=1,flags=268439553,used:144236 ms
05-31 20:59:02.640 I/[1 T5179 d.] [49].0( 0): SCATTER_MEM.0,addr=0xcfad2000,size=8388608,from=4,cnt=1,flags=268439553,used:144236 ms
05-31 20:59:02.640 I/[1 T5179 d.] [50].0( 0): SCATTER_MEM.0,addr=0xd02d2000,size=8388608,from=4,cnt=1,flags=268439553,used:144232 ms
05-31 20:59:02.640 I/[1 T5179 d.] [51].0( 0): SCATTER_MEM.0,addr=0xd0ad2000,size=8388608,from=4,cnt=1,flags=268439553,used:144232 ms
05-31 20:59:02.640 I/[1 T5179 d.] [112].0( 0): CODEC_MM_DMA_BUF.0,addr=0xd3c20000,size=3133440,from=4,cnt=1,flags=1,used:72096 ms
05-31 20:59:02.640 I/[1 T5179 d.] [113].19( 0): v4ldec-m2m.0,addr=0xd18e0000,size=65536,from=4,cnt=1,flags=69633,used:72092 ms
05-31 20:59:02.640 I/[1 T5179 d.] [114].0( 0): CODEC_MM_DMA_BUF.0,addr=0xd3f1d000,size=3133440,from=4,cnt=1,flags=1,used:72092 ms
05-31 20:59:02.640 I/[1 T5179 d.] [116].19( 0): v4ldec-m2m.1,addr=0xd18f0000,size=65536,from=4,cnt=1,flags=69633,used:72092 ms
05-31 20:59:02.641 E/[3 T710 ..] [hdmitx( 0): ] *HDMITX_ERROR* audio chn setting, must be 2, 4, 6 or 8, Rst as def
05-31 20:59:02.642 I/[1 T5179 d.] [117].0( 0): CODEC_MM_DMA_BUF.0,addr=0xd421a000,size=3133440,from=4,cnt=1,flags=1,used:72092 ms
05-31 20:59:02.642 I/[3 T710 ..] [hdmitx( 0): ] aout notify format CT_PCM
05-31 20:59:02.643 I/[1 T5179 d.] [118].19( 0): v4ldec-m2m.2,addr=0xd1900000,size=65536,from=4,cnt=1,flags=69633,used:72092 ms
05-31 20:59:02.643 I/[1 T5179 d.] [119].0( 0): CODEC_MM_DMA_BUF.0,addr=0xd4517000,size=3133440,from=4,cnt=1,flags=1,used:72092 ms
05-31 20:59:02.643 I/[1 T5179 d.] [122].0( 0): CODEC_MM_DMA_BUF.0,addr=0xd4814000,size=3133440,from=4,cnt=1,flags=1,used:72088 ms
05-31 20:59:02.643 I/[1 T5179 d.] [123].19( 0): v4ldec-m2m.3,addr=0xd1910000,size=65536,from=4,cnt=1,flags=69633,used:72088 ms
05-31 20:59:02.643 I/[1 T5179 d.] [125].0( 0): CODEC_MM_DMA_BUF.0,addr=0xd4b11000,size=3133440,from=4,cnt=1,flags=1,used:72084 ms
05-31 20:59:02.643 I/[1 T5179 d.] [126].19( 0): v4ldec-m2m.4,addr=0xd2f90000,size=65536,from=4,cnt=1,flags=69633,used:72084 ms
05-31 20:59:02.643 I/[1 T5179 d.] [127].0( 0): CODEC_MM_DMA_BUF.0,addr=0xd4e0e000,size=3133440,from=4,cnt=1,flags=1,used:72084 ms
05-31 20:59:02.645 I/[3 T710 ..] [hdmitx( 0): ] set audio
05-31 20:59:02.646 I/[1 T5179 d.] [128].19( 0): v4ldec-m2m.5,addr=0xd2fa0000,size=65536,from=4,cnt=1,flags=69633,used:72084 ms
05-31 20:59:02.647 I/[3 T710 ..] [hdmitx( 0): ] audio_param->chs = -1
05-31 20:59:02.649 I/[1 T5179 d.] [129].19( 0): v4ldec-m2m.6,addr=0xd2fb0000,size=65536,from=4,cnt=1,flags=69633,used:72084 ms
05-31 20:59:02.650 I/[3 T710 ..] [hdmitx( 0): ] aud_src_if = 0
05-31 20:59:02.651 I/[1 T5179 d.] [131].0( 0): CODEC_MM_DMA_BUF.0,addr=0xd510b000,size=3133440,from=4,cnt=1,flags=1,used:72088 ms
05-31 20:59:02.651 I/[1 T5179 d.] [132].19( 0): v4ldec-m2m.7,addr=0xd2fc0000,size=65536,from=4,cnt=1,flags=69633,used:72084 ms
05-31 20:59:02.651 I/[1 T5179 d.] [133].0( 0): CODEC_MM_DMA_BUF.0,addr=0xd5450000,size=3133440,from=4,cnt=1,flags=1,used:72084 ms
05-31 20:59:02.651 I/[1 T5179 d.] [134].19( 0): v4ldec-m2m.8,addr=0xd5a50000,size=65536,from=4,cnt=1,flags=69633,used:72084 ms
05-31 20:59:02.651 I/[1 T5179 d.] [135].0( 0): CODEC_MM_DMA_BUF.0,addr=0xd574d000,size=3133440,from=4,cnt=1,flags=1,used:72084 ms
05-31 20:59:02.651 I/[1 T5179 d.] [136].19( 0): v4ldec-m2m.9,addr=0xd5a60000,size=65536,from=4,cnt=1,flags=69633,used:72080 ms
05-31 20:59:02.651 I/[1 T5179 d.] [137].0( 0): CODEC_MM_DMA_BUF.0,addr=0xd5a70000,size=3133440,from=4,cnt=1,flags=1,used:72080 ms
05-31 20:59:02.651 I/[1 T5179 d.] [139].0( 0): CODEC_MM_DMA_BUF.0,addr=0xd5db0000,size=3133440,from=4,cnt=1,flags=1,used:72072 ms
06-03 13:54:45.734 E/audio_hw_hal_alsamgr( 503): aml_alsa_output_get_delayframe:824, pcm_ioctl fail, ret:0xffffffff, error info:Broken pipe
06-03 13:54:45.734 I/audio_hw_hal_alsamgr( 503): aml_alsa_output_write alsa_running_status[0xeb2c1cd0] change from 1 to 0
06-03 13:54:45.734 W/audio_hw_hal_alsamgr( 503): [aml_alsa_output_write:616] alsa underrun
06-03 13:54:45.734 I/AmVideoDec( 509): [No--1]-[0]"res_status.v.query.avail 292 -mmsize: 60 -adjust 0\n"
06-03 13:54:45.734 I/resman ( 509): acquire fd:11, resid:7, preempt:1, time_out:10000, arg:
06-03 13:54:45.735 I/virtual StreamInfo FFDemuxer::getVideoStreamInfo()( 4827): video width: 1920 video height: 1080 video pixelFormat: 0 fps: 30
06-03 13:54:45.735 D/virtual Data FFDemuxer::read()( 4827): open next url: /data/user/0/com.dangbei.lerad.screensaver/files/download/61/city_2.mp4
06-03 13:54:45.738 I/virtual Data FFDemuxer::read()( 4827): read frame ret: End of file latestReceivedTime: 84930 getTotalTimeMillis: 6666 is exit: 0
06-03 13:54:45.738 I/virtual Data FFDemuxer::read()( 4827): list smooth loop
06-03 13:54:45.741 I/virtual StreamInfo FFDemuxer::getVideoStreamInfo()( 4827): video width: 1920 video height: 1080 video pixelFormat: 0 fps: 30
06-03 13:54:45.741 D/virtual Data FFDemuxer::read()( 4827): open next url: /data/user/0/com.dangbei.lerad.screensaver/files/download/61/city_1.mp4
