05-31 20:48:46.948 D/CompatibilityChangeReporter( 754): Compat change id reported: 265451093; UID 10029; state: DISABLED
05-31 20:48:46.948 D/CompatibilityChangeReporter( 754): Compat change id reported: 265456536; UID 10029; state: DISABLED
05-31 20:48:46.948 D/CompatibilityChangeReporter( 754): Compat change id reported: 255940284; UID 10029; state: DISABLED
05-31 20:48:46.949 D/CompatibilityChangeReporter( 754): Compat change id reported: 236283604; UID 10029; state: DISABLED
05-31 20:48:46.950 D/CompatibilityChangeReporter( 754): Compat change id reported: 263959004; UID 10029; state: DISABLED
05-31 20:48:46.950 D/CompatibilityChangeReporter( 754): Compat change id reported: 264304459; UID 10029; state: DISABLED
05-31 20:48:46.950 D/CompatibilityChangeReporter( 754): Compat change id reported: 264301586; UID 10029; state: DISABLED
05-31 20:48:46.951 D/CompatibilityChangeReporter( 754): Compat change id reported: 254631730; UID 10029; state: DISABLED
05-31 20:48:46.951 D/CompatibilityChangeReporter( 754): Compat change id reported: 273509367; UID 10029; state: DISABLED
05-31 20:48:46.951 D/CompatibilityChangeReporter( 754): Compat change id reported: 263259275; UID 10029; state: DISABLED
05-31 20:48:46.951 D/CompatibilityChangeReporter( 754): Compat change id reported: 174042980; UID 10029; state: DISABLED
05-31 20:48:46.952 D/CompatibilityChangeReporter( 754): Compat change id reported: 174042936; UID 10029; state: DISABLED
05-31 20:48:46.952 D/CompatibilityChangeReporter( 754): Compat change id reported: 181136395; UID 10029; state: DISABLED
05-31 20:48:46.960 I/[2 T1108 ..] [snd-soc]( 0): dts_dec_control/0x0
05-31 20:48:46.957 D/CompatibilityChangeReporter( 754): Compat change id reported: 184838306; UID 10029; state: DISABLED
05-31 20:48:46.958 D/CompatibilityChangeReporter( 754): Compat change id reported: 185004937; UID 10029; state: DISABLED
05-31 20:48:46.958 D/PackageManager( 754): Instant App installer not found with android.intent.action.INSTALL_INSTANT_APP_PACKAGE
05-31 20:48:46.958 D/PackageManager( 754): Clear ephemeral installer activity
05-31 20:48:46.960 D/CompatibilityChangeReporter( 754): Compat change id reported: 194480991; UID 10029; state: ENABLED
05-31 20:48:46.966 D/CompatibilityChangeReporter( 754): Compat change id reported: 197654537; UID 10029; state: ENABLED
05-31 20:48:46.970 I/ActivityTaskManager( 754): START u0 {act=android.intent.action.MAIN cat=[android.intent.category.HOME] flg=0x10000100 cmp=com.dangbei.hqguide/.main.MainActivity (has extras)} with LAUNCH_MULTIPLE from uid 0 (BAL_ALLOW_ALLOWLISTED_UID) result code=0
05-31 20:48:46.980 W/LoadedApk( 1121): New application info for package com.android.systemui is out of date with TS 44806 < the current TS 44918
05-31 20:48:46.982 D/CompatibilityChangeReporter( 754): Compat change id reported: 135634846; UID 10029; state: DISABLED
05-31 20:48:46.982 D/CompatibilityChangeReporter( 754): Compat change id reported: 177438394; UID 10029; state: DISABLED
05-31 20:48:46.982 D/CompatibilityChangeReporter( 754): Compat change id reported: 135772972; UID 10029; state: DISABLED
05-31 20:48:46.983 D/CompatibilityChangeReporter( 754): Compat change id reported: 135754954; UID 10029; state: ENABLED
05-31 20:48:46.984 D/CompatibilityChangeReporter( 754): Compat change id reported: 143937733; UID 10029; state: ENABLED
05-31 20:48:46.984 W/ActivityManager( 754): com.dangbei.hqguide inode == 0 (b/152760674)
05-31 20:48:46.999 I/ActivityManager( 754): Start proc 1512:com.dangbei.hqguide/u0a29 for top-activity {com.dangbei.hqguide/com.dangbei.hqguide.main.MainActivity}
05-31 20:48:47.005 W/ContextImpl( 1345): Calling a method in the system process without a qualified user: android.app.ContextImpl.startService:1899 android.content.ContextWrapper.startService:825 com.droidlogic.DroidlogicApplication$1.handleMessage:93 android.os.Handler.dispatchMessage:106 android.os.Looper.loopOnce:205
05-31 20:48:47.009 D/WindowManagerShell( 1121): TvPipController: onConfigurationChanged(), state=NO_PIP
05-31 20:48:47.037 D/SystemServerTiming( 754): getUserSwitchability-0
05-31 20:48:47.037 D/SystemServerTiming( 754): TM.isInCall
05-31 20:48:47.037 V/SystemServerTiming( 754): TM.isInCall took to complete: 0ms
05-31 20:48:47.037 D/SystemServerTiming( 754): hasUserRestriction-DISALLOW_USER_SWITCH
05-31 20:48:47.037 V/SystemServerTiming( 754): hasUserRestriction-DISALLOW_USER_SWITCH took to complete: 0ms
05-31 20:48:47.037 D/SystemServerTiming( 754): getInt-ALLOW_USER_SWITCHING_WHEN_SYSTEM_USER_LOCKED
05-31 20:48:47.037 V/SystemServerTiming( 754): getInt-ALLOW_USER_SWITCHING_WHEN_SYSTEM_USER_LOCKED took to complete: 0ms
05-31 20:48:47.037 D/SystemServerTiming( 754): isUserUnlocked-USER_SYSTEM
05-31 20:48:47.037 V/SystemServerTiming( 754): isUserUnlocked-USER_SYSTEM took to complete: 0ms
05-31 20:48:47.037 V/SystemServerTiming( 754): getUserSwitchability-0 took to complete: 1ms
05-31 20:48:47.040 D/SystemServerTiming( 754): getUserSwitchability-0
05-31 20:48:47.040 D/SystemServerTiming( 754): TM.isInCall
05-31 20:48:47.041 V/SystemServerTiming( 754): TM.isInCall took to complete: 1ms
05-31 20:48:47.041 D/SystemServerTiming( 754): hasUserRestriction-DISALLOW_USER_SWITCH
05-31 20:48:47.041 V/SystemServerTiming( 754): hasUserRestriction-DISALLOW_USER_SWITCH took to complete: 0ms
05-31 20:48:47.041 D/SystemServerTiming( 754): getInt-ALLOW_USER_SWITCHING_WHEN_SYSTEM_USER_LOCKED
05-31 20:48:47.041 V/SystemServerTiming( 754): getInt-ALLOW_USER_SWITCHING_WHEN_SYSTEM_USER_LOCKED took to complete: 0ms
05-31 20:48:47.041 D/SystemServerTiming( 754): isUserUnlocked-USER_SYSTEM
05-31 20:48:47.041 V/SystemServerTiming( 754): isUserUnlocked-USER_SYSTEM took to complete: 0ms
05-31 20:48:47.041 V/SystemServerTiming( 754): getUserSwitchability-0 took to complete: 1ms
05-31 20:48:47.049 D/SystemServerTiming( 754): getUserSwitchability-0
05-31 20:48:47.049 D/SystemServerTiming( 754): TM.isInCall
05-31 20:48:47.049 V/SystemServerTiming( 754): TM.isInCall took to complete: 0ms
05-31 20:48:47.049 D/SystemServerTiming( 754): hasUserRestriction-DISALLOW_USER_SWITCH
05-31 20:48:47.049 V/SystemServerTiming( 754): hasUserRestriction-DISALLOW_USER_SWITCH took to complete: 0ms
05-31 20:48:47.049 D/SystemServerTiming( 754): getInt-ALLOW_USER_SWITCHING_WHEN_SYSTEM_USER_LOCKED
05-31 20:48:47.049 V/SystemServerTiming( 754): getInt-ALLOW_USER_SWITCHING_WHEN_SYSTEM_USER_LOCKED took to complete: 0ms
05-31 20:48:47.049 D/SystemServerTiming( 754): isUserUnlocked-USER_SYSTEM
05-31 20:48:47.049 V/SystemServerTiming( 754): isUserUnlocked-USER_SYSTEM took to complete: 0ms
05-31 20:48:47.049 V/SystemServerTiming( 754): getUserSwitchability-0 took to complete: 1ms
05-31 20:48:47.059 D/SystemServerTiming( 754): getUserSwitchability-0
05-31 20:48:47.059 D/SystemServerTiming( 754): TM.isInCall
05-31 20:48:47.060 V/SystemServerTiming( 754): TM.isInCall took to complete: 1ms
05-31 20:48:47.060 D/SystemServerTiming( 754): hasUserRestriction-DISALLOW_USER_SWITCH
05-31 20:48:47.060 V/SystemServerTiming( 754): hasUserRestriction-DISALLOW_USER_SWITCH took to complete: 0ms
05-31 20:48:47.060 D/SystemServerTiming( 754): getInt-ALLOW_USER_SWITCHING_WHEN_SYSTEM_USER_LOCKED
05-31 20:48:47.061 V/SystemServerTiming( 754): getInt-ALLOW_USER_SWITCHING_WHEN_SYSTEM_USER_LOCKED took to complete: 1ms
05-31 20:48:47.061 D/SystemServerTiming( 754): isUserUnlocked-USER_SYSTEM
05-31 20:48:47.061 V/SystemServerTiming( 754): isUserUnlocked-USER_SYSTEM took to complete: 0ms
05-31 20:48:47.061 V/SystemServerTiming( 754): getUserSwitchability-0 took to complete: 2ms
05-31 20:48:47.120 D/CompatibilityChangeReporter( 754): Compat change id reported: 168419799; UID 10029; state: DISABLED
05-31 20:48:47.121 D/CompatibilityChangeReporter( 754): Compat change id reported: 273564678; UID 10029; state: DISABLED
05-31 20:48:47.128 D/CompatibilityChangeReporter( 754): Compat change id reported: 265195908; UID 10029; state: ENABLED
05-31 20:48:47.158 D/CompatibilityChangeReporter( 754): Compat change id reported: 170503758; UID 10029; state: ENABLED
05-31 20:48:47.329 I/[1 T603 ..] [hdmitx( 0): ] hdmitx21_audio_mute_op: AUD_UNMUTE path=0x8000000
05-31 20:48:47.329 I/[1 T603 ..] [hdmitx( 0): ] hdmitx21_ext_set_audio_output enable:1
05-31 20:48:47.336 I/[3 T710 ..] audio_ddr_mngr( 0): frddrs[1] released by device fe330000.audiobus:tdm@1
05-31 20:48:47.355 D/[3 T710 ..] [snd-soc]( 0): spdif_a is set to disable
05-31 20:48:47.355 I/[3 T710 ..] [snd-soc]( 0): aml_audio_reset, reg 0xa, shift 9, use_vadtop 0
05-31 20:48:47.355 I/[3 T710 ..] [snd-soc]( 0): aml_audio_reset, reg 0xa, shift 14, use_vadtop 0
05-31 20:48:47.356 I/[3 T710 ..] [snd-soc]( 0): hdmitx src switch to spdif 0
05-31 20:48:47.357 I/[3 T710 ..] [snd-soc]( 0): sharebuffer_spdifout_prepare get_hdmitx_audio_src(rtd->card):0 spdif_id:0
05-31 20:48:47.358 I/[3 T710 ..] [hdmitx( 0): ] hdmitx_audio_notify_callback[804] type:1 rate:0 size:0 chs:0 i2s_ch_mask:0 aud_src_if:0
05-31 20:48:47.360 E/[3 T710 ..] [hdmitx( 0): ] *HDMITX_ERROR* audio chn setting, must be 2, 4, 6 or 8, Rst as def
05-31 20:48:47.361 I/[3 T710 ..] [hdmitx( 0): ] aout notify format CT_PCM
05-31 20:48:47.361 I/[3 T710 ..] [hdmitx( 0): ] set audio
05-31 20:48:47.362 I/[3 T710 ..] [hdmitx( 0): ] audio_param->chs = -1
05-31 20:48:47.363 I/[3 T710 ..] [hdmitx( 0): ] aud_src_if = 0
05-31 20:48:47.363 I/[3 T710 ..] [hdmitx( 0): ] aud_n_para = 11648
05-31 20:48:47.364 I/[3 T710 ..] [hdmitx( 0): ] set audio param
05-31 20:48:47.364 D/[3 T710 ..] [snd-soc]( 0): spdif_a fifo ctrl, frddr:0 type:1, 16 bits, chmask 0x3, swap 0x10
05-31 20:48:47.364 I/[3 T710 ..] [hdmitx( 0): ] hdmitx_audio_notify_callback[804] type:1 rate:3 size:1 chs:2 i2s_ch_mask:1 aud_src_if:0
05-31 20:48:47.366 I/[3 T710 ..] [hdmitx( 0): ] aout notify format CT_PCM
05-31 20:48:47.366 I/[3 T710 ..] [hdmitx( 0): ] set audio
05-31 20:48:47.367 I/[3 T710 ..] [hdmitx( 0): ] audio_param->chs = 1
05-31 20:48:47.368 I/[3 T710 ..] [hdmitx( 0): ] aud_src_if = 0
05-31 20:48:47.368 I/[3 T710 ..] [hdmitx( 0): ] aud_n_para = 11648
05-31 20:48:47.369 I/[3 T710 ..] [hdmitx( 0): ] set audio param
05-31 20:48:47.373 D/[3 T710 ..] [snd-soc]( 0): spdif_a is set to enable
05-31 20:48:47.590 W/ActivityThread( 1512): Failed to find provider info for media (user not unlocked)
05-31 20:48:47.668 D/CompatibilityChangeReporter( 754): Compat change id reported: 265464455; UID 10067; state: DISABLED
05-31 20:48:47.668 D/CompatibilityChangeReporter( 754): Compat change id reported: 265452344; UID 10067; state: DISABLED
05-31 20:48:47.668 D/CompatibilityChangeReporter( 754): Compat change id reported: 266124927; UID 10067; state: DISABLED
05-31 20:48:47.669 D/CompatibilityChangeReporter( 754): Compat change id reported: 265451093; UID 10067; state: DISABLED
05-31 20:48:47.670 D/CompatibilityChangeReporter( 754): Compat change id reported: 265456536; UID 10067; state: DISABLED
05-31 20:48:47.670 D/CompatibilityChangeReporter( 754): Compat change id reported: 255940284; UID 10067; state: DISABLED
05-31 20:48:47.670 D/CompatibilityChangeReporter( 754): Compat change id reported: 236283604; UID 10067; state: DISABLED
05-31 20:48:47.670 D/CompatibilityChangeReporter( 754): Compat change id reported: 263959004; UID 10067; state: DISABLED
05-31 20:48:47.670 D/CompatibilityChangeReporter( 754): Compat change id reported: 264304459; UID 10067; state: DISABLED
05-31 20:48:47.671 D/CompatibilityChangeReporter( 754): Compat change id reported: 264301586; UID 10067; state: DISABLED
05-31 20:48:47.671 D/CompatibilityChangeReporter( 754): Compat change id reported: 254631730; UID 10067; state: DISABLED
05-31 20:48:47.671 D/CompatibilityChangeReporter( 754): Compat change id reported: 273509367; UID 10067; state: DISABLED
05-31 20:48:47.671 D/CompatibilityChangeReporter( 754): Compat change id reported: 263259275; UID 10067; state: DISABLED
05-31 20:48:47.671 D/CompatibilityChangeReporter( 754): Compat change id reported: 174042980; UID 10067; state: DISABLED
05-31 20:48:47.672 D/CompatibilityChangeReporter( 754): Compat change id reported: 174042936; UID 10067; state: DISABLED
05-31 20:48:47.673 D/CompatibilityChangeReporter( 754): Compat change id reported: 181136395; UID 10067; state: DISABLED
05-31 20:48:47.681 D/CompatibilityChangeReporter( 754): Compat change id reported: 194480991; UID 10067; state: ENABLED
05-31 20:48:47.683 D/CompatibilityChangeReporter( 754): Compat change id reported: 184838306; UID 10067; state: DISABLED
05-31 20:48:47.683 D/CompatibilityChangeReporter( 754): Compat change id reported: 185004937; UID 10067; state: DISABLED
05-31 20:48:47.691 I/ActivityTaskManager( 754): START u0 {act=android.content.pm.action.REQUEST_PERMISSIONS pkg=com.android.permissioncontroller cmp=com.android.permissioncontroller/.permission.ui.GrantPermissionsActivity (has extras)} with LAUNCH_MULTIPLE from uid 10029 (BAL_ALLOW_ALLOWLISTED_COMPONENT) result code=0
05-31 20:48:47.810 D/CompatibilityChangeReporter( 754): Compat change id reported: 218493289; UID 10029; state: DISABLED
05-31 20:48:47.815 D/CompatibilityChangeReporter( 754): Compat change id reported: 161145287; UID 10029; state: DISABLED
05-31 20:48:47.937 W/Looper ( 754): Slow dispatch took 1758ms main h=android.app.ActivityThread$H c=android.app.LoadedApk$ReceiverDispatcher$Args$$ExternalSyntheticLambda0@2e28ea6 m=0
05-31 20:48:48.004 W/ ( 0): [3 T660 ..] [aml_cfg80211_scan 1812] n_channels:26,iftype:2
05-31 20:48:48.004 W/ ( 0): [3 T660 ..] [aml_send_scanu_req 2532] vif:0
05-31 20:48:48.005 W/ ( 0): [3 T660 ..] >>> aml_send_msg()
05-31 20:48:48.006 W/ ( 0): [1 T1196 ..] ipc_sdio_host_msgack_handler 00000000ae976ed3
05-31 20:48:48.006 W/ ( 0): [1 T1196 ..] [aml_msgackind 2038] msg ack hostid=0xffffff80a57c0600
05-31 20:48:48.007 W/ ( 0): [1 T1196 ..] [cmd_mgr_llind 329] cmd tkn[21] flags:0008 result: -4 cmd:4096-SCANU_START_REQ - reqcfm( 0-none)
05-31 20:48:48.009 W/ ( 0): [1 T1196 ..] [cmd_complete 65] cmd tkn[21] flags:0000 result: -4 cmd:4096-SCANU_START_REQ - reqcfm( 0-none)
05-31 20:48:48.119 D/HDMI ( 754): settings onchange soundbar_mode to false
05-31 20:48:48.119 D/HDMI ( 754): soundbar mode settings changes to 0
05-31 20:48:48.119 D/HDMI ( 754): Updating CEC setting 'soundbar_mode' to '0'.
05-31 20:48:48.119 D/HDMI ( 754): Setting 'soundbar_mode' shared pref.
05-31 20:48:48.141 D/HDMI ( 754): settings onchange soundbar_mode to false
05-31 20:48:48.141 D/HDMI ( 754): soundbar mode settings changes to 0
05-31 20:48:48.141 D/HDMI ( 754): Updating CEC setting 'soundbar_mode' to '0'.
05-31 20:48:48.141 D/HDMI ( 754): Setting 'soundbar_mode' shared pref.
05-31 20:48:48.143 D/AutofillManagerService( 754): Restriction did not change for user 0
05-31 20:48:48.188 W/ActivityTaskManager( 754): Activity top resumed state loss timeout for ActivityRecord{9a3f314 u0 com.dangbei.hqguide/.main.MainActivity t3}
05-31 20:48:48.189 W/ActivityTaskManager( 754): Activity pause timeout for ActivityRecord{9a3f314 u0 com.dangbei.hqguide/.main.MainActivity t3}
05-31 20:48:48.252 W/Looper ( 754): Slow dispatch took 104ms main h=android.app.ActivityThread$H c=android.app.LoadedApk$ReceiverDispatcher$Args$$ExternalSyntheticLambda0@2b00e5c m=0
05-31 20:48:48.271 D/HDMI ( 754): receive android.intent.action.CONFIGURATION_CHANGED
05-31 20:48:48.272 I/DisplayDeviceRepository( 754): Display device changed: DisplayDeviceInfo{"内置屏幕": uniqueId="local:4621527120592813323", 3840 x 2160, modeId 3, renderFrameRate 59.94006, defaultModeId 3, supportedModes [{id=1, width=1920, height=1080, fps=59.94006, alternativeRefreshRates=[], supportedHdrTypes=[2, 3]}, {id=2, width=1920, height=1080, fps=60.000004, alternativeRefreshRates=[], supportedHdrTypes=[2, 3]}, {id=3, width=3840, height=2160, fps=59.94006, alternativeRefreshRates=[], supportedHdrTypes=[2, 3]}, {id=4, width=3840, height=2160, fps=60.000004, alternativeRefreshRates=[], supportedHdrTypes=[2, 3]}, {id=5, width=3840, height=2160, fps=50.0, alternativeRefreshRates=[], supportedHdrTypes=[2, 3]}, {id=6, width=3840, height=2160, fps=29.97003, alternativeRefreshRates=[], supportedHdrTypes=[2, 3]}, {id=7, width=3840, height=2160, fps=30.000002, alternativeRefreshRates=[], supportedHdrTypes=[2, 3]}, {id=8, width=3840, height=2160, fps=25.0, alternativeRefreshRates=[], supportedHdrTypes=[2, 3]}, {id=9, width=3840, height=2160, fps=23.976025, alternativeRefreshRates=[], supportedHdrTypes=[2, 3]}, {id=10, width=3840, height=2160, fps=24.000002, alternativeRefreshRates=[], supportedHdrTypes=[2, 3]}, {id=11, width=1920, height=1080, fps=50.0, alternativeRefreshRates=[], supportedHdrTypes=[2, 3]}, {id=12, width=1920, height=1080, fps=29.97003, alternativeRefreshRates=[], supportedHdrTypes=[2, 3]}, {id=13, width=1920, height=1080, fps=30.000002, alternativeRefreshRates=[], supportedHdrTypes=[2, 3]}, {id=14, width=1920, height=1080, fps=23.976025, alternativeRefreshRates=[], supportedHdrTypes=[2, 3]}, {id=15, width=1920, height=1080, fps=24.000002, alternativeRefreshRates=[], supportedHdrTypes=[2, 3]}, {id=16, width=1280, height=720, fps=59.94006, alternativeRefreshRates=[], supportedHdrTypes=[2, 3]}, {id=17, width=1280, height=720, fps=60.000004, alternativeRefreshRates=[], supportedHdrTypes=[2, 3]}, {id=18, width=1280, height=720, fps=50.0, alternativeRefreshRates=[], supportedHdrTypes=[2, 3]}], colorMode 0, supportedColorModes [0], hdrCapabilities HdrCapabilities{mSupportedHdrTypes=[2, 3], mMaxLuminance=500.0, mMaxAverageLuminance=500.0, mMinLuminance=0.0}, allmSupported false, gameContentTypeSupported false, density 480, 81.28 x 80.682 dpi, appVsyncOff 2000000, presDeadline 13683333, touch INTERNAL, rotation 0, type INTERNAL, address {port=11, model=0x4022f66e26c4bd}, deviceProductInfo DeviceProductInfo{name=HUAWEI INC, manufacturerPnpId=HWV, productId=48, modelYear=2019, manufactureDate=null, connectionToSinkType=2}, state ON, committedState ON, frameRateOverride , brightnessMinimum 0.0, brightnessMaximum 1.0, brightnessDefault 0.39763778, hdrSdrRatio NaN, FLAG_ALLOWED_TO_BE_DEFAULT_DISPLAY, FLAG_ROTATES_WITH_CONTENT, FLAG_SECURE, FLAG_SUPPORTS_PROTECTED_BUFFERS, FLAG_TRUSTED, installOrientation 0, displayShape DisplayShape{ spec=-545313861 displayWidth=3840 displayHeight=2160 physicalPixelDisplaySizeRatio=1.0 rotation=0 offsetX=0 offsetY=0 scale=1.0}}
05-31 20:48:48.300 D/WindowManagerShell( 1121): TvPipController: onTaskStackChanged()
05-31 20:48:48.341 W/BroadcastLoopers( 754): Found previously unknown looper Thread[android.bg,5,main]
05-31 20:48:48.342 W/BroadcastLoopers( 754): Found previously unknown looper Thread[BluetoothManagerService,5,main]
05-31 20:48:48.346 W/VoiceInteractionManager( 754): no available voice recognition services found for user 0
05-31 20:48:48.386 D/CompatibilityChangeReporter( 754): Compat change id reported: 135634846; UID 10027; state: DISABLED
05-31 20:48:48.387 D/CompatibilityChangeReporter( 754): Compat change id reported: 177438394; UID 10027; state: DISABLED
05-31 20:48:48.391 D/CompatibilityChangeReporter( 754): Compat change id reported: 135772972; UID 10027; state: DISABLED
05-31 20:48:48.393 D/CompatibilityChangeReporter( 754): Compat change id reported: 135754954; UID 10027; state: ENABLED
05-31 20:48:48.394 D/CompatibilityChangeReporter( 754): Compat change id reported: 143937733; UID 10027; state: ENABLED
05-31 20:48:48.395 W/ActivityManager( 754): com.android.providers.tv inode == 0 (b/152760674)
05-31 20:48:48.413 W/WindowManager( 754): [addWindow] title:com.android.permissioncontroller/com.android.permissioncontroller.permission.ui.GrantPermissionsActivity
05-31 20:48:48.414 D/CompatibilityChangeReporter( 754): Compat change id reported: 168419799; UID 10067; state: DISABLED
05-31 20:48:48.415 D/CompatibilityChangeReporter( 754): Compat change id reported: 273564678; UID 10067; state: DISABLED
05-31 20:48:48.415 I/ActivityManager( 754): Start proc 1585:com.android.providers.tv/u0a27 for broadcast {com.android.providers.tv/com.android.providers.tv.PackageChangedReceiver}
05-31 20:48:48.433 W/WindowManager( 754): [addWindow] title:com.dangbei.hqguide/com.dangbei.hqguide.main.MainActivity
05-31 20:48:48.449 D/CoreBackPreview( 754): Window{184e908 u0 com.android.permissioncontroller/com.android.permissioncontroller.permission.ui.GrantPermissionsActivity}: Setting back callback OnBackInvokedCallbackInfo{mCallback=android.window.IOnBackInvokedCallback$Stub$Proxy@5f4837f, mPriority=0, mIsAnimationCallback=false}
05-31 20:48:48.477 D/CompatibilityChangeReporter( 754): Compat change id reported: 168419799; UID 10027; state: DISABLED
05-31 20:48:48.481 D/CompatibilityChangeReporter( 754): Compat change id reported: 273564678; UID 10027; state: DISABLED
05-31 20:48:48.513 D/CompatibilityChangeReporter( 754): Compat change id reported: 265195908; UID 10027; state: ENABLED
05-31 20:48:48.537 D/CoreBackPreview( 754): Window{a25d120 u0 com.dangbei.hqguide/com.dangbei.hqguide.main.MainActivity}: Setting back callback OnBackInvokedCallbackInfo{mCallback=android.window.IOnBackInvokedCallback$Stub$Proxy@a35df02, mPriority=0, mIsAnimationCallback=false}
05-31 20:48:48.560 W/ContextImpl( 754): Calling a method in the system process without a qualified user: android.app.ContextImpl.startService:1899 com.android.server.wm.DisplayPolicy.lambda$focusChangedLw$5:2126 com.android.server.wm.DisplayPolicy.$r8$lambda$Znxk63oh-WzVnzo_WQefN7uxV48:0 com.android.server.wm.DisplayPolicy$$ExternalSyntheticLambda13.run:0 android.os.Handler.handleCallback:958
05-31 20:48:48.560 W/ActivityManager( 754): Unable to start service Intent { cmp=com.oranth.ledstatus/.LedStatusService } U=0: not found
05-31 20:48:48.606 D/CompatibilityChangeReporter( 754): Compat change id reported: 170503758; UID 10027; state: ENABLED
05-31 20:48:48.670 W/Looper ( 754): Slow dispatch took 227ms main h=android.app.ActivityThread$H c=android.app.LoadedApk$ReceiverDispatcher$Args$$ExternalSyntheticLambda0@457d403 m=0
05-31 20:48:48.723 D/HDMI ( 754): soundbar mode is changed to false
05-31 20:48:48.724 W/HdmiControlService( 754): Device type not compatible to change soundbar mode.
05-31 20:48:48.724 D/HDMI ( 754): soundbar mode is changed to false
05-31 20:48:48.724 W/HdmiControlService( 754): Device type not compatible to change soundbar mode.
05-31 20:48:48.825 D/PackageManager( 754): Instant App installer not found with android.intent.action.INSTALL_INSTANT_APP_PACKAGE
05-31 20:48:48.825 D/PackageManager( 754): Clear ephemeral installer activity
05-31 20:48:48.829 D/PackageManager( 754): Instant App installer not found with android.intent.action.INSTALL_INSTANT_APP_PACKAGE
05-31 20:48:48.829 D/PackageManager( 754): Clear ephemeral installer activity
05-31 20:48:48.830 D/PackageManager( 754): Instant App installer not found with android.intent.action.INSTALL_INSTANT_APP_PACKAGE
05-31 20:48:48.830 D/PackageManager( 754): Clear ephemeral installer activity
05-31 20:48:48.833 D/PackageManager( 754): Instant App installer not found with android.intent.action.INSTALL_INSTANT_APP_PACKAGE
05-31 20:48:48.833 D/PackageManager( 754): Clear ephemeral installer activity
05-31 20:48:49.022 V/WindowManager( 754): Sent Transition #0 createdAt=05-31 20:48:44.458
05-31 20:48:49.023 V/WindowManager( 754): startWCT=WindowContainerTransaction { changes = {} hops = [] errorCallbackToken=null taskFragmentOrganizer=null }
05-31 20:48:49.023 V/WindowManager( 754): info=null
05-31 20:48:49.048 V/WindowManager( 754): Finish Transition #0: created at
05-31 20:48:44.458 collect-started=0.28ms request-sent=19.867ms started=32.259ms ready=3735.523ms sent=4532.39ms finished=4586.219ms
05-31 20:48:49.081 I/ActivityManager( 754): PendingStartActivityUids startActivity to updateOomAdj delay:1826ms, uid:10029
05-31 20:48:49.121 W/Looper ( 754): Drained
05-31 20:48:49.149 V/WindowManager( 754): Sent Transition #1 createdAt=05-31 20:48:49.106
05-31 20:48:49.149 V/WindowManager( 754): startWCT=WindowContainerTransaction { changes = {} hops = [] errorCallbackToken=null taskFragmentOrganizer=null }
05-31 20:48:49.149 V/WindowManager( 754): info=null
05-31 20:48:49.156 V/WindowManager( 754): Finish Transition #1: created at
05-31 20:48:49.106 collect-started=0.112ms request-sent=0.155ms started=7.293ms ready=19.564ms sent=41.718ms finished=48.136ms
05-31 20:48:49.164 D/ActivityManagerTiming( 754): FinishBooting
05-31 20:48:49.177 D/WindowManager( 754): updateCecScreenStatus 0
05-31 20:48:49.181 D/HDMI ( 754): setCecSettingIntValue name:cec_screen_state, value:0
05-31 20:48:49.183 I/HDMI ( 754): screen state is changing to 0
05-31 20:48:49.190 D/CoreBackPreview( 754): Window{184e908 u0 com.android.permissioncontroller/com.android.permissioncontroller.permission.ui.GrantPermissionsActivity}: Setting back callback null
05-31 20:48:49.224 W/ContextImpl( 754): Calling a method in the system process without a qualified user: android.app.ContextImpl.startService:1899 com.android.server.wm.DisplayPolicy.lambda$focusChangedLw$5:2126 com.android.server.wm.DisplayPolicy.$r8$lambda$Znxk63oh-WzVnzo_WQefN7uxV48:0 com.android.server.wm.DisplayPolicy$$ExternalSyntheticLambda13.run:0 android.os.Handler.handleCallback:958
05-31 20:48:49.224 W/ActivityManager( 754): Unable to start service Intent { cmp=com.oranth.ledstatus/.LedStatusService } U=0: not found
05-31 20:48:49.228 D/WindowManagerShell( 1121): TvPipController: onTaskStackChanged()
05-31 20:48:49.266 D/PackageManager( 754): Instant App installer not found with android.intent.action.INSTALL_INSTANT_APP_PACKAGE
05-31 20:48:49.266 D/PackageManager( 754): Clear ephemeral installer activity
05-31 20:48:49.311 I/[3 T231 ..] servicemanager( 0): Found android.hardware.bluetooth.audio.IBluetoothAudioProviderFactory/default in device VINTF manifest.
05-31 20:48:49.313 I/[3 T231 ..] servicemanager( 0): Found android.hardware.bluetooth.audio.IBluetoothAudioProviderFactory/default in device VINTF manifest.
05-31 20:48:49.319 D/PackageManager( 754): Instant App installer not found with android.intent.action.INSTALL_INSTANT_APP_PACKAGE
05-31 20:48:49.319 D/PackageManager( 754): Clear ephemeral installer activity
05-31 20:48:49.324 D/PackageManager( 754): Instant App installer not found with android.intent.action.INSTALL_INSTANT_APP_PACKAGE
05-31 20:48:49.331 I/[0 T95 ..] binder( 0): undelivered transaction 49760, process died.
05-31 20:48:49.324 D/PackageManager( 754): Clear ephemeral installer activity
05-31 20:48:49.327 D/PackageManager( 754): Instant App installer not found with android.intent.action.INSTALL_INSTANT_APP_PACKAGE
05-31 20:48:49.327 D/PackageManager( 754): Clear ephemeral installer activity
05-31 20:48:49.333 D/PackageManager( 754): Instant App installer not found with android.intent.action.INSTALL_INSTANT_APP_PACKAGE
05-31 20:48:49.334 D/PackageManager( 754): Clear ephemeral installer activity
05-31 20:48:49.337 D/PackageManager( 754): Instant App installer not found with android.intent.action.INSTALL_INSTANT_APP_PACKAGE
05-31 20:48:49.337 D/PackageManager( 754): Clear ephemeral installer activity
05-31 20:48:49.341 D/PackageManager( 754): Instant App installer not found with android.intent.action.INSTALL_INSTANT_APP_PACKAGE
05-31 20:48:49.342 D/PackageManager( 754): Clear ephemeral installer activity
05-31 20:48:49.349 D/ActivityThread( 1333): Loading provider com.android.bluetooth.opp: com.android.bluetooth.opp.BluetoothOppProvider
05-31 20:48:49.380 D/ActivityManagerTiming( 754): FinishBooting
05-31 20:48:49.384 I/ActivityManager( 754): About to commit checkpoint
05-31 20:48:49.386 I/SystemServiceManager( 754): Starting phase 1000
05-31 20:48:49.386 D/ActivityManagerTiming( 754): OnBootPhase_1000
05-31 20:48:49.386 D/ActivityManagerTiming( 754): OnBootPhase_1000_com.android.server.security.FileIntegrityService
05-31 20:48:49.386 V/ActivityManagerTiming( 754): OnBootPhase_1000_com.android.server.security.FileIntegrityService took to complete: 0ms
05-31 20:48:49.386 D/ActivityManagerTiming( 754): OnBootPhase_1000_com.android.server.pm.Installer
05-31 20:48:49.386 V/ActivityManagerTiming( 754): OnBootPhase_1000_com.android.server.pm.Installer took to complete: 0ms
05-31 20:48:49.387 D/ActivityManagerTiming( 754): OnBootPhase_1000_com.android.server.os.DeviceIdentifiersPolicyService
05-31 20:48:49.387 V/ActivityManagerTiming( 754): OnBootPhase_1000_com.android.server.os.DeviceIdentifiersPolicyService took to complete: 0ms
05-31 20:48:49.387 D/ActivityManagerTiming( 754): OnBootPhase_1000_com.android.server.flags.FeatureFlagsService
05-31 20:48:49.387 V/ActivityManagerTiming( 754): OnBootPhase_1000_com.android.server.flags.FeatureFlagsService took to complete: 0ms
05-31 20:48:49.387 D/ActivityManagerTiming( 754): OnBootPhase_1000_com.android.server.uri.UriGrantsManagerService$Lifecycle
05-31 20:48:49.387 V/ActivityManagerTiming( 754): OnBootPhase_1000_com.android.server.uri.UriGrantsManagerService$Lifecycle took to complete: 0ms
05-31 20:48:49.387 D/ActivityManagerTiming( 754): OnBootPhase_1000_com.android.server.powerstats.PowerStatsService
05-31 20:48:49.387 E/PowerStatsService( 754): Failed to start PowerStatsService loggers
05-31 20:48:49.387 V/ActivityManagerTiming( 754): OnBootPhase_1000_com.android.server.powerstats.PowerStatsService took to complete: 0ms
05-31 20:48:49.387 D/ActivityManagerTiming( 754): OnBootPhase_1000_com.android.server.permission.access.AccessCheckingService
05-31 20:48:49.387 V/ActivityManagerTiming( 754): OnBootPhase_1000_com.android.server.permission.access.AccessCheckingService took to complete: 0ms
05-31 20:48:49.387 D/ActivityManagerTiming( 754): OnBootPhase_1000_com.android.server.wm.ActivityTaskManagerService$Lifecycle
05-31 20:48:49.387 V/ActivityManagerTiming( 754): OnBootPhase_1000_com.android.server.wm.ActivityTaskManagerService$Lifecycle took to complete: 0ms
05-31 20:48:49.387 D/ActivityManagerTiming( 754): OnBootPhase_1000_com.android.server.am.ActivityManagerService$Lifecycle
05-31 20:48:49.387 V/ActivityManagerTiming( 754): OnBootPhase_1000_com.android.server.am.ActivityManagerService$Lifecycle took to complete: 0ms
05-31 20:48:49.387 D/ActivityManagerTiming( 754): OnBootPhase_1000_com.android.server.pm.DataLoaderManagerService
05-31 20:48:49.387 V/ActivityManagerTiming( 754): OnBootPhase_1000_com.android.server.pm.DataLoaderManagerService took to complete: 0ms
05-31 20:48:49.387 D/ActivityManagerTiming( 754): OnBootPhase_1000_com.android.server.power.PowerManagerService
05-31 20:48:49.392 V/ActivityManagerTiming( 754): OnBootPhase_1000_com.android.server.power.PowerManagerService took to complete: 5ms
05-31 20:48:49.392 I/DisplayBrightnessStrategySelector( 754): Changing the DisplayBrightnessStrategy from OverrideBrightnessStrategy toInvalidBrightnessStrategy for display 0
05-31 20:48:49.392 D/ActivityManagerTiming( 754): OnBootPhase_1000_com.android.server.power.ThermalManagerService
05-31 20:48:49.392 V/ActivityManagerTiming( 754): OnBootPhase_1000_com.android.server.power.ThermalManagerService took to complete: 0ms
05-31 20:48:49.392 D/ActivityManagerTiming( 754): OnBootPhase_1000_com.android.server.power.hint.HintManagerService
05-31 20:48:49.392 V/DisplayPowerController2[0]( 754): Brightness [0.39763778] reason changing to: 'manual', previous reason: 'override'.
05-31 20:48:49.392 I/DisplayPowerController2[0]( 754): BrightnessEvent: disp=0, physDisp=local:4621527120592813323, brt=0.39763778, initBrt=0.39763778, rcmdBrt=NaN, preBrt=NaN, lux=0.0, preLux=0.0, hbmMax=1.0, hbmMode=off, rbcStrength=0, thrmMax=1.0, powerFactor=1.0, wasShortTermModelActive=false, flags=, reason=manual, autoBrightness=false, strategy=InvalidBrightnessStrategy
05-31 20:48:49.393 V/ActivityManagerTiming( 754): OnBootPhase_1000_com.android.server.power.hint.HintManagerService took to complete: 1ms
05-31 20:48:49.393 D/ActivityManagerTiming( 754): OnBootPhase_1000_com.android.server.recoverysystem.RecoverySystemService$Lifecycle
05-31 20:48:49.393 V/ActivityManagerTiming( 754): OnBootPhase_1000_com.android.server.recoverysystem.RecoverySystemService$Lifecycle took to complete: 0ms
05-31 20:48:49.393 D/ActivityManagerTiming( 754): OnBootPhase_1000_com.android.server.lights.LightsService
05-31 20:48:49.393 V/ActivityManagerTiming( 754): OnBootPhase_1000_com.android.server.lights.LightsService took to complete: 0ms
05-31 20:48:49.393 D/ActivityManagerTiming( 754): OnBootPhase_1000_com.android.server.display.DisplayManagerService
05-31 20:48:49.394 I/LogicalDisplayMapper( 754): Requesting Transition to state: 0, from state=-1, interactive=true, mBootCompleted=true
05-31 20:48:49.394 I/LogicalDisplayMapper( 754): Applying layout: [{dispId: 0(ON), displayGroupName: , addr: {port=11, model=0x4022f66e26c4bd}, mThermalBrightnessThrottlingMapId: null, mRefreshRateZoneId: null, mLeadDisplayId: -1, mLeadDisplayAddress: null, mThermalRefreshRateThrottlingMapId: null}], Previous layout: [{dispId: 0(ON), displayGroupName: , addr: {port=11, model=0x4022f66e26c4bd}, mThermalBrightnessThrottlingMapId: null, mRefreshRateZoneId: null, mLeadDisplayId: -1, mLeadDisplayAddress: null, mThermalRefreshRateThrottlingMapId: null}]
05-31 20:48:49.394 V/ActivityManagerTiming( 754): OnBootPhase_1000_com.android.server.display.DisplayManagerService took to complete: 1ms
05-31 20:48:49.394 D/ActivityManagerTiming( 754): OnBootPhase_1000_com.android.server.pm.verify.domain.DomainVerificationService
05-31 20:48:49.394 V/ActivityManagerTiming( 754): OnBootPhase_1000_com.android.server.pm.verify.domain.DomainVerificationService took to complete: 1ms
05-31 20:48:49.395 D/ActivityManagerTiming( 754): OnBootPhase_1000_com.android.server.pm.PackageInstallerService$Lifecycle
05-31 20:48:49.395 V/ActivityManagerTiming( 754): OnBootPhase_1000_com.android.server.pm.PackageInstallerService$Lifecycle took to complete: 0ms
05-31 20:48:49.395 D/ActivityManagerTiming( 754): OnBootPhase_1000_com.android.server.pm.UserManagerService$LifeCycle
05-31 20:48:49.395 V/ActivityManagerTiming( 754): OnBootPhase_1000_com.android.server.pm.UserManagerService$LifeCycle took to complete: 0ms
05-31 20:48:49.395 D/ActivityManagerTiming( 754): OnBootPhase_1000_com.android.server.om.OverlayManagerService
05-31 20:48:49.395 V/ActivityManagerTiming( 754): OnBootPhase_1000_com.android.server.om.OverlayManagerService took to complete: 0ms
05-31 20:48:49.395 D/ActivityManagerTiming( 754): OnBootPhase_1000_com.android.server.resources.ResourcesManagerService
05-31 20:48:49.395 V/ActivityManagerTiming( 754): OnBootPhase_1000_com.android.server.resources.ResourcesManagerService took to complete: 0ms
05-31 20:48:49.395 D/ActivityManagerTiming( 754): OnBootPhase_1000_com.android.server.sensorprivacy.SensorPrivacyService
05-31 20:48:49.395 V/ActivityManagerTiming( 754): OnBootPhase_1000_com.android.server.sensorprivacy.SensorPrivacyService took to complete: 0ms
05-31 20:48:49.395 D/ActivityManagerTiming( 754): OnBootPhase_1000_com.android.server.sensors.SensorService
05-31 20:48:49.395 V/ActivityManagerTiming( 754): OnBootPhase_1000_com.android.server.sensors.SensorService took to complete: 0ms
05-31 20:48:49.395 D/ActivityManagerTiming( 754): OnBootPhase_1000_com.android.server.SystemConfigService
05-31 20:48:49.395 V/ActivityManagerTiming( 754): OnBootPhase_1000_com.android.server.SystemConfigService took to complete: 0ms
05-31 20:48:49.395 D/ActivityManagerTiming( 754): OnBootPhase_1000_com.android.server.BatteryService
05-31 20:48:49.395 V/ActivityManagerTiming( 754): OnBootPhase_1000_com.android.server.BatteryService took to complete: 0ms
05-31 20:48:49.395 D/ActivityManagerTiming( 754): OnBootPhase_1000_com.android.server.usage.UsageStatsService
05-31 20:48:49.395 V/ActivityManagerTiming( 754): OnBootPhase_1000_com.android.server.usage.UsageStatsService took to complete: 0ms
05-31 20:48:49.395 D/ActivityManagerTiming( 754): OnBootPhase_1000_com.android.server.webkit.WebViewUpdateService
05-31 20:48:49.395 V/ActivityManagerTiming( 754): OnBootPhase_1000_com.android.server.webkit.WebViewUpdateService took to complete: 0ms
05-31 20:48:49.395 D/ActivityManagerTiming( 754): OnBootPhase_1000_com.android.server.CachedDeviceStateService
05-31 20:48:49.395 V/ActivityManagerTiming( 754): OnBootPhase_1000_com.android.server.CachedDeviceStateService took to complete: 0ms
05-31 20:48:49.395 D/ActivityManagerTiming( 754): OnBootPhase_1000_com.android.server.BinderCallsStatsService$LifeCycle
05-31 20:48:49.396 V/ActivityManagerTiming( 754): OnBootPhase_1000_com.android.server.BinderCallsStatsService$LifeCycle took to complete: 0ms
05-31 20:48:49.396 D/ActivityManagerTiming( 754): OnBootPhase_1000_com.android.server.LooperStatsService$Lifecycle
05-31 20:48:49.396 V/ActivityManagerTiming( 754): OnBootPhase_1000_com.android.server.LooperStatsService$Lifecycle took to complete: 0ms
05-31 20:48:49.396 D/ActivityManagerTiming( 754): OnBootPhase_1000_com.android.server.rollback.RollbackManagerService
05-31 20:48:49.396 D/OomAdjuster( 754): Not killing cached processes
05-31 20:48:49.397 V/ActivityManagerTiming( 754): OnBootPhase_1000_com.android.server.rollback.RollbackManagerService took to complete: 1ms
05-31 20:48:49.397 D/ActivityManagerTiming( 754): OnBootPhase_1000_com.android.server.os.NativeTombstoneManagerService
05-31 20:48:49.397 V/ActivityManagerTiming( 754): OnBootPhase_1000_com.android.server.os.NativeTombstoneManagerService took to complete: 0ms
05-31 20:48:49.397 D/ActivityManagerTiming( 754): OnBootPhase_1000_com.android.server.os.BugreportManagerService
05-31 20:48:49.397 V/ActivityManagerTiming( 754): OnBootPhase_1000_com.android.server.os.BugreportManagerService took to complete: 0ms
05-31 20:48:49.397 D/ActivityManagerTiming( 754): OnBootPhase_1000_com.android.server.gpu.GpuService
05-31 20:48:49.397 V/ActivityManagerTiming( 754): OnBootPhase_1000_com.android.server.gpu.GpuService took to complete: 0ms
05-31 20:48:49.397 D/ActivityManagerTiming( 754): OnBootPhase_1000_com.android.server.security.rkp.RemoteProvisioningService
05-31 20:48:49.397 V/ActivityManagerTiming( 754): OnBootPhase_1000_com.android.server.security.rkp.RemoteProvisioningService took to complete: 0ms
05-31 20:48:49.397 D/ActivityManagerTiming( 754): OnBootPhase_1000_com.android.server.cpu.CpuMonitorService
05-31 20:48:49.397 V/ActivityManagerTiming( 754): OnBootPhase_1000_com.android.server.cpu.CpuMonitorService took to complete: 0ms
05-31 20:48:49.397 D/ActivityManagerTiming( 754): OnBootPhase_1000_com.android.server.security.KeyChainSystemService
05-31 20:48:49.397 V/ActivityManagerTiming( 754): OnBootPhase_1000_com.android.server.security.KeyChainSystemService took to complete: 0ms
05-31 20:48:49.397 D/ActivityManagerTiming( 754): OnBootPhase_1000_com.android.server.BinaryTransparencyService
05-31 20:48:49.397 I/TransparencyService( 754): Boot completed. Getting VBMeta Digest.
05-31 20:48:49.397 D/TransparencyService( 754): VBMeta Digest: 8fe8663e32d72968a4c5433443d6addf9833317225b43c0fcad0193d7a181328
05-31 20:48:49.398 I/TransparencyService( 754): Boot completed. Collecting biometric system properties.
05-31 20:48:49.399 I/TransparencyService( 754): Scheduling measurements to be taken.
05-31 20:48:49.399 I/TransparencyService( 754): Scheduling binary content-digest computation job
05-31 20:48:49.402 D/RollbackManager( 754): mRollbackLifetimeDurationInMillis=1209600000
05-31 20:48:49.402 D/AppStandbyController( 754): Loaded headless system app cache in 4 ms: appIdleEnabled=true
05-31 20:48:49.405 D/TransparencyService( 754): Job 1740526926 to measure binaries was scheduled successfully.
05-31 20:48:49.405 D/TransparencyService( 754): Registering APK & Non-Staged APEX updates...
05-31 20:48:49.406 D/TransparencyService( 754): Registering APEX updates...
05-31 20:48:49.408 V/ActivityManagerTiming( 754): OnBootPhase_1000_com.android.server.BinaryTransparencyService took to complete: 11ms
05-31 20:48:49.408 D/ActivityManagerTiming( 754): OnBootPhase_1000_com.android.server.accounts.AccountManagerService$Lifecycle
05-31 20:48:49.408 V/ActivityManagerTiming( 754): OnBootPhase_1000_com.android.server.accounts.AccountManagerService$Lifecycle took to complete: 0ms
05-31 20:48:49.408 D/ActivityManagerTiming( 754): OnBootPhase_1000_com.android.server.content.ContentService$Lifecycle
05-31 20:48:49.408 V/ActivityManagerTiming( 754): OnBootPhase_1000_com.android.server.content.ContentService$Lifecycle took to complete: 0ms
05-31 20:48:49.408 D/ActivityManagerTiming( 754): OnBootPhase_1000_com.android.server.deviceconfig.DeviceConfigInit$Lifecycle
05-31 20:48:49.408 V/ActivityManagerTiming( 754): OnBootPhase_1000_com.android.server.deviceconfig.DeviceConfigInit$Lifecycle took to complete: 0ms
05-31 20:48:49.408 D/ActivityManagerTiming( 754): OnBootPhase_1000_com.android.server.DropBoxManagerService
05-31 20:48:49.408 V/ActivityManagerTiming( 754): OnBootPhase_1000_com.android.server.DropBoxManagerService took to complete: 0ms
05-31 20:48:49.408 D/ActivityManagerTiming( 754): OnBootPhase_1000_com.android.role.RoleService
05-31 20:48:49.408 V/ActivityManagerTiming( 754): OnBootPhase_1000_com.android.role.RoleService took to complete: 0ms
05-31 20:48:49.408 D/ActivityManagerTiming( 754): OnBootPhase_1000_com.android.server.vibrator.VibratorManagerService$Lifecycle
05-31 20:48:49.408 V/ActivityManagerTiming( 754): OnBootPhase_1000_com.android.server.vibrator.VibratorManagerService$Lifecycle took to complete: 0ms
05-31 20:48:49.408 D/ActivityManagerTiming( 754): OnBootPhase_1000_com.android.server.tare.InternalResourceService
05-31 20:48:49.408 V/ActivityManagerTiming( 754): OnBootPhase_1000_com.android.server.tare.InternalResourceService took to complete: 0ms
05-31 20:48:49.408 D/ActivityManagerTiming( 754): OnBootPhase_1000_com.android.server.alarm.AlarmManagerService
05-31 20:48:49.408 V/ActivityManagerTiming( 754): OnBootPhase_1000_com.android.server.alarm.AlarmManagerService took to complete: 0ms
05-31 20:48:49.408 D/ActivityManagerTiming( 754): OnBootPhase_1000_com.android.server.devicestate.DeviceStateManagerService
05-31 20:48:49.408 V/ActivityManagerTiming( 754): OnBootPhase_1000_com.android.server.devicestate.DeviceStateManagerService took to complete: 0ms
05-31 20:48:49.408 D/ActivityManagerTiming( 754): OnBootPhase_1000_com.android.server.camera.CameraServiceProxy
05-31 20:48:49.410 V/ActivityManagerTiming( 754): OnBootPhase_1000_com.android.server.camera.CameraServiceProxy took to complete: 2ms
05-31 20:48:49.410 D/ActivityManagerTiming( 754): OnBootPhase_1000_com.android.server.bluetooth.BluetoothService
05-31 20:48:49.410 V/ActivityManagerTiming( 754): OnBootPhase_1000_com.android.server.bluetooth.BluetoothService took to complete: 0ms
05-31 20:48:49.410 D/ActivityManagerTiming( 754): OnBootPhase_1000_com.android.server.connectivity.IpConnectivityMetrics
05-31 20:48:49.410 V/ActivityManagerTiming( 754): OnBootPhase_1000_com.android.server.connectivity.IpConnectivityMetrics took to complete: 0ms
05-31 20:48:49.410 D/ActivityManagerTiming( 754): OnBootPhase_1000_com.android.server.net.watchlist.NetworkWatchlistService$Lifecycle
05-31 20:48:49.410 V/ActivityManagerTiming( 754): OnBootPhase_1000_com.android.server.net.watchlist.NetworkWatchlistService$Lifecycle took to complete: 0ms
05-31 20:48:49.410 D/ActivityManagerTiming( 754): OnBootPhase_1000_com.android.server.PinnerService
05-31 20:48:49.410 V/ActivityManagerTiming( 754): OnBootPhase_1000_com.android.server.PinnerService took to complete: 0ms
05-31 20:48:49.410 D/ActivityManagerTiming( 754): OnBootPhase_1000_com.android.server.integrity.AppIntegrityManagerService
05-31 20:48:49.410 V/ActivityManagerTiming( 754): OnBootPhase_1000_com.android.server.integrity.AppIntegrityManagerService took to complete: 0ms
05-31 20:48:49.410 D/ActivityManagerTiming( 754): OnBootPhase_1000_com.android.server.logcat.LogcatManagerService
05-31 20:48:49.410 V/ActivityManagerTiming( 754): OnBootPhase_1000_com.android.server.logcat.LogcatManagerService took to complete: 0ms
05-31 20:48:49.410 D/ActivityManagerTiming( 754): OnBootPhase_1000_com.android.server.inputmethod.InputMethodManagerService$Lifecycle
05-31 20:48:49.410 V/ActivityManagerTiming( 754): OnBootPhase_1000_com.android.server.inputmethod.InputMethodManagerService$Lifecycle took to complete: 0ms
05-31 20:48:49.410 D/ActivityManagerTiming( 754): OnBootPhase_1000_com.android.server.accessibility.AccessibilityManagerService$Lifecycle
05-31 20:48:49.410 V/ActivityManagerTiming( 754): OnBootPhase_1000_com.android.server.accessibility.AccessibilityManagerService$Lifecycle took to complete: 0ms
05-31 20:48:49.410 D/ActivityManagerTiming( 754): OnBootPhase_1000_com.android.server.StorageManagerService$Lifecycle
05-31 20:48:49.410 V/ActivityManagerTiming( 754): OnBootPhase_1000_com.android.server.StorageManagerService$Lifecycle took to complete: 0ms
05-31 20:48:49.410 D/ActivityManagerTiming( 754): OnBootPhase_1000_com.android.server.usage.StorageStatsService$Lifecycle
05-31 20:48:49.410 V/ActivityManagerTiming( 754): OnBootPhase_1000_com.android.server.usage.StorageStatsService$Lifecycle took to complete: 0ms
05-31 20:48:49.411 D/ActivityManagerTiming( 754): OnBootPhase_1000_com.android.server.UiModeManagerService
05-31 20:48:49.411 V/ActivityManagerTiming( 754): OnBootPhase_1000_com.android.server.UiModeManagerService took to complete: 0ms
05-31 20:48:49.411 D/ActivityManagerTiming( 754): OnBootPhase_1000_com.android.server.locales.LocaleManagerService
05-31 20:48:49.411 V/ActivityManagerTiming( 754): OnBootPhase_1000_com.android.server.locales.LocaleManagerService took to complete: 0ms
05-31 20:48:49.411 D/ActivityManagerTiming( 754): OnBootPhase_1000_com.android.server.grammaticalinflection.GrammaticalInflectionService
05-31 20:48:49.411 V/ActivityManagerTiming( 754): OnBootPhase_1000_com.android.server.grammaticalinflection.GrammaticalInflectionService took to complete: 0ms
05-31 20:48:49.411 D/ActivityManagerTiming( 754): OnBootPhase_1000_com.android.server.apphibernation.AppHibernationService
05-31 20:48:49.411 D/StorageManagerService( 754): Thinking about reset, mBootCompleted=true, mDaemonConnected=true
05-31 20:48:49.411 I/StorageSessionController( 754): Started resetting external storage service...
05-31 20:48:49.411 I/StorageSessionController( 754): Finished resetting external storage service
05-31 20:48:49.412 I/StorageManagerService( 754): Resetting vold...
05-31 20:48:49.413 V/ActivityManagerTiming( 754): OnBootPhase_1000_com.android.server.apphibernation.AppHibernationService took to complete: 2ms
05-31 20:48:49.413 D/ActivityManagerTiming( 754): OnBootPhase_1000_com.android.server.locksettings.LockSettingsService$Lifecycle
05-31 20:48:49.413 V/ActivityManagerTiming( 754): OnBootPhase_1000_com.android.server.locksettings.LockSettingsService$Lifecycle took to complete: 0ms
05-31 20:48:49.413 D/ActivityManagerTiming( 754): OnBootPhase_1000_com.android.server.PersistentDataBlockService
05-31 20:48:49.413 V/ActivityManagerTiming( 754): OnBootPhase_1000_com.android.server.PersistentDataBlockService took to complete: 0ms
05-31 20:48:49.413 D/ActivityManagerTiming( 754): OnBootPhase_1000_com.android.server.testharness.TestHarnessModeService
05-31 20:48:49.413 D/TestHarnessModeService( 754): Completing Test Harness Mode setup.
05-31 20:48:49.413 I/HibernationStateDiskStore( 754): No hibernation file on disk for file /data/system/hibernation/states
05-31 20:48:49.416 D/CompatibilityChangeReporter( 754): Compat change id reported: 218533173; UID 10027; state: ENABLED
05-31 20:48:49.416 D/CompatibilityChangeReporter( 754): Compat change id reported: 262645982; UID 10027; state: ENABLED
05-31 20:48:49.416 I/StorageManagerService( 754): Reset vold
05-31 20:48:49.417 I/vold ( 247): onUserAdded: 0
05-31 20:48:49.426 D/CompatibilityChangeReporter( 754): Compat change id reported: 218533173; UID 10029; state: DISABLED
05-31 20:48:49.427 D/CompatibilityChangeReporter( 754): Compat change id reported: 262645982; UID 10029; state: DISABLED
05-31 20:48:49.455 V/ActivityManagerTiming( 754): OnBootPhase_1000_com.android.server.testharness.TestHarnessModeService took to complete: 42ms
05-31 20:48:49.455 D/ActivityManagerTiming( 754): OnBootPhase_1000_com.android.server.oemlock.OemLockService
05-31 20:48:49.455 V/ActivityManagerTiming( 754): OnBootPhase_1000_com.android.server.oemlock.OemLockService took to complete: 0ms
05-31 20:48:49.455 D/ActivityManagerTiming( 754): OnBootPhase_1000_com.android.server.DeviceIdleController
05-31 20:48:49.455 V/ActivityManagerTiming( 754): OnBootPhase_1000_com.android.server.DeviceIdleController took to complete: 0ms
05-31 20:48:49.455 D/ActivityManagerTiming( 754): OnBootPhase_1000_com.android.server.devicepolicy.DevicePolicyManagerService$Lifecycle
05-31 20:48:49.455 V/ActivityManagerTiming( 754): OnBootPhase_1000_com.android.server.devicepolicy.DevicePolicyManagerService$Lifecycle took to complete: 0ms
05-31 20:48:49.455 D/ActivityManagerTiming( 754): OnBootPhase_1000_com.android.server.texttospeech.TextToSpeechManagerService
05-31 20:48:49.455 V/ActivityManagerTiming( 754): OnBootPhase_1000_com.android.server.texttospeech.TextToSpeechManagerService took to complete: 0ms
05-31 20:48:49.455 D/ActivityManagerTiming( 754): OnBootPhase_1000_com.android.server.ambientcontext.AmbientContextManagerService
05-31 20:48:49.455 V/ActivityManagerTiming( 754): OnBootPhase_1000_com.android.server.ambientcontext.AmbientContextManagerService took to complete: 0ms
05-31 20:48:49.455 D/ActivityManagerTiming( 754): OnBootPhase_1000_com.android.server.wearable.WearableSensingManagerService
05-31 20:48:49.455 V/ActivityManagerTiming( 754): OnBootPhase_1000_com.android.server.wearable.WearableSensingManagerService took to complete: 0ms
05-31 20:48:49.455 D/ActivityManagerTiming( 754): OnBootPhase_1000_com.android.server.speech.SpeechRecognitionManagerService
05-31 20:48:49.455 V/ActivityManagerTiming( 754): OnBootPhase_1000_com.android.server.speech.SpeechRecognitionManagerService took to complete: 0ms
05-31 20:48:49.455 D/ActivityManagerTiming( 754): OnBootPhase_1000_com.android.server.searchui.SearchUiManagerService
