05-30 08:38:36.277 380 428 E omx_vdec: : erro: pParamData->nIndex > m_sPortFormatType.nIndex
05-30 08:38:36.277 380 428 W omx_vdec: <__AwOmxVdecGetExtensionIndex:1741>: GetExtensionIndex OMX.google.android.index.describeColorFormat, err [0x80001001].
05-30 08:38:36.277 380 428 W omx_vdec: <__AwOmxVdecGetExtensionIndex:1741>: GetExtensionIndex OMX.google.android.index.describeColorFormat2, err [0x80001001].
05-30 08:38:36.277 380 428 E omx_vdec: : erro: pParamData->nIndex > m_sPortFormatType.nIndex
05-30 08:38:36.277 380 428 W omx_vdec: <__AwOmxVdecGetExtensionIndex:1741>: GetExtensionIndex OMX.google.android.index.describeColorFormat, err [0x80001001].
05-30 08:38:36.278 380 428 W omx_vdec: <__AwOmxVdecGetExtensionIndex:1741>: GetExtensionIndex OMX.google.android.index.describeColorFormat2, err [0x80001001].
05-30 08:38:36.278 380 428 E omx_vdec: : erro: pParamData->nIndex > m_sPortFormatType.nIndex
05-30 08:38:36.278 380 428 W omx_vdec: <__AwOmxVdecGetExtensionIndex:1741>: GetExtensionIndex OMX.google.android.index.describeColorFormat, err [0x80001001].
05-30 08:38:36.278 380 428 W omx_vdec: <__AwOmxVdecGetExtensionIndex:1741>: GetExtensionIndex OMX.google.android.index.describeColorFormat2, err [0x80001001].
05-30 08:38:36.278 380 428 E omx_vdec: : erro: pParamData->nIndex > m_sPortFormatType.nIndex
05-30 08:38:36.278 380 428 W omx_vdec: <__AwOmxVdecGetExtensionIndex:1741>: GetExtensionIndex OMX.google.android.index.describeColorFormat, err [0x80001001].
05-30 08:38:36.278 380 428 W omx_vdec: <__AwOmxVdecGetExtensionIndex:1741>: GetExtensionIndex OMX.google.android.index.describeColorFormat2, err [0x80001001].
05-30 08:38:36.278 380 428 E omx_vdec: : erro: pParamData->nIndex > m_sPortFormatType.nIndex
05-30 08:38:36.278 380 428 W omx_vdec: <__AwOmxVdecGetExtensionIndex:1741>: GetExtensionIndex OMX.google.android.index.describeColorFormat, err [0x80001001].
05-30 08:38:36.279 380 428 W omx_vdec: <__AwOmxVdecGetExtensionIndex:1741>: GetExtensionIndex OMX.google.android.index.describeColorFormat2, err [0x80001001].
05-30 08:38:36.279 380 428 E omx_vdec: : erro: pParamData->nIndex > m_sPortFormatType.nIndex
05-30 08:38:36.279 380 428 W omx_vdec: <__AwOmxVdecGetExtensionIndex:1741>: GetExtensionIndex OMX.google.android.index.describeColorFormat, err [0x80001001].
05-30 08:38:36.279 380 428 W omx_vdec: <__AwOmxVdecGetExtensionIndex:1741>: GetExtensionIndex OMX.google.android.index.describeColorFormat2, err [0x80001001].
05-30 08:38:36.279 380 428 E omx_vdec: : erro: pParamData->nIndex > m_sPortFormatType.nIndex
05-30 08:38:36.279 380 428 W omx_vdec: <__AwOmxVdecGetExtensionIndex:1741>: GetExtensionIndex OMX.google.android.index.describeColorFormat, err [0x80001001].
05-30 08:38:36.279 380 428 W omx_vdec: <__AwOmxVdecGetExtensionIndex:1741>: GetExtensionIndex OMX.google.android.index.describeColorFormat2, err [0x80001001].
05-30 08:38:36.279 380 428 E omx_vdec: : erro: pParamData->nIndex > m_sPortFormatType.nIndex
05-30 08:38:36.280 380 428 W omx_vdec: <__AwOmxVdecGetExtensionIndex:1741>: GetExtensionIndex OMX.google.android.index.describeColorFormat, err [0x80001001].
05-30 08:38:36.280 380 428 W omx_vdec: <__AwOmxVdecGetExtensionIndex:1741>: GetExtensionIndex OMX.google.android.index.describeColorFormat2, err [0x80001001].
05-30 08:38:36.280 380 428 E omx_vdec: : erro: pParamData->nIndex > m_sPortFormatType.nIndex
05-30 08:38:36.280 380 428 W omx_vdec: <__AwOmxVdecGetExtensionIndex:1741>: GetExtensionIndex OMX.google.android.index.describeColorFormat, err [0x80001001].
05-30 08:38:36.280 380 428 W omx_vdec: <__AwOmxVdecGetExtensionIndex:1741>: GetExtensionIndex OMX.google.android.index.describeColorFormat2, err [0x80001001].
05-30 08:38:36.280 380 428 E omx_vdec: : erro: pParamData->nIndex > m_sPortFormatType.nIndex
05-30 08:38:36.280 380 428 W omx_vdec: <__AwOmxVdecGetExtensionIndex:1741>: GetExtensionIndex OMX.google.android.index.describeColorFormat, err [0x80001001].
05-30 08:38:36.280 380 428 W omx_vdec: <__AwOmxVdecGetExtensionIndex:1741>: GetExtensionIndex OMX.google.android.index.describeColorFormat2, err [0x80001001].
05-30 08:38:36.281 380 428 E omx_vdec: : erro: pParamData->nIndex > m_sPortFormatType.nIndex
05-30 08:38:36.281 380 428 W omx_vdec: <__AwOmxVdecGetExtensionIndex:1741>: GetExtensionIndex OMX.google.android.index.describeColorFormat, err [0x80001001].
05-30 08:38:36.281 380 428 W omx_vdec: <__AwOmxVdecGetExtensionIndex:1741>: GetExtensionIndex OMX.google.android.index.describeColorFormat2, err [0x80001001].
05-30 08:38:36.281 380 428 E omx_vdec: : erro: pParamData->nIndex > m_sPortFormatType.nIndex
05-30 08:38:36.281 380 428 W omx_vdec: <__AwOmxVdecGetExtensionIndex:1741>: GetExtensionIndex OMX.google.android.index.describeColorFormat, err [0x80001001].
05-30 08:38:36.281 380 428 W omx_vdec: <__AwOmxVdecGetExtensionIndex:1741>: GetExtensionIndex OMX.google.android.index.describeColorFormat2, err [0x80001001].
05-30 08:38:36.282 380 428 E omx_vdec: : erro: pParamData->nIndex > m_sPortFormatType.nIndex
05-30 08:38:36.282 380 428 W omx_vdec: <__AwOmxVdecGetExtensionIndex:1741>: GetExtensionIndex OMX.google.android.index.describeColorFormat, err [0x80001001].
05-30 08:38:36.282 380 428 W omx_vdec: <__AwOmxVdecGetExtensionIndex:1741>: GetExtensionIndex OMX.google.android.index.describeColorFormat2, err [0x80001001].
05-30 08:38:36.282 380 428 E omx_vdec: : erro: pParamData->nIndex > m_sPortFormatType.nIndex
05-30 08:38:36.282 380 428 W omx_vdec: <__AwOmxVdecGetExtensionIndex:1741>: GetExtensionIndex OMX.google.android.index.describeColorFormat, err [0x80001001].
05-30 08:38:36.282 380 428 W omx_vdec: <__AwOmxVdecGetExtensionIndex:1741>: GetExtensionIndex OMX.google.android.index.describeColorFormat2, err [0x80001001].
05-30 08:38:36.282 380 428 E omx_vdec: : erro: pParamData->nIndex > m_sPortFormatType.nIndex
05-30 08:38:36.282 380 428 W omx_vdec: <__AwOmxVdecGetExtensionIndex:1741>: GetExtensionIndex OMX.google.android.index.describeColorFormat, err [0x80001001].
05-30 08:38:36.282 380 428 W omx_vdec: <__AwOmxVdecGetExtensionIndex:1741>: GetExtensionIndex OMX.google.android.index.describeColorFormat2, err [0x80001001].
05-30 08:38:36.283 380 428 E omx_vdec: : erro: pParamData->nIndex > m_sPortFormatType.nIndex
05-30 08:38:36.283 380 428 W omx_vdec: <__AwOmxVdecGetExtensionIndex:1741>: GetExtensionIndex OMX.google.android.index.describeColorFormat, err [0x80001001].
05-30 08:38:36.283 380 428 W omx_vdec: <__AwOmxVdecGetExtensionIndex:1741>: GetExtensionIndex OMX.google.android.index.describeColorFormat2, err [0x80001001].
05-30 08:38:36.283 380 428 E omx_vdec: : erro: pParamData->nIndex > m_sPortFormatType.nIndex
05-30 08:38:36.283 380 428 W omx_vdec: <__AwOmxVdecGetExtensionIndex:1741>: GetExtensionIndex OMX.google.android.index.describeColorFormat, err [0x80001001].
05-30 08:38:36.283 380 428 W omx_vdec: <__AwOmxVdecGetExtensionIndex:1741>: GetExtensionIndex OMX.google.android.index.describeColorFormat2, err [0x80001001].
05-30 08:38:36.283 380 428 E omx_vdec: : erro: pParamData->nIndex > m_sPortFormatType.nIndex
05-30 08:38:36.283 380 428 W omx_vdec: <__AwOmxVdecGetExtensionIndex:1741>: GetExtensionIndex OMX.google.android.index.describeColorFormat, err [0x80001001].
05-30 08:38:36.283 380 428 W omx_vdec: <__AwOmxVdecGetExtensionIndex:1741>: GetExtensionIndex OMX.google.android.index.describeColorFormat2, err [0x80001001].
05-30 08:38:36.284 380 428 E omx_vdec: : erro: pParamData->nIndex > m_sPortFormatType.nIndex
05-30 08:38:36.284 380 428 W omx_vdec: <__AwOmxVdecGetExtensionIndex:1741>: GetExtensionIndex OMX.google.android.index.describeColorFormat, err [0x80001001].
05-30 08:38:36.284 380 428 W omx_vdec: <__AwOmxVdecGetExtensionIndex:1741>: GetExtensionIndex OMX.google.android.index.describeColorFormat2, err [0x80001001].
05-30 08:38:36.284 380 428 E omx_vdec: : erro: pParamData->nIndex > m_sPortFormatType.nIndex
05-30 08:38:36.284 380 428 W omx_vdec: <__AwOmxVdecGetExtensionIndex:1741>: GetExtensionIndex OMX.google.android.index.describeColorFormat, err [0x80001001].
05-30 08:38:36.284 380 428 W omx_vdec: <__AwOmxVdecGetExtensionIndex:1741>: GetExtensionIndex OMX.google.android.index.describeColorFormat2, err [0x80001001].
05-30 08:38:36.284 380 428 E omx_vdec: : erro: pParamData->nIndex > m_sPortFormatType.nIndex
05-30 08:38:36.284 380 428 W omx_vdec: <__AwOmxVdecGetExtensionIndex:1741>: GetExtensionIndex OMX.google.android.index.describeColorFormat, err [0x80001001].
05-30 08:38:36.284 380 428 W omx_vdec: <__AwOmxVdecGetExtensionIndex:1741>: GetExtensionIndex OMX.google.android.index.describeColorFormat2, err [0x80001001].
05-30 08:38:36.285 380 428 E omx_vdec: : erro: pParamData->nIndex > m_sPortFormatType.nIndex
05-30 08:38:36.285 380 428 W omx_vdec: <__AwOmxVdecGetExtensionIndex:1741>: GetExtensionIndex OMX.google.android.index.describeColorFormat, err [0x80001001].
05-30 08:38:36.285 380 428 W omx_vdec: <__AwOmxVdecGetExtensionIndex:1741>: GetExtensionIndex OMX.google.android.index.describeColorFormat2, err [0x80001001].
05-30 08:38:36.285 380 428 E omx_vdec: : erro: pParamData->nIndex > m_sPortFormatType.nIndex
05-30 08:38:36.285 380 428 W omx_vdec: <__AwOmxVdecGetExtensionIndex:1741>: GetExtensionIndex OMX.google.android.index.describeColorFormat, err [0x80001001].
05-30 08:38:36.285 380 428 W omx_vdec: <__AwOmxVdecGetExtensionIndex:1741>: GetExtensionIndex OMX.google.android.index.describeColorFormat2, err [0x80001001].
05-30 08:38:36.285 380 428 E omx_vdec: : erro: pParamData->nIndex > m_sPortFormatType.nIndex
05-30 08:38:36.285 380 428 W omx_vdec: <__AwOmxVdecGetExtensionIndex:1741>: GetExtensionIndex OMX.google.android.index.describeColorFormat, err [0x80001001].
05-30 08:38:36.285 380 428 W omx_vdec: <__AwOmxVdecGetExtensionIndex:1741>: GetExtensionIndex OMX.google.android.index.describeColorFormat2, err [0x80001001].
05-30 08:38:36.285 380 428 E omx_vdec: : erro: pParamData->nIndex > m_sPortFormatType.nIndex
05-30 08:38:36.286 380 428 W omx_vdec: <__AwOmxVdecGetExtensionIndex:1741>: GetExtensionIndex OMX.google.android.index.describeColorFormat, err [0x80001001].
05-30 08:38:36.286 380 428 W omx_vdec: <__AwOmxVdecGetExtensionIndex:1741>: GetExtensionIndex OMX.google.android.index.describeColorFormat2, err [0x80001001].
05-30 08:38:36.286 380 428 E omx_vdec: : erro: pParamData->nIndex > m_sPortFormatType.nIndex
05-30 08:38:36.286 380 428 W omx_vdec: <__AwOmxVdecGetExtensionIndex:1741>: GetExtensionIndex OMX.google.android.index.describeColorFormat, err [0x80001001].
05-30 08:38:36.286 380 428 W omx_vdec: <__AwOmxVdecGetExtensionIndex:1741>: GetExtensionIndex OMX.google.android.index.describeColorFormat2, err [0x80001001].
05-30 08:38:36.286 380 428 E omx_vdec: : erro: pParamData->nIndex > m_sPortFormatType.nIndex
05-30 08:38:36.286 380 428 W omx_vdec: <__AwOmxVdecGetExtensionIndex:1741>: GetExtensionIndex OMX.google.android.index.describeColorFormat, err [0x80001001].
05-30 08:38:36.286 380 428 W omx_vdec: <__AwOmxVdecGetExtensionIndex:1741>: GetExtensionIndex OMX.google.android.index.describeColorFormat2, err [0x80001001].
05-30 08:38:36.286 371 481 W ACodec : [OMX.allwinner.video.decoder.vp8] stopping checking formats after 32: COLOR_FormatYUV420Planar(13)
05-30 08:38:36.286 380 428 W omx_vdec: <__AwOmxVdecGetExtensionIndex:1741>: GetExtensionIndex OMX.google.android.index.configureVideoTunnelMode, err [0x80001001].
05-30 08:38:36.287 380 428 E OMXNodeInstance: getExtensionIndex(0xf0bce000:allwinner.decoder.vp8, OMX.google.android.index.configureVideoTunnelMode) ERROR: Undefined(0x80001001)
05-30 08:38:36.287 371 481 D MediaCodecInfo: detail feature-tunneled-playback wasn't present to remove
05-30 08:38:36.287 380 428 W omx_vdec: <__AwOmxVdecGetExtensionIndex:1741>: GetExtensionIndex OMX.google.android.index.storeANWBufferInMetadata, err [0x80001001].
05-30 08:38:36.287 380 428 W omx_vdec_aw: <__anSetExtPara:3004>: Setparameter: unknown param 2131755011
05-30 08:38:36.287 380 428 W OMXNodeInstance: [0xf0bce000:allwinner.decoder.vp8] component does not support metadata mode; using fallback
05-30 08:38:36.287 380 749 W libc : invalid pthread_t (0) passed to pthread_join
05-30 08:38:36.287 380 749 W libc : invalid pthread_t (0) passed to pthread_join
05-30 08:38:36.287 380 749 W libc : invalid pthread_t (0) passed to pthread_join
05-30 08:38:36.288 380 428 I cedarc : : not malloc locks
01-01 08:00:21.459 133 133 I sunxi-mmc 4021000.sdmmc: REG_SD_NTSR: 0x81710000
01-01 08:00:21.459 133 133 I sunxi-mmc 4021000.sdmmc: *****retry:re-send cmd*****
01-01 08:00:21.466 398 398 I : Error: set vsif failed
01-01 08:00:21.469 428 428 D : disable_cedar_hw_clk,546
05-30 08:38:36.292 371 481 I OMXClient: IOmx service obtained
05-30 08:38:36.292 380 380 I OMXStore: makeComponentInstance(OMX.allwinner.video.decoder.vp9) in android.hardwar process
05-30 08:38:36.293 380 380 I omx_vdec_aw: : OmxDecoderCreate.
05-30 08:38:36.294 380 380 W cedarc : : cannot open /dev/sunxi_soc_info, it maybe ok!
05-30 08:38:36.294 380 380 I cedarc : : *** ic_version = 0x3301000012011,
05-30 08:38:36.294 380 380 W omx_vdec: <__AwOmxVdecSetParameter:1566>: Set Parameter called in valid state
05-30 08:38:36.294 380 380 W omx_vdec: : OMX_IndexParamVideoProfileLevelQuerySupported, Format[0xa] not support
05-30 08:38:36.294 380 380 E OMXNodeInstance: getParameter(0xf0bce000:allwinner.decoder.vp9, ParamVideoProfileLevelQuerySupported(0x600000f)) ERROR: BadParameter(0x80001005)
05-30 08:38:36.295 380 380 W omx_vdec: <__AwOmxVdecGetExtensionIndex:1741>: GetExtensionIndex OMX.google.android.index.describeColorFormat, err [0x80001001].
05-30 08:38:36.295 380 380 W omx_vdec: <__AwOmxVdecGetExtensionIndex:1741>: GetExtensionIndex OMX.google.android.index.describeColorFormat2, err [0x80001001].
05-30 08:38:36.295 380 380 E omx_vdec: : erro: pParamData->nIndex > m_sPortFormatType.nIndex
05-30 08:38:36.295 380 380 W omx_vdec: <__AwOmxVdecGetExtensionIndex:1741>: GetExtensionIndex OMX.google.android.index.describeColorFormat, err [0x80001001].
05-30 08:38:36.295 380 380 W omx_vdec: <__AwOmxVdecGetExtensionIndex:1741>: GetExtensionIndex OMX.google.android.index.describeColorFormat2, err [0x80001001].
05-30 08:38:36.295 380 380 E omx_vdec: : erro: pParamData->nIndex > m_sPortFormatType.nIndex
05-30 08:38:36.296 380 380 W omx_vdec: <__AwOmxVdecGetExtensionIndex:1741>: GetExtensionIndex OMX.google.android.index.describeColorFormat, err [0x80001001].
05-30 08:38:36.296 380 380 W omx_vdec: <__AwOmxVdecGetExtensionIndex:1741>: GetExtensionIndex OMX.google.android.index.describeColorFormat2, err [0x80001001].
05-30 08:38:36.296 380 380 E omx_vdec: : erro: pParamData->nIndex > m_sPortFormatType.nIndex
05-30 08:38:36.296 380 380 W omx_vdec: <__AwOmxVdecGetExtensionIndex:1741>: GetExtensionIndex OMX.google.android.index.describeColorFormat, err [0x80001001].
05-30 08:38:36.296 380 380 W omx_vdec: <__AwOmxVdecGetExtensionIndex:1741>: GetExtensionIndex OMX.google.android.index.describeColorFormat2, err [0x80001001].
05-30 08:38:36.296 380 380 E omx_vdec: : erro: pParamData->nIndex > m_sPortFormatType.nIndex
05-30 08:38:36.296 380 380 W omx_vdec: <__AwOmxVdecGetExtensionIndex:1741>: GetExtensionIndex OMX.google.android.index.describeColorFormat, err [0x80001001].
05-30 08:38:36.296 380 380 W omx_vdec: <__AwOmxVdecGetExtensionIndex:1741>: GetExtensionIndex OMX.google.android.index.describeColorFormat2, err [0x80001001].
05-30 08:38:36.296 380 380 E omx_vdec: : erro: pParamData->nIndex > m_sPortFormatType.nIndex
05-30 08:38:36.296 380 380 W omx_vdec: <__AwOmxVdecGetExtensionIndex:1741>: GetExtensionIndex OMX.google.android.index.describeColorFormat, err [0x80001001].
05-30 08:38:36.297 380 380 W omx_vdec: <__AwOmxVdecGetExtensionIndex:1741>: GetExtensionIndex OMX.google.android.index.describeColorFormat2, err [0x80001001].
05-30 08:38:36.297 380 380 E omx_vdec: : erro: pParamData->nIndex > m_sPortFormatType.nIndex
05-30 08:38:36.297 380 380 W omx_vdec: <__AwOmxVdecGetExtensionIndex:1741>: GetExtensionIndex OMX.google.android.index.describeColorFormat, err [0x80001001].
05-30 08:38:36.297 380 380 W omx_vdec: <__AwOmxVdecGetExtensionIndex:1741>: GetExtensionIndex OMX.google.android.index.describeColorFormat2, err [0x80001001].
05-30 08:38:36.297 380 380 E omx_vdec: : erro: pParamData->nIndex > m_sPortFormatType.nIndex
05-30 08:38:36.297 380 380 W omx_vdec: <__AwOmxVdecGetExtensionIndex:1741>: GetExtensionIndex OMX.google.android.index.describeColorFormat, err [0x80001001].
05-30 08:38:36.297 380 380 W omx_vdec: <__AwOmxVdecGetExtensionIndex:1741>: GetExtensionIndex OMX.google.android.index.describeColorFormat2, err [0x80001001].
05-30 08:38:36.297 380 380 E omx_vdec: : erro: pParamData->nIndex > m_sPortFormatType.nIndex
05-30 08:38:36.298 380 380 W omx_vdec: <__AwOmxVdecGetExtensionIndex:1741>: GetExtensionIndex OMX.google.android.index.describeColorFormat, err [0x80001001].
05-30 08:38:36.298 380 380 W omx_vdec: <__AwOmxVdecGetExtensionIndex:1741>: GetExtensionIndex OMX.google.android.index.describeColorFormat2, err [0x80001001].
05-30 08:38:36.298 380 380 E omx_vdec: : erro: pParamData->nIndex > m_sPortFormatType.nIndex
05-30 08:38:36.298 380 380 W omx_vdec: <__AwOmxVdecGetExtensionIndex:1741>: GetExtensionIndex OMX.google.android.index.describeColorFormat, err [0x80001001].
05-30 08:38:36.298 380 380 W omx_vdec: <__AwOmxVdecGetExtensionIndex:1741>: GetExtensionIndex OMX.google.android.index.describeColorFormat2, err [0x80001001].
05-30 08:38:36.298 380 380 E omx_vdec: : erro: pParamData->nIndex > m_sPortFormatType.nIndex
05-30 08:38:36.298 380 380 W omx_vdec: <__AwOmxVdecGetExtensionIndex:1741>: GetExtensionIndex OMX.google.android.index.describeColorFormat, err [0x80001001].
05-30 08:38:36.298 380 380 W omx_vdec: <__AwOmxVdecGetExtensionIndex:1741>: GetExtensionIndex OMX.google.android.index.describeColorFormat2, err [0x80001001].
05-30 08:38:36.298 380 380 E omx_vdec: : erro: pParamData->nIndex > m_sPortFormatType.nIndex
05-30 08:38:36.299 380 380 W omx_vdec: <__AwOmxVdecGetExtensionIndex:1741>: GetExtensionIndex OMX.google.android.index.describeColorFormat, err [0x80001001].
05-30 08:38:36.299 380 380 W omx_vdec: <__AwOmxVdecGetExtensionIndex:1741>: GetExtensionIndex OMX.google.android.index.describeColorFormat2, err [0x80001001].
05-30 08:38:36.299 380 380 E omx_vdec: : erro: pParamData->nIndex > m_sPortFormatType.nIndex
05-30 08:38:36.299 380 380 W omx_vdec: <__AwOmxVdecGetExtensionIndex:1741>: GetExtensionIndex OMX.google.android.index.describeColorFormat, err [0x80001001].
05-30 08:38:36.299 380 380 W omx_vdec: <__AwOmxVdecGetExtensionIndex:1741>: GetExtensionIndex OMX.google.android.index.describeColorFormat2, err [0x80001001].
05-30 08:38:36.299 380 380 E omx_vdec: : erro: pParamData->nIndex > m_sPortFormatType.nIndex
05-30 08:38:36.299 380 380 W omx_vdec: <__AwOmxVdecGetExtensionIndex:1741>: GetExtensionIndex OMX.google.android.index.describeColorFormat, err [0x80001001].
01-01 08:00:21.473 0 0 E : [ C0] sunxi-mmc 4021000.sdmmc: smc 2 p1 err, cmd 53, WR DCE !!
01-01 08:00:21.475 380 380 D : enable_cedar_hw_clk,516
05-30 08:38:36.299 380 380 W omx_vdec: <__AwOmxVdecGetExtensionIndex:1741>: GetExtensionIndex OMX.google.android.index.describeColorFormat2, err [0x80001001].
05-30 08:38:36.299 380 380 E omx_vdec: : erro: pParamData->nIndex > m_sPortFormatType.nIndex
05-30 08:38:36.300 380 380 W omx_vdec: <__AwOmxVdecGetExtensionIndex:1741>: GetExtensionIndex OMX.google.android.index.describeColorFormat, err [0x80001001].
05-30 08:38:36.300 380 380 W omx_vdec: <__AwOmxVdecGetExtensionIndex:1741>: GetExtensionIndex OMX.google.android.index.describeColorFormat2, err [0x80001001].
05-30 08:38:36.300 380 380 E omx_vdec: : erro: pParamData->nIndex > m_sPortFormatType.nIndex
05-30 08:38:36.300 380 380 W omx_vdec: <__AwOmxVdecGetExtensionIndex:1741>: GetExtensionIndex OMX.google.android.index.describeColorFormat, err [0x80001001].
05-30 08:38:36.300 380 380 W omx_vdec: <__AwOmxVdecGetExtensionIndex:1741>: GetExtensionIndex OMX.google.android.index.describeColorFormat2, err [0x80001001].
05-30 08:38:36.300 380 380 E omx_vdec: : erro: pParamData->nIndex > m_sPortFormatType.nIndex
05-30 08:38:36.300 380 380 W omx_vdec: <__AwOmxVdecGetExtensionIndex:1741>: GetExtensionIndex OMX.google.android.index.describeColorFormat, err [0x80001001].
05-30 08:38:36.300 380 380 W omx_vdec: <__AwOmxVdecGetExtensionIndex:1741>: GetExtensionIndex OMX.google.android.index.describeColorFormat2, err [0x80001001].
05-30 08:38:36.300 380 380 E omx_vdec: : erro: pParamData->nIndex > m_sPortFormatType.nIndex
05-30 08:38:36.301 380 380 W omx_vdec: <__AwOmxVdecGetExtensionIndex:1741>: GetExtensionIndex OMX.google.android.index.describeColorFormat, err [0x80001001].
05-30 08:38:36.301 380 380 W omx_vdec: <__AwOmxVdecGetExtensionIndex:1741>: GetExtensionIndex OMX.google.android.index.describeColorFormat2, err [0x80001001].
05-30 08:38:36.301 380 380 E omx_vdec: : erro: pParamData->nIndex > m_sPortFormatType.nIndex
05-30 08:38:36.301 380 380 W omx_vdec: <__AwOmxVdecGetExtensionIndex:1741>: GetExtensionIndex OMX.google.android.index.describeColorFormat, err [0x80001001].
05-30 08:38:36.301 380 380 W omx_vdec: <__AwOmxVdecGetExtensionIndex:1741>: GetExtensionIndex OMX.google.android.index.describeColorFormat2, err [0x80001001].
05-30 08:38:36.301 380 380 E omx_vdec: : erro: pParamData->nIndex > m_sPortFormatType.nIndex
05-30 08:38:36.301 380 380 W omx_vdec: <__AwOmxVdecGetExtensionIndex:1741>: GetExtensionIndex OMX.google.android.index.describeColorFormat, err [0x80001001].
05-30 08:38:36.301 380 380 W omx_vdec: <__AwOmxVdecGetExtensionIndex:1741>: GetExtensionIndex OMX.google.android.index.describeColorFormat2, err [0x80001001].
05-30 08:38:36.301 380 380 E omx_vdec: : erro: pParamData->nIndex > m_sPortFormatType.nIndex
05-30 08:38:36.301 380 380 W omx_vdec: <__AwOmxVdecGetExtensionIndex:1741>: GetExtensionIndex OMX.google.android.index.describeColorFormat, err [0x80001001].
05-30 08:38:36.301 380 380 W omx_vdec: <__AwOmxVdecGetExtensionIndex:1741>: GetExtensionIndex OMX.google.android.index.describeColorFormat2, err [0x80001001].
05-30 08:38:36.302 380 380 E omx_vdec: : erro: pParamData->nIndex > m_sPortFormatType.nIndex
05-30 08:38:36.302 380 380 W omx_vdec: <__AwOmxVdecGetExtensionIndex:1741>: GetExtensionIndex OMX.google.android.index.describeColorFormat, err [0x80001001].
05-30 08:38:36.302 380 380 W omx_vdec: <__AwOmxVdecGetExtensionIndex:1741>: GetExtensionIndex OMX.google.android.index.describeColorFormat2, err [0x80001001].
05-30 08:38:36.302 380 380 E omx_vdec: : erro: pParamData->nIndex > m_sPortFormatType.nIndex
05-30 08:38:36.302 380 380 W omx_vdec: <__AwOmxVdecGetExtensionIndex:1741>: GetExtensionIndex OMX.google.android.index.describeColorFormat, err [0x80001001].
05-30 08:38:36.302 380 380 W omx_vdec: <__AwOmxVdecGetExtensionIndex:1741>: GetExtensionIndex OMX.google.android.index.describeColorFormat2, err [0x80001001].
05-30 08:38:36.302 380 380 E omx_vdec: : erro: pParamData->nIndex > m_sPortFormatType.nIndex
05-30 08:38:36.302 380 380 W omx_vdec: <__AwOmxVdecGetExtensionIndex:1741>: GetExtensionIndex OMX.google.android.index.describeColorFormat, err [0x80001001].
05-30 08:38:36.302 380 380 W omx_vdec: <__AwOmxVdecGetExtensionIndex:1741>: GetExtensionIndex OMX.google.android.index.describeColorFormat2, err [0x80001001].
05-30 08:38:36.303 380 380 E omx_vdec: : erro: pParamData->nIndex > m_sPortFormatType.nIndex
05-30 08:38:36.303 380 380 W omx_vdec: <__AwOmxVdecGetExtensionIndex:1741>: GetExtensionIndex OMX.google.android.index.describeColorFormat, err [0x80001001].
05-30 08:38:36.303 380 380 W omx_vdec: <__AwOmxVdecGetExtensionIndex:1741>: GetExtensionIndex OMX.google.android.index.describeColorFormat2, err [0x80001001].
05-30 08:38:36.303 380 380 E omx_vdec: : erro: pParamData->nIndex > m_sPortFormatType.nIndex
05-30 08:38:36.303 380 380 W omx_vdec: <__AwOmxVdecGetExtensionIndex:1741>: GetExtensionIndex OMX.google.android.index.describeColorFormat, err [0x80001001].
05-30 08:38:36.303 380 380 W omx_vdec: <__AwOmxVdecGetExtensionIndex:1741>: GetExtensionIndex OMX.google.android.index.describeColorFormat2, err [0x80001001].
05-30 08:38:36.303 380 380 E omx_vdec: : erro: pParamData->nIndex > m_sPortFormatType.nIndex
05-30 08:38:36.303 380 380 W omx_vdec: <__AwOmxVdecGetExtensionIndex:1741>: GetExtensionIndex OMX.google.android.index.describeColorFormat, err [0x80001001].
05-30 08:38:36.303 380 380 W omx_vdec: <__AwOmxVdecGetExtensionIndex:1741>: GetExtensionIndex OMX.google.android.index.describeColorFormat2, err [0x80001001].
05-30 08:38:36.303 380 380 E omx_vdec: : erro: pParamData->nIndex > m_sPortFormatType.nIndex
05-30 08:38:36.303 380 380 W omx_vdec: <__AwOmxVdecGetExtensionIndex:1741>: GetExtensionIndex OMX.google.android.index.describeColorFormat, err [0x80001001].
05-30 08:38:36.304 380 380 W omx_vdec: <__AwOmxVdecGetExtensionIndex:1741>: GetExtensionIndex OMX.google.android.index.describeColorFormat2, err [0x80001001].
05-30 08:38:36.304 380 380 E omx_vdec: : erro: pParamData->nIndex > m_sPortFormatType.nIndex
05-30 08:38:36.304 380 380 W omx_vdec: <__AwOmxVdecGetExtensionIndex:1741>: GetExtensionIndex OMX.google.android.index.describeColorFormat, err [0x80001001].
05-30 08:38:36.304 380 380 W omx_vdec: <__AwOmxVdecGetExtensionIndex:1741>: GetExtensionIndex OMX.google.android.index.describeColorFormat2, err [0x80001001].
05-30 08:38:36.304 380 380 E omx_vdec: : erro: pParamData->nIndex > m_sPortFormatType.nIndex
05-30 08:38:36.304 380 380 W omx_vdec: <__AwOmxVdecGetExtensionIndex:1741>: GetExtensionIndex OMX.google.android.index.describeColorFormat, err [0x80001001].
05-30 08:38:36.304 380 380 W omx_vdec: <__AwOmxVdecGetExtensionIndex:1741>: GetExtensionIndex OMX.google.android.index.describeColorFormat2, err [0x80001001].
05-30 08:38:36.304 380 380 E omx_vdec: : erro: pParamData->nIndex > m_sPortFormatType.nIndex
05-30 08:38:36.304 380 380 W omx_vdec: <__AwOmxVdecGetExtensionIndex:1741>: GetExtensionIndex OMX.google.android.index.describeColorFormat, err [0x80001001].
05-30 08:38:36.304 380 380 W omx_vdec: <__AwOmxVdecGetExtensionIndex:1741>: GetExtensionIndex OMX.google.android.index.describeColorFormat2, err [0x80001001].
05-30 08:38:36.304 380 380 E omx_vdec: : erro: pParamData->nIndex > m_sPortFormatType.nIndex
05-30 08:38:36.305 380 380 W omx_vdec: <__AwOmxVdecGetExtensionIndex:1741>: GetExtensionIndex OMX.google.android.index.describeColorFormat, err [0x80001001].
05-30 08:38:36.305 380 380 W omx_vdec: <__AwOmxVdecGetExtensionIndex:1741>: GetExtensionIndex OMX.google.android.index.describeColorFormat2, err [0x80001001].
05-30 08:38:36.305 380 380 E omx_vdec: : erro: pParamData->nIndex > m_sPortFormatType.nIndex
05-30 08:38:36.305 380 380 W omx_vdec: <__AwOmxVdecGetExtensionIndex:1741>: GetExtensionIndex OMX.google.android.index.describeColorFormat, err [0x80001001].
05-30 08:38:36.305 380 380 W omx_vdec: <__AwOmxVdecGetExtensionIndex:1741>: GetExtensionIndex OMX.google.android.index.describeColorFormat2, err [0x80001001].
05-30 08:38:36.305 371 481 W ACodec : [OMX.allwinner.video.decoder.vp9] stopping checking formats after 32: COLOR_FormatYUV420Planar(13)
05-30 08:38:36.305 380 380 W omx_vdec: <__AwOmxVdecGetExtensionIndex:1741>: GetExtensionIndex OMX.google.android.index.configureVideoTunnelMode, err [0x80001001].
05-30 08:38:36.305 380 380 E OMXNodeInstance: getExtensionIndex(0xf0bce000:allwinner.decoder.vp9, OMX.google.android.index.configureVideoTunnelMode) ERROR: Undefined(0x80001001)
05-30 08:38:36.305 371 481 D MediaCodecInfo: detail feature-tunneled-playback wasn't present to remove
05-30 08:38:36.305 380 380 W omx_vdec: <__AwOmxVdecGetExtensionIndex:1741>: GetExtensionIndex OMX.google.android.index.storeANWBufferInMetadata, err [0x80001001].
05-30 08:38:36.305 380 380 W omx_vdec_aw: <__anSetExtPara:3004>: Setparameter: unknown param 2131755011
05-30 08:38:36.305 380 380 W OMXNodeInstance: [0xf0bce000:allwinner.decoder.vp9] component does not support metadata mode; using fallback
05-30 08:38:36.306 380 751 W libc : invalid pthread_t (0) passed to pthread_join
05-30 08:38:36.306 380 751 W libc : invalid pthread_t (0) passed to pthread_join
05-30 08:38:36.306 380 751 W libc : invalid pthread_t (0) passed to pthread_join
01-01 08:00:21.487 380 380 D : disable_cedar_hw_clk,546
05-30 08:38:36.317 380 380 I cedarc : : not malloc locks
05-30 08:38:36.318 371 481 I OMXClient: IOmx service obtained
05-30 08:38:36.319 380 380 I OMXStore: makeComponentInstance(OMX.allwinner.video.decoder.vp9.secure) in android.hardwar process
01-01 08:00:21.490 133 133 I sunxi-mmc 4021000.sdmmc: *****retry:start*****
01-01 08:00:21.498 398 398 I : DVI mode selected: packets not configured
05-30 08:38:36.320 380 380 E omx_vdec: : This platform does not support secure video playback
05-30 08:38:36.320 380 380 E omx_sem : : handle is null
05-30 08:38:36.320 380 380 E omx_sem : : handle is null
05-30 08:38:36.320 380 380 E omx_sem : : handle is null
05-30 08:38:36.320 380 380 E omx_sem : : handle is null
05-30 08:38:36.320 380 380 E omx_sem : : handle is null
05-30 08:38:36.320 380 380 W omx_vdec_aw: : pdec is null
05-30 08:38:36.320 380 380 E android.hardware.media.omx@1.0-service: Failed to allocate omx component 'OMX.allwinner.video.decoder.vp9.secure' err=InvalidComponentName(0x80001002)
05-30 08:38:36.320 371 481 W OmxInfoBuilder: Fail to add media type video/x-vnd.on2.vp9 to codec OMX.allwinner.video.decoder.vp9.secure
05-30 08:38:36.321 371 481 I OMXClient: IOmx service obtained
05-30 08:38:36.321 380 380 I OMXStore: makeComponentInstance(OMX.allwinner.video.encoder.avc) in android.hardwar process
05-30 08:38:36.320 276 276 I EventThread: type=1400 audit(0.0:331): avc: denied { search } for name="extcon" dev="sysfs" ino=18109 scontext=u:r:hal_tv_cec_default:s0 tcontext=u:object_r:sysfs_extcon:s0 tclass=dir permissive=1
05-30 08:38:36.324 338 338 I xiriservice_All: type=1400 audit(0.0:332): avc: denied { read } for scontext=u:r:init:s0 tcontext=u:r:init:s0 tclass=netlink_kobject_uevent_socket permissive=1
05-30 08:38:36.327 327 329 D XM_HIDREAD: add@ add@/devices/platform/soc@3000000/5030000.eth/mdio_bus/5030000.eth-0/5030000.eth-0:00
01-01 08:00:21.503 133 133 I sunxi-mmc 4021000.sdmmc: REG_DRV_DL: 0x00010000
01-01 08:00:21.506 254 254 I libphy : 5030000.eth: probed
01-01 08:00:21.506 254 254 E : get_key_map_info()187 - Failed to find "oe" in dts.
01-01 08:00:21.507 398 398 I : Error: set vsif failed
01-01 08:00:21.512 254 254 I : sunxi-gmac 5030000.eth eth0: eth0: Type(7) PHY ID 00441400 at 0 IRQ poll (5030000.eth-0:00)
01-01 08:00:21.515 133 133 I sunxi-mmc 4021000.sdmmc: REG_SD_NTSR: 0x81710000
01-01 08:00:21.523 398 398 I : DVI mode selected: packets not configured
05-30 08:38:36.360 484 529 W PppoeNetworkFactory: interfaceLinkStateChanged
05-30 08:38:36.360 484 529 D PppoeNetworkFactory: updateInterface: mIface: mPhyIface:eth0 iface:eth0 link:down
05-30 08:38:36.360 484 529 I EthernetTracker: interfaceLinkStateChanged, iface: eth0, up: false
01-01 08:00:21.528 133 133 I sunxi-mmc 4021000.sdmmc: *****retry:re-send cmd*****
01-01 08:00:21.533 398 398 I : Error: set vsif failed
01-01 08:00:21.540 0 0 E : [ C0] sunxi-mmc 4021000.sdmmc: smc 2 p1 err, cmd 53, WR DCE !!
05-30 08:38:36.409 271 398 D sunxihwc: checkPerformance: PerfMonitor total[w]: 68 acquire: 0 submit: 23 release: 45
05-30 08:38:36.410 254 254 I netd : interfaceSetCfg(InterfaceConfigurationParcel{ifName: eth0, hwAddr: 20:02:fe:19:c1:fd, ipv4Addr: 0.0.0.0, prefixLength: 0, flags: [broadcast, multicast, up]}) <1122.17ms>
05-30 08:38:36.411 484 529 W PppoeNetworkFactory: interfaceLinkStateChanged
05-30 08:38:36.411 484 529 D PppoeNetworkFactory: updateInterface: mIface: mPhyIface:eth0 iface:eth0 link:down
05-30 08:38:36.411 484 529 I EthernetTracker: interfaceLinkStateChanged, iface: eth0, up: false
05-30 08:38:36.411 254 254 I netd : interfaceGetCfg(eth0) -> {InterfaceConfigurationParcel{ifName: eth0, hwAddr: 20:02:fe:19:c1:fd, ipv4Addr: 0.0.0.0, prefixLength: 0, flags: [up, broadcast, multicast]}} <0.38ms>
05-30 08:38:36.413 484 663 D EthernetTracker: Tracking interface in client mode: eth0
05-30 08:38:36.415 484 663 D EthernetNetworkFactory: addInterface, iface: eth0, capabilities: [ Transports: ETHERNET Capabilities: NOT_METERED&INTERNET&NOT_RESTRICTED&TRUSTED&NOT_VPN&NOT_ROAMING&NOT_CONGESTED&NOT_SUSPENDED&NOT_VCN_MANAGED LinkUpBandwidth>=100000Kbps LinkDnBandwidth>=100000Kbps]
05-30 08:38:36.417 484 663 D EthernetNetworkFactory: updateCapabilityFilter: [ Transports: ETHERNET Capabilities: NOT_METERED&INTERNET&NOT_RESTRICTED&TRUSTED&NOT_VPN&NOT_ROAMING&NOT_CONGESTED&NOT_SUSPENDED&NOT_VCN_MANAGED]
05-30 08:38:36.418 484 663 D EthernetNetworkFactory: updateInterfaceLinkState, iface: eth0, up: false
05-30 08:38:36.418 484 663 D EthernetNetworkFactory: updateInterfaceLinkState, iface: eth0, up: false
05-30 08:38:36.419 484 663 D Ethernet: got request NetworkRequest [ REQUEST id=1, [ Capabilities: INTERNET&NOT_RESTRICTED&TRUSTED&NOT_VPN&NOT_VCN_MANAGED RequestorUid: 1000 RequestorPkg: android] ]
05-30 08:38:36.419 484 663 D EthernetNetworkFactory: acceptRequest, request: NetworkRequest [ REQUEST id=1, [ Capabilities: INTERNET&NOT_RESTRICTED&TRUSTED&NOT_VPN&NOT_VCN_MANAGED RequestorUid: 1000 RequestorPkg: android] ]
05-30 08:38:36.419 484 663 I EthernetNetworkFactory: networkForRequest, request: NetworkRequest [ REQUEST id=1, [ Capabilities: INTERNET&NOT_RESTRICTED&TRUSTED&NOT_VPN&NOT_VCN_MANAGED RequestorUid: 1000 RequestorPkg: android] ], network: null
05-30 08:38:36.419 484 663 D Ethernet: got request NetworkRequest [ REQUEST id=4, [ Transports: ETHERNET Capabilities: INTERNET&NOT_RESTRICTED&TRUSTED&NOT_VPN&NOT_VCN_MANAGED RequestorUid: 1000 RequestorPkg: android] ]
05-30 08:38:36.419 484 663 D EthernetNetworkFactory: acceptRequest, request: NetworkRequest [ REQUEST id=4, [ Transports: ETHERNET Capabilities: INTERNET&NOT_RESTRICTED&TRUSTED&NOT_VPN&NOT_VCN_MANAGED RequestorUid: 1000 RequestorPkg: android] ]
05-30 08:38:36.419 484 663 I EthernetNetworkFactory: networkForRequest, request: NetworkRequest [ REQUEST id=4, [ Transports: ETHERNET Capabilities: INTERNET&NOT_RESTRICTED&TRUSTED&NOT_VPN&NOT_VCN_MANAGED RequestorUid: 1000 RequestorPkg: android] ], network: null
05-30 08:38:36.419 484 663 D Ethernet: got request NetworkRequest [ REQUEST id=10, [ Capabilities: INTERNET&NOT_RESTRICTED&TRUSTED&NOT_VCN_MANAGED Uid: 1000 RequestorUid: 1000 RequestorPkg: android] ]
05-30 08:38:36.420 484 663 D EthernetNetworkFactory: acceptRequest, request: NetworkRequest [ REQUEST id=10, [ Capabilities: INTERNET&NOT_RESTRICTED&TRUSTED&NOT_VCN_MANAGED Uid: 1000 RequestorUid: 1000 RequestorPkg: android] ]
05-30 08:38:36.420 484 663 I EthernetNetworkFactory: networkForRequest, request: NetworkRequest [ REQUEST id=10, [ Capabilities: INTERNET&NOT_RESTRICTED&TRUSTED&NOT_VCN_MANAGED Uid: 1000 RequestorUid: 1000 RequestorPkg: android] ], network: null
01-01 08:00:21.590 133 133 I sunxi-mmc 4021000.sdmmc: *****retry:start*****
01-01 08:00:21.597 398 398 I : DVI mode selected: packets not configured
01-01 08:00:21.597 133 133 I sunxi-mmc 4021000.sdmmc: REG_DRV_DL: 0x00030000
01-01 08:00:21.604 398 398 I : Error: set vsif failed
01-01 08:00:21.613 398 398 I : DVI mode selected: packets not configured
01-01 08:00:21.615 133 133 I sunxi-mmc 4021000.sdmmc: REG_SD_NTSR: 0x81710110
01-01 08:00:21.622 398 398 I : Error: set vsif failed
01-01 08:00:21.631 398 398 I : DVI mode selected: packets not configured
01-01 08:00:21.634 133 133 I sunxi-mmc 4021000.sdmmc: *****retry:re-send cmd*****
01-01 08:00:21.640 398 398 I : Error: set vsif failed
01-01 08:00:21.648 0 0 D : [ C0] 4,end
05-30 08:38:36.487 484 484 E LocationManagerService: no geocoder provider found
05-30 08:38:36.487 484 484 E ActivityRecognitionHardware: activity_recognition HAL is deprecated. is_supported is effectively a no-op
05-30 08:38:36.487 484 484 E LocationManagerService: unable to bind ActivityRecognitionProxy
05-30 08:38:36.487 484 484 W SystemServiceManager: Service com.android.server.location.LocationManagerService$Lifecycle took 353 ms in onBootPhase
05-30 08:38:36.488 484 484 I WallpaperManagerService: switch-user-0
05-30 08:38:36.488 484 484 V WallpaperManagerService: bindWallpaperComponentLocked: componentName=ComponentInfo{com.android.systemui/com.android.systemui.ImageWallpaper}
05-30 08:38:36.493 484 484 D WallpaperManagerService: switch-user-0 took to complete: 5ms
05-30 08:38:36.496 484 484 D SoundTriggerService: onBootPhase: 600 : false
05-30 08:38:36.502 380 380 W cedarc : : cannot open /dev/sunxi_soc_info, it maybe ok!
05-30 08:38:36.502 380 380 I cedarc : : *** ic_version = 0x3301000012011,
05-30 08:38:36.502 216 216 I keystore2: keystore2::authorization: on_lock_screen_event(LockScreenEvent(0), user_id=0, password.is_some()=false, unlocking_sids=Some([]))
01-01 08:00:21.678 380 380 D : enable_cedar_hw_clk,516
05-30 08:38:36.504 380 380 E OMXNodeInstance: getParameter(0xf09eb000:allwinner.encoder.avc, ParamVideoProfileLevelQuerySupported(0x600000f)) ERROR: BadParameter(0x80001005)
05-30 08:38:36.505 371 481 W OMXUtils: do not know color format 0x7f000789 = 2130708361
05-30 08:38:36.506 371 481 W OMXUtils: do not know color format 0x7f000001 = 2130706433
05-30 08:38:36.506 380 380 E omx_venc: <__AwOmxVencGetParameter:882>: get_parameter erro: pParamData->nIndex > m_sInPortFormatType.nIndex, param index 3. impl in->index 2.
05-30 08:38:36.506 380 380 E OMXNodeInstance: getConfig(0xf09eb000:allwinner.encoder.avc, ConfigAndroidIntraRefresh(0x6f60000a)) ERROR: UnsupportedIndex(0x8000101a)
05-30 08:38:36.506 380 380 E omx_venc: : get_parameter: unknown param 0xf0cd5d40
05-30 08:38:36.506 380 380 E omx_venc: 
05-30 08:38:36.506 380 380 E OMXNodeInstance: getParameter(0xf09eb000:allwinner.encoder.avc, ParamVideoIntraRefresh(0x6000006)) ERROR: UnsupportedIndex(0x8000101a)
05-30 08:38:36.506 371 481 D MediaCodecInfo: detail feature-frame-parsing wasn't present to remove
05-30 08:38:36.512 676 676 V GraphicsEnvironment: ANGLE Developer option for 'com.android.bluetooth' set to: 'default'
05-30 08:38:36.513 676 676 V GraphicsEnvironment: Neither updatable production driver nor prerelease driver is supported.
05-30 08:38:36.514 380 380 I cedarc : : not malloc locks
01-01 08:00:21.690 380 380 D : disable_cedar_hw_clk,546
05-30 08:38:36.516 676 676 D NetworkSecurityConfig: No Network Security Config specified, using platform default
05-30 08:38:36.518 676 676 D NetworkSecurityConfig: No Network Security Config specified, using platform default
05-30 08:38:36.523 371 481 I Codec2Client: Available Codec2 services: "software"
05-30 08:38:36.528 386 386 V C2Store : in init
05-30 08:38:36.528 386 386 V C2Store : loading dll
05-30 08:38:36.551 484 484 W AlarmManager: Unrecognized alarm listener com.android.server.stats.StatsCompanionService$AnomalyAlarmListener@891e02b
05-30 08:38:36.551 484 484 W AlarmManager: Unrecognized alarm listener com.android.server.stats.StatsCompanionService$PullingAlarmListener@4abbc88
05-30 08:38:36.551 484 484 W AlarmManager: Unrecognized alarm listener com.android.server.stats.StatsCompanionService$PeriodicAlarmListener@9c0e621
05-30 08:38:36.561 484 484 I StatsCompanionService: Told statsd that StatsCompanionService is alive.
05-30 08:38:36.563 484 484 D SystemServerTiming: OnBootPhase_600 took to complete: 433ms
05-30 08:38:36.563 484 484 D SystemServerTiming: PhaseThirdPartyAppsCanStart took to complete: 433ms
05-30 08:38:36.563 484 484 I SystemServerTiming: StartNetworkStack
05-30 08:38:36.564 484 484 D ConnectivityModuleConnector: Starting networking module android.net.INetworkStackConnector
05-30 08:38:36.565 484 484 D ConnectivityModuleConnector: Starting networking module in network_stack process
05-30 08:38:36.566 484 546 D StatsPullAtomService: Registering NetworkStats pullers with statsd
05-30 08:38:36.573 484 484 D CompatibilityChangeReporter: Compat change id reported: 135634846; UID 1073; state: DISABLED
05-30 08:38:36.576 484 546 W BestClock: java.time.DateTimeException: Missing NTP fix
05-30 08:38:36.577 484 484 D ConnectivityModuleConnector: Networking module service start requested
05-30 08:38:36.577 484 484 D SystemServerTiming: StartNetworkStack took to complete: 14ms
05-30 08:38:36.577 484 484 I SystemServerTiming: StartTethering
05-30 08:38:36.577 484 484 D ConnectivityModuleConnector: Starting networking module android.net.ITetheringConnector
05-30 08:38:36.578 484 484 D ConnectivityModuleConnector: Starting networking module in network_stack process
05-30 08:38:36.581 484 484 D ConnectivityModuleConnector: Networking module service start requested
05-30 08:38:36.581 484 484 D SystemServerTiming: StartTethering took to complete: 4ms
05-30 08:38:36.581 484 484 I SystemServerTiming: MakeCountryDetectionServiceReady
05-30 08:38:36.582 484 484 D SystemServerTiming: MakeCountryDetectionServiceReady took to complete: 0ms
05-30 08:38:36.582 484 484 I SystemServerTiming: MakeNetworkTimeUpdateReady
01-01 08:00:21.738 33 33 I WCN : combin_img 4 marlin_firmware_write finish and successful
01-01 08:00:21.760 33 33 I WCN : marlin_start_run read reset reg val:0x180008
05-30 08:38:36.590 386 386 V C2Store : in ~ComponentModule
05-30 08:38:36.590 386 386 V C2Store : unloading dll
05-30 08:38:36.591 386 386 V C2Store : in init
05-30 08:38:36.591 386 386 V C2Store : loading dll
05-30 08:38:36.592 255 255 D Zygote : Forked child process 766
05-30 08:38:36.592 484 484 D ConnectivityService: requestNetwork for uid/pid:1000/484 activeRequest: null callbackRequest: 16 [NetworkRequest [ REQUEST id=17, [ Capabilities: INTERNET&NOT_RESTRICTED&TRUSTED&NOT_VCN_MANAGED Uid: 1000 RequestorUid: 1000 RequestorPkg: android] ]] callback flags: 0 priority: 2147483647
05-30 08:38:36.593 484 627 D ConnectivityService: NetReassign [no changes]
05-30 08:38:36.594 484 664 D PPPOE : got request NetworkRequest [ REQUEST id=17, [ Capabilities: INTERNET&NOT_RESTRICTED&TRUSTED&NOT_VCN_MANAGED Uid: 1000 RequestorUid: 1000 RequestorPkg: android] ]
05-30 08:38:36.594 484 663 D Ethernet: got request NetworkRequest [ REQUEST id=17, [ Capabilities: INTERNET&NOT_RESTRICTED&TRUSTED&NOT_VCN_MANAGED Uid: 1000 RequestorUid: 1000 RequestorPkg: android] ]
05-30 08:38:36.594 484 663 D EthernetNetworkFactory: acceptRequest, request: NetworkRequest [ REQUEST id=17, [ Capabilities: INTERNET&NOT_RESTRICTED&TRUSTED&NOT_VCN_MANAGED Uid: 1000 RequestorUid: 1000 RequestorPkg: android] ]
05-30 08:38:36.594 484 663 I EthernetNetworkFactory: networkForRequest, request: NetworkRequest [ REQUEST id=17, [ Capabilities: INTERNET&NOT_RESTRICTED&TRUSTED&NOT_VCN_MANAGED Uid: 1000 RequestorUid: 1000 RequestorPkg: android] ], network: null
05-30 08:38:36.595 484 548 I ActivityManager: app.processName = com.android.networkstack.process
01-01 08:00:21.768 33 33 I WCN : after do marlin_start_run reset reg val:0x80008
05-30 08:38:36.595 484 548 I ActivityManager: Start proc 766:com.android.networkstack.process/1073 for service {com.android.networkstack/com.android.server.NetworkStackService}
05-30 08:38:36.595 254 254 I netd : trafficSwapActiveStatsMap() <18.87ms>
05-30 08:38:36.599 484 484 D SystemServerTiming: MakeNetworkTimeUpdateReady took to complete: 18ms
05-30 08:38:36.599 484 484 I SystemServerTiming: MakeInputManagerServiceReady
05-30 08:38:36.601 766 766 I Zygote : seccomp disabled by setenforce 0
05-30 08:38:36.602 254 254 I netd : tetherGetStats() -> {[]} <4.84ms>
05-30 08:38:36.604 484 546 W BestClock: java.time.DateTimeException: Missing NTP fix
05-30 08:38:36.608 484 618 W BestClock: java.time.DateTimeException: Missing NTP fix
05-30 08:38:36.612 335 335 I rainbow_flow: type=1400 audit(0.0:333): avc: denied { ioctl } for path="/dev/spidev1.0" dev="tmpfs" ino=3840 ioctlcmd=0x6b00 scontext=u:r:init:s0 tcontext=u:object_r:device:s0 tclass=chr_file permissive=1
05-30 08:38:36.619 484 618 W BestClock: java.time.DateTimeException: Missing NTP fix
05-30 08:38:36.620 484 546 W BestClock: java.time.DateTimeException: Missing NTP fix
05-30 08:38:36.620 407 425 I adbd : jdwp connection from 766
01-01 08:00:21.779 33 33 I WCN : s_marlin_bootup_time=19668476382
01-01 08:00:21.784 33 33 I WCN : clock mode: TCXO, outside clock
01-01 08:00:21.798 33 33 I WCN : marlin_write_cali_data sync init_state:0x0
05-30 08:38:36.626 484 484 D SystemServerTiming: MakeInputManagerServiceReady took to complete: 27ms
05-30 08:38:36.627 484 609 I InputReader: Reconfiguring input devices, changes=DEVICE_ALIAS |
05-30 08:38:36.627 484 484 I SystemServerTiming: MakeTelephonyRegistryReady
05-30 08:38:36.630 484 484 D SystemServerTiming: MakeTelephonyRegistryReady took to complete: 2ms
05-30 08:38:36.631 484 484 I SystemServerTiming: MakeMediaRouterServiceReady
05-30 08:38:36.632 484 484 D SystemServerTiming: MakeMediaRouterServiceReady took to complete: 1ms
05-30 08:38:36.633 484 609 I InputReader: Reconfiguring input devices, changes=KEYBOARD_LAYOUTS |
05-30 08:38:36.634 484 484 I SystemServerTiming: MakeMmsServiceReady
05-30 08:38:36.634 484 484 I MmsServiceBroker: Delay connecting to MmsService until an API is called
05-30 08:38:36.634 484 484 D SystemServerTiming: MakeMmsServiceReady took to complete: 0ms
05-30 08:38:36.634 484 484 I SystemServerTiming: IncidentDaemonReady
05-30 08:38:36.636 484 484 D SystemServerTiming: IncidentDaemonReady took to complete: 2ms
05-30 08:38:36.636 484 484 I SystemServerTiming: MakeIncrementalServiceReady
05-30 08:38:36.637 484 484 D SystemServerTiming: MakeIncrementalServiceReady took to complete: 1ms
05-30 08:38:36.638 484 484 I SystemServerTiming: getCurrentUser
05-30 08:38:36.638 484 484 I ActivityManager: Current user:0
05-30 08:38:36.638 484 484 D SystemServerTiming: getCurrentUser took to complete: 0ms
05-30 08:38:36.638 484 484 I SystemServerTiming: ActivityManagerStartApps
05-30 08:38:36.638 386 386 V C2Store : in ~ComponentModule
05-30 08:38:36.638 386 386 V C2Store : unloading dll
05-30 08:38:36.639 484 484 I SystemServerTiming: ssm.StartUser-0
05-30 08:38:36.639 484 484 I SystemServiceManager: Calling onStartUser 0
05-30 08:38:36.639 386 386 V C2Store : in init
05-30 08:38:36.639 386 386 V C2Store : loading dll
05-30 08:38:36.645 484 507 D CompatibilityChangeReporter: Compat change id reported: 168419799; UID 1073; state: DISABLED
05-30 08:38:36.651 254 254 I netd : trafficSwapActiveStatsMap() <30.96ms>
05-30 08:38:36.652 388 388 I update_engine: [INFO:cleanup_previous_update_action.cc(112)] Executing task 5
05-30 08:38:36.656 254 254 I netd : tetherGetStats() -> {[]} <3.13ms>
05-30 08:38:36.656 388 388 I update_engine: [INFO:cleanup_previous_update_action.cc(124)] CleanupPreviousUpdateAction scheduled task ID 6 for WaitBootCompleted
01-01 08:00:21.832 33 33 I WCN : marlin_write_cali_data sync init_state:0x0
05-30 08:38:36.658 484 546 W BestClock: java.time.DateTimeException: Missing NTP fix
05-30 08:38:36.659 386 386 V C2Store : in ~ComponentModule
05-30 08:38:36.660 386 386 V C2Store : unloading dll
05-30 08:38:36.660 386 386 V C2Store : in init
05-30 08:38:36.660 386 386 V C2Store : loading dll
05-30 08:38:36.660 484 484 V StorageManagerService: Package com.dangbei.lerad.leradwatcher has legacy storage
05-30 08:38:36.660 484 484 V StorageManagerService: Package com.android.cts.priv.ctsshim does not have legacy storage
05-30 08:38:36.661 484 484 V StorageManagerService: Package com.android.dynsystem does not have legacy storage
05-30 08:38:36.661 484 484 V StorageManagerService: Package com.dangbei.lerad.rocky does not have legacy storage
05-30 08:38:36.661 484 484 V StorageManagerService: Package com.android.providers.calendar does not have legacy storage
05-30 08:38:36.661 484 484 V StorageManagerService: Package com.android.tv.settings does not have legacy storage
05-30 08:38:36.661 484 484 V StorageManagerService: Package com.android.providers.media does not have legacy storage
05-30 08:38:36.661 484 484 V StorageManagerService: Package com.oranth.factory does not have legacy storage
05-30 08:38:36.661 484 484 V StorageManagerService: Package com.android.internal.systemui.navbar.gestural_wide_back does not have legacy storage
05-30 08:38:36.661 484 484 V StorageManagerService: Package com.dangbei.zhushou.os does not have legacy storage
05-30 08:38:36.661 484 484 V StorageManagerService: Package com.android.wallpapercropper does not have legacy storage
05-30 08:38:36.661 484 484 V StorageManagerService: Package com.softwinner.provision does not have legacy storage
05-30 08:38:36.661 484 484 V StorageManagerService: Package com.softwinner.awlogsettings does not have legacy storage
05-30 08:38:36.661 484 484 V StorageManagerService: Package com.android.documentsui does not have legacy storage
05-30 08:38:36.662 484 484 V StorageManagerService: Package com.sohu.inputmethod.sogou.tv has legacy storage
05-30 08:38:36.662 484 484 V StorageManagerService: Package com.android.externalstorage does not have legacy storage
05-30 08:38:36.662 484 484 V StorageManagerService: Package com.android.htmlviewer does not have legacy storage
05-30 08:38:36.662 484 484 V StorageManagerService: Package com.android.companiondevicemanager does not have legacy storage
05-30 08:38:36.662 484 484 V StorageManagerService: Package com.android.mms.service does not have legacy storage
05-30 08:38:36.662 484 484 V StorageManagerService: Package com.android.providers.downloads does not have legacy storage
05-30 08:38:36.662 484 484 V StorageManagerService: Package com.android.providers.tv does not have legacy storage
05-30 08:38:36.662 484 484 V StorageManagerService: Package com.android.internal.systemui.onehanded.gestural does not have legacy storage
05-30 08:38:36.662 484 484 V StorageManagerService: Package com.oranth.ledstatus does not have legacy storage
05-30 08:38:36.663 484 484 V StorageManagerService: Package com.dangbei.lerad.videoposter has legacy storage
05-30 08:38:36.663 484 484 V StorageManagerService: Package com.android.providers.downloads.ui does not have legacy storage
