06-03 15:40:13.308 1423 1423 I crashsdk: SIG: 9, fg: false, exiting: false, main process: true, time: 20250603154013
06-03 15:40:13.308 1423 1423 I crashsdk: State in disk: 'b'
06-03 15:40:13.308 1423 1423 I crashsdk: at android.os.Process.sendSignal(Native Method)
06-03 15:40:13.308 1423 1423 I crashsdk: at android.os.Process.killProcess(Process.java:1153)
06-03 15:40:13.308 1423 1423 I crashsdk: at com.dangbei.screencast.startup.JumpService$i.run(:2)
06-03 15:40:13.308 1423 1423 I crashsdk: at android.os.Handler.handleCallback(Handler.java:938)
06-03 15:40:13.308 1423 1423 I crashsdk: at android.os.Handler.dispatchMessage(Handler.java:99)
06-03 15:40:13.308 1423 1423 I crashsdk: at android.os.Looper.loopOnce(Looper.java:201)
06-03 15:40:13.308 1423 1423 I crashsdk: at android.os.Looper.loop(Looper.java:288)
06-03 15:40:13.308 1423 1423 I crashsdk: at android.app.ActivityThread.main(ActivityThread.java:7854)
06-03 15:40:13.308 1423 1423 I crashsdk: at java.lang.reflect.Method.invoke(Native Method)
06-03 15:40:13.308 1423 1423 I crashsdk: at com.android.internal.os.RuntimeInit$MethodAndArgsCaller.run(RuntimeInit.java:548)
06-03 15:40:13.308 1423 1423 I crashsdk: at com.android.internal.os.ZygoteInit.main(ZygoteInit.java:1182)
06-03 15:40:13.310 1423 1423 I Process : Sending signal. PID: 1423 SIG: 9
06-03 15:40:13.372 2361 2403 W efs.send_log: tryFileLock sendlock sucess! processname: com.huawei.connection
06-03 15:40:13.375 484 630 D NsdService: Client disconnected
06-03 15:40:13.376 484 589 I ActivityManager: Process com.dangbei.screencast (pid 1423) has died: prcp FGS
06-03 15:40:13.380 255 255 I Zygote : Process 1423 exited due to signal 9 (Killed)
06-03 15:40:13.381 484 589 W ActivityManager: Scheduling restart of crashed service com.dangbei.screencast/.huaweicast.service.HuaweiCastService in 1000ms for start-requested
06-03 15:40:13.382 484 589 W ActivityManager: Scheduling restart of crashed service com.dangbei.screencast/.startup.StartupService in 10999ms for start-requested
06-03 15:40:13.384 2361 2361 D NearFieldManagerService: onDestroy, enter.
06-03 15:40:13.384 2361 2361 I NearFieldManagerService: killCurrentProcess.
06-03 15:40:13.385 2361 2361 I crashsdk: android_os_Process_sendSignal. PID: 2361 SIG: 9
06-03 15:40:13.385 2361 2361 I crashsdk: onKillProcess. SIG: 9
06-03 15:40:13.389 2361 2361 I crashsdk: Kill PID: 2361 (com.huawei.connection) by pid: 2361 (com.huawei.connection) tid: 2361 (main)
06-03 15:40:13.389 2361 2361 I crashsdk: SIG: 9, fg: false, exiting: false, main process: false, time: 20250603154013
06-03 15:40:13.389 2361 2361 I crashsdk: State in disk: 'b'
06-03 15:40:13.389 2361 2361 I crashsdk: at android.os.Process.sendSignal(Native Method)
06-03 15:40:13.389 2361 2361 I crashsdk: at android.os.Process.killProcess(Process.java:1153)
06-03 15:40:13.389 2361 2361 I crashsdk: at com.huawei.connection.service.NearFieldManagerService.c(Unknown Source:11)
06-03 15:40:13.389 2361 2361 I crashsdk: at com.huawei.connection.service.NearFieldManagerService.onDestroy(Unknown Source:10)
06-03 15:40:13.389 2361 2361 I crashsdk: at android.app.ActivityThread.handleStopService(ActivityThread.java:4669)
06-03 15:40:13.389 2361 2361 I crashsdk: at android.app.ActivityThread.access$2100(ActivityThread.java:247)
06-03 15:40:13.389 2361 2361 I crashsdk: at android.app.ActivityThread$H.handleMessage(ActivityThread.java:2096)
06-03 15:40:13.389 2361 2361 I crashsdk: at android.os.Handler.dispatchMessage(Handler.java:106)
06-03 15:40:13.389 2361 2361 I crashsdk: at android.os.Looper.loopOnce(Looper.java:201)
06-03 15:40:13.389 2361 2361 I crashsdk: at android.os.Looper.loop(Looper.java:288)
06-03 15:40:13.389 2361 2361 I crashsdk: at android.app.ActivityThread.main(ActivityThread.java:7854)
06-03 15:40:13.389 2361 2361 I crashsdk: at java.lang.reflect.Method.invoke(Native Method)
06-03 15:40:13.389 2361 2361 I crashsdk: at com.android.internal.os.RuntimeInit$MethodAndArgsCaller.run(RuntimeInit.java:548)
06-03 15:40:13.389 2361 2361 I crashsdk: at com.android.internal.os.ZygoteInit.main(ZygoteInit.java:1182)
06-03 15:40:13.392 2361 2361 I Process : Sending signal. PID: 2361 SIG: 9
01-01 08:01:40.403 1 1 I init : Untracked pid 1666 exited with status 0
01-01 08:01:40.427 1 1 I init : Untracked pid 2415 exited with status 0
06-03 15:40:13.421 484 550 I libprocessgroup: Successfully killed process cgroup uid 10030 pid 1423 in 46ms
06-03 15:40:13.449 2724 2793 W efs.send_log: tryFileLock sendlock sucess! processname: com.dangbei.screencast:bg_guard
06-03 15:40:13.450 484 820 I ActivityManager: Process com.huawei.connection (pid 2361) has died: fg SVC
06-03 15:40:13.452 255 255 I Zygote : Process 2361 exited due to signal 9 (Killed)
06-03 15:40:13.452 484 550 I libprocessgroup: Successfully killed process cgroup uid 10030 pid 2361 in 0ms
06-03 15:40:13.477 2724 2745 I encast:bg_guar: Background concurrent copying GC freed 39980(2444KB) AllocSpace objects, 20(400KB) LOS objects, 49% free, 3177KB/6355KB, paused 353us total 163.430ms
06-03 15:40:13.658 327 2547 D XM_HIDREAD: poll ret=1, event=1
06-03 15:40:13.658 327 2547 D XM_HIDREAD: [9 bytes]:01 00 00 29 00 00 00 00 00
06-03 15:40:13.659 484 609 D TvWindowManager: key event key = KEYCODE_BACK down = true
06-03 15:40:13.665 484 532 W IorapForwardingService: No service published for: iorapd
06-03 15:40:13.667 484 608 D GpioService: mFlickerEnable = true
06-03 15:40:13.792 327 2547 D XM_HIDREAD: poll ret=1, event=1
06-03 15:40:13.792 327 2547 D XM_HIDREAD: [9 bytes]:01 00 00 00 00 00 00 00 00
06-03 15:40:13.792 484 609 D TvWindowManager: key event key = KEYCODE_BACK down = false
06-03 15:40:13.793 484 531 D AutofillManagerService: onBackKeyPressed()
06-03 15:40:13.809 484 608 D GpioService: mFlickerEnable = true
06-03 15:40:13.811 1934 1934 I SogouIME: onKeyDown: keyoCode=4
06-03 15:40:13.811 1934 1934 I DefaultIMS: onKeyDown: keyoCode=4
06-03 15:40:13.814 1934 1934 I SogouIME: onKeyUp: keyoCode=4
06-03 15:40:13.814 1934 1934 I DefaultIMS: onKeyUp: keyoCode=4
06-03 15:40:13.817 484 820 D TvWindowManager: key event key = KEYCODE_DPAD_RIGHT down = true
06-03 15:40:13.821 484 608 D GpioService: mFlickerEnable = true
06-03 15:40:13.824 1934 1934 I SogouIME: onKeyDown: keyoCode=22
06-03 15:40:13.824 1934 1934 I DefaultIMS: onKeyDown: keyoCode=22
06-03 15:40:13.829 484 820 D TvWindowManager: key event key = KEYCODE_DPAD_RIGHT down = false
06-03 15:40:13.831 1934 1934 I DefaultIMS: onStartInput attribute=android.view.inputmethod.EditorInfo@f2a4c1 restarting=false inputType: 0
06-03 15:40:13.834 1934 1934 I SogouIME: onKeyUp: keyoCode=22
06-03 15:40:13.834 1934 1934 I DefaultIMS: onKeyUp: keyoCode=22
06-03 15:40:13.993 2499 2537 I OpenGLRenderer: Davey! duration=9223371938113ms; Flags=0, FrameTimelineVsyncId=3953, IntendedVsync=98738075784, Vsync=98738075784, InputEventId=0, HandleInputStart=98738905920, AnimationStart=98738915003, PerformTraversalsStart=98739519212, DrawStart=98739653545, FrameDeadline=98771409116, FrameInterval=98738894212, FrameStartTime=16666666, SyncQueued=98739781545, SyncStart=98743105503, IssueDrawCommandsStart=98743844712, SwapBuffers=98747470378, FrameCompleted=9223372036854775807, DequeueBufferDuration=39167, QueueBufferDuration=1830500, GpuCompleted=9223372036854775807, SwapBuffersCompleted=98752224170, DisplayPresentTime=0,
06-03 15:40:14.292 1092 1106 I OpenGLRenderer: Davey! duration=9223371937817ms; Flags=0, FrameTimelineVsyncId=3970, IntendedVsync=99037065004, Vsync=99037065004, InputEventId=0, HandleInputStart=99037849462, AnimationStart=99037855628, PerformTraversalsStart=99038100753, DrawStart=99038917212, FrameDeadline=99070398336, FrameInterval=99037838420, FrameStartTime=16666666, SyncQueued=99040314920, SyncStart=99040610462, IssueDrawCommandsStart=99041661628, SwapBuffers=99063018378, FrameCompleted=9223372036854775807, DequeueBufferDuration=54500, QueueBufferDuration=1461250, GpuCompleted=9223372036854775807, SwapBuffersCompleted=99065884753, DisplayPresentTime=0,
06-03 15:40:14.324 1092 1106 I OpenGLRenderer: Davey! duration=9223371937791ms; Flags=0, FrameTimelineVsyncId=3971, IntendedVsync=99053693104, Vsync=99053693104, InputEventId=0, HandleInputStart=99054637837, AnimationStart=99054646253, PerformTraversalsStart=99055116753, DrawStart=99055835962, FrameDeadline=99087026436, FrameInterval=99054620462, FrameStartTime=16666666, SyncQueued=99056396295, SyncStart=99066217628, IssueDrawCommandsStart=99067863337, SwapBuffers=99089323253, FrameCompleted=9223372036854775807, DequeueBufferDuration=47042, QueueBufferDuration=1527875, GpuCompleted=9223372036854775807, SwapBuffersCompleted=99091929503, DisplayPresentTime=0,
06-03 15:40:14.341 1092 1106 I OpenGLRenderer: Davey! duration=9223371937765ms; Flags=0, FrameTimelineVsyncId=3973, IntendedVsync=99070321204, Vsync=99070321204, InputEventId=0, HandleInputStart=99071664878, AnimationStart=99071671212, PerformTraversalsStart=99072826712, DrawStart=99073176753, FrameDeadline=99103654536, FrameInterval=99071647878, FrameStartTime=16666666, SyncQueued=99073345462, SyncStart=99092292295, IssueDrawCommandsStart=99094013795, SwapBuffers=99106424462, FrameCompleted=9223372036854775807, DequeueBufferDuration=54666, QueueBufferDuration=2596500, GpuCompleted=9223372036854775807, SwapBuffersCompleted=99110480503, DisplayPresentTime=0,
06-03 15:40:14.358 1092 1106 I OpenGLRenderer: Davey! duration=9223371937747ms; Flags=0, FrameTimelineVsyncId=3974, IntendedVsync=99086949304, Vsync=99086949304, InputEventId=0, HandleInputStart=99094501128, AnimationStart=99094506545, PerformTraversalsStart=99095250878, DrawStart=99095467045, FrameDeadline=99120282636, FrameInterval=99094491628, FrameStartTime=16666666, SyncQueued=99095579378, SyncStart=99115639170, IssueDrawCommandsStart=99118109378, SwapBuffers=99130700253, FrameCompleted=9223372036854775807, DequeueBufferDuration=75167, QueueBufferDuration=1265083, GpuCompleted=9223372036854775807, SwapBuffersCompleted=99132834003, DisplayPresentTime=0,
06-03 15:40:14.375 1092 1106 I OpenGLRenderer: Davey! duration=9223371937738ms; Flags=0, FrameTimelineVsyncId=3976, IntendedVsync=99103659487, Vsync=99103659487, InputEventId=0, HandleInputStart=99119014378, AnimationStart=99119021503, PerformTraversalsStart=99119455003, DrawStart=99120246253, FrameDeadline=99136992819, FrameInterval=99119004795, FrameStartTime=16666666, SyncQueued=99120764712, SyncStart=99133100212, IssueDrawCommandsStart=99134458420, SwapBuffers=99149151378, FrameCompleted=9223372036854775807, DequeueBufferDuration=66083, QueueBufferDuration=2440917, GpuCompleted=9223372036854775807, SwapBuffersCompleted=99152379754, DisplayPresentTime=0,
06-03 15:40:14.384 484 547 D CompatibilityChangeReporter: Compat change id reported: 135634846; UID 10030; state: DISABLED
06-03 15:40:14.386 484 548 D CompatibilityChangeReporter: Compat change id reported: 143937733; UID 10030; state: DISABLED
06-03 15:40:14.399 327 2547 D XM_HIDREAD: poll ret=1, event=1
06-03 15:40:14.399 327 2547 D XM_HIDREAD: [9 bytes]:01 00 00 29 00 00 00 00 00
06-03 15:40:14.400 484 609 D TvWindowManager: key event key = KEYCODE_BACK down = true
06-03 15:40:14.409 1092 1106 I OpenGLRenderer: Davey! duration=9223371937717ms; Flags=0, FrameTimelineVsyncId=3978, IntendedVsync=99120290744, Vsync=99120290744, InputEventId=0, HandleInputStart=99135022962, AnimationStart=99135026045, PerformTraversalsStart=99135338378, DrawStart=99135508962, FrameDeadline=99153624076, FrameInterval=99135016420, FrameStartTime=16666666, SyncQueued=99135595212, SyncStart=99152714254, IssueDrawCommandsStart=99154009462, SwapBuffers=99167815837, FrameCompleted=9223372036854775807, DequeueBufferDuration=54875, QueueBufferDuration=5173500, GpuCompleted=9223372036854775807, SwapBuffersCompleted=99174525379, DisplayPresentTime=0,
06-03 15:40:14.409 255 255 D Zygote : Forked child process 2815
06-03 15:40:14.414 484 608 D GpioService: mFlickerEnable = true
06-03 15:40:14.417 484 548 I ActivityManager: app.processName = com.dangbei.screencast
06-03 15:40:14.417 484 548 I ActivityManager: Start proc 2815:com.dangbei.screencast/u0a30 for service {com.dangbei.screencast/com.dangbei.screencast.huaweicast.service.HuaweiCastService}
06-03 15:40:14.425 1092 1401 I OpenGLRenderer: Davey! duration=9223371937698ms; Flags=0, FrameTimelineVsyncId=3980, IntendedVsync=99137283707, Vsync=99153950373, InputEventId=0, HandleInputStart=99154660170, AnimationStart=99154664045, PerformTraversalsStart=99155188295, DrawStart=99155454962, FrameDeadline=99170617039, FrameInterval=99154645337, FrameStartTime=16666666, SyncQueued=99155593295, SyncStart=99174980087, IssueDrawCommandsStart=99176604712, SwapBuffers=99186366795, FrameCompleted=9223372036854775807, DequeueBufferDuration=102542, QueueBufferDuration=6087500, GpuCompleted=9223372036854775807, SwapBuffersCompleted=99193806337, DisplayPresentTime=0,
06-03 15:40:14.426 2815 2815 I Zygote : seccomp disabled by setenforce 0
06-03 15:40:14.448 407 425 I adbd : jdwp connection from 2815
06-03 15:40:14.484 2815 2815 D CompatibilityChangeReporter: Compat change id reported: 171979766; UID 10030; state: DISABLED
06-03 15:40:14.499 2815 2815 D ApplicationLoaders: Returning zygote-cached class loader: /system/framework/android.test.base.jar
06-03 15:40:14.499 2815 2815 D ApplicationLoaders: Returning zygote-cached class loader: /system/framework/android.hidl.manager-V1.0-java.jar
06-03 15:40:14.499 2815 2815 D ApplicationLoaders: Returning zygote-cached class loader: /system/framework/android.hidl.base-V1.0-java.jar
06-03 15:40:14.550 484 608 D GpioService: mFlickerEnable = true
06-03 15:40:14.551 1934 1934 I SogouIME: onKeyDown: keyoCode=4
06-03 15:40:14.552 2815 2815 V GraphicsEnvironment: ANGLE Developer option for 'com.dangbei.screencast' set to: 'default'
06-03 15:40:14.552 1934 1934 I DefaultIMS: onKeyDown: keyoCode=4
06-03 15:40:14.552 2815 2815 V GraphicsEnvironment: Neither updatable production driver nor prerelease driver is supported.
06-03 15:40:14.555 2815 2815 D NetworkSecurityConfig: Using Network Security Config from resource network_security_config debugBuild: false
06-03 15:40:14.561 2815 2815 D NetworkSecurityConfig: Using Network Security Config from resource network_security_config debugBuild: false
06-03 15:40:14.563 2815 2815 I MultiDex: VM with version 2.1.0 has multidex support
06-03 15:40:14.563 2815 2815 I MultiDex: Installing application
06-03 15:40:14.563 2815 2815 I MultiDex: VM has multidex support, MultiDex support library is disabled.
06-03 15:40:14.567 2815 2815 E PartsInfoProvider: onCreate:
06-03 15:40:14.577 2815 2815 E ServiceUtils: start main service
06-03 15:40:14.583 2815 2815 E ServiceUtils: start main service
06-03 15:40:14.605 2815 2815 D AndroidAutoSize: designWidthInDp = 1920, designHeightInDp = 1080, screenWidth = 1920, screenHeight = 1080
06-03 15:40:14.608 2815 2815 D AndroidAutoSize: initDensity = 1.5, initScaledDensity = 1.5
06-03 15:40:14.624 327 2547 D XM_HIDREAD: poll ret=1, event=1
06-03 15:40:14.624 327 2547 D XM_HIDREAD: [9 bytes]:01 00 00 00 00 00 00 00 00
06-03 15:40:14.625 484 609 D TvWindowManager: key event key = KEYCODE_BACK down = false
06-03 15:40:14.626 484 531 D AutofillManagerService: onBackKeyPressed()
06-03 15:40:14.628 1934 1934 I SogouIME: onKeyUp: keyoCode=4
06-03 15:40:14.628 1934 1934 I DefaultIMS: onKeyUp: keyoCode=4
06-03 15:40:14.637 270 307 I gralloc : alloc buffer:W:1920 H:1080 S:1920 PL[1920 1080] SZ:8294400 fmt:1 if:0 af:1 usg:b66 fg:00000004
06-03 15:40:14.669 484 532 W IorapForwardingService: No service published for: iorapd
06-03 15:40:14.705 689 689 V TvNotificationHandler: Notification not added because it isn't relevant for tv
06-03 15:40:14.707 484 589 D AW_CODE : rotation =0
06-03 15:40:14.717 327 2547 D XM_HIDREAD: poll ret=1, event=1
06-03 15:40:14.717 327 2547 D XM_HIDREAD: [9 bytes]:01 00 00 29 00 00 00 00 00
06-03 15:40:14.718 484 609 D TvWindowManager: key event key = KEYCODE_BACK down = true
06-03 15:40:14.752 689 689 V TvNotificationHandler: Notification not added because it isn't relevant for tv
06-03 15:40:14.759 484 608 D GpioService: mFlickerEnable = true
06-03 15:40:14.762 1092 1092 I hq : 当小贝:::showMessage from=mActivityLifecycleCallbacks
06-03 15:40:14.764 1092 1364 I hq : 当小贝:::showMessage 没有消息需要显示
06-03 15:40:14.778 484 820 I ActivityTaskManager: moveTaskToBack: Task{535407a #92 type=standard A=1000:com.dangbei.haqusetting U=0 visible=false mode=fullscreen translucent=true sz=1}
06-03 15:40:14.796 484 820 D AW_CODE : rotation =0
06-03 15:40:14.812 1092 1308 D MobclickAgent: 延续上一个会话: C69C054635290465A9F45E1B74104A47
06-03 15:40:14.816 327 2547 D XM_HIDREAD: poll ret=1, event=1
06-03 15:40:14.816 327 2547 D XM_HIDREAD: [9 bytes]:01 00 00 00 00 00 00 00 00
06-03 15:40:14.820 484 609 D TvWindowManager: key event key = KEYCODE_BACK down = false
06-03 15:40:14.822 484 531 D AutofillManagerService: onBackKeyPressed()
06-03 15:40:14.827 689 689 D TvPipController: onTaskStackChanged()
06-03 15:40:14.845 1934 1934 I DefaultIMS: onStartInput attribute=android.view.inputmethod.EditorInfo@3c92466 restarting=false inputType: 0
06-03 15:40:14.862 1092 1476 I OpenGLRenderer: Davey! duration=9223371937333ms; Flags=0, FrameTimelineVsyncId=4030, IntendedVsync=99520994988, Vsync=99570994986, InputEventId=0, HandleInputStart=99576264420, AnimationStart=99576268087, PerformTraversalsStart=99577409504, DrawStart=99612185920, FrameDeadline=99554328320, FrameInterval=99576248504, FrameStartTime=16666666, SyncQueued=99612470837, SyncStart=99612943045, IssueDrawCommandsStart=99615295170, SwapBuffers=99631395670, FrameCompleted=9223372036854775807, DequeueBufferDuration=87209, QueueBufferDuration=3589458, GpuCompleted=9223372036854775807, SwapBuffersCompleted=99640736337, DisplayPresentTime=0,
06-03 15:40:14.872 484 608 D GpioService: mFlickerEnable = true
06-03 15:40:14.889 1092 1308 W SQLiteLog: (28) double-quoted string literal: "C69C054635290465A9F45E1B74104A47"
06-03 15:40:14.889 1092 1308 W SQLiteLog: (28) double-quoted string literal: ""
06-03 15:40:14.889 1092 1308 W SQLiteLog: (28) double-quoted string literal: "C69C054635290465A9F45E1B74104A47"
06-03 15:40:14.889 1092 1308 W SQLiteLog: (28) double-quoted string literal: "-1"
06-03 15:40:14.904 1934 1934 I SogouIME: onKeyDown: keyoCode=4
06-03 15:40:14.907 1934 1934 I DefaultIMS: onKeyDown: keyoCode=4
06-03 15:40:14.911 1092 1476 I OpenGLRenderer: Davey! duration=9223371937252ms; Flags=0, FrameTimelineVsyncId=4040, IntendedVsync=99587668822, Vsync=99621002154, InputEventId=0, HandleInputStart=99625832754, AnimationStart=99625839962, PerformTraversalsStart=99626263420, DrawStart=99626457587, FrameDeadline=99621002154, FrameInterval=99625811629, FrameStartTime=16666666, SyncQueued=99626565795, SyncStart=99641120920, IssueDrawCommandsStart=99642902712, SwapBuffers=99671569545, FrameCompleted=9223372036854775807, DequeueBufferDuration=110167, QueueBufferDuration=3074959, GpuCompleted=9223372036854775807, SwapBuffersCompleted=99680471045, DisplayPresentTime=0,
06-03 15:40:14.911 1092 1092 E SecondScreen: FirstScreenLayoutView dispatchKeyEvent 4
06-03 15:40:14.931 1934 1934 I SogouIME: onKeyUp: keyoCode=4
06-03 15:40:14.931 1934 1934 I DefaultIMS: onKeyUp: keyoCode=4
06-03 15:40:14.941 1092 1092 E SecondScreen: FirstScreenLayoutView dispatchKeyEvent 4
06-03 15:40:14.943 1092 1476 I OpenGLRenderer: Davey! duration=9223371937187ms; Flags=0, FrameTimelineVsyncId=4048, IntendedVsync=99637665638, Vsync=99637665638, InputEventId=0, HandleInputStart=99648642670, AnimationStart=99648652379, PerformTraversalsStart=99649614962, DrawStart=99650542087, FrameDeadline=99670998970, FrameInterval=99648620045, FrameStartTime=16666666, SyncQueued=99651125212, SyncStart=99681185379, IssueDrawCommandsStart=99683656879, SwapBuffers=99709892587, FrameCompleted=9223372036854775807, DequeueBufferDuration=80875, QueueBufferDuration=6039584, GpuCompleted=9223372036854775807, SwapBuffersCompleted=99720966295, DisplayPresentTime=0,
06-03 15:40:14.955 1934 1934 I DefaultIMS: onStartInput attribute=android.view.inputmethod.EditorInfo@29fc3a7 restarting=false inputType: 0
06-03 15:40:14.978 1092 1107 I OpenGLRenderer: Davey! duration=9223371937139ms; Flags=0, FrameTimelineVsyncId=4059, IntendedVsync=99704331189, Vsync=99704331189, InputEventId=492054992, HandleInputStart=99709130379, AnimationStart=99709134420, PerformTraversalsStart=99709138254, DrawStart=99709810045, FrameDeadline=99737664521, FrameInterval=99709119295, FrameStartTime=16666666, SyncQueued=99710639587, SyncStart=99721526754, IssueDrawCommandsStart=99723752962, SwapBuffers=99745986962, FrameCompleted=9223372036854775807, DequeueBufferDuration=64416, QueueBufferDuration=2122458, GpuCompleted=9223372036854775807, SwapBuffersCompleted=99750938587, DisplayPresentTime=0,
06-03 15:40:14.983 676 690 D BluetoothAdapterService: cancelDiscovery
06-03 15:40:14.983 676 988 I bt_btif_dm: system/bt/btif/src/btif_dm.cc:1884 btif_dm_cancel_discovery: Cancel search
06-03 15:40:15.013 484 589 W InputManager-JNI: Input channel object '54429c com.dangbei.haqusetting/com.dangbei.haqusetting.ui.HomeActivity (client)' was disposed without first being removed with the input manager!
06-03 15:40:15.035 484 534 W ActivityTaskManager: Can't find TaskDisplayArea to determine support for multi window. Task id=92 attached=false
06-03 15:40:15.035 484 534 W ActivityTaskManager: Can't find TaskDisplayArea to determine support for multi window. Task id=92 attached=false
06-03 15:40:15.013 2815 2815 I gbei.screencast: type=1400 audit(0.0:1154): avc: denied { search } for name="net" dev="sysfs" ino=10442 scontext=u:r:platform_app:s0:c512,c768 tcontext=u:object_r:sysfs_net:s0 tclass=dir permissive=1 app=com.dangbei.screencast
06-03 15:40:15.077 2815 2844 I crashsdk: version unique build id: 6230cced
06-03 15:40:15.079 2815 2856 I crashsdk: version unique build id: 6230cced
06-03 15:40:15.079 2815 2857 D crashsdk: Native log stat thread 2857 setup, waiting
01-01 08:01:42.090 2815 2815 W audit : audit_lost=606 audit_rate_limit=5 audit_backlog_limit=64
06-03 15:40:15.084 2815 2844 I crashsdk: begin hack android.os.Process
06-03 15:40:15.084 2815 2844 I crashsdk: end hack android.os.Process
06-03 15:40:15.013 2815 2815 I gbei.screencast: type=1400 audit(0.0:1155): avc: denied { read } for name="address" dev="sysfs" ino=16906 scontext=u:r:platform_app:s0:c512,c768 tcontext=u:object_r:sysfs_net:s0 tclass=file permissive=1 app=com.dangbei.screencast
06-03 15:40:15.127 689 701 I ndroid.systemu: NativeAlloc concurrent copying GC freed 37047(1816KB) AllocSpace objects, 12(368KB) LOS objects, 49% free, 3680KB/7360KB, paused 160us total 440.188ms
06-03 15:40:15.013 2815 2815 I gbei.screencast: type=1400 audit(0.0:1156): avc: denied { open } for path="/sys/devices/virtual/net/dummy0/address" dev="sysfs" ino=16906 scontext=u:r:platform_app:s0:c512,c768 tcontext=u:object_r:sysfs_net:s0 tclass=file permissive=1 app=com.dangbei.screencast
01-01 08:01:42.119 2815 2815 E audit : rate limit exceeded
06-03 15:40:15.134 689 703 W System : A resource failed to call close.
06-03 15:40:15.135 689 703 W System : A resource failed to call close.
06-03 15:40:15.135 689 703 W System : A resource failed to call release.
06-03 15:40:15.138 689 703 W System : A resource failed to call release.
06-03 15:40:15.158 2815 2844 I Matrix.AnrTracer: anrTrace, final mAnrBeatTime:400, mAnrBeatRate:400
06-03 15:40:15.013 2815 2815 I gbei.screencast: type=1400 audit(0.0:1157): avc: denied { getattr } for path="/sys/devices/virtual/net/dummy0/address" dev="sysfs" ino=16906 scontext=u:r:platform_app:s0:c512,c768 tcontext=u:object_r:sysfs_net:s0 tclass=file permissive=1 app=com.dangbei.screencast
06-03 15:40:15.061 2815 2815 I gbei.screencast: type=1400 audit(0.0:1158): avc: denied { read } for name="address" dev="sysfs" ino=26474 scontext=u:r:platform_app:s0:c512,c768 tcontext=u:object_r:sysfs:s0 tclass=file permissive=1 app=com.dangbei.screencast
06-03 15:40:15.165 2815 2860 W efs.send_log: tryFileLock start!
06-03 15:40:15.172 2815 2844 D LaunchConfigManager: check in allready
06-03 15:40:15.174 2815 2815 I TDLog : setReportUncaughtExceptions: true
06-03 15:40:15.175 2815 2815 E Application: onCreate:Version:v2.8.3/20830/883432e
06-03 15:40:15.181 2815 2860 I efs.config: --->>> 删除旧的配置文件 false
06-03 15:40:15.183 2815 2876 I LaunchTrace: begin sendLaunchCache
06-03 15:40:15.189 2815 2875 I efs.base: lt=event`ev_ct=efs_core`ev_ac=pvuv`tm=2025-06-03 15:40:17`dn=a1a8f4c6-a220-46ab-9e41-9dec861abf07`ps=com.dangbei.screencast`um_os=android`stime=1748936414761`pid=2815`fr=android`pkg=com.dangbei.screencast`vcode=20830`dsp_w=1920`uid=a1a8f4c6-a220-46ab-9e41-9dec861abf07`rom=12`wid=a1a8f4c6-a220-46ab-9e41-9dec861abf07`um_app_carrier=`um_access=wifi`um_app_channel=os`um_crash_sdk_version=1.4.0`ctime=1748936415`model=dbbox-a2`lang=zh`net=wifi`brand=dangbei`dsp_h=1080`um_network_type=0`ver=v2.8.3`build_model=DBBOX-A2`w_tm=1748936415`appid=5fc60c21094d637f3130af19`um_umid_header=si904a923c36b80e250d1cd88579c59be6`sdk=31`tzone=Asia/Shanghai`sdk_ver=1.3.6.umeng
06-03 15:40:15.192 2815 2846 I TDLog : TalkingData SDK init...
06-03 15:40:15.192 2815 2846 I TDLog : SDK_VERSION is: Android+TD+V5.0.7 gp Type:Native Build_Num:2141
06-03 15:40:15.192 2815 2846 I TDLog : App ID is: B9D7815EC975466AB1332111FCE62DF5
06-03 15:40:15.192 2815 2846 I TDLog : App Channel is: os
06-03 15:40:15.192 2815 2846 I TDLog : App Custom is:
06-03 15:40:15.192 2815 2846 I TDLog : SDK_OVC is: TDOVC+a3bb7754719798526508b6caad480dd7+SaaS
06-03 15:40:15.194 2815 2860 I efs.config: current config version (-1) is older than another (1735614866)
06-03 15:40:15.194 2815 2860 I efs.config: load config from storage and notify observer
06-03 15:40:15.198 2815 2815 E HuaweiCastService: onCreate called().
06-03 15:40:15.222 2815 2815 E PlayerClient: registerCallback com.dangbei.screencast.huaweicast.service.HuaweiCastService$a@3858114
06-03 15:40:15.222 2815 2815 D PlayerClient: registerCallback true
06-03 15:40:15.222 2815 2815 D PlayerClient: init.
06-03 15:40:15.225 2815 2815 W KIT_FWK_a: KitFwk is not installed, pls do not use related interfaces.
06-03 15:40:15.240 2815 2815 W KIT_FWK_a: KitFwk is not installed, pls do not use related interfaces.
06-03 15:40:15.241 2815 2815 E PlayerClient: bind player service by aar.
06-03 15:40:15.249 2815 2815 D PlayerClient: bind player sink service true
06-03 15:40:15.253 484 1850 E DatabaseUtils: Writing exception to parcel
06-03 15:40:15.253 484 1850 E DatabaseUtils: java.lang.SecurityException: You either need MANAGE_USERS or CREATE_USERS permission to: query user
06-03 15:40:15.253 484 1850 E DatabaseUtils: at com.android.server.pm.UserManagerService.checkManageOrCreateUsersPermission(UserManagerService.java:2508)
06-03 15:40:15.253 484 1850 E DatabaseUtils: at com.android.server.pm.UserManagerService.getUserInfo(UserManagerService.java:1381)
06-03 15:40:15.253 484 1850 E DatabaseUtils: at android.os.UserManager.getUserInfo(UserManager.java:2602)
06-03 15:40:15.253 484 1850 E DatabaseUtils: at com.android.providers.settings.SettingsProvider$SettingsRegistry.ensureSettingsForUserLocked(SettingsProvider.java:2837)
06-03 15:40:15.253 484 1850 E DatabaseUtils: at com.android.providers.settings.SettingsProvider$SettingsRegistry.peekSettingsStateLocked(SettingsProvider.java:3201)
06-03 15:40:15.253 484 1850 E DatabaseUtils: at com.android.providers.settings.SettingsProvider$SettingsRegistry.getSettingLocked(SettingsProvider.java:3059)
06-03 15:40:15.253 484 1850 E DatabaseUtils: at com.android.providers.settings.SettingsProvider.getSsaidSettingLocked(SettingsProvider.java:1588)
06-03 15:40:15.253 484 1850 E DatabaseUtils: at com.android.providers.settings.SettingsProvider.getSecureSetting(SettingsProvider.java:1561)
06-03 15:40:15.253 484 1850 E DatabaseUtils: at com.android.providers.settings.SettingsProvider.call(SettingsProvider.java:423)
06-03 15:40:15.253 484 1850 E DatabaseUtils: at android.content.ContentProvider.call(ContentProvider.java:2464)
06-03 15:40:15.253 484 1850 E DatabaseUtils: at android.content.ContentProvider$Transport.call(ContentProvider.java:512)
06-03 15:40:15.253 484 1850 E DatabaseUtils: at android.content.ContentProviderNative.onTransact(ContentProviderNative.java:295)
06-03 15:40:15.253 484 1850 E DatabaseUtils: at android.os.Binder.execTransactInternal(Binder.java:1184)
06-03 15:40:15.253 484 1850 E DatabaseUtils: at android.os.Binder.execTransact(Binder.java:1143)
06-03 15:40:15.258 484 589 W ActivityManager: Foreground service started from background can not have location/camera/microphone access: service com.dangbei.screencast/.huaweicast.service.HuaweiCastService
06-03 15:40:15.259 2815 2815 E HuaweiCastService: startForeground!
06-03 15:40:15.270 484 1850 W ActivityManager: Foreground service started from background can not have location/camera/microphone access: service com.dangbei.screencast/.startup.StartupService
06-03 15:40:15.290 2815 2815 E raop : *********************AirplayBroadcastServer+++++++++
06-03 15:40:15.294 484 630 D NsdService: New client listening to asynchronous messages
06-03 15:40:15.294 484 630 D NsdService: New client, channel: com.android.internal.util.AsyncChannel@83bdeeb messenger: android.os.Messenger@42bb448
06-03 15:40:15.295 2815 2815 D CompatibilityChangeReporter: Compat change id reported: 191844585; UID 10030; state: DISABLED
06-03 15:40:15.323 2815 2815 E H264FrameQueue: H264FrameQueue: mFullQueueCount:200
06-03 15:40:15.336 1092 1439 D wenhc : getScreenInfo uri = content://com.dangbei.screencast.parts.info/screen_cast
06-03 15:40:15.353 2815 2877 I MobclickAgent: module init:azioc
06-03 15:40:15.360 484 589 E DatabaseUtils: Writing exception to parcel
06-03 15:40:15.360 484 589 E DatabaseUtils: java.lang.SecurityException: You either need MANAGE_USERS or CREATE_USERS permission to: query user
06-03 15:40:15.360 484 589 E DatabaseUtils: at com.android.server.pm.UserManagerService.checkManageOrCreateUsersPermission(UserManagerService.java:2508)
06-03 15:40:15.360 484 589 E DatabaseUtils: at com.android.server.pm.UserManagerService.getUserInfo(UserManagerService.java:1381)
06-03 15:40:15.360 484 589 E DatabaseUtils: at android.os.UserManager.getUserInfo(UserManager.java:2602)
06-03 15:40:15.360 484 589 E DatabaseUtils: at com.android.providers.settings.SettingsProvider$SettingsRegistry.ensureSettingsForUserLocked(SettingsProvider.java:2837)
06-03 15:40:15.360 484 589 E DatabaseUtils: at com.android.providers.settings.SettingsProvider$SettingsRegistry.peekSettingsStateLocked(SettingsProvider.java:3201)
06-03 15:40:15.360 484 589 E DatabaseUtils: at com.android.providers.settings.SettingsProvider$SettingsRegistry.getSettingLocked(SettingsProvider.java:3059)
06-03 15:40:15.360 484 589 E DatabaseUtils: at com.android.providers.settings.SettingsProvider.getSsaidSettingLocked(SettingsProvider.java:1588)
06-03 15:40:15.360 484 589 E DatabaseUtils: at com.android.providers.settings.SettingsProvider.getSecureSetting(SettingsProvider.java:1561)
06-03 15:40:15.360 484 589 E DatabaseUtils: at com.android.providers.settings.SettingsProvider.call(SettingsProvider.java:423)
06-03 15:40:15.360 484 589 E DatabaseUtils: at android.content.ContentProvider.call(ContentProvider.java:2464)
06-03 15:40:15.360 484 589 E DatabaseUtils: at android.content.ContentProvider$Transport.call(ContentProvider.java:512)
06-03 15:40:15.360 484 589 E DatabaseUtils: at android.content.ContentProviderNative.onTransact(ContentProviderNative.java:295)
06-03 15:40:15.360 484 589 E DatabaseUtils: at android.os.Binder.execTransactInternal(Binder.java:1184)
06-03 15:40:15.360 484 589 E DatabaseUtils: at android.os.Binder.execTransact(Binder.java:1143)
06-03 15:40:15.366 484 589 W TelephonyPermissions: reportAccessDeniedToReadIdentifiers:com.dangbei.screencast:getSerial:-1
06-03 15:40:15.373 484 589 E DatabaseUtils: Writing exception to parcel
06-03 15:40:15.373 484 589 E DatabaseUtils: java.lang.SecurityException: You either need MANAGE_USERS or CREATE_USERS permission to: query user
06-03 15:40:15.373 484 589 E DatabaseUtils: at com.android.server.pm.UserManagerService.checkManageOrCreateUsersPermission(UserManagerService.java:2508)
06-03 15:40:15.373 484 589 E DatabaseUtils: at com.android.server.pm.UserManagerService.getUserInfo(UserManagerService.java:1381)
06-03 15:40:15.373 484 589 E DatabaseUtils: at android.os.UserManager.getUserInfo(UserManager.java:2602)
06-03 15:40:15.373 484 589 E DatabaseUtils: at com.android.providers.settings.SettingsProvider$SettingsRegistry.ensureSettingsForUserLocked(SettingsProvider.java:2837)
06-03 15:40:15.373 484 589 E DatabaseUtils: at com.android.providers.settings.SettingsProvider$SettingsRegistry.peekSettingsStateLocked(SettingsProvider.java:3201)
06-03 15:40:15.373 484 589 E DatabaseUtils: at com.android.providers.settings.SettingsProvider$SettingsRegistry.getSettingLocked(SettingsProvider.java:3059)
06-03 15:40:15.373 484 589 E DatabaseUtils: at com.android.providers.settings.SettingsProvider.getSsaidSettingLocked(SettingsProvider.java:1588)
06-03 15:40:15.373 484 589 E DatabaseUtils: at com.android.providers.settings.SettingsProvider.getSecureSetting(SettingsProvider.java:1561)
06-03 15:40:15.373 484 589 E DatabaseUtils: at com.android.providers.settings.SettingsProvider.call(SettingsProvider.java:423)
06-03 15:40:15.373 484 589 E DatabaseUtils: at android.content.ContentProvider.call(ContentProvider.java:2464)
06-03 15:40:15.373 484 589 E DatabaseUtils: at android.content.ContentProvider$Transport.call(ContentProvider.java:512)
06-03 15:40:15.373 484 589 E DatabaseUtils: at android.content.ContentProviderNative.onTransact(ContentProviderNative.java:295)
06-03 15:40:15.373 484 589 E DatabaseUtils: at android.os.Binder.execTransactInternal(Binder.java:1184)
06-03 15:40:15.373 484 589 E DatabaseUtils: at android.os.Binder.execTransact(Binder.java:1143)
06-03 15:40:15.375 484 589 W TelephonyPermissions: reportAccessDeniedToReadIdentifiers:com.dangbei.screencast:getSerial:-1
06-03 15:40:15.381 2815 2815 E StartupService: onConnected:
06-03 15:40:15.385 484 2616 E DatabaseUtils: Writing exception to parcel
06-03 15:40:15.385 484 2616 E DatabaseUtils: java.lang.SecurityException: You either need MANAGE_USERS or CREATE_USERS permission to: query user
06-03 15:40:15.385 484 2616 E DatabaseUtils: at com.android.server.pm.UserManagerService.checkManageOrCreateUsersPermission(UserManagerService.java:2508)
06-03 15:40:15.385 484 2616 E DatabaseUtils: at com.android.server.pm.UserManagerService.getUserInfo(UserManagerService.java:1381)
06-03 15:40:15.385 484 2616 E DatabaseUtils: at android.os.UserManager.getUserInfo(UserManager.java:2602)
06-03 15:40:15.385 484 2616 E DatabaseUtils: at com.android.providers.settings.SettingsProvider$SettingsRegistry.ensureSettingsForUserLocked(SettingsProvider.java:2837)
06-03 15:40:15.385 484 2616 E DatabaseUtils: at com.android.providers.settings.SettingsProvider$SettingsRegistry.peekSettingsStateLocked(SettingsProvider.java:3201)
06-03 15:40:15.385 484 2616 E DatabaseUtils: at com.android.providers.settings.SettingsProvider$SettingsRegistry.getSettingLocked(SettingsProvider.java:3059)
06-03 15:40:15.385 484 2616 E DatabaseUtils: at com.android.providers.settings.SettingsProvider.getSsaidSettingLocked(SettingsProvider.java:1588)
06-03 15:40:15.385 484 2616 E DatabaseUtils: at com.android.providers.settings.SettingsProvider.getSecureSetting(SettingsProvider.java:1561)
06-03 15:40:15.385 484 2616 E DatabaseUtils: at com.android.providers.settings.SettingsProvider.call(SettingsProvider.java:423)
06-03 15:40:15.385 484 2616 E DatabaseUtils: at android.content.ContentProvider.call(ContentProvider.java:2464)
06-03 15:40:15.385 484 2616 E DatabaseUtils: at android.content.ContentProvider$Transport.call(ContentProvider.java:512)
06-03 15:40:15.385 484 2616 E DatabaseUtils: at android.content.ContentProviderNative.onTransact(ContentProviderNative.java:295)
06-03 15:40:15.385 484 2616 E DatabaseUtils: at android.os.Binder.execTransactInternal(Binder.java:1184)
06-03 15:40:15.385 484 2616 E DatabaseUtils: at android.os.Binder.execTransact(Binder.java:1143)
06-03 15:40:15.406 2815 2815 W System.err: java.lang.SecurityException: You either need MANAGE_USERS or CREATE_USERS permission to: query user
06-03 15:40:15.409 2815 2815 W System.err: at android.os.Parcel.createExceptionOrNull(Parcel.java:2425)
06-03 15:40:15.409 2815 2815 W System.err: at android.os.Parcel.createException(Parcel.java:2409)
06-03 15:40:15.409 2815 2815 W System.err: at android.os.Parcel.readException(Parcel.java:2392)
06-03 15:40:15.409 2815 2815 W System.err: at android.database.DatabaseUtils.readExceptionFromParcel(DatabaseUtils.java:190)
06-03 15:40:15.409 2815 2815 W System.err: at android.database.DatabaseUtils.readExceptionFromParcel(DatabaseUtils.java:142)
06-03 15:40:15.409 2815 2815 W System.err: at android.content.ContentProviderProxy.call(ContentProviderNative.java:732)
06-03 15:40:15.409 2815 2815 W System.err: at android.provider.Settings$NameValueCache.getStringForUser(Settings.java:2962)
06-03 15:40:15.409 2815 2815 W System.err: at android.provider.Settings$Secure.getStringForUser(Settings.java:5871)
06-03 15:40:15.410 2815 2815 W System.err: at android.provider.Settings$Secure.getString(Settings.java:5827)
06-03 15:40:15.410 2815 2815 W System.err: at b.f.f.w.b.(:3)
06-03 15:40:15.410 2815 2815 W System.err: at com.dangbei.screencast.startup.StartupService.w(:2)
06-03 15:40:15.410 2815 2815 W System.err: at b.f.f.h.g.b.run(:6)
06-03 15:40:15.410 2815 2815 W System.err: at b.d.a.a.n.a(Unknown Source:10)
06-03 15:40:15.410 2815 2815 W System.err: at b.f.f.h.g.j.onReceive(Unknown Source:20)
06-03 15:40:15.410 2815 2815 W System.err: at android.app.LoadedApk$ReceiverDispatcher$Args.lambda$getRunnable$0$LoadedApk$ReceiverDispatcher$Args(LoadedApk.java:1679)
06-03 15:40:15.410 2815 2815 W System.err: at android.app.LoadedApk$ReceiverDispatcher$Args$$ExternalSyntheticLambda0.run(Unknown Source:2)
06-03 15:40:15.410 2815 2815 W System.err: at android.os.Handler.handleCallback(Handler.java:938)
06-03 15:40:15.410 2815 2815 W System.err: at android.os.Handler.dispatchMessage(Handler.java:99)
06-03 15:40:15.410 2815 2815 W System.err: at android.os.Looper.loopOnce(Looper.java:201)
06-03 15:40:15.410 2815 2815 W System.err: at android.os.Looper.loop(Looper.java:288)
06-03 15:40:15.411 2815 2815 W System.err: at android.app.ActivityThread.main(ActivityThread.java:7854)
06-03 15:40:15.411 2815 2815 W System.err: at java.lang.reflect.Method.invoke(Native Method)
06-03 15:40:15.411 2815 2815 W System.err: at com.android.internal.os.RuntimeInit$MethodAndArgsCaller.run(RuntimeInit.java:548)
06-03 15:40:15.411 2815 2815 W System.err: at com.android.internal.os.ZygoteInit.main(ZygoteInit.java:1182)
06-03 15:40:15.436 484 2616 E DatabaseUtils: Writing exception to parcel
06-03 15:40:15.436 484 2616 E DatabaseUtils: java.lang.SecurityException: You either need MANAGE_USERS or CREATE_USERS permission to: query user
06-03 15:40:15.436 484 2616 E DatabaseUtils: at com.android.server.pm.UserManagerService.checkManageOrCreateUsersPermission(UserManagerService.java:2508)
06-03 15:40:15.436 484 2616 E DatabaseUtils: at com.android.server.pm.UserManagerService.getUserInfo(UserManagerService.java:1381)
06-03 15:40:15.436 484 2616 E DatabaseUtils: at android.os.UserManager.getUserInfo(UserManager.java:2602)
06-03 15:40:15.436 484 2616 E DatabaseUtils: at com.android.providers.settings.SettingsProvider$SettingsRegistry.ensureSettingsForUserLocked(SettingsProvider.java:2837)
06-03 15:40:15.436 484 2616 E DatabaseUtils: at com.android.providers.settings.SettingsProvider$SettingsRegistry.peekSettingsStateLocked(SettingsProvider.java:3201)
06-03 15:40:15.436 484 2616 E DatabaseUtils: at com.android.providers.settings.SettingsProvider$SettingsRegistry.getSettingLocked(SettingsProvider.java:3059)
06-03 15:40:15.436 484 2616 E DatabaseUtils: at com.android.providers.settings.SettingsProvider.getSsaidSettingLocked(SettingsProvider.java:1588)
06-03 15:40:15.436 484 2616 E DatabaseUtils: at com.android.providers.settings.SettingsProvider.getSecureSetting(SettingsProvider.java:1561)
06-03 15:40:15.436 484 2616 E DatabaseUtils: at com.android.providers.settings.SettingsProvider.call(SettingsProvider.java:423)
06-03 15:40:15.436 484 2616 E DatabaseUtils: at android.content.ContentProvider.call(ContentProvider.java:2464)
06-03 15:40:15.436 484 2616 E DatabaseUtils: at android.content.ContentProvider$Transport.call(ContentProvider.java:512)
06-03 15:40:15.436 484 2616 E DatabaseUtils: at android.content.ContentProviderNative.onTransact(ContentProviderNative.java:295)
06-03 15:40:15.436 484 2616 E DatabaseUtils: at android.os.Binder.execTransactInternal(Binder.java:1184)
06-03 15:40:15.436 484 2616 E DatabaseUtils: at android.os.Binder.execTransact(Binder.java:1143)
06-03 15:40:15.439 484 1850 W TelephonyPermissions: reportAccessDeniedToReadIdentifiers:com.dangbei.screencast:getSerial:-1
06-03 15:40:15.439 2815 2815 I crashsdk: Catcher mask: 5000, 20480
06-03 15:40:15.441 2815 2815 I crashsdk: Catcher thread 2820
06-03 15:40:15.441 2815 2815 D crashsdk: Register ANR handler ...
06-03 15:40:15.441 484 1850 E DatabaseUtils: Writing exception to parcel
06-03 15:40:15.441 484 1850 E DatabaseUtils: java.lang.SecurityException: You either need MANAGE_USERS or CREATE_USERS permission to: query user
06-03 15:40:15.441 484 1850 E DatabaseUtils: at com.android.server.pm.UserManagerService.checkManageOrCreateUsersPermission(UserManagerService.java:2508)
06-03 15:40:15.441 484 1850 E DatabaseUtils: at com.android.server.pm.UserManagerService.getUserInfo(UserManagerService.java:1381)
06-03 15:40:15.441 484 1850 E DatabaseUtils: at android.os.UserManager.getUserInfo(UserManager.java:2602)
06-03 15:40:15.441 484 1850 E DatabaseUtils: at com.android.providers.settings.SettingsProvider$SettingsRegistry.ensureSettingsForUserLocked(SettingsProvider.java:2837)
06-03 15:40:15.441 484 1850 E DatabaseUtils: at com.android.providers.settings.SettingsProvider$SettingsRegistry.peekSettingsStateLocked(SettingsProvider.java:3201)
06-03 15:40:15.441 484 1850 E DatabaseUtils: at com.android.providers.settings.SettingsProvider$SettingsRegistry.getSettingLocked(SettingsProvider.java:3059)
06-03 15:40:15.441 484 1850 E DatabaseUtils: at com.android.providers.settings.SettingsProvider.getSsaidSettingLocked(SettingsProvider.java:1588)
06-03 15:40:15.441 484 1850 E DatabaseUtils: at com.android.providers.settings.SettingsProvider.getSecureSetting(SettingsProvider.java:1561)
06-03 15:40:15.441 484 1850 E DatabaseUtils: at com.android.providers.settings.SettingsProvider.call(SettingsProvider.java:423)
06-03 15:40:15.441 484 1850 E DatabaseUtils: at android.content.ContentProvider.call(ContentProvider.java:2464)
06-03 15:40:15.441 484 1850 E DatabaseUtils: at android.content.ContentProvider$Transport.call(ContentProvider.java:512)
06-03 15:40:15.441 484 1850 E DatabaseUtils: at android.content.ContentProviderNative.onTransact(ContentProviderNative.java:295)
06-03 15:40:15.441 484 1850 E DatabaseUtils: at android.os.Binder.execTransactInternal(Binder.java:1184)
06-03 15:40:15.441 484 1850 E DatabaseUtils: at android.os.Binder.execTransact(Binder.java:1143)
06-03 15:40:15.443 2815 2875 W efs.info.manager: network change: wifi
06-03 15:40:15.443 484 589 W TelephonyPermissions: reportAccessDeniedToReadIdentifiers:com.dangbei.screencast:getSerial:-1
06-03 15:40:15.446 2815 2815 D HiSight-SinkService: onCreate.
06-03 15:40:15.448 2815 2815 D HiSight-ConnectionManager: start ConnectionManager
06-03 15:40:15.450 2815 2815 D HiSight-SinkService: onBind.
06-03 15:40:15.455 2815 2815 E HuaweiCastService: onStartCommand in 0
06-03 15:40:15.460 2815 2815 D PlayerClient: service connected.
06-03 15:40:15.461 2815 2815 D HiSight-SinkService: ITaskBinder registerCallback: true
06-03 15:40:15.461 2815 2815 D HiSight-HiSightManager: ITaskBinder registerCallback.
06-03 15:40:15.464 2815 2815 D HiSight-CallbackManager: addNewCallback. com.dangbei.screencast.huaweicast.service.HuaweiCastService$a@3858114
06-03 15:40:15.465 484 589 I WifiService: acquireMulticastLock uid=10030
06-03 15:40:15.465 484 2616 I WifiService: acquireMulticastLock uid=10030
06-03 15:40:15.466 2815 2815 E HuaweiCastService: eventId: 4001
06-03 15:40:15.468 2815 2815 E HuaweiCastService: mPlayerClient is null.
06-03 15:40:15.468 689 689 V TvNotificationHandler: Notification not added because it isn't relevant for tv
06-03 15:40:15.469 2815 2815 D HiSight-HiSightManager: check capability vbr range not setting, using default value
06-03 15:40:15.470 2815 2815 E HuaweiCastService: mPlayerClient is null.
06-03 15:40:15.470 2815 2815 D HiSight-SinkService: setAuthMode
06-03 15:40:15.471 2815 2815 W HiSight-ConnectionManager: mSinkId is empty
06-03 15:40:15.477 689 689 V TvNotificationHandler: Notification not added because it isn't relevant for tv
06-03 15:40:15.672 484 532 W IorapForwardingService: No service published for: iorapd
06-03 15:40:16.129 667 667 E WifiHAL : wifi_get_link_stats: requestResponse Error:-5
06-03 15:40:16.131 484 620 E WifiVendorHal: getWifiLinkLayerStats_1_5_Internal(l.1191) failed {.code = ERROR_INVALID_ARGS, .description = }
06-03 15:40:16.197 2923 2923 I Thread-2: type=1400 audit(0.0:1173): avc: denied { execute } for name="am" dev="dm-5" ino=1160 scontext=u:r:system_app:s0 tcontext=u:object_r:vendor_file:s0 tclass=file permissive=1
06-03 15:40:16.197 2923 2923 I Thread-2: type=1400 audit(0.0:1174): avc: denied { read open } for path="/vendor/xbin/am" dev="dm-5" ino=1160 scontext=u:r:system_app:s0 tcontext=u:object_r:vendor_file:s0 tclass=file permissive=1
06-03 15:40:16.274 1133 1133 D aaa : LedStatusService onStartCommand begin
06-03 15:40:16.276 1133 2931 D aaa : topPkg is -------------- :com.dangbei.leard.leradlauncher
06-03 15:40:16.277 1189 1189 D bbb : onStartCommand begin !!!!!!! data分区剩余 24608MB
06-03 15:40:16.197 2923 2923 I Thread-2: type=1400 audit(0.0:1175): avc: denied { execute_no_trans } for path="/vendor/xbin/am" dev="dm-5" ino=1160 scontext=u:r:system_app:s0 tcontext=u:object_r:vendor_file:s0 tclass=file permissive=1
06-03 15:40:16.285 1133 2931 D aaa : WiFi is connect
06-03 15:40:16.613 2815 2824 I gbei.screencas: Background concurrent copying GC freed 93218(5440KB) AllocSpace objects, 47(1260KB) LOS objects, 49% free, 3512KB/7025KB, paused 368us total 178.575ms
06-03 15:40:16.674 484 532 W IorapForwardingService: No service published for: iorapd
06-03 15:40:16.724 2724 2783 I efs.px.api: get config from server, url is https://errlog.umeng.com/apm_cc
06-03 15:40:16.798 484 2616 E DatabaseUtils: Writing exception to parcel
06-03 15:40:16.798 484 2616 E DatabaseUtils: java.lang.SecurityException: You either need MANAGE_USERS or CREATE_USERS permission to: query user
06-03 15:40:16.798 484 2616 E DatabaseUtils: at com.android.server.pm.UserManagerService.checkManageOrCreateUsersPermission(UserManagerService.java:2508)
06-03 15:40:16.798 484 2616 E DatabaseUtils: at com.android.server.pm.UserManagerService.getUserInfo(UserManagerService.java:1381)
06-03 15:40:16.798 484 2616 E DatabaseUtils: at android.os.UserManager.getUserInfo(UserManager.java:2602)
06-03 15:40:16.798 484 2616 E DatabaseUtils: at com.android.providers.settings.SettingsProvider$SettingsRegistry.ensureSettingsForUserLocked(SettingsProvider.java:2837)
06-03 15:40:16.798 484 2616 E DatabaseUtils: at com.android.providers.settings.SettingsProvider$SettingsRegistry.peekSettingsStateLocked(SettingsProvider.java:3201)
06-03 15:40:16.798 484 2616 E DatabaseUtils: at com.android.providers.settings.SettingsProvider$SettingsRegistry.getSettingLocked(SettingsProvider.java:3059)
06-03 15:40:16.798 484 2616 E DatabaseUtils: at com.android.providers.settings.SettingsProvider.getSsaidSettingLocked(SettingsProvider.java:1588)
06-03 15:40:16.798 484 2616 E DatabaseUtils: at com.android.providers.settings.SettingsProvider.getSecureSetting(SettingsProvider.java:1561)
06-03 15:40:16.798 484 2616 E DatabaseUtils: at com.android.providers.settings.SettingsProvider.call(SettingsProvider.java:423)
06-03 15:40:16.798 484 2616 E DatabaseUtils: at android.content.ContentProvider.call(ContentProvider.java:2464)
06-03 15:40:16.798 484 2616 E DatabaseUtils: at android.content.ContentProvider$Transport.call(ContentProvider.java:512)
06-03 15:40:16.798 484 2616 E DatabaseUtils: at android.content.ContentProviderNative.onTransact(ContentProviderNative.java:295)
06-03 15:40:16.798 484 2616 E DatabaseUtils: at android.os.Binder.execTransactInternal(Binder.java:1184)
06-03 15:40:16.798 484 2616 E DatabaseUtils: at android.os.Binder.execTransact(Binder.java:1143)
06-03 15:40:16.877 484 2616 W TelephonyPermissions: reportAccessDeniedToReadIdentifiers:com.dangbei.screencast:getSerial:-1
06-03 15:40:16.965 2724 2807 V NFC : this device does not have NFC support
01-01 08:01:44.150 928 928 E sprdwl : sprdwl_rx_rsp_process ctx_id 0 recv rsp[WIFI_CMD_TX_DATA] status[SPRDWL_CMD_STATUS_ERROR]
06-03 15:40:17.146 484 589 I WifiService: startScan uid=10030
01-01 08:01:44.171 928 928 E sprdwl : sprdwl_rx_rsp_process ctx_id 0 recv rsp[WIFI_CMD_TX_DATA] status[SPRDWL_CMD_STATUS_ERROR]
01-01 08:01:44.188 928 928 E sprdwl : sprdwl_rx_rsp_process ctx_id 0 recv rsp[WIFI_CMD_TX_DATA] status[SPRDWL_CMD_STATUS_ERROR]
06-03 15:40:17.456 2724 2783 I efs.config: config request succ, config is:
