01-01 08:00:13.116 278 278 I android.hardware.usb.gadget@1.1-service.aw: mMonitor not running
01-01 08:00:13.116 278 278 I android.hardware.usb.gadget@1.1-service.aw: Returned from tearDown gadget
01-01 08:00:13.121 255 255 D zygote : Time zone APEX ICU file found: /apex/com.android.tzdata/etc/icu/icu_tzdata.dat
01-01 08:00:13.122 255 255 D zygote : I18n APEX ICU file found: /apex/com.android.i18n/etc/icu/icudt68l.dat
01-01 08:00:13.149 380 380 I android.hardware.media.omx@1.0-service: mediacodecservice starting
01-01 08:00:13.151 380 380 W android.hardware.media.omx@1.0-service: Could not read additional policy file '/vendor/etc/seccomp_policy/mediacodec.policy'
01-01 08:00:13.151 380 380 W android.hardware.media.omx@1.0-service: libminijail[380]: failed to get path of fd 4: No such file or directory
01-01 08:00:13.151 380 380 W android.hardware.media.omx@1.0-service: libminijail[380]: allowing syscall: clock_gettime
01-01 08:00:13.151 380 380 W android.hardware.media.omx@1.0-service: libminijail[380]: allowing syscall: connect
01-01 08:00:13.151 380 380 W android.hardware.media.omx@1.0-service: libminijail[380]: allowing syscall: fcntl64
01-01 08:00:13.151 380 380 W android.hardware.media.omx@1.0-service: libminijail[380]: allowing syscall: socket
01-01 08:00:13.152 380 380 W android.hardware.media.omx@1.0-service: libminijail[380]: allowing syscall: writev
01-01 08:00:13.152 380 380 W android.hardware.media.omx@1.0-service: libminijail[380]: compile_file: (59): syscall getrandom redefined here
01-01 08:00:13.152 380 380 W android.hardware.media.omx@1.0-service: libminijail[380]: compile_file: (15): previous definition here
01-01 08:00:13.153 380 380 W android.hardware.media.omx@1.0-service: libminijail[380]: compile_file: /system/etc/seccomp_policy/crash_dump.arm.policy(1): syscall read redefined here
01-01 08:00:13.153 380 380 W android.hardware.media.omx@1.0-service: libminijail[380]: compile_file: (9): previous definition here
01-01 08:00:13.153 380 380 W android.hardware.media.omx@1.0-service: libminijail[380]: compile_file: /system/etc/seccomp_policy/crash_dump.arm.policy(2): syscall write redefined here
01-01 08:00:13.153 380 380 W android.hardware.media.omx@1.0-service: libminijail[380]: compile_file: (5): previous definition here
01-01 08:00:13.153 380 380 W android.hardware.media.omx@1.0-service: libminijail[380]: compile_file: /system/etc/seccomp_policy/crash_dump.arm.policy(3): syscall exit redefined here
01-01 08:00:13.153 380 380 W android.hardware.media.omx@1.0-service: libminijail[380]: compile_file: (40): previous definition here
01-01 08:00:13.153 380 380 W android.hardware.media.omx@1.0-service: libminijail[380]: compile_file: /system/etc/seccomp_policy/crash_dump.arm.policy(4): syscall rt_sigreturn redefined here
01-01 08:00:13.153 380 380 W android.hardware.media.omx@1.0-service: libminijail[380]: compile_file: (45): previous definition here
01-01 08:00:13.153 380 380 W android.hardware.media.omx@1.0-service: libminijail[380]: compile_file: /system/etc/seccomp_policy/crash_dump.arm.policy(6): syscall exit_group redefined here
01-01 08:00:13.153 380 380 W android.hardware.media.omx@1.0-service: libminijail[380]: compile_file: (44): previous definition here
01-01 08:00:13.153 380 380 W android.hardware.media.omx@1.0-service: libminijail[380]: compile_file: /system/etc/seccomp_policy/crash_dump.arm.policy(7): syscall clock_gettime redefined here
01-01 08:00:13.154 380 380 W android.hardware.media.omx@1.0-service: libminijail[380]: compile_file: (7): previous definition here
01-01 08:00:13.004 271 271 I MQ-Thread: type=1400 audit(0.0:273): avc: denied { read } for name="u:object_r:system_prop:s0" dev="tmpfs" ino=1416 scontext=u:r:hal_graphics_composer_default:s0 tcontext=u:object_r:system_prop:s0 tclass=file permissive=1
01-01 08:00:13.173 397 397 W kmsgd : logRotateSizeKBytes is 8192
01-01 08:00:13.174 397 397 W kmsgd : maxRotatedLogs is 8
01-01 08:00:13.174 397 397 W kmsgd : outputFileName is /data/media/awlog/kernel/kmsg
01-01 08:00:13.175 397 397 I kmsgd : openLogFile append
01-01 08:00:13.188 380 380 W android.hardware.media.omx@1.0-service: libminijail[380]: compile_file: /system/etc/seccomp_policy/crash_dump.arm.policy(8): syscall gettimeofday redefined here
01-01 08:00:13.188 380 380 W android.hardware.media.omx@1.0-service: libminijail[380]: compile_file: (47): previous definition here
01-01 08:00:13.188 380 380 W android.hardware.media.omx@1.0-service: libminijail[380]: compile_file: /system/etc/seccomp_policy/crash_dump.arm.policy(9): syscall futex redefined here
01-01 08:00:13.188 380 380 W android.hardware.media.omx@1.0-service: libminijail[380]: compile_file: (3): previous definition here
01-01 08:00:13.188 380 380 W android.hardware.media.omx@1.0-service: libminijail[380]: compile_file: /system/etc/seccomp_policy/crash_dump.arm.policy(10): syscall getrandom redefined here
01-01 08:00:13.188 380 380 W android.hardware.media.omx@1.0-service: libminijail[380]: compile_file: (15): previous definition here
01-01 08:00:13.188 380 380 W android.hardware.media.omx@1.0-service: libminijail[380]: compile_file: /system/etc/seccomp_policy/crash_dump.arm.policy(13): syscall ppoll redefined here
01-01 08:00:13.188 380 380 W android.hardware.media.omx@1.0-service: libminijail[380]: compile_file: (13): previous definition here
01-01 08:00:13.188 380 380 W android.hardware.media.omx@1.0-service: libminijail[380]: compile_file: /system/etc/seccomp_policy/crash_dump.arm.policy(14): syscall pipe2 redefined here
01-01 08:00:13.188 380 380 W android.hardware.media.omx@1.0-service: libminijail[380]: compile_file: (46): previous definition here
01-01 08:00:13.188 380 380 W android.hardware.media.omx@1.0-service: libminijail[380]: compile_file: /system/etc/seccomp_policy/crash_dump.arm.policy(15): syscall openat redefined here
01-01 08:00:13.189 380 380 W android.hardware.media.omx@1.0-service: libminijail[380]: compile_file: (30): previous definition here
01-01 08:00:13.189 380 380 W android.hardware.media.omx@1.0-service: libminijail[380]: compile_file: /system/etc/seccomp_policy/crash_dump.arm.policy(16): syscall dup redefined here
01-01 08:00:13.189 380 380 W android.hardware.media.omx@1.0-service: libminijail[380]: compile_file: (12): previous definition here
01-01 08:00:13.189 380 380 W android.hardware.media.omx@1.0-service: libminijail[380]: compile_file: /system/etc/seccomp_policy/crash_dump.arm.policy(17): syscall close redefined here
01-01 08:00:13.189 380 380 W android.hardware.media.omx@1.0-service: libminijail[380]: compile_file: (10): previous definition here
01-01 08:00:13.189 380 380 W android.hardware.media.omx@1.0-service: libminijail[380]: compile_file: /system/etc/seccomp_policy/crash_dump.arm.policy(18): syscall lseek redefined here
01-01 08:00:13.189 380 380 W android.hardware.media.omx@1.0-service: libminijail[380]: compile_file: (50): previous definition here
01-01 08:00:13.189 380 380 W android.hardware.media.omx@1.0-service: libminijail[380]: compile_file: /system/etc/seccomp_policy/crash_dump.arm.policy(19): syscall getdents64 redefined here
01-01 08:00:13.189 380 380 W android.hardware.media.omx@1.0-service: libminijail[380]: compile_file: (58): previous definition here
01-01 08:00:13.189 380 380 W android.hardware.media.omx@1.0-service: libminijail[380]: compile_file: /system/etc/seccomp_policy/crash_dump.arm.policy(20): syscall faccessat redefined here
01-01 08:00:13.189 380 380 W android.hardware.media.omx@1.0-service: libminijail[380]: compile_file: (38): previous definition here
01-01 08:00:13.189 380 380 W android.hardware.media.omx@1.0-service: libminijail[380]: compile_file: /system/etc/seccomp_policy/crash_dump.arm.policy(25): syscall rt_sigprocmask redefined here
01-01 08:00:13.189 380 380 W android.hardware.media.omx@1.0-service: libminijail[380]: compile_file: (41): previous definition here
01-01 08:00:13.189 380 380 W android.hardware.media.omx@1.0-service: libminijail[380]: compile_file: /system/etc/seccomp_policy/crash_dump.arm.policy(28): syscall prctl redefined here
01-01 08:00:13.190 380 380 W android.hardware.media.omx@1.0-service: libminijail[380]: compile_file: (6): previous definition here
01-01 08:00:13.190 380 380 W android.hardware.media.omx@1.0-service: libminijail[380]: compile_file: /system/etc/seccomp_policy/crash_dump.arm.policy(29): syscall madvise redefined here
01-01 08:00:13.190 380 380 W android.hardware.media.omx@1.0-service: libminijail[380]: compile_file: (29): previous definition here
01-01 08:00:13.190 380 380 W android.hardware.media.omx@1.0-service: libminijail[380]: compile_file: /system/etc/seccomp_policy/crash_dump.arm.policy(30): syscall mprotect redefined here
01-01 08:00:13.190 380 380 W android.hardware.media.omx@1.0-service: libminijail[380]: compile_file: (28): previous definition here
01-01 08:00:13.190 380 380 W android.hardware.media.omx@1.0-service: libminijail[380]: compile_file: /system/etc/seccomp_policy/crash_dump.arm.policy(31): syscall munmap redefined here
01-01 08:00:13.190 380 380 W android.hardware.media.omx@1.0-service: libminijail[380]: compile_file: (27): previous definition here
01-01 08:00:13.190 380 380 W android.hardware.media.omx@1.0-service: libminijail[380]: compile_file: /system/etc/seccomp_policy/crash_dump.arm.policy(32): syscall getuid32 redefined here
01-01 08:00:13.190 380 380 W android.hardware.media.omx@1.0-service: libminijail[380]: compile_file: (34): previous definition here
01-01 08:00:13.197 380 380 W android.hardware.media.omx@1.0-service: libminijail[380]: compile_file: /system/etc/seccomp_policy/crash_dump.arm.policy(33): syscall fstat64 redefined here
01-01 08:00:13.197 380 380 W android.hardware.media.omx@1.0-service: libminijail[380]: compile_file: (35): previous definition here
01-01 08:00:13.198 380 380 W android.hardware.media.omx@1.0-service: libminijail[380]: compile_file: /system/etc/seccomp_policy/crash_dump.arm.policy(34): syscall mmap2 redefined here
01-01 08:00:13.198 380 380 W android.hardware.media.omx@1.0-service: libminijail[380]: compile_file: (14): previous definition here
01-01 08:00:13.203 380 380 W android.hardware.media.omx@1.0-service: libminijail[380]: logging seccomp filter failures
01-01 08:00:13.218 278 278 I android.hardware.usb.gadget@1.1-service.aw: setCurrentUsbFunctions Adb
01-01 08:00:13.218 278 278 I android.hardware.usb.gadget@1.1-service.aw: Service started
01-01 08:00:13.219 278 278 I android.hardware.usb.gadget@1.1-service.aw: Usb Gadget setcurrent functions called successfully
01-01 08:00:13.238 380 380 I cedarc : : register h265 decoder success!
01-01 08:00:13.238 362 362 I main_extractorservice: enable media.extractor memory limits
01-01 08:00:13.240 362 362 V MediaUtils: physMem: 2055442432
01-01 08:00:13.240 362 362 V MediaUtils: requested limit: 411088480
01-01 08:00:13.240 362 362 I libc : malloc_limit: Allocation limit enabled, max size 411088480 bytes
01-01 08:00:13.238 380 380 E cedarc : : dlopen 'libawh265soft.so' fail: dlopen failed: library "libawh265soft.so" not found
01-01 08:00:13.251 380 380 I cedarc : : register h264 decoder success!
01-01 08:00:13.252 380 380 I cedarc : : register mjpeg decoder success!
01-01 08:00:13.253 380 380 I cedarc : : register mjpegplus decoder success!
01-01 08:00:13.253 380 380 I cedarc : : register mpeg2 decoder success!
01-01 08:00:13.254 380 380 W cedarc : : Invalid plugin, CedarPluginVDInit not found, lib:libawmpeg4base.so.
01-01 08:00:13.263 255 255 I zygote : Using memfd for future sealing
01-01 08:00:13.263 380 380 I cedarc : : register mpeg4Normal decoder success!
01-01 08:00:13.264 380 380 I cedarc : : register Mpeg4Vp6 decoder success!
01-01 08:00:13.265 380 380 I cedarc : : register mpeg4dx decoder success!
01-01 08:00:13.265 380 380 I cedarc : : register mpeg4H263 decoder success!
01-01 08:00:13.266 362 362 W mediaextractor: Could not read additional policy file '/vendor/etc/seccomp_policy/mediaextractor.policy'
01-01 08:00:13.266 362 362 W mediaextractor: libminijail[362]: failed to get path of fd 4: No such file or directory
01-01 08:00:13.267 362 362 W mediaextractor: libminijail[362]: allowing syscall: clock_gettime
01-01 08:00:13.267 362 362 W mediaextractor: libminijail[362]: allowing syscall: connect
01-01 08:00:13.267 362 362 W mediaextractor: libminijail[362]: allowing syscall: fcntl64
01-01 08:00:13.267 362 362 W mediaextractor: libminijail[362]: allowing syscall: socket
01-01 08:00:13.267 362 362 W mediaextractor: libminijail[362]: allowing syscall: writev
01-01 08:00:13.268 388 388 I update_engine: [INFO:main.cc(55)] A/B Update Engine starting
01-01 08:00:13.271 362 362 W mediaextractor: libminijail[362]: compile_file: /apex/com.android.media/etc/seccomp_policy/crash_dump.arm.policy(1): syscall read redefined here
01-01 08:00:13.272 362 362 W mediaextractor: libminijail[362]: compile_file: (19): previous definition here
01-01 08:00:13.272 362 362 W mediaextractor: libminijail[362]: compile_file: /apex/com.android.media/etc/seccomp_policy/crash_dump.arm.policy(2): syscall write redefined here
01-01 08:00:13.272 362 362 W mediaextractor: libminijail[362]: compile_file: (6): previous definition here
01-01 08:00:13.272 362 362 W mediaextractor: libminijail[362]: compile_file: /apex/com.android.media/etc/seccomp_policy/crash_dump.arm.policy(3): syscall exit redefined here
01-01 08:00:13.272 362 362 W mediaextractor: libminijail[362]: compile_file: (27): previous definition here
01-01 08:00:13.272 362 362 W mediaextractor: libminijail[362]: compile_file: /apex/com.android.media/etc/seccomp_policy/crash_dump.arm.policy(4): syscall rt_sigreturn redefined here
01-01 08:00:13.272 362 362 W mediaextractor: libminijail[362]: compile_file: (29): previous definition here
01-01 08:00:13.272 362 362 W mediaextractor: libminijail[362]: compile_file: /apex/com.android.media/etc/seccomp_policy/crash_dump.arm.policy(6): syscall exit_group redefined here
01-01 08:00:13.272 362 362 W mediaextractor: libminijail[362]: compile_file: (28): previous definition here
01-01 08:00:13.272 362 362 W mediaextractor: libminijail[362]: compile_file: /apex/com.android.media/etc/seccomp_policy/crash_dump.arm.policy(7): syscall clock_gettime redefined here
01-01 08:00:13.272 362 362 W mediaextractor: libminijail[362]: compile_file: (20): previous definition here
01-01 08:00:13.272 362 362 W mediaextractor: libminijail[362]: compile_file: /apex/com.android.media/etc/seccomp_policy/crash_dump.arm.policy(9): syscall futex redefined here
01-01 08:00:13.272 362 362 W mediaextractor: libminijail[362]: compile_file: (4): previous definition here
01-01 08:00:13.272 362 362 W mediaextractor: libminijail[362]: compile_file: /apex/com.android.media/etc/seccomp_policy/crash_dump.arm.policy(10): syscall getrandom redefined here
01-01 08:00:13.273 362 362 W mediaextractor: libminijail[362]: compile_file: (43): previous definition here
01-01 08:00:13.273 362 362 W mediaextractor: libminijail[362]: compile_file: /apex/com.android.media/etc/seccomp_policy/crash_dump.arm.policy(12): syscall gettid redefined here
01-01 08:00:13.273 362 362 W mediaextractor: libminijail[362]: compile_file: (34): previous definition here
01-01 08:00:13.274 380 380 I cedarc : : register vp8 decoder success!
01-01 08:00:13.275 362 362 W mediaextractor: libminijail[362]: compile_file: /apex/com.android.media/etc/seccomp_policy/crash_dump.arm.policy(15): syscall openat redefined here
01-01 08:00:13.275 362 362 W mediaextractor: libminijail[362]: compile_file: (16): previous definition here
01-01 08:00:13.275 362 362 W mediaextractor: libminijail[362]: compile_file: /apex/com.android.media/etc/seccomp_policy/crash_dump.arm.policy(16): syscall dup redefined here
01-01 08:00:13.275 362 362 W mediaextractor: libminijail[362]: compile_file: (11): previous definition here
01-01 08:00:13.275 362 362 W mediaextractor: libminijail[362]: compile_file: /apex/com.android.media/etc/seccomp_policy/crash_dump.arm.policy(17): syscall close redefined here
01-01 08:00:13.275 362 362 W mediaextractor: libminijail[362]: compile_file: (9): previous definition here
01-01 08:00:13.275 362 362 W mediaextractor: libminijail[362]: compile_file: /apex/com.android.media/etc/seccomp_policy/crash_dump.arm.policy(18): syscall lseek redefined here
01-01 08:00:13.275 380 380 I cedarc : : register vc1 decoder success!
01-01 08:00:13.276 362 362 W mediaextractor: libminijail[362]: compile_file: (21): previous definition here
01-01 08:00:13.276 362 362 W mediaextractor: libminijail[362]: compile_file: /apex/com.android.media/etc/seccomp_policy/crash_dump.arm.policy(20): syscall faccessat redefined here
01-01 08:00:13.276 362 362 W mediaextractor: libminijail[362]: compile_file: (30): previous definition here
01-01 08:00:13.276 362 362 W mediaextractor: libminijail[362]: compile_file: /apex/com.android.media/etc/seccomp_policy/crash_dump.arm.policy(25): syscall rt_sigprocmask redefined here
01-01 08:00:13.276 362 362 W mediaextractor: libminijail[362]: compile_file: (35): previous definition here
01-01 08:00:13.276 362 362 W mediaextractor: libminijail[362]: compile_file: /apex/com.android.media/etc/seccomp_policy/crash_dump.arm.policy(28): syscall prctl redefined here
01-01 08:00:13.276 362 362 W mediaextractor: libminijail[362]: compile_file: (5): previous definition here
01-01 08:00:13.276 362 362 W mediaextractor: libminijail[362]: compile_file: /apex/com.android.media/etc/seccomp_policy/crash_dump.arm.policy(29): syscall madvise redefined here
01-01 08:00:13.276 362 362 W mediaextractor: libminijail[362]: compile_file: (31): previous definition here
01-01 08:00:13.276 362 362 W mediaextractor: libminijail[362]: compile_file: /apex/com.android.media/etc/seccomp_policy/crash_dump.arm.policy(30): syscall mprotect redefined here
01-01 08:00:13.276 362 362 W mediaextractor: libminijail[362]: compile_file: (12): previous definition here
01-01 08:00:13.277 362 362 W mediaextractor: libminijail[362]: compile_file: /apex/com.android.media/etc/seccomp_policy/crash_dump.arm.policy(31): syscall munmap redefined here
01-01 08:00:13.277 362 362 W mediaextractor: libminijail[362]: compile_file: (10): previous definition here
01-01 08:00:13.277 362 362 W mediaextractor: libminijail[362]: compile_file: /apex/com.android.media/etc/seccomp_policy/crash_dump.arm.policy(32): syscall getuid32 redefined here
01-01 08:00:13.277 362 362 W mediaextractor: libminijail[362]: compile_file: (13): previous definition here
01-01 08:00:13.277 362 362 W mediaextractor: libminijail[362]: compile_file: /apex/com.android.media/etc/seccomp_policy/crash_dump.arm.policy(33): syscall fstat64 redefined here
01-01 08:00:13.277 362 362 W mediaextractor: libminijail[362]: compile_file: (25): previous definition here
01-01 08:00:13.277 362 362 W mediaextractor: libminijail[362]: compile_file: /apex/com.android.media/etc/seccomp_policy/crash_dump.arm.policy(34): syscall mmap2 redefined here
01-01 08:00:13.277 362 362 W mediaextractor: libminijail[362]: compile_file: (8): previous definition here
01-01 08:00:13.277 362 362 W mediaextractor: libminijail[362]: compile_file: /apex/com.android.media/etc/seccomp_policy/crash_dump.arm.policy(35): syscall geteuid32 redefined here
01-01 08:00:13.277 362 362 W mediaextractor: libminijail[362]: compile_file: (38): previous definition here
01-01 08:00:13.277 362 362 W mediaextractor: libminijail[362]: compile_file: /apex/com.android.media/etc/seccomp_policy/crash_dump.arm.policy(36): syscall getgid32 redefined here
01-01 08:00:13.277 362 362 W mediaextractor: libminijail[362]: compile_file: (39): previous definition here
01-01 08:00:13.277 362 362 W mediaextractor: libminijail[362]: compile_file: /apex/com.android.media/etc/seccomp_policy/crash_dump.arm.policy(37): syscall getegid32 redefined here
01-01 08:00:13.278 362 362 W mediaextractor: libminijail[362]: compile_file: (40): previous definition here
01-01 08:00:13.278 362 362 W mediaextractor: libminijail[362]: compile_file: /apex/com.android.media/etc/seccomp_policy/crash_dump.arm.policy(38): syscall getgroups32 redefined here
01-01 08:00:13.278 362 362 W mediaextractor: libminijail[362]: compile_file: (41): previous definition here
01-01 08:00:13.287 388 388 E cutils-trace: Error opening trace file: No such file or directory (2)
01-01 08:00:13.290 380 380 I SoftOMXPlugin: createOMXPlugin
01-01 08:00:13.291 380 380 D MediaCodecsXmlParser: parsing /vendor/etc/media_codecs.xml...
01-01 08:00:13.291 362 362 W mediaextractor: libminijail[362]: logging seccomp filter failures
01-01 08:00:13.295 380 380 D MediaCodecsXmlParser: parsing /vendor/etc/media_codecs_google_audio.xml...
01-01 08:00:13.295 380 380 D MediaCodecsXmlParser: unable to open media codecs configuration xml file: /vendor/etc/media_codecs_google_audio.xml
01-01 08:00:13.298 380 380 D MediaCodecsXmlParser: parsing /vendor/etc/media_codecs_google_video.xml...
01-01 08:00:13.298 380 380 D MediaCodecsXmlParser: unable to open media codecs configuration xml file: /vendor/etc/media_codecs_google_video.xml
01-01 08:00:13.307 175 175 I sunxi-rfkill soc@3000000: rfkill: set block: 1
01-01 08:00:13.320 175 175 I sunxi-rfkill soc@3000000: rfkill: bt power off success
01-01 08:00:13.004 271 271 I MQ-Thread: type=1400 audit(0.0:274): avc: denied { open } for path="/dev/__properties__/u:object_r:system_prop:s0" dev="tmpfs" ino=1416 scontext=u:r:hal_graphics_composer_default:s0 tcontext=u:object_r:system_prop:s0 tclass=file permissive=1
01-01 08:00:13.329 407 407 I adbd : persist.adb.watchdog set to ''
01-01 08:00:13.468 421 421 I : read descriptors
01-01 08:00:13.330 407 407 I adbd : persist.sys.test_harness set to ''
01-01 08:00:13.330 407 407 I adbd : adb watchdog timeout set to 600 seconds
01-01 08:00:13.330 386 386 I mediaswcodec: media swcodec service starting
01-01 08:00:13.331 407 407 I adbd : Setup mdns on port= 5555
01-01 08:00:13.331 407 407 I adbd : adbd listening on tcp:5555
01-01 08:00:13.331 407 407 I adbd : adbd listening on vsock:5555
01-01 08:00:13.331 407 407 I adbd : adbd started
01-01 08:00:13.298 380 380 D MediaCodecsXmlParser: parsing /vendor/etc/media_codecs_performance.xml...
01-01 08:00:13.337 386 386 W mediaswcodec: Could not read additional policy file '/vendor/etc/seccomp_policy/mediaswcodec.policy'
01-01 08:00:13.337 380 380 D MediaCodecsXmlParser: MediaCodec: cannot update non-existing codec: OMX.google.h264.encoder at line 25 of /vendor/etc/media_codecs_performance.xml
01-01 08:00:13.337 380 380 D MediaCodecsXmlParser: MediaCodec: cannot update non-existing codec: OMX.google.h263.encoder at line 31 of /vendor/etc/media_codecs_performance.xml
01-01 08:00:13.337 380 380 D MediaCodecsXmlParser: MediaCodec: cannot update non-existing codec: OMX.google.mpeg4.encoder at line 34 of /vendor/etc/media_codecs_performance.xml
01-01 08:00:13.337 380 380 D MediaCodecsXmlParser: MediaCodec: cannot update non-existing codec: OMX.google.vp8.encoder at line 37 of /vendor/etc/media_codecs_performance.xml
01-01 08:00:13.337 380 380 D MediaCodecsXmlParser: MediaCodec: cannot update non-existing codec: OMX.allwinner.video.decoder.h263 at line 59 of /vendor/etc/media_codecs_performance.xml
01-01 08:00:13.338 380 380 D MediaCodecsXmlParser: MediaCodec: cannot update non-existing codec: OMX.google.mpeg4.decoder at line 80 of /vendor/etc/media_codecs_performance.xml
01-01 08:00:13.338 380 380 D MediaCodecsXmlParser: MediaCodec: cannot update non-existing codec: OMX.google.h264.decoder at line 83 of /vendor/etc/media_codecs_performance.xml
01-01 08:00:13.338 380 380 D MediaCodecsXmlParser: MediaCodec: cannot update non-existing codec: OMX.google.h263.decoder at line 89 of /vendor/etc/media_codecs_performance.xml
01-01 08:00:13.338 380 380 D MediaCodecsXmlParser: MediaCodec: cannot update non-existing codec: OMX.google.hevc.decoder at line 93 of /vendor/etc/media_codecs_performance.xml
01-01 08:00:13.338 380 380 D MediaCodecsXmlParser: MediaCodec: cannot update non-existing codec: OMX.google.vp8.decoder at line 101 of /vendor/etc/media_codecs_performance.xml
01-01 08:00:13.338 380 380 D MediaCodecsXmlParser: MediaCodec: cannot update non-existing codec: OMX.google.vp9.decoder at line 107 of /vendor/etc/media_codecs_performance.xml
01-01 08:00:13.338 386 386 W mediaswcodec: libminijail[386]: failed to get path of fd 4: No such file or directory
01-01 08:00:13.338 386 386 W mediaswcodec: libminijail[386]: allowing syscall: clock_gettime
01-01 08:00:13.338 386 386 W mediaswcodec: libminijail[386]: allowing syscall: connect
01-01 08:00:13.338 386 386 W mediaswcodec: libminijail[386]: allowing syscall: fcntl64
01-01 08:00:13.338 380 380 I MediaCodecsXmlParser: Did not find media_codecs_shaping.xml in search path
01-01 08:00:13.339 407 421 I adbd : opening control endpoint /dev/usb-ffs/adb/ep0
01-01 08:00:13.339 380 380 E cutils-trace: Error opening trace file: No such file or directory (2)
01-01 08:00:13.342 386 386 W mediaswcodec: libminijail[386]: allowing syscall: socket
01-01 08:00:13.342 407 419 I adbd : Waiting for persist.adb.tls_server.enable=1
01-01 08:00:13.343 386 386 W mediaswcodec: libminijail[386]: allowing syscall: writev
01-01 08:00:13.343 407 419 I adbd : persist.adb.tls_server.enable changed to 1
01-01 08:00:13.344 386 386 W mediaswcodec: libminijail[386]: compile_file: (71): syscall futex redefined here
01-01 08:00:13.351 386 386 W mediaswcodec: libminijail[386]: compile_file: (15): previous definition here
01-01 08:00:13.355 407 419 I adbd : adbwifi started on port 32917
01-01 08:00:13.355 407 419 I adbd : TlsServer running on port 32917
01-01 08:00:13.359 407 419 I adbd : adb wifi started on port 32917
01-01 08:00:13.359 386 386 W mediaswcodec: libminijail[386]: logging seccomp filter failures
01-01 08:00:13.360 407 419 I adbd : Waiting for persist.adb.tls_server.enable=0
01-01 08:00:13.361 386 386 I CodecServiceRegistrant: Creating software Codec2 service...
01-01 08:00:13.362 388 388 I update_engine: [INFO:boot_control_android.cc(69)] Loaded boot control hidl hal.
01-01 08:00:13.367 386 386 E cutils-trace: Error opening trace file: No such file or directory (2)
01-01 08:00:13.369 407 427 I adbd : Registering secure_connect service (adb-DZOH58251929088-7NIBJ4)
01-01 08:00:13.381 278 411 I android.hardware.usb.gadget@1.1-service.aw: GADGET pulled up
01-01 08:00:13.383 380 380 I HidlServiceManagement: Registered android.hardware.media.omx@1.0::IOmx/default
01-01 08:00:13.383 380 380 I HidlServiceManagement: Removing namespace from process name android.hardware.media.omx@1.0-service to omx@1.0-service.
01-01 08:00:13.384 380 380 I android.hardware.media.omx@1.0-service: IOmx HAL service created.
01-01 08:00:13.385 380 380 I OmxStore: omx common prefix: 'OMX.'
01-01 08:00:13.387 380 380 D MediaCodecsXmlParser: parsing /vendor/etc/media_codecs.xml...
01-01 08:00:13.387 407 421 I adbd : UsbFfsConnection constructed
01-01 08:00:13.388 380 380 D MediaCodecsXmlParser: parsing /vendor/etc/media_codecs_google_audio.xml...
01-01 08:00:13.490 421 421 I : read strings
01-01 08:00:13.388 380 380 D MediaCodecsXmlParser: unable to open media codecs configuration xml file: /vendor/etc/media_codecs_google_audio.xml
01-01 08:00:13.391 380 380 D MediaCodecsXmlParser: parsing /vendor/etc/media_codecs_google_video.xml...
01-01 08:00:13.391 380 380 D MediaCodecsXmlParser: unable to open media codecs configuration xml file: /vendor/etc/media_codecs_google_video.xml
01-01 08:00:13.392 380 380 D MediaCodecsXmlParser: parsing /vendor/etc/media_codecs_performance.xml...
01-01 08:00:13.403 407 430 I adbd : UsbFfs-monitor thread spawned
01-01 08:00:13.403 407 430 I adbd : USB event: FUNCTIONFS_BIND
01-01 08:00:13.404 380 380 D MediaCodecsXmlParser: MediaCodec: cannot update non-existing codec: OMX.google.h264.encoder at line 25 of /vendor/etc/media_codecs_performance.xml
01-01 08:00:13.404 380 380 D MediaCodecsXmlParser: MediaCodec: cannot update non-existing codec: OMX.google.h263.encoder at line 31 of /vendor/etc/media_codecs_performance.xml
01-01 08:00:13.404 380 380 D MediaCodecsXmlParser: MediaCodec: cannot update non-existing codec: OMX.google.mpeg4.encoder at line 34 of /vendor/etc/media_codecs_performance.xml
01-01 08:00:13.404 380 380 D MediaCodecsXmlParser: MediaCodec: cannot update non-existing codec: OMX.google.vp8.encoder at line 37 of /vendor/etc/media_codecs_performance.xml
01-01 08:00:13.405 380 380 D MediaCodecsXmlParser: MediaCodec: cannot update non-existing codec: OMX.allwinner.video.decoder.h263 at line 59 of /vendor/etc/media_codecs_performance.xml
01-01 08:00:13.405 380 380 D MediaCodecsXmlParser: MediaCodec: cannot update non-existing codec: OMX.google.mpeg4.decoder at line 80 of /vendor/etc/media_codecs_performance.xml
01-01 08:00:13.405 380 380 D MediaCodecsXmlParser: MediaCodec: cannot update non-existing codec: OMX.google.h264.decoder at line 83 of /vendor/etc/media_codecs_performance.xml
01-01 08:00:13.405 380 380 D MediaCodecsXmlParser: MediaCodec: cannot update non-existing codec: OMX.google.h263.decoder at line 89 of /vendor/etc/media_codecs_performance.xml
01-01 08:00:13.407 380 380 D MediaCodecsXmlParser: MediaCodec: cannot update non-existing codec: OMX.google.hevc.decoder at line 93 of /vendor/etc/media_codecs_performance.xml
01-01 08:00:13.407 380 380 D MediaCodecsXmlParser: MediaCodec: cannot update non-existing codec: OMX.google.vp8.decoder at line 101 of /vendor/etc/media_codecs_performance.xml
01-01 08:00:13.407 380 380 D MediaCodecsXmlParser: MediaCodec: cannot update non-existing codec: OMX.google.vp9.decoder at line 107 of /vendor/etc/media_codecs_performance.xml
01-01 08:00:13.408 380 380 I MediaCodecsXmlParser: Did not find media_codecs_shaping.xml in search path
01-01 08:00:13.410 380 380 E MediaCodecsXmlParser: Cannot find the role for a decoder of type video/divx
01-01 08:00:13.410 380 380 E MediaCodecsXmlParser: Cannot find the role for a decoder of type video/jpeg
01-01 08:00:13.410 380 380 E MediaCodecsXmlParser: Cannot find the role for a decoder of type video/mpeg1
01-01 08:00:13.410 380 380 E MediaCodecsXmlParser: Cannot find the role for a decoder of type video/x-ms-mpeg4v1
01-01 08:00:13.410 380 380 E MediaCodecsXmlParser: Cannot find the role for a decoder of type video/x-ms-mpeg4v2
01-01 08:00:13.410 380 380 E MediaCodecsXmlParser: Cannot find the role for a decoder of type video/rvg2
01-01 08:00:13.410 380 380 E MediaCodecsXmlParser: Cannot find the role for a decoder of type video/flv1
01-01 08:00:13.410 380 380 E MediaCodecsXmlParser: Cannot find the role for a decoder of type video/wvc1
01-01 08:00:13.410 380 380 E MediaCodecsXmlParser: Cannot find the role for a decoder of type video/x-vnd.on2.vp6
01-01 08:00:13.410 380 380 E MediaCodecsXmlParser: Cannot find the role for a decoder of type video/wmv1
01-01 08:00:13.410 380 380 E MediaCodecsXmlParser: Cannot find the role for a decoder of type video/wmv2
01-01 08:00:13.410 380 380 E MediaCodecsXmlParser: Cannot find the role for a decoder of type video/xvid
01-01 08:00:13.004 271 271 I MQ-Thread: type=1400 audit(0.0:275): avc: denied { getattr } for path="/dev/__properties__/u:object_r:system_prop:s0" dev="tmpfs" ino=1416 scontext=u:r:hal_graphics_composer_default:s0 tcontext=u:object_r:system_prop:s0 tclass=file permissive=1
01-01 08:00:13.004 271 271 I MQ-Thread: type=1400 audit(0.0:276): avc: denied { map } for path="/dev/__properties__/u:object_r:system_prop:s0" dev="tmpfs" ino=1416 scontext=u:r:hal_graphics_composer_default:s0 tcontext=u:object_r:system_prop:s0 tclass=file permissive=1
01-01 08:00:13.475 386 386 I HidlServiceManagement: Registered android.hardware.media.c2@1.2::IComponentStore/software
01-01 08:00:13.481 193 193 I hwservicemanager: getTransport: Cannot find entry android.hardware.media.c2@1.0::IComponentStore/default in either framework or device VINTF manifest.
01-01 08:00:13.004 271 271 I MQ-Thread: type=1400 audit(0.0:277): avc: denied { read } for name="u:object_r:default_prop:s0" dev="tmpfs" ino=1289 scontext=u:r:hal_graphics_composer_default:s0 tcontext=u:object_r:default_prop:s0 tclass=file permissive=1
01-01 08:00:13.004 271 271 I MQ-Thread: type=1400 audit(0.0:278): avc: denied { open } for path="/dev/__properties__/u:object_r:default_prop:s0" dev="tmpfs" ino=1289 scontext=u:r:hal_graphics_composer_default:s0 tcontext=u:object_r:default_prop:s0 tclass=file permissive=1
01-01 08:00:13.004 271 271 I MQ-Thread: type=1400 audit(0.0:279): avc: denied { getattr } for path="/dev/__properties__/u:object_r:default_prop:s0" dev="tmpfs" ino=1289 scontext=u:r:hal_graphics_composer_default:s0 tcontext=u:object_r:default_prop:s0 tclass=file permissive=1
01-01 08:00:13.004 271 271 I MQ-Thread: type=1400 audit(0.0:280): avc: denied { map } for path="/dev/__properties__/u:object_r:default_prop:s0" dev="tmpfs" ino=1289 scontext=u:r:hal_graphics_composer_default:s0 tcontext=u:object_r:default_prop:s0 tclass=file permissive=1
01-01 08:00:13.004 271 271 I MQ-Thread: type=1400 audit(0.0:281): avc: denied { getattr } for path="/sys/devices/platform/soc@3000000/6520000.tv0/extcon/extcon1/state" dev="sysfs" ino=19386 scontext=u:r:hal_graphics_composer_default:s0 tcontext=u:object_r:sysfs:s0 tclass=file permissive=1
01-01 08:00:13.004 1 1 I /system/bin/init: type=1107 audit(0.0:282): uid=0 auid=4294967295 ses=4294967295 subj=u:r:init:s0 msg='avc: denied { set } for property=vendor.sys.tv_vdid_fex pid=271 uid=1000 gid=1003 scontext=u:r:hal_graphics_composer_default:s0 tcontext=u:object_r:vendor_default_prop:s0 tclass=property_service permissive=1'
01-01 08:00:13.128 335 335 I rainbow_flow: type=1400 audit(0.0:283): avc: denied { ioctl } for path="/dev/spidev1.0" dev="tmpfs" ino=3840 ioctlcmd=0x6b00 scontext=u:r:init:s0 tcontext=u:object_r:device:s0 tclass=chr_file permissive=1
01-01 08:00:13.196 338 338 I xiriservice_All: type=1400 audit(0.0:284): avc: denied { read } for scontext=u:r:init:s0 tcontext=u:r:init:s0 tclass=netlink_kobject_uevent_socket permissive=1
01-01 08:00:13.352 276 276 I EventThread: type=1400 audit(0.0:285): avc: denied { search } for name="extcon" dev="sysfs" ino=18109 scontext=u:r:hal_tv_cec_default:s0 tcontext=u:object_r:sysfs_extcon:s0 tclass=dir permissive=1
01-01 08:00:13.486 373 373 E cutils-trace: Error opening trace file: No such file or directory (2)
01-01 08:00:13.502 388 388 I update_engine: [INFO:daemon_state_android.cc(44)] Booted in dev mode.
01-01 08:00:13.502 386 386 I CodecServiceRegistrant: Preferred Codec2 store is defaulted to "software".
01-01 08:00:13.503 386 386 I CodecServiceRegistrant: Software Codec2 service created and registered.
01-01 08:00:13.507 380 380 I HidlServiceManagement: Registered android.hardware.media.omx@1.0::IOmxStore/default
01-01 08:00:13.508 380 380 I HidlServiceManagement: Removing namespace from process name android.hardware.media.omx@1.0-service to omx@1.0-service.
01-01 08:00:13.520 385 385 E cutils-trace: Error opening trace file: No such file or directory (2)
01-01 08:00:13.521 357 357 D gpioservice: main gpio service is running.
01-01 08:00:13.527 356 356 I cameraserver: ServiceManager: 0xeec30960
01-01 08:00:13.528 356 356 I CameraService: CameraService started (pid=356)
01-01 08:00:13.528 356 356 I CameraService: CameraService process starting
01-01 08:00:13.529 356 356 W BatteryNotifier: batterystats service unavailable!
01-01 08:00:13.529 356 356 W BatteryNotifier: batterystats service unavailable!
01-01 08:00:13.530 356 356 E cutils-trace: Error opening trace file: No such file or directory (2)
01-01 08:00:13.533 357 357 I gpioservice: ServiceManager: 0xecc41cc0
01-01 08:00:13.533 357 357 D GpioService: GpioService created
01-01 08:00:13.534 192 192 E SELinux : avc: denied { add } for pid=357 uid=0 name=softwinner.gpio scontext=u:r:gpioservice:s0 tcontext=u:object_r:default_android_service:s0 tclass=service_manager permissive=1
01-01 08:00:13.536 372 372 D multiir : multi_ir open uinput dev
01-01 08:00:13.538 388 388 I update_engine: [INFO:update_attempter_android.cc(1082)] Scheduling CleanupPreviousUpdateAction.
01-01 08:00:13.540 338 338 I xiriservice_All: type=1400 audit(0.0:286): avc: denied { read } for scontext=u:r:init:s0 tcontext=u:r:init:s0 tclass=netlink_kobject_uevent_socket permissive=1
01-01 08:00:13.546 327 329 D XM_HIDREAD: add@ add@/devices/virtual/input/input1
01-01 08:00:13.555 361 361 D isomountservice: main isomount service is running.
01-01 08:00:13.556 335 335 I rainbow_flow: type=1400 audit(0.0:287): avc: denied { ioctl } for path="/dev/spidev1.0" dev="tmpfs" ino=3840 ioctlcmd=0x6b00 scontext=u:r:init:s0 tcontext=u:object_r:device:s0 tclass=chr_file permissive=1
01-01 08:00:13.560 327 329 D XM_HIDREAD: add@ add@/devices/virtual/input/input1/event1
01-01 08:00:13.560 361 361 I isomountservice: ServiceManager: 0xf29b1cc0
01-01 08:00:13.679 372 372 I input : sunxi-ir-uinput as /devices/virtual/input/input1
01-01 08:00:13.565 372 372 D multiir : uinputfd=4
01-01 08:00:13.566 375 375 D systemmixservice: main SystemMix service is running.
01-01 08:00:13.568 385 385 I HidlServiceManagement: Registered android.hardware.radio@1.6::IRadio/slot1
01-01 08:00:13.569 375 375 I systemmixservice: ServiceManager: 0xefc96cb0
01-01 08:00:13.570 375 375 D SystemMixService: SystemMixService created
01-01 08:00:13.570 192 192 E SELinux : avc: denied { add } for pid=375 uid=0 name=softwinner.systemmix scontext=u:r:systemmix:s0 tcontext=u:object_r:default_android_service:s0 tclass=service_manager permissive=1
01-01 08:00:13.573 385 385 I HidlServiceManagement: Registered android.hardware.radio.config@1.3::IRadioConfig/default
01-01 08:00:13.573 373 373 W storaged: health: invalid battery status
01-01 08:00:13.575 356 356 I CameraProviderManager: Connecting to new camera provider: external/0, isRemote? 1
01-01 08:00:13.577 385 385 I HidlServiceManagement: Registered android.hardware.radio@1.2::ISap/slot1
01-01 08:00:13.579 356 356 I CameraProviderManager: Camera provider external/0 ready with 0 camera devices
01-01 08:00:13.579 356 437 W CameraProviderManager: addProviderLocked: Camera provider HAL with name 'external/0' already registered
01-01 08:00:13.580 373 373 I ServiceManager: Waiting for service 'package_native' on '/dev/binder'...
01-01 08:00:13.582 356 356 I cameraserver: Waiting for activity service
01-01 08:00:13.589 370 370 V MediaUtils: physMem: 2055442432
01-01 08:00:13.590 370 370 V MediaUtils: requested limit: 134217728
01-01 08:00:13.593 370 370 I libc : malloc_limit: Allocation limit enabled, max size 134217728 bytes
01-01 08:00:13.595 370 370 D AudioPowerUsage: AudioPowerUsage
01-01 08:00:13.595 370 370 D AudioAnalytics: AudioAnalytics
01-01 08:00:13.595 370 370 D MediaMetricsService: MediaMetricsService
01-01 08:00:13.602 362 362 I MediaExtractorFactory: plugin directory not present (/system/lib/extractors)
01-01 08:00:13.602 362 362 I MediaExtractorFactory: plugin directory not present (/system_ext/lib/extractors)
01-01 08:00:13.651 285 285 I ServiceManager: Waiting for service 'media.metrics' on '/dev/binder' successful after waiting 1243ms
01-01 08:00:13.651 285 285 I AudioFlinger: Using default 3000 mSec as standby time.
01-01 08:00:13.651 372 372 D multiir : uevent listen start
01-01 08:00:13.654 370 445 I ServiceManager: Waiting for service 'package_native' on '/dev/binder'...
01-01 08:00:13.660 388 388 I update_engine: [INFO:action_processor.cc(51)] ActionProcessor: starting CleanupPreviousUpdateAction
01-01 08:00:13.687 388 388 I update_engine: [INFO:cleanup_previous_update_action.cc(149)] Starting/resuming CleanupPreviousUpdateAction
01-01 08:00:13.691 388 388 I update_engine: [INFO:cleanup_previous_update_action.cc(124)] CleanupPreviousUpdateAction scheduled task ID 1 for WaitBootCompleted
01-01 08:00:13.738 372 372 D multiir : find target device, path=/dev/input/event0
01-01 08:00:13.743 372 453 D multiir : MultiirService create
01-01 08:00:13.744 192 192 E SELinux : avc: denied { add } for pid=372 uid=0 name=softwinner.multi_ir scontext=u:r:multi_ir:s0 tcontext=u:object_r:default_android_service:s0 tclass=service_manager permissive=1
01-01 08:00:13.752 285 285 E APM::HwModule: refreshSupportedDevices: invalid source devices for primary input
01-01 08:00:13.752 285 285 E APM::HwModule: refreshSupportedDevices: invalid source devices for fast input
01-01 08:00:13.757 285 285 D APM_EngineLoader: Loaded engine from libaudiopolicyenginedefault.so
01-01 08:00:13.758 285 285 D APM::AudioPolicyEngine/Base: loadAudioPolicyEngineConfig: No configuration found, using default matching phone experience.
01-01 08:00:13.776 285 285 W APM::AudioPolicyEngine/Base: loadAudioPolicyEngineConfig: No configuration of AUDIO_STREAM_ASSISTANT found, using default volume configuration
01-01 08:00:13.776 285 285 W APM::AudioPolicyEngine/Base: loadAudioPolicyEngineConfig: No configuration of AUDIO_STREAM_CALL_ASSISTANT found, using default volume configuration
01-01 08:00:13.807 260 260 V audio_hw_primary: init_audio_devices, line: 611
01-01 08:00:13.807 260 260 D audio_hw_primary: read card /sys/class/sound/card0/id
01-01 08:00:13.808 260 260 D audio_hw_primary: /sys/class/sound/card0/id, audiocodec, len: 11
01-01 08:00:13.808 260 260 D audio_hw_primary: linux name = audiocodec, android name = AUDIO_CODEC
01-01 08:00:13.808 260 260 D audio_hw_primary: find name map, card_id = audiocodec, card_name = AUDIO_CODEC
01-01 08:00:13.808 260 260 V audio_hw_primary: card: 0, name: AUDIO_CODEC, capture: 0, playback: 1
01-01 08:00:13.808 260 260 D audio_hw_primary: read card /sys/class/sound/card1/id
01-01 08:00:13.808 260 260 D audio_hw_primary: /sys/class/sound/card1/id, sndspdif, len: 9
01-01 08:00:13.808 260 260 D audio_hw_primary: linux name = sndspdif, android name = AUDIO_SPDIF
01-01 08:00:13.808 260 260 D audio_hw_primary: find name map, card_id = sndspdif, card_name = AUDIO_SPDIF
01-01 08:00:13.808 260 260 V audio_hw_primary: card: 1, name: AUDIO_SPDIF, capture: 1, playback: 1
01-01 08:00:13.808 260 260 D audio_hw_primary: read card /sys/class/sound/card2/id
01-01 08:00:13.808 260 260 D audio_hw_primary: /sys/class/sound/card2/id, ahubdam, len: 8
01-01 08:00:13.808 260 260 D audio_hw_primary: linux name = ahubdam, android name = AUDIO_DAM
01-01 08:00:13.808 260 260 D audio_hw_primary: find name map, card_id = ahubdam, card_name = AUDIO_DAM
01-01 08:00:13.808 260 260 V audio_hw_primary: card: 2, name: AUDIO_DAM, capture: 0, playback: 0
01-01 08:00:13.808 260 260 D audio_hw_primary: read card /sys/class/sound/card3/id
01-01 08:00:13.809 260 260 D audio_hw_primary: /sys/class/sound/card3/id, ahubhdmi, len: 9
01-01 08:00:13.809 260 260 D audio_hw_primary: linux name = ahubhdmi, android name = AUDIO_HDMI
01-01 08:00:13.809 260 260 D audio_hw_primary: find name map, card_id = ahubhdmi, card_name = AUDIO_HDMI
01-01 08:00:13.809 260 260 V audio_hw_primary: card: 3, name: AUDIO_HDMI, capture: 1, playback: 1
01-01 08:00:13.809 260 260 D audio_hw_primary: read card /sys/class/sound/card4/id
01-01 08:00:13.809 260 260 D audio_hw_primary: /sys/class/sound/card4/id, ahubi2s2, len: 9
01-01 08:00:13.809 260 260 D audio_hw_primary: linux name = ahubi2s2, android name = AUDIO_I2S2
01-01 08:00:13.809 260 260 D audio_hw_primary: find name map, card_id = ahubi2s2, card_name = AUDIO_I2S2
01-01 08:00:13.809 260 260 V audio_hw_primary: card: 4, name: AUDIO_I2S2, capture: 1, playback: 1
01-01 08:00:13.809 260 260 D audio_hw_primary: getCardNumbyName: name = AUDIO_CODEC , card = 0
01-01 08:00:13.809 260 260 D audio_hw_primary: getCardNumbyName: name = AUDIO_DAM , card = 2
01-01 08:00:13.809 260 260 D audio_hw_primary: getCardNumbyName: name = AUDIO_HDMI , card = 3
01-01 08:00:13.809 260 260 D audio_hw_primary: getCardNumbyName: name = AUDIO_I2S2 , card = 4
01-01 08:00:13.809 260 260 D audio_hw_primary: getCardNumbyName: name = AUDIO_SPDIF , card = 1
01-01 08:00:13.809 260 260 E audio_hw_primary: AUDIO_BT card does not exist
01-01 08:00:13.809 260 260 E audio_hw_primary: AUDIO_MIX card does not exist
01-01 08:00:13.809 260 260 V audio_hw_primary: init_audio_devices_active, line: 635
01-01 08:00:13.809 260 260 V audio_hw_primary: init_audio_devices_active: get property persist.vendor.audio.input.active: AUDIO_CODEC
01-01 08:00:13.808 1 1 I /system/bin/init: type=1107 audit(0.0:288): uid=0 auid=4294967295 ses=4294967295 subj=u:r:init:s0 msg='avc: denied { set } for property=persist.vendor.audio.input.active pid=260 uid=1041 gid=1005 scontext=u:r:hal_audio_default:s0 tcontext=u:object_r:vendor_default_prop:s0 tclass=property_service permissive=1'
01-01 08:00:13.820 260 260 V audio_hw_primary: set property persist.vendor.audio.input.active: AUDIO_CODEC ok
01-01 08:00:13.820 260 260 V audio_hw_primary: init_audio_devices_active: get property persist.vendor.audio.output.active: AUDIO_SPDIF,AUDIO_CODEC,AUDIO_HDMI
01-01 08:00:13.822 255 255 D Zygote : VMRuntime.setVerifierEnabled(false)
01-01 08:00:13.835 260 260 V audio_hw_primary: set property persist.vendor.audio.output.active: AUDIO_SPDIF,AUDIO_CODEC,AUDIO_HDMI ok
01-01 08:00:13.837 260 260 V audio_hw_primary: AUDIO_SPDIF output device will be active
01-01 08:00:13.837 260 260 V audio_hw_primary: AUDIO_CODEC output device will be active
01-01 08:00:13.837 260 260 V audio_hw_primary: AUDIO_HDMI output device will be active
01-01 08:00:13.838 260 260 D audio_hw_primary: XX 2 1 2 1
01-01 08:00:13.849 260 260 W audio_route: Control 'External Speaker Switch' doesn't exist - skipping
01-01 08:00:13.849 260 260 W audio_route: Control 'Headphone Switch' doesn't exist - skipping
01-01 08:00:13.849 260 260 W audio_route: Control 'Earpiece Switch' doesn't exist - skipping
01-01 08:00:13.849 260 260 W audio_route: Control 'AIF1IN0R Mux' doesn't exist - skipping
01-01 08:00:13.852 260 260 W audio_route: Control 'AIF1IN0L Mux' doesn't exist - skipping
01-01 08:00:13.852 260 260 W audio_route: Control 'DACR Mixer AIF1DA0R Switch' doesn't exist - skipping
01-01 08:00:13.852 260 260 W audio_route: Control 'DACL Mixer AIF1DA0L Switch' doesn't exist - skipping
01-01 08:00:13.852 260 260 W audio_route: Control 'AIF1OUT0L Mux' doesn't exist - skipping
01-01 08:00:13.852 260 260 W audio_route: Control 'AIF1OUT0R Mux' doesn't exist - skipping
01-01 08:00:13.852 260 260 W audio_route: Control 'AIF1 AD0L Mixer ADCL Switch' doesn't exist - skipping
01-01 08:00:13.852 260 260 W audio_route: Control 'AIF1 AD0R Mixer ADCR Switch' doesn't exist - skipping
01-01 08:00:13.852 260 260 W audio_route: Control 'ADCR Mux' doesn't exist - skipping
01-01 08:00:13.852 260 260 W audio_route: Control 'ADCL Mux' doesn't exist - skipping
01-01 08:00:13.852 260 260 W audio_route: Control 'HP_R Mux' doesn't exist - skipping
01-01 08:00:13.852 260 260 W audio_route: Control 'HP_L Mux' doesn't exist - skipping
01-01 08:00:13.853 260 260 W audio_route: Control 'HP_R Mux' doesn't exist - skipping
01-01 08:00:13.854 260 260 W audio_route: Control 'HP_L Mux' doesn't exist - skipping
01-01 08:00:13.854 260 260 W audio_route: Control 'Right Output Mixer DACR Switch' doesn't exist - skipping
01-01 08:00:13.854 260 260 W audio_route: Control 'Left Output Mixer DACL Switch' doesn't exist - skipping
01-01 08:00:13.854 260 260 W audio_route: Control 'SPK_L Mux' doesn't exist - skipping
01-01 08:00:13.854 260 260 W audio_route: Control 'SPK_R Mux' doesn't exist - skipping
01-01 08:00:13.854 260 260 W audio_route: Control 'External Speaker Switch' doesn't exist - skipping
01-01 08:00:13.854 260 260 W audio_route: Control 'Headphone Switch' doesn't exist - skipping
01-01 08:00:13.855 260 260 W audio_route: Control 'AIF1IN0R Mux' doesn't exist - skipping
01-01 08:00:13.856 260 260 W audio_route: Control 'AIF1IN0L Mux' doesn't exist - skipping
01-01 08:00:13.857 260 260 W audio_route: Control 'DACR Mixer AIF1DA0R Switch' doesn't exist - skipping
01-01 08:00:13.857 260 260 W audio_route: Control 'DACL Mixer AIF1DA0L Switch' doesn't exist - skipping
01-01 08:00:13.857 260 260 W audio_route: Control 'Left Output Mixer DACR Switch' doesn't exist - skipping
01-01 08:00:13.857 260 260 W audio_route: Control 'Left Output Mixer DACL Switch' doesn't exist - skipping
01-01 08:00:13.857 260 260 W audio_route: Control 'SPK_L Mux' doesn't exist - skipping
01-01 08:00:13.857 260 260 W audio_route: Control 'External Speaker Switch' doesn't exist - skipping
01-01 08:00:13.852 276 276 I EventThread: type=1400 audit(0.0:289): avc: denied { search } for name="extcon" dev="sysfs" ino=18109 scontext=u:r:hal_tv_cec_default:s0 tcontext=u:object_r:sysfs_extcon:s0 tclass=dir permissive=1
01-01 08:00:13.858 260 260 W audio_route: unknown enum value string 0 for ctl LINEOUTL src LR
01-01 08:00:13.859 260 260 W audio_route: unknown enum value string 0 for ctl LINEOUTR src LR
01-01 08:00:13.859 260 260 W audio_route: Control 'DACR Mixer AIF1DA0R Switch' doesn't exist - skipping
01-01 08:00:13.859 260 260 W audio_route: Control 'DACL Mixer AIF1DA0L Switch' doesn't exist - skipping
01-01 08:00:13.859 260 260 W audio_route: Control 'AIF1 AD0L Mixer ADCL Switch' doesn't exist - skipping
01-01 08:00:13.859 260 260 W audio_route: Control 'AIF1 AD0R Mixer ADCR Switch' doesn't exist - skipping
01-01 08:00:13.862 260 260 W audio_route: Control 'Left Output Mixer DACL Switch' doesn't exist - skipping
01-01 08:00:13.862 260 260 W audio_route: Control 'Left Output Mixer DACR Switch' doesn't exist - skipping
01-01 08:00:13.862 260 260 W audio_route: Control 'Right Output Mixer DACL Switch' doesn't exist - skipping
01-01 08:00:13.862 260 260 W audio_route: Control 'Right Output Mixer DACR Switch' doesn't exist - skipping
01-01 08:00:13.862 260 260 W audio_route: Control 'Headphone Switch' doesn't exist - skipping
01-01 08:00:13.862 260 260 W audio_route: Control 'External Speaker Switch' doesn't exist - skipping
01-01 08:00:13.863 260 260 W audio_route: Control 'AIF1OUT0R Mux' doesn't exist - skipping
01-01 08:00:13.863 260 260 W audio_route: Control 'AIF1OUT0L Mux' doesn't exist - skipping
01-01 08:00:13.863 260 260 W audio_route: Control 'AIF1 AD0R Mixer ADCR Switch' doesn't exist - skipping
