05-30 08:38:36.663 484 484 V StorageManagerService: Package com.android.pacprocessor does not have legacy storage
05-30 08:38:36.663 484 484 V StorageManagerService: Package com.android.simappdialog does not have legacy storage
05-30 08:38:36.663 484 484 V StorageManagerService: Package com.android.networkstack does not have legacy storage
05-30 08:38:36.663 484 507 D CompatibilityChangeReporter: Compat change id reported: 168419799; UID 1073; state: DISABLED
05-30 08:38:36.663 484 484 V StorageManagerService: Package com.android.connectivity.resources does not have legacy storage
05-30 08:38:36.664 484 484 V StorageManagerService: Package com.android.modulemetadata does not have legacy storage
05-30 08:38:36.664 484 484 V StorageManagerService: Package com.android.certinstaller does not have legacy storage
05-30 08:38:36.664 484 484 V StorageManagerService: Package com.android.carrierconfig does not have legacy storage
05-30 08:38:36.664 484 484 V StorageManagerService: Package com.google.android.apps.searchlite.overlay does not have legacy storage
05-30 08:38:36.664 484 484 V StorageManagerService: Package com.android.internal.systemui.navbar.threebutton does not have legacy storage
05-30 08:38:36.664 484 484 V StorageManagerService: Package android does not have legacy storage
05-30 08:38:36.664 484 484 V StorageManagerService: Package com.google.android.networkstackconfig does not have legacy storage
05-30 08:38:36.664 484 484 V StorageManagerService: Package com.softwinner.settingssetup does not have legacy storage
05-30 08:38:36.664 484 484 V StorageManagerService: Package com.android.egg does not have legacy storage
05-30 08:38:36.664 484 484 V StorageManagerService: Package com.android.mtp does not have legacy storage
05-30 08:38:36.664 484 484 V StorageManagerService: Package com.android.backupconfirm does not have legacy storage
05-30 08:38:36.665 484 484 V StorageManagerService: Package com.softwinner.timerswitch does not have legacy storage
05-30 08:38:36.665 484 484 V StorageManagerService: Package com.android.statementservice does not have legacy storage
05-30 08:38:36.665 484 484 V StorageManagerService: Package com.dangbei.screencast has legacy storage
05-30 08:38:36.665 484 484 V StorageManagerService: Package com.android.settings.intelligence does not have legacy storage
05-30 08:38:36.665 484 484 V StorageManagerService: Package com.android.internal.systemui.navbar.gestural_extra_wide_back does not have legacy storage
05-30 08:38:36.665 484 484 V StorageManagerService: Package com.dangbei.leard.leradlauncher does not have legacy storage
05-30 08:38:36.665 484 484 V StorageManagerService: Package com.android.providers.settings does not have legacy storage
05-30 08:38:36.665 484 484 V StorageManagerService: Package com.android.sharedstoragebackup does not have legacy storage
05-30 08:38:36.665 484 484 V StorageManagerService: Package com.android.printspooler does not have legacy storage
05-30 08:38:36.665 484 484 V StorageManagerService: Package com.android.dreams.basic does not have legacy storage
05-30 08:38:36.665 484 484 V StorageManagerService: Package com.android.webview does not have legacy storage
05-30 08:38:36.665 484 484 V StorageManagerService: Package com.android.se does not have legacy storage
05-30 08:38:36.665 484 484 V StorageManagerService: Package com.android.tv does not have legacy storage
05-30 08:38:36.665 484 484 V StorageManagerService: Package com.android.inputdevices does not have legacy storage
05-30 08:38:36.665 484 484 V StorageManagerService: Package com.android.bips does not have legacy storage
05-30 08:38:36.666 484 484 V StorageManagerService: Package com.oranth.inputmacsn does not have legacy storage
05-30 08:38:36.666 484 484 V StorageManagerService: Package com.android.musicfx does not have legacy storage
05-30 08:38:36.666 484 484 V StorageManagerService: Package com.dangbei.hqguide does not have legacy storage
05-30 08:38:36.666 484 484 V StorageManagerService: Package com.dangbei.hqmedia does not have legacy storage
05-30 08:38:36.666 484 484 V StorageManagerService: Package android.ext.shared does not have legacy storage
05-30 08:38:36.666 484 484 V StorageManagerService: Package com.android.onetimeinitializer does not have legacy storage
05-30 08:38:36.666 484 484 V StorageManagerService: Package com.android.keychain does not have legacy storage
05-30 08:38:36.666 484 484 V StorageManagerService: Package com.android.printservice.recommendation does not have legacy storage
05-30 08:38:36.666 484 484 V StorageManagerService: Package com.google.android.networkstack.tetheringconfig does not have legacy storage
05-30 08:38:36.666 484 484 V StorageManagerService: Package android.ext.services does not have legacy storage
05-30 08:38:36.666 484 484 V StorageManagerService: Package com.android.wifi.resources does not have legacy storage
05-30 08:38:36.666 484 484 V StorageManagerService: Package com.android.localtransport does not have legacy storage
05-30 08:38:36.666 484 484 V StorageManagerService: Package com.android.packageinstaller does not have legacy storage
05-30 08:38:36.666 484 484 V StorageManagerService: Package com.android.theme.font.notoserifsource does not have legacy storage
05-30 08:38:36.666 484 484 V StorageManagerService: Package com.android.proxyhandler does not have legacy storage
05-30 08:38:36.666 484 484 V StorageManagerService: Package com.softwinner.screenshot does not have legacy storage
05-30 08:38:36.667 484 484 V StorageManagerService: Package com.android.managedprovisioning does not have legacy storage
05-30 08:38:36.667 484 484 V StorageManagerService: Package com.oranth.usbopenft does not have legacy storage
05-30 08:38:36.667 484 484 V StorageManagerService: Package com.android.networkstack.tethering does not have legacy storage
05-30 08:38:36.667 484 484 V StorageManagerService: Package com.android.soundpicker does not have legacy storage
05-30 08:38:36.667 484 484 V StorageManagerService: Package com.dangbei.lerad.etna.haqu does not have legacy storage
05-30 08:38:36.667 484 484 V StorageManagerService: Package com.allwinnertech.packageoverride does not have legacy storage
05-30 08:38:36.667 484 484 V StorageManagerService: Package com.android.smspush does not have legacy storage
05-30 08:38:36.667 484 484 V StorageManagerService: Package com.android.wallpaper.livepicker does not have legacy storage
05-30 08:38:36.667 484 484 V StorageManagerService: Package com.tv.filemanager.os has legacy storage
05-30 08:38:36.668 484 484 V StorageManagerService: Package com.oranth.powerwindow does not have legacy storage
05-30 08:38:36.668 484 484 V StorageManagerService: Package com.android.storagemanager does not have legacy storage
05-30 08:38:36.668 484 484 V StorageManagerService: Package com.android.bookmarkprovider does not have legacy storage
05-30 08:38:36.668 484 484 V StorageManagerService: Package com.android.networkstack.permissionconfig does not have legacy storage
05-30 08:38:36.668 484 546 W BestClock: java.time.DateTimeException: Missing NTP fix
05-30 08:38:36.668 484 484 V StorageManagerService: Package com.android.cts.ctsshim does not have legacy storage
05-30 08:38:36.668 484 484 V StorageManagerService: Package com.dangbei.lerad.screensaver does not have legacy storage
05-30 08:38:36.668 484 484 V StorageManagerService: Package com.android.remoteprovisioner does not have legacy storage
05-30 08:38:36.668 484 484 V StorageManagerService: Package com.softwinner.theme.icon does not have legacy storage
05-30 08:38:36.668 484 484 V StorageManagerService: Package com.android.wallpaper does not have legacy storage
05-30 08:38:36.668 484 618 W BestClock: java.time.DateTimeException: Missing NTP fix
05-30 08:38:36.668 484 484 V StorageManagerService: Package com.android.vpndialogs does not have legacy storage
05-30 08:38:36.668 484 484 V StorageManagerService: Package com.android.music does not have legacy storage
05-30 08:38:36.668 484 484 V StorageManagerService: Package com.android.shell does not have legacy storage
05-30 08:38:36.668 484 484 V StorageManagerService: Package com.android.wallpaperbackup does not have legacy storage
05-30 08:38:36.668 484 484 V StorageManagerService: Package com.android.providers.blockednumber does not have legacy storage
05-30 08:38:36.668 484 484 V StorageManagerService: Package com.android.providers.userdictionary does not have legacy storage
05-30 08:38:36.669 484 484 V StorageManagerService: Package com.android.providers.media.module does not have legacy storage
05-30 08:38:36.669 484 484 V StorageManagerService: Package com.softwinner.theme.color does not have legacy storage
05-30 08:38:36.669 484 484 V StorageManagerService: Package com.oranth.storage does not have legacy storage
05-30 08:38:36.669 484 484 V StorageManagerService: Package com.android.hotspot2.osulogin does not have legacy storage
05-30 08:38:36.669 484 484 V StorageManagerService: Package com.android.internal.systemui.navbar.gestural does not have legacy storage
05-30 08:38:36.669 484 484 V StorageManagerService: Package com.android.location.fused does not have legacy storage
05-30 08:38:36.669 484 484 V StorageManagerService: Package com.android.systemui does not have legacy storage
05-30 08:38:36.669 484 484 V StorageManagerService: Package com.dangbei.haqusetting does not have legacy storage
05-30 08:38:36.669 484 484 V StorageManagerService: Package com.android.bluetoothmidiservice does not have legacy storage
05-30 08:38:36.669 484 618 W BestClock: java.time.DateTimeException: Missing NTP fix
05-30 08:38:36.669 484 484 V StorageManagerService: Package com.softwinner.awmanager does not have legacy storage
05-30 08:38:36.669 484 484 V StorageManagerService: Package com.android.permissioncontroller does not have legacy storage
05-30 08:38:36.669 484 484 V StorageManagerService: Package com.softwinner.miracastReceiver does not have legacy storage
05-30 08:38:36.669 484 484 V StorageManagerService: Package com.android.traceur does not have legacy storage
05-30 08:38:36.669 484 484 V StorageManagerService: Package com.android.bluetooth does not have legacy storage
05-30 08:38:36.670 484 484 V StorageManagerService: Package com.android.providers.contacts does not have legacy storage
05-30 08:38:36.670 484 484 V StorageManagerService: Package com.android.captiveportallogin does not have legacy storage
05-30 08:38:36.670 484 484 V StorageManagerService: Package com.android.internal.systemui.navbar.gestural_narrow_back does not have legacy storage
05-30 08:38:36.670 484 484 V StorageManagerService: Package android.auto_generated_rro_vendor__ does not have legacy storage
05-30 08:38:36.671 766 766 D CompatibilityChangeReporter: Compat change id reported: 171979766; UID 1073; state: ENABLED
05-30 08:38:36.675 484 484 W VoiceInteractionManager: no available voice recognition services found for user 0
05-30 08:38:36.676 484 484 W AppBindingService: [Default SMS app] u0 Target package not found
05-30 08:38:36.679 386 386 V C2Store : in ~ComponentModule
05-30 08:38:36.679 386 386 V C2Store : unloading dll
05-30 08:38:36.679 386 386 V C2Store : in init
05-30 08:38:36.679 386 386 V C2Store : loading dll
05-30 08:38:36.680 484 484 V GameManagerService: Settings file doesn't exists, skip reading
05-30 08:38:36.680 484 484 D SystemServerTiming: ssm.StartUser-0 took to complete: 41ms
05-30 08:38:36.680 484 484 I SystemServerTiming: startPersistentApps
05-30 08:38:36.682 484 484 D CompatibilityChangeReporter: Compat change id reported: 135634846; UID 1068; state: DISABLED
05-30 08:38:36.689 386 386 V C2Store : in ~ComponentModule
05-30 08:38:36.689 386 386 V C2Store : unloading dll
05-30 08:38:36.689 386 386 V C2Store : in init
05-30 08:38:36.689 386 386 V C2Store : loading dll
01-01 08:00:21.864 33 33 I WCN : marlin_write_cali_data sync init_state:0xf0f0f0f1
01-01 08:00:21.872 33 33 I WCN : sdio_config bt_wake_host trigger:[high]
05-30 08:38:36.695 254 254 I netd : trafficSwapActiveStatsMap() <26.84ms>
05-30 08:38:36.701 254 254 I netd : tetherGetStats() -> {[]} <4.35ms>
01-01 08:00:21.879 33 33 I WCN : sdio_config irq:[inband]
05-30 08:38:36.705 386 386 V C2Store : in ~ComponentModule
05-30 08:38:36.705 386 386 V C2Store : unloading dll
05-30 08:38:36.706 386 386 V C2Store : in init
05-30 08:38:36.706 386 386 V C2Store : loading dll
05-30 08:38:36.709 711 711 I WebViewLoader-: System.exit called, status: 0
05-30 08:38:36.709 711 711 I AndroidRuntime: VM exiting with result code 0, cleanup skipped.
05-30 08:38:36.709 484 546 W BestClock: java.time.DateTimeException: Missing NTP fix
01-01 08:00:21.885 33 33 I WCN : sdio_config wake_host_level_duration_time:[20ms]
05-30 08:38:36.713 255 255 D Zygote : Forked child process 786
05-30 08:38:36.713 484 546 W BestClock: java.time.DateTimeException: Missing NTP fix
01-01 08:00:21.894 33 33 I WCN : sdio_config wake_host_data_separation:[bt/wifi reuse]
05-30 08:38:36.722 786 786 I Zygote : seccomp disabled by setenforce 0
01-01 08:00:21.903 33 33 I WCN : marlin_send_sdio_config_to_cp sdio_config:0x80f01 (enable config)
01-01 08:00:21.913 33 33 I WCN : marlin_write_cali_data finish
05-30 08:38:36.740 255 255 I Zygote : Process 711 exited cleanly (0)
05-30 08:38:36.741 484 548 W ActivityManager: Slow operation: 59ms so far, now at startProcess: returned from zygote!
05-30 08:38:36.742 255 255 W Zygote : forkRepeatedly terminated due to non-simple command
05-30 08:38:36.742 255 255 D Zygote : mbuffer starts with 14, nice name is webview_zygote, mEnd = 401, mNext = 159, mLinesLeft = 6, mFd = 4
05-30 08:38:36.744 407 425 I adbd : jdwp connection from 786
01-01 08:00:21.919 33 33 I WCN : check_cp_ready sync val:0xf0f0f0f2, prj_type val:0xe0e0e0e0
05-30 08:38:36.747 484 484 D SystemServerTiming: startPersistentApps took to complete: 66ms
05-30 08:38:36.747 484 484 I SystemServerTiming: startHomeOnAllDisplays
05-30 08:38:36.747 254 254 I netd : trafficSwapActiveStatsMap() <33.35ms>
05-30 08:38:36.752 254 254 I netd : tetherGetStats() -> {[]} <2.90ms>
05-30 08:38:36.754 484 484 I ActivityStarter: ---START u0 {act=android.intent.action.MAIN cat=[android.intent.category.HOME] flg=0x10000100 cmp=com.android.tv.settings/.system.FallbackHome (has extras)} from uid 0
05-30 08:38:36.755 484 546 W BestClock: java.time.DateTimeException: Missing NTP fix
05-30 08:38:36.758 484 546 W BestClock: java.time.DateTimeException: Missing NTP fix
05-30 08:38:36.762 386 386 V C2Store : in ~ComponentModule
05-30 08:38:36.764 386 386 V C2Store : unloading dll
05-30 08:38:36.769 386 386 V C2Store : in init
05-30 08:38:36.770 386 386 V C2Store : loading dll
05-30 08:38:36.773 255 255 D Zygote : Forked child process 807
05-30 08:38:36.777 484 710 W ZygoteProcess: Got error connecting to zygote, retrying. msg= Connection refused
05-30 08:38:36.784 807 807 I Zygote : seccomp disabled by setenforce 0
05-30 08:38:36.784 254 254 I netd : trafficSwapActiveStatsMap() <25.23ms>
01-01 08:00:21.956 33 33 I WCN : check_cp_ready sync val:0xf0f0f0f2, prj_type val:0xe0e0e0e0
05-30 08:38:36.788 254 254 I netd : tetherGetStats() -> {[]} <2.76ms>
05-30 08:38:36.790 484 546 W BestClock: java.time.DateTimeException: Missing NTP fix
05-30 08:38:36.794 807 807 I WebViewZygoteInit: Starting WebViewZygoteInit
05-30 08:38:36.792 335 335 I rainbow_flow: type=1400 audit(0.0:334): avc: denied { ioctl } for path="/dev/spidev1.0" dev="tmpfs" ino=3840 ioctlcmd=0x6b00 scontext=u:r:init:s0 tcontext=u:object_r:device:s0 tclass=chr_file permissive=1
05-30 08:38:36.797 484 546 W BestClock: java.time.DateTimeException: Missing NTP fix
05-30 08:38:36.798 386 386 V C2Store : in ~ComponentModule
05-30 08:38:36.798 386 386 V C2Store : unloading dll
05-30 08:38:36.798 386 386 V C2Store : in init
05-30 08:38:36.798 386 386 V C2Store : loading dll
05-30 08:38:36.798 807 807 I Zygote : seccomp disabled by setenforce 0
05-30 08:38:36.796 689 689 I ndroid.systemui: type=1400 audit(0.0:335): avc: denied { search } for name="com.android.systemui" dev="mmcblk0p25" ino=483 scontext=u:r:platform_app:s0:c512,c768 tcontext=u:object_r:app_data_file:s0:c512,c768 tclass=dir permissive=1 app=com.softwinner.screenshot
05-30 08:38:36.801 689 689 V GraphicsEnvironment: ANGLE Developer option for 'com.android.systemui' set to: 'default'
05-30 08:38:36.801 689 689 V GraphicsEnvironment: Neither updatable production driver nor prerelease driver is supported.
05-30 08:38:36.804 689 689 D NetworkSecurityConfig: No Network Security Config specified, using platform default
05-30 08:38:36.805 766 766 V GraphicsEnvironment: ANGLE Developer option for 'com.android.networkstack' set to: 'default'
05-30 08:38:36.805 689 689 D NetworkSecurityConfig: No Network Security Config specified, using platform default
05-30 08:38:36.805 766 766 V GraphicsEnvironment: Neither updatable production driver nor prerelease driver is supported.
05-30 08:38:36.808 386 386 I mediaswcodec: missing struct descriptor #Param::CoreIndex(--004) for field values of struct #Param::CoreIndex(F-12004)
05-30 08:38:36.808 386 386 I mediaswcodec: missing struct descriptor #Param::CoreIndex(--1812) for field values of struct #Param::CoreIndex(F-11812)
05-30 08:38:36.808 766 766 D NetworkSecurityConfig: No Network Security Config specified, using platform default
05-30 08:38:36.810 766 766 D NetworkSecurityConfig: No Network Security Config specified, using platform default
05-30 08:38:36.810 386 386 V C2Store : in ~ComponentModule
05-30 08:38:36.810 386 386 V C2Store : unloading dll
05-30 08:38:36.810 386 386 V C2Store : in init
05-30 08:38:36.810 386 386 V C2Store : loading dll
05-30 08:38:36.822 386 386 V C2Store : in ~ComponentModule
05-30 08:38:36.822 386 386 V C2Store : unloading dll
05-30 08:38:36.822 386 386 V C2Store : in init
05-30 08:38:36.822 386 386 V C2Store : loading dll
01-01 08:00:21.992 33 33 I WCN : check_cp_ready sync val:0xf0f0f0f2, prj_type val:0xe0e0e0e0
05-30 08:38:36.823 254 254 I netd : trafficSwapActiveStatsMap() <25.67ms>
05-30 08:38:36.820 276 276 I EventThread: type=1400 audit(0.0:336): avc: denied { search } for name="extcon" dev="sysfs" ino=18109 scontext=u:r:hal_tv_cec_default:s0 tcontext=u:object_r:sysfs_extcon:s0 tclass=dir permissive=1
05-30 08:38:36.826 254 254 I netd : tetherGetStats() -> {[]} <2.23ms>
05-30 08:38:36.829 484 546 W BestClock: java.time.DateTimeException: Missing NTP fix
05-30 08:38:36.832 386 386 V C2Store : in ~ComponentModule
05-30 08:38:36.832 386 386 V C2Store : unloading dll
05-30 08:38:36.833 386 386 V C2Store : in init
05-30 08:38:36.833 386 386 V C2Store : loading dll
05-30 08:38:36.833 484 546 W BestClock: java.time.DateTimeException: Missing NTP fix
05-30 08:38:36.834 807 807 I WebViewZygoteInit: Beginning application preload for com.android.webview
05-30 08:38:36.838 689 689 V SystemUIService: SystemUIApplication constructed.
05-30 08:38:36.844 386 386 V C2Store : in ~ComponentModule
05-30 08:38:36.844 386 386 V C2Store : unloading dll
05-30 08:38:36.845 807 807 D nativeloader: classloader namespace configured for unbundled product apk. library_path=/product/app/webview/lib/arm:/product/app/webview/webview.apk!/lib/armeabi-v7a:/product/lib:/system/product/lib
05-30 08:38:36.845 386 386 V C2Store : in init
05-30 08:38:36.845 386 386 V C2Store : loading dll
05-30 08:38:36.859 254 254 I netd : trafficSwapActiveStatsMap() <25.78ms>
01-01 08:00:22.028 33 33 I WCN : check_cp_ready sync val:0xf0f0f0ff, prj_type val:0xe0e0e0e0
01-01 08:00:22.037 33 33 I sdiohal : sdiohal_runtime_get entry
05-30 08:38:36.866 386 386 V C2Store : in ~ComponentModule
05-30 08:38:36.866 254 254 I netd : tetherGetStats() -> {[]} <4.95ms>
05-30 08:38:36.867 386 386 V C2Store : unloading dll
05-30 08:38:36.867 386 386 V C2Store : in init
05-30 08:38:36.867 386 386 V C2Store : loading dll
01-01 08:00:22.044 33 33 D : [xw] before reg = 0x1
01-01 08:00:22.049 33 33 D : [xw] after reg = 0x3
05-30 08:38:36.869 484 546 W BestClock: java.time.DateTimeException: Missing NTP fix
05-30 08:38:36.874 484 546 W BestClock: java.time.DateTimeException: Missing NTP fix
05-30 08:38:36.878 484 484 D CompatibilityChangeReporter: Compat change id reported: 174042980; UID 1000; state: DISABLED
01-01 08:00:22.055 33 33 I WCN : get_cp2_version entry!
05-30 08:38:36.884 386 386 V C2Store : in ~ComponentModule
05-30 08:38:36.884 386 386 V C2Store : unloading dll
05-30 08:38:36.885 386 386 V C2Store : in init
05-30 08:38:36.885 386 386 V C2Store : loading dll
05-30 08:38:36.880 689 689 I ndroid.systemui: type=1400 audit(0.0:337): avc: denied { getattr } for path="/data/user_de/0/com.android.systemui/cache" dev="mmcblk0p25" ino=484 scontext=u:r:platform_app:s0:c512,c768 tcontext=u:object_r:app_data_file:s0:c512,c768 tclass=dir permissive=1 app=com.softwinner.screenshot
05-30 08:38:36.887 254 254 I netd : trafficSwapActiveStatsMap() <12.85ms>
05-30 08:38:36.889 484 484 D libcheckfile: checkfile_init
05-30 08:38:36.890 484 484 D ActivityTaskManager: isHomeLauncher info= ActivityInfo{a97e4f9 com.android.tv.settings.system.FallbackHome}
05-30 08:38:36.891 484 817 W StorageManagerService: No primary storage defined yet; hacking together a stub
05-30 08:38:36.892 254 254 I netd : tetherGetStats() -> {[]} <3.42ms>
05-30 08:38:36.895 484 546 W BestClock: java.time.DateTimeException: Missing NTP fix
05-30 08:38:36.892 819 819 I system_server: type=1400 audit(0.0:338): avc: denied { execute } for name="su" dev="dm-2" ino=3480 scontext=u:r:system_server:s0 tcontext=u:object_r:su_exec:s0 tclass=file permissive=1
05-30 08:38:36.892 819 819 I system_server: type=1400 audit(0.0:339): avc: denied { read open } for path="/system/xbin/su" dev="dm-2" ino=3480 scontext=u:r:system_server:s0 tcontext=u:object_r:su_exec:s0 tclass=file permissive=1
05-30 08:38:36.892 819 819 I system_server: type=1400 audit(0.0:340): avc: denied { execute_no_trans } for path="/system/xbin/su" dev="dm-2" ino=3480 scontext=u:r:system_server:s0 tcontext=u:object_r:su_exec:s0 tclass=file permissive=1
05-30 08:38:36.896 819 819 I su : type=1400 audit(0.0:341): avc: denied { map } for path="/system/xbin/su" dev="dm-2" ino=3480 scontext=u:r:system_server:s0 tcontext=u:object_r:su_exec:s0 tclass=file permissive=1
05-30 08:38:36.900 484 546 W BestClock: java.time.DateTimeException: Missing NTP fix
05-30 08:38:36.901 386 386 V C2Store : in ~ComponentModule
05-30 08:38:36.902 386 386 V C2Store : unloading dll
05-30 08:38:36.902 386 386 V C2Store : in init
05-30 08:38:36.896 819 819 I su : type=1400 audit(0.0:342): avc: denied { getattr } for path="/system/xbin/su" dev="dm-2" ino=3480 scontext=u:r:system_server:s0 tcontext=u:object_r:su_exec:s0 tclass=file permissive=1
05-30 08:38:36.902 275 275 I AW_PowerHAL: Power setMode: SUSTAINED_PERFORMANCE to: 1
05-30 08:38:36.904 275 275 W AW_PowerHAL: Could not open nsi-bw: No such file or directory
05-30 08:38:36.904 275 275 I AW_PowerHAL: cur-mode:PERFORMANCE
05-30 08:38:36.911 484 484 D SystemServerTiming: startHomeOnAllDisplays took to complete: 164ms
05-30 08:38:36.912 484 484 I SystemServerTiming: showSystemReadyErrorDialogs
05-30 08:38:36.915 484 484 I system_server: getFrameworkHalManifest: Reading VINTF information.
05-30 08:38:36.912 819 819 I su : type=1400 audit(0.0:343): avc: denied { read } for name="u:object_r:vendor_default_prop:s0" dev="tmpfs" ino=1441 scontext=u:r:system_server:s0 tcontext=u:object_r:vendor_default_prop:s0 tclass=file permissive=1
05-30 08:38:36.912 819 819 I su : type=1400 audit(0.0:344): avc: denied { open } for path="/dev/__properties__/u:object_r:vendor_default_prop:s0" dev="tmpfs" ino=1441 scontext=u:r:system_server:s0 tcontext=u:object_r:vendor_default_prop:s0 tclass=file permissive=1
05-30 08:38:36.912 819 819 I su : type=1400 audit(0.0:345): avc: denied { getattr } for path="/dev/__properties__/u:object_r:vendor_default_prop:s0" dev="tmpfs" ino=1441 scontext=u:r:system_server:s0 tcontext=u:object_r:vendor_default_prop:s0 tclass=file permissive=1
05-30 08:38:36.912 819 819 I su : type=1400 audit(0.0:346): avc: denied { map } for path="/dev/__properties__/u:object_r:vendor_default_prop:s0" dev="tmpfs" ino=1441 scontext=u:r:system_server:s0 tcontext=u:object_r:vendor_default_prop:s0 tclass=file permissive=1
05-30 08:38:36.920 484 484 I system_server: getDeviceHalManifest: Reading VINTF information.
05-30 08:38:36.922 386 386 V C2Store : in ~ComponentModule
05-30 08:38:36.922 386 386 V C2Store : unloading dll
05-30 08:38:36.922 386 386 V C2Store : in init
05-30 08:38:36.922 386 386 V C2Store : loading dll
05-30 08:38:36.927 484 484 I system_server: getDeviceHalManifest: Successfully processed VINTF information
05-30 08:38:36.927 484 484 I system_server: getFrameworkHalManifest: Successfully processed VINTF information
05-30 08:38:36.927 484 484 I system_server: getFrameworkCompatibilityMatrix: Reading VINTF information.
05-30 08:38:36.927 254 254 I netd : trafficSwapActiveStatsMap() <26.77ms>
05-30 08:38:36.932 254 254 I netd : tetherGetStats() -> {[]} <3.40ms>
05-30 08:38:36.934 386 386 V C2Store : in ~ComponentModule
05-30 08:38:36.934 386 386 V C2Store : unloading dll
05-30 08:38:36.936 386 386 V C2Store : in init
05-30 08:38:36.936 386 386 V C2Store : loading dll
05-30 08:38:36.936 484 546 W BestClock: java.time.DateTimeException: Missing NTP fix
05-30 08:38:36.939 484 546 W BestClock: java.time.DateTimeException: Missing NTP fix
05-30 08:38:36.941 807 807 I WebViewZygoteInit: Application preload done
05-30 08:38:36.945 386 386 I mediaswcodec: missing struct descriptor #Param::CoreIndex(--004) for field values of struct #Param::CoreIndex(F-12004)
05-30 08:38:36.947 386 386 D C2SoftHevcEnc: Given level 6000 does not cover current configuration: adjusting to 6001
05-30 08:38:36.948 386 386 V C2Store : in ~ComponentModule
05-30 08:38:36.948 386 386 V C2Store : unloading dll
05-30 08:38:36.948 386 386 V C2Store : in init
05-30 08:38:36.948 386 386 V C2Store : loading dll
05-30 08:38:36.955 386 386 V C2Store : in ~ComponentModule
05-30 08:38:36.955 386 386 V C2Store : unloading dll
05-30 08:38:36.955 386 386 V C2Store : in init
05-30 08:38:36.955 386 386 V C2Store : loading dll
05-30 08:38:36.963 386 386 V C2Store : in ~ComponentModule
05-30 08:38:36.963 386 386 V C2Store : unloading dll
05-30 08:38:36.963 386 386 V C2Store : in init
05-30 08:38:36.963 386 386 V C2Store : loading dll
05-30 08:38:36.968 386 386 V C2Store : in ~ComponentModule
05-30 08:38:36.968 386 386 V C2Store : unloading dll
05-30 08:38:36.968 386 386 V C2Store : in init
05-30 08:38:36.968 386 386 V C2Store : loading dll
05-30 08:38:36.974 386 386 V C2Store : in ~ComponentModule
05-30 08:38:36.974 386 386 V C2Store : unloading dll
05-30 08:38:36.974 386 386 V C2Store : in init
05-30 08:38:36.974 386 386 V C2Store : loading dll
05-30 08:38:36.979 254 254 I netd : trafficSwapActiveStatsMap() <39.34ms>
05-30 08:38:36.984 386 386 V C2Store : in ~ComponentModule
05-30 08:38:36.984 386 386 V C2Store : unloading dll
05-30 08:38:36.984 386 386 V C2Store : in init
05-30 08:38:36.984 386 386 V C2Store : loading dll
05-30 08:38:36.985 254 254 I netd : tetherGetStats() -> {[]} <2.13ms>
05-30 08:38:36.987 484 546 W BestClock: java.time.DateTimeException: Missing NTP fix
05-30 08:38:36.989 386 386 V C2Store : in ~ComponentModule
05-30 08:38:36.990 386 386 V C2Store : unloading dll
05-30 08:38:36.990 484 546 W BestClock: java.time.DateTimeException: Missing NTP fix
05-30 08:38:36.990 386 386 V C2Store : in init
05-30 08:38:36.990 386 386 V C2Store : loading dll
05-30 08:38:36.994 386 386 V C2Store : in ~ComponentModule
05-30 08:38:36.994 386 386 V C2Store : unloading dll
05-30 08:38:36.994 386 386 V C2Store : in init
05-30 08:38:36.994 386 386 V C2Store : loading dll
05-30 08:38:36.999 386 386 V C2Store : in ~ComponentModule
05-30 08:38:36.999 386 386 V C2Store : unloading dll
05-30 08:38:36.999 386 386 V C2Store : in init
05-30 08:38:36.999 386 386 V C2Store : loading dll
05-30 08:38:37.006 386 386 V C2Store : in ~ComponentModule
05-30 08:38:37.006 386 386 V C2Store : unloading dll
05-30 08:38:37.007 386 386 V C2Store : in init
05-30 08:38:37.007 386 386 V C2Store : loading dll
05-30 08:38:37.011 386 386 I C2SoftVp8Enc: setting temporal layering 0 + 0
05-30 08:38:37.013 386 386 V C2Store : in ~ComponentModule
05-30 08:38:37.013 386 386 V C2Store : unloading dll
05-30 08:38:37.014 386 386 V C2Store : in init
05-30 08:38:37.014 386 386 V C2Store : loading dll
05-30 08:38:37.020 386 386 V C2Store : in ~ComponentModule
05-30 08:38:37.020 386 386 V C2Store : unloading dll
05-30 08:38:37.020 386 386 V C2Store : in init
05-30 08:38:37.020 386 386 V C2Store : loading dll
05-30 08:38:37.024 386 386 I C2SoftVp9Enc: setting temporal layering 0 + 0
05-30 08:38:37.026 386 386 V C2Store : in ~ComponentModule
05-30 08:38:37.026 386 386 V C2Store : unloading dll
05-30 08:38:37.027 254 254 I netd : trafficSwapActiveStatsMap() <36.92ms>
05-30 08:38:37.028 484 484 I system_server: getFrameworkCompatibilityMatrix: Successfully processed VINTF information
05-30 08:38:37.028 371 481 D MediaCodecsXmlParser: parsing /apex/com.android.media.swcodec/etc/media_codecs.xml...
05-30 08:38:37.028 484 484 I system_server: getDeviceCompatibilityMatrix: Reading VINTF information.
05-30 08:38:37.029 484 484 I system_server: getDeviceCompatibilityMatrix: Successfully processed VINTF information
05-30 08:38:37.030 371 481 D MediaCodecsXmlParser: disabling c2.android.gsm.decoder
05-30 08:38:37.031 371 481 D MediaCodecsXmlParser: disabling c2.android.mpeg2.decoder
05-30 08:38:37.031 254 254 I netd : tetherGetStats() -> {[]} <2.46ms>
05-30 08:38:37.032 371 481 I MediaCodecsXmlParser: Did not find media_codecs_performance.xml in search path
05-30 08:38:37.033 371 481 I MediaCodecsXmlParser: Did not find media_codecs_c2.xml in search path
05-30 08:38:37.033 371 481 I MediaCodecsXmlParser: Did not find media_codecs_performance_c2.xml in search path
05-30 08:38:37.033 484 546 W BestClock: java.time.DateTimeException: Missing NTP fix
05-30 08:38:37.033 371 481 D MediaCodecsXmlParser: parsing /vendor/etc/media_codecs.xml...
05-30 08:38:37.034 371 481 D MediaCodecsXmlParser: parsing /vendor/etc/media_codecs_google_audio.xml...
05-30 08:38:37.034 371 481 D MediaCodecsXmlParser: unable to open media codecs configuration xml file: /vendor/etc/media_codecs_google_audio.xml
05-30 08:38:37.034 371 481 D MediaCodecsXmlParser: Setting: updating existing setting at line 97 of /vendor/etc/media_codecs.xml
05-30 08:38:37.035 484 546 W BestClock: java.time.DateTimeException: Missing NTP fix
05-30 08:38:37.037 371 481 D MediaCodecsXmlParser: parsing /vendor/etc/media_codecs_google_video.xml...
05-30 08:38:37.037 371 481 D MediaCodecsXmlParser: unable to open media codecs configuration xml file: /vendor/etc/media_codecs_google_video.xml
05-30 08:38:37.037 371 481 D MediaCodecsXmlParser: parsing /vendor/etc/media_codecs_performance.xml...
05-30 08:38:37.038 371 481 D MediaCodecsXmlParser: MediaCodec: cannot update non-existing codec: OMX.google.h264.encoder at line 25 of /vendor/etc/media_codecs_performance.xml
05-30 08:38:37.038 371 481 D MediaCodecsXmlParser: MediaCodec: cannot update non-existing codec: OMX.google.h263.encoder at line 31 of /vendor/etc/media_codecs_performance.xml
05-30 08:38:37.038 371 481 D MediaCodecsXmlParser: MediaCodec: cannot update non-existing codec: OMX.google.mpeg4.encoder at line 34 of /vendor/etc/media_codecs_performance.xml
05-30 08:38:37.038 371 481 D MediaCodecsXmlParser: MediaCodec: cannot update non-existing codec: OMX.google.vp8.encoder at line 37 of /vendor/etc/media_codecs_performance.xml
05-30 08:38:37.038 371 481 D MediaCodecsXmlParser: MediaCodec: cannot update non-existing codec: OMX.allwinner.video.decoder.h263 at line 59 of /vendor/etc/media_codecs_performance.xml
05-30 08:38:37.038 371 481 D MediaCodecsXmlParser: MediaCodec: cannot update non-existing codec: OMX.google.mpeg4.decoder at line 80 of /vendor/etc/media_codecs_performance.xml
05-30 08:38:37.038 371 481 D MediaCodecsXmlParser: MediaCodec: cannot update non-existing codec: OMX.google.h264.decoder at line 83 of /vendor/etc/media_codecs_performance.xml
05-30 08:38:37.038 371 481 D MediaCodecsXmlParser: MediaCodec: cannot update non-existing codec: OMX.google.h263.decoder at line 89 of /vendor/etc/media_codecs_performance.xml
05-30 08:38:37.038 371 481 D MediaCodecsXmlParser: MediaCodec: cannot update non-existing codec: OMX.google.hevc.decoder at line 93 of /vendor/etc/media_codecs_performance.xml
05-30 08:38:37.039 371 481 D MediaCodecsXmlParser: MediaCodec: cannot update non-existing codec: OMX.google.vp8.decoder at line 101 of /vendor/etc/media_codecs_performance.xml
05-30 08:38:37.039 371 481 D MediaCodecsXmlParser: MediaCodec: cannot update non-existing codec: OMX.google.vp9.decoder at line 107 of /vendor/etc/media_codecs_performance.xml
05-30 08:38:37.039 371 481 I MediaCodecsXmlParser: Did not find media_codecs_shaping.xml in search path
05-30 08:38:37.039 371 481 I MediaCodecsXmlParser: Did not find media_codecs_shaping.xml in search path
05-30 08:38:37.040 386 386 V C2Store : in init
05-30 08:38:37.040 386 386 V C2Store : loading dll
05-30 08:38:37.040 484 484 D SystemServerTiming: showSystemReadyErrorDialogs took to complete: 128ms
05-30 08:38:37.040 484 484 I SystemServerTiming: sendUserStartBroadcast
05-30 08:38:37.041 484 484 D SystemServerTiming: sendUserStartBroadcast took to complete: 0ms
05-30 08:38:37.041 484 484 I SystemServerTiming: resumeTopActivities
05-30 08:38:37.042 484 484 D SystemServerTiming: resumeTopActivities took to complete: 2ms
05-30 08:38:37.042 484 484 I SystemServerTiming: sendUserSwitchBroadcasts
05-30 08:38:37.042 484 484 D SystemServerTiming: sendUserSwitchBroadcasts took to complete: 0ms
05-30 08:38:37.043 484 484 I SystemServerTiming: setBinderProxies
05-30 08:38:37.043 484 484 D SystemServerTiming: setBinderProxies took to complete: 1ms
05-30 08:38:37.043 484 484 D SystemServerTiming: ActivityManagerStartApps took to complete: 405ms
05-30 08:38:37.043 484 484 D SystemServerTiming: PhaseActivityManagerReady took to complete: 1329ms
05-30 08:38:37.043 484 617 W system_server: Long monitor contention with owner main (484) at int com.android.server.am.UserController$Injector.broadcastIntent(android.content.Intent, java.lang.String, android.content.IIntentReceiver, int, java.lang.String, android.os.Bundle, java.lang.String[], int, android.os.Bundle, boolean, boolean, int, int, int, int, int)(UserController.java:2934) waiters=0 in int com.android.server.am.ActivityManagerService.broadcastIntentWithFeature(android.app.IApplicationThread, java.lang.String, android.content.Intent, java.lang.String, android.content.IIntentReceiver, int, java.lang.String, android.os.Bundle, java.lang.String[], java.lang.String[], int, android.os.Bundle, boolean, boolean, int) for 333ms
05-30 08:38:37.044 484 507 W system_server: Long monitor contention with owner main (484) at int com.android.server.am.UserController$Injector.broadcastIntent(android.content.Intent, java.lang.String, android.content.IIntentReceiver, int, java.lang.String, android.os.Bundle, java.lang.String[], int, android.os.Bundle, boolean, boolean, int, int, int, int, int)(UserController.java:2934) waiters=1 in void com.android.server.am.ActivityManagerService$AppDeathRecipient.binderDied() for 305ms
05-30 08:38:37.044 484 484 I SystemServerTiming: StartSystemUI
05-30 08:38:37.044 484 507 I ActivityManager: Process WebViewLoader-armeabi-v7a (pid 711) has died: psvc PER
05-30 08:38:37.045 484 550 I libprocessgroup: Successfully killed process cgroup uid 1037 pid 711 in 0ms
05-30 08:38:37.046 371 481 I Codec2InfoBuilder: adding type 'audio/mp4a-latm'
05-30 08:38:37.053 386 432 V C2Store : in ~ComponentModule
05-30 08:38:37.053 386 432 V C2Store : unloading dll
05-30 08:38:37.053 386 432 V C2Store : in init
05-30 08:38:37.053 386 432 V C2Store : loading dll
05-30 08:38:37.056 484 548 W ActivityManager: Slow operation: 375ms so far, now at startProcess: done updating battery stats
05-30 08:38:37.056 484 548 W ActivityManager: Slow operation: 375ms so far, now at startProcess: building log message
05-30 08:38:37.056 484 548 I ActivityManager: app.processName = com.android.se
05-30 08:38:37.056 484 548 I ActivityManager: Start proc 786:com.android.se/1068 for added application com.android.se
05-30 08:38:37.056 484 548 W ActivityManager: Slow operation: 375ms so far, now at startProcess: starting to update pids map
05-30 08:38:37.056 484 548 W ActivityManager: Slow operation: 375ms so far, now at startProcess: done updating pids map
05-30 08:38:37.059 371 481 I Codec2InfoBuilder: adding type 'audio/mp4a-latm'
05-30 08:38:37.059 484 508 D CompatibilityChangeReporter: Compat change id reported: 168419799; UID 1068; state: DISABLED
05-30 08:38:37.067 386 431 V C2Store : in init
05-30 08:38:37.067 254 254 I netd : trafficSwapActiveStatsMap() <31.38ms>
05-30 08:38:37.067 386 432 V C2Store : in ~ComponentModule
05-30 08:38:37.067 386 432 V C2Store : unloading dll
05-30 08:38:37.068 386 431 V C2Store : loading dll
05-30 08:38:37.070 254 254 I netd : tetherGetStats() -> {[]} <2.33ms>
05-30 08:38:37.073 484 546 W BestClock: java.time.DateTimeException: Missing NTP fix
05-30 08:38:37.073 786 786 D CompatibilityChangeReporter: Compat change id reported: 171979766; UID 1068; state: ENABLED
05-30 08:38:37.075 371 481 I Codec2InfoBuilder: adding type 'audio/3gpp'
05-30 08:38:37.076 386 431 V C2Store : in ~ComponentModule
05-30 08:38:37.076 386 822 V C2Store : in init
05-30 08:38:37.076 386 431 V C2Store : unloading dll
05-30 08:38:37.076 386 822 V C2Store : loading dll
05-30 08:38:37.072 689 689 I ndroid.systemui: type=1400 audit(0.0:347): avc: denied { search } for name="com.android.systemui" dev="mmcblk0p25" ino=483 scontext=u:r:platform_app:s0:c512,c768 tcontext=u:object_r:app_data_file:s0:c512,c768 tclass=dir permissive=1 app=com.softwinner.screenshot
05-30 08:38:37.078 484 533 I ActivityManager: com.android.tv.settings is exempt from freezer
05-30 08:38:37.079 484 533 D CompatibilityChangeReporter: Compat change id reported: 135634846; UID 1000; state: DISABLED
05-30 08:38:37.079 484 546 W BestClock: java.time.DateTimeException: Missing NTP fix
05-30 08:38:37.088 371 481 I Codec2InfoBuilder: adding type 'audio/3gpp'
05-30 08:38:37.089 386 431 V C2Store : in ~ComponentModule
05-30 08:38:37.089 386 431 V C2Store : unloading dll
05-30 08:38:37.093 484 627 D ConnectivityService: Got NetworkProvider Messenger for VpnNetworkProvider:0
05-30 08:38:37.094 386 432 V C2Store : in init
05-30 08:38:37.094 386 432 V C2Store : loading dll
05-30 08:38:37.095 254 254 I netd : trafficSwapActiveStatsMap() <15.68ms>
05-30 08:38:37.101 254 254 I netd : tetherGetStats() -> {[]} <4.90ms>
05-30 08:38:37.102 484 618 W BestClock: java.time.DateTimeException: Missing NTP fix
05-30 08:38:37.106 484 484 D JNIMultiir: Multiir JNI_OnLoad()
05-30 08:38:37.106 484 484 D JNIMultiir: init
05-30 08:38:37.108 371 481 I Codec2InfoBuilder: adding type 'audio/amr-wb'
05-30 08:38:37.109 386 822 V C2Store : in ~ComponentModule
05-30 08:38:37.109 386 822 V C2Store : unloading dll
05-30 08:38:37.110 386 431 V C2Store : in init
05-30 08:38:37.110 386 431 V C2Store : loading dll
05-30 08:38:37.111 484 546 W BestClock: java.time.DateTimeException: Missing NTP fix
05-30 08:38:37.115 255 255 D Zygote : Forked child process 824
05-30 08:38:37.117 484 618 W BestClock: java.time.DateTimeException: Missing NTP fix
05-30 08:38:37.117 484 546 W BestClock: java.time.DateTimeException: Missing NTP fix
05-30 08:38:37.117 484 533 I InputManager: Enabling motion classifier because user switched: feature enabled, long press timeout = 400
05-30 08:38:37.117 484 533 I InputClassifier: Enabling motion classifier
05-30 08:38:37.118 193 193 I hwservicemanager: getTransport: Cannot find entry android.hardware.input.classifier@1.0::IInputClassifier/default in either framework or device VINTF manifest.
05-30 08:38:37.119 484 825 I InputClassifier: Could not obtain InputClassifier HAL
05-30 08:38:37.120 484 618 W BestClock: java.time.DateTimeException: Missing NTP fix
05-30 08:38:37.122 484 548 I ActivityManager: app.processName = com.android.tv.settings
05-30 08:38:37.122 484 548 I ActivityManager: Start proc 824:com.android.tv.settings/1000 for top-activity {com.android.tv.settings/com.android.tv.settings.system.FallbackHome}
05-30 08:38:37.123 371 481 I Codec2InfoBuilder: adding type 'audio/amr-wb'
05-30 08:38:37.124 824 824 I Zygote : seccomp disabled by setenforce 0
05-30 08:38:37.124 386 386 V C2Store : in init
05-30 08:38:37.124 386 386 V C2Store : loading dll
05-30 08:38:37.129 676 676 V AdapterServiceConfig: Adding HeadsetService
05-30 08:38:37.129 676 676 V AdapterServiceConfig: Adding A2dpService
05-30 08:38:37.130 676 676 V AdapterServiceConfig: Adding HidHostService
05-30 08:38:37.130 676 676 V AdapterServiceConfig: Adding PanService
05-30 08:38:37.130 676 676 V AdapterServiceConfig: Adding GattService
05-30 08:38:37.130 676 676 V AdapterServiceConfig: Adding BluetoothMapService
05-30 08:38:37.130 676 676 V AdapterServiceConfig: Adding AvrcpTargetService
05-30 08:38:37.130 386 432 V C2Store : in ~ComponentModule
05-30 08:38:37.131 676 676 V AdapterServiceConfig: Adding HidDeviceService
05-30 08:38:37.131 386 432 V C2Store : unloading dll
05-30 08:38:37.131 676 676 V AdapterServiceConfig: Adding BluetoothOppService
05-30 08:38:37.131 676 676 V AdapterServiceConfig: Adding BluetoothPbapService
05-30 08:38:37.131 484 484 D SystemServerTiming: StartSystemUI took to complete: 87ms
05-30 08:38:37.131 484 484 D SystemServerTiming: startOtherServices took to complete: 3914ms
05-30 08:38:37.131 484 484 D SystemServer: VMRuntime.setVerifierEnabled(true)
05-30 08:38:37.131 484 484 D SystemServerTiming: StartServices took to complete: 6487ms
05-30 08:38:37.134 484 484 W Looper : Slow delivery took 5386ms main h=android.app.PropertyInvalidatedCache$AutoCorker$1 c=null m=0
05-30 08:38:37.137 371 481 D Codec2InfoBuilder: component 'c2.android.av1.decoder' not found in xml
05-30 08:38:37.138 386 432 V C2Store : in init
05-30 08:38:37.138 386 432 V C2Store : loading dll
05-30 08:38:37.138 386 431 V C2Store : in ~ComponentModule
05-30 08:38:37.138 386 431 V C2Store : unloading dll
05-30 08:38:37.143 254 254 I netd : trafficSwapActiveStatsMap() <25.85ms>
05-30 08:38:37.144 407 425 I adbd : jdwp connection from 824
05-30 08:38:37.147 371 481 I Codec2InfoBuilder: adding type 'video/avc'
05-30 08:38:37.149 254 254 I netd : tetherGetStats() -> {[]} <3.94ms>
05-30 08:38:37.151 484 546 W BestClock: java.time.DateTimeException: Missing NTP fix
05-30 08:38:37.154 484 546 W BestClock: java.time.DateTimeException: Missing NTP fix
05-30 08:38:37.162 386 828 V C2Store : in init
05-30 08:38:37.162 386 828 V C2Store : loading dll
05-30 08:38:37.163 484 484 D ConditionProviders.SCP: onConnected
05-30 08:38:37.164 386 828 I mediaswcodec: missing struct descriptor #Param::CoreIndex(--004) for field values of struct #Param::CoreIndex(F-12004)
05-30 08:38:37.164 386 828 I mediaswcodec: missing struct descriptor #Param::CoreIndex(--1812) for field values of struct #Param::CoreIndex(F-11812)
05-30 08:38:37.164 386 431 V C2Store : in ~ComponentModule
05-30 08:38:37.164 386 431 V C2Store : unloading dll
05-30 08:38:37.164 484 484 D ConditionProviders: Subscribing to condition://android/event?userId=-10000&calendar=&reply=1 with ComponentInfo{android/com.android.server.notification.EventConditionProvider}
05-30 08:38:37.165 484 484 D ConditionProviders: Subscribing to condition://android/schedule?days=1.2.3.4.5.6.7&start=22.0&end=7.0&exitAtAlarm=true with ComponentInfo{android/com.android.server.notification.ScheduleConditionProvider}
05-30 08:38:37.167 484 637 D CompatibilityChangeReporter: Compat change id reported: 150939131; UID 1000; state: ENABLED
05-30 08:38:37.168 386 828 I mediaswcodec: missing struct descriptor #Param::CoreIndex(--004) for field values of struct #Param::CoreIndex(F-12004)
05-30 08:38:37.169 386 828 I mediaswcodec: missing struct descriptor #Param::CoreIndex(--1812) for field values of struct #Param::CoreIndex(F-11812)
05-30 08:38:37.171 254 254 I netd : trafficSwapActiveStatsMap() <16.33ms>
05-30 08:38:37.168 335 335 I rainbow_flow: type=1400 audit(0.0:348): avc: denied { ioctl } for path="/dev/spidev1.0" dev="tmpfs" ino=3840 ioctlcmd=0x6b00 scontext=u:r:init:s0 tcontext=u:object_r:device:s0 tclass=chr_file permissive=1
05-30 08:38:37.178 276 276 D hdmi-cec: reset logical address to broadcast
05-30 08:38:37.179 484 589 D CompatibilityChangeReporter: Compat change id reported: 181136395; UID 1000; state: DISABLED
05-30 08:38:37.179 254 254 I netd : tetherGetStats() -> {[]} <2.90ms>
05-30 08:38:37.179 371 481 I Codec2InfoBuilder: adding type 'video/avc'
05-30 08:38:37.180 484 762 D ConnectivityService: requestNetwork for uid/pid:1073/766 activeRequest: null callbackRequest: 18 [NetworkRequest [ REQUEST id=19, [ Capabilities: INTERNET&NOT_RESTRICTED&TRUSTED&NOT_VCN_MANAGED Uid: 1073 RequestorUid: 1073 RequestorPkg: com.android.networkstack] ]] callback flags: 0 priority: 2147483647
05-30 08:38:37.180 484 627 D ConnectivityService: NetReassign [no changes]
05-30 08:38:37.181 484 546 W BestClock: java.time.DateTimeException: Missing NTP fix
05-30 08:38:37.181 484 664 D PPPOE : got request NetworkRequest [ REQUEST id=19, [ Capabilities: INTERNET&NOT_RESTRICTED&TRUSTED&NOT_VCN_MANAGED Uid: 1073 RequestorUid: 1073 RequestorPkg: com.android.networkstack] ]
05-30 08:38:37.181 484 663 D Ethernet: got request NetworkRequest [ REQUEST id=19, [ Capabilities: INTERNET&NOT_RESTRICTED&TRUSTED&NOT_VCN_MANAGED Uid: 1073 RequestorUid: 1073 RequestorPkg: com.android.networkstack] ]
05-30 08:38:37.181 484 663 D EthernetNetworkFactory: acceptRequest, request: NetworkRequest [ REQUEST id=19, [ Capabilities: INTERNET&NOT_RESTRICTED&TRUSTED&NOT_VCN_MANAGED Uid: 1073 RequestorUid: 1073 RequestorPkg: com.android.networkstack] ]
05-30 08:38:37.181 484 663 I EthernetNetworkFactory: networkForRequest, request: NetworkRequest [ REQUEST id=19, [ Capabilities: INTERNET&NOT_RESTRICTED&TRUSTED&NOT_VCN_MANAGED Uid: 1073 RequestorUid: 1073 RequestorPkg: com.android.networkstack] ], network: null
05-30 08:38:37.187 484 546 D CountryDetector: Using custom country detector class: com.android.server.location.ComprehensiveCountryDetector
05-30 08:38:37.187 484 546 E CountryDetector: Could not instantiate the custom country detector class
05-30 08:38:37.187 484 546 D CountryDetector: Using default country detector
05-30 08:38:37.189 386 386 V C2Store : in init
05-30 08:38:37.189 386 386 V C2Store : loading dll
05-30 08:38:37.191 484 627 D ConnectivityService: NetReassign [no changes]
05-30 08:38:37.193 484 618 W BestClock: java.time.DateTimeException: Missing NTP fix
05-30 08:38:37.194 371 481 I Codec2InfoBuilder: adding type 'audio/flac'
05-30 08:38:37.194 484 618 W BestClock: java.time.DateTimeException: Missing NTP fix
05-30 08:38:37.195 386 828 V C2Store : in ~ComponentModule
05-30 08:38:37.195 386 828 V C2Store : unloading dll
05-30 08:38:37.195 484 618 W BestClock: java.time.DateTimeException: Missing NTP fix
05-30 08:38:37.196 386 432 V C2Store : in init
05-30 08:38:37.196 386 432 V C2Store : loading dll
05-30 08:38:37.196 386 828 V C2Store : in ~ComponentModule
05-30 08:38:37.196 386 828 V C2Store : unloading dll
05-30 08:38:37.196 484 618 W BestClock: java.time.DateTimeException: Missing NTP fix
05-30 08:38:37.197 254 254 I netd : registerUnsolicitedEventListener() <0.04ms>
05-30 08:38:37.198 484 589 D CompatibilityChangeReporter: Compat change id reported: 174042936; UID 1000; state: DISABLED
05-30 08:38:37.199 484 618 W BestClock: java.time.DateTimeException: Missing NTP fix
05-30 08:38:37.202 484 618 W BestClock: java.time.DateTimeException: Missing NTP fix
05-30 08:38:37.203 484 618 W BestClock: java.time.DateTimeException: Missing NTP fix
05-30 08:38:37.203 371 481 I Codec2InfoBuilder: adding type 'audio/flac'
05-30 08:38:37.203 484 618 W BestClock: java.time.DateTimeException: Missing NTP fix
05-30 08:38:37.204 484 618 W BestClock: java.time.DateTimeException: Missing NTP fix
05-30 08:38:37.204 386 828 V C2Store : in init
05-30 08:38:37.204 386 828 V C2Store : loading dll
05-30 08:38:37.205 386 386 V C2Store : in ~ComponentModule
05-30 08:38:37.205 386 386 V C2Store : unloading dll
05-30 08:38:37.206 484 618 W BestClock: java.time.DateTimeException: Missing NTP fix
05-30 08:38:37.207 484 618 W BestClock: java.time.DateTimeException: Missing NTP fix
05-30 08:38:37.208 484 618 W BestClock: java.time.DateTimeException: Missing NTP fix
05-30 08:38:37.209 371 481 I Codec2InfoBuilder: adding type 'audio/g711-alaw'
05-30 08:38:37.210 386 431 V C2Store : in init
05-30 08:38:37.210 386 431 V C2Store : loading dll
05-30 08:38:37.210 386 386 V C2Store : in ~ComponentModule
05-30 08:38:37.211 386 386 V C2Store : unloading dll
05-30 08:38:37.212 824 824 D CompatibilityChangeReporter: Compat change id reported: 171979766; UID 1000; state: ENABLED
05-30 08:38:37.212 484 618 W BestClock: java.time.DateTimeException: Missing NTP fix
05-30 08:38:37.214 484 618 W BestClock: java.time.DateTimeException: Missing NTP fix
05-30 08:38:37.216 484 484 D CompatibilityChangeReporter: Compat change id reported: 135634846; UID 10075; state: DISABLED
05-30 08:38:37.217 484 548 D CompatibilityChangeReporter: Compat change id reported: 143937733; UID 10075; state: ENABLED
05-30 08:38:37.223 371 481 I Codec2InfoBuilder: adding type 'audio/g711-mlaw'
05-30 08:38:37.224 484 618 W BestClock: java.time.DateTimeException: Missing NTP fix
05-30 08:38:37.227 484 618 W BestClock: java.time.DateTimeException: Missing NTP fix
05-30 08:38:37.228 484 618 W BestClock: java.time.DateTimeException: Missing NTP fix
05-30 08:38:37.230 484 618 W BestClock: java.time.DateTimeException: Missing NTP fix
05-30 08:38:37.232 386 848 V C2Store : in ~ComponentModule
05-30 08:38:37.232 386 848 V C2Store : unloading dll
05-30 08:38:37.233 386 848 V C2Store : in init
