05-30 08:38:38.896 967 967 D wpa_supplicant: nl80211: Register frame command failed (type=176): ret=-22 (Invalid argument)
05-30 08:38:38.896 967 967 D wpa_supplicant: nl80211: Register frame match - hexdump(len=2): 03 00
05-30 08:38:38.896 967 967 D wpa_supplicant: nl80211: Register frame type=0xd0 (WLAN_FC_STYPE_ACTION) nl_handle=0xee051848 match=0104 multicast=0
05-30 08:38:38.896 967 967 D wpa_supplicant: nl80211: Register frame type=0xd0 (WLAN_FC_STYPE_ACTION) nl_handle=0xee051848 match=040a multicast=0
05-30 08:38:38.896 967 967 D wpa_supplicant: nl80211: Register frame type=0xd0 (WLAN_FC_STYPE_ACTION) nl_handle=0xee051848 match=040b multicast=0
05-30 08:38:38.896 967 967 D wpa_supplicant: nl80211: Register frame type=0xd0 (WLAN_FC_STYPE_ACTION) nl_handle=0xee051848 match=040c multicast=0
05-30 08:38:38.896 967 967 D wpa_supplicant: nl80211: Register frame type=0xd0 (WLAN_FC_STYPE_ACTION) nl_handle=0xee051848 match=040d multicast=0
05-30 08:38:38.896 967 967 D wpa_supplicant: nl80211: Register frame type=0xd0 (WLAN_FC_STYPE_ACTION) nl_handle=0xee051848 match=090a multicast=0
05-30 08:38:38.896 967 967 D wpa_supplicant: nl80211: Register frame type=0xd0 (WLAN_FC_STYPE_ACTION) nl_handle=0xee051848 match=090b multicast=0
05-30 08:38:38.896 967 967 D wpa_supplicant: nl80211: Register frame type=0xd0 (WLAN_FC_STYPE_ACTION) nl_handle=0xee051848 match=090c multicast=0
05-30 08:38:38.896 967 967 D wpa_supplicant: nl80211: Register frame type=0xd0 (WLAN_FC_STYPE_ACTION) nl_handle=0xee051848 match=090d multicast=0
05-30 08:38:38.897 967 967 D wpa_supplicant: nl80211: Register frame type=0xd0 (WLAN_FC_STYPE_ACTION) nl_handle=0xee051848 match=0409506f9a09 multicast=0
05-30 08:38:38.897 967 967 D wpa_supplicant: nl80211: Register frame type=0xd0 (WLAN_FC_STYPE_ACTION) nl_handle=0xee051848 match=7f506f9a09 multicast=0
05-30 08:38:38.897 967 967 D wpa_supplicant: nl80211: Register frame type=0xd0 (WLAN_FC_STYPE_ACTION) nl_handle=0xee051848 match=0409506f9a1a multicast=0
05-30 08:38:38.899 967 967 D wpa_supplicant: nl80211: Register frame type=0xd0 (WLAN_FC_STYPE_ACTION) nl_handle=0xee051848 match=0801 multicast=0
05-30 08:38:38.900 967 967 D wpa_supplicant: nl80211: Register frame type=0xd0 (WLAN_FC_STYPE_ACTION) nl_handle=0xee051848 match=06 multicast=0
05-30 08:38:38.900 967 967 D wpa_supplicant: nl80211: Register frame type=0xd0 (WLAN_FC_STYPE_ACTION) nl_handle=0xee051848 match=0a07 multicast=0
05-30 08:38:38.900 967 967 D wpa_supplicant: nl80211: Register frame type=0xd0 (WLAN_FC_STYPE_ACTION) nl_handle=0xee051848 match=0a11 multicast=0
05-30 08:38:38.901 967 967 D wpa_supplicant: nl80211: Register frame type=0xd0 (WLAN_FC_STYPE_ACTION) nl_handle=0xee051848 match=0a0b multicast=0
05-30 08:38:38.901 967 967 D wpa_supplicant: nl80211: Register frame type=0xd0 (WLAN_FC_STYPE_ACTION) nl_handle=0xee051848 match=0a1a multicast=0
05-30 08:38:38.901 967 967 D wpa_supplicant: nl80211: Register frame type=0xd0 (WLAN_FC_STYPE_ACTION) nl_handle=0xee051848 match=1101 multicast=0
05-30 08:38:38.901 967 967 D wpa_supplicant: nl80211: Register frame type=0xd0 (WLAN_FC_STYPE_ACTION) nl_handle=0xee051848 match=1102 multicast=0
05-30 08:38:38.901 967 967 D wpa_supplicant: nl80211: Register frame type=0xd0 (WLAN_FC_STYPE_ACTION) nl_handle=0xee051848 match=0505 multicast=0
05-30 08:38:38.901 967 967 D wpa_supplicant: nl80211: Register frame type=0xd0 (WLAN_FC_STYPE_ACTION) nl_handle=0xee051848 match=0500 multicast=0
05-30 08:38:38.902 967 967 D wpa_supplicant: nl80211: Register frame type=0xd0 (WLAN_FC_STYPE_ACTION) nl_handle=0xee051848 match=1305 multicast=0
05-30 08:38:38.902 967 967 I wpa_supplicant: rfkill: Cannot get wiphy information
05-30 08:38:38.902 967 967 D wpa_supplicant: nl80211: RFKILL status not available
05-30 08:38:38.906 484 484 W Looper : Drained
05-30 08:38:38.914 484 971 D CCodecBufferChannel: [c2.android.vorbis.decoder#286] MediaCodec discarded an unknown buffer
05-30 08:38:38.914 484 971 D CCodecBufferChannel: [c2.android.vorbis.decoder#286] MediaCodec discarded an unknown buffer
05-30 08:38:38.914 484 971 D CCodecBufferChannel: [c2.android.vorbis.decoder#286] MediaCodec discarded an unknown buffer
05-30 08:38:38.916 484 971 I hw-BpHwBinder: onLastStrongRef automatically unlinking death recipients
05-30 08:38:38.924 689 689 E libEGL : validate_display:538 error 3001 (EGL_NOT_INITIALIZED)
05-30 08:38:38.936 967 967 D wpa_supplicant: nl80211: Start P2P Device p2p-dev-wlan0 (0x3): Success
05-30 08:38:38.937 967 967 D wpa_supplicant: Add interface p2p-dev-wlan0 to existing radio phy0
05-30 08:38:38.939 967 967 D wpa_supplicant: nl80211: No channel number found for frequency 5920 MHz
05-30 08:38:38.939 967 967 D wpa_supplicant: nl80211: No channel number found for frequency 5940 MHz
05-30 08:38:38.939 967 967 D wpa_supplicant: nl80211: Regulatory information - country=CN (DFS-FCC)
05-30 08:38:38.939 967 967 D wpa_supplicant: nl80211: 2400-2483 @ 40 MHz 20 mBm
05-30 08:38:38.939 967 967 D wpa_supplicant: nl80211: 5150-5350 @ 80 MHz 20 mBm (DFS)
05-30 08:38:38.939 967 967 D wpa_supplicant: nl80211: 5725-5850 @ 80 MHz 33 mBm
05-30 08:38:38.939 967 967 D wpa_supplicant: nl80211: 57240-59400 @ 2160 MHz 28 mBm
05-30 08:38:38.939 967 967 D wpa_supplicant: nl80211: 59400-63720 @ 2160 MHz 44 mBm
05-30 08:38:38.939 967 967 D wpa_supplicant: nl80211: 63720-65880 @ 2160 MHz 28 mBm
05-30 08:38:38.940 967 967 D wpa_supplicant: nl80211: Added 802.11b mode based on 802.11g information
05-30 08:38:38.940 967 967 D wpa_supplicant: nl80211: Mode IEEE 802.11g: 2412 2417 2422 2427 2432 2437 2442 2447 2452 2457 2462 2467 2472 2484[DISABLED]
05-30 08:38:38.940 967 967 D wpa_supplicant: nl80211: Mode IEEE 802.11a: 5170[DISABLED] 5180 5200 5220 5240 5260[RADAR] 5280[RADAR] 5300[RADAR] 5320[RADAR] 5500[DISABLED][RADAR] 5520[DISABLED][RADAR] 5540[DISABLED][RADAR] 5560[DISABLED][RADAR] 5580[DISABLED][RADAR]
05-30 08:38:38.940 967 967 D wpa_supplicant: nl80211: Mode IEEE 802.11b: 2412 2417 2422 2427 2432 2437 2442 2447 2452 2457 2462 2467 2472 2484[DISABLED]
05-30 08:38:38.940 967 967 D wpa_supplicant: p2p-dev-wlan0: Own MAC address: b6:2f:03:16:18:c0
05-30 08:38:38.940 967 967 D wpa_supplicant: p2p-dev-wlan0: RSN: flushing PMKID list in the driver
05-30 08:38:38.940 967 967 D wpa_supplicant: nl80211: Flush PMKIDs
05-30 08:38:38.940 967 967 D wpa_supplicant: p2p-dev-wlan0: State: DISCONNECTED -> INACTIVE
05-30 08:38:38.940 967 967 D wpa_supplicant: p2p-dev-wlan0: WPS: UUID from the first interface: 7f8bc6c4-f711-5c9d-b18e-69d5dabb2af9
05-30 08:38:38.940 967 967 D wpa_supplicant: EAPOL: SUPP_PAE entering state DISCONNECTED
05-30 08:38:38.940 967 967 D wpa_supplicant: EAPOL: Supplicant port status: Unauthorized
05-30 08:38:38.940 967 967 D wpa_supplicant: nl80211: Skip set_supp_port(unauthorized) while not associated
05-30 08:38:38.940 967 967 D wpa_supplicant: EAPOL: KEY_RX entering state NO_KEY_RECEIVE
05-30 08:38:38.940 967 967 D wpa_supplicant: EAPOL: SUPP_BE entering state INITIALIZE
05-30 08:38:38.940 967 967 D wpa_supplicant: EAP: EAP entering state DISABLED
05-30 08:38:38.940 967 967 D wpa_supplicant: Using existing control interface directory.
05-30 08:38:38.941 967 967 D wpa_supplicant: P2P: Add operating class 81
05-30 08:38:38.941 967 967 D wpa_supplicant: P2P: Channels - hexdump(len=13): 01 02 03 04 05 06 07 08 09 0a 0b 0c 0d
05-30 08:38:38.941 967 967 D wpa_supplicant: P2P: Add operating class 115
05-30 08:38:38.941 967 967 D wpa_supplicant: P2P: Channels - hexdump(len=4): 24 28 2c 30
05-30 08:38:38.941 967 967 D wpa_supplicant: P2P: Add operating class 116
05-30 08:38:38.941 967 967 D wpa_supplicant: P2P: Channels - hexdump(len=2): 24 2c
05-30 08:38:38.941 967 967 D wpa_supplicant: P2P: Add operating class 117
05-30 08:38:38.941 967 967 D wpa_supplicant: P2P: Channels - hexdump(len=2): 28 30
05-30 08:38:38.941 967 967 D wpa_supplicant: P2P: Add operating class 124
05-30 08:38:38.941 967 967 D wpa_supplicant: P2P: Channels - hexdump(len=4): 95 99 9d a1
05-30 08:38:38.941 967 967 D wpa_supplicant: P2P: Add operating class 125
05-30 08:38:38.941 967 967 D wpa_supplicant: P2P: Channels - hexdump(len=5): 95 99 9d a1 a5
05-30 08:38:38.941 967 967 D wpa_supplicant: P2P: Add operating class 126
05-30 08:38:38.941 967 967 D wpa_supplicant: P2P: Channels - hexdump(len=2): 95 9d
05-30 08:38:38.941 967 967 D wpa_supplicant: P2P: Add operating class 127
05-30 08:38:38.941 967 967 D wpa_supplicant: P2P: Channels - hexdump(len=2): 99 a1
05-30 08:38:38.941 967 967 D wpa_supplicant: P2P: Add operating class 128
05-30 08:38:38.941 967 967 D wpa_supplicant: P2P: Channels - hexdump(len=8): 24 28 2c 30 95 99 9d a1
05-30 08:38:38.941 967 967 D wpa_supplicant: P2P: Add operating class 130
05-30 08:38:38.941 967 967 D wpa_supplicant: P2P: Channels - hexdump(len=9): 24 28 2c 30 95 99 9d a1 a5
05-30 08:38:38.941 967 967 D wpa_supplicant: P2P: Own listen channel: 81:1
05-30 08:38:38.942 967 967 D wpa_supplicant: P2P: Random operating channel: 81:1
05-30 08:38:38.942 967 967 D wpa_supplicant: P2P: initialized
05-30 08:38:38.942 967 967 D wpa_supplicant: P2P: channels: 81:1,2,3,4,5,6,7,8,9,10,11,12,13 115:36,40,44,48 116:36,44 117:40,48 124:149,153,157,161 125:149,153,157,161,165 126:149,157 127:153,161 128:36,40,44,48,149,153,157,161 130:36,40,44,48,149,153,157,161,165
05-30 08:38:38.942 967 967 D wpa_supplicant: P2P: cli_channels:
05-30 08:38:38.942 967 967 D wpa_supplicant: MBO: Update non-preferred channels, non_pref_chan=N/A
05-30 08:38:38.942 967 967 D wpa_supplicant: Registering interface to hidl control: p2p-dev-wlan0
05-30 08:38:38.942 967 967 D wpa_supplicant: p2p-dev-wlan0: Added interface p2p-dev-wlan0
05-30 08:38:38.942 967 967 D wpa_supplicant: p2p-dev-wlan0: State: INACTIVE -> DISCONNECTED
05-30 08:38:38.942 967 967 D wpa_supplicant: nl80211: Set p2p-dev-wlan0 operstate 0->0 (DORMANT)
05-30 08:38:38.942 967 967 D wpa_supplicant: netlink: Operstate: ifindex=0 linkmode=-1 (no change), operstate=5 (IF_OPER_DORMANT)
05-30 08:38:38.942 967 967 D wpa_supplicant: p2p-dev-wlan0: Determining shared radio frequencies (max len 2)
05-30 08:38:38.942 967 967 D wpa_supplicant: p2p-dev-wlan0: Shared frequencies (len=0): completed iteration
05-30 08:38:38.942 967 967 D wpa_supplicant: P2P: Add operating class 81
05-30 08:38:38.942 967 967 D wpa_supplicant: P2P: Channels - hexdump(len=13): 01 02 03 04 05 06 07 08 09 0a 0b 0c 0d
05-30 08:38:38.942 967 967 D wpa_supplicant: P2P: Add operating class 115
05-30 08:38:38.942 967 967 D wpa_supplicant: P2P: Channels - hexdump(len=4): 24 28 2c 30
05-30 08:38:38.942 967 967 D wpa_supplicant: P2P: Add operating class 116
05-30 08:38:38.942 967 967 D wpa_supplicant: P2P: Channels - hexdump(len=2): 24 2c
05-30 08:38:38.942 967 967 D wpa_supplicant: P2P: Add operating class 117
05-30 08:38:38.942 967 967 D wpa_supplicant: P2P: Channels - hexdump(len=2): 28 30
05-30 08:38:38.942 967 967 D wpa_supplicant: P2P: Add operating class 124
05-30 08:38:38.942 967 967 D wpa_supplicant: P2P: Channels - hexdump(len=4): 95 99 9d a1
05-30 08:38:38.942 967 967 D wpa_supplicant: P2P: Add operating class 125
05-30 08:38:38.942 967 967 D wpa_supplicant: P2P: Channels - hexdump(len=5): 95 99 9d a1 a5
05-30 08:38:38.942 967 967 D wpa_supplicant: P2P: Add operating class 126
05-30 08:38:38.942 967 967 D wpa_supplicant: P2P: Channels - hexdump(len=2): 95 9d
05-30 08:38:38.942 967 967 D wpa_supplicant: P2P: Add operating class 127
05-30 08:38:38.942 967 967 D wpa_supplicant: P2P: Channels - hexdump(len=2): 99 a1
05-30 08:38:38.942 967 967 D wpa_supplicant: P2P: Add operating class 128
05-30 08:38:38.942 967 967 D wpa_supplicant: P2P: Channels - hexdump(len=8): 24 28 2c 30 95 99 9d a1
05-30 08:38:38.942 967 967 D wpa_supplicant: P2P: Add operating class 130
05-30 08:38:38.942 967 967 D wpa_supplicant: P2P: Channels - hexdump(len=9): 24 28 2c 30 95 99 9d a1 a5
05-30 08:38:38.942 967 967 D wpa_supplicant: P2P: Update channel list
05-30 08:38:38.943 967 967 D wpa_supplicant: P2P: channels: 81:1,2,3,4,5,6,7,8,9,10,11,12,13 115:36,40,44,48 116:36,44 117:40,48 124:149,153,157,161 125:149,153,157,161,165 126:149,157 127:153,161 128:36,40,44,48,149,153,157,161 130:36,40,44,48,149,153,157,161,165
05-30 08:38:38.943 967 967 D wpa_supplicant: P2P: cli_channels:
05-30 08:38:38.945 484 975 D CCodecBufferChannel: [c2.android.vorbis.decoder#846] MediaCodec discarded an unknown buffer
05-30 08:38:38.945 484 975 D CCodecBufferChannel: [c2.android.vorbis.decoder#846] MediaCodec discarded an unknown buffer
05-30 08:38:38.945 484 975 D CCodecBufferChannel: [c2.android.vorbis.decoder#846] MediaCodec discarded an unknown buffer
05-30 08:38:38.946 967 967 D wpa_supplicant: RTM_NEWLINK: ifi_index=14 ifname=wlan0 operstate=5 linkmode=0 ifi_family=0 ifi_flags=0x11003 ([UP][LOWER_UP])
05-30 08:38:38.946 967 967 D wpa_supplicant: RTM_NEWLINK: ifi_index=14 ifname=wlan0 operstate=5 linkmode=1 ifi_family=0 ifi_flags=0x11003 ([UP][LOWER_UP])
05-30 08:38:38.951 484 975 I hw-BpHwBinder: onLastStrongRef automatically unlinking death recipients
05-30 08:38:38.951 386 848 I hw-BpHwBinder: onLastStrongRef automatically unlinking death recipients
05-30 08:38:38.955 386 848 V C2Store : in ~ComponentModule
05-30 08:38:38.955 386 848 V C2Store : unloading dll
05-30 08:38:38.956 484 657 W HdmiCecController: Failed to send 45:7D with errorCode=1
05-30 08:38:38.987 484 712 D MediaCodecList: codecHandlesFormat: no format, so no extra checks
05-30 08:38:38.992 484 620 D SupplicantStaIfaceHal: Newer HAL is found, skip V1_3 remaining init flow.
05-30 08:38:38.992 484 620 D SupplicantStaIfaceHal: Newer HAL is found, skip V1_2 remaining init flow.
05-30 08:38:38.992 484 620 D SupplicantStaIfaceHal: Newer HAL is found, skip V1_1 remaining init flow.
05-30 08:38:38.992 484 620 D SupplicantStaIfaceHal: Newer HAL is found, skip V1_0 remaining init flow.
05-30 08:38:38.999 484 994 D CCodec : allocate(c2.android.vorbis.decoder)
05-30 08:38:39.000 386 848 V C2Store : in init
05-30 08:38:39.000 386 848 V C2Store : loading dll
05-30 08:38:39.005 484 994 I CCodec : Created component [c2.android.vorbis.decoder]
05-30 08:38:39.005 484 994 D CCodecConfig: read media type: audio/vorbis
05-30 08:38:39.008 484 994 D ReflectedParamUpdater: extent() != 1 for single value type: algo.buffers.max-count.values
05-30 08:38:39.009 484 994 D ReflectedParamUpdater: extent() != 1 for single value type: output.subscribed-indices.values
05-30 08:38:39.009 484 994 D ReflectedParamUpdater: extent() != 1 for single value type: input.buffers.allocator-ids.values
05-30 08:38:39.009 484 994 D ReflectedParamUpdater: extent() != 1 for single value type: output.buffers.allocator-ids.values
05-30 08:38:39.009 484 994 D ReflectedParamUpdater: extent() != 1 for single value type: algo.buffers.allocator-ids.values
05-30 08:38:39.009 484 994 D ReflectedParamUpdater: extent() != 1 for single value type: output.buffers.pool-ids.values
05-30 08:38:39.009 484 994 D ReflectedParamUpdater: extent() != 1 for single value type: algo.buffers.pool-ids.values
05-30 08:38:39.010 667 667 E WifiHAL : wifi_get_logger_supported_feature_set: Error -5 happened.
01-01 08:00:24.181 667 667 I ieee80211 phy0: sprdwl_vendor_get_support_feature
05-30 08:38:39.012 484 994 I CCodecConfig: query failed after returning 7 values (BAD_INDEX)
05-30 08:38:39.013 484 994 D CCodecConfig: c2 config diff is Dict {
05-30 08:38:39.013 484 994 D CCodecConfig: c2::u32 coded.bitrate.value = 64000
05-30 08:38:39.013 484 994 D CCodecConfig: c2::u32 input.buffers.max-size.value = 32768
05-30 08:38:39.013 484 994 D CCodecConfig: c2::u32 input.delay.value = 0
05-30 08:38:39.013 484 994 D CCodecConfig: string input.media-type.value = "audio/vorbis"
05-30 08:38:39.013 484 994 D CCodecConfig: string output.media-type.value = "audio/raw"
05-30 08:38:39.013 484 994 D CCodecConfig: c2::u32 raw.channel-count.value = 1
05-30 08:38:39.013 484 994 D CCodecConfig: c2::u32 raw.sample-rate.value = 48000
05-30 08:38:39.013 484 994 D CCodecConfig: }
05-30 08:38:39.014 484 994 D CCodec : [c2.android.vorbis.decoder] buffers are bound to CCodec for this session
05-30 08:38:39.014 484 994 D CCodecConfig: no c2 equivalents for durationUs
05-30 08:38:39.014 484 994 D CCodecConfig: no c2 equivalents for track-id
05-30 08:38:39.014 484 994 D CCodecConfig: no c2 equivalents for csd-1
05-30 08:38:39.014 484 994 D CCodecConfig: no c2 equivalents for channel-mask
05-30 08:38:39.014 484 994 D CCodecConfig: no c2 equivalents for flags
05-30 08:38:39.015 484 994 D CCodecConfig: c2 config diff is c2::u32 coded.bitrate.value = 239920
05-30 08:38:39.015 484 994 D CCodecConfig: c2::u32 raw.sample-rate.value = 44100
05-30 08:38:39.017 484 994 W Codec2Client: query -- param skipped: index = 1107298332.
05-30 08:38:39.017 484 994 D CCodec : setup formats input: AMessage(what = 0x00000000) = {
05-30 08:38:39.017 484 994 D CCodec : int32_t bitrate = 239920
05-30 08:38:39.017 484 994 D CCodec : int32_t channel-count = 1
05-30 08:38:39.017 484 994 D CCodec : int32_t max-input-size = 32768
05-30 08:38:39.017 484 994 D CCodec : string mime = "audio/vorbis"
05-30 08:38:39.017 484 994 D CCodec : int32_t sample-rate = 44100
05-30 08:38:39.017 484 994 D CCodec : }
05-30 08:38:39.017 484 994 D CCodec : setup formats output: AMessage(what = 0x00000000) = {
05-30 08:38:39.017 484 994 D CCodec : int32_t channel-count = 1
05-30 08:38:39.017 484 994 D CCodec : string mime = "audio/raw"
05-30 08:38:39.017 484 994 D CCodec : int32_t sample-rate = 44100
05-30 08:38:39.017 484 994 D CCodec : int32_t channel-mask = 1
05-30 08:38:39.017 484 994 D CCodec : }
05-30 08:38:39.017 484 994 I CCodecConfig: query failed after returning 7 values (BAD_INDEX)
05-30 08:38:39.018 484 994 W Codec2Client: query -- param skipped: index = 1342179345.
05-30 08:38:39.018 484 994 W Codec2Client: query -- param skipped: index = 2415921170.
05-30 08:38:39.020 484 994 D CCodecBufferChannel: [c2.android.vorbis.decoder#409] Created input block pool with allocatorID 16 => poolID 22 - OK (0)
05-30 08:38:39.022 484 994 I CCodecBufferChannel: [c2.android.vorbis.decoder#409] Created output block pool with allocatorID 16 => poolID 24 - OK
05-30 08:38:39.022 484 994 D CCodecBufferChannel: [c2.android.vorbis.decoder#409] Configured output block pool ids 24 => OK
05-30 08:38:39.025 667 667 E WifiHAL : wifi_get_logger_supported_feature_set: Error -5 happened.
05-30 08:38:39.026 386 995 D SimpleC2Component: Using output block pool with poolID 24 => got 24 - 0
01-01 08:00:24.193 667 667 I ieee80211 phy0: sprdwl_vendor_get_support_feature
05-30 08:38:39.040 967 967 D wpa_supplicant: Driver capability mask: 0xd
05-30 08:38:39.042 484 620 I WifiNative: Successfully switched to connectivity mode on iface=Iface:{Name=wlan0,Id=0,Type=STA_CONNECTIVITY}
05-30 08:38:39.043 484 620 D WifiClientModeManager[wlan0]: entering ConnectModeState, starting ClientModeImpl
05-30 08:38:39.060 484 534 D CompatibilityChangeReporter: Compat change id reported: 158002302; UID 10062; state: ENABLED
05-30 08:38:39.062 689 689 V WallpaperService: Setting wallpaper dimming: 0
05-30 08:38:39.070 484 533 I ActivityManagerTiming: FinishBooting
05-30 08:38:39.071 255 255 W Zygote : forkRepeatedly terminated due to non-simple command
05-30 08:38:39.071 255 255 D Zygote : mbuffer starts with 1 , nice name is , mEnd = 19, mNext = 19, mLinesLeft = 0, mFd = 4
05-30 08:38:39.074 484 533 I ActivityManager: About to commit checkpoint
05-30 08:38:39.075 484 533 I SystemServiceManager: Starting phase 1000
05-30 08:38:39.075 484 533 I ActivityManagerTiming: OnBootPhase_1000
05-30 08:38:39.075 484 533 E PowerStatsService: Failed to start PowerStatsService loggers
05-30 08:38:39.079 254 254 I netd : firewallReplaceUidChain(fw_standby, false, []) -> {true} <0.09ms>
05-30 08:38:39.083 484 594 D AppStandbyController: Loading headless system app cache. appIdleEnabled=false
05-30 08:38:39.083 484 566 V DisplayPowerController[0]: Brightness [0.39763778] reason changing to: 'manual', previous reason: 'override'.
05-30 08:38:39.086 193 193 I hwservicemanager: getTransport: Cannot find entry android.hardware.configstore@1.0::ISurfaceFlingerConfigs/default in either framework or device VINTF manifest.
05-30 08:38:39.087 689 979 D EglHelper: createEglContext start
05-30 08:38:39.094 484 597 D RollbackManager: mRollbackLifetimeDurationInMillis=1209600000
05-30 08:38:39.098 484 533 D IorapForwardingService: BgJob Scheduled (jobId=283673059, interval: 86400000ms)
05-30 08:38:39.098 484 533 D TestHarnessModeService: Completing Test Harness Mode setup.
05-30 08:38:39.100 484 614 D StorageManagerService: Thinking about init, mBootCompleted=true, mDaemonConnected=true
05-30 08:38:39.101 484 614 D StorageManagerService: Setting up emulation state, initlocked=false
05-30 08:38:39.102 201 201 D vold : fscrypt_unlock_user_key 0 serial=0
05-30 08:38:39.103 484 614 D StorageManagerService: Thinking about reset, mBootCompleted=true, mDaemonConnected=true
05-30 08:38:39.108 484 614 I StorageSessionController: Started resetting external storage service...
05-30 08:38:39.108 484 614 I StorageSessionController: Finished resetting external storage service
05-30 08:38:39.109 484 614 I StorageManagerService: Resetting vold...
05-30 08:38:39.110 484 614 I StorageManagerService: Reset vold
05-30 08:38:39.110 201 201 I vold : onUserAdded: 0
05-30 08:38:39.118 689 979 D EglHelper: createEglContext done
05-30 08:38:39.119 689 979 D EglHelper: createEglSurface start
05-30 08:38:39.121 807 813 I webview_zygote: Background concurrent copying GC freed 15318(837KB) AllocSpace objects, 0(0B) LOS objects, 49% free, 2879KB/5758KB, paused 196us total 329.697ms
05-30 08:38:39.123 484 620 D WifiScoreReport: setShouldReduceNetworkScore=false mNetworkAgent is null? true
05-30 08:38:39.123 484 620 V WifiClientModeManager[wlan0]: ClientModeManager started in role: Role: ROLE_CLIENT_PRIMARY, RequestorWs: WorkSource{1000 com.android.tv.settings}, ModeListener: com.android.server.wifi.ActiveModeWarden$ClientListener@133177d
05-30 08:38:39.128 689 979 D EglHelper: createEglSurface done
05-30 08:38:39.138 484 529 D AdbService: boot completed
05-30 08:38:39.139 484 533 D SoundTriggerService: onBootPhase: 1000 : false
05-30 08:38:39.141 484 1009 I HibernationStateDiskStore: No hibernation file on disk for file /data/system/hibernation/states
05-30 08:38:39.150 484 533 D CompatibilityChangeReporter: Compat change id reported: 168936375; UID 1000; state: DISABLED
05-30 08:38:39.150 484 533 D CompatibilityChangeReporter: Compat change id reported: 168936375; UID 1000; state: ENABLED
05-30 08:38:39.158 484 624 I WifiScanningService: Received a request to enable scanning, UID = 1000
05-30 08:38:39.159 484 533 D CompatibilityChangeReporter: Compat change id reported: 73144566; UID 1000; state: DISABLED
05-30 08:38:39.159 484 533 D CompatibilityChangeReporter: Compat change id reported: 73144566; UID 1000; state: ENABLED
05-30 08:38:39.164 766 865 I Tethering: USB bcast connected:false configured:false rndis:false ncm:false
05-30 08:38:39.167 484 533 D GameManagerService: onBootCompleted
05-30 08:38:39.168 484 620 D WifiScanRequestProxy: Sending scan available broadcast: true
05-30 08:38:39.170 484 620 I WifiScanRequestProxy: Scanning is enabled
05-30 08:38:39.170 484 620 I WifiScanRequestProxy: Scanning for hidden networks is enabled
05-30 08:38:39.170 484 533 D AppSearchStatsCollector: atoms registered
05-30 08:38:39.170 484 533 D ActivityManagerTiming: OnBootPhase_1000 took to complete: 95ms
05-30 08:38:39.171 484 533 D ActivityManagerTiming: TotalBootTime took to complete: 9028ms
05-30 08:38:39.171 484 533 D SystemServerInitThreadPool: Shutdown requested
05-30 08:38:39.171 484 533 I SystemServerTiming: WaitInitThreadPoolShutdown
05-30 08:38:39.172 484 533 D SystemServerInitThreadPool: Shutdown successful
05-30 08:38:39.172 484 533 D SystemServerTiming: WaitInitThreadPoolShutdown took to complete: 1ms
05-30 08:38:39.174 484 533 D ActivityManager: refreshZramWriteback
05-30 08:38:39.175 484 533 D ActivityManager: real start flush
05-30 08:38:39.178 484 533 I ActivityManager: User 0 state changed from BOOTING to RUNNING_LOCKED
05-30 08:38:39.180 484 533 W ActivityManager: UserLifecycleEvent 4 received without an active userJourneySession.
05-30 08:38:39.180 484 620 E WifiVendorHal: setMultiStaUseCase(l.3286) failed {.code = ERROR_NOT_SUPPORTED, .description = }
05-30 08:38:39.182 484 620 E WifiVendorHal: setMultiStaPrimaryConnection(l.3252) failed {.code = ERROR_NOT_SUPPORTED, .description = }
05-30 08:38:39.184 484 529 E AdbDebuggingManager: Expected keyStore, but got tag=adbKey
05-30 08:38:39.185 484 994 D CCodecBufferChannel: [c2.android.vorbis.decoder#409] MediaCodec discarded an unknown buffer
05-30 08:38:39.185 484 533 D StorageManagerService: unlockUserKey: 0 isFileEncryptedNativeOrEmulated: false hasToken: false hasSecret: false
05-30 08:38:39.186 484 533 W ActivityManager: UserLifecycleEvent 5 received without an active userJourneySession.
05-30 08:38:39.186 484 533 D ActivityManager: Started unlocking user 0
05-30 08:38:39.186 484 533 D ActivityManager: Unlocking user 0 progress 0
05-30 08:38:39.186 484 1011 W ZramWriteback: Writeback device is not set
05-30 08:38:39.186 484 1011 D ZramWriteback: wait to flush
05-30 08:38:39.186 484 533 D ActivityManager: Unlocking user 0 progress 5
05-30 08:38:39.187 484 624 I WifiScanningService: Created a new impl for wlan0
05-30 08:38:39.187 201 201 D vold : fscrypt_prepare_user_storage for volume null, user 0, serial 0, flags 2
05-30 08:38:39.187 201 201 D vold : Preparing: /data/system_ce/0
05-30 08:38:39.187 201 201 D vold : Preparing: /data/misc_ce/0
05-30 08:38:39.187 201 201 D vold : Preparing: /data/vendor_ce/0
05-30 08:38:39.188 201 201 D vold : Preparing: /data/media/0
05-30 08:38:39.189 484 620 D WifiCountryCode: evaluateAllCmmStateAndApplyIfAllReady: {ConcreteClientModeManager{id=18231 iface=wlan0 role=ROLE_CLIENT_PRIMARY}=true}
05-30 08:38:39.189 201 201 D vold : Preparing: /data/data
05-30 08:38:39.189 201 201 D vold : Starting restorecon of /data/system_ce/0
05-30 08:38:39.191 484 529 E AdbDebuggingManager: Expected keyStore, but got tag=adbKey
05-30 08:38:39.196 407 420 I adbd : adbd_auth: received a new framework connection
05-30 08:38:39.196 407 420 I adbd : adbd_auth: received new framework fd 31 (current = -1)
05-30 08:38:39.197 484 994 I hw-BpHwBinder: onLastStrongRef automatically unlinking death recipients
05-30 08:38:39.197 386 883 I hw-BpHwBinder: onLastStrongRef automatically unlinking death recipients
05-30 08:38:39.198 386 883 V C2Store : in ~ComponentModule
05-30 08:38:39.198 386 883 V C2Store : unloading dll
01-01 08:00:24.355 1 1 I init : processing action (sys.boot_completed=1) from (/system/etc/init/hw/init.rc:1130)
01-01 08:00:24.371 1 1 I init : starting service 'exec 17 (/bin/rm -rf /data/per_boot)'...
01-01 08:00:24.374 1013 1013 I selinux : SELinux: Skipping restorecon on directory(/data/system_ce/0)
05-30 08:38:39.204 484 624 E WifiBackgroundScanStateMachine: invalid max buckets in scan capabilities 0
05-30 08:38:39.208 484 620 D WifiCountryCode: Reading country code from telephony
05-30 08:38:39.216 484 620 D WifiCountryCode: Set telephony country code to:
05-30 08:38:39.217 484 620 D WifiCountryCode: updateCountryCode to CN
05-30 08:38:39.217 967 967 D WifiHWInfo: Start to load wireless module hardware info table...
05-30 08:38:39.218 967 967 D WifiHWInfo: Entry [01], BUS: SDIO, ID: 0x024C8179, Name: rtl8189es.
05-30 08:38:39.218 967 967 D WifiHWInfo: Entry [02], BUS: SDIO, ID: 0x024CB723, Name: rtl8723bs_vq0.
05-30 08:38:39.218 967 967 D WifiHWInfo: Entry [03], BUS: SDIO, ID: 0x024CB703, Name: rtl8723cs.
05-30 08:38:39.218 967 967 D WifiHWInfo: Entry [04], BUS: SDIO, ID: 0x024CD723, Name: rtl8723ds.
05-30 08:38:39.218 967 967 D WifiHWInfo: Entry [05], BUS: SDIO, ID: 0x024CF179, Name: rtl8189fs.
05-30 08:38:39.218 967 967 D WifiHWInfo: Entry [06], BUS: SDIO, ID: 0x024CB822, Name: rtl88x2bs.
05-30 08:38:39.218 967 967 D WifiHWInfo: Entry [07], BUS: USB, ID: 0x0BDAD723, Name: rtl8723du.
05-30 08:38:39.218 967 967 D WifiHWInfo: Entry [08], BUS: USB, ID: 0x0BDA8179, Name: rtl8188etv.
05-30 08:38:39.218 967 967 D WifiHWInfo: Entry [09], BUS: USB, ID: 0x0BDA0179, Name: rtl8188eu.
05-30 08:38:39.218 967 967 D WifiHWInfo: Entry [10], BUS: USB, ID: 0x0BDA818B, Name: rtl8192eu.
05-30 08:38:39.218 967 967 D WifiHWInfo: Entry [11], BUS: USB, ID: 0x0BDAB720, Name: rtl8723bu.
05-30 08:38:39.218 967 967 D WifiHWInfo: Entry [12], BUS: USB, ID: 0x0BDAC82C, Name: rtl8822cu.
05-30 08:38:39.218 967 967 D WifiHWInfo: Entry [13], BUS: USB, ID: 0x0BDAF179, Name: rtl8188fu.
05-30 08:38:39.218 967 967 D WifiHWInfo: Entry [14], BUS: SDIO, ID: 0x02D0A9A6, Name: ap6212.
05-30 08:38:39.218 967 967 D WifiHWInfo: Entry [15], BUS: SDIO, ID: 0x02D04330, Name: ap6330.
05-30 08:38:39.218 967 967 D WifiHWInfo: Entry [16], BUS: SDIO, ID: 0x02D04356, Name: ap6356s.
05-30 08:38:39.218 967 967 D WifiHWInfo: Entry [17], BUS: SDIO, ID: 0x02D0A9BF, Name: ap6255.
05-30 08:38:39.218 967 967 D WifiHWInfo: Entry [18], BUS: SDIO, ID: 0x02D04334, Name: bcm43342.
05-30 08:38:39.218 967 967 D WifiHWInfo: Entry [19], BUS: SDIO, ID: 0x00202281, Name: xr819.
05-30 08:38:39.218 967 967 D WifiHWInfo: Entry [20], BUS: SDIO, ID: 0x0A9E2282, Name: xr829.
05-30 08:38:39.218 967 967 D WifiHWInfo: Entry [21], BUS: SDIO, ID: 0x0271050A, Name: qca6174a.
05-30 08:38:39.218 967 967 D WifiHWInfo: Entry [22], BUS: SDIO, ID: 0x30303030, Name: ssv6x5x.
05-30 08:38:39.218 967 967 D WifiHWInfo: Entry [23], BUS: SDIO, ID: 0x00000000, Name: uwe5621.
05-30 08:38:39.218 967 967 D WifiHWInfo: Entry [24], BUS: SDIO, ID: 0x54490145, Name: aic8800.
05-30 08:38:39.218 967 967 D WifiHWInfo: Entry [25], BUS: SDIO, ID: 0xC8A1C08D, Name: aic8800.
05-30 08:38:39.218 967 967 D WifiHWInfo: Entry [26], BUS: USB, ID: 0xA69C8800, Name: aic8800.
05-30 08:38:39.218 967 967 D WifiHWInfo: Entry [27], BUS: USB, ID: 0x007A8888, Name: atbm6023is.
05-30 08:38:39.218 967 967 D WifiHWInfo: Entry [28], BUS: SDIO, ID: 0x02E79086, Name: 9012p.
05-30 08:38:39.218 967 967 D WifiHWInfo: Entry [29], BUS: SDIO, ID: 0x007A6011, Name: atbm613x_wifi_sdio.
05-30 08:38:39.218 967 967 D WifiHWInfo: Entry [30], BUS: SDIO, ID: 0x024CC822, Name: 88x2cs.
05-30 08:38:39.218 967 967 D WifiHWInfo: Entry [31], BUS: SDIO, ID: 0x000018F0, Name: dummy.
05-30 08:38:39.218 967 967 W wpa_supplicant: check_initialed for nl80211, use sprd wpa_supplicant_8_lib.
05-30 08:38:39.218 967 967 W wpa_supplicant: check_initialed found wpa_supplicant_8_lib vendor implement for sprd.
05-30 08:38:39.218 967 967 D wpa_supplicant: wlan0: Event CHANNEL_LIST_CHANGED (27) received
05-30 08:38:39.218 967 967 I wpa_supplicant: wlan0: CTRL-EVENT-REGDOM-CHANGE init=USER type=COUNTRY alpha2=CN
05-30 08:38:39.218 967 967 D wpa_supplicant: p2p-dev-wlan0: Updating hw mode
05-30 08:38:39.219 967 967 D wpa_supplicant: nl80211: No channel number found for frequency 5920 MHz
05-30 08:38:39.219 967 967 D wpa_supplicant: nl80211: No channel number found for frequency 5940 MHz
05-30 08:38:39.220 967 967 D wpa_supplicant: nl80211: Regulatory information - country=CN (DFS-FCC)
05-30 08:38:39.220 967 967 D wpa_supplicant: nl80211: 2400-2483 @ 40 MHz 20 mBm
05-30 08:38:39.220 967 967 D wpa_supplicant: nl80211: 5150-5350 @ 80 MHz 20 mBm (DFS)
05-30 08:38:39.220 967 967 D wpa_supplicant: nl80211: 5725-5850 @ 80 MHz 33 mBm
05-30 08:38:39.220 967 967 D wpa_supplicant: nl80211: 57240-59400 @ 2160 MHz 28 mBm
05-30 08:38:39.220 967 967 D wpa_supplicant: nl80211: 59400-63720 @ 2160 MHz 44 mBm
05-30 08:38:39.220 967 967 D wpa_supplicant: nl80211: 63720-65880 @ 2160 MHz 28 mBm
05-30 08:38:39.220 967 967 D wpa_supplicant: nl80211: Added 802.11b mode based on 802.11g information
05-30 08:38:39.220 967 967 D wpa_supplicant: nl80211: Mode IEEE 802.11g: 2412 2417 2422 2427 2432 2437 2442 2447 2452 2457 2462 2467 2472 2484[DISABLED]
05-30 08:38:39.220 967 967 D wpa_supplicant: nl80211: Mode IEEE 802.11a: 5170[DISABLED] 5180 5200 5220 5240 5260[RADAR] 5280[RADAR] 5300[RADAR] 5320[RADAR] 5500[DISABLED][RADAR] 5520[DISABLED][RADAR] 5540[DISABLED][RADAR] 5560[DISABLED][RADAR] 5580[DISABLED][RADAR]
05-30 08:38:39.220 967 967 D wpa_supplicant: nl80211: Mode IEEE 802.11b: 2412 2417 2422 2427 2432 2437 2442 2447 2452 2457 2462 2467 2472 2484[DISABLED]
05-30 08:38:39.220 967 967 D wpa_supplicant: wlan0: Updating hw mode
05-30 08:38:39.221 967 967 D wpa_supplicant: nl80211: No channel number found for frequency 5920 MHz
05-30 08:38:39.221 967 967 D wpa_supplicant: nl80211: No channel number found for frequency 5940 MHz
05-30 08:38:39.221 967 967 D wpa_supplicant: nl80211: Regulatory information - country=CN (DFS-FCC)
05-30 08:38:39.221 967 967 D wpa_supplicant: nl80211: 2400-2483 @ 40 MHz 20 mBm
05-30 08:38:39.221 967 967 D wpa_supplicant: nl80211: 5150-5350 @ 80 MHz 20 mBm (DFS)
05-30 08:38:39.222 967 967 D wpa_supplicant: nl80211: 5725-5850 @ 80 MHz 33 mBm
05-30 08:38:39.222 967 967 D wpa_supplicant: nl80211: 57240-59400 @ 2160 MHz 28 mBm
05-30 08:38:39.222 967 967 D wpa_supplicant: nl80211: 59400-63720 @ 2160 MHz 44 mBm
05-30 08:38:39.222 967 967 D wpa_supplicant: nl80211: 63720-65880 @ 2160 MHz 28 mBm
05-30 08:38:39.222 967 967 D wpa_supplicant: nl80211: Added 802.11b mode based on 802.11g information
05-30 08:38:39.222 967 967 D wpa_supplicant: nl80211: Mode IEEE 802.11g: 2412 2417 2422 2427 2432 2437 2442 2447 2452 2457 2462 2467 2472 2484[DISABLED]
05-30 08:38:39.222 967 967 D wpa_supplicant: nl80211: Mode IEEE 802.11a: 5170[DISABLED] 5180 5200 5220 5240 5260[RADAR] 5280[RADAR] 5300[RADAR] 5320[RADAR] 5500[DISABLED][RADAR] 5520[DISABLED][RADAR] 5540[DISABLED][RADAR] 5560[DISABLED][RADAR] 5580[DISABLED][RADAR]
05-30 08:38:39.222 967 967 D wpa_supplicant: nl80211: Mode IEEE 802.11b: 2412 2417 2422 2427 2432 2437 2442 2447 2452 2457 2462 2467 2472 2484[DISABLED]
05-30 08:38:39.222 967 967 D wpa_supplicant: wlan0: Determining shared radio frequencies (max len 2)
05-30 08:38:39.222 967 967 D wpa_supplicant: wlan0: Shared frequencies (len=0): completed iteration
05-30 08:38:39.222 967 967 D wpa_supplicant: P2P: Add operating class 81
05-30 08:38:39.222 967 967 D wpa_supplicant: P2P: Channels - hexdump(len=13): 01 02 03 04 05 06 07 08 09 0a 0b 0c 0d
05-30 08:38:39.222 967 967 D wpa_supplicant: P2P: Add operating class 115
05-30 08:38:39.222 967 967 D wpa_supplicant: P2P: Channels - hexdump(len=4): 24 28 2c 30
05-30 08:38:39.222 967 967 D wpa_supplicant: P2P: Add operating class 116
05-30 08:38:39.222 967 967 D wpa_supplicant: P2P: Channels - hexdump(len=2): 24 2c
05-30 08:38:39.222 967 967 D wpa_supplicant: P2P: Add operating class 117
05-30 08:38:39.222 967 967 D wpa_supplicant: P2P: Channels - hexdump(len=2): 28 30
05-30 08:38:39.222 967 967 D wpa_supplicant: P2P: Add operating class 124
05-30 08:38:39.222 967 967 D wpa_supplicant: P2P: Channels - hexdump(len=4): 95 99 9d a1
05-30 08:38:39.222 967 967 D wpa_supplicant: P2P: Add operating class 125
05-30 08:38:39.222 967 967 D wpa_supplicant: P2P: Channels - hexdump(len=5): 95 99 9d a1 a5
05-30 08:38:39.222 967 967 D wpa_supplicant: P2P: Add operating class 126
05-30 08:38:39.222 967 967 D wpa_supplicant: P2P: Channels - hexdump(len=2): 95 9d
05-30 08:38:39.222 967 967 D wpa_supplicant: P2P: Add operating class 127
05-30 08:38:39.222 967 967 D wpa_supplicant: P2P: Channels - hexdump(len=2): 99 a1
05-30 08:38:39.222 967 967 D wpa_supplicant: P2P: Add operating class 128
05-30 08:38:39.222 967 967 D wpa_supplicant: P2P: Channels - hexdump(len=8): 24 28 2c 30 95 99 9d a1
05-30 08:38:39.222 967 967 D wpa_supplicant: P2P: Add operating class 130
05-30 08:38:39.222 967 967 D wpa_supplicant: P2P: Channels - hexdump(len=9): 24 28 2c 30 95 99 9d a1 a5
05-30 08:38:39.222 967 967 D wpa_supplicant: P2P: Update channel list
05-30 08:38:39.222 967 967 D wpa_supplicant: P2P: channels: 81:1,2,3,4,5,6,7,8,9,10,11,12,13 115:36,40,44,48 116:36,44 117:40,48 124:149,153,157,161 125:149,153,157,161,165 126:149,157 127:153,161 128:36,40,44,48,149,153,157,161 130:36,40,44,48,149,153,157,161,165
05-30 08:38:39.222 967 967 D wpa_supplicant: P2P: cli_channels:
05-30 08:38:39.222 967 967 D wpa_supplicant: sprd_wpa_driver_nl80211_driver_cmd COUNTRY CN len = 0, 10
01-01 08:00:24.387 1 1 I init : SVC_EXEC service 'exec 17 (/bin/rm -rf /data/per_boot)' pid 1015 (uid 1000 gid 1000+0 context default) started; waiting...
01-01 08:00:24.390 1013 1013 I selinux :
05-30 08:38:39.227 484 620 D WifiNative: onSetCountryCodeSucceeded: CN
05-30 08:38:39.228 484 620 I WifiCountryCode: Receive onSetCountryCodeSucceeded CN
05-30 08:38:39.229 201 201 D vold : Finished restorecon of /data/system_ce/0
05-30 08:38:39.229 201 201 D vold : Starting restorecon of /data/vendor_ce/0
05-30 08:38:39.232 201 201 D vold : Finished restorecon of /data/vendor_ce/0
05-30 08:38:39.232 201 201 D vold : Starting restorecon of /data/misc_ce/0
05-30 08:38:39.237 201 201 D vold : Finished restorecon of /data/misc_ce/0
05-30 08:38:39.238 201 201 D vold : /system/bin/vold_prepare_subdirs
05-30 08:38:39.238 201 201 D vold : prepare
05-30 08:38:39.238 201 201 D vold :
05-30 08:38:39.238 201 201 D vold : 0
05-30 08:38:39.238 201 201 D vold : 2
05-30 08:38:39.273 484 532 W IorapForwardingService: No service published for: iorapd
05-30 08:38:39.232 335 335 I rainbow_flow: type=1400 audit(0.0:365): avc: denied { ioctl } for path="/dev/spidev1.0" dev="tmpfs" ino=3840 ioctlcmd=0x6b00 scontext=u:r:init:s0 tcontext=u:object_r:device:s0 tclass=chr_file permissive=1
05-30 08:38:39.286 484 620 D WakeupController: onWifiEnabled()
05-30 08:38:39.288 484 620 W WifiClientModeImpl: No cached packet filter to apply
05-30 08:38:39.309 1018 1018 D vold_prepare_subdirs: Setting up mode 771 uid 1000 gid 1000 context u:object_r:system_data_file:s0:c512,c768 on path: /data/data
05-30 08:38:39.311 1018 1018 D vold_prepare_subdirs: Setting up mode 700 uid 0 gid 0 context u:object_r:vold_data_file:s0 on path: /data/misc_ce/0/vold
05-30 08:38:39.236 276 276 I EventThread: type=1400 audit(0.0:366): avc: denied { search } for name="extcon" dev="sysfs" ino=18109 scontext=u:r:hal_tv_cec_default:s0 tcontext=u:object_r:sysfs_extcon:s0 tclass=dir permissive=1
05-30 08:38:39.318 1018 1018 D vold_prepare_subdirs: Setting up mode 700 uid 0 gid 0 context u:object_r:storaged_data_file:s0 on path: /data/misc_ce/0/storaged
05-30 08:38:39.320 1018 1018 D vold_prepare_subdirs: Setting up mode 700 uid 0 gid 0 context u:object_r:rollback_data_file:s0 on path: /data/misc_ce/0/rollback
05-30 08:38:39.321 1018 1018 D vold_prepare_subdirs: Setting up mode 700 uid 0 gid 0 context u:object_r:apex_rollback_data_file:s0 on path: /data/misc_ce/0/apexrollback
05-30 08:38:39.322 1018 1018 D vold_prepare_subdirs: Setting up mode 711 uid 0 gid 0 context u:object_r:apex_module_data_file:s0 on path: /data/misc_ce/0/apexdata
05-30 08:38:39.325 1018 1018 D vold_prepare_subdirs: Setting up mode 771 uid 0 gid 1000 context u:object_r:apex_wifi_data_file:s0 on path: /data/misc_ce/0/apexdata/com.android.wifi
05-30 08:38:39.327 1018 1018 D vold_prepare_subdirs: Setting up mode 771 uid 0 gid 1000 context u:object_r:apex_module_data_file:s0 on path: /data/misc_ce/0/apexdata/com.android.vndk.v31
05-30 08:38:39.329 1018 1018 D vold_prepare_subdirs: Setting up mode 771 uid 0 gid 1000 context u:object_r:apex_module_data_file:s0 on path: /data/misc_ce/0/apexdata/com.android.tzdata
05-30 08:38:39.330 1018 1018 D vold_prepare_subdirs: Setting up mode 771 uid 0 gid 1000 context u:object_r:apex_module_data_file:s0 on path: /data/misc_ce/0/apexdata/com.android.tethering
05-30 08:38:39.332 1018 1018 D vold_prepare_subdirs: Setting up mode 771 uid 0 gid 1000 context u:object_r:apex_module_data_file:s0 on path: /data/misc_ce/0/apexdata/com.android.sdkext
05-30 08:38:39.333 1018 1018 D vold_prepare_subdirs: Setting up mode 771 uid 0 gid 1000 context u:object_r:apex_module_data_file:s0 on path: /data/misc_ce/0/apexdata/com.android.scheduling
05-30 08:38:39.335 1018 1018 D vold_prepare_subdirs: Setting up mode 771 uid 0 gid 1000 context u:object_r:apex_module_data_file:s0 on path: /data/misc_ce/0/apexdata/com.android.runtime
05-30 08:38:39.337 1018 1018 D vold_prepare_subdirs: Setting up mode 771 uid 0 gid 1000 context u:object_r:apex_module_data_file:s0 on path: /data/misc_ce/0/apexdata/com.android.resolv
05-30 08:38:39.338 1018 1018 D vold_prepare_subdirs: Setting up mode 771 uid 0 gid 1000 context u:object_r:apex_permission_data_file:s0 on path: /data/misc_ce/0/apexdata/com.android.permission
05-30 08:38:39.339 1018 1018 D vold_prepare_subdirs: Setting up mode 771 uid 0 gid 1000 context u:object_r:apex_module_data_file:s0 on path: /data/misc_ce/0/apexdata/com.android.os.statsd
05-30 08:38:39.340 786 800 I com.android.se: Background concurrent copying GC freed 18419(993KB) AllocSpace objects, 0(0B) LOS objects, 49% free, 2839KB/5678KB, paused 173us total 609.334ms
05-30 08:38:39.341 1018 1018 D vold_prepare_subdirs: Setting up mode 771 uid 0 gid 1000 context u:object_r:apex_module_data_file:s0 on path: /data/misc_ce/0/apexdata/com.android.neuralnetworks
05-30 08:38:39.342 1018 1018 D vold_prepare_subdirs: Setting up mode 771 uid 0 gid 1000 context u:object_r:apex_module_data_file:s0 on path: /data/misc_ce/0/apexdata/com.android.mediaprovider
05-30 08:38:39.343 1018 1018 D vold_prepare_subdirs: Setting up mode 771 uid 0 gid 1000 context u:object_r:apex_module_data_file:s0 on path: /data/misc_ce/0/apexdata/com.android.media.swcodec
05-30 08:38:39.345 1018 1018 D vold_prepare_subdirs: Setting up mode 771 uid 0 gid 1000 context u:object_r:apex_module_data_file:s0 on path: /data/misc_ce/0/apexdata/com.android.media
05-30 08:38:39.347 1018 1018 D vold_prepare_subdirs: Setting up mode 771 uid 0 gid 1000 context u:object_r:apex_module_data_file:s0 on path: /data/misc_ce/0/apexdata/com.android.ipsec
05-30 08:38:39.349 1018 1018 D vold_prepare_subdirs: Setting up mode 771 uid 0 gid 1000 context u:object_r:apex_module_data_file:s0 on path: /data/misc_ce/0/apexdata/com.android.i18n
05-30 08:38:39.351 824 837 I oid.tv.setting: Background concurrent copying GC freed 21353(1332KB) AllocSpace objects, 0(0B) LOS objects, 49% free, 2921KB/5843KB, paused 170us total 213.391ms
05-30 08:38:39.352 1018 1018 D vold_prepare_subdirs: Setting up mode 771 uid 0 gid 1000 context u:object_r:apex_module_data_file:s0 on path: /data/misc_ce/0/apexdata/com.android.extservices
05-30 08:38:39.353 1018 1018 D vold_prepare_subdirs: Setting up mode 771 uid 0 gid 1000 context u:object_r:apex_module_data_file:s0 on path: /data/misc_ce/0/apexdata/com.android.conscrypt
05-30 08:38:39.355 1018 1018 D vold_prepare_subdirs: Setting up mode 771 uid 0 gid 1000 context u:object_r:apex_module_data_file:s0 on path: /data/misc_ce/0/apexdata/com.android.art
05-30 08:38:39.357 1018 1018 D vold_prepare_subdirs: Setting up mode 771 uid 0 gid 1000 context u:object_r:apex_appsearch_data_file:s0 on path: /data/misc_ce/0/apexdata/com.android.appsearch
05-30 08:38:39.359 1018 1018 D vold_prepare_subdirs: Setting up mode 771 uid 0 gid 1000 context u:object_r:apex_module_data_file:s0 on path: /data/misc_ce/0/apexdata/com.android.adbd
05-30 08:38:39.360 1018 1018 D vold_prepare_subdirs: Setting up mode 700 uid 1000 gid 1000 context u:object_r:backup_data_file:s0 on path: /data/system_ce/0/backup
05-30 08:38:39.361 1018 1018 D vold_prepare_subdirs: Setting up mode 700 uid 1000 gid 1000 context u:object_r:backup_data_file:s0 on path: /data/system_ce/0/backup_stage
05-30 08:38:39.362 1018 1018 D vold_prepare_subdirs: Setting up mode 700 uid 1000 gid 1000 context u:object_r:face_vendor_data_file:s0 on path: /data/vendor_ce/0/facedata
05-30 08:38:39.367 484 533 V UserDataPreparer: Found /data/user/0 with serial number 0
05-30 08:38:39.367 484 533 V UserDataPreparer: Found /data/system_ce/0 with serial number 0
05-30 08:38:39.368 484 533 D UserDataPreparer: Setting property: sys.user.0.ce_available=true
05-30 08:38:39.370 484 533 V PackageManager: reconcileAppsData for null u0 0x2 migrateAppData=false
05-30 08:38:39.380 484 502 I system_server: Background young concurrent copying GC freed 84978(5724KB) AllocSpace objects, 20(1052KB) LOS objects, 20% free, 12MB/15MB, paused 279us total 756.544ms
05-30 08:38:39.390 484 504 W System : A resource failed to call release.
05-30 08:38:39.390 484 504 W System : A resource failed to call release.
05-30 08:38:39.390 484 504 W System : A resource failed to call release.
05-30 08:38:39.390 484 504 W System : A resource failed to call release.
05-30 08:38:39.445 849 858 I id.ext.service: Background concurrent copying GC freed 20113(1064KB) AllocSpace objects, 0(0B) LOS objects, 49% free, 2859KB/5719KB, paused 284us total 181.488ms
01-01 08:00:24.852 175 175 I init (175): drop_caches: 3
05-30 08:38:39.688 327 329 D XM_HIDREAD: add@ add@/kernel/slab/:0000008
05-30 08:38:39.672 175 175 I init : type=1400 audit(0.0:367): avc: denied { write } for name="dirty_expire_centisecs" dev="proc" ino=13301 scontext=u:r:vendor_init:s0 tcontext=u:object_r:proc_dirty:s0 tclass=file permissive=1
05-30 08:38:39.715 319 319 D XiriService: check file name: /data/data/com.android.cts.priv.ctsshim/lib
01-01 08:00:24.875 1 1 I zram0 : detected capacity change from 0 to 1541578752
05-30 08:38:39.722 319 319 D XiriService: check file name: /data/data/com.android.cts.priv.ctsshim/lib
05-30 08:38:39.722 319 319 D XiriService: check file name: /data/data/com.android.dynsystem/lib
05-30 08:38:39.724 319 319 D XiriService: check file name: /data/data/com.dangbei.lerad.rocky/lib
05-30 08:38:39.730 319 319 D XiriService: check file name: /data/data/com.dangbei.lerad.rocky/lib
05-30 08:38:39.730 319 319 D XiriService: check file name: /data/data/com.android.tv.settings/lib
05-30 08:38:39.733 319 319 D XiriService: check file name: /data/data/com.oranth.factory/lib
05-30 08:38:39.735 319 319 D XiriService: check file name: /data/data/com.dangbei.zhushou.os/lib
05-30 08:38:39.684 338 338 I xiriservice_All: type=1400 audit(0.0:368): avc: denied { read } for scontext=u:r:init:s0 tcontext=u:r:init:s0 tclass=netlink_kobject_uevent_socket permissive=1
05-30 08:38:39.712 319 319 I xiriservice_All: type=1400 audit(0.0:369): avc: denied { search } for name="com.android.cts.priv.ctsshim" dev="mmcblk0p25" ino=566 scontext=u:r:init:s0 tcontext=u:object_r:privapp_data_file:s0:c512,c768 tclass=dir permissive=1
05-30 08:38:39.712 319 319 I xiriservice_All: type=1400 audit(0.0:370): avc: denied { read } for name="lib" dev="mmcblk0p25" ino=33296 scontext=u:r:init:s0 tcontext=u:object_r:privapp_data_file:s0:c512,c768 tclass=lnk_file permissive=1
05-30 08:38:39.716 319 319 I xiriservice_All: type=1400 audit(0.0:371): avc: denied { search } for name="com.android.dynsystem" dev="mmcblk0p25" ino=574 scontext=u:r:init:s0 tcontext=u:object_r:system_app_data_file:s0 tclass=dir permissive=1
05-30 08:38:39.716 319 319 I xiriservice_All: type=1400 audit(0.0:372): avc: denied { read } for name="lib" dev="mmcblk0p25" ino=33445 scontext=u:r:init:s0 tcontext=u:object_r:system_app_data_file:s0 tclass=lnk_file permissive=1
05-30 08:38:39.732 319 319 I xiriservice_All: type=1400 audit(0.0:373): avc: denied { search } for name="com.sohu.inputmethod.sogou.tv" dev="mmcblk0p25" ino=1419 scontext=u:r:init:s0 tcontext=u:object_r:app_data_file:s0:c48,c256,c512,c768 tclass=dir permissive=1
05-30 08:38:39.738 319 319 D XiriService: check file name: /data/data/com.sohu.inputmethod.sogou.tv/lib
05-30 08:38:39.732 319 319 I xiriservice_All: type=1400 audit(0.0:374): avc: denied { read } for name="lib" dev="mmcblk0p25" ino=33454 scontext=u:r:init:s0 tcontext=u:object_r:app_data_file:s0:c48,c256,c512,c768 tclass=lnk_file permissive=1
05-30 08:38:39.741 319 319 D XiriService: check file name: /data/data/com.oranth.ledstatus/lib
05-30 08:38:39.743 319 319 D XiriService: check file name: /data/data/com.dangbei.lerad.videoposter/lib
05-30 08:38:39.745 319 319 D XiriService: check file name: /data/data/com.android.networkstack/lib
05-30 08:38:39.740 319 319 I xiriservice_All: type=1400 audit(0.0:375): avc: denied { search } for name="com.dangbei.lerad.videoposter" dev="mmcblk0p25" ino=746 scontext=u:r:init:s0 tcontext=u:object_r:app_data_file:s0:c512,c768 tclass=dir permissive=1
05-30 08:38:39.740 319 319 I xiriservice_All: type=1400 audit(0.0:376): avc: denied { read } for name="lib" dev="mmcblk0p25" ino=33458 scontext=u:r:init:s0 tcontext=u:object_r:app_data_file:s0:c512,c768 tclass=lnk_file permissive=1
05-30 08:38:39.744 319 319 I xiriservice_All: type=1400 audit(0.0:377): avc: denied { read } for name="lib" dev="mmcblk0p25" ino=33459 scontext=u:r:init:s0 tcontext=u:object_r:radio_data_file:s0 tclass=lnk_file permissive=1
05-30 08:38:39.749 319 319 D XiriService: check file name: /data/data/android/lib
05-30 08:38:39.752 319 319 D XiriService: check file name: /data/data/android/lib
05-30 08:38:39.752 319 319 D XiriService: check file name: /data/data/com.dangbei.screencast/lib
05-30 08:38:39.753 319 319 D XiriService: check file name: /data/data/com.dangbei.leard.leradlauncher/lib
05-30 08:38:39.754 319 319 D XiriService: check file name: /data/data/com.android.providers.settings/lib
05-30 08:38:39.752 319 319 I xiriservice_All: type=1400 audit(0.0:378): avc: denied { search } for name="com.android.printspooler" dev="mmcblk0p25" ino=934 scontext=u:r:init:s0 tcontext=u:object_r:app_data_file:s0:c52,c256,c512,c768 tclass=dir permissive=1
05-30 08:38:39.752 319 319 I xiriservice_All: type=1400 audit(0.0:379): avc: denied { read } for name="lib" dev="mmcblk0p25" ino=33466 scontext=u:r:init:s0 tcontext=u:object_r:app_data_file:s0:c52,c256,c512,c768 tclass=lnk_file permissive=1
05-30 08:38:39.756 319 319 D XiriService: check file name: /data/data/com.android.printspooler/lib
05-30 08:38:39.759 319 319 D XiriService: check file name: /data/data/com.android.printspooler/lib
05-30 08:38:39.760 319 319 D XiriService: check file name: /data/data/com.android.webview/lib
