05-30 08:38:42.611 484 692 D UsbDeviceDescriptor: 1 configs
05-30 08:38:42.612 484 614 I StorageSessionController: Notifying volume state changed for session with id: emulated;0
05-30 08:38:42.612 484 609 I EventHub: usingClockIoctl=true
05-30 08:38:42.612 484 609 I EventHub: New device: id=4, fd=290, path='/dev/input/event3', name='Logitech G102 LIGHTSYNC Gaming Mouse Keyboard', classes=KEYBOARD | ALPHAKEY | EXTERNAL, configuration='', keyLayout='/system/usr/keylayout/Generic.kl', keyCharacterMap='/system/usr/keychars/Generic.kcm', builtinKeyboard=false,
05-30 08:38:42.614 1236 1236 D CompatibilityChangeReporter: Compat change id reported: 171979766; UID 10017; state: ENABLED
05-30 08:38:42.615 484 609 I InputReader: Device added: id=4, eventHubId=4, name='Logitech G102 LIGHTSYNC Gaming Mouse Keyboard', descriptor='0c945141df4847607bfc33914f112e8b3a79788d',sources=0x00002103
05-30 08:38:42.615 484 1029 D CompatibilityChangeReporter: Compat change id reported: 168419799; UID 1000; state: DISABLED
05-30 08:38:42.616 484 609 D EventHub: No input device configuration file found for device 'Logitech G102 LIGHTSYNC Gaming Mouse Consumer Control'.
05-30 08:38:42.625 689 689 V SystemUIService: BOOT_COMPLETED received
05-30 08:38:42.627 1092 1092 E DispatcherManager: publishMode=DBBOX-A2 piDispatcher=com.dangbei.launcher.dispatcher.function.BOXAXDispatcher@212a30
05-30 08:38:42.629 327 329 D XM_HIDREAD: add@ add@/devices/virtual/wakeup/wakeup28
05-30 08:38:42.629 1092 1092 I hq : 当前的服务模式是,serviceMode=0
05-30 08:38:42.630 689 689 D SystemUIBootTiming: SystemUIService: bootcomplete com.android.systemui.util.NotificationChannels took 0 ms
05-30 08:38:42.630 689 689 D SystemUIService: loading: com.android.systemui.volume.VolumeUI
05-30 08:38:42.641 1189 1189 D bbb : onCreate()
05-30 08:38:42.643 484 692 D UsbHostManager: Added device UsbDevice[mName=/dev/bus/usb/005/002,mVendorId=1133,mProductId=49298,mClass=0,mSubclass=0,mProtocol=0,mManufacturerName=Logitech,mProductName=G102 LIGHTSYNC Gaming Mouse,mVersion=52.00,mSerialNumberReader=com.android.server.usb.UsbSerialReader@b302c58, mHasAudioPlayback=false, mHasAudioCapture=false, mHasMidi=false, mHasVideoCapture=false, mHasVideoPlayback=false, mConfigurations=[
05-30 08:38:42.643 484 692 D UsbHostManager: UsbConfiguration[mId=1,mName=U152.00_B0010 ,mAttributes=160,mMaxPower=150,mInterfaces=[
05-30 08:38:42.643 484 692 D UsbHostManager: UsbInterface[mId=0,mAlternateSetting=0,mName=null,mClass=3,mSubclass=1,mProtocol=2,mEndpoints=[
05-30 08:38:42.643 484 692 D UsbHostManager: UsbEndpoint[mAddress=129,mAttributes=3,mMaxPacketSize=8,mInterval=1]]
05-30 08:38:42.643 484 692 D UsbHostManager: UsbInterface[mId=1,mAlternateSetting=0,mName=null,mClass=3,mSubclass=0,mProtocol=0,mEndpoints=[
05-30 08:38:42.643 484 692 D UsbHostManager: UsbEndpoint[mAddress=130,mAttributes=3,mMaxPacketSize=20,mInterval=1]]]]
05-30 08:38:42.644 484 609 W EventHub: Unable to disable kernel key repeat for /dev/input/event4: Function not implemented
05-30 08:38:42.644 484 609 I EventHub: usingClockIoctl=true
05-30 08:38:42.644 484 609 I EventHub: New device: id=5, fd=356, path='/dev/input/event4', name='Logitech G102 LIGHTSYNC Gaming Mouse Consumer Control', classes=KEYBOARD | DPAD | JOYSTICK | EXTERNAL, configuration='', keyLayout='/system/usr/keylayout/Generic.kl', keyCharacterMap='/system/usr/keychars/Generic.kcm', builtinKeyboard=false,
05-30 08:38:42.644 484 609 D EventHub: No input device configuration file found for device 'Logitech G102 LIGHTSYNC Gaming Mouse System Control'.
05-30 08:38:42.645 1189 1189 D CompatibilityChangeReporter: Compat change id reported: 160794467; UID 1000; state: ENABLED
05-30 08:38:42.646 689 1091 D BluetoothHeadset: Proxy object connected
05-30 08:38:42.652 327 329 D XM_HIDREAD: add@ add@/devices/virtual/wakeup/wakeup29
05-30 08:38:42.652 484 609 W EventHub: Unable to disable kernel key repeat for /dev/input/event5: Function not implemented
05-30 08:38:42.652 484 609 I EventHub: usingClockIoctl=true
05-30 08:38:42.652 484 609 I EventHub: New device: id=6, fd=355, path='/dev/input/event5', name='Logitech G102 LIGHTSYNC Gaming Mouse System Control', classes=KEYBOARD | EXTERNAL, configuration='', keyLayout='/system/usr/keylayout/Generic.kl', keyCharacterMap='/system/usr/keychars/Generic.kcm', builtinKeyboard=false,
05-30 08:38:42.658 1218 1218 D music_MediaPlaybackSer: onCreate()
05-30 08:38:42.659 1218 1218 D music_MediaPlaybackSer: Create MusicProvider
05-30 08:38:42.660 1218 1218 D music_MediaPlaybackSer: Create MediaSession
05-30 08:38:42.665 1189 1189 D bbb : onStartCommand begin !!!!!!! data分区剩余 24608MB
05-30 08:38:42.670 484 609 I InputReader: Device added: id=4, eventHubId=6, name='Logitech G102 LIGHTSYNC Gaming Mouse System Control', descriptor='0c945141df4847607bfc33914f112e8b3a79788d',sources=0x00002103
05-30 08:38:42.671 484 609 I InputReader: Device added: id=4, eventHubId=5, name='Logitech G102 LIGHTSYNC Gaming Mouse Consumer Control', descriptor='0c945141df4847607bfc33914f112e8b3a79788d',sources=0x01002313
05-30 08:38:42.673 689 689 I vol.Events: writeEvent collection_started
05-30 08:38:42.676 1043 1043 W ContextImpl: Calling a method in the system process without a qualified user: android.app.ContextImpl.startService:1816 android.content.ContextWrapper.startService:774 com.dangbei.andes.CoreService$Companion.start:29 com.dangbei.lerad.etna.haqu.EtnaApplication.init:88 com.dangbei.lerad.etna.haqu.EtnaApplication.onCreate:59
05-30 08:38:42.676 484 547 D CompatibilityChangeReporter: Compat change id reported: 135634846; UID 10015; state: DISABLED
05-30 08:38:42.677 484 547 D CompatibilityChangeReporter: Compat change id reported: 177438394; UID 10015; state: DISABLED
05-30 08:38:42.677 484 547 D CompatibilityChangeReporter: Compat change id reported: 135772972; UID 10015; state: DISABLED
05-30 08:38:42.677 484 547 D CompatibilityChangeReporter: Compat change id reported: 135754954; UID 10015; state: ENABLED
05-30 08:38:42.677 484 548 D CompatibilityChangeReporter: Compat change id reported: 143937733; UID 10015; state: ENABLED
05-30 08:38:42.680 484 820 D CompatibilityChangeReporter: Compat change id reported: 171306433; UID 1000; state: ENABLED
05-30 08:38:42.696 1092 1092 E hq : 检查user:::switchDao id=-1
05-30 08:38:42.709 1042 1160 I ExternalStorageServiceImpl: Ignoring volume state for vol:external_primary. State: checking
05-30 08:38:42.709 255 255 D Zygote : Forked child process 1271
05-30 08:38:42.713 1218 1218 D CompatibilityChangeReporter: Compat change id reported: 160794467; UID 10041; state: DISABLED
05-30 08:38:42.743 1271 1271 I Zygote : seccomp disabled by setenforce 0
05-30 08:38:42.744 484 508 D WifiNl80211Manager: Scan result ready event
05-30 08:38:42.745 484 508 D WifiNative: Scan result ready event
05-30 08:38:42.762 676 676 V MediaPlayerList: onActiveSessionsChanged: number of controllers: 0
05-30 08:38:42.772 824 906 D BufferPoolAccessor2.0: bufferpool2 0xf2e39f18 : 0(0 size) total buffers - 0(0 size) used buffers - 2/7 (recycle/alloc) - 5/96 (fetch/transfer)
05-30 08:38:42.772 824 906 D BufferPoolAccessor2.0: bufferpool2 0xf2e3a058 : 0(0 size) total buffers - 0(0 size) used buffers - 2/7 (recycle/alloc) - 5/92 (fetch/transfer)
05-30 08:38:42.772 824 906 D BufferPoolAccessor2.0: evictor expired: 2, evicted: 2
05-30 08:38:42.777 407 425 I adbd : jdwp connection from 1271
05-30 08:38:42.797 1236 1236 V GraphicsEnvironment: ANGLE Developer option for 'com.android.providers.contacts' set to: 'default'
05-30 08:38:42.798 1218 1218 D music_MediaPlaybackSer: updatePlaybackState, playback state=0
05-30 08:38:42.799 1236 1236 V GraphicsEnvironment: Neither updatable production driver nor prerelease driver is supported.
05-30 08:38:42.803 1236 1236 D NetworkSecurityConfig: No Network Security Config specified, using platform default
05-30 08:38:42.804 1236 1236 D NetworkSecurityConfig: No Network Security Config specified, using platform default
05-30 08:38:42.804 1042 1160 V MediaStore: Examining volume emulated;0 with name external_primary and state mounted
05-30 08:38:42.809 484 548 W ActivityManager: Slow operation: 133ms so far, now at startProcess: done updating battery stats
05-30 08:38:42.809 484 548 W ActivityManager: Slow operation: 133ms so far, now at startProcess: building log message
05-30 08:38:42.809 484 548 I ActivityManager: app.processName = android.process.media
05-30 08:38:42.809 484 548 I ActivityManager: Start proc 1271:android.process.media/u0a15 for broadcast {com.android.mtp/com.android.mtp.UsbIntentReceiver}
05-30 08:38:42.809 484 548 W ActivityManager: Slow operation: 133ms so far, now at startProcess: starting to update pids map
05-30 08:38:42.809 484 548 W ActivityManager: Slow operation: 133ms so far, now at startProcess: done updating pids map
05-30 08:38:42.814 689 885 D LocalBluetoothProfileManager: Adding local OPP profile
05-30 08:38:42.814 689 885 D LocalBluetoothProfileManager: Adding local HID_HOST profile
05-30 08:38:42.814 1043 1043 D DisplayOutputManager: ro.build.characteristics=homlet
05-30 08:38:42.818 192 192 I servicemanager: Found vendor.display.output.IDisplayOutputManager/default in device VINTF manifest.
05-30 08:38:42.827 484 1130 D CompatibilityChangeReporter: Compat change id reported: 168419799; UID 10015; state: DISABLED
05-30 08:38:42.830 484 614 I StorageSessionController: Notifying volume state changed for session with id: emulated;0
05-30 08:38:42.830 689 885 D BluetoothHidHost: Binding service...
05-30 08:38:42.842 1043 1043 D HomletDisplayOutputManager: get IDisplayOutputManager service success
05-30 08:38:42.842 1042 1042 V MediaStore: Examining volume emulated;0 with name external_primary and state mounted
05-30 08:38:42.847 1043 1043 D AudioManagerEx: AudioManagerEx
05-30 08:38:42.851 260 260 D audio_hw_primary: Mic get_audio_devices_active:
05-30 08:38:42.851 260 260 D audio_hw_primary: get_audio_devices_active: AUDIO_CODEC,AUDIO_SPDIF,AUDIO_HDMI
05-30 08:38:42.852 260 260 D xm_audio: adev_get_parameters
05-30 08:38:42.852 285 582 I hash_map_utils: system/bt/osi/src/hash_map_utils.cc:81 hash_map_utils_dump_string_keys_string_values: key: 'audio_devices_out_active' value: ''
05-30 08:38:42.855 1043 1043 D AudioManagerEx: type audio_devices_out_active list AUDIO_CODEC,AUDIO_SPDIF,AUDIO_HDMI=
05-30 08:38:42.861 1092 1092 E hq : 检查user:::更新前的信息: null
05-30 08:38:42.861 1092 1092 E hq : 更新后的信息: Users{userId=-1, nickName='游客', avatarUrl='null', wxToken='null', vip='null', mobile='null', sex=null, description='null', city='null', province='null', country='null', launcherMode=null, token='null', token='null'}
05-30 08:38:42.865 1271 1271 D CompatibilityChangeReporter: Compat change id reported: 171979766; UID 10015; state: ENABLED
05-30 08:38:42.875 689 885 D LocalBluetoothProfileManager: Adding local HID_DEVICE profile
05-30 08:38:42.877 689 885 D BluetoothHidDevice: Binding service...
05-30 08:38:42.878 1218 1218 D music_MusicApp: add mount callback: com.android.music.MediaPlaybackService@44bcaa5
05-30 08:38:42.881 1092 1092 D AdHelper: ad server environment is official? false
05-30 08:38:42.881 1092 1092 D AdHelper: ad server environment is official? false
05-30 08:38:42.881 1092 1092 D AdHelper: ad server environment is official? false
05-30 08:38:42.881 1092 1092 D AdHelper: ad server environment is official? false
05-30 08:38:42.890 260 283 D audio_hw_primary: getAudioDevices()
05-30 08:38:42.890 484 484 W NotificationHistory: Attempted to add notif for locked/gone/disabled user 0
05-30 08:38:42.890 260 283 D audio_hw_primary: out dev:AUDIO_CODEC
05-30 08:38:42.890 260 283 D audio_hw_primary: in dev:AUDIO_SPDIF
05-30 08:38:42.890 260 283 D audio_hw_primary: out dev:AUDIO_SPDIF
05-30 08:38:42.890 260 283 D audio_hw_primary: in dev:AUDIO_HDMI
05-30 08:38:42.891 260 283 D audio_hw_primary: out dev:AUDIO_HDMI
05-30 08:38:42.891 260 283 D audio_hw_primary: in dev:AUDIO_I2S2
05-30 08:38:42.891 260 283 D audio_hw_primary: out playback: AUDIO_CODEC,AUDIO_SPDIF,AUDIO_HDMI
05-30 08:38:42.894 1092 1092 D AdHelper: AdHelper init: end
05-30 08:38:42.894 260 283 D xm_audio: adev_get_parameters
05-30 08:38:42.895 285 455 I hash_map_utils: system/bt/osi/src/hash_map_utils.cc:81 hash_map_utils_dump_string_keys_string_values: key: 'audio_devices_out' value: ''
05-30 08:38:42.896 1043 1043 D AudioManagerEx: type audio_devices_out list AUDIO_CODEC,AUDIO_SPDIF,AUDIO_HDMI=
05-30 08:38:42.916 1218 1218 D music_MediaPlaybackSer: OnGetRoot: clientPackageName=com.android.bluetooth; clientUid=1002 ; rootHints=null
05-30 08:38:42.919 676 676 I AvrcpBrowsedPlayerWrapper: onConnected: com.android.music is connected
05-30 08:38:42.921 676 676 D AvrcpBrowsablePlayerConnector: Browse player callback called: package=com.android.music : status=0
05-30 08:38:42.922 1043 1290 W ContextImpl: Calling a method in the system process without a qualified user: android.app.ContextImpl.bindService:1895 android.content.ContextWrapper.bindService:810 com.dangbei.lerad.etna.lib.client.EtnaClient.bindServer:138 com.dangbei.lerad.etna.lib.client.EtnaClient.access$600:29 com.dangbei.lerad.etna.lib.client.EtnaClient$3.call:205
05-30 08:38:42.923 676 676 D AvrcpBrowsablePlayerConnector: Received a message: msg.what=1
05-30 08:38:42.925 676 676 I AvrcpBrowsablePlayerConnector: Checking root contents for com.android.music
05-30 08:38:42.929 1218 1218 D music_MediaPlaybackSer: onDestroy
05-30 08:38:42.929 1218 1218 D music_MusicApp: remove mount callback: com.android.music.MediaPlaybackService@44bcaa5
05-30 08:38:42.930 1218 1218 D music_MediaPlaybackSer: handleStopRequest: mState=0 error=destroy
05-30 08:38:42.930 1218 1218 D music_MediaPlaybackSer: updatePlaybackState, playback state=1
05-30 08:38:42.930 1218 1218 D Playback: giveUpAudioFocus
05-30 08:38:42.930 1218 1218 D Playback: relaxResources. releaseMediaPlayer=true
05-30 08:38:42.935 1218 1218 D music_MediaPlaybackSer: updatePlaybackState, playback state=1
05-30 08:38:42.945 484 1130 D CompatibilityChangeReporter: Compat change id reported: 168419799; UID 10041; state: DISABLED
05-30 08:38:42.948 1218 1218 D music_MediaPlaybackSer: onCreate()
05-30 08:38:42.949 1218 1218 D music_MediaPlaybackSer: Create MusicProvider
05-30 08:38:42.949 1218 1218 D music_MediaPlaybackSer: Create MediaSession
05-30 08:38:42.954 676 676 V MediaPlayerList: onActiveSessionsChanged: number of controllers: 0
05-30 08:38:42.955 484 627 D ConnectivityService: NetReassign [no changes]
05-30 08:38:42.961 1092 1092 E xxxxxxxxxxxxxxx: onConfigurationChanged2===>{1.0 ?mcc?mnc [zh_CN] ldltr sw720dp w1280dp h696dp 240dpi xlrg long land television -touch qwerty/v/v dpad/v winConfig={ mBounds=Rect(0, 0 - 1920, 1080) mAppBounds=Rect(0, 0 - 1920, 1080) mMaxBounds=Rect(0, 0 - 1920, 1080) mWindowingMode=fullscreen mDisplayWindowingMode=fullscreen mActivityType=undefined mAlwaysOnTop=undefined mRotation=ROTATION_0} s.6 fontWeightAdjustment=0}
05-30 08:38:42.962 484 762 D CompatibilityChangeReporter: Compat change id reported: 168419799; UID 10074; state: DISABLED
05-30 08:38:42.962 1092 1092 E memInfo.totalMem: memInfo.totalMem=2055442432 1073741824
05-30 08:38:42.969 484 627 D ConnectivityService: NetReassign [no changes]
01-01 08:00:28.143 1289 1289 W audit : audit_lost=29 audit_rate_limit=5 audit_backlog_limit=64
01-01 08:00:28.152 1289 1289 E audit : rate limit exceeded
05-30 08:38:42.978 1218 1218 D music_MediaPlaybackSer: updatePlaybackState, playback state=0
05-30 08:38:42.999 676 676 V MediaPlayerList: onActiveSessionsChanged: number of controllers: 0
05-30 08:38:43.016 1218 1218 D music_MusicApp: add mount callback: com.android.music.MediaPlaybackService@bfc9a88
05-30 08:38:43.017 1092 1289 D getEthernetMacAddr: getEthernetMacAddr use eth0
05-30 08:38:43.017 1092 1191 I WebViewFactory: Loading com.android.webview version 91.0.4472.114 (code 447211450)
05-30 08:38:43.029 689 885 D LocalBluetoothProfileManager: Adding local PAN profile
05-30 08:38:43.056 1092 1092 D OsInitLaunch: send cache: homeCreate, null, null, null
05-30 08:38:43.072 1042 1160 V MediaStore: Examining volume emulated;0 with name external_primary and state mounted
05-30 08:38:43.076 667 667 E WifiHAL : wifi_get_link_stats: requestResponse Error:-5
05-30 08:38:43.090 1042 1300 I MediaProvider: Begin Intent { act=com.android.providers.media.action.SCAN_VOLUME (has extras) }
05-30 08:38:43.091 689 885 D BluetoothPan: Binding service...
05-30 08:38:43.092 484 620 E WifiVendorHal: getWifiLinkLayerStats_1_5_Internal(l.1191) failed {.code = ERROR_INVALID_ARGS, .description = }
05-30 08:38:43.092 1218 1218 D music_MediaPlaybackSer: OnGetRoot: clientPackageName=com.android.bluetooth; clientUid=1002 ; rootHints=null
05-30 08:38:43.096 484 762 W OverlayManager: service 'idmap' died
05-30 08:38:43.097 676 676 I AvrcpBrowsedPlayerWrapper: onConnected: com.android.music is connected
05-30 08:38:43.097 676 676 I AvrcpBrowsedPlayerWrapper: getFolderItems: Connected to browsable player: com.android.music
05-30 08:38:43.105 689 885 D LocalBluetoothProfileManager: Adding local PBAP profile
05-30 08:38:43.116 689 1267 I vol.Events: writeEvent level_changed STREAM_VOICE_CALL 15
05-30 08:38:43.123 1218 1218 D music_MediaPlaybackSer: OnLoadChildren: parentMediaId=__ROOT__
05-30 08:38:43.126 689 1267 I vol.Events: writeEvent level_changed STREAM_SYSTEM 5
05-30 08:38:43.126 1218 1218 D MusicProvider: retrieveMediaAsync called
05-30 08:38:43.134 689 1267 I vol.Events: writeEvent level_changed STREAM_RING 5
05-30 08:38:43.139 689 689 D SystemUIService: running: com.android.systemui.volume.VolumeUI@a3384bd
05-30 08:38:43.143 689 1267 I vol.Events: writeEvent level_changed STREAM_MUSIC 13
05-30 08:38:43.150 689 1267 I vol.Events: writeEvent level_changed STREAM_ALARM 17
05-30 08:38:43.158 689 1267 I vol.Events: writeEvent level_changed STREAM_BLUETOOTH_SCO 7
05-30 08:38:43.159 689 689 D SystemUIBootTiming: SystemUIService: bootcomplete com.android.systemui.volume.VolumeUI took 529 ms
05-30 08:38:43.159 689 689 D SystemUIService: loading: com.android.systemui.privacy.television.TvOngoingPrivacyChip
05-30 08:38:43.171 484 614 D StorageManagerService: Volume emulated;0 broadcasting mounted to UserHandle{0}
05-30 08:38:43.174 689 1267 I vol.Events: writeEvent zen_mode_config_changed [disallowAlarms=false disallowMedia=false disallowSystem=true disallowRinger=false]
05-30 08:38:43.179 360 595 D installd: Found quota mount /dev/block/by-name/userdata at /data
05-30 08:38:43.179 360 595 D installd: Found quota mount /dev/block/by-name/userdata at /data/user/0
05-30 08:38:43.180 360 595 D installd: Found quota mount /dev/block/by-name/userdata at /mnt/pass_through/0/emulated
05-30 08:38:43.180 360 595 D installd: Found quota mount /dev/block/by-name/userdata at /mnt/user/0/emulated/0/Android/data
05-30 08:38:43.180 360 595 D installd: Found quota mount /dev/block/by-name/userdata at /storage/emulated/0/Android/data
05-30 08:38:43.180 360 595 D installd: Found quota mount /dev/block/by-name/userdata at /mnt/androidwritable/0/emulated/0/Android/data
05-30 08:38:43.180 360 595 D installd: Found quota mount /dev/block/by-name/userdata at /mnt/installer/0/emulated/0/Android/data
05-30 08:38:43.180 360 595 D installd: Found quota mount /dev/block/by-name/userdata at /mnt/user/0/emulated/0/Android/obb
05-30 08:38:43.180 360 595 D installd: Found quota mount /dev/block/by-name/userdata at /storage/emulated/0/Android/obb
05-30 08:38:43.180 360 595 D installd: Found quota mount /dev/block/by-name/userdata at /mnt/androidwritable/0/emulated/0/Android/obb
05-30 08:38:43.180 360 595 D installd: Found quota mount /dev/block/by-name/userdata at /mnt/installer/0/emulated/0/Android/obb
05-30 08:38:43.182 360 595 D installd: Found storage mount /dev/block/by-name/userdata at /mnt/pass_through/0/emulated
05-30 08:38:43.194 1218 1218 D music_MusicApp: received action: android.intent.action.MEDIA_MOUNTED
05-30 08:38:43.195 1218 1218 D music_MediaPlaybackSer: mount changed: isMounted: true, stop playing ...
05-30 08:38:43.198 1042 1042 V MediaStore: Examining volume emulated;0 with name external_primary and state mounted
05-30 08:38:43.198 1092 1191 D nativeloader: classloader namespace configured for unbundled product apk. library_path=/product/app/webview/lib/arm:/product/app/webview/webview.apk!/lib/armeabi-v7a:/product/lib:/system/product/lib
05-30 08:38:43.216 484 614 D StorageManagerService: Volume emulated;0 broadcasting mounted to UserHandle{0}
05-30 08:38:43.217 1043 1307 W ContextImpl: Calling a method in the system process without a qualified user: android.app.ContextImpl.bindService:1895 android.content.ContextWrapper.bindService:810 com.dangbei.lerad.etna.lib.client.EtnaClient.bindServer:138 com.dangbei.lerad.etna.lib.client.EtnaClient.access$600:29 com.dangbei.lerad.etna.lib.client.EtnaClient$3.call:205
05-30 08:38:43.222 1271 1271 V GraphicsEnvironment: ANGLE Developer option for 'com.android.mtp' set to: 'default'
05-30 08:38:43.223 1271 1271 V GraphicsEnvironment: Neither updatable production driver nor prerelease driver is supported.
05-30 08:38:43.236 1236 1236 I ContactsPerf: VoicemailContentProvider.onCreate start
05-30 08:38:43.237 1271 1271 D NetworkSecurityConfig: No Network Security Config specified, using platform default
05-30 08:38:43.238 1271 1271 D NetworkSecurityConfig: No Network Security Config specified, using platform default
05-30 08:38:43.241 1218 1218 D music_MusicApp: received action: android.intent.action.MEDIA_MOUNTED
05-30 08:38:43.241 1092 1092 E hq : LauncherCallback:::onViewCreate
05-30 08:38:43.241 1092 1092 E hq : LauncherCallback:::onAttach
05-30 08:38:43.246 1218 1218 D music_MediaPlaybackSer: mount changed: isMounted: true, stop playing ...
05-30 08:38:43.262 1236 1236 I ContactsPerf: VoicemailContentProvider.onCreate finish
05-30 08:38:43.278 689 689 D SystemUIService: running: com.android.systemui.privacy.television.TvOngoingPrivacyChip@88b8e75
05-30 08:38:43.279 689 689 D SystemUIBootTiming: SystemUIService: bootcomplete com.android.systemui.privacy.television.TvOngoingPrivacyChip took 120 ms
05-30 08:38:43.279 689 689 D SystemUIService: loading: com.android.systemui.statusbar.tv.TvStatusBar
05-30 08:38:43.279 689 689 D SystemUIService: running: com.android.systemui.statusbar.tv.TvStatusBar@c517e0a
05-30 08:38:43.291 484 532 W IorapForwardingService: No service published for: iorapd
05-30 08:38:43.252 276 276 I EventThread: type=1400 audit(0.0:455): avc: denied { search } for name="extcon" dev="sysfs" ino=18109 scontext=u:r:hal_tv_cec_default:s0 tcontext=u:object_r:sysfs_extcon:s0 tclass=dir permissive=1
05-30 08:38:43.300 484 508 I StatusBarManagerService: registerStatusBar bar=com.android.internal.statusbar.IStatusBar$Stub$Proxy@a31d31c
05-30 08:38:43.303 689 689 D SystemUIBootTiming: SystemUIService: bootcomplete com.android.systemui.statusbar.tv.TvStatusBar took 24 ms
05-30 08:38:43.303 689 689 D SystemUIService: loading: com.android.systemui.statusbar.tv.notifications.TvNotificationPanel
05-30 08:38:43.304 689 689 D SystemUIService: running: com.android.systemui.statusbar.tv.notifications.TvNotificationPanel@8d5e67b
05-30 08:38:43.306 689 689 D SystemUIBootTiming: SystemUIService: bootcomplete com.android.systemui.statusbar.tv.notifications.TvNotificationPanel took 3 ms
05-30 08:38:43.309 689 689 D SystemUIService: loading: com.android.systemui.statusbar.tv.notifications.TvNotificationHandler
05-30 08:38:43.314 689 689 D SystemUIService: running: com.android.systemui.statusbar.tv.notifications.TvNotificationHandler@d6ecc98
05-30 08:38:43.320 1042 1042 V MediaStore: Examining volume emulated;0 with name external_primary and state mounted
05-30 08:38:43.322 689 689 D SystemUIBootTiming: SystemUIService: bootcomplete com.android.systemui.statusbar.tv.notifications.TvNotificationHandler took 15 ms
05-30 08:38:43.322 689 689 D SystemUIService: loading: com.android.systemui.statusbar.tv.VpnStatusObserver
05-30 08:38:43.329 484 1036 I ActivityManager: com.android.localtransport is exempt from freezer
05-30 08:38:43.329 484 1036 D CompatibilityChangeReporter: Compat change id reported: 135634846; UID 1000; state: DISABLED
05-30 08:38:43.331 689 885 D LocalBluetoothProfileManager: Current Profiles[]
05-30 08:38:43.334 689 885 D LocalBluetoothProfileManager: New Profiles[HID]
05-30 08:38:43.353 1092 1308 I MobclickAgent: module init:azio
05-30 08:38:43.375 1092 1092 E hq : LauncherCallback:::inspect
05-30 08:38:43.376 255 255 D Zygote : Forked child process 1323
05-30 08:38:43.402 484 508 D CompatibilityChangeReporter: Compat change id reported: 149924527; UID 10041; state: ENABLED
05-30 08:38:43.403 484 548 W ActivityManager: Slow operation: 75ms so far, now at startProcess: returned from zygote!
05-30 08:38:43.404 484 548 W ActivityManager: Slow operation: 77ms so far, now at startProcess: done updating battery stats
05-30 08:38:43.404 484 548 W ActivityManager: Slow operation: 77ms so far, now at startProcess: building log message
05-30 08:38:43.404 484 548 I ActivityManager: app.processName = com.android.localtransport
05-30 08:38:43.405 484 548 I ActivityManager: Start proc 1323:com.android.localtransport/1000 for service {com.android.localtransport/com.android.localtransport.LocalTransportService}
05-30 08:38:43.405 484 548 W ActivityManager: Slow operation: 77ms so far, now at startProcess: starting to update pids map
05-30 08:38:43.404 1323 1323 I Zygote : seccomp disabled by setenforce 0
05-30 08:38:43.405 484 548 W ActivityManager: Slow operation: 78ms so far, now at startProcess: done updating pids map
05-30 08:38:43.372 335 335 I rainbow_flow: type=1400 audit(0.0:456): avc: denied { ioctl } for path="/dev/spidev1.0" dev="tmpfs" ino=3840 ioctlcmd=0x6b00 scontext=u:r:init:s0 tcontext=u:object_r:device:s0 tclass=chr_file permissive=1
05-30 08:38:43.407 1092 1092 E hq : AdHelper:::后台配置是否展现广告: true
05-30 08:38:43.412 484 627 D ConnectivityService: NetReassign [no changes]
05-30 08:38:43.416 1092 1092 D OsInitLaunch: send cache: launchHome, launchMainActivity, null, 1
05-30 08:38:43.433 388 388 E update_engine: [ERROR:update_attempter_android.cc(-1)] unknown(...): Domain=update_engine, Code=generic_error, Message=No ongoing update to cancel.
05-30 08:38:43.438 484 1130 D CompatibilityChangeReporter: Compat change id reported: 132649864; UID 10041; state: DISABLED
05-30 08:38:43.439 388 388 E update_engine: [ERROR:update_attempter_android.cc(90)] Replying with failure: pc:0x4b40ac9: No ongoing update to cancel.
05-30 08:38:43.444 484 1029 D CompatibilityChangeReporter: Compat change id reported: 182734110; UID 10074; state: DISABLED
05-30 08:38:43.459 407 425 I adbd : jdwp connection from 1323
05-30 08:38:43.463 1043 1043 E ccc : cccccc 故意做的cancel 捕获 No ongoing update to cancel.
05-30 08:38:43.464 1043 1043 W System.err: android.os.ServiceSpecificException: No ongoing update to cancel. (code 1)
05-30 08:38:43.483 689 885 D CachedBluetoothDevice: updating profiles for Dangbei
05-30 08:38:43.496 1323 1323 D CompatibilityChangeReporter: Compat change id reported: 171979766; UID 1000; state: ENABLED
05-30 08:38:43.505 484 880 D BufferPoolAccessor2.0: bufferpool2 0xf1713298 : 0(0 size) total buffers - 0(0 size) used buffers - 1/7 (recycle/alloc) - 6/42 (fetch/transfer)
05-30 08:38:43.472 1092 1092 I nd.statics.boot: type=1400 audit(0.0:457): avc: denied { read } for name="address" dev="sysfs" ino=26474 scontext=u:r:system_app:s0 tcontext=u:object_r:sysfs:s0 tclass=file permissive=1
05-30 08:38:43.505 484 880 D BufferPoolAccessor2.0: bufferpool2 0xf17133d8 : 0(0 size) total buffers - 0(0 size) used buffers - 2/7 (recycle/alloc) - 5/46 (fetch/transfer)
05-30 08:38:43.505 484 880 D BufferPoolAccessor2.0: evictor expired: 2, evicted: 2
05-30 08:38:43.518 689 885 V CachedBluetoothDevice: Class: 1f00
05-30 08:38:43.519 1043 1043 W System.err: at android.os.Parcel.createExceptionOrNull(Parcel.java:2439)
05-30 08:38:43.520 1043 1043 W System.err: at android.os.Parcel.createException(Parcel.java:2409)
05-30 08:38:43.521 1043 1043 W System.err: at android.os.Parcel.readException(Parcel.java:2392)
05-30 08:38:43.521 1043 1043 W System.err: at android.os.Parcel.readException(Parcel.java:2334)
05-30 08:38:43.521 1043 1043 W System.err: at android.os.IUpdateEngine$Stub$Proxy.cancel(IUpdateEngine.java:480)
05-30 08:38:43.521 1043 1043 W System.err: at android.os.UpdateEngine.cancel(UpdateEngine.java:381)
05-30 08:38:43.521 1043 1043 W System.err: at com.oranth.otalibrary.OTAManager.cancel(OTAManager.java:54)
05-30 08:38:43.521 1043 1043 W System.err: at com.dangbei.etna.update.ota.OtaUpdateHelper.cancelInstalling(OtaUpdateHelper.kt:134)
05-30 08:38:43.521 1043 1043 W System.err: at com.dangbei.etna.update.ota.OtaUpdateHelper.init(OtaUpdateHelper.kt:72)
05-30 08:38:43.521 1043 1043 W System.err: at com.dangbei.etna.update.UpdateHelper.init(UpdateHelper.kt:60)
05-30 08:38:43.521 1043 1043 W System.err: at com.dangbei.lerad.etna.haqu.EtnaApplication.init(EtnaApplication.kt:97)
05-30 08:38:43.522 1043 1043 W System.err: at com.dangbei.lerad.etna.haqu.EtnaApplication.onCreate(EtnaApplication.kt:59)
05-30 08:38:43.524 1043 1043 W System.err: at android.app.Instrumentation.callApplicationOnCreate(Instrumentation.java:1211)
05-30 08:38:43.524 1043 1043 W System.err: at android.app.ActivityThread.handleBindApplication(ActivityThread.java:6740)
05-30 08:38:43.524 1043 1043 W System.err: at android.app.ActivityThread.access$1500(ActivityThread.java:247)
05-30 08:38:43.524 1043 1043 W System.err: at android.app.ActivityThread$H.handleMessage(ActivityThread.java:2053)
05-30 08:38:43.526 1043 1043 W System.err: at android.os.Handler.dispatchMessage(Handler.java:106)
05-30 08:38:43.527 1043 1043 W System.err: at android.os.Looper.loopOnce(Looper.java:201)
05-30 08:38:43.527 1043 1043 W System.err: at android.os.Looper.loop(Looper.java:288)
05-30 08:38:43.527 1043 1043 W System.err: at android.app.ActivityThread.main(ActivityThread.java:7854)
05-30 08:38:43.527 1043 1043 W System.err: at java.lang.reflect.Method.invoke(Native Method)
05-30 08:38:43.527 1043 1043 W System.err: at com.android.internal.os.RuntimeInit$MethodAndArgsCaller.run(RuntimeInit.java:548)
05-30 08:38:43.528 1043 1043 W System.err: at com.android.internal.os.ZygoteInit.main(ZygoteInit.java:1182)
05-30 08:38:43.529 388 388 I update_engine: [INFO:update_attempter_android.cc(365)] Attempting to reset state from UPDATE_STATUS_IDLE to UpdateStatus::IDLE
05-30 08:38:43.532 388 388 I update_engine: [INFO:update_attempter_android.cc(369)] Cleaning up reserved space for compressed APEX (if any)
05-30 08:38:43.539 689 885 V CachedBluetoothDevice: UUID:
05-30 08:38:43.539 689 885 V CachedBluetoothDevice: 00001812-0000-1000-8000-00805f9b34fb
05-30 08:38:43.472 1092 1092 I nd.statics.boot: type=1400 audit(0.0:458): avc: denied { open } for path="/sys/devices/platform/unisoc_wifi/net/wlan1/address" dev="sysfs" ino=26474 scontext=u:r:system_app:s0 tcontext=u:object_r:sysfs:s0 tclass=file permissive=1
05-30 08:38:43.546 386 760 D BufferPoolAccessor2.0: bufferpool2 0xf238ecd8 : 0(0 size) total buffers - 0(0 size) used buffers - 40/44 (recycle/alloc) - 4/43 (fetch/transfer)
05-30 08:38:43.546 386 760 D BufferPoolAccessor2.0: bufferpool2 0xf238ee18 : 0(0 size) total buffers - 0(0 size) used buffers - 42/46 (recycle/alloc) - 4/45 (fetch/transfer)
05-30 08:38:43.546 386 760 D BufferPoolAccessor2.0: bufferpool2 0xf238e198 : 0(0 size) total buffers - 0(0 size) used buffers - 18/21 (recycle/alloc) - 3/20 (fetch/transfer)
05-30 08:38:43.546 386 760 D BufferPoolAccessor2.0: bufferpool2 0xf238e418 : 0(0 size) total buffers - 0(0 size) used buffers - 32/36 (recycle/alloc) - 4/35 (fetch/transfer)
05-30 08:38:43.546 386 760 D BufferPoolAccessor2.0: bufferpool2 0xf238e698 : 0(0 size) total buffers - 0(0 size) used buffers - 16/19 (recycle/alloc) - 3/18 (fetch/transfer)
05-30 08:38:43.546 386 760 D BufferPoolAccessor2.0: evictor expired: 5, evicted: 5
05-30 08:38:43.549 388 388 I update_engine: [INFO:dynamic_partition_control_android.cc(1284)] ResetUpdate resetting update state and deleting snapshots.
05-30 08:38:43.551 484 1029 D CompatibilityChangeReporter: Compat change id reported: 182734110; UID 10041; state: DISABLED
05-30 08:38:43.552 484 620 W UnsafeUtil: platform method missing - proto runtime falling back to safer methods: java.lang.NoSuchMethodException: sun.misc.Unsafe.copyMemory [class java.lang.Object, long, class java.lang.Object, long, long]
05-30 08:38:43.553 689 689 D SystemUIService: running: com.android.systemui.statusbar.tv.VpnStatusObserver@1a4a9f3
05-30 08:38:43.557 388 388 I update_engine: [INFO:delta_performer.cc(1389)] Resetting recorded hash for prepared partitions.
05-30 08:38:43.560 1043 1043 E ccc : cccccc 只是做下reset 哈
05-30 08:38:43.563 1043 1043 I MMKV : loading [mmkv.default] with 1710 actual size, file size 4096, InterProcess 0, meta info version:3
05-30 08:38:43.563 1043 1043 I MMKV : loading [mmkv.default] with crc 3536122059 sequence 10 version 3
05-30 08:38:43.564 1043 1043 I MMKV : loaded [mmkv.default] with 10 key-values
05-30 08:38:43.574 689 689 D SystemUIBootTiming: SystemUIService: bootcomplete com.android.systemui.statusbar.tv.VpnStatusObserver took 241 ms
05-30 08:38:43.575 689 689 D SystemUIService: loading: com.android.systemui.globalactions.GlobalActionsComponent
05-30 08:38:43.476 1092 1092 I nd.statics.boot: type=1400 audit(0.0:459): avc: denied { getattr } for path="/sys/devices/platform/unisoc_wifi/net/wlan1/address" dev="sysfs" ino=26474 scontext=u:r:system_app:s0 tcontext=u:object_r:sysfs:s0 tclass=file permissive=1
05-30 08:38:43.591 484 1029 D CountryDetector: The first listener is added
05-30 08:38:43.595 1236 1236 I ContactsDatabaseHelper: updateUseStrictPhoneNumberComparison: CN
05-30 08:38:43.605 689 689 D SystemUIService: running: com.android.systemui.globalactions.GlobalActionsComponent@3d696b0
05-30 08:38:43.614 1092 1191 I d.leradlaunche: Waiting for a blocking GC ClassLinker
05-30 08:38:43.624 1218 1301 D MusicProvider: Failed to move cursor to first row (no query result)
05-30 08:38:43.634 1218 1218 D music_MediaPlaybackSer: Received catalog result, success: true
05-30 08:38:43.635 1218 1218 D music_MediaPlaybackSer: OnLoadChildren.ROOT
05-30 08:38:43.635 1218 1218 D music_MediaPlaybackSer: OnLoadChildren sending 4 results for __ROOT__
05-30 08:38:43.643 1133 1133 D aaa : net is disconnect
05-30 08:38:43.647 676 676 D AvrcpBrowsablePlayerConnector: Received a message: msg.what=0
05-30 08:38:43.651 676 676 I AvrcpBrowsablePlayerConnector: Successfully added package to results: com.android.music
05-30 08:38:43.652 1092 1092 E getHdmiStatus: sourceInputStatus=null mEtnaAdapter=null
05-30 08:38:43.653 676 676 I AvrcpBrowsablePlayerConnector: Successfully connected to 1 browsable players.
05-30 08:38:43.653 676 676 I MediaPlayerList: init: Browsable Player list size is 1
05-30 08:38:43.654 676 676 D MediaPlayerList: Adding Browser Wrapper for com.android.music with id 1
05-30 08:38:43.654 676 676 I AvrcpBrowsedPlayerWrapper: getFolderItems: Grabbing cached data for mediaId: __ROOT__
05-30 08:38:43.658 676 676 D MediaPlayerList: Got the contents for: __ROOT__ : num results=4
05-30 08:38:43.658 676 676 D MediaPlayerList: Initializing list of current media players
05-30 08:38:43.662 1218 1218 D music_MediaPlaybackSer: onDestroy
05-30 08:38:43.662 1218 1218 D music_MusicApp: remove mount callback: com.android.music.MediaPlaybackService@bfc9a88
05-30 08:38:43.663 1218 1218 D music_MediaPlaybackSer: handleStopRequest: mState=0 error=destroy
05-30 08:38:43.663 1218 1218 D music_MediaPlaybackSer: updatePlaybackState, playback state=1
01-01 08:00:28.827 1 1 I init : processing action (vendor.led_switch=*) from (/vendor/etc/init/hw/init.oranth.rc:133)
05-30 08:38:43.665 1218 1218 D Playback: giveUpAudioFocus
05-30 08:38:43.666 1218 1218 D Playback: relaxResources. releaseMediaPlayer=true
05-30 08:38:43.674 689 689 D SystemUIBootTiming: SystemUIService: bootcomplete com.android.systemui.globalactions.GlobalActionsComponent took 99 ms
05-30 08:38:43.674 689 689 D SystemUIService: loading: com.android.systemui.usb.StorageNotification
05-30 08:38:43.677 1218 1218 D music_MediaPlaybackSer: updatePlaybackState, playback state=1
01-01 08:00:28.844 1 1 I init : starting service 'exec 19 (/vendor/bin/led_switch.sh 5)'...
05-30 08:38:43.687 676 676 V MediaPlayerList: onActiveSessionsChanged: number of controllers: 0
05-30 08:38:43.691 1043 1043 E ccc : cccccc updateHelper 通知更新
05-30 08:38:43.693 1043 1043 E ccc : cccccc updateHelper 通知更新
05-30 08:38:43.695 1043 1043 E ccc : cccccc updateHelper 通知更新
01-01 08:00:28.864 1 1 I init : SVC_EXEC service 'exec 19 (/vendor/bin/led_switch.sh 5)' pid 1352 (uid 0 gid 0+0 context default) started; waiting...
05-30 08:38:43.707 689 689 D SystemUIService: running: com.android.systemui.usb.StorageNotification@a4d7dba
05-30 08:38:43.726 689 689 D StorageNotification: Notifying about private volume: VolumeInfo{private}:
05-30 08:38:43.726 689 689 D StorageNotification: type=PRIVATE diskId=null partGuid=null mountFlags=0 mountUserId=-10000
05-30 08:38:43.726 689 689 D StorageNotification: state=MOUNTED
05-30 08:38:43.726 689 689 D StorageNotification: fsType=null fsUuid=null fsLabel=null
05-30 08:38:43.726 689 689 D StorageNotification: path=/data internalPath=null
05-30 08:38:43.733 689 689 D SystemUIBootTiming: SystemUIService: bootcomplete com.android.systemui.usb.StorageNotification took 59 ms
05-30 08:38:43.741 689 689 D SystemUIService: loading: com.android.systemui.power.PowerUI
05-30 08:38:43.743 689 689 D SystemUIService: running: com.android.systemui.power.PowerUI@bf4a461
05-30 08:38:43.759 1043 1043 E ccc : cccccc etna-service onCreate
05-30 08:38:43.763 1043 1043 W ContextImpl: Calling a method in the system process without a qualified user: android.app.ContextImpl.sendBroadcast:1173 android.content.ContextWrapper.sendBroadcast:479 com.dangbei.lerad.etna.core.EtnaManager.sendRebootBroadcast:82 com.dangbei.lerad.etna.core.EtnaService.onStartCommand:89 android.app.ActivityThread.handleServiceArgs:4639
05-30 08:38:43.767 484 589 E ActivityManager: Sending non-protected broadcast lerad.service.etna.haqu from system 1043:com.dangbei.lerad.etna.haqu/1000 pkg com.dangbei.lerad.etna.haqu
05-30 08:38:43.767 484 589 E ActivityManager: java.lang.Throwable
05-30 08:38:43.767 484 589 E ActivityManager: at com.android.server.am.ActivityManagerService.checkBroadcastFromSystem(ActivityManagerService.java:12816)
05-30 08:38:43.767 484 589 E ActivityManager: at com.android.server.am.ActivityManagerService.broadcastIntentLocked(ActivityManagerService.java:13416)
05-30 08:38:43.767 484 589 E ActivityManager: at com.android.server.am.ActivityManagerService.broadcastIntentLocked(ActivityManagerService.java:12833)
05-30 08:38:43.767 484 589 E ActivityManager: at com.android.server.am.ActivityManagerService.broadcastIntentWithFeature(ActivityManagerService.java:13670)
05-30 08:38:43.767 484 589 E ActivityManager: at android.app.IActivityManager$Stub.onTransact(IActivityManager.java:2326)
05-30 08:38:43.767 484 589 E ActivityManager: at com.android.server.am.ActivityManagerService.onTransact(ActivityManagerService.java:2509)
05-30 08:38:43.767 484 589 E ActivityManager: at android.os.Binder.execTransactInternal(Binder.java:1179)
05-30 08:38:43.767 484 589 E ActivityManager: at android.os.Binder.execTransact(Binder.java:1143)
05-30 08:38:43.770 484 547 I DropBoxManagerService: add tag=system_server_wtf isTagEnabled=true flags=0x2
05-30 08:38:43.776 484 589 E ActivityManager: Sending non-protected broadcast lerad.service.etna.haqu from system 1043:com.dangbei.lerad.etna.haqu/1000 pkg com.dangbei.lerad.etna.haqu
05-30 08:38:43.776 484 589 E ActivityManager: java.lang.Throwable
05-30 08:38:43.776 484 589 E ActivityManager: at com.android.server.am.ActivityManagerService.checkBroadcastFromSystem(ActivityManagerService.java:12816)
05-30 08:38:43.776 484 589 E ActivityManager: at com.android.server.am.ActivityManagerService.broadcastIntentLocked(ActivityManagerService.java:13513)
05-30 08:38:43.776 484 589 E ActivityManager: at com.android.server.am.ActivityManagerService.broadcastIntentLocked(ActivityManagerService.java:12833)
05-30 08:38:43.776 484 589 E ActivityManager: at com.android.server.am.ActivityManagerService.broadcastIntentWithFeature(ActivityManagerService.java:13670)
05-30 08:38:43.776 484 589 E ActivityManager: at android.app.IActivityManager$Stub.onTransact(IActivityManager.java:2326)
05-30 08:38:43.776 484 589 E ActivityManager: at com.android.server.am.ActivityManagerService.onTransact(ActivityManagerService.java:2509)
05-30 08:38:43.776 484 589 E ActivityManager: at android.os.Binder.execTransactInternal(Binder.java:1179)
05-30 08:38:43.776 484 589 E ActivityManager: at android.os.Binder.execTransact(Binder.java:1143)
05-30 08:38:43.779 484 547 I DropBoxManagerService: add tag=system_server_wtf isTagEnabled=true flags=0x2
05-30 08:38:43.780 689 885 D LocalBluetoothProfileManager: Current Profiles[HID]
05-30 08:38:43.780 689 885 D LocalBluetoothProfileManager: New Profiles[HID]
05-30 08:38:43.782 1043 1043 E ccc : cccccc etna-service onStartCommand
05-30 08:38:43.790 1092 1092 D OsInitLaunch: send cache: mangoAuth, null, AUTH_NO_NETWORK, null
05-30 08:38:43.791 1236 1317 I CallLogProvider: Syncing call composer pics -- source user=0, isShadow=true, forAllUser=false
05-30 08:38:43.792 1236 1317 I CallLogProvider: Fetching list of Uris to sync
05-30 08:38:43.814 1042 1300 V MediaProvider: onConfigure() for internal.db
01-01 08:00:28.986 1 1 I init : Sending signal 9 to service 'rainbow_flow' (pid 335) process group...
01-01 08:00:29.004 1 1 I libprocessgroup: Successfully killed process cgroup uid 0 pid 335 in 6ms
01-01 08:00:29.019 1 1 I init : Control message: Processed ctl.stop for 'rainbow_flow' from pid: 1355 (stop rainbow_flow voice breathe flow_led net_disconnect)
05-30 08:38:43.856 484 1029 D ConnectivityService: requestNetwork for uid/pid:1000/1092 activeRequest: null callbackRequest: 27 [NetworkRequest [ REQUEST id=28, [ Capabilities: INTERNET&NOT_RESTRICTED&TRUSTED&NOT_VCN_MANAGED Uid: 1000 RequestorUid: 1000 RequestorPkg: com.dangbei.leard.leradlauncher] ]] callback flags: 0 priority: 2147483647
05-30 08:38:43.864 484 627 D ConnectivityService: NetReassign [no changes]
01-01 08:00:29.042 1 1 I init : Service 'rainbow_flow' (pid 335) received signal 9 oneshot service took 16.757000 seconds in background
05-30 08:38:43.875 484 664 D PPPOE : got request NetworkRequest [ REQUEST id=28, [ Capabilities: INTERNET&NOT_RESTRICTED&TRUSTED&NOT_VCN_MANAGED Uid: 1000 RequestorUid: 1000 RequestorPkg: com.dangbei.leard.leradlauncher] ]
05-30 08:38:43.876 484 663 D Ethernet: got request NetworkRequest [ REQUEST id=28, [ Capabilities: INTERNET&NOT_RESTRICTED&TRUSTED&NOT_VCN_MANAGED Uid: 1000 RequestorUid: 1000 RequestorPkg: com.dangbei.leard.leradlauncher] ]
05-30 08:38:43.876 484 663 D EthernetNetworkFactory: acceptRequest, request: NetworkRequest [ REQUEST id=28, [ Capabilities: INTERNET&NOT_RESTRICTED&TRUSTED&NOT_VCN_MANAGED Uid: 1000 RequestorUid: 1000 RequestorPkg: com.dangbei.leard.leradlauncher] ]
05-30 08:38:43.877 484 663 I EthernetNetworkFactory: networkForRequest, request: NetworkRequest [ REQUEST id=28, [ Capabilities: INTERNET&NOT_RESTRICTED&TRUSTED&NOT_VCN_MANAGED Uid: 1000 RequestorUid: 1000 RequestorPkg: com.dangbei.leard.leradlauncher] ], network: null
05-30 08:38:43.877 689 885 D CachedBluetoothDevice: updating profiles for Dangbei
05-30 08:38:43.888 1043 1043 E CoreService: onStartCommand
05-30 08:38:43.892 689 689 D SystemUIBootTiming: SystemUIService: bootcomplete com.android.systemui.power.PowerUI took 151 ms
05-30 08:38:43.893 689 689 D SystemUIService: loading: com.android.systemui.media.RingtonePlayer
05-30 08:38:43.894 1043 1043 E ccc : cccccc etnaService addListener com.dangbei.lerad.etna.lib.client.EtnaServerListener@dafb6bf com.dangbei.etna.setting
05-30 08:38:43.894 689 689 D SystemUIService: running: com.android.systemui.media.RingtonePlayer@1320a12
05-30 08:38:43.894 1043 1043 E ccc : cccccc SettingHelper onServerConnected
05-30 08:38:43.897 1043 1290 W ContextImpl: Calling a method in the system process without a qualified user: android.app.ContextImpl.bindService:1895 android.content.ContextWrapper.bindService:810 com.dangbei.lerad.etna.lib.client.EtnaClient.bindServer:138 com.dangbei.lerad.etna.lib.client.EtnaClient.access$600:29 com.dangbei.lerad.etna.lib.client.EtnaClient$3.call:205
05-30 08:38:43.899 1043 1307 W ContextImpl: Calling a method in the system process without a qualified user: android.app.ContextImpl.bindService:1895 android.content.ContextWrapper.bindService:810 com.dangbei.lerad.etna.lib.client.EtnaClient.bindServer:138 com.dangbei.lerad.etna.lib.client.EtnaClient.access$600:29 com.dangbei.lerad.etna.lib.client.EtnaClient$3.call:205
01-01 08:00:29.067 1 1 I init : Control message: Processed ctl.stop for 'voice' from pid: 1355 (stop rainbow_flow voice breathe flow_led net_disconnect)
05-30 08:38:43.911 689 885 V CachedBluetoothDevice: Class: 1f00
05-30 08:38:43.911 689 885 V CachedBluetoothDevice: UUID:
05-30 08:38:43.911 689 885 V CachedBluetoothDevice: 00001812-0000-1000-8000-00805f9b34fb
05-30 08:38:43.913 689 885 D CachedBluetoothDevice: onUuidChanged: Time since last connect=26854
05-30 08:38:43.914 689 885 D CachedBluetoothDevice: onUuidChanged: triggering connectAllEnabledProfiles
05-30 08:38:43.916 676 690 V BluetoothDatabase: getProfileConnectionPolicy: E4:BB:D3:57:C0:7A, profile=2, connectionPolicy = -1
05-30 08:38:43.916 1043 1043 E ccc : cccccc etnaService addListener com.dangbei.lerad.etna.lib.client.EtnaServerListener@532ffdb com.dangbei.etna.update
05-30 08:38:43.917 1043 1043 E ccc : cccccc UpdateHelper onServerConnected
05-30 08:38:43.917 1043 1043 E ccc : cccccc etnaService addListener com.dangbei.lerad.etna.lib.client.EtnaServerListener@dafb6bf com.dangbei.etna.setting
05-30 08:38:43.917 1043 1043 E ccc : cccccc SettingHelper onServerConnected
05-30 08:38:43.917 676 690 V BluetoothDatabase: getProfileConnectionPolicy: E4:BB:D3:57:C0:7A, profile=1, connectionPolicy = -1
05-30 08:38:43.917 676 690 V BluetoothDatabase: getProfileConnectionPolicy: E4:BB:D3:57:C0:7A, profile=4, connectionPolicy = 100
05-30 08:38:43.918 676 690 V BluetoothDatabase: getProfileConnectionPolicy: E4:BB:D3:57:C0:7A, profile=4, connectionPolicy = 100
05-30 08:38:43.918 676 690 I BluetoothAdapterService: connectEnabledProfiles: Connecting Hid Host Profile
05-30 08:38:43.918 676 690 V BluetoothDatabase: getProfileConnectionPolicy: E4:BB:D3:57:C0:7A, profile=4, connectionPolicy = 100
05-30 08:38:43.920 676 939 W bt_stack: [WARNING:btif_hh.cc(566)] btif_hh_connect: Device e4:bb:d3:57:c0:7a already added, attr_mask = 0x0
05-30 08:38:43.921 676 988 I bt_stack: [INFO:gatt_attr.cc(880)] gatt_sr_init_cl_status: bda=e4:bb:d3:57:c0:7a, cl_supp_feat=0000, aware=1
05-30 08:38:43.921 676 988 W bluetooth: system/bt/stack/gatt/connection_manager.cc:225 direct_connect_add: Background connection attempt already in progress app_id=4
05-30 08:38:43.922 676 676 D BluetoothHidHostService: Connection state E4:BB:D3:57:C0:7A: 0->1
01-01 08:00:29.086 1 1 I init : Control message: Processed ctl.stop for 'breathe' from pid: 1355 (stop rainbow_flow voice breathe flow_led net_disconnect)
05-30 08:38:43.927 1043 1365 W ContextImpl: Calling a method in the system process without a qualified user: android.app.ContextImpl.bindService:1895 android.content.ContextWrapper.bindService:810 com.dangbei.lerad.etna.lib.client.EtnaClient.bindServer:138 com.dangbei.lerad.etna.lib.client.EtnaClient.access$600:29 com.dangbei.lerad.etna.lib.client.EtnaClient$3.call:205
05-30 08:38:43.931 1092 1289 I UtilCommon: bluetoothMac=B4:2F:03:15:A3:36
05-30 08:38:43.932 1092 1289 E wangli : env: 0_true
05-30 08:38:43.935 689 689 D SystemUIBootTiming: SystemUIService: bootcomplete com.android.systemui.media.RingtonePlayer took 42 ms
05-30 08:38:43.935 689 689 D SystemUIService: loading: com.android.systemui.keyboard.KeyboardUI
05-30 08:38:43.936 689 689 D SystemUIService: running: com.android.systemui.keyboard.KeyboardUI@9947e99
05-30 08:38:43.939 1043 1304 E ccc : cccccc sendCycleCheckBootGuideStatusMessage
05-30 08:38:43.940 689 689 D SystemUIBootTiming: SystemUIService: bootcomplete com.android.systemui.keyboard.KeyboardUI took 5 ms
05-30 08:38:43.941 689 689 D SystemUIService: loading: com.android.systemui.shortcut.ShortcutKeyDispatcher
05-30 08:38:43.944 1043 1043 E ccc : cccccc etnaService addListener com.dangbei.lerad.etna.lib.client.EtnaServerListener@532ffdb com.dangbei.etna.update
05-30 08:38:43.944 1043 1043 E ccc : cccccc UpdateHelper onServerConnected
05-30 08:38:43.945 689 689 D SystemUIService: running: com.android.systemui.shortcut.ShortcutKeyDispatcher@622b55e
05-30 08:38:43.945 1092 1192 E FactoryResetOperateImpl: isFirstBoot 1
05-30 08:38:43.946 1092 1192 E FactoryResetOperateImpl: isFirstBoot 1
01-01 08:00:29.106 1 1 I init : Control message: Processed ctl.stop for 'flow_led' from pid: 1355 (stop rainbow_flow voice breathe flow_led net_disconnect)
05-30 08:38:43.952 689 689 D SystemUIBootTiming: SystemUIService: bootcomplete com.android.systemui.shortcut.ShortcutKeyDispatcher took 11 ms
05-30 08:38:43.952 689 689 D SystemUIService: loading: com.android.systemui.VendorServices
05-30 08:38:43.953 484 1130 W WindowManager: Failed looking up window session=Session{367ab37 1092:1000} callers=com.android.server.wm.WindowManagerService.windowForClientLocked:5702 com.android.server.wm.Session.insetsModified:629 android.view.IWindowSession$Stub.onTransact:1151
05-30 08:38:43.953 689 689 D SystemUIService: running: com.android.systemui.VendorServices@aaf060c
05-30 08:38:43.953 689 689 D SystemUIBootTiming: SystemUIService: bootcomplete com.android.systemui.VendorServices took 1 ms
05-30 08:38:43.953 689 689 D SystemUIService: loading: com.android.systemui.SliceBroadcastRelayHandler
