01-01 08:00:15.967 484 537 I SystemConfig: Reading permissions from /vendor/etc/permissions/android.hardware.camera.flash-autofocus.xml
01-01 08:00:15.970 484 537 I SystemConfig: Reading permissions from /vendor/etc/permissions/android.hardware.usb.host.xml
01-01 08:00:15.971 484 517 I Zygote : Preloading shared libraries...
01-01 08:00:15.974 484 537 I SystemConfig: Reading permissions from /vendor/etc/permissions/android.hardware.camera.front.xml
01-01 08:00:15.975 484 484 D SystemServerTiming: StartFileIntegrityService took to complete: 44ms
01-01 08:00:15.975 484 484 I SystemServerTiming: StartInstaller
01-01 08:00:15.975 484 484 I SystemServiceManager: Starting com.android.server.pm.Installer
01-01 08:00:15.982 360 374 D installd: Found quota mount /dev/block/by-name/userdata at /data
01-01 08:00:15.982 360 374 D installd: Found quota mount /dev/block/by-name/userdata at /data/user/0
01-01 08:00:15.984 484 537 I SystemConfig: Reading permissions from /vendor/etc/permissions/android.hardware.wifi.passpoint.xml
01-01 08:00:15.985 484 484 D SystemServerTiming: StartInstaller took to complete: 10ms
01-01 08:00:15.986 484 484 I SystemServerTiming: DeviceIdentifiersPolicyService
01-01 08:00:15.986 484 484 I SystemServiceManager: Starting com.android.server.os.DeviceIdentifiersPolicyService
01-01 08:00:15.987 484 484 D SystemServerTiming: DeviceIdentifiersPolicyService took to complete: 2ms
01-01 08:00:15.987 484 484 I SystemServerTiming: UriGrantsManagerService
01-01 08:00:15.988 484 484 I SystemServiceManager: Starting com.android.server.uri.UriGrantsManagerService$Lifecycle
01-01 08:00:15.992 484 484 D SystemServerTiming: UriGrantsManagerService took to complete: 4ms
01-01 08:00:15.993 484 484 I SystemServerTiming: StartPowerStatsService
01-01 08:00:15.993 484 484 I SystemServiceManager: Starting com.android.server.powerstats.PowerStatsService
01-01 08:00:15.995 484 537 I SystemConfig: Reading permissions from /vendor/etc/permissions/android.hardware.opengles.aep.xml
01-01 08:00:15.996 192 192 E servicemanager: Could not find android.hardware.power.stats.IPowerStats/default in the VINTF manifest.
01-01 08:00:16.000 484 537 I SystemConfig: Reading permissions from /vendor/etc/permissions/android.hardware.bluetooth_le.xml
01-01 08:00:16.001 193 193 I hwservicemanager: getTransport: Cannot find entry android.hardware.power.stats@1.0::IPowerStats/default in either framework or device VINTF manifest.
01-01 08:00:16.002 484 484 E PowerStatsService: Unable to get power.stats HAL service.
01-01 08:00:16.002 484 484 E PowerStatsService: nativeInit failed to connect to power.stats HAL
01-01 08:00:16.003 484 484 D SystemServerTiming: StartPowerStatsService took to complete: 11ms
01-01 08:00:16.004 484 484 I SystemServerTiming: StartIStatsService
01-01 08:00:16.007 193 193 I hwservicemanager: getTransport: Cannot find entry android.frameworks.stats@1.0::IStats/default in either framework or device VINTF manifest.
01-01 08:00:16.008 484 484 E HidlServiceManagement: Service android.frameworks.stats@1.0::IStats/default must be in VINTF manifest in order to register/get.
01-01 08:00:16.008 484 484 W system_server: Cannot register HIDL android.frameworks.stats@1.0::IStats: -2147483648
01-01 08:00:16.011 192 192 I servicemanager: Found android.frameworks.stats.IStats/default in framework VINTF manifest.
01-01 08:00:16.012 484 484 D SystemServerTiming: StartIStatsService took to complete: 7ms
01-01 08:00:16.012 484 484 I SystemServerTiming: MemtrackProxyService
01-01 08:00:16.016 193 193 I hwservicemanager: getTransport: Cannot find entry android.hardware.memtrack@1.0::IMemtrack/default in either framework or device VINTF manifest.
01-01 08:00:16.017 192 192 E servicemanager: Could not find android.hardware.memtrack.IMemtrack/default in the VINTF manifest.
01-01 08:00:16.018 484 484 I Stability: Interface set with vintf stability wire protocol version 1 downgraded to system stability wire protocol version 1 stability
01-01 08:00:16.019 484 484 D SystemServerTiming: MemtrackProxyService took to complete: 6ms
01-01 08:00:16.019 484 484 I SystemServerTiming: StartActivityManager
01-01 08:00:16.019 484 484 I SystemServiceManager: Starting com.android.server.wm.ActivityTaskManagerService$Lifecycle
01-01 08:00:16.020 484 537 I SystemConfig: Reading permissions from /vendor/etc/permissions/android.hardware.keystore.app_attest_key.xml
01-01 08:00:16.022 193 193 I hwservicemanager: getTransport: Cannot find entry android.hardware.graphics.mapper@4.0::IMapper/default in either framework or device VINTF manifest.
01-01 08:00:16.022 524 530 I Gralloc4: mapper 4.x is not supported
01-01 08:00:16.023 193 193 I hwservicemanager: getTransport: Cannot find entry android.hardware.graphics.mapper@3.0::IMapper/default in either framework or device VINTF manifest.
01-01 08:00:16.023 524 530 W Gralloc3: mapper 3.x is not supported
01-01 08:00:16.027 484 537 I SystemConfig: Reading permissions from /vendor/etc/permissions/tv_core_hardware.xml
01-01 08:00:16.030 524 530 E gralloc : Arm Module v1.0
01-01 08:00:16.032 193 193 I hwservicemanager: getTransport: Cannot find entry android.hardware.graphics.allocator@4.0::IAllocator/default in either framework or device VINTF manifest.
01-01 08:00:16.032 524 530 W Gralloc4: allocator 4.x is not supported
01-01 08:00:16.032 193 193 I hwservicemanager: getTransport: Cannot find entry android.hardware.graphics.allocator@3.0::IAllocator/default in either framework or device VINTF manifest.
01-01 08:00:16.032 524 530 W Gralloc3: allocator 3.x is not supported
01-01 08:00:16.038 270 307 I gralloc : alloc buffer:W:1920 H:1080 S:1920 PL[1920 1080] SZ:8294400 fmt:43 if:0 af:43 usg:20000b00 fg:00000004
01-01 08:00:16.038 524 530 E ion : ioctl c0044901 failed with code -1: Inappropriate ioctl for device
01-01 08:00:16.039 484 537 I SystemConfig: Reading permissions from /vendor/etc/permissions/id.hardware.camera.xml
01-01 08:00:16.043 484 484 I SystemServiceManager: Starting com.android.server.am.ActivityManagerService$Lifecycle
01-01 08:00:16.050 484 537 I SystemConfig: Reading permissions from /vendor/etc/permissions/android.hardware.usb.accessory.xml
01-01 08:00:16.052 484 537 I SystemConfig: Reading permissions from /vendor/etc/permissions/android.hardware.vulkan.compute.xml
01-01 08:00:16.053 484 537 I SystemConfig: Reading permissions from /vendor/etc/permissions/android.hardware.vulkan.version.xml
01-01 08:00:16.055 484 537 I SystemConfig: Reading permissions from /vendor/etc/permissions/android.hardware.touchscreen.multitouch.xml
01-01 08:00:16.056 484 537 I SystemConfig: Reading permissions from /vendor/etc/permissions/android.hardware.vulkan.level.xml
01-01 08:00:16.066 290 290 I SurfaceFlinger: Enter boot animation
01-01 08:00:16.068 484 537 I SystemConfig: Reading permissions from /vendor/etc/permissions/android.hardware.reboot_escrow.xml
01-01 08:00:16.068 271 271 E ion : ioctl c0044901 failed with code -1: Inappropriate ioctl for device
01-01 08:00:16.074 484 537 I SystemConfig: Reading permissions from /vendor/etc/permissions/android.hardware.camera.external.xml
01-01 08:00:16.077 484 537 I SystemConfig: Reading permissions from /vendor/etc/permissions/android.hardware.hardware_keystore.xml
01-01 08:00:16.081 484 537 I SystemConfig: Reading permissions from /vendor/etc/permissions/android.hardware.wifi.direct.xml
01-01 08:00:16.200 398 398 I : DVI mode selected: packets not configured
01-01 08:00:16.207 398 398 I : Error: set vsif failed
01-01 08:00:16.089 484 537 I SystemConfig: Reading permissions from /product/etc/sysconfig/preinstalled-packages-platform-overlays.xml
01-01 08:00:16.094 484 484 I ActivityManager: Memory class: 256
01-01 08:00:16.096 484 537 I SystemConfig: Reading permissions from /product/etc/sysconfig/preinstalled-packages-platform-handheld-product.xml
01-01 08:00:16.099 484 537 I SystemConfig: Reading permissions from /product/etc/permissions/com.android.settings.intelligence.xml
01-01 08:00:16.102 484 537 I SystemConfig: Reading permissions from /product/etc/permissions/com.android.tv.xml
01-01 08:00:16.108 484 547 I Binder : Setting heavy hitter watcher config: false, 0, 0.0
01-01 08:00:16.109 484 537 W SystemConfig: No directory /system_ext/etc/sysconfig, skipping
01-01 08:00:16.111 484 537 I SystemConfig: Reading permissions from /system_ext/etc/permissions/com.softwinner.screenshot.xml
01-01 08:00:16.121 484 537 I SystemConfig: Reading permissions from /system_ext/etc/permissions/com.android.provision.xml
01-01 08:00:16.124 484 537 I SystemConfig: Reading permissions from /system_ext/etc/permissions/com.android.systemui.xml
01-01 08:00:16.131 270 307 I gralloc : alloc buffer:W:1920 H:1080 S:1920 PL[1920 1080] SZ:8294400 fmt:43 if:0 af:43 usg:20000b00 fg:00000004
01-01 08:00:16.133 484 537 I SystemConfig: Reading permissions from /system_ext/etc/permissions/privapp-settingssetup.xml
01-01 08:00:16.139 484 537 I SystemConfig: Reading permissions from /system_ext/etc/permissions/com.android.carrierconfig.xml
01-01 08:00:16.143 484 537 I SystemConfig: Reading permissions from /system_ext/etc/permissions/com.android.tv.settings.xml
01-01 08:00:16.145 484 537 I SystemConfig: Reading permissions from /system_ext/etc/permissions/provision-permissions.xml
01-01 08:00:16.146 484 537 I SystemConfig: Reading permissions from /system_ext/etc/permissions/com.android.storagemanager.xml
01-01 08:00:16.152 484 537 I SystemConfig: Reading permissions from /apex/com.android.ipsec/etc/permissions/android.net.ipsec.ike.xml
01-01 08:00:16.162 484 537 W SystemConfig: Failed to read public libraries file /vendor/etc/public.libraries.txt
01-01 08:00:16.162 484 537 W SystemConfig: java.io.FileNotFoundException: /vendor/etc/public.libraries.txt: open failed: ENOENT (No such file or directory)
01-01 08:00:16.162 484 537 W SystemConfig: at libcore.io.IoBridge.open(IoBridge.java:575)
01-01 08:00:16.162 484 537 W SystemConfig: at java.io.FileInputStream.(FileInputStream.java:160)
01-01 08:00:16.162 484 537 W SystemConfig: at java.io.FileReader.(FileReader.java:72)
01-01 08:00:16.162 484 537 W SystemConfig: at com.android.server.SystemConfig.readPublicLibrariesListFile(SystemConfig.java:1601)
01-01 08:00:16.162 484 537 W SystemConfig: at com.android.server.SystemConfig.readPublicNativeLibrariesList(SystemConfig.java:1583)
01-01 08:00:16.162 484 537 W SystemConfig: at com.android.server.SystemConfig.(SystemConfig.java:484)
01-01 08:00:16.162 484 537 W SystemConfig: at com.android.server.SystemConfig.getInstance(SystemConfig.java:272)
01-01 08:00:16.162 484 537 W SystemConfig: at com.android.server.SystemServer$$ExternalSyntheticLambda7.run(Unknown Source:0)
01-01 08:00:16.162 484 537 W SystemConfig: at com.android.server.SystemServerInitThreadPool.lambda$submitTask$0$SystemServerInitThreadPool(SystemServerInitThreadPool.java:105)
01-01 08:00:16.162 484 537 W SystemConfig: at com.android.server.SystemServerInitThreadPool$$ExternalSyntheticLambda0.run(Unknown Source:6)
01-01 08:00:16.162 484 537 W SystemConfig: at java.util.concurrent.Executors$RunnableAdapter.call(Executors.java:462)
01-01 08:00:16.162 484 537 W SystemConfig: at java.util.concurrent.FutureTask.run(FutureTask.java:266)
01-01 08:00:16.162 484 537 W SystemConfig: at java.util.concurrent.ThreadPoolExecutor.runWorker(ThreadPoolExecutor.java:1167)
01-01 08:00:16.162 484 537 W SystemConfig: at java.util.concurrent.ThreadPoolExecutor$Worker.run(ThreadPoolExecutor.java:641)
01-01 08:00:16.162 484 537 W SystemConfig: at com.android.internal.util.ConcurrentUtils$1$1.run(ConcurrentUtils.java:65)
01-01 08:00:16.162 484 537 W SystemConfig: Caused by: android.system.ErrnoException: open failed: ENOENT (No such file or directory)
01-01 08:00:16.162 484 537 W SystemConfig: at libcore.io.Linux.open(Native Method)
01-01 08:00:16.162 484 537 W SystemConfig: at libcore.io.ForwardingOs.open(ForwardingOs.java:567)
01-01 08:00:16.162 484 537 W SystemConfig: at libcore.io.BlockGuardOs.open(BlockGuardOs.java:273)
01-01 08:00:16.162 484 537 W SystemConfig: at libcore.io.IoBridge.open(IoBridge.java:561)
01-01 08:00:16.162 484 537 W SystemConfig: ... 14 more
01-01 08:00:16.280 398 398 I : DVI mode selected: packets not configured
01-01 08:00:16.287 398 398 I : Error: set vsif failed
01-01 08:00:16.164 484 537 D SystemConfig: readAllPermissions took to complete: 426ms
01-01 08:00:16.167 484 537 D SystemServerInitThreadPool: Finished executing ReadingSystemConfig
01-01 08:00:16.167 484 537 D SystemServerTimingAsync: InitThreadPoolExec:ReadingSystemConfig took to complete: 432ms
01-01 08:00:16.180 484 516 W Zygote : Class not found for preloading: android.view.SurfaceView$2
01-01 08:00:16.220 484 484 D BatteryStatsImpl: Reading daily items from /data/system/batterystats-daily.xml
01-01 08:00:16.347 398 398 I : DVI mode selected: packets not configured
01-01 08:00:16.354 398 398 I : Error: set vsif failed
01-01 08:00:16.242 193 193 I hwservicemanager: getTransport: Cannot find entry android.hardware.power.stats@1.0::IPowerStats/default in either framework or device VINTF manifest.
01-01 08:00:16.243 484 555 E BatteryStatsService: Unable to load Power.Stats.HAL. Setting rail availability to false
01-01 08:00:16.244 484 555 E BluetoothAdapter: Bluetooth binder is null
01-01 08:00:16.245 484 555 I KernelCpuUidFreqTimeReader: mPerClusterTimesAvailable=false
01-01 08:00:16.249 484 555 W KernelCpuUidFreqTimeBpfMapReader: Failed to start tracking
01-01 08:00:16.251 484 555 W KernelCpuProcStringReader: File not found. It's normal if not implemented: /proc/uid_time_in_state
01-01 08:00:16.254 484 555 W KernelCpuUidActiveTimeBpfMapReader: Failed to start tracking
01-01 08:00:16.256 484 555 W KernelCpuProcStringReader: File not found. It's normal if not implemented: /proc/uid_concurrent_active_time
01-01 08:00:16.258 484 555 W KernelCpuUidClusterTimeBpfMapReader: Failed to start tracking
01-01 08:00:16.259 484 555 W KernelCpuProcStringReader: File not found. It's normal if not implemented: /proc/uid_concurrent_policy_time
01-01 08:00:16.259 484 555 E KernelCpuSpeedReader: Failed to read cpu-freq: /sys/devices/system/cpu/cpu0/cpufreq/stats/time_in_state: open failed: ENOENT (No such file or directory)
01-01 08:00:16.260 484 555 E system_server: Cannot read thread CPU times for PID 484
01-01 08:00:16.260 215 215 I Binder:215_2: type=1400 audit(0.0:293): avc: denied { read } for name="event_count" dev="sysfs" ino=22158 scontext=u:r:system_suspend:s0 tcontext=u:object_r:sysfs:s0 tclass=file permissive=1
01-01 08:00:16.260 215 215 I Binder:215_2: type=1400 audit(0.0:294): avc: denied { open } for path="/sys/devices/platform/soc@3000000/7040000.s_cir/wakeup/wakeup4/event_count" dev="sysfs" ino=22158 scontext=u:r:system_suspend:s0 tcontext=u:object_r:sysfs:s0 tclass=file permissive=1
01-01 08:00:16.260 215 215 I Binder:215_2: type=1400 audit(0.0:295): avc: denied { getattr } for path="/sys/devices/platform/soc@3000000/7040000.s_cir/wakeup/wakeup4/event_count" dev="sysfs" ino=22158 scontext=u:r:system_suspend:s0 tcontext=u:object_r:sysfs:s0 tclass=file permissive=1
01-01 08:00:16.400 398 398 I : DVI mode selected: packets not configured
01-01 08:00:16.406 398 398 I : Error: set vsif failed
01-01 08:00:16.288 484 555 W KernelMemoryBandwidthStats: No kernel memory bandwidth stats available
01-01 08:00:16.463 398 398 I : DVI mode selected: packets not configured
01-01 08:00:16.470 398 398 I : Error: set vsif failed
01-01 08:00:16.513 398 398 I : DVI mode selected: packets not configured
01-01 08:00:16.520 398 398 I : Error: set vsif failed
01-01 08:00:16.564 398 398 I : DVI mode selected: packets not configured
01-01 08:00:16.571 398 398 I : Error: set vsif failed
01-01 08:00:16.465 484 516 I Zygote : ...preloaded 7337 classes in 1262ms.
01-01 08:00:16.466 484 515 I Zygote : Called ZygoteHooks.endPreload()
01-01 08:00:16.468 484 515 I Zygote : Installed AndroidKeyStoreProvider in 1ms.
01-01 08:00:16.471 253 253 W ServiceManager: Service statscompanion didn't start. Returning NULL
01-01 08:00:16.474 253 253 I statsd : Statsd starts to listen to socket.
01-01 08:00:16.497 484 515 I Zygote : Warmed up JCA providers in 29ms.
01-01 08:00:16.497 484 515 D Zygote : Zygote:ThreadPreadloadClass took 1300ms.
01-01 08:00:16.630 398 398 I : DVI mode selected: packets not configured
01-01 08:00:16.636 398 398 I : Error: set vsif failed
01-01 08:00:16.535 484 484 I IntentFirewall: Read new rules (A:0 B:0 S:0)
01-01 08:00:16.553 484 484 E libprocessgroup: Failed to open /dev/memcg/apps: Permission denied
01-01 08:00:16.555 484 484 D AppOps : AppOpsService published
01-01 08:00:16.680 398 398 I : DVI mode selected: packets not configured
01-01 08:00:16.686 398 398 I : Error: set vsif failed
01-01 08:00:16.562 484 484 D SystemServerTiming: StartActivityManager took to complete: 543ms
01-01 08:00:16.563 484 484 I SystemServerTiming: StartDataLoaderManagerService
01-01 08:00:16.563 484 484 I SystemServiceManager: Starting com.android.server.pm.DataLoaderManagerService
01-01 08:00:16.568 484 484 D SystemServerTiming: StartDataLoaderManagerService took to complete: 5ms
01-01 08:00:16.568 484 484 I SystemServerTiming: StartIncrementalService
01-01 08:00:16.573 484 484 I incfs-mounts: [incfs] Loaded incremental-fs mount info: 0 instances, 0 mount points
01-01 08:00:16.574 484 484 D SystemServerTiming: StartIncrementalService took to complete: 6ms
01-01 08:00:16.574 484 484 I SystemServerTiming: StartPowerManager
01-01 08:00:16.575 484 484 I SystemServiceManager: Starting com.android.server.power.PowerManagerService
01-01 08:00:16.593 192 192 I servicemanager: Found android.hardware.power.IPower/default in device VINTF manifest.
01-01 08:00:16.596 193 193 I hw-BpHwBinder: onLastStrongRef automatically unlinking death recipients
01-01 08:00:16.599 275 275 I AW_PowerHAL: Power setMode: INTERACTIVE to: 1
01-01 08:00:16.599 275 275 I AW_PowerHAL: not completed yet, ignore mode request other
01-01 08:00:16.599 275 275 I AW_PowerHAL: check: Mode 0 not Supported ,do nothing
01-01 08:00:16.604 484 484 D SystemServerTiming: StartPowerManager took to complete: 30ms
01-01 08:00:16.605 484 484 I SystemServerTiming: StartThermalManager
01-01 08:00:16.605 484 484 I SystemServiceManager: Starting com.android.server.power.ThermalManagerService
01-01 08:00:16.607 484 484 D SystemServerTiming: StartThermalManager took to complete: 2ms
01-01 08:00:16.608 484 484 I SystemServerTiming: StartHintManager
01-01 08:00:16.608 484 484 I SystemServiceManager: Starting com.android.server.power.hint.HintManagerService
01-01 08:00:16.611 484 484 E PowerHalController: getHintSessionPreferredRate failed: Status(-129, EX_TRANSACTION_FAILED): 'UNKNOWN_TRANSACTION: '
01-01 08:00:16.612 484 484 D SystemServerTiming: StartHintManager took to complete: 5ms
01-01 08:00:16.612 484 484 I SystemServerTiming: InitPowerManagement
01-01 08:00:16.618 484 484 D SystemServerTiming: InitPowerManagement took to complete: 5ms
01-01 08:00:16.618 484 484 I SystemServerTiming: StartRecoverySystemService
01-01 08:00:16.618 484 484 I SystemServiceManager: Starting com.android.server.recoverysystem.RecoverySystemService$Lifecycle
01-01 08:00:16.622 484 484 D SystemServerTiming: StartRecoverySystemService took to complete: 4ms
01-01 08:00:16.623 484 484 I PackageWatchdog: Syncing state, reason: added new observer
01-01 08:00:16.623 484 484 I PackageWatchdog: Not pruning observers, elapsed time: 0ms
01-01 08:00:16.623 484 546 I PackageWatchdog: Saving observer state to file
01-01 08:00:16.626 484 484 I PackageWatchdog: Cancelling state sync, nothing to sync
01-01 08:00:16.747 398 398 I : DVI mode selected: packets not configured
01-01 08:00:16.753 398 398 I : Error: set vsif failed
01-01 08:00:16.633 484 484 I SystemServerTiming: StartLightsService
01-01 08:00:16.634 484 484 I SystemServiceManager: Starting com.android.server.lights.LightsService
01-01 08:00:16.638 192 192 I servicemanager: Found android.hardware.light.ILights/default in device VINTF manifest.
01-01 08:00:16.640 274 274 I android.hardware.lights-service: Lights reporting supported lights size=1
01-01 08:00:16.645 484 484 D SystemServerTiming: StartLightsService took to complete: 11ms
01-01 08:00:16.645 484 484 I SystemServerTiming: StartSidekickService
01-01 08:00:16.645 484 484 D SystemServerTiming: StartSidekickService took to complete: 0ms
01-01 08:00:16.645 484 484 I SystemServerTiming: StartDisplayManager
01-01 08:00:16.645 484 484 I SystemServiceManager: Starting com.android.server.display.DisplayManagerService
01-01 08:00:16.664 290 570 E HWComposer: getSupportedContentTypes: getSupportedContentTypes failed for display 0: Unsupported (8)
01-01 08:00:16.668 484 484 D SystemServerTiming: StartDisplayManager took to complete: 23ms
01-01 08:00:16.669 484 484 I SystemServerTiming: WaitForDisplay
01-01 08:00:16.669 484 484 I SystemServiceManager: Starting phase 100
01-01 08:00:16.669 484 484 I SystemServerTiming: OnBootPhase_100
01-01 08:00:16.678 484 533 I DisplayDeviceRepository: Display device added: DisplayDeviceInfo{"内置屏幕": uniqueId="local:0", 1920 x 1080, modeId 1, defaultModeId 1, supportedModes [{id=1, width=1920, height=1080, fps=60.000004, alternativeRefreshRates=[]}], colorMode 0, supportedColorModes [0], hdrCapabilities HdrCapabilities{mSupportedHdrTypes=[2, 3], mMaxLuminance=500.0, mMaxAverageLuminance=500.0, mMinLuminance=0.0}, allmSupported false, gameContentTypeSupported false, density 240, 0.16 x 0.16 dpi, appVsyncOff 1000000, presDeadline 16666666, touch INTERNAL, rotation 0, type INTERNAL, address {port=0}, deviceProductInfo null, state UNKNOWN, frameRateOverride , brightnessMinimum 0.0, brightnessMaximum 1.0, brightnessDefault 0.39763778, FLAG_DEFAULT_DISPLAY, FLAG_ROTATES_WITH_CONTENT, FLAG_SECURE, FLAG_SUPPORTS_PROTECTED_BUFFERS}
01-01 08:00:16.681 484 533 I LogicalDisplayMapper: Applying layout: [{addr: {port=0}, dispId: 0(ON)}], Previous layout: null
01-01 08:00:16.683 484 533 I LogicalDisplayMapper: Adding new display: 0: DisplayInfo{"内置屏幕", displayId 0", displayGroupId -1, FLAG_SECURE, FLAG_SUPPORTS_PROTECTED_BUFFERS, FLAG_TRUSTED, real 1920 x 1080, largest app 1920 x 1080, smallest app 1920 x 1080, appVsyncOff 1000000, presDeadline 16666666, mode 1, defaultMode 1, modes [{id=1, width=1920, height=1080, fps=60.000004, alternativeRefreshRates=[]}], hdrCapabilities HdrCapabilities{mSupportedHdrTypes=[2, 3], mMaxLuminance=500.0, mMaxAverageLuminance=500.0, mMinLuminance=0.0}, userDisabledHdrTypes [], minimalPostProcessingSupported false, rotation 0, state UNKNOWN, type INTERNAL, uniqueId "local:0", app 1920 x 1080, density 240 (0.16 x 0.16) dpi, layerStack 0, colorMode 0, supportedColorModes [0], address {port=0}, deviceProductInfo null, removeMode 0, refreshRateOverride 0.0, brightnessMinimum 0.0, brightnessMaximum 1.0, brightnessDefault 0.39763778}
01-01 08:00:16.684 484 533 I LogicalDisplayMapper: Setting new display group 0 for display 0, from previous group: null
01-01 08:00:16.686 484 484 D SystemServerTiming: OnBootPhase_100 took to complete: 17ms
01-01 08:00:16.686 484 484 D SystemServerTiming: WaitForDisplay took to complete: 18ms
01-01 08:00:16.687 484 484 I SystemServerTiming: StartDomainVerificationService
01-01 08:00:16.710 484 484 D SystemServerTiming: StartDomainVerificationService took to complete: 23ms
01-01 08:00:16.710 484 484 I SystemServerTiming: StartPackageManagerService
01-01 08:00:16.710 484 484 I Watchdog: Pausing HandlerChecker: main thread for reason: packagemanagermain. Pause count: 1
01-01 08:00:16.720 484 484 I PackageManagerTiming: create package manager
01-01 08:00:16.730 484 484 E PackageManager: /oem/delete.txt not exist
01-01 08:00:16.730 484 484 I PackageManagerTiming: createSubComponents
01-01 08:00:16.767 484 484 D PackageManagerTiming: createSubComponents took to complete: 37ms
01-01 08:00:16.767 484 484 I PackageManagerTiming: addSharedUsers
01-01 08:00:16.768 484 484 D PackageManagerTiming: addSharedUsers took to complete: 1ms
01-01 08:00:16.772 484 484 I PackageManagerTiming: get system config
01-01 08:00:16.773 484 484 D PackageManagerTiming: get system config took to complete: 0ms
01-01 08:00:16.779 484 484 D PackageManager: Directories scanned as system partitions: [/system:0, /vendor:524288, /odm:4194304, /oem:262144, /product:1048576, /system/system_ext:2097152, /apex/com.android.wifi:8388608, /apex/com.android.vndk.v31:8388608, /apex/com.android.tzdata:8388608, /apex/com.android.tethering:8388608, /apex/com.android.sdkext:8388608, /apex/com.android.scheduling:8388608, /apex/com.android.runtime:8388608, /apex/com.android.resolv:8388608, /apex/com.android.permission:8388608, /apex/com.android.os.statsd:8388608, /apex/com.android.neuralnetworks:8388608, /apex/com.android.mediaprovider:8388608, /apex/com.android.media.swcodec:8388608, /apex/com.android.media:8388608, /apex/com.android.ipsec:8388608, /apex/com.android.i18n:8388608, /apex/com.android.extservices:8388608, /apex/com.android.conscrypt:8388608, /apex/com.android.art:8388608, /apex/com.android.appsearch:8388608, /apex/com.android.adbd:8388608]
01-01 08:00:16.787 484 484 D SELinuxMMAC: Using policy file /system/etc/selinux/plat_mac_permissions.xml
01-01 08:00:16.790 484 484 D SELinuxMMAC: Using policy file /system_ext/etc/selinux/system_ext_mac_permissions.xml
01-01 08:00:16.792 484 484 D SELinuxMMAC: Using policy file /vendor/etc/selinux/vendor_mac_permissions.xml
01-01 08:00:16.793 484 484 I PackageManagerTiming: loadFallbacks
01-01 08:00:16.796 484 484 D FallbackCategoryProvider: Found 1 fallback categories
01-01 08:00:16.796 484 484 D PackageManagerTiming: loadFallbacks took to complete: 3ms
01-01 08:00:16.796 484 484 I PackageManagerTiming: read user settings
01-01 08:00:16.865 484 528 D SystemServerTimingAsync: loadPreinstalledSystemFontMap took to complete: 1168ms
01-01 08:00:16.865 484 528 D SystemServerInitThreadPool: Finished executing loadPreinstalledSystemFontMap
01-01 08:00:16.865 484 528 D SystemServerTimingAsync: InitThreadPoolExec:loadPreinstalledSystemFontMap took to complete: 1168ms
01-01 08:00:17.029 484 484 W android.permission.PermissionManager: Missing ActivityManager; assuming 1000 holds android.permission.SET_PREFERRED_APPLICATIONS
01-01 08:00:17.032 484 484 W android.permission.PermissionManager: Missing ActivityManager; assuming 1000 holds android.permission.SET_PREFERRED_APPLICATIONS
01-01 08:00:17.035 484 484 W android.permission.PermissionManager: Missing ActivityManager; assuming 1000 holds android.permission.SET_PREFERRED_APPLICATIONS
01-01 08:00:17.037 484 484 W android.permission.PermissionManager: Missing ActivityManager; assuming 1000 holds android.permission.SET_PREFERRED_APPLICATIONS
01-01 08:00:17.039 484 484 W android.permission.PermissionManager: Missing ActivityManager; assuming 1000 holds android.permission.SET_PREFERRED_APPLICATIONS
01-01 08:00:17.039 484 484 W android.permission.PermissionManager: Missing ActivityManager; assuming 1000 holds android.permission.SET_PREFERRED_APPLICATIONS
01-01 08:00:17.040 484 484 W android.permission.PermissionManager: Missing ActivityManager; assuming 1000 holds android.permission.SET_PREFERRED_APPLICATIONS
01-01 08:00:17.040 484 484 W android.permission.PermissionManager: Missing ActivityManager; assuming 1000 holds android.permission.SET_PREFERRED_APPLICATIONS
01-01 08:00:17.040 484 484 W android.permission.PermissionManager: Missing ActivityManager; assuming 1000 holds android.permission.SET_PREFERRED_APPLICATIONS
01-01 08:00:17.041 484 484 W android.permission.PermissionManager: Missing ActivityManager; assuming 1000 holds android.permission.SET_PREFERRED_APPLICATIONS
01-01 08:00:17.041 484 484 W android.permission.PermissionManager: Missing ActivityManager; assuming 1000 holds android.permission.SET_PREFERRED_APPLICATIONS
01-01 08:00:17.041 484 484 W android.permission.PermissionManager: Missing ActivityManager; assuming 1000 holds android.permission.SET_PREFERRED_APPLICATIONS
01-01 08:00:17.042 484 484 W android.permission.PermissionManager: Missing ActivityManager; assuming 1000 holds android.permission.SET_PREFERRED_APPLICATIONS
01-01 08:00:17.042 484 484 W android.permission.PermissionManager: Missing ActivityManager; assuming 1000 holds android.permission.SET_PREFERRED_APPLICATIONS
01-01 08:00:17.042 484 484 W android.permission.PermissionManager: Missing ActivityManager; assuming 1000 holds android.permission.SET_PREFERRED_APPLICATIONS
01-01 08:00:17.043 484 484 W android.permission.PermissionManager: Missing ActivityManager; assuming 1000 holds android.permission.SET_PREFERRED_APPLICATIONS
01-01 08:00:17.043 484 484 W android.permission.PermissionManager: Missing ActivityManager; assuming 1000 holds android.permission.SET_PREFERRED_APPLICATIONS
01-01 08:00:17.044 484 484 W android.permission.PermissionManager: Missing ActivityManager; assuming 1000 holds android.permission.SET_PREFERRED_APPLICATIONS
01-01 08:00:17.045 484 484 W android.permission.PermissionManager: Missing ActivityManager; assuming 1000 holds android.permission.SET_PREFERRED_APPLICATIONS
01-01 08:00:17.045 484 484 W android.permission.PermissionManager: Missing ActivityManager; assuming 1000 holds android.permission.SET_PREFERRED_APPLICATIONS
01-01 08:00:17.046 484 484 W android.permission.PermissionManager: Missing ActivityManager; assuming 1000 holds android.permission.SET_PREFERRED_APPLICATIONS
01-01 08:00:17.046 484 484 W android.permission.PermissionManager: Missing ActivityManager; assuming 1000 holds android.permission.SET_PREFERRED_APPLICATIONS
01-01 08:00:17.047 484 484 W android.permission.PermissionManager: Missing ActivityManager; assuming 1000 holds android.permission.SET_PREFERRED_APPLICATIONS
01-01 08:00:17.047 484 484 W android.permission.PermissionManager: Missing ActivityManager; assuming 1000 holds android.permission.SET_PREFERRED_APPLICATIONS
01-01 08:00:17.047 484 484 W android.permission.PermissionManager: Missing ActivityManager; assuming 1000 holds android.permission.SET_PREFERRED_APPLICATIONS
01-01 08:00:17.048 484 484 W android.permission.PermissionManager: Missing ActivityManager; assuming 1000 holds android.permission.SET_PREFERRED_APPLICATIONS
01-01 08:00:17.048 484 484 W android.permission.PermissionManager: Missing ActivityManager; assuming 1000 holds android.permission.SET_PREFERRED_APPLICATIONS
01-01 08:00:17.049 484 484 W android.permission.PermissionManager: Missing ActivityManager; assuming 1000 holds android.permission.SET_PREFERRED_APPLICATIONS
01-01 08:00:17.049 484 484 W android.permission.PermissionManager: Missing ActivityManager; assuming 1000 holds android.permission.SET_PREFERRED_APPLICATIONS
01-01 08:00:17.049 484 484 W android.permission.PermissionManager: Missing ActivityManager; assuming 1000 holds android.permission.SET_PREFERRED_APPLICATIONS
01-01 08:00:17.050 484 484 W android.permission.PermissionManager: Missing ActivityManager; assuming 1000 holds android.permission.SET_PREFERRED_APPLICATIONS
01-01 08:00:17.051 484 484 W android.permission.PermissionManager: Missing ActivityManager; assuming 1000 holds android.permission.SET_PREFERRED_APPLICATIONS
01-01 08:00:17.052 484 484 W android.permission.PermissionManager: Missing ActivityManager; assuming 1000 holds android.permission.SET_PREFERRED_APPLICATIONS
01-01 08:00:17.052 484 484 W android.permission.PermissionManager: Missing ActivityManager; assuming 1000 holds android.permission.SET_PREFERRED_APPLICATIONS
01-01 08:00:17.053 484 484 W android.permission.PermissionManager: Missing ActivityManager; assuming 1000 holds android.permission.SET_PREFERRED_APPLICATIONS
01-01 08:00:17.053 484 484 W android.permission.PermissionManager: Missing ActivityManager; assuming 1000 holds android.permission.SET_PREFERRED_APPLICATIONS
01-01 08:00:17.053 484 484 W android.permission.PermissionManager: Missing ActivityManager; assuming 1000 holds android.permission.SET_PREFERRED_APPLICATIONS
01-01 08:00:17.054 484 484 W android.permission.PermissionManager: Missing ActivityManager; assuming 1000 holds android.permission.SET_PREFERRED_APPLICATIONS
01-01 08:00:17.054 484 484 W android.permission.PermissionManager: Missing ActivityManager; assuming 1000 holds android.permission.SET_PREFERRED_APPLICATIONS
01-01 08:00:17.054 484 484 W android.permission.PermissionManager: Missing ActivityManager; assuming 1000 holds android.permission.SET_PREFERRED_APPLICATIONS
01-01 08:00:17.055 484 484 W android.permission.PermissionManager: Missing ActivityManager; assuming 1000 holds android.permission.SET_PREFERRED_APPLICATIONS
01-01 08:00:17.055 484 502 I system_server: Background young concurrent copying GC freed 162420(8585KB) AllocSpace objects, 104(2356KB) LOS objects, 82% free, 5302KB/29MB, paused 243us total 191.905ms
01-01 08:00:17.055 484 484 W android.permission.PermissionManager: Missing ActivityManager; assuming 1000 holds android.permission.SET_PREFERRED_APPLICATIONS
01-01 08:00:17.056 484 484 W android.permission.PermissionManager: Missing ActivityManager; assuming 1000 holds android.permission.SET_PREFERRED_APPLICATIONS
01-01 08:00:17.056 484 484 W android.permission.PermissionManager: Missing ActivityManager; assuming 1000 holds android.permission.SET_PREFERRED_APPLICATIONS
01-01 08:00:17.056 484 484 W android.permission.PermissionManager: Missing ActivityManager; assuming 1000 holds android.permission.SET_PREFERRED_APPLICATIONS
01-01 08:00:17.056 484 484 W android.permission.PermissionManager: Missing ActivityManager; assuming 1000 holds android.permission.SET_PREFERRED_APPLICATIONS
01-01 08:00:17.057 484 484 W android.permission.PermissionManager: Missing ActivityManager; assuming 1000 holds android.permission.SET_PREFERRED_APPLICATIONS
01-01 08:00:17.057 484 484 W android.permission.PermissionManager: Missing ActivityManager; assuming 1000 holds android.permission.SET_PREFERRED_APPLICATIONS
01-01 08:00:17.057 484 484 W android.permission.PermissionManager: Missing ActivityManager; assuming 1000 holds android.permission.SET_PREFERRED_APPLICATIONS
01-01 08:00:17.058 484 484 W android.permission.PermissionManager: Missing ActivityManager; assuming 1000 holds android.permission.SET_PREFERRED_APPLICATIONS
01-01 08:00:17.058 484 484 W android.permission.PermissionManager: Missing ActivityManager; assuming 1000 holds android.permission.SET_PREFERRED_APPLICATIONS
01-01 08:00:17.058 484 484 W android.permission.PermissionManager: Missing ActivityManager; assuming 1000 holds android.permission.SET_PREFERRED_APPLICATIONS
01-01 08:00:17.058 484 484 W android.permission.PermissionManager: Missing ActivityManager; assuming 1000 holds android.permission.SET_PREFERRED_APPLICATIONS
01-01 08:00:17.059 484 484 W android.permission.PermissionManager: Missing ActivityManager; assuming 1000 holds android.permission.SET_PREFERRED_APPLICATIONS
01-01 08:00:17.059 484 484 W android.permission.PermissionManager: Missing ActivityManager; assuming 1000 holds android.permission.SET_PREFERRED_APPLICATIONS
01-01 08:00:17.059 484 484 W android.permission.PermissionManager: Missing ActivityManager; assuming 1000 holds android.permission.SET_PREFERRED_APPLICATIONS
01-01 08:00:17.060 484 484 W android.permission.PermissionManager: Missing ActivityManager; assuming 1000 holds android.permission.SET_PREFERRED_APPLICATIONS
01-01 08:00:17.060 484 484 W android.permission.PermissionManager: Missing ActivityManager; assuming 1000 holds android.permission.SET_PREFERRED_APPLICATIONS
01-01 08:00:17.060 484 484 W android.permission.PermissionManager: Missing ActivityManager; assuming 1000 holds android.permission.SET_PREFERRED_APPLICATIONS
01-01 08:00:17.061 484 484 W android.permission.PermissionManager: Missing ActivityManager; assuming 1000 holds android.permission.SET_PREFERRED_APPLICATIONS
01-01 08:00:17.061 484 484 W android.permission.PermissionManager: Missing ActivityManager; assuming 1000 holds android.permission.SET_PREFERRED_APPLICATIONS
01-01 08:00:17.061 484 484 W android.permission.PermissionManager: Missing ActivityManager; assuming 1000 holds android.permission.SET_PREFERRED_APPLICATIONS
01-01 08:00:17.061 484 484 W android.permission.PermissionManager: Missing ActivityManager; assuming 1000 holds android.permission.SET_PREFERRED_APPLICATIONS
01-01 08:00:17.062 484 484 W android.permission.PermissionManager: Missing ActivityManager; assuming 1000 holds android.permission.SET_PREFERRED_APPLICATIONS
01-01 08:00:17.062 484 484 W android.permission.PermissionManager: Missing ActivityManager; assuming 1000 holds android.permission.SET_PREFERRED_APPLICATIONS
01-01 08:00:17.062 484 484 W android.permission.PermissionManager: Missing ActivityManager; assuming 1000 holds android.permission.SET_PREFERRED_APPLICATIONS
01-01 08:00:17.063 484 484 W android.permission.PermissionManager: Missing ActivityManager; assuming 1000 holds android.permission.SET_PREFERRED_APPLICATIONS
01-01 08:00:17.063 484 484 W android.permission.PermissionManager: Missing ActivityManager; assuming 1000 holds android.permission.SET_PREFERRED_APPLICATIONS
01-01 08:00:17.063 484 484 W android.permission.PermissionManager: Missing ActivityManager; assuming 1000 holds android.permission.SET_PREFERRED_APPLICATIONS
01-01 08:00:17.063 484 484 W android.permission.PermissionManager: Missing ActivityManager; assuming 1000 holds android.permission.SET_PREFERRED_APPLICATIONS
01-01 08:00:17.064 484 484 W android.permission.PermissionManager: Missing ActivityManager; assuming 1000 holds android.permission.SET_PREFERRED_APPLICATIONS
01-01 08:00:17.064 484 484 W android.permission.PermissionManager: Missing ActivityManager; assuming 1000 holds android.permission.SET_PREFERRED_APPLICATIONS
01-01 08:00:17.065 484 484 W android.permission.PermissionManager: Missing ActivityManager; assuming 1000 holds android.permission.SET_PREFERRED_APPLICATIONS
01-01 08:00:17.065 484 484 W android.permission.PermissionManager: Missing ActivityManager; assuming 1000 holds android.permission.SET_PREFERRED_APPLICATIONS
01-01 08:00:17.065 484 484 W android.permission.PermissionManager: Missing ActivityManager; assuming 1000 holds android.permission.SET_PREFERRED_APPLICATIONS
01-01 08:00:17.065 484 484 W android.permission.PermissionManager: Missing ActivityManager; assuming 1000 holds android.permission.SET_PREFERRED_APPLICATIONS
01-01 08:00:17.066 484 484 W android.permission.PermissionManager: Missing ActivityManager; assuming 1000 holds android.permission.SET_PREFERRED_APPLICATIONS
01-01 08:00:17.066 484 484 W android.permission.PermissionManager: Missing ActivityManager; assuming 1000 holds android.permission.SET_PREFERRED_APPLICATIONS
01-01 08:00:17.066 484 484 W android.permission.PermissionManager: Missing ActivityManager; assuming 1000 holds android.permission.SET_PREFERRED_APPLICATIONS
01-01 08:00:17.067 484 484 W android.permission.PermissionManager: Missing ActivityManager; assuming 1000 holds android.permission.SET_PREFERRED_APPLICATIONS
01-01 08:00:17.067 484 484 W android.permission.PermissionManager: Missing ActivityManager; assuming 1000 holds android.permission.SET_PREFERRED_APPLICATIONS
01-01 08:00:17.067 484 484 W android.permission.PermissionManager: Missing ActivityManager; assuming 1000 holds android.permission.SET_PREFERRED_APPLICATIONS
01-01 08:00:17.070 484 484 W android.permission.PermissionManager: Missing ActivityManager; assuming 1000 holds android.permission.SET_PREFERRED_APPLICATIONS
01-01 08:00:17.071 484 484 W android.permission.PermissionManager: Missing ActivityManager; assuming 1000 holds android.permission.SET_PREFERRED_APPLICATIONS
01-01 08:00:17.072 484 484 W android.permission.PermissionManager: Missing ActivityManager; assuming 1000 holds android.permission.SET_PREFERRED_APPLICATIONS
01-01 08:00:17.073 484 484 W android.permission.PermissionManager: Missing ActivityManager; assuming 1000 holds android.permission.SET_PREFERRED_APPLICATIONS
01-01 08:00:17.073 484 484 W android.permission.PermissionManager: Missing ActivityManager; assuming 1000 holds android.permission.SET_PREFERRED_APPLICATIONS
01-01 08:00:17.074 484 484 W android.permission.PermissionManager: Missing ActivityManager; assuming 1000 holds android.permission.SET_PREFERRED_APPLICATIONS
01-01 08:00:17.074 484 484 W android.permission.PermissionManager: Missing ActivityManager; assuming 1000 holds android.permission.SET_PREFERRED_APPLICATIONS
01-01 08:00:17.074 484 484 W android.permission.PermissionManager: Missing ActivityManager; assuming 1000 holds android.permission.SET_PREFERRED_APPLICATIONS
01-01 08:00:17.074 484 484 W android.permission.PermissionManager: Missing ActivityManager; assuming 1000 holds android.permission.SET_PREFERRED_APPLICATIONS
01-01 08:00:17.075 484 484 W android.permission.PermissionManager: Missing ActivityManager; assuming 1000 holds android.permission.SET_PREFERRED_APPLICATIONS
01-01 08:00:17.075 484 484 W android.permission.PermissionManager: Missing ActivityManager; assuming 1000 holds android.permission.SET_PREFERRED_APPLICATIONS
01-01 08:00:17.076 484 484 W android.permission.PermissionManager: Missing ActivityManager; assuming 1000 holds android.permission.SET_PREFERRED_APPLICATIONS
01-01 08:00:17.076 484 484 W android.permission.PermissionManager: Missing ActivityManager; assuming 1000 holds android.permission.SET_PREFERRED_APPLICATIONS
01-01 08:00:17.076 484 484 W android.permission.PermissionManager: Missing ActivityManager; assuming 1000 holds android.permission.SET_PREFERRED_APPLICATIONS
01-01 08:00:17.076 484 484 W android.permission.PermissionManager: Missing ActivityManager; assuming 1000 holds android.permission.SET_PREFERRED_APPLICATIONS
01-01 08:00:17.077 484 484 W android.permission.PermissionManager: Missing ActivityManager; assuming 1000 holds android.permission.SET_PREFERRED_APPLICATIONS
01-01 08:00:17.077 484 484 W android.permission.PermissionManager: Missing ActivityManager; assuming 1000 holds android.permission.SET_PREFERRED_APPLICATIONS
01-01 08:00:17.077 484 484 W android.permission.PermissionManager: Missing ActivityManager; assuming 1000 holds android.permission.SET_PREFERRED_APPLICATIONS
01-01 08:00:17.077 484 484 W android.permission.PermissionManager: Missing ActivityManager; assuming 1000 holds android.permission.SET_PREFERRED_APPLICATIONS
01-01 08:00:17.078 484 484 W android.permission.PermissionManager: Missing ActivityManager; assuming 1000 holds android.permission.SET_PREFERRED_APPLICATIONS
01-01 08:00:17.078 484 484 W android.permission.PermissionManager: Missing ActivityManager; assuming 1000 holds android.permission.SET_PREFERRED_APPLICATIONS
01-01 08:00:17.078 484 484 W android.permission.PermissionManager: Missing ActivityManager; assuming 1000 holds android.permission.SET_PREFERRED_APPLICATIONS
01-01 08:00:17.079 484 484 W android.permission.PermissionManager: Missing ActivityManager; assuming 1000 holds android.permission.SET_PREFERRED_APPLICATIONS
01-01 08:00:17.079 484 484 W android.permission.PermissionManager: Missing ActivityManager; assuming 1000 holds android.permission.SET_PREFERRED_APPLICATIONS
01-01 08:00:17.079 484 484 W android.permission.PermissionManager: Missing ActivityManager; assuming 1000 holds android.permission.SET_PREFERRED_APPLICATIONS
01-01 08:00:17.080 484 484 W android.permission.PermissionManager: Missing ActivityManager; assuming 1000 holds android.permission.SET_PREFERRED_APPLICATIONS
01-01 08:00:17.080 484 484 W android.permission.PermissionManager: Missing ActivityManager; assuming 1000 holds android.permission.SET_PREFERRED_APPLICATIONS
01-01 08:00:17.080 484 484 W android.permission.PermissionManager: Missing ActivityManager; assuming 1000 holds android.permission.SET_PREFERRED_APPLICATIONS
01-01 08:00:17.080 484 484 W android.permission.PermissionManager: Missing ActivityManager; assuming 1000 holds android.permission.SET_PREFERRED_APPLICATIONS
01-01 08:00:17.081 484 484 W android.permission.PermissionManager: Missing ActivityManager; assuming 1000 holds android.permission.SET_PREFERRED_APPLICATIONS
01-01 08:00:17.081 484 484 W android.permission.PermissionManager: Missing ActivityManager; assuming 1000 holds android.permission.SET_PREFERRED_APPLICATIONS
01-01 08:00:17.106 484 484 W PackageSettings: Missing permission state for package: com.android.cts.priv.ctsshim
01-01 08:00:17.106 484 484 W PackageSettings: Missing permission state for package: com.android.internal.systemui.navbar.gestural_wide_back
01-01 08:00:17.107 484 484 W PackageSettings: Missing permission state for package: com.softwinner.awlogsettings
01-01 08:00:17.107 484 484 W PackageSettings: Missing permission state for package: com.android.htmlviewer
01-01 08:00:17.107 484 484 W PackageSettings: Missing permission state for package: com.android.internal.systemui.onehanded.gestural
01-01 08:00:17.107 484 484 W PackageSettings: Missing permission state for package: com.android.simappdialog
01-01 08:00:17.107 484 484 W PackageSettings: Missing permission state for package: com.android.connectivity.resources
01-01 08:00:17.107 484 484 W PackageSettings: Missing permission state for package: com.android.modulemetadata
01-01 08:00:17.107 484 484 W PackageSettings: Missing permission state for package: com.google.android.apps.searchlite.overlay
01-01 08:00:17.107 484 484 W PackageSettings: Missing permission state for package: com.android.internal.systemui.navbar.threebutton
01-01 08:00:17.107 484 484 W PackageSettings: Missing permission state for package: com.google.android.networkstackconfig
01-01 08:00:17.108 484 484 W PackageSettings: Missing permission state for package: com.android.internal.systemui.navbar.gestural_extra_wide_back
01-01 08:00:17.108 484 484 W PackageSettings: Missing permission state for package: com.android.dreams.basic
01-01 08:00:17.108 484 484 W PackageSettings: Missing permission state for package: android.ext.shared
01-01 08:00:17.108 484 484 W PackageSettings: Missing permission state for package: com.google.android.networkstack.tetheringconfig
01-01 08:00:17.108 484 484 W PackageSettings: Missing permission state for package: com.android.wifi.resources
01-01 08:00:17.108 484 484 W PackageSettings: Missing permission state for package: com.android.theme.font.notoserifsource
01-01 08:00:17.109 484 484 W PackageSettings: Missing permission state for package: com.allwinnertech.packageoverride
01-01 08:00:17.109 484 484 W PackageSettings: Missing permission state for package: com.android.bookmarkprovider
01-01 08:00:17.109 484 484 W PackageSettings: Missing permission state for package: com.android.cts.ctsshim
01-01 08:00:17.109 484 484 W PackageSettings: Missing permission state for package: com.softwinner.theme.icon
01-01 08:00:17.109 484 484 W PackageSettings: Missing permission state for package: com.softwinner.theme.color
01-01 08:00:17.109 484 484 W PackageSettings: Missing permission state for package: com.android.internal.systemui.navbar.gestural
01-01 08:00:17.110 484 484 W PackageSettings: Missing permission state for package: com.android.internal.systemui.navbar.gestural_narrow_back
01-01 08:00:17.110 484 484 W PackageSettings: Missing permission state for package: android.auto_generated_rro_vendor__
01-01 08:00:17.111 484 484 W PackageSettings: Missing permission state for shared user: android.uid.log
01-01 08:00:17.111 484 484 W PackageSettings: Missing permission state for shared user: android.uid.nfc
01-01 08:00:17.111 484 484 W PackageSettings: Missing permission state for shared user: android.uid.uwb
01-01 08:00:17.115 484 484 D PackageManagerTiming: read user settings took to complete: 318ms
01-01 08:00:17.121 484 484 D PackageManager: Keeping known cache 8e6ad39055e9af3d283a2187caeee81ff0c4815f
01-01 08:00:17.123 484 484 D PackageManager: No files in app dir /system/system_ext/overlay
01-01 08:00:17.131 484 484 I PackageBackwardCompatibility: Loaded android.content.pm.AndroidTestBaseUpdater
01-01 08:00:17.134 484 484 D CompatibilityChangeReporter: Compat change id reported: 143539591; UID -1; state: ENABLED
01-01 08:00:17.150 484 484 D PackageManager: No files in app dir /oem/overlay
01-01 08:00:17.150 484 484 D PackageManager: No files in app dir /odm/overlay
01-01 08:00:17.159 484 484 W PackageManager: Failed to parse /system/framework/arm: Missing base APK in /system/framework/arm
01-01 08:00:17.160 484 484 W PackageManager: Failed to parse /system/framework/oat: Missing base APK in /system/framework/oat/arm
01-01 08:00:17.252 484 484 D CompatibilityChangeReporter: Compat change id reported: 143539591; UID -1; state: DISABLED
01-01 08:00:17.252 484 484 D CompatibilityChangeReporter: Compat change id reported: 168782947; UID -1; state: DISABLED
01-01 08:00:17.269 484 575 D PackageParsing: homlet: force set orientation: 0
01-01 08:00:17.270 484 575 D CompatibilityChangeReporter: Compat change id reported: 150232615; UID -1; state: ENABLED
01-01 08:00:17.316 484 484 W PackageManager: Provider ComponentInfo{com.dangbei.leard.leradlauncher/androidx.core.content.FileProvider} already defined; ignoring
01-01 08:00:17.320 484 484 D CompatibilityChangeReporter: Compat change id reported: 168782947; UID -1; state: ENABLED
01-01 08:00:17.332 484 484 W PackageManager: Failed to parse /system/priv-app/SettingsAssist: /system/priv-app/SettingsAssist/SettingsAssist.apk (at Binary XML file line #34): com.softwinner.settingsassist.Recovery: Targeting S+ (version 31 and above) requires that an explicit value for android:exported be defined when intent filters are present
01-01 08:00:17.415 484 484 D PackageManager: No files in app dir /vendor/priv-app
01-01 08:00:17.415 484 484 D PackageManager: No files in app dir /vendor/app
01-01 08:00:17.415 484 484 D PackageManager: No files in app dir /odm/priv-app
01-01 08:00:17.415 484 484 D PackageManager: No files in app dir /odm/app
01-01 08:00:17.415 484 484 D PackageManager: No files in app dir /oem/priv-app
01-01 08:00:17.416 484 484 D PackageManager: No files in app dir /oem/app
01-01 08:00:17.502 484 484 D PackageManager: No files in app dir /apex/com.android.vndk.v31/priv-app
