06-03 15:40:04.984 388 388 E update_engine: [ERROR:update_attempter_android.cc(90)] Replying with failure: pc:0x4b40ac9: No ongoing update to cancel.
06-03 15:40:04.986 1043 1043 E ccc : cccccc 故意做的cancel 捕获 No ongoing update to cancel.
06-03 15:40:04.986 1043 1043 W System.err: android.os.ServiceSpecificException: No ongoing update to cancel. (code 1)
06-03 15:40:04.986 1043 1043 W System.err: at android.os.Parcel.createExceptionOrNull(Parcel.java:2439)
06-03 15:40:04.986 1043 1043 W System.err: at android.os.Parcel.createException(Parcel.java:2409)
06-03 15:40:04.986 1043 1043 W System.err: at android.os.Parcel.readException(Parcel.java:2392)
06-03 15:40:04.986 1043 1043 W System.err: at android.os.Parcel.readException(Parcel.java:2334)
06-03 15:40:04.986 1043 1043 W System.err: at android.os.IUpdateEngine$Stub$Proxy.cancel(IUpdateEngine.java:480)
06-03 15:40:04.986 1043 1043 W System.err: at android.os.UpdateEngine.cancel(UpdateEngine.java:381)
06-03 15:40:04.986 1043 1043 W System.err: at com.oranth.otalibrary.OTAManager.cancel(OTAManager.java:54)
06-03 15:40:04.986 1043 1043 W System.err: at com.dangbei.etna.update.ota.OtaUpdateHelper.cancelInstalling(OtaUpdateHelper.kt:134)
06-03 15:40:04.986 1043 1043 W System.err: at com.dangbei.etna.update.ota.OtaUpdateHelper.startChecking(OtaUpdateHelper.kt:300)
06-03 15:40:04.987 1043 1043 W System.err: at com.dangbei.etna.update.ota.OtaUpdateActivity.handler$lambda-1(OtaUpdateActivity.kt:84)
06-03 15:40:04.987 1043 1043 W System.err: at com.dangbei.etna.update.ota.OtaUpdateActivity.$r8$lambda$iSFv3runWzODsQjbnlrUYecDzqs(Unknown Source:0)
06-03 15:40:04.987 1043 1043 W System.err: at com.dangbei.etna.update.ota.OtaUpdateActivity$$ExternalSyntheticLambda2.handleMessage(Unknown Source:2)
06-03 15:40:04.987 1043 1043 W System.err: at android.os.Handler.dispatchMessage(Handler.java:102)
06-03 15:40:04.987 1043 1043 W System.err: at android.os.Looper.loopOnce(Looper.java:201)
06-03 15:40:04.987 1043 1043 W System.err: at android.os.Looper.loop(Looper.java:288)
06-03 15:40:04.987 1043 1043 W System.err: at android.app.ActivityThread.main(ActivityThread.java:7854)
06-03 15:40:04.987 1043 1043 W System.err: at java.lang.reflect.Method.invoke(Native Method)
06-03 15:40:04.987 1043 1043 W System.err: at com.android.internal.os.RuntimeInit$MethodAndArgsCaller.run(RuntimeInit.java:548)
06-03 15:40:04.987 1043 1043 W System.err: at com.android.internal.os.ZygoteInit.main(ZygoteInit.java:1182)
06-03 15:40:04.987 388 388 I update_engine: [INFO:update_attempter_android.cc(365)] Attempting to reset state from UPDATE_STATUS_IDLE to UpdateStatus::IDLE
06-03 15:40:04.989 388 388 I update_engine: [INFO:update_attempter_android.cc(369)] Cleaning up reserved space for compressed APEX (if any)
06-03 15:40:04.990 388 388 I update_engine: [INFO:dynamic_partition_control_android.cc(1284)] ResetUpdate resetting update state and deleting snapshots.
06-03 15:40:04.994 388 388 I update_engine: [INFO:delta_performer.cc(1389)] Resetting recorded hash for prepared partitions.
06-03 15:40:04.997 1043 1043 E ccc : cccccc 只是做下reset 哈
06-03 15:40:05.030 1043 1783 E ccc : cccccc startChecking finish i will check the file
06-03 15:40:05.025 1043 1043 I DefaultDispatch: type=1400 audit(0.0:1130): avc: denied { read } for name="cache" dev="dm-2" ino=17 scontext=u:r:system_app:s0 tcontext=u:object_r:cache_file:s0 tclass=lnk_file permissive=1
06-03 15:40:05.064 327 2547 D XM_HIDREAD: poll ret=1, event=1
06-03 15:40:05.064 327 2547 D XM_HIDREAD: [9 bytes]:01 00 00 51 00 00 00 00 00
06-03 15:40:05.064 484 609 D TvWindowManager: key event key = KEYCODE_DPAD_DOWN down = true
06-03 15:40:05.085 327 2547 D XM_HIDREAD: poll ret=1, event=1
06-03 15:40:05.085 327 2547 D XM_HIDREAD: [9 bytes]:01 00 00 00 00 00 00 00 00
06-03 15:40:05.090 484 609 D TvWindowManager: key event key = KEYCODE_DPAD_DOWN down = false
06-03 15:40:05.091 484 608 D GpioService: mFlickerEnable = true
06-03 15:40:05.108 1934 1934 I SogouIME: onKeyDown: keyoCode=20
06-03 15:40:05.108 1934 1934 I DefaultIMS: onKeyDown: keyoCode=20
06-03 15:40:05.113 1934 1934 I DefaultIMS: onStartInput attribute=android.view.inputmethod.EditorInfo@a3215bc restarting=false inputType: 0
06-03 15:40:05.119 1934 1934 I SogouIME: onKeyUp: keyoCode=20
06-03 15:40:05.119 1934 1934 I DefaultIMS: onKeyUp: keyoCode=20
06-03 15:40:05.199 1934 1934 I DefaultIMS: onStartInput attribute=android.view.inputmethod.EditorInfo@55ab945 restarting=false inputType: 0
06-03 15:40:05.279 1092 1401 I OpenGLRenderer: Davey! duration=9223371946833ms; Flags=0, FrameTimelineVsyncId=3657, IntendedVsync=90020886572, Vsync=90020886572, InputEventId=0, HandleInputStart=90021454291, AnimationStart=90021458332, PerformTraversalsStart=90021660332, DrawStart=90022504124, FrameDeadline=90054219904, FrameInterval=90021441541, FrameStartTime=16666666, SyncQueued=90023680291, SyncStart=90023992707, IssueDrawCommandsStart=90025239041, SwapBuffers=90039040291, FrameCompleted=9223372036854775807, DequeueBufferDuration=72417, QueueBufferDuration=2941875, GpuCompleted=9223372036854775807, SwapBuffersCompleted=90045516874, DisplayPresentTime=0,
06-03 15:40:05.310 1092 1476 I OpenGLRenderer: Davey! duration=9223371946816ms; Flags=0, FrameTimelineVsyncId=3658, IntendedVsync=90037549880, Vsync=90037549880, InputEventId=0, HandleInputStart=90040429541, AnimationStart=90040433374, PerformTraversalsStart=90041499207, DrawStart=90042788624, FrameDeadline=90070883212, FrameInterval=90040406999, FrameStartTime=16666666, SyncQueued=90045060624, SyncStart=90045987457, IssueDrawCommandsStart=90047972999, SwapBuffers=90075358666, FrameCompleted=9223372036854775807, DequeueBufferDuration=90667, QueueBufferDuration=1422166, GpuCompleted=9223372036854775807, SwapBuffersCompleted=90077875708, DisplayPresentTime=0,
06-03 15:40:05.341 1092 1476 I OpenGLRenderer: Davey! duration=9223371946779ms; Flags=0, FrameTimelineVsyncId=3660, IntendedVsync=90054213188, Vsync=90054213188, InputEventId=0, HandleInputStart=90055657207, AnimationStart=90055664582, PerformTraversalsStart=90056559082, DrawStart=90056967291, FrameDeadline=90087546520, FrameInterval=90055631624, FrameStartTime=16666666, SyncQueued=90057366166, SyncStart=90078200416, IssueDrawCommandsStart=90079736833, SwapBuffers=90094850374, FrameCompleted=9223372036854775807, DequeueBufferDuration=40167, QueueBufferDuration=2717458, GpuCompleted=9223372036854775807, SwapBuffersCompleted=90099546666, DisplayPresentTime=0,
06-03 15:40:05.360 1092 1476 I OpenGLRenderer: Davey! duration=9223371946772ms; Flags=0, FrameTimelineVsyncId=3661, IntendedVsync=90070876496, Vsync=90070876496, InputEventId=0, HandleInputStart=90080625833, AnimationStart=90080632291, PerformTraversalsStart=90081083291, DrawStart=90095011916, FrameDeadline=90104209828, FrameInterval=90080615333, FrameStartTime=16666666, SyncQueued=90095218541, SyncStart=90106249791, IssueDrawCommandsStart=90107987374, SwapBuffers=90116100791, FrameCompleted=9223372036854775807, DequeueBufferDuration=77292, QueueBufferDuration=6214875, GpuCompleted=9223372036854775807, SwapBuffersCompleted=90123573499, DisplayPresentTime=0,
06-03 15:40:05.380 1092 1476 I OpenGLRenderer: Davey! duration=9223371946735ms; Flags=0, FrameTimelineVsyncId=3665, IntendedVsync=90104286019, Vsync=90104286019, InputEventId=0, HandleInputStart=90109250416, AnimationStart=90109255291, PerformTraversalsStart=90109881374, DrawStart=90110628833, FrameDeadline=90137619351, FrameInterval=90109242541, FrameStartTime=16666666, SyncQueued=90111252833, SyncStart=90126551208, IssueDrawCommandsStart=90129193374, SwapBuffers=90152568791, FrameCompleted=9223372036854775807, DequeueBufferDuration=115667, QueueBufferDuration=1406917, GpuCompleted=9223372036854775807, SwapBuffersCompleted=90154996624, DisplayPresentTime=0,
06-03 15:40:05.412 1092 1476 I OpenGLRenderer: Davey! duration=9223371946711ms; Flags=0, FrameTimelineVsyncId=3667, IntendedVsync=90120951421, Vsync=90120951421, InputEventId=0, HandleInputStart=90131044166, AnimationStart=90131054166, PerformTraversalsStart=90132327249, DrawStart=90132747999, FrameDeadline=90154284753, FrameInterval=90131029083, FrameStartTime=16666666, SyncQueued=90132984791, SyncStart=90155514874, IssueDrawCommandsStart=90160377874, SwapBuffers=90174239583, FrameCompleted=9223372036854775807, DequeueBufferDuration=78917, QueueBufferDuration=2757500, GpuCompleted=9223372036854775807, SwapBuffersCompleted=90178362541, DisplayPresentTime=0,
06-03 15:40:05.429 1092 1476 I OpenGLRenderer: Davey! duration=9223371946716ms; Flags=0, FrameTimelineVsyncId=3669, IntendedVsync=90137616823, Vsync=90154283489, InputEventId=0, HandleInputStart=90165362416, AnimationStart=90165368708, PerformTraversalsStart=90181598374, DrawStart=90182077041, FrameDeadline=90170950155, FrameInterval=90165335958, FrameStartTime=16666666, SyncQueued=90182284124, SyncStart=90182984749, IssueDrawCommandsStart=90185321833, SwapBuffers=90199074541, FrameCompleted=9223372036854775807, DequeueBufferDuration=110958, QueueBufferDuration=2371083, GpuCompleted=9223372036854775807, SwapBuffersCompleted=90203487791, DisplayPresentTime=0,
06-03 15:40:05.647 484 532 W IorapForwardingService: No service published for: iorapd
06-03 15:40:05.753 484 2691 I BackgroundDexOptService: Performing idle optimizations
06-03 15:40:05.876 1092 1476 I OpenGLRenderer: Davey! duration=9223371946233ms; Flags=0, FrameTimelineVsyncId=3724, IntendedVsync=90620990960, Vsync=90620990960, InputEventId=0, HandleInputStart=90623481041, AnimationStart=90623486999, PerformTraversalsStart=90625092333, DrawStart=90628813666, FrameDeadline=90654324292, FrameInterval=90623459416, FrameStartTime=16666666, SyncQueued=90629207208, SyncStart=90629576291, IssueDrawCommandsStart=90631154166, SwapBuffers=90642747166, FrameCompleted=9223372036854775807, DequeueBufferDuration=89417, QueueBufferDuration=1377458, GpuCompleted=9223372036854775807, SwapBuffersCompleted=90645434333, DisplayPresentTime=0,
06-03 15:40:05.879 2692 2692 E cutils-trace: Error opening trace file: No such file or directory (2)
06-03 15:40:06.064 484 2691 I BackgroundDexOptService: Pinning optimized code {}
06-03 15:40:06.064 484 2691 I BackgroundDexOptService: Idle optimizations completed.
06-03 15:40:06.185 484 820 D WifiNl80211Manager: Scan result ready event
06-03 15:40:06.185 484 820 D WifiNative: Scan result ready event
06-03 15:40:06.224 484 624 D WificondScannerImpl: Filtering out 21 scan results.
06-03 15:40:06.235 667 667 E WifiHAL : wifi_get_link_stats: requestResponse Error:-5
06-03 15:40:06.236 484 620 E WifiVendorHal: getWifiLinkLayerStats_1_5_Internal(l.1191) failed {.code = ERROR_INVALID_ARGS, .description = }
06-03 15:40:06.558 327 2547 D XM_HIDREAD: poll ret=1, event=1
06-03 15:40:06.558 327 2547 D XM_HIDREAD: [9 bytes]:01 00 00 4F 00 00 00 00 00
06-03 15:40:06.558 484 609 D TvWindowManager: key event key = KEYCODE_DPAD_RIGHT down = true
06-03 15:40:06.567 484 608 D GpioService: mFlickerEnable = true
06-03 15:40:06.569 1934 1934 I SogouIME: onKeyDown: keyoCode=22
06-03 15:40:06.569 1934 1934 I DefaultIMS: onKeyDown: keyoCode=22
06-03 15:40:06.575 1934 1934 I DefaultIMS: onStartInput attribute=android.view.inputmethod.EditorInfo@c72189a restarting=false inputType: 0
06-03 15:40:06.648 484 532 W IorapForwardingService: No service published for: iorapd
06-03 15:40:06.715 327 2547 D XM_HIDREAD: poll ret=1, event=1
06-03 15:40:06.716 327 2547 D XM_HIDREAD: [9 bytes]:01 00 00 00 00 00 00 00 00
06-03 15:40:06.716 484 609 D TvWindowManager: key event key = KEYCODE_DPAD_RIGHT down = false
06-03 15:40:06.721 1934 1934 I SogouIME: onKeyUp: keyoCode=22
06-03 15:40:06.721 1934 1934 I DefaultIMS: onKeyUp: keyoCode=22
06-03 15:40:07.009 327 2547 D XM_HIDREAD: poll ret=1, event=1
06-03 15:40:07.009 327 2547 D XM_HIDREAD: [9 bytes]:01 00 00 28 00 00 00 00 00
06-03 15:40:07.010 484 609 D TvWindowManager: key event key = KEYCODE_DPAD_CENTER down = true
06-03 15:40:07.018 484 608 D GpioService: mFlickerEnable = true
06-03 15:40:07.084 667 667 E WifiHAL : wifi_get_link_stats: requestResponse Error:-5
06-03 15:40:07.086 484 620 E WifiVendorHal: getWifiLinkLayerStats_1_5_Internal(l.1191) failed {.code = ERROR_INVALID_ARGS, .description = }
06-03 15:40:07.143 327 2547 D XM_HIDREAD: poll ret=1, event=1
06-03 15:40:07.143 327 2547 D XM_HIDREAD: [9 bytes]:01 00 00 00 00 00 00 00 00
06-03 15:40:07.143 484 609 D TvWindowManager: key event key = KEYCODE_DPAD_CENTER down = false
06-03 15:40:07.158 484 608 D GpioService: mFlickerEnable = true
06-03 15:40:07.161 1934 1934 I SogouIME: onKeyDown: keyoCode=23
06-03 15:40:07.161 1934 1934 I DefaultIMS: onKeyDown: keyoCode=23
06-03 15:40:07.163 1934 1934 I SogouIME: onKeyUp: keyoCode=23
06-03 15:40:07.163 1934 1934 I DefaultIMS: onKeyUp: keyoCode=23
06-03 15:40:07.165 1043 1043 E ccc : cccccc onClick error
06-03 15:40:07.165 1043 1043 E ccc : cccccc otaUpdateHelper cancelUpdate
06-03 15:40:07.177 290 1403 D PermissionCache: checking android.permission.READ_FRAME_BUFFER for uid=1000 => granted (432 us)
06-03 15:40:07.179 270 307 I gralloc : alloc buffer:W:1920 H:1080 S:1920 PL[1920 1080] SZ:8294400 fmt:1 if:0 af:1 usg:b66 fg:00000004
06-03 15:40:07.217 1043 1043 E ccc : cccccc OtaUpdateActivity onPause
06-03 15:40:07.218 484 2427 W ActivityTaskManager: Finishing task with all activities already finished
06-03 15:40:07.218 484 2427 W ActivityTaskManager: Duplicate finish request for r=ActivityRecord{b091300 u0 com.dangbei.lerad.etna.haqu/com.dangbei.etna.update.ota.OtaUpdateActivity t93 f}}
06-03 15:40:07.256 484 2427 D AW_CODE : rotation =0
06-03 15:40:07.273 193 193 I hwservicemanager: getTransport: Cannot find entry android.hardware.configstore@1.0::ISurfaceFlingerConfigs/default in either framework or device VINTF manifest.
06-03 15:40:07.313 1934 1934 I DefaultIMS: onStartInput attribute=android.view.inputmethod.EditorInfo@12f95cb restarting=false inputType: 0
06-03 15:40:07.316 1043 2546 E ccc : cccccc UpdateHelper onMessageReceived com.dangbei.haqusetting com.dangbei.etna.update {"action":"get","functionTag":"leaf_controller_function_controller_dangbei_update","value":0} com.dangbei.lerad.etna.aidl.IEtnaAidlCallback$Stub$Proxy@c8ef42b
06-03 15:40:07.316 1043 1069 E ccc : cccccc UpdateHelper onMessageReceived com.dangbei.haqusetting com.dangbei.etna.update {"action":"get","functionTag":"leaf_controller_function_controller_dangbei_update","value":0} com.dangbei.lerad.etna.aidl.IEtnaAidlCallback$Stub$Proxy@b854088
06-03 15:40:07.317 1043 1069 E ccc : cccccc 缓存获取遥控器版本 DB-15B-H5-R0111
06-03 15:40:07.318 1043 1071 E ccc : cccccc 请求电量缓存 96
06-03 15:40:07.320 1934 1934 I DefaultIMS: onStartInput attribute=android.view.inputmethod.EditorInfo@6e8d1a8 restarting=false inputType: 0
06-03 15:40:07.324 1043 2546 E ccc : cccccc 缓存获取遥控器版本 DB-15B-H5-R0111
06-03 15:40:07.369 689 689 D TvPipController: onTaskStackChanged()
06-03 15:40:07.394 2499 2537 I OpenGLRenderer: Davey! duration=9223371944750ms; Flags=0, FrameTimelineVsyncId=3744, IntendedVsync=92104320400, Vsync=92104320400, InputEventId=0, HandleInputStart=92106896542, AnimationStart=92106898625, PerformTraversalsStart=92113043500, DrawStart=92147352125, FrameDeadline=92120987066, FrameInterval=92106883958, FrameStartTime=16666666, SyncQueued=92153746625, SyncStart=92153851917, IssueDrawCommandsStart=92154866875, SwapBuffers=92164523625, FrameCompleted=9223372036854775807, DequeueBufferDuration=68125, QueueBufferDuration=1746333, GpuCompleted=9223372036854775807, SwapBuffersCompleted=92168362459, DisplayPresentTime=0,
06-03 15:40:07.450 484 589 W InputManager-JNI: Input channel object '2f967c4 com.dangbei.lerad.etna.haqu/com.dangbei.etna.update.ota.OtaUpdateActivity (client)' was disposed without first being removed with the input manager!
06-03 15:40:07.547 484 534 W ActivityTaskManager: Can't find TaskDisplayArea to determine support for multi window. Task id=93 attached=false
06-03 15:40:07.552 484 534 W ActivityTaskManager: Can't find TaskDisplayArea to determine support for multi window. Task id=93 attached=false
06-03 15:40:07.650 484 532 W IorapForwardingService: No service published for: iorapd
06-03 15:40:07.931 484 502 I system_server: NativeAlloc concurrent copying GC freed 223451(8902KB) AllocSpace objects, 29(692KB) LOS objects, 49% free, 10MB/21MB, paused 379us total 400.953ms
06-03 15:40:07.938 484 504 W System : A resource failed to call release.
06-03 15:40:07.939 484 504 W System : A resource failed to call release.
06-03 15:40:07.939 484 504 W System : A resource failed to call release.
06-03 15:40:08.141 2707 2707 I Thread-2: type=1400 audit(0.0:1131): avc: denied { execute } for name="am" dev="dm-5" ino=1160 scontext=u:r:system_app:s0 tcontext=u:object_r:vendor_file:s0 tclass=file permissive=1
06-03 15:40:08.141 2707 2707 I Thread-2: type=1400 audit(0.0:1132): avc: denied { read open } for path="/vendor/xbin/am" dev="dm-5" ino=1160 scontext=u:r:system_app:s0 tcontext=u:object_r:vendor_file:s0 tclass=file permissive=1
06-03 15:40:08.203 1133 1133 D aaa : LedStatusService onStartCommand begin
06-03 15:40:08.204 1133 2713 D aaa : topPkg is -------------- :com.dangbei.haqusetting
06-03 15:40:08.141 2707 2707 I Thread-2: type=1400 audit(0.0:1133): avc: denied { execute_no_trans } for path="/vendor/xbin/am" dev="dm-5" ino=1160 scontext=u:r:system_app:s0 tcontext=u:object_r:vendor_file:s0 tclass=file permissive=1
06-03 15:40:08.225 1189 1189 D bbb : onStartCommand begin !!!!!!! data分区剩余 24608MB
06-03 15:40:08.278 1092 1401 I OpenGLRenderer: Davey! duration=9223371943833ms; Flags=0, FrameTimelineVsyncId=3786, IntendedVsync=93020997611, Vsync=93020997611, InputEventId=0, HandleInputStart=93021463292, AnimationStart=93021466667, PerformTraversalsStart=93021677209, DrawStart=93022346042, FrameDeadline=93054330943, FrameInterval=93021455917, FrameStartTime=16666666, SyncQueued=93023285626, SyncStart=93023543001, IssueDrawCommandsStart=93024603834, SwapBuffers=93036638001, FrameCompleted=9223372036854775807, DequeueBufferDuration=53416, QueueBufferDuration=1908000, GpuCompleted=9223372036854775807, SwapBuffersCompleted=93040832292, DisplayPresentTime=0,
06-03 15:40:08.302 1092 1401 I OpenGLRenderer: Davey! duration=9223371943816ms; Flags=0, FrameTimelineVsyncId=3787, IntendedVsync=93037664421, Vsync=93037664421, InputEventId=0, HandleInputStart=93038743292, AnimationStart=93038749459, PerformTraversalsStart=93039826626, DrawStart=93041365709, FrameDeadline=93070997753, FrameInterval=93038727959, FrameStartTime=16666666, SyncQueued=93041874667, SyncStart=93042153876, IssueDrawCommandsStart=93043854417, SwapBuffers=93058710626, FrameCompleted=9223372036854775807, DequeueBufferDuration=240750, QueueBufferDuration=1646917, GpuCompleted=9223372036854775807, SwapBuffersCompleted=93062266667, DisplayPresentTime=0,
06-03 15:40:08.308 1092 1401 I OpenGLRenderer: Davey! duration=9223371943799ms; Flags=0, FrameTimelineVsyncId=3789, IntendedVsync=93054331231, Vsync=93054331231, InputEventId=0, HandleInputStart=93058018001, AnimationStart=93058025834, PerformTraversalsStart=93061527334, DrawStart=93061834626, FrameDeadline=93087664563, FrameInterval=93058001792, FrameStartTime=16666666, SyncQueued=93062116376, SyncStart=93062885626, IssueDrawCommandsStart=93064792417, SwapBuffers=93077139417, FrameCompleted=9223372036854775807, DequeueBufferDuration=54375, QueueBufferDuration=2300958, GpuCompleted=9223372036854775807, SwapBuffersCompleted=93081191334, DisplayPresentTime=0,
06-03 15:40:08.326 1092 1401 I OpenGLRenderer: Davey! duration=9223371943772ms; Flags=0, FrameTimelineVsyncId=3791, IntendedVsync=93070991297, Vsync=93070991297, InputEventId=0, HandleInputStart=93073213501, AnimationStart=93073217959, PerformTraversalsStart=93073790376, DrawStart=93074409501, FrameDeadline=93104324629, FrameInterval=93073197167, FrameStartTime=16666666, SyncQueued=93075006917, SyncStart=93086788501, IssueDrawCommandsStart=93088467084, SwapBuffers=93098736292, FrameCompleted=9223372036854775807, DequeueBufferDuration=73166, QueueBufferDuration=2034625, GpuCompleted=9223372036854775807, SwapBuffersCompleted=93101734001, DisplayPresentTime=0,
06-03 15:40:08.357 1092 1401 I OpenGLRenderer: Davey! duration=9223371943756ms; Flags=0, FrameTimelineVsyncId=3793, IntendedVsync=93087657985, Vsync=93087657985, InputEventId=0, HandleInputStart=93088905292, AnimationStart=93088907667, PerformTraversalsStart=93089337126, DrawStart=93091046459, FrameDeadline=93120991317, FrameInterval=93088892126, FrameStartTime=16666666, SyncQueued=93091171376, SyncStart=93102083084, IssueDrawCommandsStart=93103485959, SwapBuffers=93112823917, FrameCompleted=9223372036854775807, DequeueBufferDuration=31334, QueueBufferDuration=10237583, GpuCompleted=9223372036854775807, SwapBuffersCompleted=93124160917, DisplayPresentTime=0,
06-03 15:40:08.373 1092 1401 I OpenGLRenderer: Davey! duration=9223371943732ms; Flags=0, FrameTimelineVsyncId=3795, IntendedVsync=93104320869, Vsync=93104320869, InputEventId=0, HandleInputStart=93105139584, AnimationStart=93105145251, PerformTraversalsStart=93105918959, DrawStart=93106262501, FrameDeadline=93137654201, FrameInterval=93105121751, FrameStartTime=16666666, SyncQueued=93106496376, SyncStart=93124661542, IssueDrawCommandsStart=93126316792, SwapBuffers=93133853917, FrameCompleted=9223372036854775807, DequeueBufferDuration=117458, QueueBufferDuration=9507583, GpuCompleted=9223372036854775807, SwapBuffersCompleted=93144608792, DisplayPresentTime=0,
06-03 15:40:08.653 484 532 W IorapForwardingService: No service published for: iorapd
06-03 15:40:08.891 1092 1401 I OpenGLRenderer: Davey! duration=9223371943229ms; Flags=0, FrameTimelineVsyncId=3857, IntendedVsync=93620984072, Vsync=93620984072, InputEventId=0, HandleInputStart=93621778876, AnimationStart=93621781918, PerformTraversalsStart=93622719834, DrawStart=93624270959, FrameDeadline=93654317404, FrameInterval=93621765043, FrameStartTime=16666666, SyncQueued=93625064751, SyncStart=93629501168, IssueDrawCommandsStart=93630727543, SwapBuffers=93647845543, FrameCompleted=9223372036854775807, DequeueBufferDuration=10358834, QueueBufferDuration=1083875, GpuCompleted=9223372036854775807, SwapBuffersCompleted=93650008168, DisplayPresentTime=0,
06-03 15:40:09.621 276 310 D hdmi-cec: receive invalid cec message!
06-03 15:40:09.621 276 310 D hdmi-cec: receive poll message [04], skip!
06-03 15:40:09.655 484 532 W IorapForwardingService: No service published for: iorapd
06-03 15:40:09.872 2135 2201 D UtilLog : 日志批量上报 进行正常循环 !!!!!!本次有0次请求,共0条数据
06-03 15:40:10.028 2135 2202 I TDLog : [APP] New data found, Submitting...
06-03 15:40:10.064 2135 2202 I TDLog : [APP] Failed to submit data!
06-03 15:40:10.098 667 667 E WifiHAL : wifi_get_link_stats: requestResponse Error:-5
06-03 15:40:10.100 484 620 E WifiVendorHal: getWifiLinkLayerStats_1_5_Internal(l.1191) failed {.code = ERROR_INVALID_ARGS, .description = }
06-03 15:40:10.301 484 1089 E TaskPersister: File error accessing recents directory (directory doesn't exist?).
06-03 15:40:10.657 484 532 W IorapForwardingService: No service published for: iorapd
06-03 15:40:10.853 1423 1423 I cling--ap-5: type=1400 audit(0.0:1134): avc: denied { search } for name="net" dev="sysfs" ino=10442 scontext=u:r:platform_app:s0:c512,c768 tcontext=u:object_r:sysfs_net:s0 tclass=dir permissive=1 app=com.dangbei.screencast
06-03 15:40:11.141 1423 1423 I gbei.screencast: type=1400 audit(0.0:1135): avc: denied { search } for name="com.dangbei.screencast" dev="mmcblk0p25" ino=888 scontext=u:r:platform_app:s0:c512,c768 tcontext=u:object_r:app_data_file:s0:c512,c768 tclass=dir permissive=1 app=com.dangbei.screencast
06-03 15:40:11.141 1423 1423 I gbei.screencast: type=1400 audit(0.0:1136): avc: denied { write } for name="shared_prefs" dev="mmcblk0p25" ino=2082 scontext=u:r:platform_app:s0:c512,c768 tcontext=u:object_r:app_data_file:s0:c512,c768 tclass=dir permissive=1 app=com.dangbei.screencast
01-01 08:01:38.245 1606 1606 W audit : audit_lost=592 audit_rate_limit=5 audit_backlog_limit=64
06-03 15:40:11.141 1423 1423 I gbei.screencast: type=1400 audit(0.0:1137): avc: denied { remove_name } for name="screencast.xml" dev="mmcblk0p25" ino=33687 scontext=u:r:platform_app:s0:c512,c768 tcontext=u:object_r:app_data_file:s0:c512,c768 tclass=dir permissive=1 app=com.dangbei.screencast
01-01 08:01:38.271 1606 1606 E audit : rate limit exceeded
06-03 15:40:11.262 484 589 I ActivityManager: Background started FGS: Allowed [callingPackage: com.dangbei.screencast; callingUid: 10030; uidState: FGS ; intent: Intent { cmp=com.dangbei.screencast/.startup.GuardService }; code:PROC_STATE_FGS; tempAllowListReason:; targetSdkVersion:28; callerTargetSdkVersion:28; startForegroundCount:0; bindFromPackage:null]
06-03 15:40:11.266 484 589 D CompatibilityChangeReporter: Compat change id reported: 135634846; UID 10030; state: DISABLED
06-03 15:40:11.267 484 547 I DropBoxManagerService: add tag=system_server_wtf isTagEnabled=true flags=0x2
06-03 15:40:11.267 484 548 D CompatibilityChangeReporter: Compat change id reported: 143937733; UID 10030; state: DISABLED
06-03 15:40:11.141 1423 1423 I gbei.screencast: type=1400 audit(0.0:1138): avc: denied { add_name } for name="screencast.xml.bak" scontext=u:r:platform_app:s0:c512,c768 tcontext=u:object_r:app_data_file:s0:c512,c768 tclass=dir permissive=1 app=com.dangbei.screencast
06-03 15:40:11.292 255 255 D Zygote : Forked child process 2724
06-03 15:40:11.295 484 548 I ActivityManager: app.processName = com.dangbei.screencast:bg_guard
06-03 15:40:11.295 484 548 I ActivityManager: Start proc 2724:com.dangbei.screencast:bg_guard/u0a30 for service {com.dangbei.screencast/com.dangbei.screencast.startup.GuardService}
06-03 15:40:11.300 1423 2430 W System.err: java.net.SocketException: Socket closed
06-03 15:40:11.302 2724 2724 I Zygote : seccomp disabled by setenforce 0
06-03 15:40:11.302 1423 2430 W System.err: at java.net.PlainSocketImpl.socketAccept(PlainSocketImpl.java:213)
06-03 15:40:11.302 1423 2430 W System.err: at java.net.AbstractPlainSocketImpl.accept(AbstractPlainSocketImpl.java:451)
06-03 15:40:11.302 1423 2430 W System.err: at java.net.ServerSocket.implAccept(ServerSocket.java:547)
06-03 15:40:11.302 1423 2430 W System.err: at java.net.ServerSocket.accept(ServerSocket.java:515)
06-03 15:40:11.302 1423 2430 W System.err: at b.f.f.t.f.run(Unknown Source:40)
06-03 15:40:11.302 1423 2430 W System.err: at java.lang.Thread.run(Thread.java:920)
06-03 15:40:11.307 484 630 D NsdService: unregister service
06-03 15:40:11.308 484 630 D NsdService: mdnssd [stop-register, 5]
06-03 15:40:11.217 1423 1423 I ModuleDataForwa: type=1400 audit(0.0:1139): avc: denied { read } for name="td_database2SaaS" dev="mmcblk0p25" ino=2177 scontext=u:r:platform_app:s0:c512,c768 tcontext=u:object_r:app_data_file:s0:c512,c768 tclass=dir permissive=1 app=com.dangbei.screencast
06-03 15:40:11.311 254 300 D MDnsDS : Stopping register with ref 0xf3a08a10
06-03 15:40:11.311 254 300 D MDnsDS : freeServiceRef 5
06-03 15:40:11.311 254 300 D MDnsDS : triggering rescan
06-03 15:40:11.312 254 299 D MDnsDS : Monitor poll got data pollCount = 5, 2
06-03 15:40:11.312 254 299 D MDnsDS : Monitor found [1].revents = 32 - calling ProcessResults
06-03 15:40:11.312 254 299 W netd : dnssd_clientstub DNSServiceProcessResult called with NULL DNSServiceRef
06-03 15:40:11.312 254 299 D MDnsDS : controlSocket shows revent= 1
06-03 15:40:11.312 254 299 D MDnsDS : MDnsSdListener::Monitor got 1
06-03 15:40:11.312 254 299 D MDnsDS : MDnsSdListener::Monitor poll rescanning - size=10, live=3
06-03 15:40:11.312 254 299 D MDnsDS : Going to poll with pollCount 4
06-03 15:40:11.314 1423 2736 W UpnpServiceImpl: >>> Shutting down UPnP service...
06-03 15:40:11.324 484 630 D NsdService: unregister service
06-03 15:40:11.324 484 630 D NsdService: mdnssd [stop-register, 4]
06-03 15:40:11.326 254 300 D MDnsDS : Stopping register with ref 0xf3a089b0
06-03 15:40:11.326 254 300 D MDnsDS : freeServiceRef 4
06-03 15:40:11.326 254 300 D MDnsDS : triggering rescan
06-03 15:40:11.326 254 299 D MDnsDS : Monitor poll got data pollCount = 4, 2
06-03 15:40:11.326 254 299 D MDnsDS : Monitor found [1].revents = 32 - calling ProcessResults
06-03 15:40:11.326 254 299 W netd : dnssd_clientstub DNSServiceProcessResult called with NULL DNSServiceRef
06-03 15:40:11.326 254 299 D MDnsDS : controlSocket shows revent= 1
06-03 15:40:11.326 254 299 D MDnsDS : MDnsSdListener::Monitor got 1
06-03 15:40:11.326 254 299 D MDnsDS : MDnsSdListener::Monitor poll rescanning - size=10, live=2
06-03 15:40:11.326 254 299 D MDnsDS : Going to poll with pollCount 3
06-03 15:40:11.330 484 630 D NsdService: unregister service
06-03 15:40:11.331 484 630 D NsdService: mdnssd [stop-register, 3]
06-03 15:40:11.333 254 300 D MDnsDS : Stopping register with ref 0xf3a08980
06-03 15:40:11.333 254 300 D MDnsDS : freeServiceRef 3
06-03 15:40:11.333 254 300 D MDnsDS : triggering rescan
06-03 15:40:11.334 254 299 D MDnsDS : Monitor poll got data pollCount = 3, 2
06-03 15:40:11.334 254 299 D MDnsDS : Monitor found [1].revents = 32 - calling ProcessResults
06-03 15:40:11.334 254 299 W netd : dnssd_clientstub DNSServiceProcessResult called with NULL DNSServiceRef
06-03 15:40:11.334 254 299 D MDnsDS : controlSocket shows revent= 1
06-03 15:40:11.334 254 299 D MDnsDS : MDnsSdListener::Monitor got 1
06-03 15:40:11.334 254 299 D MDnsDS : MDnsSdListener::Monitor poll rescanning - size=10, live=1
06-03 15:40:11.334 254 299 D MDnsDS : Going to poll with pollCount 2
06-03 15:40:11.334 1423 2436 W AbstractChannel: Can't invoke task later as EventLoop rejected it
06-03 15:40:11.334 1423 2436 W AbstractChannel: java.util.concurrent.RejectedExecutionException: event executor terminated
06-03 15:40:11.334 1423 2436 W AbstractChannel: at io.netty.util.concurrent.SingleThreadEventExecutor.reject(Unknown Source:4)
06-03 15:40:11.334 1423 2436 W AbstractChannel: at io.netty.util.concurrent.SingleThreadEventExecutor.offerTask(Unknown Source:6)
06-03 15:40:11.334 1423 2436 W AbstractChannel: at io.netty.util.concurrent.SingleThreadEventExecutor.addTask(Unknown Source:5)
06-03 15:40:11.334 1423 2436 W AbstractChannel: at io.netty.util.concurrent.SingleThreadEventExecutor.execute(Unknown Source:4)
06-03 15:40:11.334 1423 2436 W AbstractChannel: at io.netty.util.concurrent.SingleThreadEventExecutor.execute(Unknown Source:18)
06-03 15:40:11.334 1423 2436 W AbstractChannel: at io.netty.channel.AbstractChannel$AbstractUnsafe.invokeLater(Unknown Source:6)
06-03 15:40:11.334 1423 2436 W AbstractChannel: at io.netty.channel.AbstractChannel$AbstractUnsafe.deregister(Unknown Source:24)
06-03 15:40:11.334 1423 2436 W AbstractChannel: at io.netty.channel.AbstractChannel$AbstractUnsafe.fireChannelInactiveAndDeregister(Unknown Source:17)
06-03 15:40:11.334 1423 2436 W AbstractChannel: at io.netty.channel.AbstractChannel$AbstractUnsafe.close(Unknown Source:112)
06-03 15:40:11.334 1423 2436 W AbstractChannel: at io.netty.channel.AbstractChannel$AbstractUnsafe.close(Unknown Source:12)
06-03 15:40:11.334 1423 2436 W AbstractChannel: at io.netty.channel.nio.NioEventLoop.closeAll(Unknown Source:86)
06-03 15:40:11.334 1423 2436 W AbstractChannel: at io.netty.channel.nio.NioEventLoop.run(Unknown Source:202)
06-03 15:40:11.334 1423 2436 W AbstractChannel: at io.netty.util.concurrent.SingleThreadEventExecutor$4.run(Unknown Source:41)
06-03 15:40:11.334 1423 2436 W AbstractChannel: at io.netty.util.internal.ThreadExecutorMap$2.run(Unknown Source:8)
06-03 15:40:11.334 1423 2436 W AbstractChannel: at io.netty.util.concurrent.FastThreadLocalRunnable.run(Unknown Source:2)
06-03 15:40:11.334 1423 2436 W AbstractChannel: at java.lang.Thread.run(Thread.java:920)
06-03 15:40:11.342 407 425 I adbd : jdwp connection from 2724
06-03 15:40:11.360 1092 1476 I OpenGLRenderer: Davey! duration=9223371940782ms; Flags=0, FrameTimelineVsyncId=3863, IntendedVsync=96071418380, Vsync=96088085046, InputEventId=0, HandleInputStart=96093179377, AnimationStart=96093184419, PerformTraversalsStart=96094000127, DrawStart=96101103794, FrameDeadline=96104751712, FrameInterval=96093161585, FrameStartTime=16666666, SyncQueued=96102961294, SyncStart=96103369544, IssueDrawCommandsStart=96104929210, SwapBuffers=96133098085, FrameCompleted=9223372036854775807, DequeueBufferDuration=82500, QueueBufferDuration=4731625, GpuCompleted=9223372036854775807, SwapBuffersCompleted=96140374585, DisplayPresentTime=0,
06-03 15:40:11.394 1092 1476 I OpenGLRenderer: Davey! duration=9223371940738ms; Flags=0, FrameTimelineVsyncId=3864, IntendedVsync=96104751712, Vsync=96104751712, InputEventId=0, HandleInputStart=96106357335, AnimationStart=96106362002, PerformTraversalsStart=96107222294, DrawStart=96128512710, FrameDeadline=96138085044, FrameInterval=96106342502, FrameStartTime=16666666, SyncQueued=96129647460, SyncStart=96140991294, IssueDrawCommandsStart=96143130960, SwapBuffers=96162367585, FrameCompleted=9223372036854775807, DequeueBufferDuration=62666, QueueBufferDuration=2118709, GpuCompleted=9223372036854775807, SwapBuffersCompleted=96166080002, DisplayPresentTime=0,
06-03 15:40:11.398 484 589 D CompatibilityChangeReporter: Compat change id reported: 168419799; UID 10030; state: DISABLED
06-03 15:40:11.409 2724 2724 D CompatibilityChangeReporter: Compat change id reported: 171979766; UID 10030; state: DISABLED
06-03 15:40:11.425 2724 2724 D ApplicationLoaders: Returning zygote-cached class loader: /system/framework/android.test.base.jar
06-03 15:40:11.425 2724 2724 D ApplicationLoaders: Returning zygote-cached class loader: /system/framework/android.hidl.manager-V1.0-java.jar
06-03 15:40:11.425 2724 2724 D ApplicationLoaders: Returning zygote-cached class loader: /system/framework/android.hidl.base-V1.0-java.jar
06-03 15:40:11.427 1092 1476 I OpenGLRenderer: Davey! duration=9223371940722ms; Flags=0, FrameTimelineVsyncId=3865, IntendedVsync=96121418378, Vsync=96138085044, InputEventId=0, HandleInputStart=96153993627, AnimationStart=96153997627, PerformTraversalsStart=96154716544, DrawStart=96155315919, FrameDeadline=96154751710, FrameInterval=96153977502, FrameStartTime=16666666, SyncQueued=96155446794, SyncStart=96166533752, IssueDrawCommandsStart=96167980460, SwapBuffers=96198813294, FrameCompleted=9223372036854775807, DequeueBufferDuration=79750, QueueBufferDuration=3329625, GpuCompleted=9223372036854775807, SwapBuffersCompleted=96204655627, DisplayPresentTime=0,
06-03 15:40:11.435 1423 2317 E raop : httpd_stop running 1 joined 0
06-03 15:40:11.436 1423 2317 E raop : httpd_stop connection->socket_fd=0
06-03 15:40:11.437 1423 2317 E raop : httpd_stop connection->socket_fd=0
06-03 15:40:11.438 1423 2317 E raop : httpd_stop connection->socket_fd=0
06-03 15:40:11.438 1423 2317 E raop : httpd_stop connection->socket_fd=0
06-03 15:40:11.439 1423 2317 E raop : httpd_stop connection->socket_fd=0
06-03 15:40:11.439 1423 2317 E raop : httpd_stop connection->socket_fd=0
06-03 15:40:11.439 1423 2317 E raop : httpd_stop connection->socket_fd=0
06-03 15:40:11.439 1423 2317 E raop : httpd_stop connection->socket_fd=0
06-03 15:40:11.440 1423 2317 E raop : httpd_stop connection->socket_fd=0
06-03 15:40:11.440 1423 2317 E raop : httpd_stop connection->socket_fd=0
06-03 15:40:11.461 1092 1476 I OpenGLRenderer: Davey! duration=9223371940672ms; Flags=0, FrameTimelineVsyncId=3868, IntendedVsync=96154754178, Vsync=96171420844, InputEventId=0, HandleInputStart=96174919335, AnimationStart=96174933794, PerformTraversalsStart=96177138627, DrawStart=96177366835, FrameDeadline=96188087510, FrameInterval=96172151669, FrameStartTime=16666666, SyncQueued=96177761877, SyncStart=96205079419, IssueDrawCommandsStart=96207354877, SwapBuffers=96218758627, FrameCompleted=9223372036854775807, DequeueBufferDuration=88209, QueueBufferDuration=4431666, GpuCompleted=9223372036854775807, SwapBuffersCompleted=96225095002, DisplayPresentTime=0,
06-03 15:40:11.504 2724 2724 V GraphicsEnvironment: ANGLE Developer option for 'com.dangbei.screencast' set to: 'default'
06-03 15:40:11.505 2724 2724 V GraphicsEnvironment: Neither updatable production driver nor prerelease driver is supported.
06-03 15:40:11.510 2724 2724 D NetworkSecurityConfig: Using Network Security Config from resource network_security_config debugBuild: false
06-03 15:40:11.515 2724 2724 D NetworkSecurityConfig: Using Network Security Config from resource network_security_config debugBuild: false
06-03 15:40:11.516 2724 2724 I MultiDex: VM with version 2.1.0 has multidex support
06-03 15:40:11.516 2724 2724 I MultiDex: Installing application
06-03 15:40:11.516 2724 2724 I MultiDex: VM has multidex support, MultiDex support library is disabled.
06-03 15:40:11.525 1092 1476 I OpenGLRenderer: Davey! duration=9223371940597ms; Flags=0, FrameTimelineVsyncId=3878, IntendedVsync=96254059766, Vsync=96254059766, InputEventId=0, HandleInputStart=96264205919, AnimationStart=96264210460, PerformTraversalsStart=96264796585, DrawStart=96265755460, FrameDeadline=96287393098, FrameInterval=96263564335, FrameStartTime=16666666, SyncQueued=96266564335, SyncStart=96270210669, IssueDrawCommandsStart=96274833502, SwapBuffers=96286110085, FrameCompleted=9223372036854775807, DequeueBufferDuration=1497500, QueueBufferDuration=1497083, GpuCompleted=9223372036854775807, SwapBuffersCompleted=96288780710, DisplayPresentTime=0,
06-03 15:40:11.541 1092 1401 I OpenGLRenderer: Davey! duration=9223371940571ms; Flags=0, FrameTimelineVsyncId=3880, IntendedVsync=96270761433, Vsync=96270761433, InputEventId=0, HandleInputStart=96275954585, AnimationStart=96275957044, PerformTraversalsStart=96276653127, DrawStart=96276843252, FrameDeadline=96304094765, FrameInterval=96275945377, FrameStartTime=16666666, SyncQueued=96276955419, SyncStart=96289221877, IssueDrawCommandsStart=96291204127, SwapBuffers=96302329377, FrameCompleted=9223372036854775807, DequeueBufferDuration=1897250, QueueBufferDuration=5019042, GpuCompleted=9223372036854775807, SwapBuffersCompleted=96308486127, DisplayPresentTime=0,
06-03 15:40:11.558 1092 1401 I OpenGLRenderer: Davey! duration=9223371940551ms; Flags=0, FrameTimelineVsyncId=3882, IntendedVsync=96287416327, Vsync=96287416327, InputEventId=0, HandleInputStart=96293230919, AnimationStart=96293235085, PerformTraversalsStart=96293666419, DrawStart=96293950669, FrameDeadline=96320749659, FrameInterval=96293218627, FrameStartTime=16666666, SyncQueued=96294114544, SyncStart=96309636544, IssueDrawCommandsStart=96311734794, SwapBuffers=96320320710, FrameCompleted=9223372036854775807, DequeueBufferDuration=70166, QueueBufferDuration=7674000, GpuCompleted=9223372036854775807, SwapBuffersCompleted=96329433419, DisplayPresentTime=0,
06-03 15:40:11.620 2724 2768 I crashsdk: version unique build id: 6230cced
06-03 15:40:11.623 2724 2778 I crashsdk: version unique build id: 6230cced
06-03 15:40:11.627 2724 2779 D crashsdk: Native log stat thread 2779 setup, waiting
06-03 15:40:11.632 2724 2768 I crashsdk: begin hack android.os.Process
06-03 15:40:11.632 2724 2768 I crashsdk: end hack android.os.Process
06-03 15:40:11.660 484 532 W IorapForwardingService: No service published for: iorapd
06-03 15:40:11.684 2724 2768 I Matrix.AnrTracer: anrTrace, final mAnrBeatTime:400, mAnrBeatRate:400
06-03 15:40:11.685 2724 2783 W efs.send_log: tryFileLock start!
06-03 15:40:11.687 2724 2724 I TDLog : setReportUncaughtExceptions: true
06-03 15:40:11.687 2724 2768 E LaunchManager: Non main process !
06-03 15:40:11.693 2724 2768 W System.err: java.lang.NullPointerException: Attempt to invoke virtual method 'boolean com.efs.sdk.launch.LaunchConfigManager.enableTracer()' on a null object reference
06-03 15:40:11.693 2724 2724 E Application: onCreate:Version:v2.8.3/20830/883432e
06-03 15:40:11.694 2724 2768 W System.err: at com.umeng.umcrash.UMCrash.init(Unknown Source:403)
06-03 15:40:11.694 2724 2768 W System.err: at java.lang.reflect.Method.invoke(Native Method)
06-03 15:40:11.694 2724 2768 W System.err: at com.umeng.commonsdk.UMConfigure.init(Unknown Source:811)
06-03 15:40:11.695 2724 2768 W System.err: at b.f.f.b.a(:4)
06-03 15:40:11.695 2724 2768 W System.err: at h.o.a.run(Unknown Source:2)
06-03 15:40:11.707 2724 2783 I efs.config: --->>> 删除旧的配置文件 false
06-03 15:40:11.718 2724 2799 I efs.base: lt=event`ev_ct=efs_core`ev_ac=pvuv`tm=2025-06-03 15:40:70`dn=a1a8f4c6-a220-46ab-9e41-9dec861abf07`ps=com.dangbei.screencast:bg_guard`um_os=android`stime=1748936411346`pid=2724`fr=android`pkg=com.dangbei.screencast`vcode=20830`dsp_w=1920`uid=a1a8f4c6-a220-46ab-9e41-9dec861abf07`rom=12`wid=a1a8f4c6-a220-46ab-9e41-9dec861abf07`um_app_carrier=`um_access=wifi`um_app_channel=os`um_crash_sdk_version=1.4.0`ctime=1748936411`model=dbbox-a2`lang=zh`net=wifi`brand=dangbei`dsp_h=1080`um_network_type=0`ver=v2.8.3`build_model=DBBOX-A2`w_tm=1748936411`appid=5fc60c21094d637f3130af19`um_umid_header=si904a923c36b80e250d1cd88579c59be6`sdk=31`tzone=Asia/Shanghai`sdk_ver=1.3.6.umeng
06-03 15:40:11.753 2724 2783 I efs.config: current config version (-1) is older than another (1735614866)
06-03 15:40:11.756 2724 2783 I efs.config: load config from storage and notify observer
06-03 15:40:11.775 484 1259 W ActivityManager: Foreground service started from background can not have location/camera/microphone access: service com.dangbei.screencast/.startup.GuardService
06-03 15:40:11.780 484 589 E DatabaseUtils: Writing exception to parcel
06-03 15:40:11.780 484 589 E DatabaseUtils: java.lang.SecurityException: You either need MANAGE_USERS or CREATE_USERS permission to: query user
06-03 15:40:11.780 484 589 E DatabaseUtils: at com.android.server.pm.UserManagerService.checkManageOrCreateUsersPermission(UserManagerService.java:2508)
06-03 15:40:11.780 484 589 E DatabaseUtils: at com.android.server.pm.UserManagerService.getUserInfo(UserManagerService.java:1381)
06-03 15:40:11.780 484 589 E DatabaseUtils: at android.os.UserManager.getUserInfo(UserManager.java:2602)
06-03 15:40:11.780 484 589 E DatabaseUtils: at com.android.providers.settings.SettingsProvider$SettingsRegistry.ensureSettingsForUserLocked(SettingsProvider.java:2837)
06-03 15:40:11.780 484 589 E DatabaseUtils: at com.android.providers.settings.SettingsProvider$SettingsRegistry.peekSettingsStateLocked(SettingsProvider.java:3201)
06-03 15:40:11.780 484 589 E DatabaseUtils: at com.android.providers.settings.SettingsProvider$SettingsRegistry.getSettingLocked(SettingsProvider.java:3059)
06-03 15:40:11.780 484 589 E DatabaseUtils: at com.android.providers.settings.SettingsProvider.getSsaidSettingLocked(SettingsProvider.java:1588)
06-03 15:40:11.780 484 589 E DatabaseUtils: at com.android.providers.settings.SettingsProvider.getSecureSetting(SettingsProvider.java:1561)
06-03 15:40:11.780 484 589 E DatabaseUtils: at com.android.providers.settings.SettingsProvider.call(SettingsProvider.java:423)
06-03 15:40:11.780 484 589 E DatabaseUtils: at android.content.ContentProvider.call(ContentProvider.java:2464)
06-03 15:40:11.780 484 589 E DatabaseUtils: at android.content.ContentProvider$Transport.call(ContentProvider.java:512)
06-03 15:40:11.780 484 589 E DatabaseUtils: at android.content.ContentProviderNative.onTransact(ContentProviderNative.java:295)
06-03 15:40:11.780 484 589 E DatabaseUtils: at android.os.Binder.execTransactInternal(Binder.java:1184)
06-03 15:40:11.780 484 589 E DatabaseUtils: at android.os.Binder.execTransact(Binder.java:1143)
06-03 15:40:11.782 484 1259 W ServiceManager: Permission failure: android.permission.HIGH_SAMPLING_RATE_SENSORS from uid=10030 pid=2724
06-03 15:40:11.785 2724 2724 E GuardService: onStartCommand:
06-03 15:40:11.786 2724 2724 E GuardService: onStartCommand: cmd:1
06-03 15:40:11.787 2724 2724 E GuardService: result:2
06-03 15:40:11.794 2724 2769 I TDLog : TalkingData SDK init...
06-03 15:40:11.794 2724 2769 I TDLog : SDK_VERSION is: Android+TD+V5.0.7 gp Type:Native Build_Num:2141
06-03 15:40:11.794 2724 2769 I TDLog : App ID is: B9D7815EC975466AB1332111FCE62DF5
06-03 15:40:11.794 2724 2769 I TDLog : App Channel is: os
06-03 15:40:11.794 2724 2769 I TDLog : App Custom is:
06-03 15:40:11.794 2724 2769 I TDLog : SDK_OVC is: TDOVC+a3bb7754719798526508b6caad480dd7+SaaS
06-03 15:40:11.816 1423 2736 W Router : disable lock:org.fourthline.cling.android.AndroidRouter@e013709_java.util.concurrent.locks.ReentrantReadWriteLock$WriteLock@f3f5d0e[Unlocked]
06-03 15:40:11.816 1423 2736 I Router : WiFi multicast lock released
06-03 15:40:11.817 484 589 I WifiService: releaseMulticastLock uid=10030
06-03 15:40:11.819 1423 2736 I Router : WiFi lock released
06-03 15:40:11.819 484 2427 I WifiService: releaseWifiLock uid=10030
06-03 15:40:11.827 2724 2724 I crashsdk: Catcher mask: 5000, 20480
06-03 15:40:11.829 2724 2724 I crashsdk: Catcher thread 2741
06-03 15:40:11.832 2724 2724 D crashsdk: Register ANR handler ...
06-03 15:40:11.836 2724 2799 W efs.info.manager: network change: wifi
06-03 15:40:11.865 1423 2736 I JettyServletContainer: No more connectors, stopping Jetty server
06-03 15:40:11.865 1423 2736 I JettyServletContainer: Stopping Jetty server...
06-03 15:40:11.866 1423 2454 E JettyServletContainer: error:java.net.SocketException: Socket closed
06-03 15:40:11.866 1423 2454 W System.err: java.net.SocketException: Socket closed
06-03 15:40:11.866 1423 2454 W System.err: at java.net.PlainSocketImpl.socketAccept(PlainSocketImpl.java:213)
06-03 15:40:11.866 1423 2454 W System.err: at java.net.AbstractPlainSocketImpl.accept(AbstractPlainSocketImpl.java:451)
06-03 15:40:11.866 1423 2454 W System.err: at java.net.ServerSocket.implAccept(ServerSocket.java:547)
06-03 15:40:11.866 1423 2454 W System.err: at java.net.ServerSocket.accept(ServerSocket.java:515)
06-03 15:40:11.866 1423 2454 W System.err: at l.c.a.f.w.a.accept(Unknown Source:2)
06-03 15:40:11.866 1423 2454 W System.err: at org.fourthline.cling.transport.impl.jetty.JettyServletContainer$2.accept(Unknown Source:1)
06-03 15:40:11.866 1423 2454 W System.err: at l.c.a.f.a$a.run(Unknown Source:113)
06-03 15:40:11.866 1423 2454 W System.err: at java.util.concurrent.ThreadPoolExecutor.runWorker(ThreadPoolExecutor.java:1167)
06-03 15:40:11.866 1423 2454 W System.err: at java.util.concurrent.ThreadPoolExecutor$Worker.run(ThreadPoolExecutor.java:641)
06-03 15:40:11.866 1423 2454 W System.err: at java.lang.Thread.run(Thread.java:920)
06-03 15:40:11.866 1423 2736 W System.err: 2025-06-03 15:40:11.865:INFO:lcaf.p:Graceful shutdown l.c.a.g.d{/upnp,null}
06-03 15:40:11.958 1092 1401 I OpenGLRenderer: Davey! duration=9223371940150ms; Flags=0, FrameTimelineVsyncId=3932, IntendedVsync=96704323325, Vsync=96704323325, InputEventId=0, HandleInputStart=96705477669, AnimationStart=96705483002, PerformTraversalsStart=96706802752, DrawStart=96707296461, FrameDeadline=96737656657, FrameInterval=96705459794, FrameStartTime=16666666, SyncQueued=96707623419, SyncStart=96707949294, IssueDrawCommandsStart=96709383836, SwapBuffers=96715852877, FrameCompleted=9223372036854775807, DequeueBufferDuration=50958, QueueBufferDuration=1247708, GpuCompleted=9223372036854775807, SwapBuffersCompleted=96718237752, DisplayPresentTime=0,
06-03 15:40:11.987 689 689 V TvNotificationHandler: Notification not added because it isn't relevant for tv
06-03 15:40:12.360 1423 2317 E raop : httpd_stop running 0 joined 1
06-03 15:40:12.662 484 532 W IorapForwardingService: No service published for: iorapd
06-03 15:40:12.767 327 2547 D XM_HIDREAD: poll ret=1, event=1
06-03 15:40:12.768 327 2547 D XM_HIDREAD: [9 bytes]:01 00 00 29 00 00 00 00 00
06-03 15:40:12.768 484 609 D TvWindowManager: key event key = KEYCODE_BACK down = true
06-03 15:40:12.777 484 608 D GpioService: mFlickerEnable = true
06-03 15:40:12.868 1423 2736 W System.err: 2025-06-03 15:40:12.868:INFO:lcafx.c:stopped l.c.a.g.d{/upnp,null}
06-03 15:40:12.872 1423 2736 W Router : disable unlock:org.fourthline.cling.android.AndroidRouter@e013709
06-03 15:40:12.874 1423 2689 I UpnpService: Protocol wait before execution interrupted (on shutdown?): ReceivingSearch
06-03 15:40:12.877 1423 2736 W UpnpServiceImpl: <<< UPnP service shutdown completed
06-03 15:40:12.903 327 2547 D XM_HIDREAD: poll ret=1, event=1
06-03 15:40:12.903 327 2547 D XM_HIDREAD: [9 bytes]:01 00 00 00 00 00 00 00 00
06-03 15:40:12.903 484 609 D TvWindowManager: key event key = KEYCODE_BACK down = false
06-03 15:40:12.905 484 531 D AutofillManagerService: onBackKeyPressed()
06-03 15:40:12.905 484 531 D AutofillManagerServiceImpl: Reset component for user 0:
06-03 15:40:12.906 484 531 D AutofillUI: destroySaveUiUiThread(): already destroyed
06-03 15:40:12.918 484 608 D GpioService: mFlickerEnable = true
06-03 15:40:12.921 1934 1934 I SogouIME: onKeyDown: keyoCode=4
06-03 15:40:12.921 1934 1934 I DefaultIMS: onKeyDown: keyoCode=4
06-03 15:40:12.924 1934 1934 I SogouIME: onKeyUp: keyoCode=4
06-03 15:40:12.924 1934 1934 I DefaultIMS: onKeyUp: keyoCode=4
06-03 15:40:12.959 2499 2512 I OpenGLRenderer: Davey! duration=9223371939133ms; Flags=0, FrameTimelineVsyncId=3937, IntendedVsync=97720987463, Vsync=97720987463, InputEventId=418881472, HandleInputStart=97721520586, AnimationStart=97721528044, PerformTraversalsStart=97721535253, DrawStart=97723141253, FrameDeadline=97737654129, FrameInterval=97721510544, FrameStartTime=16666666, SyncQueued=97727429461, SyncStart=97727701253, IssueDrawCommandsStart=97729506003, SwapBuffers=97734736044, FrameCompleted=9223372036854775807, DequeueBufferDuration=56000, QueueBufferDuration=1680084, GpuCompleted=9223372036854775807, SwapBuffersCompleted=97737310586, DisplayPresentTime=0,
06-03 15:40:13.112 667 667 E WifiHAL : wifi_get_link_stats: requestResponse Error:-5
06-03 15:40:13.115 484 620 E WifiVendorHal: getWifiLinkLayerStats_1_5_Internal(l.1191) failed {.code = ERROR_INVALID_ARGS, .description = }
06-03 15:40:13.298 1423 1423 I crashsdk: android_os_Process_sendSignal. PID: 1423 SIG: 9
06-03 15:40:13.298 1423 1423 I crashsdk: onKillProcess. SIG: 9
06-03 15:40:13.308 1423 1423 I crashsdk: Kill PID: 1423 (com.dangbei.screencast) by pid: 1423 (com.dangbei.screencast) tid: 1423 (main)
