06-03 15:41:20.581 1133 1133 D aaa : LedStatusService onStartCommand begin
06-03 15:41:20.586 1133 3164 D aaa : topPkg is -------------- :com.dangbei.leard.leradlauncher
06-03 15:41:20.592 1133 3164 D aaa : WiFi is connect
06-03 15:41:20.644 2955 3024 D nStackXCoAP: IsInSameNetwork:[276] :IsInSameNetwork exec
06-03 15:41:20.644 2955 3024 I nStackXDFinder: GetLocalInterfaceDetail:[461] :GetLocalInterfaceDetail in
06-03 15:41:20.644 2955 3024 E nStackXCoAP: IsInSameNetwork:[281] :IsInSameNetwork: not priority process
06-03 15:41:20.644 2955 3024 D nStackXCoAP: ParseServiceDiscover:[330] :new device join
06-03 15:41:20.644 2955 3024 E nStackXDFinder: GetLocalIp:[401] :GetLocalIp exec
06-03 15:41:20.662 2955 3024 D nStackXCoAP: CoapMessageHandler:[133] :2.01
06-03 15:41:20.801 484 532 W IorapForwardingService: No service published for: iorapd
06-03 15:41:21.172 2955 3024 D nStackXCoAP: IsInSameNetwork:[276] :IsInSameNetwork exec
06-03 15:41:21.172 2955 3024 I nStackXDFinder: GetLocalInterfaceDetail:[461] :GetLocalInterfaceDetail in
06-03 15:41:21.172 2955 3024 E nStackXCoAP: IsInSameNetwork:[281] :IsInSameNetwork: not priority process
06-03 15:41:21.172 2955 3024 D nStackXCoAP: ParseServiceDiscover:[330] :new device join
06-03 15:41:21.172 2955 3024 E nStackXDFinder: GetLocalIp:[401] :GetLocalIp exec
06-03 15:41:21.349 2955 3024 D nStackXCoAP: CoapMessageHandler:[133] :2.01
06-03 15:41:21.673 2955 3024 D nStackXCoAP: IsInSameNetwork:[276] :IsInSameNetwork exec
06-03 15:41:21.673 2955 3024 I nStackXDFinder: GetLocalInterfaceDetail:[461] :GetLocalInterfaceDetail in
06-03 15:41:21.673 2955 3024 E nStackXCoAP: IsInSameNetwork:[281] :IsInSameNetwork: not priority process
06-03 15:41:21.673 2955 3024 D nStackXCoAP: ParseServiceDiscover:[330] :new device join
06-03 15:41:21.673 2955 3024 E nStackXDFinder: GetLocalIp:[401] :GetLocalIp exec
06-03 15:41:21.721 2955 3024 D nStackXCoAP: CoapMessageHandler:[133] :2.01
06-03 15:41:21.803 484 532 W IorapForwardingService: No service published for: iorapd
06-03 15:41:22.187 2955 3024 D nStackXCoAP: IsInSameNetwork:[276] :IsInSameNetwork exec
06-03 15:41:22.187 2955 3024 I nStackXDFinder: GetLocalInterfaceDetail:[461] :GetLocalInterfaceDetail in
06-03 15:41:22.187 2955 3024 E nStackXCoAP: IsInSameNetwork:[281] :IsInSameNetwork: not priority process
06-03 15:41:22.187 2955 3024 D nStackXCoAP: ParseServiceDiscover:[330] :new device join
06-03 15:41:22.188 2955 3024 E nStackXDFinder: GetLocalIp:[401] :GetLocalIp exec
06-03 15:41:22.257 2955 3024 D nStackXCoAP: CoapMessageHandler:[133] :2.01
06-03 15:41:22.527 667 667 E WifiHAL : wifi_get_link_stats: requestResponse Error:-5
06-03 15:41:22.531 484 620 E WifiVendorHal: getWifiLinkLayerStats_1_5_Internal(l.1191) failed {.code = ERROR_INVALID_ARGS, .description = }
06-03 15:41:22.668 484 502 I system_server: Background young concurrent copying GC freed 228352(9528KB) AllocSpace objects, 42(872KB) LOS objects, 48% free, 10MB/21MB, paused 479us total 137.053ms
06-03 15:41:22.674 484 504 W System : A resource failed to call close.
06-03 15:41:22.805 484 532 W IorapForwardingService: No service published for: iorapd
06-03 15:41:22.873 2815 2875 I efs.base: wa upload succ, HttpResponse {succ=true, code=200, data='暂不支持该服务', extra={req_url=https://errlog.umeng.com/api/crashsdk/logcollect}}
06-03 15:41:22.874 2815 2880 I efs.base: wa upload succ, HttpResponse {succ=true, code=200, data='暂不支持该服务', extra={req_url=https://errlog.umeng.com/api/crashsdk/logcollect}}
06-03 15:41:22.976 2815 2875 I efs.base: wa upload fail, resp is HttpResponse {succ=false, code=-1, data='', extra={}}
06-03 15:41:23.078 2815 2880 I efs.base: wa upload fail, resp is HttpResponse {succ=false, code=-1, data='', extra={}}
06-03 15:41:23.219 2815 2875 I efs.base: wa upload fail, resp is HttpResponse {succ=false, code=-1, data='', extra={}}
06-03 15:41:23.323 2815 2880 I efs.base: wa upload fail, resp is HttpResponse {succ=false, code=-1, data='', extra={}}
06-03 15:41:23.807 484 532 W IorapForwardingService: No service published for: iorapd
06-03 15:41:24.432 2815 2875 I efs.base: wa upload fail, resp is HttpResponse {succ=false, code=-1, data='', extra={}}
06-03 15:41:24.432 2815 2860 I efs.send_log: request error cnt gt 5, next request delay 10s
06-03 15:41:24.797 276 310 D hdmi-cec: receive invalid cec message!
06-03 15:41:24.797 276 310 D hdmi-cec: receive poll message [04], skip!
06-03 15:41:24.810 484 532 W IorapForwardingService: No service published for: iorapd
06-03 15:41:25.547 667 667 E WifiHAL : wifi_get_link_stats: requestResponse Error:-5
06-03 15:41:25.550 484 620 E WifiVendorHal: getWifiLinkLayerStats_1_5_Internal(l.1191) failed {.code = ERROR_INVALID_ARGS, .description = }
06-03 15:41:25.813 484 532 W IorapForwardingService: No service published for: iorapd
06-03 15:41:26.815 484 532 W IorapForwardingService: No service published for: iorapd
06-03 15:41:27.353 484 1011 W ZramWriteback: Writeback device is not set
06-03 15:41:27.353 484 1011 D ZramWriteback: wait to flush
06-03 15:41:27.817 484 532 W IorapForwardingService: No service published for: iorapd
06-03 15:41:28.567 667 667 E WifiHAL : wifi_get_link_stats: requestResponse Error:-5
06-03 15:41:28.570 484 620 E WifiVendorHal: getWifiLinkLayerStats_1_5_Internal(l.1191) failed {.code = ERROR_INVALID_ARGS, .description = }
06-03 15:41:28.622 1189 1189 D bbb : onStartCommand begin !!!!!!! data分区剩余 24608MB
06-03 15:41:28.625 1133 1133 D aaa : LedStatusService onStartCommand begin
06-03 15:41:28.629 1133 3179 D aaa : topPkg is -------------- :com.dangbei.leard.leradlauncher
06-03 15:41:28.636 1133 3179 D aaa : WiFi is connect
06-03 15:41:28.819 484 532 W IorapForwardingService: No service published for: iorapd
06-03 15:41:29.321 2815 2824 I gbei.screencas: Background concurrent copying GC freed 43415(5328KB) AllocSpace objects, 68(1360KB) LOS objects, 49% free, 6279KB/12MB, paused 237us total 152.966ms
06-03 15:41:29.822 484 532 W IorapForwardingService: No service published for: iorapd
06-03 15:41:29.871 2135 2201 D UtilLog : 日志批量上报 进行正常循环 !!!!!!本次有0次请求,共0条数据
06-03 15:41:30.824 484 532 W IorapForwardingService: No service published for: iorapd
06-03 15:41:31.584 667 667 E WifiHAL : wifi_get_link_stats: requestResponse Error:-5
06-03 15:41:31.586 484 620 E WifiVendorHal: getWifiLinkLayerStats_1_5_Internal(l.1191) failed {.code = ERROR_INVALID_ARGS, .description = }
06-03 15:41:31.827 484 532 W IorapForwardingService: No service published for: iorapd
06-03 15:41:32.829 484 532 W IorapForwardingService: No service published for: iorapd
06-03 15:41:33.832 484 532 W IorapForwardingService: No service published for: iorapd
06-03 15:41:34.563 2815 2880 I efs.base: wa upload fail, resp is HttpResponse {succ=false, code=-1, data='', extra={}}
06-03 15:41:34.603 667 667 E WifiHAL : wifi_get_link_stats: requestResponse Error:-5
06-03 15:41:34.605 484 620 E WifiVendorHal: getWifiLinkLayerStats_1_5_Internal(l.1191) failed {.code = ERROR_INVALID_ARGS, .description = }
06-03 15:41:34.655 2815 2875 I efs.base: wa upload fail, resp is HttpResponse {succ=false, code=-1, data='', extra={}}
06-03 15:41:34.761 2815 2880 I efs.base: wa upload fail, resp is HttpResponse {succ=false, code=-1, data='', extra={}}
06-03 15:41:34.833 484 532 W IorapForwardingService: No service published for: iorapd
06-03 15:41:34.859 2815 2875 I efs.base: wa upload fail, resp is HttpResponse {succ=false, code=-1, data='', extra={}}
06-03 15:41:34.969 2815 2880 I efs.base: wa upload fail, resp is HttpResponse {succ=false, code=-1, data='', extra={}}
06-03 15:41:34.969 2815 2860 I efs.send_log: request error cnt gt 5, next request delay 10s
06-03 15:41:35.836 484 532 W IorapForwardingService: No service published for: iorapd
06-03 15:41:36.666 1133 1133 D aaa : LedStatusService onStartCommand begin
06-03 15:41:36.668 1133 3190 D aaa : topPkg is -------------- :com.dangbei.leard.leradlauncher
06-03 15:41:36.669 1189 1189 D bbb : onStartCommand begin !!!!!!! data分区剩余 24608MB
06-03 15:41:36.676 1133 3190 D aaa : WiFi is connect
06-03 15:41:36.838 484 532 W IorapForwardingService: No service published for: iorapd
06-03 15:41:37.619 667 667 E WifiHAL : wifi_get_link_stats: requestResponse Error:-5
06-03 15:41:37.621 484 620 E WifiVendorHal: getWifiLinkLayerStats_1_5_Internal(l.1191) failed {.code = ERROR_INVALID_ARGS, .description = }
06-03 15:41:37.841 484 532 W IorapForwardingService: No service published for: iorapd
06-03 15:41:38.844 484 532 W IorapForwardingService: No service published for: iorapd
06-03 15:41:39.822 276 310 D hdmi-cec: receive invalid cec message!
06-03 15:41:39.822 276 310 D hdmi-cec: receive poll message [04], skip!
06-03 15:41:39.845 484 532 W IorapForwardingService: No service published for: iorapd
06-03 15:41:39.875 2135 2201 D UtilLog : 日志批量上报 进行正常循环 !!!!!!本次有0次请求,共0条数据
06-03 15:41:40.638 667 667 E WifiHAL : wifi_get_link_stats: requestResponse Error:-5
06-03 15:41:40.640 484 620 E WifiVendorHal: getWifiLinkLayerStats_1_5_Internal(l.1191) failed {.code = ERROR_INVALID_ARGS, .description = }
06-03 15:41:40.847 484 532 W IorapForwardingService: No service published for: iorapd
06-03 15:41:41.849 484 532 W IorapForwardingService: No service published for: iorapd
06-03 15:41:42.851 484 532 W IorapForwardingService: No service published for: iorapd
06-03 15:41:43.655 667 667 E WifiHAL : wifi_get_link_stats: requestResponse Error:-5
06-03 15:41:43.658 484 620 E WifiVendorHal: getWifiLinkLayerStats_1_5_Internal(l.1191) failed {.code = ERROR_INVALID_ARGS, .description = }
06-03 15:41:43.853 484 532 W IorapForwardingService: No service published for: iorapd
06-03 15:41:44.704 1133 1133 D aaa : LedStatusService onStartCommand begin
06-03 15:41:44.708 1189 1189 D bbb : onStartCommand begin !!!!!!! data分区剩余 24608MB
06-03 15:41:44.710 1133 3199 D aaa : topPkg is -------------- :com.dangbei.leard.leradlauncher
06-03 15:41:44.714 1133 3199 D aaa : WiFi is connect
06-03 15:41:44.856 484 532 W IorapForwardingService: No service published for: iorapd
06-03 15:41:45.374 2815 2875 I efs.base: wa upload fail, resp is HttpResponse {succ=false, code=-1, data='', extra={}}
06-03 15:41:45.492 2815 2880 I efs.base: wa upload fail, resp is HttpResponse {succ=false, code=-1, data='', extra={}}
06-03 15:41:45.593 2815 2875 I efs.base: wa upload fail, resp is HttpResponse {succ=false, code=-1, data='', extra={}}
06-03 15:41:45.724 2815 2880 I efs.base: wa upload fail, resp is HttpResponse {succ=false, code=-1, data='', extra={}}
06-03 15:41:45.858 484 532 W IorapForwardingService: No service published for: iorapd
06-03 15:41:46.115 2815 2875 I efs.base: wa upload fail, resp is HttpResponse {succ=false, code=-1, data='', extra={}}
06-03 15:41:46.115 2815 2860 I efs.send_log: request error cnt gt 5, next request delay 10s
06-03 15:41:46.669 667 667 E WifiHAL : wifi_get_link_stats: requestResponse Error:-5
06-03 15:41:46.671 484 620 E WifiVendorHal: getWifiLinkLayerStats_1_5_Internal(l.1191) failed {.code = ERROR_INVALID_ARGS, .description = }
06-03 15:41:46.861 484 532 W IorapForwardingService: No service published for: iorapd
06-03 15:41:47.863 484 532 W IorapForwardingService: No service published for: iorapd
06-03 15:41:48.865 484 532 W IorapForwardingService: No service published for: iorapd
06-03 15:41:49.686 667 667 E WifiHAL : wifi_get_link_stats: requestResponse Error:-5
06-03 15:41:49.687 484 620 E WifiVendorHal: getWifiLinkLayerStats_1_5_Internal(l.1191) failed {.code = ERROR_INVALID_ARGS, .description = }
06-03 15:41:49.866 484 532 W IorapForwardingService: No service published for: iorapd
06-03 15:41:49.872 2135 2201 D UtilLog : 日志批量上报 进行正常循环 !!!!!!本次有0次请求,共0条数据
06-03 15:41:50.868 484 532 W IorapForwardingService: No service published for: iorapd
06-03 15:41:51.870 484 532 W IorapForwardingService: No service published for: iorapd
06-03 15:41:52.699 667 667 E WifiHAL : wifi_get_link_stats: requestResponse Error:-5
06-03 15:41:52.700 484 620 E WifiVendorHal: getWifiLinkLayerStats_1_5_Internal(l.1191) failed {.code = ERROR_INVALID_ARGS, .description = }
06-03 15:41:52.725 1133 1133 D aaa : LedStatusService onStartCommand begin
06-03 15:41:52.726 1133 3208 D aaa : topPkg is -------------- :com.dangbei.leard.leradlauncher
06-03 15:41:52.728 1133 3208 D aaa : WiFi is connect
06-03 15:41:52.736 1189 1189 D bbb : onStartCommand begin !!!!!!! data分区剩余 24608MB
06-03 15:41:52.871 484 532 W IorapForwardingService: No service published for: iorapd
06-03 15:41:53.873 484 532 W IorapForwardingService: No service published for: iorapd
06-03 15:41:54.847 276 310 D hdmi-cec: receive invalid cec message!
06-03 15:41:54.847 276 310 D hdmi-cec: receive poll message [04], skip!
06-03 15:41:54.875 484 532 W IorapForwardingService: No service published for: iorapd
06-03 15:41:55.715 667 667 E WifiHAL : wifi_get_link_stats: requestResponse Error:-5
06-03 15:41:55.716 484 620 E WifiVendorHal: getWifiLinkLayerStats_1_5_Internal(l.1191) failed {.code = ERROR_INVALID_ARGS, .description = }
06-03 15:41:55.877 484 532 W IorapForwardingService: No service published for: iorapd
06-03 15:41:56.252 2815 2880 I efs.base: wa upload fail, resp is HttpResponse {succ=false, code=-1, data='', extra={}}
06-03 15:41:56.356 2815 2875 I efs.base: wa upload fail, resp is HttpResponse {succ=false, code=-1, data='', extra={}}
06-03 15:41:56.488 2815 2880 I efs.base: wa upload fail, resp is HttpResponse {succ=false, code=-1, data='', extra={}}
06-03 15:41:56.580 2815 2875 I efs.base: wa upload fail, resp is HttpResponse {succ=false, code=-1, data='', extra={}}
06-03 15:41:56.709 2815 2880 I efs.base: wa upload fail, resp is HttpResponse {succ=false, code=-1, data='', extra={}}
06-03 15:41:56.709 2815 2860 I efs.send_log: request error cnt gt 5, next request delay 10s
06-03 15:41:56.879 484 532 W IorapForwardingService: No service published for: iorapd
06-03 15:41:57.355 484 1011 W ZramWriteback: Writeback device is not set
06-03 15:41:57.355 484 1011 D ZramWriteback: wait to flush
06-03 15:41:57.880 484 532 W IorapForwardingService: No service published for: iorapd
06-03 15:41:58.727 667 667 E WifiHAL : wifi_get_link_stats: requestResponse Error:-5
06-03 15:41:58.728 484 620 E WifiVendorHal: getWifiLinkLayerStats_1_5_Internal(l.1191) failed {.code = ERROR_INVALID_ARGS, .description = }
06-03 15:41:58.883 484 532 W IorapForwardingService: No service published for: iorapd
06-03 15:41:59.872 2135 2201 D UtilLog : 日志批量上报 进行正常循环 !!!!!!本次有0次请求,共0条数据
06-03 15:41:59.885 484 532 W IorapForwardingService: No service published for: iorapd
06-03 15:41:59.901 2135 2202 I TDLog : [APP] New data found, Submitting...
06-03 15:41:59.929 2135 2202 I TDLog : [APP] Failed to submit data!
06-03 15:42:00.788 1189 1189 D bbb : onStartCommand begin !!!!!!! data分区剩余 24608MB
06-03 15:42:00.791 1133 1133 D aaa : LedStatusService onStartCommand begin
06-03 15:42:00.798 1133 3223 D aaa : topPkg is -------------- :com.dangbei.leard.leradlauncher
06-03 15:42:00.801 1133 3223 D aaa : WiFi is connect
06-03 15:42:00.887 484 532 W IorapForwardingService: No service published for: iorapd
06-03 15:42:01.740 667 667 E WifiHAL : wifi_get_link_stats: requestResponse Error:-5
06-03 15:42:01.743 484 620 E WifiVendorHal: getWifiLinkLayerStats_1_5_Internal(l.1191) failed {.code = ERROR_INVALID_ARGS, .description = }
06-03 15:42:01.889 484 532 W IorapForwardingService: No service published for: iorapd
06-03 15:42:02.892 484 532 W IorapForwardingService: No service published for: iorapd
06-03 15:42:03.894 484 532 W IorapForwardingService: No service published for: iorapd
06-03 15:42:04.761 667 667 E WifiHAL : wifi_get_link_stats: requestResponse Error:-5
06-03 15:42:04.764 484 620 E WifiVendorHal: getWifiLinkLayerStats_1_5_Internal(l.1191) failed {.code = ERROR_INVALID_ARGS, .description = }
06-03 15:42:04.896 484 532 W IorapForwardingService: No service published for: iorapd
06-03 15:42:05.899 484 532 W IorapForwardingService: No service published for: iorapd
06-03 15:42:06.078 1092 3225 I dangbei ad sdk: ad manager report data::cache data size=0
06-03 15:42:06.069 1092 1092 I pool-41-thread-: type=1400 audit(0.0:1208): avc: denied { read } for name="address" dev="sysfs" ino=26474 scontext=u:r:system_app:s0 tcontext=u:object_r:sysfs:s0 tclass=file permissive=1
06-03 15:42:06.073 1092 1092 I pool-41-thread-: type=1400 audit(0.0:1209): avc: denied { open } for path="/sys/devices/platform/unisoc_wifi/net/wlan1/address" dev="sysfs" ino=26474 scontext=u:r:system_app:s0 tcontext=u:object_r:sysfs:s0 tclass=file permissive=1
06-03 15:42:06.073 1092 1092 I pool-41-thread-: type=1400 audit(0.0:1210): avc: denied { getattr } for path="/sys/devices/platform/unisoc_wifi/net/wlan1/address" dev="sysfs" ino=26474 scontext=u:r:system_app:s0 tcontext=u:object_r:sysfs:s0 tclass=file permissive=1
06-03 15:42:06.843 2815 2875 I efs.base: wa upload fail, resp is HttpResponse {succ=false, code=-1, data='', extra={}}
06-03 15:42:06.902 484 532 W IorapForwardingService: No service published for: iorapd
06-03 15:42:06.944 2815 2880 I efs.base: wa upload fail, resp is HttpResponse {succ=false, code=-1, data='', extra={}}
06-03 15:42:07.050 2815 2875 I efs.base: wa upload fail, resp is HttpResponse {succ=false, code=-1, data='', extra={}}
06-03 15:42:07.147 2815 2880 I efs.base: wa upload fail, resp is HttpResponse {succ=false, code=-1, data='', extra={}}
06-03 15:42:07.191 1092 3226 D dangbei ad sdk: HttpUtils.....::response={"msg":"no available advert","code":200}
06-03 15:42:07.261 2815 2875 I efs.base: wa upload fail, resp is HttpResponse {succ=false, code=-1, data='', extra={}}
06-03 15:42:07.261 2815 2860 I efs.send_log: request error cnt gt 5, next request delay 10s
06-03 15:42:07.340 1043 1371 E ccc : cccccc sendCycleCheckBroadcast
06-03 15:42:07.341 1043 1371 W ContextImpl: Calling a method in the system process without a qualified user: android.app.ContextImpl.sendBroadcast:1173 android.content.ContextWrapper.sendBroadcast:479 com.dangbei.etna.setting.core.SettingHelper.sendCycleToProjector:250 com.dangbei.etna.setting.core.SettingHelper.sendCycleCheckBroadcast:219 com.dangbei.etna.setting.core.SettingHelper.startLoop$lambda-0:177
06-03 15:42:07.345 1043 1371 W ContextImpl: Calling a method in the system process without a qualified user: android.app.ContextImpl.sendBroadcast:1173 android.content.ContextWrapper.sendBroadcast:479 com.dangbei.etna.setting.core.SettingHelper.sendCycleToVoice:235 com.dangbei.etna.setting.core.SettingHelper.sendCycleCheckBroadcast:220 com.dangbei.etna.setting.core.SettingHelper.startLoop$lambda-0:177
06-03 15:42:07.348 484 1130 E ActivityManager: Sending non-protected broadcast com.dangbei.etna.setting.action_cycle_check_broadcast from system 1043:com.dangbei.lerad.etna.haqu/1000 pkg com.dangbei.lerad.etna.haqu
06-03 15:42:07.348 484 1130 E ActivityManager: java.lang.Throwable
06-03 15:42:07.348 484 1130 E ActivityManager: at com.android.server.am.ActivityManagerService.checkBroadcastFromSystem(ActivityManagerService.java:12816)
06-03 15:42:07.348 484 1130 E ActivityManager: at com.android.server.am.ActivityManagerService.broadcastIntentLocked(ActivityManagerService.java:13513)
06-03 15:42:07.348 484 1130 E ActivityManager: at com.android.server.am.ActivityManagerService.broadcastIntentLocked(ActivityManagerService.java:12833)
06-03 15:42:07.348 484 1130 E ActivityManager: at com.android.server.am.ActivityManagerService.broadcastIntentWithFeature(ActivityManagerService.java:13670)
06-03 15:42:07.348 484 1130 E ActivityManager: at android.app.IActivityManager$Stub.onTransact(IActivityManager.java:2326)
06-03 15:42:07.348 484 1130 E ActivityManager: at com.android.server.am.ActivityManagerService.onTransact(ActivityManagerService.java:2509)
06-03 15:42:07.348 484 1130 E ActivityManager: at android.os.Binder.execTransactInternal(Binder.java:1179)
06-03 15:42:07.348 484 1130 E ActivityManager: at android.os.Binder.execTransact(Binder.java:1143)
06-03 15:42:07.351 484 547 I DropBoxManagerService: add tag=system_server_wtf isTagEnabled=true flags=0x2
06-03 15:42:07.358 1983 1983 D RockyVoice: RestartReceiver onReceive
06-03 15:42:07.780 667 667 E WifiHAL : wifi_get_link_stats: requestResponse Error:-5
06-03 15:42:07.782 484 620 E WifiVendorHal: getWifiLinkLayerStats_1_5_Internal(l.1191) failed {.code = ERROR_INVALID_ARGS, .description = }
06-03 15:42:07.903 484 532 W IorapForwardingService: No service published for: iorapd
06-03 15:42:08.829 1133 1133 D aaa : LedStatusService onStartCommand begin
06-03 15:42:08.831 1133 3241 D aaa : topPkg is -------------- :com.dangbei.leard.leradlauncher
06-03 15:42:08.835 1133 3241 D aaa : WiFi is connect
06-03 15:42:08.836 1189 1189 D bbb : onStartCommand begin !!!!!!! data分区剩余 24608MB
06-03 15:42:08.905 484 532 W IorapForwardingService: No service published for: iorapd
06-03 15:42:08.973 2955 3024 D nStackXCoAP: IsInSameNetwork:[276] :IsInSameNetwork exec
06-03 15:42:08.973 2955 3024 I nStackXDFinder: GetLocalInterfaceDetail:[461] :GetLocalInterfaceDetail in
06-03 15:42:08.973 2955 3024 E nStackXCoAP: IsInSameNetwork:[281] :IsInSameNetwork: not priority process
06-03 15:42:08.973 2955 3024 D nStackXCoAP: ParseServiceDiscover:[330] :new device join
06-03 15:42:08.974 2955 3024 I nStackXDFinder: NotifyDeviceListChanged:[540] :notify callback: device list changed callback is null
06-03 15:42:08.974 2955 3024 E nStackXDFinder: GetLocalIp:[401] :GetLocalIp exec
06-03 15:42:08.995 2955 3024 D nStackXCoAP: CoapMessageHandler:[133] :2.01
06-03 15:42:09.075 2955 3024 D nStackXCoAP: IsInSameNetwork:[276] :IsInSameNetwork exec
06-03 15:42:09.075 2955 3024 I nStackXDFinder: GetLocalInterfaceDetail:[461] :GetLocalInterfaceDetail in
06-03 15:42:09.075 2955 3024 E nStackXCoAP: IsInSameNetwork:[281] :IsInSameNetwork: not priority process
06-03 15:42:09.075 2955 3024 D nStackXCoAP: ParseServiceDiscover:[330] :new device join
06-03 15:42:09.075 2955 3024 E nStackXDFinder: GetLocalIp:[401] :GetLocalIp exec
06-03 15:42:09.083 2955 3024 D nStackXCoAP: CoapMessageHandler:[133] :2.01
06-03 15:42:09.305 2955 3024 D nStackXCoAP: IsInSameNetwork:[276] :IsInSameNetwork exec
06-03 15:42:09.305 2955 3024 I nStackXDFinder: GetLocalInterfaceDetail:[461] :GetLocalInterfaceDetail in
06-03 15:42:09.305 2955 3024 E nStackXCoAP: IsInSameNetwork:[281] :IsInSameNetwork: not priority process
06-03 15:42:09.305 2955 3024 D nStackXCoAP: ParseServiceDiscover:[330] :new device join
06-03 15:42:09.305 2955 3024 E nStackXDFinder: GetLocalIp:[401] :GetLocalIp exec
06-03 15:42:09.328 2955 3024 D nStackXCoAP: CoapMessageHandler:[133] :2.01
06-03 15:42:09.485 2955 3024 D nStackXCoAP: IsInSameNetwork:[276] :IsInSameNetwork exec
06-03 15:42:09.485 2955 3024 I nStackXDFinder: GetLocalInterfaceDetail:[461] :GetLocalInterfaceDetail in
06-03 15:42:09.485 2955 3024 E nStackXCoAP: IsInSameNetwork:[281] :IsInSameNetwork: not priority process
06-03 15:42:09.485 2955 3024 D nStackXCoAP: ParseServiceDiscover:[330] :new device join
06-03 15:42:09.485 2955 3024 E nStackXDFinder: GetLocalIp:[401] :GetLocalIp exec
06-03 15:42:09.511 2955 3024 D nStackXCoAP: CoapMessageHandler:[133] :2.01
06-03 15:42:09.870 276 310 D hdmi-cec: receive invalid cec message!
06-03 15:42:09.871 276 310 D hdmi-cec: receive poll message [04], skip!
06-03 15:42:09.875 2135 2201 D UtilLog : 日志批量上报 进行正常循环 !!!!!!本次有0次请求,共0条数据
06-03 15:42:09.907 484 532 W IorapForwardingService: No service published for: iorapd
06-03 15:42:10.001 2955 3024 D nStackXCoAP: IsInSameNetwork:[276] :IsInSameNetwork exec
06-03 15:42:10.001 2955 3024 I nStackXDFinder: GetLocalInterfaceDetail:[461] :GetLocalInterfaceDetail in
06-03 15:42:10.001 2955 3024 E nStackXCoAP: IsInSameNetwork:[281] :IsInSameNetwork: not priority process
06-03 15:42:10.001 2955 3024 D nStackXCoAP: ParseServiceDiscover:[330] :new device join
06-03 15:42:10.002 2955 3024 E nStackXDFinder: GetLocalIp:[401] :GetLocalIp exec
06-03 15:42:10.030 2955 3024 D nStackXCoAP: CoapMessageHandler:[133] :2.01
06-03 15:42:10.530 2955 3024 D nStackXCoAP: IsInSameNetwork:[276] :IsInSameNetwork exec
06-03 15:42:10.531 2955 3024 I nStackXDFinder: GetLocalInterfaceDetail:[461] :GetLocalInterfaceDetail in
06-03 15:42:10.531 2955 3024 E nStackXCoAP: IsInSameNetwork:[281] :IsInSameNetwork: not priority process
06-03 15:42:10.531 2955 3024 D nStackXCoAP: ParseServiceDiscover:[330] :new device join
06-03 15:42:10.531 2955 3024 E nStackXDFinder: GetLocalIp:[401] :GetLocalIp exec
06-03 15:42:10.542 2955 3024 D nStackXCoAP: CoapMessageHandler:[133] :2.01
06-03 15:42:10.799 667 667 E WifiHAL : wifi_get_link_stats: requestResponse Error:-5
06-03 15:42:10.803 484 620 E WifiVendorHal: getWifiLinkLayerStats_1_5_Internal(l.1191) failed {.code = ERROR_INVALID_ARGS, .description = }
06-03 15:42:10.910 484 532 W IorapForwardingService: No service published for: iorapd
06-03 15:42:11.059 2955 3024 D nStackXCoAP: IsInSameNetwork:[276] :IsInSameNetwork exec
06-03 15:42:11.059 2955 3024 I nStackXDFinder: GetLocalInterfaceDetail:[461] :GetLocalInterfaceDetail in
06-03 15:42:11.059 2955 3024 E nStackXCoAP: IsInSameNetwork:[281] :IsInSameNetwork: not priority process
06-03 15:42:11.059 2955 3024 D nStackXCoAP: ParseServiceDiscover:[330] :new device join
06-03 15:42:11.060 2955 3024 E nStackXDFinder: GetLocalIp:[401] :GetLocalIp exec
06-03 15:42:11.167 2955 3024 D nStackXCoAP: CoapMessageHandler:[133] :2.01
06-03 15:42:11.568 2955 3024 D nStackXCoAP: IsInSameNetwork:[276] :IsInSameNetwork exec
06-03 15:42:11.568 2955 3024 I nStackXDFinder: GetLocalInterfaceDetail:[461] :GetLocalInterfaceDetail in
06-03 15:42:11.568 2955 3024 E nStackXCoAP: IsInSameNetwork:[281] :IsInSameNetwork: not priority process
06-03 15:42:11.568 2955 3024 D nStackXCoAP: ParseServiceDiscover:[330] :new device join
06-03 15:42:11.568 2955 3024 E nStackXDFinder: GetLocalIp:[401] :GetLocalIp exec
06-03 15:42:11.590 2955 3024 D nStackXCoAP: CoapMessageHandler:[133] :2.01
06-03 15:42:11.909 1043 1354 E dangbei111: cccccc 检查遥控器是否连接: Dangbei E4:BB:D3:57:C0:7A
06-03 15:42:11.910 1043 1354 E dangbei111: cccccc 检查遥控器是否连接: 蓝牙的结果 Dangbei E4:BB:D3:57:C0:7A true
06-03 15:42:11.910 1043 1354 E dangbei111: cccccc 确实有遥控器 存在
06-03 15:42:11.910 1043 1354 E dangbei111: cccccc rc is connected, stop scan =E4:BB:D3:57:C0:7A
06-03 15:42:11.912 484 532 W IorapForwardingService: No service published for: iorapd
06-03 15:42:12.050 2955 3024 D nStackXCoAP: IsInSameNetwork:[276] :IsInSameNetwork exec
06-03 15:42:12.050 2955 3024 I nStackXDFinder: GetLocalInterfaceDetail:[461] :GetLocalInterfaceDetail in
06-03 15:42:12.050 2955 3024 E nStackXCoAP: IsInSameNetwork:[281] :IsInSameNetwork: not priority process
06-03 15:42:12.050 2955 3024 D nStackXCoAP: ParseServiceDiscover:[330] :new device join
06-03 15:42:12.050 2955 3024 E nStackXDFinder: GetLocalIp:[401] :GetLocalIp exec
06-03 15:42:12.061 2955 3024 D nStackXCoAP: CoapMessageHandler:[133] :2.01
06-03 15:42:12.559 2955 3024 D nStackXCoAP: IsInSameNetwork:[276] :IsInSameNetwork exec
06-03 15:42:12.559 2955 3024 I nStackXDFinder: GetLocalInterfaceDetail:[461] :GetLocalInterfaceDetail in
06-03 15:42:12.559 2955 3024 E nStackXCoAP: IsInSameNetwork:[281] :IsInSameNetwork: not priority process
06-03 15:42:12.559 2955 3024 D nStackXCoAP: ParseServiceDiscover:[330] :new device join
06-03 15:42:12.560 2955 3024 E nStackXDFinder: GetLocalIp:[401] :GetLocalIp exec
06-03 15:42:12.595 2955 3024 D nStackXCoAP: CoapMessageHandler:[133] :2.01
06-03 15:42:12.914 484 532 W IorapForwardingService: No service published for: iorapd
06-03 15:42:13.077 2955 3024 D nStackXCoAP: IsInSameNetwork:[276] :IsInSameNetwork exec
06-03 15:42:13.077 2955 3024 I nStackXDFinder: GetLocalInterfaceDetail:[461] :GetLocalInterfaceDetail in
06-03 15:42:13.078 2955 3024 E nStackXCoAP: IsInSameNetwork:[281] :IsInSameNetwork: not priority process
06-03 15:42:13.078 2955 3024 D nStackXCoAP: ParseServiceDiscover:[330] :new device join
06-03 15:42:13.078 2955 3024 E nStackXDFinder: GetLocalIp:[401] :GetLocalIp exec
06-03 15:42:13.093 2955 3024 D nStackXCoAP: CoapMessageHandler:[133] :2.01
06-03 15:42:13.593 2955 3024 D nStackXCoAP: IsInSameNetwork:[276] :IsInSameNetwork exec
06-03 15:42:13.593 2955 3024 I nStackXDFinder: GetLocalInterfaceDetail:[461] :GetLocalInterfaceDetail in
06-03 15:42:13.593 2955 3024 E nStackXCoAP: IsInSameNetwork:[281] :IsInSameNetwork: not priority process
06-03 15:42:13.594 2955 3024 D nStackXCoAP: ParseServiceDiscover:[330] :new device join
06-03 15:42:13.594 2955 3024 E nStackXDFinder: GetLocalIp:[401] :GetLocalIp exec
06-03 15:42:13.611 2955 3024 D nStackXCoAP: CoapMessageHandler:[133] :2.01
06-03 15:42:13.819 667 667 E WifiHAL : wifi_get_link_stats: requestResponse Error:-5
06-03 15:42:13.822 484 620 E WifiVendorHal: getWifiLinkLayerStats_1_5_Internal(l.1191) failed {.code = ERROR_INVALID_ARGS, .description = }
06-03 15:42:13.917 484 532 W IorapForwardingService: No service published for: iorapd
06-03 15:42:14.919 484 532 W IorapForwardingService: No service published for: iorapd
06-03 15:42:15.755 2815 2824 I gbei.screencas: Background concurrent copying GC freed 60181(4989KB) AllocSpace objects, 64(1280KB) LOS objects, 49% free, 6541KB/12MB, paused 125us total 156.052ms
06-03 15:42:15.922 484 532 W IorapForwardingService: No service published for: iorapd
06-03 15:42:16.840 667 667 E WifiHAL : wifi_get_link_stats: requestResponse Error:-5
06-03 15:42:16.843 484 620 E WifiVendorHal: getWifiLinkLayerStats_1_5_Internal(l.1191) failed {.code = ERROR_INVALID_ARGS, .description = }
06-03 15:42:16.875 1189 1189 D bbb : onStartCommand begin !!!!!!! data分区剩余 24608MB
06-03 15:42:16.880 1133 1133 D aaa : LedStatusService onStartCommand begin
06-03 15:42:16.884 1133 3250 D aaa : topPkg is -------------- :com.dangbei.leard.leradlauncher
06-03 15:42:16.888 1133 3250 D aaa : WiFi is connect
06-03 15:42:16.924 484 532 W IorapForwardingService: No service published for: iorapd
06-03 15:42:17.457 2815 2880 I efs.base: wa upload fail, resp is HttpResponse {succ=false, code=-1, data='', extra={}}
06-03 15:42:17.556 2815 2875 I efs.base: wa upload fail, resp is HttpResponse {succ=false, code=-1, data='', extra={}}
06-03 15:42:17.698 2815 2880 I efs.base: wa upload fail, resp is HttpResponse {succ=false, code=-1, data='', extra={}}
06-03 15:42:17.926 484 532 W IorapForwardingService: No service published for: iorapd
06-03 15:42:18.820 2815 2875 I efs.base: wa upload fail, resp is HttpResponse {succ=false, code=-1, data='', extra={}}
06-03 15:42:18.920 2815 2880 I efs.base: wa upload fail, resp is HttpResponse {succ=false, code=-1, data='', extra={}}
06-03 15:42:18.920 2815 2860 I efs.send_log: request error cnt gt 5, next request delay 10s
06-03 15:42:18.929 484 532 W IorapForwardingService: No service published for: iorapd
06-03 15:42:19.854 667 667 E WifiHAL : wifi_get_link_stats: requestResponse Error:-5
06-03 15:42:19.857 484 620 E WifiVendorHal: getWifiLinkLayerStats_1_5_Internal(l.1191) failed {.code = ERROR_INVALID_ARGS, .description = }
06-03 15:42:19.872 2135 2201 D UtilLog : 日志批量上报 进行正常循环 !!!!!!本次有0次请求,共0条数据
06-03 15:42:19.931 484 532 W IorapForwardingService: No service published for: iorapd
06-03 15:42:20.933 484 532 W IorapForwardingService: No service published for: iorapd
06-03 15:42:21.936 484 532 W IorapForwardingService: No service published for: iorapd
06-03 15:42:22.874 667 667 E WifiHAL : wifi_get_link_stats: requestResponse Error:-5
06-03 15:42:22.876 484 620 E WifiVendorHal: getWifiLinkLayerStats_1_5_Internal(l.1191) failed {.code = ERROR_INVALID_ARGS, .description = }
06-03 15:42:22.938 484 532 W IorapForwardingService: No service published for: iorapd
06-03 15:42:23.940 484 532 W IorapForwardingService: No service published for: iorapd
06-03 15:42:24.896 276 310 D hdmi-cec: receive invalid cec message!
06-03 15:42:24.896 276 310 D hdmi-cec: receive poll message [04], skip!
06-03 15:42:24.918 1133 1133 D aaa : LedStatusService onStartCommand begin
06-03 15:42:24.919 1133 3264 D aaa : topPkg is -------------- :com.dangbei.leard.leradlauncher
06-03 15:42:24.920 1189 1189 D bbb : onStartCommand begin !!!!!!! data分区剩余 24608MB
06-03 15:42:24.926 1133 3264 D aaa : WiFi is connect
06-03 15:42:24.942 484 532 W IorapForwardingService: No service published for: iorapd
06-03 15:42:25.889 667 667 E WifiHAL : wifi_get_link_stats: requestResponse Error:-5
06-03 15:42:25.890 484 620 E WifiVendorHal: getWifiLinkLayerStats_1_5_Internal(l.1191) failed {.code = ERROR_INVALID_ARGS, .description = }
06-03 15:42:25.944 484 532 W IorapForwardingService: No service published for: iorapd
06-03 15:42:26.947 484 532 W IorapForwardingService: No service published for: iorapd
06-03 15:42:27.356 484 1011 W ZramWriteback: Writeback device is not set
06-03 15:42:27.356 484 1011 D ZramWriteback: wait to flush
06-03 15:42:27.949 484 532 W IorapForwardingService: No service published for: iorapd
06-03 15:42:28.906 667 667 E WifiHAL : wifi_get_link_stats: requestResponse Error:-5
06-03 15:42:28.908 484 620 E WifiVendorHal: getWifiLinkLayerStats_1_5_Internal(l.1191) failed {.code = ERROR_INVALID_ARGS, .description = }
06-03 15:42:28.952 484 532 W IorapForwardingService: No service published for: iorapd
06-03 15:42:29.079 2815 2875 I efs.base: wa upload fail, resp is HttpResponse {succ=false, code=-1, data='', extra={}}
06-03 15:42:29.176 2815 2880 I efs.base: wa upload fail, resp is HttpResponse {succ=false, code=-1, data='', extra={}}
06-03 15:42:29.570 2815 2875 I efs.base: wa upload fail, resp is HttpResponse {succ=false, code=-1, data='', extra={}}
06-03 15:42:29.687 2815 2880 I efs.base: wa upload fail, resp is HttpResponse {succ=false, code=-1, data='', extra={}}
06-03 15:42:29.778 2815 2875 I efs.base: wa upload fail, resp is HttpResponse {succ=false, code=-1, data='', extra={}}
06-03 15:42:29.778 2815 2860 I efs.send_log: request error cnt gt 5, next request delay 10s
06-03 15:42:29.872 2135 2201 D UtilLog : 日志批量上报 进行正常循环 !!!!!!本次有0次请求,共0条数据
06-03 15:42:29.955 484 532 W IorapForwardingService: No service published for: iorapd
06-03 15:42:30.957 484 532 W IorapForwardingService: No service published for: iorapd
06-03 15:42:31.925 667 667 E WifiHAL : wifi_get_link_stats: requestResponse Error:-5
06-03 15:42:31.927 484 620 E WifiVendorHal: getWifiLinkLayerStats_1_5_Internal(l.1191) failed {.code = ERROR_INVALID_ARGS, .description = }
06-03 15:42:31.959 484 532 W IorapForwardingService: No service published for: iorapd
06-03 15:42:32.936 1133 1133 D aaa : LedStatusService onStartCommand begin
06-03 15:42:32.938 1133 3275 D aaa : topPkg is -------------- :com.dangbei.leard.leradlauncher
06-03 15:42:32.941 1189 1189 D bbb : onStartCommand begin !!!!!!! data分区剩余 24608MB
06-03 15:42:32.949 1133 3275 D aaa : WiFi is connect
06-03 15:42:32.961 484 532 W IorapForwardingService: No service published for: iorapd
06-03 15:42:33.817 2815 2824 I gbei.screencas: Background concurrent copying GC freed 55162(6052KB) AllocSpace objects, 44(880KB) LOS objects, 49% free, 6528KB/12MB, paused 150us total 151.048ms
06-03 15:42:33.963 484 532 W IorapForwardingService: No service published for: iorapd
06-03 15:42:34.938 667 667 E WifiHAL : wifi_get_link_stats: requestResponse Error:-5
06-03 15:42:34.941 484 620 E WifiVendorHal: getWifiLinkLayerStats_1_5_Internal(l.1191) failed {.code = ERROR_INVALID_ARGS, .description = }
06-03 15:42:34.965 484 532 W IorapForwardingService: No service published for: iorapd
06-03 15:42:35.967 484 532 W IorapForwardingService: No service published for: iorapd
06-03 15:42:36.969 484 532 W IorapForwardingService: No service published for: iorapd
06-03 15:42:37.959 667 667 E WifiHAL : wifi_get_link_stats: requestResponse Error:-5
06-03 15:42:37.961 484 620 E WifiVendorHal: getWifiLinkLayerStats_1_5_Internal(l.1191) failed {.code = ERROR_INVALID_ARGS, .description = }
06-03 15:42:37.970 484 532 W IorapForwardingService: No service published for: iorapd
06-03 15:42:38.972 484 532 W IorapForwardingService: No service published for: iorapd
06-03 15:42:39.871 2135 2201 D UtilLog : 日志批量上报 进行正常循环 !!!!!!本次有0次请求,共0条数据
06-03 15:42:39.922 276 310 D hdmi-cec: receive invalid cec message!
06-03 15:42:39.923 276 310 D hdmi-cec: receive poll message [04], skip!
06-03 15:42:39.957 2815 2880 I efs.base: wa upload fail, resp is HttpResponse {succ=false, code=-1, data='', extra={}}
06-03 15:42:39.974 484 532 W IorapForwardingService: No service published for: iorapd
06-03 15:42:40.061 2815 2875 I efs.base: wa upload fail, resp is HttpResponse {succ=false, code=-1, data='', extra={}}
06-03 15:42:40.161 2815 2880 I efs.base: wa upload fail, resp is HttpResponse {succ=false, code=-1, data='', extra={}}
06-03 15:42:40.282 2815 2875 I efs.base: wa upload fail, resp is HttpResponse {succ=false, code=-1, data='', extra={}}
06-03 15:42:40.388 2815 2880 I efs.base: wa upload fail, resp is HttpResponse {succ=false, code=-1, data='', extra={}}
06-03 15:42:40.388 2815 2860 I efs.send_log: request error cnt gt 5, next request delay 10s
06-03 15:42:40.974 667 667 E WifiHAL : wifi_get_link_stats: requestResponse Error:-5
06-03 15:42:40.975 484 620 E WifiVendorHal: getWifiLinkLayerStats_1_5_Internal(l.1191) failed {.code = ERROR_INVALID_ARGS, .description = }
06-03 15:42:40.977 484 532 W IorapForwardingService: No service published for: iorapd
06-03 15:42:40.986 1133 1133 D aaa : LedStatusService onStartCommand begin
06-03 15:42:40.987 1133 3286 D aaa : topPkg is -------------- :com.dangbei.leard.leradlauncher
06-03 15:42:40.990 1133 3286 D aaa : WiFi is connect
06-03 15:42:40.990 1189 1189 D bbb : onStartCommand begin !!!!!!! data分区剩余 24608MB
06-03 15:42:41.979 484 532 W IorapForwardingService: No service published for: iorapd
06-03 15:42:42.981 484 532 W IorapForwardingService: No service published for: iorapd
06-03 15:42:43.983 484 532 W IorapForwardingService: No service published for: iorapd
06-03 15:42:43.989 667 667 E WifiHAL : wifi_get_link_stats: requestResponse Error:-5
06-03 15:42:43.991 484 620 E WifiVendorHal: getWifiLinkLayerStats_1_5_Internal(l.1191) failed {.code = ERROR_INVALID_ARGS, .description = }
06-03 15:42:44.985 484 532 W IorapForwardingService: No service published for: iorapd
06-03 15:42:45.987 484 532 W IorapForwardingService: No service published for: iorapd
06-03 15:42:46.989 484 532 W IorapForwardingService: No service published for: iorapd
06-03 15:42:47.006 667 667 E WifiHAL : wifi_get_link_stats: requestResponse Error:-5
06-03 15:42:47.008 484 620 E WifiVendorHal: getWifiLinkLayerStats_1_5_Internal(l.1191) failed {.code = ERROR_INVALID_ARGS, .description = }
06-03 15:42:47.991 484 532 W IorapForwardingService: No service published for: iorapd
06-03 15:42:48.993 484 532 W IorapForwardingService: No service published for: iorapd
06-03 15:42:49.019 1133 1133 D aaa : LedStatusService onStartCommand begin
06-03 15:42:49.022 1189 1189 D bbb : onStartCommand begin !!!!!!! data分区剩余 24608MB
06-03 15:42:49.025 1133 3295 D aaa : topPkg is -------------- :com.dangbei.leard.leradlauncher
06-03 15:42:49.032 1133 3295 D aaa : WiFi is connect
06-03 15:42:49.836 2135 2201 D UtilLog : 日志批量上报 进行正常循环 !!!!!!本次有0次请求,共0条数据
06-03 15:42:49.995 484 532 W IorapForwardingService: No service published for: iorapd
06-03 15:42:50.023 667 667 E WifiHAL : wifi_get_link_stats: requestResponse Error:-5
06-03 15:42:50.025 484 620 E WifiVendorHal: getWifiLinkLayerStats_1_5_Internal(l.1191) failed {.code = ERROR_INVALID_ARGS, .description = }
06-03 15:42:50.553 2815 2875 I efs.base: wa upload fail, resp is HttpResponse {succ=false, code=-1, data='', extra={}}
06-03 15:42:50.659 2815 2880 I efs.base: wa upload fail, resp is HttpResponse {succ=false, code=-1, data='', extra={}}
06-03 15:42:50.761 2815 2875 I efs.base: wa upload fail, resp is HttpResponse {succ=false, code=-1, data='', extra={}}
06-03 15:42:50.997 484 532 W IorapForwardingService: No service published for: iorapd
06-03 15:42:51.999 484 532 W IorapForwardingService: No service published for: iorapd
06-03 15:42:52.925 2815 2880 I efs.base: wa upload fail, resp is HttpResponse {succ=false, code=-1, data='', extra={}}
06-03 15:42:53.001 484 532 W IorapForwardingService: No service published for: iorapd
06-03 15:42:53.019 2815 2875 I efs.base: wa upload fail, resp is HttpResponse {succ=false, code=-1, data='', extra={}}
06-03 15:42:53.019 2815 2860 I efs.send_log: request error cnt gt 5, next request delay 10s
06-03 15:42:53.041 667 667 E WifiHAL : wifi_get_link_stats: requestResponse Error:-5
06-03 15:42:53.043 484 620 E WifiVendorHal: getWifiLinkLayerStats_1_5_Internal(l.1191) failed {.code = ERROR_INVALID_ARGS, .description = }
06-03 15:42:54.004 484 532 W IorapForwardingService: No service published for: iorapd
06-03 15:42:54.949 276 310 D hdmi-cec: receive invalid cec message!
06-03 15:42:54.949 276 310 D hdmi-cec: receive poll message [04], skip!
06-03 15:42:55.006 484 532 W IorapForwardingService: No service published for: iorapd
06-03 15:42:56.008 484 532 W IorapForwardingService: No service published for: iorapd
06-03 15:42:56.057 667 667 E WifiHAL : wifi_get_link_stats: requestResponse Error:-5
06-03 15:42:56.058 484 620 E WifiVendorHal: getWifiLinkLayerStats_1_5_Internal(l.1191) failed {.code = ERROR_INVALID_ARGS, .description = }
06-03 15:42:57.009 484 532 W IorapForwardingService: No service published for: iorapd
06-03 15:42:57.046 1133 1133 D aaa : LedStatusService onStartCommand begin
06-03 15:42:57.047 1133 3306 D aaa : topPkg is -------------- :com.dangbei.leard.leradlauncher
06-03 15:42:57.053 1133 3306 D aaa : WiFi is connect
06-03 15:42:57.058 1189 1189 D bbb : onStartCommand begin !!!!!!! data分区剩余 24608MB
06-03 15:42:57.357 484 1011 W ZramWriteback: Writeback device is not set
06-03 15:42:57.357 484 1011 D ZramWriteback: wait to flush
06-03 15:42:58.011 484 532 W IorapForwardingService: No service published for: iorapd
06-03 15:42:59.013 484 532 W IorapForwardingService: No service published for: iorapd
06-03 15:42:59.069 667 667 E WifiHAL : wifi_get_link_stats: requestResponse Error:-5
06-03 15:42:59.070 484 620 E WifiVendorHal: getWifiLinkLayerStats_1_5_Internal(l.1191) failed {.code = ERROR_INVALID_ARGS, .description = }
06-03 15:42:59.862 2135 2201 D UtilLog : 日志批量上报 进行正常循环 !!!!!!本次有0次请求,共0条数据
06-03 15:43:00.015 484 532 W IorapForwardingService: No service published for: iorapd
06-03 15:43:01.016 484 532 W IorapForwardingService: No service published for: iorapd
06-03 15:43:02.018 484 532 W IorapForwardingService: No service published for: iorapd
06-03 15:43:02.080 667 667 E WifiHAL : wifi_get_link_stats: requestResponse Error:-5
06-03 15:43:02.081 484 620 E WifiVendorHal: getWifiLinkLayerStats_1_5_Internal(l.1191) failed {.code = ERROR_INVALID_ARGS, .description = }
06-03 15:43:03.020 484 532 W IorapForwardingService: No service published for: iorapd
06-03 15:43:03.215 2815 2880 I efs.base: wa upload fail, resp is HttpResponse {succ=false, code=-1, data='', extra={}}
06-03 15:43:03.414 2815 2875 I efs.base: wa upload fail, resp is HttpResponse {succ=false, code=-1, data='', extra={}}
06-03 15:43:03.504 2815 2880 I efs.base: wa upload fail, resp is HttpResponse {succ=false, code=-1, data='', extra={}}
06-03 15:43:03.606 2815 2875 I efs.base: wa upload fail, resp is HttpResponse {succ=false, code=-1, data='', extra={}}
06-03 15:43:03.694 2815 2880 I efs.base: wa upload fail, resp is HttpResponse {succ=false, code=-1, data='', extra={}}
06-03 15:43:03.694 2815 2860 I efs.send_log: request error cnt gt 5, next request delay 10s
06-03 15:43:04.022 484 532 W IorapForwardingService: No service published for: iorapd
06-03 15:43:05.024 484 532 W IorapForwardingService: No service published for: iorapd
06-03 15:43:05.087 1133 1133 D aaa : LedStatusService onStartCommand begin
06-03 15:43:05.088 1133 3319 D aaa : topPkg is -------------- :com.dangbei.leard.leradlauncher
06-03 15:43:05.091 1133 3319 D aaa : WiFi is connect
06-03 15:43:05.092 667 667 E WifiHAL : wifi_get_link_stats: requestResponse Error:-5
06-03 15:43:05.094 484 620 E WifiVendorHal: getWifiLinkLayerStats_1_5_Internal(l.1191) failed {.code = ERROR_INVALID_ARGS, .description = }
06-03 15:43:05.101 1189 1189 D bbb : onStartCommand begin !!!!!!! data分区剩余 24608MB
06-03 15:43:06.026 484 532 W IorapForwardingService: No service published for: iorapd
06-03 15:43:07.028 484 532 W IorapForwardingService: No service published for: iorapd
06-03 15:43:07.547 2135 2202 I TDLog : [APP] New data found, Submitting...
06-03 15:43:07.577 2135 2202 I TDLog : [APP] Failed to submit data!
06-03 15:43:08.031 484 532 W IorapForwardingService: No service published for: iorapd
06-03 15:43:08.109 667 667 E WifiHAL : wifi_get_link_stats: requestResponse Error:-5
06-03 15:43:08.111 484 620 E WifiVendorHal: getWifiLinkLayerStats_1_5_Internal(l.1191) failed {.code = ERROR_INVALID_ARGS, .description = }
06-03 15:43:09.033 484 532 W IorapForwardingService: No service published for: iorapd
06-03 15:43:09.471 276 310 D hdmi-cec: receive invalid cec message!
06-03 15:43:09.471 276 310 D hdmi-cec: receive poll message [04], skip!
06-03 15:43:09.863 2135 2201 D UtilLog : 日志批量上报 进行正常循环 !!!!!!本次有0次请求,共0条数据
06-03 15:43:10.036 484 532 W IorapForwardingService: No service published for: iorapd
06-03 15:43:11.038 484 532 W IorapForwardingService: No service published for: iorapd
06-03 15:43:11.127 667 667 E WifiHAL : wifi_get_link_stats: requestResponse Error:-5
06-03 15:43:11.131 484 620 E WifiVendorHal: getWifiLinkLayerStats_1_5_Internal(l.1191) failed {.code = ERROR_INVALID_ARGS, .description = }
06-03 15:43:12.041 484 532 W IorapForwardingService: No service published for: iorapd
06-03 15:43:12.064 2955 3024 D nStackXCoAP: IsInSameNetwork:[276] :IsInSameNetwork exec
06-03 15:43:12.064 2955 3024 I nStackXDFinder: GetLocalInterfaceDetail:[461] :GetLocalInterfaceDetail in
06-03 15:43:12.064 2955 3024 E nStackXCoAP: IsInSameNetwork:[281] :IsInSameNetwork: not priority process
06-03 15:43:12.064 2955 3024 D nStackXCoAP: ParseServiceDiscover:[330] :new device join
06-03 15:43:12.065 2955 3024 I nStackXDFinder: NotifyDeviceListChanged:[540] :notify callback: device list changed callback is null
06-03 15:43:12.065 2955 3024 E nStackXDFinder: GetLocalIp:[401] :GetLocalIp exec
06-03 15:43:12.082 2955 3024 D nStackXCoAP: CoapMessageHandler:[133] :2.01
06-03 15:43:12.256 2955 3024 D nStackXCoAP: IsInSameNetwork:[276] :IsInSameNetwork exec
06-03 15:43:12.256 2955 3024 I nStackXDFinder: GetLocalInterfaceDetail:[461] :GetLocalInterfaceDetail in
06-03 15:43:12.256 2955 3024 E nStackXCoAP: IsInSameNetwork:[281] :IsInSameNetwork: not priority process
06-03 15:43:12.256 2955 3024 D nStackXCoAP: ParseServiceDiscover:[330] :new device join
06-03 15:43:12.257 2955 3024 E nStackXDFinder: GetLocalIp:[401] :GetLocalIp exec
06-03 15:43:12.272 2955 3024 D nStackXCoAP: CoapMessageHandler:[133] :2.01
06-03 15:43:12.373 2955 3024 D nStackXCoAP: IsInSameNetwork:[276] :IsInSameNetwork exec
06-03 15:43:12.373 2955 3024 I nStackXDFinder: GetLocalInterfaceDetail:[461] :GetLocalInterfaceDetail in
06-03 15:43:12.373 2955 3024 E nStackXCoAP: IsInSameNetwork:[281] :IsInSameNetwork: not priority process
06-03 15:43:12.373 2955 3024 D nStackXCoAP: ParseServiceDiscover:[330] :new device join
06-03 15:43:12.373 2955 3024 E nStackXDFinder: GetLocalIp:[401] :GetLocalIp exec
06-03 15:43:12.407 2955 3024 D nStackXCoAP: CoapMessageHandler:[133] :2.01
06-03 15:43:12.571 2955 3024 D nStackXCoAP: IsInSameNetwork:[276] :IsInSameNetwork exec
06-03 15:43:12.571 2955 3024 I nStackXDFinder: GetLocalInterfaceDetail:[461] :GetLocalInterfaceDetail in
06-03 15:43:12.571 2955 3024 E nStackXCoAP: IsInSameNetwork:[281] :IsInSameNetwork: not priority process
06-03 15:43:12.571 2955 3024 D nStackXCoAP: ParseServiceDiscover:[330] :new device join
06-03 15:43:12.571 2955 3024 E nStackXDFinder: GetLocalIp:[401] :GetLocalIp exec
06-03 15:43:12.586 2955 3024 D nStackXCoAP: CoapMessageHandler:[133] :2.01
06-03 15:43:13.044 484 532 W IorapForwardingService: No service published for: iorapd
06-03 15:43:13.075 2955 3024 D nStackXCoAP: IsInSameNetwork:[276] :IsInSameNetwork exec
06-03 15:43:13.075 2955 3024 I nStackXDFinder: GetLocalInterfaceDetail:[461] :GetLocalInterfaceDetail in
06-03 15:43:13.076 2955 3024 E nStackXCoAP: IsInSameNetwork:[281] :IsInSameNetwork: not priority process
06-03 15:43:13.076 2955 3024 D nStackXCoAP: ParseServiceDiscover:[330] :new device join
06-03 15:43:13.076 2955 3024 E nStackXDFinder: GetLocalIp:[401] :GetLocalIp exec
06-03 15:43:13.096 2955 3024 D nStackXCoAP: CoapMessageHandler:[133] :2.01
06-03 15:43:13.150 1189 1189 D bbb : onStartCommand begin !!!!!!! data分区剩余 24608MB
06-03 15:43:13.154 1133 1133 D aaa : LedStatusService onStartCommand begin
06-03 15:43:13.157 1133 3330 D aaa : topPkg is -------------- :com.dangbei.leard.leradlauncher
06-03 15:43:13.164 1133 3330 D aaa : WiFi is connect
06-03 15:43:13.589 2955 3024 D nStackXCoAP: IsInSameNetwork:[276] :IsInSameNetwork exec
06-03 15:43:13.589 2955 3024 I nStackXDFinder: GetLocalInterfaceDetail:[461] :GetLocalInterfaceDetail in
06-03 15:43:13.589 2955 3024 E nStackXCoAP: IsInSameNetwork:[281] :IsInSameNetwork: not priority process
06-03 15:43:13.590 2955 3024 D nStackXCoAP: ParseServiceDiscover:[330] :new device join
06-03 15:43:13.590 2955 3024 E nStackXDFinder: GetLocalIp:[401] :GetLocalIp exec
06-03 15:43:13.604 2955 3024 D nStackXCoAP: CoapMessageHandler:[133] :2.01
06-03 15:43:13.850 2815 2875 I efs.base: wa upload fail, resp is HttpResponse {succ=false, code=-1, data='', extra={}}
06-03 15:43:13.956 2815 2880 I efs.base: wa upload fail, resp is HttpResponse {succ=false, code=-1, data='', extra={}}
06-03 15:43:14.046 484 532 W IorapForwardingService: No service published for: iorapd
06-03 15:43:14.059 2815 2875 I efs.base: wa upload fail, resp is HttpResponse {succ=false, code=-1, data='', extra={}}
06-03 15:43:14.148 667 667 E WifiHAL : wifi_get_link_stats: requestResponse Error:-5
06-03 15:43:14.151 484 620 E WifiVendorHal: getWifiLinkLayerStats_1_5_Internal(l.1191) failed {.code = ERROR_INVALID_ARGS, .description = }
