06-03 15:39:27.382 271 305 D DisplayConfig: virtual Return vendor::display::config::V1_0::implementation::DisplayConfig::getSupportedModes(int32_t, vendor::display::config::V1_0::IDisplayConfig::getSupportedModes_cb): display[0] ret=0, supported modes count(9)
06-03 15:39:27.390 271 305 D DisplayConfig: virtual Return vendor::display::config::V1_0::implementation::DisplayConfig::getSupportedModes(int32_t, vendor::display::config::V1_0::IDisplayConfig::getSupportedModes_cb): display[0] ret=0, supported modes count(9)
06-03 15:39:27.393 1092 1476 I OpenGLRenderer: Davey! duration=9223371984764ms; Flags=0, FrameTimelineVsyncId=1745, IntendedVsync=52070742942, Vsync=52104076274, InputEventId=0, HandleInputStart=52110696231, AnimationStart=52110701481, PerformTraversalsStart=52116657773, DrawStart=52117406731, FrameDeadline=52104076274, FrameInterval=52110130648, FrameStartTime=16666666, SyncQueued=52117545273, SyncStart=52136764189, IssueDrawCommandsStart=52142109606, SwapBuffers=52152331689, FrameCompleted=9223372036854775807, DequeueBufferDuration=79125, QueueBufferDuration=1712750, GpuCompleted=9223372036854775807, SwapBuffersCompleted=52161673689, DisplayPresentTime=0,
06-03 15:39:27.396 271 305 W displayd: xxxxxxx: hdmi user strategy: 255
06-03 15:39:27.397 271 305 W displayd: xxxxxxx: getHDMINativeMode: use perfect hdmi mode(10) as native mode
06-03 15:39:27.398 1043 1071 D DisplayOutputImpl: updateSupportModes = 10 , 255 , true
06-03 15:39:27.399 1043 1071 D DisplayOutputImpl: updateSupportModes type = 4
06-03 15:39:27.402 271 305 D DisplayConfig: virtual Return vendor::display::config::V1_0::implementation::DisplayConfig::getSupportedModes(int32_t, vendor::display::config::V1_0::IDisplayConfig::getSupportedModes_cb): display[0] ret=0, supported modes count(9)
06-03 15:39:27.406 271 305 D DisplayConfig: virtual Return vendor::display::config::V1_0::implementation::DisplayConfig::getSupportedModes(int32_t, vendor::display::config::V1_0::IDisplayConfig::getSupportedModes_cb): display[0] ret=0, supported modes count(9)
06-03 15:39:27.411 271 305 W displayd: xxxxxxx: hdmi user strategy: 255
06-03 15:39:27.413 271 305 W displayd: xxxxxxx: getHDMINativeMode: use perfect hdmi mode(10) as native mode
06-03 15:39:27.415 1043 1071 D DisplayOutputImpl: updateSupportModes = 10 , 255 , true
06-03 15:39:27.419 676 988 I bt_stack: [INFO:hearing_aid.cc(1796)] GetDeviceCount: Not initialized yet
06-03 15:39:27.429 1092 1476 I OpenGLRenderer: Davey! duration=9223371984723ms; Flags=0, FrameTimelineVsyncId=1750, IntendedVsync=52120880874, Vsync=52137547540, InputEventId=0, HandleInputStart=52153042273, AnimationStart=52153048648, PerformTraversalsStart=52153386523, DrawStart=52153838606, FrameDeadline=52154214206, FrameInterval=52153020106, FrameStartTime=16666666, SyncQueued=52154344898, SyncStart=52164758606, IssueDrawCommandsStart=52170071814, SwapBuffers=52197882064, FrameCompleted=9223372036854775807, DequeueBufferDuration=39583, QueueBufferDuration=2069208, GpuCompleted=9223372036854775807, SwapBuffersCompleted=52203917189, DisplayPresentTime=0,
06-03 15:39:27.433 1043 1069 E ccc : cccccc ColorFormatManager reset
06-03 15:39:27.435 1043 1069 E ccc : cccccc ColorHelper current get RGB888_8BIT
06-03 15:39:27.471 271 305 D DisplayConfig: virtual Return vendor::display::config::V1_0::implementation::DisplayConfig::getSupportedModes(int32_t, vendor::display::config::V1_0::IDisplayConfig::getSupportedModes_cb): display[0] ret=0, supported modes count(9)
06-03 15:39:27.477 1092 1401 I OpenGLRenderer: Davey! duration=9223371984646ms; Flags=0, FrameTimelineVsyncId=1754, IntendedVsync=52154258965, Vsync=52154258965, InputEventId=0, HandleInputStart=52168557148, AnimationStart=52168564898, PerformTraversalsStart=52169158731, DrawStart=52169751606, FrameDeadline=52187592297, FrameInterval=52168540648, FrameStartTime=16666666, SyncQueued=52169992814, SyncStart=52223809523, IssueDrawCommandsStart=52226026023, SwapBuffers=52235722273, FrameCompleted=9223372036854775807, DequeueBufferDuration=68709, QueueBufferDuration=8023250, GpuCompleted=9223372036854775807, SwapBuffersCompleted=52246069106, DisplayPresentTime=0,
06-03 15:39:27.477 2499 2537 I OpenGLRenderer: Davey! duration=9223371984783ms; Flags=0, FrameTimelineVsyncId=1745, IntendedVsync=52070742942, Vsync=52220742936, InputEventId=476419359, HandleInputStart=52223581106, AnimationStart=52227815939, PerformTraversalsStart=52227822981, DrawStart=52230592356, FrameDeadline=52104076274, FrameInterval=52222914148, FrameStartTime=16666666, SyncQueued=52234215523, SyncStart=52234378981, IssueDrawCommandsStart=52235031939, SwapBuffers=52242595939, FrameCompleted=9223372036854775807, DequeueBufferDuration=289916, QueueBufferDuration=1974042, GpuCompleted=9223372036854775807, SwapBuffersCompleted=52248556356, DisplayPresentTime=0,
06-03 15:39:27.478 271 305 W displayd: xxxxxxx: hdmi user strategy: 255
06-03 15:39:27.480 271 305 W displayd: xxxxxxx: getHDMINativeMode: use perfect hdmi mode(10) as native mode
06-03 15:39:27.481 1043 1069 D DisplayOutputImpl: getDisplayOutputMode = 10 , 255 , true
06-03 15:39:27.481 1043 1069 E ccc : cccccc current is AUTO(1080p 60Hz)
06-03 15:39:27.481 1043 1069 D DisplayOutputImpl: updateSupportModes type = 4
06-03 15:39:27.484 271 305 D DisplayConfig: virtual Return vendor::display::config::V1_0::implementation::DisplayConfig::getSupportedModes(int32_t, vendor::display::config::V1_0::IDisplayConfig::getSupportedModes_cb): display[0] ret=0, supported modes count(9)
06-03 15:39:27.489 271 305 D DisplayConfig: virtual Return vendor::display::config::V1_0::implementation::DisplayConfig::getSupportedModes(int32_t, vendor::display::config::V1_0::IDisplayConfig::getSupportedModes_cb): display[0] ret=0, supported modes count(9)
06-03 15:39:27.495 271 305 W displayd: xxxxxxx: hdmi user strategy: 255
06-03 15:39:27.498 271 305 W displayd: xxxxxxx: getHDMINativeMode: use perfect hdmi mode(10) as native mode
06-03 15:39:27.499 1043 1069 D DisplayOutputImpl: updateSupportModes = 10 , 255 , true
06-03 15:39:27.510 1043 1071 E ccc : cccccc ColorHelper current get RGB888_8BIT
06-03 15:39:27.543 484 532 W IorapForwardingService: No service published for: iorapd
06-03 15:39:27.558 1043 1069 D BluetoothGatt: onConnectionUpdated() - Device=E4:BB:D3:57:C0:7A interval=9 latency=99 timeout=500 status=0
06-03 15:39:27.562 1043 1071 D BluetoothGatt: onConnectionUpdated() - Device=E4:BB:D3:57:C0:7A interval=9 latency=99 timeout=500 status=0
06-03 15:39:27.608 2499 2527 I OpenGLRenderer: Davey! duration=9223371984616ms; Flags=0, FrameTimelineVsyncId=1762, IntendedVsync=52237652922, Vsync=52287652920, InputEventId=355933684, HandleInputStart=52297493898, AnimationStart=52301376148, PerformTraversalsStart=52301397564, DrawStart=52363547523, FrameDeadline=52270986254, FrameInterval=52297472981, FrameStartTime=16666666, SyncQueued=52366340773, SyncStart=52366520940, IssueDrawCommandsStart=52367347606, SwapBuffers=52381476773, FrameCompleted=9223372036854775807, DequeueBufferDuration=80584, QueueBufferDuration=956916, GpuCompleted=9223372036854775807, SwapBuffersCompleted=52383501106, DisplayPresentTime=0,
06-03 15:39:27.753 667 667 E WifiHAL : wifi_get_link_stats: requestResponse Error:-5
06-03 15:39:27.758 484 620 E WifiVendorHal: getWifiLinkLayerStats_1_5_Internal(l.1191) failed {.code = ERROR_INVALID_ARGS, .description = }
06-03 15:39:27.892 1092 1106 I OpenGLRenderer: Davey! duration=9223371984233ms; Flags=0, FrameTimelineVsyncId=1808, IntendedVsync=52620984801, Vsync=52620984801, InputEventId=0, HandleInputStart=52621682565, AnimationStart=52621688815, PerformTraversalsStart=52622581648, DrawStart=52623941898, FrameDeadline=52654318133, FrameInterval=52621668523, FrameStartTime=16666666, SyncQueued=52624941356, SyncStart=52625419440, IssueDrawCommandsStart=52628384773, SwapBuffers=52647768731, FrameCompleted=9223372036854775807, DequeueBufferDuration=1720375, QueueBufferDuration=6685250, GpuCompleted=9223372036854775807, SwapBuffersCompleted=52664285356, DisplayPresentTime=0,
06-03 15:39:27.897 2555 2555 I Thread-2: type=1400 audit(0.0:1085): avc: denied { execute } for name="am" dev="dm-5" ino=1160 scontext=u:r:system_app:s0 tcontext=u:object_r:vendor_file:s0 tclass=file permissive=1
06-03 15:39:27.897 2555 2555 I Thread-2: type=1400 audit(0.0:1086): avc: denied { read open } for path="/vendor/xbin/am" dev="dm-5" ino=1160 scontext=u:r:system_app:s0 tcontext=u:object_r:vendor_file:s0 tclass=file permissive=1
06-03 15:39:27.897 2555 2555 I Thread-2: type=1400 audit(0.0:1087): avc: denied { execute_no_trans } for path="/vendor/xbin/am" dev="dm-5" ino=1160 scontext=u:r:system_app:s0 tcontext=u:object_r:vendor_file:s0 tclass=file permissive=1
06-03 15:39:27.970 1133 1133 D aaa : LedStatusService onStartCommand begin
06-03 15:39:27.978 1189 1189 D bbb : onStartCommand begin !!!!!!! data分区剩余 24608MB
06-03 15:39:27.978 1133 2563 D aaa : topPkg is -------------- :com.dangbei.haqusetting
06-03 15:39:28.145 1934 1934 I DefaultIMS: onStartInput attribute=android.view.inputmethod.EditorInfo@9a6b95c restarting=false inputType: 0
06-03 15:39:28.177 2499 2527 I OpenGLRenderer: Davey! duration=9223371983916ms; Flags=0, FrameTimelineVsyncId=1836, IntendedVsync=52937652851, Vsync=52937652851, InputEventId=795678771, HandleInputStart=52938279815, AnimationStart=52938286148, PerformTraversalsStart=52938291815, DrawStart=52939389856, FrameDeadline=52954319517, FrameInterval=52938268648, FrameStartTime=16666666, SyncQueued=52940423565, SyncStart=52940625148, IssueDrawCommandsStart=52941985065, SwapBuffers=52946704315, FrameCompleted=9223372036854775807, DequeueBufferDuration=59083, QueueBufferDuration=1472708, GpuCompleted=9223372036854775807, SwapBuffersCompleted=52954424065, DisplayPresentTime=0,
06-03 15:39:28.432 484 844 D TvWindowManager: key event key = KEYCODE_DPAD_LEFT down = true
06-03 15:39:28.438 484 844 W SoundPool: Use of stream types is deprecated for operations other than volume control
06-03 15:39:28.443 484 844 W SoundPool: See the documentation of SoundPool() for what to use instead with android.media.AudioAttributes to qualify your playback use case
06-03 15:39:28.450 484 844 W SoundPool: play soundID 2 not READY
06-03 15:39:28.458 484 608 D GpioService: mFlickerEnable = true
06-03 15:39:28.482 484 2565 D MediaCodecList: codecHandlesFormat: no format, so no extra checks
06-03 15:39:28.488 484 2566 D CCodec : allocate(c2.android.vorbis.decoder)
06-03 15:39:28.489 484 2564 D MediaCodecList: codecHandlesFormat: no format, so no extra checks
06-03 15:39:28.490 386 432 V C2Store : in init
06-03 15:39:28.490 386 432 V C2Store : loading dll
06-03 15:39:28.496 484 2567 D CCodec : allocate(c2.android.vorbis.decoder)
06-03 15:39:28.500 484 2566 I CCodec : Created component [c2.android.vorbis.decoder]
06-03 15:39:28.501 484 2566 D CCodecConfig: read media type: audio/vorbis
06-03 15:39:28.501 484 2567 I CCodec : Created component [c2.android.vorbis.decoder]
06-03 15:39:28.502 484 2567 D CCodecConfig: read media type: audio/vorbis
06-03 15:39:28.504 484 2566 D ReflectedParamUpdater: extent() != 1 for single value type: algo.buffers.max-count.values
06-03 15:39:28.505 484 2566 D ReflectedParamUpdater: extent() != 1 for single value type: output.subscribed-indices.values
06-03 15:39:28.505 484 2566 D ReflectedParamUpdater: extent() != 1 for single value type: input.buffers.allocator-ids.values
06-03 15:39:28.506 484 2566 D ReflectedParamUpdater: extent() != 1 for single value type: output.buffers.allocator-ids.values
06-03 15:39:28.506 484 2566 D ReflectedParamUpdater: extent() != 1 for single value type: algo.buffers.allocator-ids.values
06-03 15:39:28.507 484 2567 D ReflectedParamUpdater: extent() != 1 for single value type: algo.buffers.max-count.values
06-03 15:39:28.508 484 2566 D ReflectedParamUpdater: extent() != 1 for single value type: output.buffers.pool-ids.values
06-03 15:39:28.508 484 2566 D ReflectedParamUpdater: extent() != 1 for single value type: algo.buffers.pool-ids.values
06-03 15:39:28.509 484 2567 D ReflectedParamUpdater: extent() != 1 for single value type: output.subscribed-indices.values
06-03 15:39:28.509 484 2567 D ReflectedParamUpdater: extent() != 1 for single value type: input.buffers.allocator-ids.values
06-03 15:39:28.510 484 2567 D ReflectedParamUpdater: extent() != 1 for single value type: output.buffers.allocator-ids.values
06-03 15:39:28.510 484 2567 D ReflectedParamUpdater: extent() != 1 for single value type: algo.buffers.allocator-ids.values
06-03 15:39:28.511 484 2567 D ReflectedParamUpdater: extent() != 1 for single value type: output.buffers.pool-ids.values
06-03 15:39:28.511 484 2567 D ReflectedParamUpdater: extent() != 1 for single value type: algo.buffers.pool-ids.values
06-03 15:39:28.512 484 2566 I CCodecConfig: query failed after returning 7 values (BAD_INDEX)
06-03 15:39:28.513 484 2566 D CCodecConfig: c2 config diff is Dict {
06-03 15:39:28.513 484 2566 D CCodecConfig: c2::u32 coded.bitrate.value = 64000
06-03 15:39:28.513 484 2566 D CCodecConfig: c2::u32 input.buffers.max-size.value = 32768
06-03 15:39:28.513 484 2566 D CCodecConfig: c2::u32 input.delay.value = 0
06-03 15:39:28.513 484 2566 D CCodecConfig: string input.media-type.value = "audio/vorbis"
06-03 15:39:28.513 484 2566 D CCodecConfig: string output.media-type.value = "audio/raw"
06-03 15:39:28.513 484 2566 D CCodecConfig: c2::u32 raw.channel-count.value = 1
06-03 15:39:28.513 484 2566 D CCodecConfig: c2::u32 raw.sample-rate.value = 48000
06-03 15:39:28.513 484 2566 D CCodecConfig: }
06-03 15:39:28.519 484 2567 I CCodecConfig: query failed after returning 7 values (BAD_INDEX)
06-03 15:39:28.521 484 2567 D CCodecConfig: c2 config diff is Dict {
06-03 15:39:28.521 484 2567 D CCodecConfig: c2::u32 coded.bitrate.value = 64000
06-03 15:39:28.521 484 2567 D CCodecConfig: c2::u32 input.buffers.max-size.value = 32768
06-03 15:39:28.521 484 2567 D CCodecConfig: c2::u32 input.delay.value = 0
06-03 15:39:28.521 484 2567 D CCodecConfig: string input.media-type.value = "audio/vorbis"
06-03 15:39:28.521 484 2567 D CCodecConfig: string output.media-type.value = "audio/raw"
06-03 15:39:28.521 484 2567 D CCodecConfig: c2::u32 raw.channel-count.value = 1
06-03 15:39:28.521 484 2567 D CCodecConfig: c2::u32 raw.sample-rate.value = 48000
06-03 15:39:28.521 484 2567 D CCodecConfig: }
06-03 15:39:28.521 484 2566 D CCodec : [c2.android.vorbis.decoder] buffers are bound to CCodec for this session
06-03 15:39:28.521 484 2566 D CCodecConfig: no c2 equivalents for durationUs
06-03 15:39:28.522 484 2566 D CCodecConfig: no c2 equivalents for track-id
06-03 15:39:28.522 484 2566 D CCodecConfig: no c2 equivalents for csd-1
06-03 15:39:28.522 484 2566 D CCodecConfig: no c2 equivalents for channel-mask
06-03 15:39:28.522 484 2566 D CCodecConfig: no c2 equivalents for flags
06-03 15:39:28.523 484 2566 D CCodecConfig: c2 config diff is c2::u32 coded.bitrate.value = 112000
06-03 15:39:28.523 484 2566 D CCodecConfig: c2::u32 raw.channel-count.value = 2
06-03 15:39:28.523 484 2566 D CCodecConfig: c2::u32 raw.sample-rate.value = 44100
06-03 15:39:28.525 484 2567 D CCodec : [c2.android.vorbis.decoder] buffers are bound to CCodec for this session
06-03 15:39:28.526 484 2566 W Codec2Client: query -- param skipped: index = 1107298332.
06-03 15:39:28.527 484 2566 D CCodec : setup formats input: AMessage(what = 0x00000000) = {
06-03 15:39:28.527 484 2566 D CCodec : int32_t bitrate = 112000
06-03 15:39:28.527 484 2566 D CCodec : int32_t channel-count = 2
06-03 15:39:28.527 484 2566 D CCodec : int32_t max-input-size = 32768
06-03 15:39:28.527 484 2566 D CCodec : string mime = "audio/vorbis"
06-03 15:39:28.527 484 2566 D CCodec : int32_t sample-rate = 44100
06-03 15:39:28.527 484 2566 D CCodec : }
06-03 15:39:28.527 484 2566 D CCodec : setup formats output: AMessage(what = 0x00000000) = {
06-03 15:39:28.527 484 2566 D CCodec : int32_t channel-count = 2
06-03 15:39:28.527 484 2566 D CCodec : string mime = "audio/raw"
06-03 15:39:28.527 484 2566 D CCodec : int32_t sample-rate = 44100
06-03 15:39:28.527 484 2566 D CCodec : int32_t channel-mask = 3
06-03 15:39:28.527 484 2566 D CCodec : }
06-03 15:39:28.527 484 2566 I CCodecConfig: query failed after returning 7 values (BAD_INDEX)
06-03 15:39:28.527 484 2567 D CCodecConfig: no c2 equivalents for durationUs
06-03 15:39:28.528 484 2567 D CCodecConfig: no c2 equivalents for track-id
06-03 15:39:28.528 484 2567 D CCodecConfig: no c2 equivalents for csd-1
06-03 15:39:28.528 484 2567 D CCodecConfig: no c2 equivalents for channel-mask
06-03 15:39:28.528 484 2566 W Codec2Client: query -- param skipped: index = 1342179345.
06-03 15:39:28.528 484 2566 W Codec2Client: query -- param skipped: index = 2415921170.
06-03 15:39:28.529 484 2567 D CCodecConfig: no c2 equivalents for flags
06-03 15:39:28.530 484 2567 D CCodecConfig: c2 config diff is c2::u32 coded.bitrate.value = 112000
06-03 15:39:28.530 484 2567 D CCodecConfig: c2::u32 raw.channel-count.value = 2
06-03 15:39:28.530 484 2567 D CCodecConfig: c2::u32 raw.sample-rate.value = 44100
06-03 15:39:28.531 386 883 D BufferPoolAccessor2.0: bufferpool2 0xf238df18 : 0(0 size) total buffers - 0(0 size) used buffers - 135/145 (recycle/alloc) - 11/144 (fetch/transfer)
06-03 15:39:28.531 386 883 D BufferPoolAccessor2.0: Destruction - bufferpool2 0xf238df18 cached: 0/0M, 0/0% in use; allocs: 145, 93% recycled; transfers: 144, 92% unfetched
06-03 15:39:28.532 386 883 D BufferPoolAccessor2.0: bufferpool2 0xf238e2d8 : 0(0 size) total buffers - 0(0 size) used buffers - 138/145 (recycle/alloc) - 7/144 (fetch/transfer)
06-03 15:39:28.532 386 883 D BufferPoolAccessor2.0: Destruction - bufferpool2 0xf238e2d8 cached: 0/0M, 0/0% in use; allocs: 145, 95% recycled; transfers: 144, 95% unfetched
06-03 15:39:28.533 386 883 D BufferPoolAccessor2.0: bufferpool2 0xf238e698 : 0(0 size) total buffers - 0(0 size) used buffers - 16/19 (recycle/alloc) - 3/18 (fetch/transfer)
06-03 15:39:28.533 484 2567 W Codec2Client: query -- param skipped: index = 1107298332.
06-03 15:39:28.534 386 848 D BufferPoolAccessor2.0: Destruction - bufferpool2 0xf238e698 cached: 0/0M, 0/0% in use; allocs: 19, 84% recycled; transfers: 18, 83% unfetched
06-03 15:39:28.535 386 848 D BufferPoolAccessor2.0: bufferpool2 0xf238e198 : 0(0 size) total buffers - 0(0 size) used buffers - 18/21 (recycle/alloc) - 3/20 (fetch/transfer)
06-03 15:39:28.535 386 848 D BufferPoolAccessor2.0: Destruction - bufferpool2 0xf238e198 cached: 0/0M, 0/0% in use; allocs: 21, 86% recycled; transfers: 20, 85% unfetched
06-03 15:39:28.536 386 848 D BufferPoolAccessor2.0: bufferpool2 0xf238e418 : 0(0 size) total buffers - 0(0 size) used buffers - 32/36 (recycle/alloc) - 4/35 (fetch/transfer)
01-01 08:00:55.551 355 355 E : Send upper Vendor Specific event.
06-03 15:39:28.536 386 848 D BufferPoolAccessor2.0: Destruction - bufferpool2 0xf238e418 cached: 0/0M, 0/0% in use; allocs: 36, 89% recycled; transfers: 35, 89% unfetched
06-03 15:39:28.536 484 2567 D CCodec : setup formats input: AMessage(what = 0x00000000) = {
06-03 15:39:28.536 484 2567 D CCodec : int32_t bitrate = 112000
06-03 15:39:28.536 484 2567 D CCodec : int32_t channel-count = 2
06-03 15:39:28.536 484 2567 D CCodec : int32_t max-input-size = 32768
06-03 15:39:28.536 484 2567 D CCodec : string mime = "audio/vorbis"
06-03 15:39:28.536 484 2567 D CCodec : int32_t sample-rate = 44100
06-03 15:39:28.536 484 2567 D CCodec : }
06-03 15:39:28.536 484 2567 D CCodec : setup formats output: AMessage(what = 0x00000000) = {
06-03 15:39:28.536 484 2567 D CCodec : int32_t channel-count = 2
06-03 15:39:28.536 484 2567 D CCodec : string mime = "audio/raw"
06-03 15:39:28.536 484 2567 D CCodec : int32_t sample-rate = 44100
06-03 15:39:28.536 484 2567 D CCodec : int32_t channel-mask = 3
06-03 15:39:28.536 484 2567 D CCodec : }
06-03 15:39:28.537 386 848 D BufferPoolAccessor2.0: bufferpool2 0xf238e558 : 0(0 size) total buffers - 0(0 size) used buffers - 28/32 (recycle/alloc) - 4/31 (fetch/transfer)
06-03 15:39:28.538 386 848 D BufferPoolAccessor2.0: Destruction - bufferpool2 0xf238e558 cached: 0/0M, 0/0% in use; allocs: 32, 88% recycled; transfers: 31, 87% unfetched
06-03 15:39:28.538 484 2566 D CCodecBufferChannel: [c2.android.vorbis.decoder#909] Created input block pool with allocatorID 16 => poolID 23 - OK (0)
06-03 15:39:28.538 484 2567 I CCodecConfig: query failed after returning 7 values (BAD_INDEX)
06-03 15:39:28.539 484 2567 W Codec2Client: query -- param skipped: index = 1342179345.
06-03 15:39:28.540 484 2567 W Codec2Client: query -- param skipped: index = 2415921170.
06-03 15:39:28.540 484 894 D BufferPoolAccessor2.0: bufferpool2 0xf287c6d8 : 0(0 size) total buffers - 0(0 size) used buffers - 2/7 (recycle/alloc) - 13/294 (fetch/transfer)
06-03 15:39:28.540 484 894 D BufferPoolAccessor2.0: Destruction - bufferpool2 0xf287c6d8 cached: 0/0M, 0/0% in use; allocs: 7, 29% recycled; transfers: 294, 96% unfetched
06-03 15:39:28.542 484 894 D BufferPoolAccessor2.0: bufferpool2 0xf287ce58 : 0(0 size) total buffers - 0(0 size) used buffers - 2/7 (recycle/alloc) - 11/294 (fetch/transfer)
06-03 15:39:28.542 484 894 D BufferPoolAccessor2.0: Destruction - bufferpool2 0xf287ce58 cached: 0/0M, 0/0% in use; allocs: 7, 29% recycled; transfers: 294, 96% unfetched
06-03 15:39:28.544 824 907 D BufferPoolAccessor2.0: bufferpool2 0xf2e3a058 : 0(0 size) total buffers - 0(0 size) used buffers - 2/7 (recycle/alloc) - 5/92 (fetch/transfer)
06-03 15:39:28.544 484 991 D BufferPoolAccessor2.0: bufferpool2 0xf1713158 : 0(0 size) total buffers - 0(0 size) used buffers - 2/7 (recycle/alloc) - 5/68 (fetch/transfer)
06-03 15:39:28.544 484 991 D BufferPoolAccessor2.0: Destruction - bufferpool2 0xf1713158 cached: 0/0M, 0/0% in use; allocs: 7, 29% recycled; transfers: 68, 93% unfetched
06-03 15:39:28.544 824 907 D BufferPoolAccessor2.0: Destruction - bufferpool2 0xf2e3a058 cached: 0/0M, 0/0% in use; allocs: 7, 29% recycled; transfers: 92, 95% unfetched
06-03 15:39:28.544 824 907 D BufferPoolAccessor2.0: bufferpool2 0xf2e39f18 : 0(0 size) total buffers - 0(0 size) used buffers - 2/7 (recycle/alloc) - 5/96 (fetch/transfer)
06-03 15:39:28.544 824 907 D BufferPoolAccessor2.0: Destruction - bufferpool2 0xf2e39f18 cached: 0/0M, 0/0% in use; allocs: 7, 29% recycled; transfers: 96, 95% unfetched
06-03 15:39:28.545 484 532 W IorapForwardingService: No service published for: iorapd
06-03 15:39:28.546 484 649 D BufferPoolAccessor2.0: bufferpool2 0xf1713298 : 0(0 size) total buffers - 0(0 size) used buffers - 1/7 (recycle/alloc) - 6/42 (fetch/transfer)
06-03 15:39:28.546 484 2566 I CCodecBufferChannel: [c2.android.vorbis.decoder#909] Created output block pool with allocatorID 16 => poolID 25 - OK
06-03 15:39:28.546 484 649 D BufferPoolAccessor2.0: Destruction - bufferpool2 0xf1713298 cached: 0/0M, 0/0% in use; allocs: 7, 14% recycled; transfers: 42, 86% unfetched
06-03 15:39:28.546 484 567 D BufferPoolAccessor2.0: bufferpool2 0xf17138d8 : 0(0 size) total buffers - 0(0 size) used buffers - 2/7 (recycle/alloc) - 5/76 (fetch/transfer)
06-03 15:39:28.546 484 648 D BufferPoolAccessor2.0: bufferpool2 0xf17133d8 : 0(0 size) total buffers - 0(0 size) used buffers - 2/7 (recycle/alloc) - 5/46 (fetch/transfer)
06-03 15:39:28.546 484 567 D BufferPoolAccessor2.0: Destruction - bufferpool2 0xf17138d8 cached: 0/0M, 0/0% in use; allocs: 7, 29% recycled; transfers: 76, 93% unfetched
06-03 15:39:28.546 484 648 D BufferPoolAccessor2.0: Destruction - bufferpool2 0xf17133d8 cached: 0/0M, 0/0% in use; allocs: 7, 29% recycled; transfers: 46, 89% unfetched
06-03 15:39:28.547 484 2566 D CCodecBufferChannel: [c2.android.vorbis.decoder#909] Configured output block pool ids 25 => OK
06-03 15:39:28.551 484 2567 D CCodecBufferChannel: [c2.android.vorbis.decoder#80] Created input block pool with allocatorID 16 => poolID 24 - OK (0)
06-03 15:39:28.554 386 2568 D SimpleC2Component: Using output block pool with poolID 25 => got 25 - 0
06-03 15:39:28.555 484 2567 I CCodecBufferChannel: [c2.android.vorbis.decoder#80] Created output block pool with allocatorID 16 => poolID 26 - OK
06-03 15:39:28.555 484 2567 D CCodecBufferChannel: [c2.android.vorbis.decoder#80] Configured output block pool ids 26 => OK
06-03 15:39:28.569 386 2569 D SimpleC2Component: Using output block pool with poolID 26 => got 26 - 0
06-03 15:39:28.576 1934 1934 I SogouIME: onKeyDown: keyoCode=21
06-03 15:39:28.577 1934 1934 I DefaultIMS: onKeyDown: keyoCode=21
06-03 15:39:28.600 484 844 D TvWindowManager: key event key = KEYCODE_DPAD_LEFT down = false
06-03 15:39:28.613 1934 1934 I SogouIME: onKeyUp: keyoCode=21
06-03 15:39:28.613 1934 1934 I DefaultIMS: onKeyUp: keyoCode=21
06-03 15:39:28.616 1934 1934 I DefaultIMS: onStartInput attribute=android.view.inputmethod.EditorInfo@8f7753a restarting=false inputType: 0
06-03 15:39:28.625 2499 2508 I bei.haqusettin: Background concurrent copying GC freed 33789(1815KB) AllocSpace objects, 0(0B) LOS objects, 49% free, 3670KB/7340KB, paused 188us total 274.485ms
06-03 15:39:28.695 484 2567 D CCodecBufferChannel: [c2.android.vorbis.decoder#80] MediaCodec discarded an unknown buffer
06-03 15:39:28.700 484 2571 I hw-BpHwBinder: onLastStrongRef automatically unlinking death recipients
06-03 15:39:28.745 484 2564 D MediaCodecList: codecHandlesFormat: no format, so no extra checks
06-03 15:39:28.747 484 2572 D CCodec : allocate(c2.android.vorbis.decoder)
06-03 15:39:28.749 484 2566 D CCodecBufferChannel: [c2.android.vorbis.decoder#909] MediaCodec discarded an unknown buffer
06-03 15:39:28.750 484 2566 I hw-BpHwBinder: onLastStrongRef automatically unlinking death recipients
06-03 15:39:28.751 484 2572 I CCodec : Created component [c2.android.vorbis.decoder]
06-03 15:39:28.751 484 2572 D CCodecConfig: read media type: audio/vorbis
06-03 15:39:28.759 484 2572 D ReflectedParamUpdater: extent() != 1 for single value type: algo.buffers.max-count.values
06-03 15:39:28.759 484 2572 D ReflectedParamUpdater: extent() != 1 for single value type: output.subscribed-indices.values
06-03 15:39:28.760 484 2572 D ReflectedParamUpdater: extent() != 1 for single value type: input.buffers.allocator-ids.values
06-03 15:39:28.760 484 2572 D ReflectedParamUpdater: extent() != 1 for single value type: output.buffers.allocator-ids.values
06-03 15:39:28.760 484 2572 D ReflectedParamUpdater: extent() != 1 for single value type: algo.buffers.allocator-ids.values
06-03 15:39:28.761 484 2572 D ReflectedParamUpdater: extent() != 1 for single value type: output.buffers.pool-ids.values
06-03 15:39:28.761 484 2572 D ReflectedParamUpdater: extent() != 1 for single value type: algo.buffers.pool-ids.values
06-03 15:39:28.764 484 2572 I CCodecConfig: query failed after returning 7 values (BAD_INDEX)
06-03 15:39:28.765 484 2572 D CCodecConfig: c2 config diff is Dict {
06-03 15:39:28.765 484 2572 D CCodecConfig: c2::u32 coded.bitrate.value = 64000
06-03 15:39:28.765 484 2572 D CCodecConfig: c2::u32 input.buffers.max-size.value = 32768
06-03 15:39:28.765 484 2572 D CCodecConfig: c2::u32 input.delay.value = 0
06-03 15:39:28.765 484 2572 D CCodecConfig: string input.media-type.value = "audio/vorbis"
06-03 15:39:28.765 484 2572 D CCodecConfig: string output.media-type.value = "audio/raw"
06-03 15:39:28.765 484 2572 D CCodecConfig: c2::u32 raw.channel-count.value = 1
06-03 15:39:28.765 484 2572 D CCodecConfig: c2::u32 raw.sample-rate.value = 48000
06-03 15:39:28.765 484 2572 D CCodecConfig: }
06-03 15:39:28.766 484 2572 D CCodec : [c2.android.vorbis.decoder] buffers are bound to CCodec for this session
06-03 15:39:28.766 484 2572 D CCodecConfig: no c2 equivalents for durationUs
06-03 15:39:28.766 484 2572 D CCodecConfig: no c2 equivalents for track-id
06-03 15:39:28.766 484 2572 D CCodecConfig: no c2 equivalents for csd-1
06-03 15:39:28.766 484 2572 D CCodecConfig: no c2 equivalents for channel-mask
06-03 15:39:28.766 484 2572 D CCodecConfig: no c2 equivalents for flags
06-03 15:39:28.767 484 2572 D CCodecConfig: c2 config diff is c2::u32 coded.bitrate.value = 112000
06-03 15:39:28.767 484 2572 D CCodecConfig: c2::u32 raw.channel-count.value = 2
06-03 15:39:28.767 484 2572 D CCodecConfig: c2::u32 raw.sample-rate.value = 44100
06-03 15:39:28.769 484 2572 W Codec2Client: query -- param skipped: index = 1107298332.
06-03 15:39:28.769 484 2572 D CCodec : setup formats input: AMessage(what = 0x00000000) = {
06-03 15:39:28.769 484 2572 D CCodec : int32_t bitrate = 112000
06-03 15:39:28.769 484 2572 D CCodec : int32_t channel-count = 2
06-03 15:39:28.769 484 2572 D CCodec : int32_t max-input-size = 32768
06-03 15:39:28.769 484 2572 D CCodec : string mime = "audio/vorbis"
06-03 15:39:28.769 484 2572 D CCodec : int32_t sample-rate = 44100
06-03 15:39:28.769 484 2572 D CCodec : }
06-03 15:39:28.769 484 2572 D CCodec : setup formats output: AMessage(what = 0x00000000) = {
06-03 15:39:28.769 484 2572 D CCodec : int32_t channel-count = 2
06-03 15:39:28.769 484 2572 D CCodec : string mime = "audio/raw"
06-03 15:39:28.769 484 2572 D CCodec : int32_t sample-rate = 44100
06-03 15:39:28.769 484 2572 D CCodec : int32_t channel-mask = 3
06-03 15:39:28.769 484 2572 D CCodec : }
06-03 15:39:28.770 484 2572 I CCodecConfig: query failed after returning 7 values (BAD_INDEX)
06-03 15:39:28.772 484 2572 W Codec2Client: query -- param skipped: index = 1342179345.
06-03 15:39:28.772 484 2572 W Codec2Client: query -- param skipped: index = 2415921170.
06-03 15:39:28.775 484 2572 D CCodecBufferChannel: [c2.android.vorbis.decoder#689] Created input block pool with allocatorID 16 => poolID 25 - OK (0)
06-03 15:39:28.778 484 2572 I CCodecBufferChannel: [c2.android.vorbis.decoder#689] Created output block pool with allocatorID 16 => poolID 27 - OK
06-03 15:39:28.778 484 2572 D CCodecBufferChannel: [c2.android.vorbis.decoder#689] Configured output block pool ids 27 => OK
06-03 15:39:28.781 386 2573 D SimpleC2Component: Using output block pool with poolID 27 => got 27 - 0
06-03 15:39:28.835 484 2572 D CCodecBufferChannel: [c2.android.vorbis.decoder#689] MediaCodec discarded an unknown buffer
06-03 15:39:28.835 484 2572 D CCodecBufferChannel: [c2.android.vorbis.decoder#689] MediaCodec discarded an unknown buffer
06-03 15:39:28.837 484 2572 I hw-BpHwBinder: onLastStrongRef automatically unlinking death recipients
06-03 15:39:28.837 386 912 I hw-BpHwBinder: onLastStrongRef automatically unlinking death recipients
06-03 15:39:28.837 386 912 V C2Store : in ~ComponentModule
06-03 15:39:28.837 386 912 V C2Store : unloading dll
06-03 15:39:29.548 484 532 W IorapForwardingService: No service published for: iorapd
06-03 15:39:29.835 2135 2201 D UtilLog : 日志批量上报 进行正常循环 !!!!!!本次有0次请求,共0条数据
06-03 15:39:30.277 1092 1106 I OpenGLRenderer: Davey! duration=9223371981833ms; Flags=0, FrameTimelineVsyncId=1888, IntendedVsync=55020981096, Vsync=55020981096, InputEventId=0, HandleInputStart=55021581732, AnimationStart=55021587857, PerformTraversalsStart=55021887857, DrawStart=55022760857, FrameDeadline=55054314428, FrameInterval=55021570691, FrameStartTime=16666666, SyncQueued=55024272649, SyncStart=55024572482, IssueDrawCommandsStart=55025580607, SwapBuffers=55044922149, FrameCompleted=9223372036854775807, DequeueBufferDuration=51250, QueueBufferDuration=2489916, GpuCompleted=9223372036854775807, SwapBuffersCompleted=55049015732, DisplayPresentTime=0,
06-03 15:39:30.309 1092 1106 I OpenGLRenderer: Davey! duration=9223371981808ms; Flags=0, FrameTimelineVsyncId=1889, IntendedVsync=55037647762, Vsync=55037647762, InputEventId=0, HandleInputStart=55038429732, AnimationStart=55038437691, PerformTraversalsStart=55039000982, DrawStart=55039620024, FrameDeadline=55070981094, FrameInterval=55038415566, FrameStartTime=16666666, SyncQueued=55040594357, SyncStart=55049414024, IssueDrawCommandsStart=55051566857, SwapBuffers=55078877274, FrameCompleted=9223372036854775807, DequeueBufferDuration=70333, QueueBufferDuration=1488500, GpuCompleted=9223372036854775807, SwapBuffersCompleted=55087043816, DisplayPresentTime=0,
06-03 15:39:30.327 1092 1106 I OpenGLRenderer: Davey! duration=9223371981769ms; Flags=0, FrameTimelineVsyncId=1891, IntendedVsync=55054751610, Vsync=55054751610, InputEventId=0, HandleInputStart=55055641149, AnimationStart=55055648066, PerformTraversalsStart=55056618566, DrawStart=55057305691, FrameDeadline=55088084942, FrameInterval=55055618732, FrameStartTime=16666666, SyncQueued=55057441941, SyncStart=55087495274, IssueDrawCommandsStart=55088828232, SwapBuffers=55102259191, FrameCompleted=9223372036854775807, DequeueBufferDuration=90875, QueueBufferDuration=1315083, GpuCompleted=9223372036854775807, SwapBuffersCompleted=55104418441, DisplayPresentTime=0,
06-03 15:39:30.345 327 2547 D XM_HIDREAD: poll ret=1, event=1
06-03 15:39:30.345 327 2547 D XM_HIDREAD: [9 bytes]:01 00 00 51 00 00 00 00 00
06-03 15:39:30.346 484 609 D TvWindowManager: key event key = KEYCODE_DPAD_DOWN down = true
06-03 15:39:30.361 1092 1106 I OpenGLRenderer: Davey! duration=9223371981764ms; Flags=0, FrameTimelineVsyncId=1892, IntendedVsync=55071418276, Vsync=55088084942, InputEventId=0, HandleInputStart=55089310399, AnimationStart=55089313066, PerformTraversalsStart=55089688066, DrawStart=55090003482, FrameDeadline=55104751608, FrameInterval=55089299399, FrameStartTime=16666666, SyncQueued=55090608357, SyncStart=55109617566, IssueDrawCommandsStart=55110951316, SwapBuffers=55121684358, FrameCompleted=9223372036854775807, DequeueBufferDuration=51333, QueueBufferDuration=1360000, GpuCompleted=9223372036854775807, SwapBuffersCompleted=55126091524, DisplayPresentTime=0,
06-03 15:39:30.362 285 455 W AudioFlinger: createTrack_l(): mismatch between requested flags (00000004) and output flags (00000002)
06-03 15:39:30.366 285 455 D AF::TrackHandle: OpPlayAudio: track:57 usage:1 not muted
06-03 15:39:30.371 484 609 D AudioTrack: createTrack_l(0): AUDIO_OUTPUT_FLAG_FAST denied by server; frameCount 0 -> 6912
06-03 15:39:30.378 1092 1106 I OpenGLRenderer: Davey! duration=9223371981737ms; Flags=0, FrameTimelineVsyncId=1896, IntendedVsync=55104751608, Vsync=55104751608, InputEventId=0, HandleInputStart=55112391274, AnimationStart=55112396899, PerformTraversalsStart=55112748524, DrawStart=55113380899, FrameDeadline=55138084940, FrameInterval=55112377316, FrameStartTime=16666666, SyncQueued=55113987983, SyncStart=55126465233, IssueDrawCommandsStart=55128877316, SwapBuffers=55147028066, FrameCompleted=9223372036854775807, DequeueBufferDuration=70167, QueueBufferDuration=2539666, GpuCompleted=9223372036854775807, SwapBuffersCompleted=55150946733, DisplayPresentTime=0,
06-03 15:39:30.386 484 608 D GpioService: mFlickerEnable = true
06-03 15:39:30.392 1092 1476 I OpenGLRenderer: Davey! duration=9223371981712ms; Flags=0, FrameTimelineVsyncId=1897, IntendedVsync=55121431135, Vsync=55121431135, InputEventId=0, HandleInputStart=55129919899, AnimationStart=55129924941, PerformTraversalsStart=55130391108, DrawStart=55130607108, FrameDeadline=55154764467, FrameInterval=55129907816, FrameStartTime=16666666, SyncQueued=55130740858, SyncStart=55151337858, IssueDrawCommandsStart=55153590483, SwapBuffers=55166040483, FrameCompleted=9223372036854775807, DequeueBufferDuration=60625, QueueBufferDuration=2313917, GpuCompleted=9223372036854775807, SwapBuffersCompleted=55169305399, DisplayPresentTime=0,
06-03 15:39:30.424 1092 1476 I OpenGLRenderer: Davey! duration=9223371981701ms; Flags=0, FrameTimelineVsyncId=1899, IntendedVsync=55138099033, Vsync=55138099033, InputEventId=0, HandleInputStart=55153888399, AnimationStart=55153891024, PerformTraversalsStart=55154308774, DrawStart=55154497233, FrameDeadline=55171432365, FrameInterval=55153883441, FrameStartTime=16666666, SyncQueued=55154605191, SyncStart=55169731483, IssueDrawCommandsStart=55170682858, SwapBuffers=55188696191, FrameCompleted=9223372036854775807, DequeueBufferDuration=50875, QueueBufferDuration=1433084, GpuCompleted=9223372036854775807, SwapBuffersCompleted=55191095649, DisplayPresentTime=0,
06-03 15:39:30.429 484 1089 E TaskPersister: File error accessing recents directory (directory doesn't exist?).
06-03 15:39:30.494 484 608 D GpioService: mFlickerEnable = true
06-03 15:39:30.497 1934 1934 I SogouIME: onKeyDown: keyoCode=20
06-03 15:39:30.497 1934 1934 I DefaultIMS: onKeyDown: keyoCode=20
06-03 15:39:30.502 327 2547 D XM_HIDREAD: poll ret=1, event=1
06-03 15:39:30.502 327 2547 D XM_HIDREAD: [9 bytes]:01 00 00 00 00 00 00 00 00
06-03 15:39:30.502 484 609 D TvWindowManager: key event key = KEYCODE_DPAD_DOWN down = false
06-03 15:39:30.512 1934 1934 I SogouIME: onKeyUp: keyoCode=20
06-03 15:39:30.512 1934 1934 I DefaultIMS: onKeyUp: keyoCode=20
06-03 15:39:30.514 1934 1934 I DefaultIMS: onStartInput attribute=android.view.inputmethod.EditorInfo@bf0c5eb restarting=false inputType: 0
06-03 15:39:30.550 484 532 W IorapForwardingService: No service published for: iorapd
06-03 15:39:30.615 327 2547 D XM_HIDREAD: poll ret=1, event=1
06-03 15:39:30.615 327 2547 D XM_HIDREAD: [9 bytes]:01 00 00 51 00 00 00 00 00
06-03 15:39:30.615 484 609 D TvWindowManager: key event key = KEYCODE_DPAD_DOWN down = true
06-03 15:39:30.631 484 608 D GpioService: mFlickerEnable = true
06-03 15:39:30.706 484 604 D CompatibilityChangeReporter: Compat change id reported: 168419799; UID 10019; state: DISABLED
06-03 15:39:30.715 484 620 E WifiHealthMonitor: Hit PackageManager exception
06-03 15:39:30.715 484 620 E WifiHealthMonitor: android.content.pm.PackageManager$NameNotFoundException: No module info for package: com.android.wifi
06-03 15:39:30.715 484 620 E WifiHealthMonitor: at android.app.ApplicationPackageManager.getModuleInfo(ApplicationPackageManager.java:1079)
06-03 15:39:30.715 484 620 E WifiHealthMonitor: at com.android.server.wifi.WifiHealthMonitor.getWifiStackVersion(WifiHealthMonitor.java:366)
06-03 15:39:30.715 484 620 E WifiHealthMonitor: at com.android.server.wifi.WifiHealthMonitor.extractCurrentSoftwareBuildInfo(WifiHealthMonitor.java:587)
06-03 15:39:30.715 484 620 E WifiHealthMonitor: at com.android.server.wifi.WifiHealthMonitor.postBootSwBuildCheck(WifiHealthMonitor.java:522)
06-03 15:39:30.715 484 620 E WifiHealthMonitor: at com.android.server.wifi.WifiHealthMonitor.postBootDetectionHandler(WifiHealthMonitor.java:513)
06-03 15:39:30.715 484 620 E WifiHealthMonitor: at com.android.server.wifi.WifiHealthMonitor.access$500(WifiHealthMonitor.java:71)
06-03 15:39:30.715 484 620 E WifiHealthMonitor: at com.android.server.wifi.WifiHealthMonitor$2.onAlarm(WifiHealthMonitor.java:190)
06-03 15:39:30.715 484 620 E WifiHealthMonitor: at android.app.AlarmManager$ListenerWrapper.run(AlarmManager.java:323)
06-03 15:39:30.715 484 620 E WifiHealthMonitor: at android.os.Handler.handleCallback(Handler.java:938)
06-03 15:39:30.715 484 620 E WifiHealthMonitor: at android.os.Handler.dispatchMessage(Handler.java:99)
06-03 15:39:30.715 484 620 E WifiHealthMonitor: at android.os.Looper.loopOnce(Looper.java:201)
06-03 15:39:30.715 484 620 E WifiHealthMonitor: at android.os.Looper.loop(Looper.java:288)
06-03 15:39:30.715 484 620 E WifiHealthMonitor: at android.os.HandlerThread.run(HandlerThread.java:67)
06-03 15:39:30.718 667 667 E WifiHAL : wifi_get_driver_version: Error -5 happened.
06-03 15:39:30.718 667 667 E android.hardware.wifi@1.0-service-lazy: Failed to get driver version: INVALID_ARGS
06-03 15:39:30.722 484 620 E WifiVendorHal: requestChipDebugInfo(l.2167) failed {.code = ERROR_INVALID_ARGS, .description = failed to get driver version}
06-03 15:39:30.725 484 620 I WifiVendorHal: Driver: null Firmware: null
06-03 15:39:30.727 254 254 I netd : trafficSwapActiveStatsMap() <28.18ms>
06-03 15:39:30.728 327 2547 D XM_HIDREAD: poll ret=1, event=1
06-03 15:39:30.728 327 2547 D XM_HIDREAD: [9 bytes]:01 00 00 00 00 00 00 00 00
06-03 15:39:30.728 484 609 D TvWindowManager: key event key = KEYCODE_DPAD_DOWN down = false
06-03 15:39:30.730 667 667 E WifiHAL : wifi_get_driver_version: Error -5 happened.
06-03 15:39:30.730 667 667 E android.hardware.wifi@1.0-service-lazy: Failed to get driver version: INVALID_ARGS
06-03 15:39:30.733 484 620 E WifiVendorHal: requestChipDebugInfo(l.2167) failed {.code = ERROR_INVALID_ARGS, .description = failed to get driver version}
06-03 15:39:30.733 484 620 I WifiVendorHal: Driver: null Firmware: null
06-03 15:39:30.742 676 690 D BluetoothAdapterService: cancelDiscovery
06-03 15:39:30.743 676 988 I bt_btif_dm: system/bt/btif/src/btif_dm.cc:1884 btif_dm_cancel_discovery: Cancel search
06-03 15:39:30.750 254 254 I netd : tetherGetStats() -> {[]} <4.37ms>
06-03 15:39:30.756 1898 2582 D EpgDataCleanupService: Received intent: Intent { act=com.android.providers.tv.intent.CLEAN_UP_EPG_DATA cmp=com.android.providers.tv/.EpgDataCleanupService }
06-03 15:39:30.766 484 608 D GpioService: mFlickerEnable = true
06-03 15:39:30.769 1934 1934 I SogouIME: onKeyDown: keyoCode=20
06-03 15:39:30.769 1934 1934 I DefaultIMS: onKeyDown: keyoCode=20
06-03 15:39:30.782 1934 1934 I SogouIME: onKeyUp: keyoCode=20
06-03 15:39:30.782 1934 1934 I DefaultIMS: onKeyUp: keyoCode=20
06-03 15:39:30.793 667 667 E WifiHAL : wifi_get_link_stats: requestResponse Error:-5
06-03 15:39:30.799 285 455 W AudioFlinger: createTrack_l(): mismatch between requested flags (00000004) and output flags (00000002)
06-03 15:39:30.809 484 620 E WifiVendorHal: getWifiLinkLayerStats_1_5_Internal(l.1191) failed {.code = ERROR_INVALID_ARGS, .description = }
06-03 15:39:30.810 285 455 D AF::TrackHandle: OpPlayAudio: track:58 usage:13 not muted
06-03 15:39:30.813 1934 1934 I DefaultIMS: onStartInput attribute=android.view.inputmethod.EditorInfo@940f48 restarting=false inputType: 0
06-03 15:39:30.817 327 2547 D XM_HIDREAD: poll ret=1, event=1
06-03 15:39:30.818 327 2547 D XM_HIDREAD: [9 bytes]:01 00 00 51 00 00 00 00 00
06-03 15:39:30.818 484 609 D TvWindowManager: key event key = KEYCODE_DPAD_DOWN down = true
06-03 15:39:30.822 484 635 D AudioTrack: createTrack_l(1163968516): AUDIO_OUTPUT_FLAG_FAST denied by server; frameCount 0 -> 147456
06-03 15:39:30.825 484 608 D GpioService: mFlickerEnable = true
06-03 15:39:30.834 254 254 I netd : bandwidthSetGlobalAlert(2097152) <1.20ms>
06-03 15:39:30.848 484 1259 I WifiService: startScan uid=1000
06-03 15:39:30.853 484 763 I WifiService: startScan uid=1000
06-03 15:39:30.860 484 844 I WifiService: startScan uid=1000
06-03 15:39:30.875 1092 1476 I OpenGLRenderer: Davey! duration=9223371981225ms; Flags=0, FrameTimelineVsyncId=1955, IntendedVsync=55620989076, Vsync=55620989076, InputEventId=0, HandleInputStart=55621704816, AnimationStart=55621708524, PerformTraversalsStart=55622512399, DrawStart=55623050899, FrameDeadline=55654322408, FrameInterval=55621691358, FrameStartTime=16666666, SyncQueued=55623441149, SyncStart=55631705816, IssueDrawCommandsStart=55633024483, SwapBuffers=55643629316, FrameCompleted=9223372036854775807, DequeueBufferDuration=42167, QueueBufferDuration=3463083, GpuCompleted=9223372036854775807, SwapBuffersCompleted=55648368066, DisplayPresentTime=0,
06-03 15:39:30.918 327 2547 D XM_HIDREAD: poll ret=1, event=1
06-03 15:39:30.918 327 2547 D XM_HIDREAD: [9 bytes]:01 00 00 00 00 00 00 00 00
06-03 15:39:30.918 484 609 D TvWindowManager: key event key = KEYCODE_DPAD_DOWN down = false
06-03 15:39:30.924 2499 2527 I OpenGLRenderer: Davey! duration=9223371981200ms; Flags=0, FrameTimelineVsyncId=1959, IntendedVsync=55654321218, Vsync=55654321218, InputEventId=0, HandleInputStart=55655022524, AnimationStart=55655028983, PerformTraversalsStart=55655032483, DrawStart=55687248233, FrameDeadline=55670987884, FrameInterval=55655007649, FrameStartTime=16666666, SyncQueued=55689291608, SyncStart=55689431774, IssueDrawCommandsStart=55689975733, SwapBuffers=55696159233, FrameCompleted=9223372036854775807, DequeueBufferDuration=45084, QueueBufferDuration=1100500, GpuCompleted=9223372036854775807, SwapBuffersCompleted=55698258149, DisplayPresentTime=0,
06-03 15:39:30.939 2499 2585 D skia : --- Failed to create image decoder with message 'unimplemented'
06-03 15:39:30.940 2499 2586 D skia : --- Failed to create image decoder with message 'unimplemented'
06-03 15:39:30.943 2499 2585 D skia : --- Failed to create image decoder with message 'unimplemented'
06-03 15:39:30.943 2499 2586 D skia : --- Failed to create image decoder with message 'unimplemented'
06-03 15:39:30.944 2499 2585 D skia : --- Failed to create image decoder with message 'unimplemented'
06-03 15:39:30.944 2499 2586 D skia : --- Failed to create image decoder with message 'unimplemented'
06-03 15:39:30.945 2499 2585 D skia : --- Failed to create image decoder with message 'unimplemented'
06-03 15:39:30.945 2499 2586 D skia : --- Failed to create image decoder with message 'unimplemented'
06-03 15:39:30.946 2499 2585 D skia : --- Failed to create image decoder with message 'unimplemented'
06-03 15:39:30.946 2499 2586 D skia : --- Failed to create image decoder with message 'unimplemented'
06-03 15:39:30.947 2499 2585 D skia : --- Failed to create image decoder with message 'unimplemented'
06-03 15:39:30.947 2499 2586 D skia : --- Failed to create image decoder with message 'unimplemented'
06-03 15:39:30.968 484 608 D GpioService: mFlickerEnable = true
06-03 15:39:30.985 1934 1934 I SogouIME: onKeyDown: keyoCode=20
06-03 15:39:30.985 1934 1934 I DefaultIMS: onKeyDown: keyoCode=20
06-03 15:39:30.997 1934 1934 I SogouIME: onKeyUp: keyoCode=20
06-03 15:39:30.998 1934 1934 I DefaultIMS: onKeyUp: keyoCode=20
06-03 15:39:31.003 1934 1934 I DefaultIMS: onStartInput attribute=android.view.inputmethod.EditorInfo@562a1e1 restarting=false inputType: 0
06-03 15:39:31.005 285 582 W AudioFlinger: createTrack_l(): mismatch between requested flags (00000004) and output flags (00000002)
06-03 15:39:31.012 285 582 D AF::TrackHandle: OpPlayAudio: track:59 usage:13 not muted
06-03 15:39:31.016 484 635 D AudioTrack: createTrack_l(13048945): AUDIO_OUTPUT_FLAG_FAST denied by server; frameCount 0 -> 147456
06-03 15:39:31.023 2499 2527 I OpenGLRenderer: Davey! duration=9223371981149ms; Flags=0, FrameTimelineVsyncId=1963, IntendedVsync=55704322473, Vsync=55770989137, InputEventId=786744693, HandleInputStart=55771930399, AnimationStart=55771934024, PerformTraversalsStart=55772203899, DrawStart=55773787524, FrameDeadline=55737655805, FrameInterval=55771917899, FrameStartTime=16666666, SyncQueued=55778140066, SyncStart=55778993358, IssueDrawCommandsStart=55780246941, SwapBuffers=55801241983, FrameCompleted=9223372036854775807, DequeueBufferDuration=41000, QueueBufferDuration=893000, GpuCompleted=9223372036854775807, SwapBuffersCompleted=55803921899, DisplayPresentTime=0,
06-03 15:39:31.040 2499 2527 I OpenGLRenderer: Davey! duration=9223371981058ms; Flags=0, FrameTimelineVsyncId=1966, IntendedVsync=55787654271, Vsync=55787654271, InputEventId=268447733, HandleInputStart=55788951274, AnimationStart=55788964149, PerformTraversalsStart=55788968441, DrawStart=55791559024, FrameDeadline=55820987603, FrameInterval=55788932274, FrameStartTime=16666666, SyncQueued=55795620233, SyncStart=55804184649, IssueDrawCommandsStart=55807324983, SwapBuffers=55812079733, FrameCompleted=9223372036854775807, DequeueBufferDuration=42250, QueueBufferDuration=1431334, GpuCompleted=9223372036854775807, SwapBuffersCompleted=55814424400, DisplayPresentTime=0,
06-03 15:39:31.160 484 844 D WifiNl80211Manager: Scan result ready event
06-03 15:39:31.160 484 844 D WifiNative: Scan result ready event
06-03 15:39:31.241 1043 1069 E ccc : cccccc led current is 100 标准
06-03 15:39:31.247 667 667 E WifiHAL : wifi_get_link_stats: requestResponse Error:-5
06-03 15:39:31.250 484 620 E WifiVendorHal: getWifiLinkLayerStats_1_5_Internal(l.1191) failed {.code = ERROR_INVALID_ARGS, .description = }
06-03 15:39:31.259 1043 1069 E ccc : cccccc led current is 100 标准
06-03 15:39:31.237 1043 1043 I Binder:1043_1: type=1400 audit(0.0:1088): avc: denied { open } for path="/dev/__properties__/u:object_r:vendor_default_prop:s0" dev="tmpfs" ino=1441 scontext=u:r:system_app:s0 tcontext=u:object_r:vendor_default_prop:s0 tclass=file permissive=1
06-03 15:39:31.237 1043 1043 I Binder:1043_1: type=1400 audit(0.0:1089): avc: denied { getattr } for path="/dev/__properties__/u:object_r:vendor_default_prop:s0" dev="tmpfs" ino=1441 scontext=u:r:system_app:s0 tcontext=u:object_r:vendor_default_prop:s0 tclass=file permissive=1
06-03 15:39:31.237 1043 1043 I Binder:1043_1: type=1400 audit(0.0:1090): avc: denied { map } for path="/dev/__properties__/u:object_r:vendor_default_prop:s0" dev="tmpfs" ino=1441 scontext=u:r:system_app:s0 tcontext=u:object_r:vendor_default_prop:s0 tclass=file permissive=1
06-03 15:39:31.313 2588 2588 I sh : type=1400 audit(0.0:1091): avc: denied { getattr } for path="/system/xbin/su" dev="dm-2" ino=3480 scontext=u:r:platform_app:s0:c512,c768 tcontext=u:object_r:su_exec:s0 tclass=file permissive=1
06-03 15:39:31.355 285 459 D AudioFlinger: mixer(0xef63bc40) throttle end: throttle time(6)
06-03 15:39:31.357 2499 2527 I OpenGLRenderer: Davey! duration=9223371980816ms; Flags=0, FrameTimelineVsyncId=1993, IntendedVsync=56037652646, Vsync=56037652646, InputEventId=0, HandleInputStart=56044501691, AnimationStart=56044504608, PerformTraversalsStart=56044514816, DrawStart=56081276025, FrameDeadline=56070985978, FrameInterval=56044490816, FrameStartTime=16666666, SyncQueued=56084908941, SyncStart=56085170858, IssueDrawCommandsStart=56086077316, SwapBuffers=56092867858, FrameCompleted=9223372036854775807, DequeueBufferDuration=64375, QueueBufferDuration=1353625, GpuCompleted=9223372036854775807, SwapBuffersCompleted=56114029441, DisplayPresentTime=0,
06-03 15:39:31.313 2588 2588 I sh : type=1400 audit(0.0:1092): avc: denied { execute } for name="su" dev="dm-2" ino=3480 scontext=u:r:platform_app:s0:c512,c768 tcontext=u:object_r:su_exec:s0 tclass=file permissive=1
06-03 15:39:31.341 2589 2589 I ls : type=1400 audit(0.0:1093): avc: denied { getattr } for path="/system/xbin/su" dev="dm-2" ino=3480 scontext=u:r:platform_app:s0:c512,c768 tcontext=u:object_r:su_exec:s0 tclass=file permissive=1
