05-30 08:38:34.293 484 484 I SystemServiceManager: Starting com.android.server.accessibility.AccessibilityManagerService$Lifecycle
05-30 08:38:34.302 484 484 D SystemServerTiming: StartAccessibilityManagerService took to complete: 8ms
05-30 08:38:34.302 484 484 I SystemServerTiming: MakeDisplayReady
05-30 08:38:34.302 319 319 D XiriService: check file name: /data/data/com.dangbei.lerad.screensaver/lib
05-30 08:38:34.302 319 319 D XiriService: check file name: /data/data/com.dangbei.lerad.screensaver/lib
05-30 08:38:34.302 319 319 D XiriService: check file name: /data/data/com.dangbei.lerad.screensaver/lib
05-30 08:38:34.302 319 319 D XiriService: check file name: /data/data/com.dangbei.lerad.screensaver/lib
05-30 08:38:34.304 484 484 W InputReader: Device sunxi-ir-uinput is associated with display ADISPLAY_ID_NONE.
05-30 08:38:34.305 484 484 W InputReader: Device sunxi-ir-uinput is associated with display ADISPLAY_ID_NONE.
05-30 08:38:34.305 484 484 I ActivityTaskManager: Config changes=20005df8 {1.0 ?mcc?mnc [zh_CN] ldltr sw720dp w1280dp h696dp 240dpi xlrg long land ?uimode ?night -touch qwerty/v/v dpad/v winConfig={ mBounds=Rect(0, 0 - 1920, 1080) mAppBounds=Rect(0, 0 - 1920, 1080) mMaxBounds=Rect(0, 0 - 1920, 1080) mWindowingMode=fullscreen mDisplayWindowingMode=fullscreen mActivityType=undefined mAlwaysOnTop=undefined mRotation=ROTATION_0} s.2 ?fontWeightAdjustment}
05-30 08:38:34.309 484 484 I WindowManager: Override config changes=60007dfc {1.0 ?mcc?mnc [zh_CN] ldltr sw720dp w1280dp h696dp 240dpi xlrg long land ?uimode ?night -touch qwerty/v/v dpad/v winConfig={ mBounds=Rect(0, 0 - 1920, 1080) mAppBounds=Rect(0, 0 - 1920, 1080) mMaxBounds=Rect(0, 0 - 1920, 1080) mWindowingMode=fullscreen mDisplayWindowingMode=fullscreen mActivityType=undefined mAlwaysOnTop=undefined mRotation=ROTATION_0} s.2 ?fontWeightAdjustment} for displayId=0
05-30 08:38:34.318 484 484 W InputReader: Device sunxi-ir-uinput is associated with display ADISPLAY_ID_NONE.
05-30 08:38:34.319 484 484 D SystemServerTiming: MakeDisplayReady took to complete: 16ms
05-30 08:38:34.319 484 484 I SystemServerTiming: StartStorageManagerService
05-30 08:38:34.319 484 484 I SystemServiceManager: Starting com.android.server.StorageManagerService$Lifecycle
05-30 08:38:34.324 484 533 I InputManager-JNI: Viewport [0] to add: local:0, isActive: false
05-30 08:38:34.326 484 609 I InputReader: Reconfiguring input devices, changes=DISPLAY_INFO |
05-30 08:38:34.332 360 603 D installd: Found quota mount /dev/block/by-name/userdata at /data
05-30 08:38:34.332 360 603 D installd: Found quota mount /dev/block/by-name/userdata at /data/user/0
01-01 08:00:19.505 1 1 I init : processing action (sys.sysctl.extra_free_kbytes=*) from (/system/etc/init/hw/init.rc:1139)
05-30 08:38:34.341 484 614 D StorageManagerService: Thinking about init, mBootCompleted=false, mDaemonConnected=true
05-30 08:38:34.342 484 614 D StorageManagerService: Thinking about reset, mBootCompleted=false, mDaemonConnected=true
05-30 08:38:34.342 484 614 D StorageManagerService: Thinking about init, mBootCompleted=false, mDaemonConnected=true
05-30 08:38:34.342 484 614 D StorageManagerService: Thinking about reset, mBootCompleted=false, mDaemonConnected=true
05-30 08:38:34.347 484 484 D SystemServerTiming: StartStorageManagerService took to complete: 28ms
05-30 08:38:34.347 484 484 I SystemServerTiming: StartStorageStatsService
05-30 08:38:34.347 484 484 I SystemServiceManager: Starting com.android.server.usage.StorageStatsService$Lifecycle
05-30 08:38:34.350 255 255 I Zygote : ...preloaded 7337 classes in 949ms.
05-30 08:38:34.351 255 255 D ZygoteInitTiming_lazy: PreloadClasses took to complete: 951ms
05-30 08:38:34.352 319 319 D XiriService: check file name: /data/data/com.android.wallpaperbackup/lib
05-30 08:38:34.352 319 319 D XiriService: check file name: /data/data/com.android.wallpaperbackup/lib
05-30 08:38:34.353 360 603 D installd: Found quota mount /dev/block/by-name/userdata at /data
05-30 08:38:34.353 360 603 D installd: Found quota mount /dev/block/by-name/userdata at /data/user/0
05-30 08:38:34.353 319 319 D XiriService: check file name: /data/data/com.android.wallpaperbackup/lib
05-30 08:38:34.353 319 319 D XiriService: check file name: /data/data/com.android.wallpaperbackup/lib
05-30 08:38:34.355 360 603 D installd: Found quota mount /dev/block/by-name/userdata at /data
05-30 08:38:34.355 360 603 D installd: Found quota mount /dev/block/by-name/userdata at /data/user/0
05-30 08:38:34.357 255 255 D ApplicationLoaders: Created zygote-cached class loader: /system/framework/android.hidl.base-V1.0-java.jar
05-30 08:38:34.359 484 484 D SystemServerTiming: StartStorageStatsService took to complete: 11ms
05-30 08:38:34.359 484 484 I SystemServerTiming: StartUiModeManager
05-30 08:38:34.359 484 484 I SystemServiceManager: Starting com.android.server.UiModeManagerService
05-30 08:38:34.361 319 319 D XiriService: check file name: /data/data/com.android.wallpaperbackup/lib
05-30 08:38:34.361 319 319 D XiriService: check file name: /data/data/com.android.wallpaperbackup/lib
05-30 08:38:34.361 319 319 D XiriService: check file name: /data/data/com.android.wallpaperbackup/lib
05-30 08:38:34.361 484 528 I SystemServerTimingAsync: InitThreadPoolExec:UiModeManager.onStart
05-30 08:38:34.361 484 528 D SystemServerInitThreadPool: Started executing UiModeManager.onStart
05-30 08:38:34.361 484 484 D SystemServerTiming: StartUiModeManager took to complete: 2ms
05-30 08:38:34.361 484 484 I SystemServerTiming: UpdatePackagesIfNeeded
05-30 08:38:34.361 484 484 I Watchdog: Pausing HandlerChecker: main thread for reason: dexopt. Pause count: 1
05-30 08:38:34.362 484 484 I Watchdog: Resuming HandlerChecker: main thread for reason: dexopt. Pause count: 0
05-30 08:38:34.362 484 484 D SystemServerTiming: UpdatePackagesIfNeeded took to complete: 0ms
05-30 08:38:34.362 484 484 I SystemServerTiming: PerformFstrimIfNeeded
05-30 08:38:34.362 484 484 D SystemServerTiming: PerformFstrimIfNeeded took to complete: 1ms
05-30 08:38:34.362 484 484 I SystemServerTiming: StartLockSettingsService
05-30 08:38:34.362 484 484 I SystemServiceManager: Starting com.android.server.locksettings.LockSettingsService$Lifecycle
05-30 08:38:34.363 255 255 D ApplicationLoaders: Created zygote-cached class loader: /system/framework/android.hidl.manager-V1.0-java.jar
05-30 08:38:34.370 255 255 D ApplicationLoaders: Created zygote-cached class loader: /system/framework/android.test.base.jar
05-30 08:38:34.371 255 255 D ZygoteInitTiming_lazy: CacheNonBootClasspathClassLoaders took to complete: 20ms
05-30 08:38:34.371 255 255 I Zygote : Preloading resources...
05-30 08:38:34.374 484 528 D SystemServerInitThreadPool: Finished executing UiModeManager.onStart
05-30 08:38:34.374 484 528 D SystemServerTimingAsync: InitThreadPoolExec:UiModeManager.onStart took to complete: 13ms
05-30 08:38:34.378 319 319 D XiriService: check file name: /data/data/com.android.providers.media.module/lib
05-30 08:38:34.378 319 319 D XiriService: check file name: /data/data/com.android.providers.media.module/lib
05-30 08:38:34.372 319 319 I xiriservice_All: type=1400 audit(0.0:322): avc: denied { search } for name="com.android.providers.media.module" dev="mmcblk0p25" ino=1259 scontext=u:r:init:s0 tcontext=u:object_r:privapp_data_file:s0:c74,c256,c512,c768 tclass=dir permissive=1
05-30 08:38:34.378 319 319 D XiriService: check file name: /data/data/com.android.providers.media.module/lib
05-30 08:38:34.372 319 319 I xiriservice_All: type=1400 audit(0.0:323): avc: denied { read } for name="lib" dev="mmcblk0p25" ino=33410 scontext=u:r:init:s0 tcontext=u:object_r:privapp_data_file:s0:c74,c256,c512,c768 tclass=lnk_file permissive=1
05-30 08:38:34.387 484 484 D SystemServerTiming: StartLockSettingsService took to complete: 24ms
05-30 08:38:34.387 484 484 I SystemServerTiming: StartPersistentDataBlock
05-30 08:38:34.387 484 484 I SystemServiceManager: Starting com.android.server.PersistentDataBlockService
05-30 08:38:34.387 319 319 D XiriService: check file name: /data/data/com.android.providers.media.module/lib
05-30 08:38:34.387 319 319 D XiriService: check file name: /data/data/com.android.providers.media.module/lib
05-30 08:38:34.388 484 588 I SystemServerTimingAsync: InitThreadPoolExec:PersistentDataBlockService.onStart
05-30 08:38:34.388 484 588 D SystemServerInitThreadPool: Started executing PersistentDataBlockService.onStart
05-30 08:38:34.388 319 319 D XiriService: check file name: /data/data/com.android.providers.media.module/lib
05-30 08:38:34.388 319 319 D XiriService: check file name: /data/data/com.android.providers.media.module/lib
05-30 08:38:34.389 484 484 D SystemServerTiming: StartPersistentDataBlock took to complete: 2ms
05-30 08:38:34.389 484 484 I SystemServerTiming: StartTestHarnessMode
05-30 08:38:34.389 484 484 I SystemServiceManager: Starting com.android.server.testharness.TestHarnessModeService
05-30 08:38:34.391 255 255 W Resources: Preloaded drawable resource #0x1080286 (android:drawable/dialog_background_material) that varies with configuration!!
05-30 08:38:34.390 484 484 D SystemServerTiming: StartTestHarnessMode took to complete: 1ms
05-30 08:38:34.393 484 484 I SystemServerTiming: StartOemLockService
05-30 08:38:34.397 319 319 D XiriService: check file name: /data/data/com.oranth.storage/lib
05-30 08:38:34.393 484 484 I SystemServiceManager: Starting com.android.server.oemlock.OemLockService
05-30 08:38:34.403 193 193 I hwservicemanager: getTransport: Cannot find entry android.hardware.oemlock@1.0::IOemLock/default in either framework or device VINTF manifest.
05-30 08:38:34.403 484 484 I OemLock : OemLock HAL not present on device
05-30 08:38:34.404 484 484 I OemLock : Using persistent data block based lock
05-30 08:38:34.405 319 319 D XiriService: check file name: /data/data/com.oranth.storage/lib
05-30 08:38:34.405 484 484 D SystemServerTiming: StartOemLockService took to complete: 13ms
05-30 08:38:34.405 484 484 I SystemServerTiming: StartDeviceIdleController
05-30 08:38:34.405 484 484 I SystemServiceManager: Starting com.android.server.DeviceIdleController
05-30 08:38:34.406 319 319 D XiriService: check file name: /data/data/com.oranth.storage/lib
05-30 08:38:34.411 484 588 D SystemServerInitThreadPool: Finished executing PersistentDataBlockService.onStart
05-30 08:38:34.411 484 588 D SystemServerTimingAsync: InitThreadPoolExec:PersistentDataBlockService.onStart took to complete: 24ms
05-30 08:38:34.411 484 484 D SystemServerTiming: StartDeviceIdleController took to complete: 6ms
05-30 08:38:34.411 484 484 I SystemServerTiming: StartDevicePolicyManager
05-30 08:38:34.411 484 484 I SystemServiceManager: Starting com.android.server.devicepolicy.DevicePolicyManagerService$Lifecycle
05-30 08:38:34.422 319 319 D XiriService: check file name: /data/data/com.dangbei.haqusetting/lib
05-30 08:38:34.422 319 319 D XiriService: check file name: /data/data/com.dangbei.haqusetting/lib
05-30 08:38:34.423 319 319 D XiriService: check file name: /data/data/com.dangbei.haqusetting/lib
05-30 08:38:34.426 484 484 D SystemServerTiming: StartDevicePolicyManager took to complete: 15ms
05-30 08:38:34.427 484 484 I SystemServerTiming: StartStatusBarManagerService
05-30 08:38:34.428 484 484 D SystemServerTiming: StartStatusBarManagerService took to complete: 1ms
05-30 08:38:34.428 484 484 D SystemServer: MusicRecognitionManagerService not defined by OEM or disabled by flag
05-30 08:38:34.430 484 484 D SystemServer: ContentCaptureService disabled because resource is not overlaid
05-30 08:38:34.430 484 484 D SystemServer: AttentionService is not configured on this device
05-30 08:38:34.430 319 319 D XiriService: check file name: /data/data/com.dangbei.haqusetting/lib
05-30 08:38:34.430 319 319 D XiriService: check file name: /data/data/com.dangbei.haqusetting/lib
05-30 08:38:34.430 484 484 D SystemServer: RotationResolverService is not configured on this device
05-30 08:38:34.430 484 484 D SystemServer: SystemCaptionsManagerService disabled because resource is not overlaid
05-30 08:38:34.430 484 484 I SystemServerTiming: StartTextToSpeechManagerService
05-30 08:38:34.430 484 484 I SystemServiceManager: Starting com.android.server.texttospeech.TextToSpeechManagerService
05-30 08:38:34.431 319 319 D XiriService: check file name: /data/data/com.dangbei.haqusetting/lib
05-30 08:38:34.433 484 484 D SystemServerTiming: StartTextToSpeechManagerService took to complete: 3ms
05-30 08:38:34.433 484 484 I SystemServerTiming: StartSpeechRecognitionManagerService
05-30 08:38:34.435 484 484 I SystemServiceManager: Starting com.android.server.speech.SpeechRecognitionManagerService
05-30 08:38:34.436 255 255 I Zygote : ...preloaded 64 resources in 65ms.
05-30 08:38:34.438 484 484 D SystemServerTiming: StartSpeechRecognitionManagerService took to complete: 5ms
05-30 08:38:34.439 484 484 D SystemServer: AppPredictionService not defined by OEM
05-30 08:38:34.439 484 484 D SystemServer: ContentSuggestionsService not defined by OEM
05-30 08:38:34.439 484 484 I SystemServerTiming: StartSearchUiService
05-30 08:38:34.440 484 484 I SystemServiceManager: Starting com.android.server.searchui.SearchUiManagerService
05-30 08:38:34.442 484 484 D SystemServerTiming: StartSearchUiService took to complete: 3ms
05-30 08:38:34.442 484 484 I SystemServerTiming: StartSmartspaceService
05-30 08:38:34.443 484 484 I SystemServiceManager: Starting com.android.server.smartspace.SmartspaceManagerService
05-30 08:38:34.445 484 484 D SystemServerTiming: StartSmartspaceService took to complete: 3ms
05-30 08:38:34.445 484 484 I SystemServerTiming: InitConnectivityModuleConnector
05-30 08:38:34.445 484 484 D ConnectivityModuleConnector: Network stack init
05-30 08:38:34.446 319 319 D XiriService: check file name: /data/data/com.softwinner.miracastReceiver/lib
05-30 08:38:34.446 319 319 D XiriService: check file name: /data/data/com.softwinner.miracastReceiver/lib
05-30 08:38:34.446 319 319 D XiriService: check file name: /data/data/com.softwinner.miracastReceiver/lib
05-30 08:38:34.447 255 255 I Zygote : ...preloaded 41 resources in 11ms.
05-30 08:38:34.448 255 255 D ZygoteInitTiming_lazy: PreloadResources took to complete: 77ms
05-30 08:38:34.453 484 484 D SystemServerTiming: InitConnectivityModuleConnector took to complete: 8ms
05-30 08:38:34.453 484 484 I SystemServerTiming: InitNetworkStackClient
05-30 08:38:34.455 484 484 D SystemServerTiming: InitNetworkStackClient took to complete: 1ms
05-30 08:38:34.455 484 484 I SystemServerTiming: StartNetworkManagementService
05-30 08:38:34.455 319 319 D XiriService: check file name: /data/data/com.softwinner.miracastReceiver/lib
05-30 08:38:34.455 319 319 D XiriService: check file name: /data/data/com.softwinner.miracastReceiver/lib
05-30 08:38:34.456 319 319 D XiriService: check file name: /data/data/com.softwinner.miracastReceiver/lib
05-30 08:38:34.456 319 319 D XiriService: check file name: /data/data/com.softwinner.miracastReceiver/lib
05-30 08:38:34.462 319 319 D XiriService: check file name: /data/data/com.android.bluetooth/lib
05-30 08:38:34.456 319 319 I xiriservice_All: type=1400 audit(0.0:324): avc: denied { read } for name="lib" dev="mmcblk0p25" ino=33418 scontext=u:r:init:s0 tcontext=u:object_r:bluetooth_data_file:s0 tclass=lnk_file permissive=1
05-30 08:38:34.462 319 319 D XiriService: check file name: /data/data/com.android.bluetooth/lib
05-30 08:38:34.463 254 254 I netd : registerUnsolicitedEventListener() <0.09ms>
05-30 08:38:34.463 319 319 D XiriService: check file name: /data/data/com.android.bluetooth/lib
05-30 08:38:34.464 484 484 D SystemServerTiming: StartNetworkManagementService took to complete: 9ms
05-30 08:38:34.464 484 484 I SystemServerTiming: StartIpSecService
05-30 08:38:34.469 319 319 D XiriService: check file name: /data/data/com.android.bluetooth/lib
05-30 08:38:34.469 319 319 D XiriService: check file name: /data/data/com.android.bluetooth/lib
05-30 08:38:34.469 484 484 D SystemServerTiming: StartIpSecService took to complete: 5ms
05-30 08:38:34.470 484 484 I SystemServerTiming: StartTextServicesManager
05-30 08:38:34.470 319 319 D XiriService: check file name: /data/data/com.android.bluetooth/lib
05-30 08:38:34.470 484 528 I SystemServerTimingAsync: InitThreadPoolExec:START_FONT_MANAGER_SERVICE
05-30 08:38:34.470 484 528 D SystemServerInitThreadPool: Started executing START_FONT_MANAGER_SERVICE
05-30 08:38:34.470 484 528 I SystemServerTimingAsync: START_FONT_MANAGER_SERVICE
05-30 08:38:34.470 319 319 D XiriService: check file name: /data/data/com.android.bluetooth/lib
05-30 08:38:34.470 484 484 I SystemServiceManager: Starting com.android.server.textservices.TextServicesManagerService$Lifecycle
05-30 08:38:34.472 484 484 D SystemServerTiming: StartTextServicesManager took to complete: 2ms
05-30 08:38:34.472 484 484 I SystemServerTiming: StartTextClassificationManagerService
05-30 08:38:34.472 484 484 I SystemServiceManager: Starting com.android.server.textclassifier.TextClassificationManagerService$Lifecycle
05-30 08:38:34.475 484 484 D SystemServerTiming: StartTextClassificationManagerService took to complete: 3ms
05-30 08:38:34.475 484 484 I SystemServerTiming: StartNetworkScoreService
05-30 08:38:34.475 255 255 D libEGL : loaded /vendor/lib/egl/libGLES_mali.so
05-30 08:38:34.475 484 484 I SystemServiceManager: Starting com.android.server.NetworkScoreService$Lifecycle
05-30 08:38:34.476 484 484 I NetworkScoreService: Registering network_score
05-30 08:38:34.478 484 484 D SystemServerTiming: StartNetworkScoreService took to complete: 3ms
05-30 08:38:34.478 484 484 I SystemServerTiming: StartNetworkStatsService
05-30 08:38:34.485 484 484 D SystemServerTiming: StartNetworkStatsService took to complete: 7ms
05-30 08:38:34.485 484 484 I SystemServerTiming: StartNetworkPolicyManagerService
05-30 08:38:34.496 484 484 D SystemServerTiming: StartNetworkPolicyManagerService took to complete: 11ms
05-30 08:38:34.496 484 484 I SystemServerTiming: StartWifi
05-30 08:38:34.508 484 579 D SystemServerTimingAsync: AppDataPrepare took to complete: 1527ms
05-30 08:38:34.508 484 579 I PackageManager: Deferred reconcileAppsData finished 99 packages
05-30 08:38:34.508 484 579 D SystemServerInitThreadPool: Finished executing prepareAppData
05-30 08:38:34.508 484 579 D SystemServerTimingAsync: InitThreadPoolExec:prepareAppData took to complete: 1681ms
05-30 08:38:34.539 484 484 I SystemServiceManager: Starting com.android.server.wifi.WifiService
05-30 08:38:34.570 484 484 I WifiContext: Found Wifi Resources APK at: com.android.wifi.resources
05-30 08:38:34.582 255 255 I Zygote : Preloading shared libraries...
05-30 08:38:34.584 484 484 V NetworkScoreManager: registerNetworkScoreCallback: callback=com.android.server.wifi.WifiNetworkScoreCache@cc8d3ff, executor=com.android.wifi.x.android.os.HandlerExecutor@85425cc
05-30 08:38:34.590 255 255 I Zygote : Called ZygoteHooks.endPreload()
05-30 08:38:34.591 255 255 I Zygote : Installed AndroidKeyStoreProvider in 1ms.
05-30 08:38:34.605 255 255 I Zygote : Warmed up JCA providers in 13ms.
05-30 08:38:34.605 255 255 D Zygote : end preload
05-30 08:38:34.605 484 537 D SystemServerTimingAsync: SecondaryZygotePreload took to complete: 1386ms
05-30 08:38:34.605 484 537 D SystemServerInitThreadPool: Finished executing SecondaryZygotePreload
05-30 08:38:34.605 484 537 D SystemServerTimingAsync: InitThreadPoolExec:SecondaryZygotePreload took to complete: 1386ms
05-30 08:38:34.606 484 484 D ScanMetrics: Settings package: com.android.tv.settings
05-30 08:38:34.607 484 484 E ScanMetrics: Can't get GMS uid
05-30 08:38:34.624 484 484 I WifiCoexManager: Default coex algorithm is disabled.
05-30 08:38:34.648 388 388 I update_engine: [INFO:cleanup_previous_update_action.cc(112)] Executing task 4
05-30 08:38:34.651 388 388 I update_engine: [INFO:cleanup_previous_update_action.cc(124)] CleanupPreviousUpdateAction scheduled task ID 5 for WaitBootCompleted
05-30 08:38:34.674 484 484 D WifiOpenNetworkNotifier: Settings toggle enabled=true
05-30 08:38:34.684 484 484 D WifiNl80211Manager: registerCountryCodeEventListener called
05-30 08:38:34.685 378 378 I wificond: New wificond event callback registered
05-30 08:38:34.685 484 484 D WifiCountryCode: Default country code from system property ro.boot.wificountrycode is CN
05-30 08:38:34.692 484 484 D WakeupController: WifiWake enabled
05-30 08:38:34.695 484 484 V HistoricalRegistry: Interaction before persistence initialized
05-30 08:38:34.709 484 484 I WifiService: Registering wifi
05-30 08:38:34.710 484 484 D SystemServerTiming: StartWifi took to complete: 214ms
05-30 08:38:34.710 484 484 I SystemServerTiming: StartWifiScanning
05-30 08:38:34.711 484 484 I SystemServiceManager: Starting com.android.server.wifi.scanner.WifiScanningService
05-30 08:38:34.711 484 484 I WifiScanningService: Creating wifiscanner
05-30 08:38:34.716 484 484 I WifiScanningService: Publishing wifiscanner
05-30 08:38:34.718 484 484 D SystemServerTiming: StartWifiScanning took to complete: 8ms
05-30 08:38:34.718 484 484 I SystemServerTiming: StartWifiP2P
05-30 08:38:34.719 484 484 I SystemServiceManager: Starting com.android.server.wifi.p2p.WifiP2pService
05-30 08:38:34.727 484 484 I WifiP2pService: Registering wifip2p
05-30 08:38:34.728 484 484 D SystemServerTiming: StartWifiP2P took to complete: 10ms
05-30 08:38:34.728 484 484 I SystemServerTiming: StartEthernet
05-30 08:38:34.729 484 484 I system_server: Waiting for a blocking GC ClassLinker
05-30 08:38:34.752 484 502 I system_server: Background young concurrent copying GC freed 77201(4357KB) AllocSpace objects, 40(1324KB) LOS objects, 42% free, 7599KB/12MB, paused 376us total 122.028ms
05-30 08:38:34.752 484 484 I system_server: WaitForGcToComplete blocked ClassLinker on Background for 23.567ms
05-30 08:38:34.753 484 484 I SystemServiceManager: Starting com.android.server.ethernet.EthernetService
05-30 08:38:34.754 484 484 I EthernetService: Registering service ethernet
05-30 08:38:34.755 484 484 D SystemServerTiming: StartEthernet took to complete: 27ms
05-30 08:38:34.755 484 484 I SystemServerTiming: StartPacProxyService
05-30 08:38:34.759 484 528 D SystemServerTimingAsync: START_FONT_MANAGER_SERVICE took to complete: 289ms
05-30 08:38:34.759 484 528 D SystemServerInitThreadPool: Finished executing START_FONT_MANAGER_SERVICE
05-30 08:38:34.759 484 528 D SystemServerTimingAsync: InitThreadPoolExec:START_FONT_MANAGER_SERVICE took to complete: 289ms
05-30 08:38:34.760 484 484 D SystemServerTiming: StartPacProxyService took to complete: 5ms
05-30 08:38:34.760 484 484 I SystemServerTiming: StartPppoe
05-30 08:38:34.761 484 484 I SystemServiceManager: Starting com.android.server.pppoe.PppoeService
05-30 08:38:34.762 484 484 I PppoeServiceImpl: Creating PppoeServiceImpl
05-30 08:38:34.776 484 484 I PppoeService: Registering service pppoe
05-30 08:38:34.777 484 484 D SystemServerTiming: StartPppoe took to complete: 17ms
05-30 08:38:34.777 484 484 I SystemServerTiming: StartConnectivityService
05-30 08:38:34.793 484 484 I SystemServiceManager: Starting com.android.server.ConnectivityServiceInitializer
05-30 08:38:34.812 484 484 D ConnectivityService: ConnectivityService starting up
05-30 08:38:34.816 484 484 D pppoeNRI:: uid/pid:1000/484 activeRequest: null callbackRequest: 5 [NetworkRequest [ REQUEST id=5, [ Transports: PPPOE Capabilities: INTERNET&NOT_RESTRICTED&TRUSTED&NOT_VPN&NOT_VCN_MANAGED RequestorUid: 1000 RequestorPkg: android] ]] callback flags: 1 priority: 2147483647
05-30 08:38:34.820 484 484 E TAG : Exception = android.content.pm.PackageManager$NameNotFoundException: android.telephony.cts
05-30 08:38:34.820 484 484 E TAG : Exception = android.content.pm.PackageManager$NameNotFoundException: android.net.cts
05-30 08:38:34.828 254 254 I netd : registerUnsolicitedEventListener() <0.04ms>
05-30 08:38:34.840 484 484 D CompatibilityChangeReporter: Compat change id reported: 182478738; UID 1000; state: ENABLED
05-30 08:38:34.847 484 484 I ConnectivityServiceInitializer: Registering connectivity
05-30 08:38:34.849 484 484 D SystemServerTiming: StartConnectivityService took to complete: 72ms
05-30 08:38:34.849 484 484 I SystemServerTiming: StartVpnManagerService
05-30 08:38:34.852 484 484 D VpnManagerService: VpnManagerService starting up
05-30 08:38:34.853 484 484 D SystemServerTiming: StartVpnManagerService took to complete: 3ms
05-30 08:38:34.853 484 484 I SystemServerTiming: StartVcnManagementService
05-30 08:38:34.857 484 484 D SystemServerTiming: StartVcnManagementService took to complete: 4ms
05-30 08:38:34.857 484 484 I SystemServerTiming: StartNsdService
05-30 08:38:34.858 484 484 D NsdService: Network service discovery is enabled
05-30 08:38:34.860 484 484 D SystemServerTiming: StartNsdService took to complete: 4ms
05-30 08:38:34.860 484 484 I SystemServerTiming: StartSystemUpdateManagerService
05-30 08:38:34.861 484 484 I SystemUpdateManagerService: No existing info file /data/system/system-update-info.xml
05-30 08:38:34.861 484 484 D SystemServerTiming: StartSystemUpdateManagerService took to complete: 1ms
05-30 08:38:34.861 484 484 I SystemServerTiming: StartUpdateLockService
05-30 08:38:34.862 484 484 D SystemServerTiming: StartUpdateLockService took to complete: 1ms
05-30 08:38:34.862 484 484 I SystemServerTiming: StartNotificationManager
05-30 08:38:34.862 484 484 I SystemServiceManager: Starting com.android.server.notification.NotificationManagerService
05-30 08:38:34.874 484 484 D ConditionProviders.SCP: new ScheduleConditionProvider()
05-30 08:38:34.890 484 484 I NotificationAssistants: Read notification assistant permissions from xml
05-30 08:38:34.890 484 484 I ConditionProviders: Read condition provider permissions from xml
05-30 08:38:34.890 484 484 I ConditionProviders: Read condition provider permissions from xml
05-30 08:38:34.890 484 484 D NotificationAssistants: Approving default notification assistant for user 0
05-30 08:38:34.891 484 484 I ConditionProviders: Allowing condition provider android.ext.services/android.ext.services.notification.Assistant (userSet: true)
05-30 08:38:34.893 484 484 D CompatibilityChangeReporter: Compat change id reported: 147600208; UID 1000; state: ENABLED
05-30 08:38:34.894 484 484 D CompatibilityChangeReporter: Compat change id reported: 157233955; UID 1000; state: ENABLED
05-30 08:38:34.900 484 484 D SystemServerTiming: StartNotificationManager took to complete: 38ms
05-30 08:38:34.900 484 484 I SystemServerTiming: StartDeviceMonitor
05-30 08:38:34.900 484 484 I SystemServiceManager: Starting com.android.server.storage.DeviceStorageMonitorService
05-30 08:38:34.902 484 484 D SystemServerTiming: StartDeviceMonitor took to complete: 2ms
05-30 08:38:34.902 484 484 I SystemServerTiming: StartLocationManagerService
05-30 08:38:34.902 484 484 I SystemServiceManager: Starting com.android.server.location.LocationManagerService$Lifecycle
05-30 08:38:34.908 484 484 D SystemServerTiming: StartLocationManagerService took to complete: 6ms
05-30 08:38:34.908 484 484 I SystemServerTiming: StartCountryDetectorService
05-30 08:38:34.909 484 484 D SystemServerTiming: StartCountryDetectorService took to complete: 1ms
05-30 08:38:34.909 484 484 I SystemServerTiming: StartTimeDetectorService
05-30 08:38:34.909 484 484 I SystemServiceManager: Starting com.android.server.timedetector.TimeDetectorService$Lifecycle
05-30 08:38:34.911 484 484 D SystemServerTiming: StartTimeDetectorService took to complete: 2ms
05-30 08:38:34.911 484 484 I SystemServerTiming: StartTimeZoneDetectorService
05-30 08:38:34.911 484 484 I SystemServiceManager: Starting com.android.server.timezonedetector.TimeZoneDetectorService$Lifecycle
05-30 08:38:34.913 484 484 D SystemServerTiming: StartTimeZoneDetectorService took to complete: 2ms
05-30 08:38:34.913 484 484 I SystemServerTiming: StartLocationTimeZoneManagerService
05-30 08:38:34.913 484 484 I SystemServiceManager: Starting com.android.server.timezonedetector.location.LocationTimeZoneManagerService$Lifecycle
05-30 08:38:34.914 484 484 D SystemServerTiming: StartLocationTimeZoneManagerService took to complete: 1ms
05-30 08:38:34.914 484 484 I SystemServerTiming: StartSearchManagerService
05-30 08:38:34.914 484 484 I SystemServiceManager: Starting com.android.server.search.SearchManagerService$Lifecycle
05-30 08:38:34.916 484 484 D SystemServerTiming: StartSearchManagerService took to complete: 2ms
05-30 08:38:34.916 484 484 I SystemServerTiming: StartWallpaperManagerService
05-30 08:38:34.916 484 484 I SystemServiceManager: Starting com.android.server.wallpaper.WallpaperManagerService$Lifecycle
05-30 08:38:34.917 484 484 D SystemServerTiming: StartWallpaperManagerService took to complete: 1ms
05-30 08:38:34.917 484 484 I SystemServerTiming: StartAudioService
05-30 08:38:34.917 484 484 I SystemServiceManager: Starting com.android.server.audio.AudioService$Lifecycle
05-30 08:38:34.931 484 484 I android_os_HwBinder: HwBinder: Starting thread pool for getting: android.hidl.manager@1.0::IServiceManager/default
05-30 08:38:34.936 285 459 W AudioFlinger: no wake lock to update, system not ready yet
05-30 08:38:34.940 285 285 D PermissionCache: checking android.permission.MODIFY_AUDIO_ROUTING for uid=1000 => granted (1060 us)
05-30 08:38:34.950 285 455 D PermissionCache: checking android.permission.MODIFY_AUDIO_SETTINGS for uid=1000 => granted (135 us)
05-30 08:38:34.954 285 455 D AudioFlinger: isLowRamDevice:false totalMemory:2055442432 mClientSharedHeapSize:4194304
05-30 08:38:34.955 484 484 D SystemServerTiming: StartAudioService took to complete: 38ms
05-30 08:38:34.955 484 484 I SystemServerTiming: StartSoundTriggerMiddlewareService
05-30 08:38:34.955 484 484 I SystemServiceManager: Starting com.android.server.soundtrigger_middleware.SoundTriggerMiddlewareService$Lifecycle
05-30 08:38:34.957 484 484 D SoundTriggerMiddlewareService: Connecting to default ISoundTriggerHw
05-30 08:38:34.958 193 193 I hwservicemanager: getTransport: Cannot find entry android.hardware.soundtrigger@2.0::ISoundTriggerHw/default in either framework or device VINTF manifest.
05-30 08:38:34.961 484 484 E SoundTriggerMiddlewareImpl: Failed to add a SoundTriggerModule instance
05-30 08:38:34.961 484 484 E SoundTriggerMiddlewareImpl: java.util.NoSuchElementException
05-30 08:38:34.961 484 484 E SoundTriggerMiddlewareImpl: at android.os.HwBinder.getService(Native Method)
05-30 08:38:34.961 484 484 E SoundTriggerMiddlewareImpl: at android.hardware.soundtrigger.V2_0.ISoundTriggerHw.getService(ISoundTriggerHw.java:57)
05-30 08:38:34.961 484 484 E SoundTriggerMiddlewareImpl: at android.hardware.soundtrigger.V2_0.ISoundTriggerHw.getService(ISoundTriggerHw.java:64)
05-30 08:38:34.961 484 484 E SoundTriggerMiddlewareImpl: at com.android.server.soundtrigger_middleware.SoundTriggerMiddlewareService$Lifecycle.lambda$onStart$0(SoundTriggerMiddlewareService.java:238)
05-30 08:38:34.961 484 484 E SoundTriggerMiddlewareImpl: at com.android.server.soundtrigger_middleware.SoundTriggerMiddlewareService$Lifecycle$$ExternalSyntheticLambda0.create(Unknown Source:0)
05-30 08:38:34.961 484 484 E SoundTriggerMiddlewareImpl: at com.android.server.soundtrigger_middleware.SoundTriggerModule.attachToHal(SoundTriggerModule.java:222)
05-30 08:38:34.961 484 484 E SoundTriggerMiddlewareImpl: at com.android.server.soundtrigger_middleware.SoundTriggerModule.(SoundTriggerModule.java:112)
05-30 08:38:34.961 484 484 E SoundTriggerMiddlewareImpl: at com.android.server.soundtrigger_middleware.SoundTriggerMiddlewareImpl.(SoundTriggerMiddlewareImpl.java:89)
05-30 08:38:34.961 484 484 E SoundTriggerMiddlewareImpl: at com.android.server.soundtrigger_middleware.SoundTriggerMiddlewareService$Lifecycle.onStart(SoundTriggerMiddlewareService.java:244)
05-30 08:38:34.961 484 484 E SoundTriggerMiddlewareImpl: at com.android.server.SystemServiceManager.startService(SystemServiceManager.java:205)
05-30 08:38:34.961 484 484 E SoundTriggerMiddlewareImpl: at com.android.server.SystemServiceManager.startService(SystemServiceManager.java:192)
05-30 08:38:34.961 484 484 E SoundTriggerMiddlewareImpl: at com.android.server.SystemServer.startOtherServices(SystemServer.java:2161)
05-30 08:38:34.961 484 484 E SoundTriggerMiddlewareImpl: at com.android.server.SystemServer.run(SystemServer.java:928)
05-30 08:38:34.961 484 484 E SoundTriggerMiddlewareImpl: at com.android.server.SystemServer.main(SystemServer.java:628)
05-30 08:38:34.961 484 484 E SoundTriggerMiddlewareImpl: at java.lang.reflect.Method.invoke(Native Method)
05-30 08:38:34.961 484 484 E SoundTriggerMiddlewareImpl: at com.android.internal.os.RuntimeInit$MethodAndArgsCaller.run(RuntimeInit.java:548)
05-30 08:38:34.961 484 484 E SoundTriggerMiddlewareImpl: at com.android.internal.os.ZygoteInit.main(ZygoteInit.java:1160)
05-30 08:38:34.964 285 455 I CaptureStateNotifier: Registering a listener
05-30 08:38:34.966 484 643 I SoundTriggerMiddlewareLogging: setCaptureState[this=com.android.server.soundtrigger_middleware.SoundTriggerMiddlewareImpl@8a6d2ba, client=null](false)
05-30 08:38:34.966 484 484 D SystemServerTiming: StartSoundTriggerMiddlewareService took to complete: 11ms
05-30 08:38:34.966 484 484 I SystemServerTiming: StartDockObserver
05-30 08:38:34.966 484 484 I SystemServiceManager: Starting com.android.server.DockObserver
05-30 08:38:34.967 484 484 W DockObserver: This kernel does not have dock station support
05-30 08:38:34.968 484 484 D SystemServerTiming: StartDockObserver took to complete: 2ms
05-30 08:38:34.968 484 484 I SystemServerTiming: StartWiredAccessoryManager
05-30 08:38:34.969 484 484 I SystemServer: Audio device manager Observer
05-30 08:38:34.969 484 484 E Environment: Path requests must specify a user by using UserEnvironment
05-30 08:38:34.969 484 484 E Environment: java.lang.Throwable
05-30 08:38:34.969 484 484 E Environment: at android.os.Environment.throwIfUserRequired(Environment.java:1449)
05-30 08:38:34.969 484 484 E Environment: at android.os.Environment.getExternalStorageDirectory(Environment.java:707)
05-30 08:38:34.969 484 484 E Environment: at com.android.server.SystemServer.startOtherServices(SystemServer.java:2192)
05-30 08:38:34.969 484 484 E Environment: at com.android.server.SystemServer.run(SystemServer.java:928)
05-30 08:38:34.969 484 484 E Environment: at com.android.server.SystemServer.main(SystemServer.java:628)
05-30 08:38:34.969 484 484 E Environment: at java.lang.reflect.Method.invoke(Native Method)
05-30 08:38:34.969 484 484 E Environment: at com.android.internal.os.RuntimeInit$MethodAndArgsCaller.run(RuntimeInit.java:548)
05-30 08:38:34.969 484 484 E Environment: at com.android.internal.os.ZygoteInit.main(ZygoteInit.java:1160)
05-30 08:38:34.970 484 484 W StorageManagerService: No primary storage defined yet; hacking together a stub
05-30 08:38:34.973 484 547 I DropBoxManagerService: add tag=system_server_wtf isTagEnabled=true flags=0x2
05-30 08:38:34.983 484 484 W system_server: ClassLoaderContext parent mismatch. (PCL[] | PCL[];PCL[/system/framework/com.android.location.provider.jar*3633238673:/system/framework/services.jar*324275400:/system/framework/services.jar!classes2.dex*4169108402:/system/framework/ethernet-service.jar*655162001:/system/framework/pppoe-service.jar*2082030846:/apex/com.android.appsearch/javalib/service-appsearch.jar*4100577803:/apex/com.android.media/javalib/service-media-s.jar*3881732923:/apex/com.android.permission/javalib/service-permission.jar*62506796])
05-30 08:38:34.989 484 484 D DisplayOutputManager: ro.build.characteristics=homlet
05-30 08:38:34.991 192 192 E SELinux : avc: denied { find } for pid=484 uid=1000 name=vendor.display.output.IDisplayOutputManager/default scontext=u:r:system_server:s0 tcontext=u:object_r:hal_awdisplayoutput_service:s0 tclass=service_manager permissive=1
05-30 08:38:34.991 192 192 I servicemanager: Found vendor.display.output.IDisplayOutputManager/default in device VINTF manifest.
05-30 08:38:34.993 484 484 D HomletDisplayOutputManager: get IDisplayOutputManager service success
05-30 08:38:34.993 484 484 D AudioManagerEx: AudioManagerEx
05-30 08:38:34.993 484 484 D AudioDeviceManagerObserver: AudioDeviceManagerObserver construct
05-30 08:38:34.993 484 484 D SystemServerTiming: StartWiredAccessoryManager took to complete: 25ms
05-30 08:38:34.993 484 484 I SystemServerTiming: StartMidiManager
05-30 08:38:34.993 484 484 I SystemServiceManager: Starting com.android.server.midi.MidiService$Lifecycle
05-30 08:38:34.995 484 484 D SystemServerTiming: StartMidiManager took to complete: 2ms
05-30 08:38:34.995 484 484 I SystemServerTiming: StartAdbService
05-30 08:38:34.995 484 484 I SystemServiceManager: Starting com.android.server.adb.AdbService$Lifecycle
05-30 08:38:34.997 484 484 D SystemServerTiming: StartAdbService took to complete: 2ms
05-30 08:38:34.998 484 484 I SystemServerTiming: StartUsbService
05-30 08:38:34.998 484 484 I SystemServiceManager: Starting com.android.server.usb.UsbService$Lifecycle
05-30 08:38:34.998 484 484 D SystemServerTiming: StartUsbService took to complete: 1ms
05-30 08:38:34.998 484 484 I SystemServerTiming: StartSerialService
05-30 08:38:34.998 484 588 I SystemServerTimingAsync: InitThreadPoolExec:UsbService$Lifecycle#onStart
05-30 08:38:34.998 484 588 D SystemServerInitThreadPool: Started executing UsbService$Lifecycle#onStart
05-30 08:38:34.999 484 484 D SystemServerTiming: StartSerialService took to complete: 1ms
05-30 08:38:34.999 484 484 I SystemServerTiming: StartHardwarePropertiesManagerService
05-30 08:38:35.001 193 193 I hwservicemanager: getTransport: Cannot find entry android.hardware.thermal@1.0::IThermal/default in either framework or device VINTF manifest.
05-30 08:38:35.001 484 484 E HardwarePropertiesManagerService-JNI: Unable to get Thermal service.
05-30 08:38:35.002 484 484 D SystemServerTiming: StartHardwarePropertiesManagerService took to complete: 3ms
05-30 08:38:35.002 484 484 I SystemServerTiming: StartTwilightService
05-30 08:38:35.002 484 484 I SystemServiceManager: Starting com.android.server.twilight.TwilightService
05-30 08:38:35.002 484 484 D SystemServerTiming: StartTwilightService took to complete: 0ms
05-30 08:38:35.002 484 484 I SystemServerTiming: StartColorDisplay
05-30 08:38:35.002 484 484 I SystemServiceManager: Starting com.android.server.display.color.ColorDisplayService
05-30 08:38:35.003 484 588 E UsbDeviceManager: failed to write to /sys/class/android_usb/android0/f_rndis/ethaddr
05-30 08:38:35.004 484 484 D SystemServerTiming: StartColorDisplay took to complete: 2ms
05-30 08:38:35.004 484 484 I SystemServerTiming: StartJobScheduler
05-30 08:38:35.005 484 484 I SystemServiceManager: Starting com.android.server.job.JobSchedulerService
05-30 08:38:35.007 484 588 I android_os_HwBinder: HwBinder: Starting thread pool for getting: android.hardware.usb.gadget@1.0::IUsbGadget/default
05-30 08:38:35.010 484 484 D JobStore: Start tag: job-info
05-30 08:38:35.014 484 484 W JobStore: Periodic job for uid='10057' persisted run-time is too big [103:06:12, 103:16:12]. Clamping to [15:17,25:17]
05-30 08:38:35.015 484 484 W JobStore: Periodic job for uid='10057' persisted run-time is too big [122:16:12, 147:16:12]. Clamping to [25:00:17,50:00:17]
05-30 08:38:35.016 484 484 W JobStore: Periodic job for uid='1000' persisted run-time is too big [121:16:12, 145:16:12]. Clamping to [24:00:17,48:00:17]
05-30 08:38:35.016 484 484 I JobStore: Read 5 jobs
01-01 08:00:20.190 588 588 I : read descriptors
01-01 08:00:20.194 588 588 I : read strings
01-01 08:00:20.198 588 588 I : read descriptors
05-30 08:38:35.021 484 627 D ConnectivityService: NetReassign [no changes]
05-30 08:38:35.023 484 484 V HistoricalRegistry: Interaction before persistence initialized
05-30 08:38:35.024 484 484 V HistoricalRegistry: Interaction before persistence initialized
05-30 08:38:35.024 484 484 W JobScheduler: !!! RTC not yet good; tracking time updates for job scheduling
01-01 08:00:20.203 588 588 I : read strings
05-30 08:38:35.025 484 484 D SystemServerTiming: StartJobScheduler took to complete: 21ms
05-30 08:38:35.025 484 484 I SystemServerTiming: StartSoundTrigger
05-30 08:38:35.025 484 484 I SystemServiceManager: Starting com.android.server.soundtrigger.SoundTriggerService
05-30 08:38:35.027 484 484 D SystemServerTiming: StartSoundTrigger took to complete: 1ms
05-30 08:38:35.027 484 484 I SystemServerTiming: StartTrustManager
05-30 08:38:35.027 484 484 I SystemServiceManager: Starting com.android.server.trust.TrustManagerService
05-30 08:38:35.029 484 484 D SystemServerTiming: StartTrustManager took to complete: 2ms
05-30 08:38:35.030 484 484 I SystemServerTiming: StartBackupManager
05-30 08:38:35.030 484 484 I SystemServiceManager: Starting com.android.server.backup.BackupManagerService$Lifecycle
05-30 08:38:35.030 484 588 W StorageManagerService: No primary storage defined yet; hacking together a stub
05-30 08:38:35.032 484 588 I android_os_HwBinder: HwBinder: Starting thread pool for getting: android.hidl.manager@1.0::IServiceManager/default
05-30 08:38:35.033 484 567 I UsbDeviceManager: Usb gadget hal service started android.hardware.usb.gadget@1.0::IUsbGadget default
05-30 08:38:35.034 484 484 D SystemServerTiming: StartBackupManager took to complete: 5ms
05-30 08:38:35.034 484 588 I android_os_HwBinder: HwBinder: Starting thread pool for getting: android.hardware.usb.gadget@1.0::IUsbGadget/default
05-30 08:38:35.034 484 484 I SystemServerTiming: StartAppWidgetService
05-30 08:38:35.034 484 484 I SystemServiceManager: Starting com.android.server.appwidget.AppWidgetService
05-30 08:38:35.036 484 529 I android_os_HwBinder: HwBinder: Starting thread pool for getting: android.hardware.usb.gadget@1.0::IUsbGadget/default
05-30 08:38:35.040 484 529 E UsbDeviceManager: prcessing MSG_GET_CURRENT_USB_FUNCTIONS
05-30 08:38:35.040 484 529 E UsbDeviceManager: updating mCurrentFunctions
05-30 08:38:35.040 484 529 E UsbDeviceManager: mCurrentFunctions:0applied:1
05-30 08:38:35.041 484 588 I android_os_HwBinder: HwBinder: Starting thread pool for getting: android.hidl.manager@1.0::IServiceManager/default
05-30 08:38:35.042 484 484 D SystemServerTiming: StartAppWidgetService took to complete: 8ms
05-30 08:38:35.042 484 484 I SystemServerTiming: StartVoiceRecognitionManager
05-30 08:38:35.042 484 484 I SystemServiceManager: Starting com.android.server.voiceinteraction.VoiceInteractionManagerService
05-30 08:38:35.044 484 649 I UsbPortManager: Usb hal service started android.hardware.usb@1.0::IUsb default
05-30 08:38:35.045 484 588 I android_os_HwBinder: HwBinder: Starting thread pool for getting: android.hardware.usb@1.0::IUsb/default
05-30 08:38:35.046 278 278 I android.hardware.usb@1.0-service: registering callback
05-30 08:38:35.047 278 278 E android.hardware.usb@1.0-service: Failed to open /sys/class/typec
05-30 08:38:35.049 278 650 E android.hardware.usb@1.0-service: creating thread
05-30 08:38:35.051 484 588 I UsbPortManager: USB HAL version: 10
05-30 08:38:35.053 484 588 D SystemServerInitThreadPool: Finished executing UsbService$Lifecycle#onStart
05-30 08:38:35.053 484 588 D SystemServerTimingAsync: InitThreadPoolExec:UsbService$Lifecycle#onStart took to complete: 55ms
05-30 08:38:35.054 484 484 D SystemServerTiming: StartVoiceRecognitionManager took to complete: 11ms
05-30 08:38:35.054 484 484 I SystemServerTiming: StartAppHibernationService
05-30 08:38:35.054 484 484 I SystemServiceManager: Starting com.android.server.apphibernation.AppHibernationService
05-30 08:38:35.056 484 484 D SystemServerTiming: StartAppHibernationService took to complete: 3ms
05-30 08:38:35.057 484 484 I SystemServerTiming: StartGestureLauncher
05-30 08:38:35.057 484 484 I SystemServiceManager: Starting com.android.server.GestureLauncherService
05-30 08:38:35.057 484 484 D SystemServerTiming: StartGestureLauncher took to complete: 1ms
05-30 08:38:35.057 484 484 I SystemServerTiming: StartSensorNotification
05-30 08:38:35.057 484 484 I SystemServiceManager: Starting com.android.server.SensorNotificationService
05-30 08:38:35.057 484 484 D SystemServerTiming: StartSensorNotification took to complete: 0ms
05-30 08:38:35.057 484 484 I SystemServerTiming: StartDiskStatsService
05-30 08:38:35.059 484 484 D SystemServerTiming: StartDiskStatsService took to complete: 2ms
05-30 08:38:35.059 484 484 I SystemServerTiming: RuntimeService
05-30 08:38:35.060 484 484 D SystemServerTiming: RuntimeService took to complete: 1ms
05-30 08:38:35.060 484 484 I SystemServerTiming: StartNetworkTimeUpdateService
05-30 08:38:35.062 484 484 D SystemServerTiming: StartNetworkTimeUpdateService took to complete: 2ms
05-30 08:38:35.062 484 484 I SystemServerTiming: CertBlacklister
05-30 08:38:35.063 484 484 D SystemServerTiming: CertBlacklister took to complete: 1ms
05-30 08:38:35.063 484 484 I SystemServerTiming: StartEmergencyAffordanceService
05-30 08:38:35.063 484 484 I SystemServiceManager: Starting com.android.server.emergency.EmergencyAffordanceService
05-30 08:38:35.065 484 484 D SystemServerTiming: StartEmergencyAffordanceService took to complete: 1ms
05-30 08:38:35.065 484 484 I SystemServerTiming: StartDreamManager
05-30 08:38:35.065 484 484 I SystemServiceManager: Starting com.android.server.dreams.DreamManagerService
05-30 08:38:35.065 484 579 I SystemServerTimingAsync: InitThreadPoolExec:startBlobStoreManagerService
05-30 08:38:35.065 484 579 D SystemServerInitThreadPool: Started executing startBlobStoreManagerService
05-30 08:38:35.065 484 579 I SystemServerTimingAsync: startBlobStoreManagerService
05-30 08:38:35.065 484 579 I SystemServiceManager: Starting com.android.server.blob.BlobStoreManagerService
05-30 08:38:35.066 484 484 D SystemServerTiming: StartDreamManager took to complete: 1ms
05-30 08:38:35.066 484 484 I SystemServerTiming: AddGraphicsStatsService
05-30 08:38:35.070 484 579 D SystemServerTimingAsync: startBlobStoreManagerService took to complete: 5ms
05-30 08:38:35.070 484 579 D SystemServerInitThreadPool: Finished executing startBlobStoreManagerService
05-30 08:38:35.070 484 579 D SystemServerTimingAsync: InitThreadPoolExec:startBlobStoreManagerService took to complete: 5ms
05-30 08:38:35.070 484 484 D SystemServerTiming: AddGraphicsStatsService took to complete: 4ms
05-30 08:38:35.070 484 484 I SystemServerTiming: StartRestrictionManager
05-30 08:38:35.071 484 484 I SystemServiceManager: Starting com.android.server.restrictions.RestrictionsManagerService
05-30 08:38:35.072 484 484 D SystemServerTiming: StartRestrictionManager took to complete: 2ms
05-30 08:38:35.072 484 484 I SystemServerTiming: StartMediaSessionService
05-30 08:38:35.072 484 484 I SystemServiceManager: Starting com.android.server.media.MediaSessionService
05-30 08:38:35.076 484 484 D SystemServerTiming: StartMediaSessionService took to complete: 4ms
05-30 08:38:35.076 484 484 I SystemServerTiming: StartHdmiControlService
05-30 08:38:35.076 484 484 I SystemServiceManager: Starting com.android.server.hdmi.HdmiControlService
05-30 08:38:35.086 193 193 I hwservicemanager: getTransport: Cannot find entry android.hardware.tv.cec@1.1::IHdmiCec/default in either framework or device VINTF manifest.
05-30 08:38:35.087 484 484 E HDMI : [1]:Couldn't connect to cec@1.1java.util.NoSuchElementException
05-30 08:38:35.087 484 484 W HDMI : [1]:Couldn't get tv.cec service.
05-30 08:38:35.087 484 484 W HDMI : [1]:Unable to use cec@1.1
05-30 08:38:35.088 484 484 I android_os_HwBinder: HwBinder: Starting thread pool for getting: android.hardware.tv.cec@1.0::IHdmiCec/default
05-30 08:38:35.091 484 484 I HdmiControlService: Device does not support MHL-control.
05-30 08:38:35.092 276 276 D hdmi-cec: setOption, flag=0x0002, value=0x00000000
05-30 08:38:35.102 484 484 D SystemServerTiming: StartHdmiControlService took to complete: 26ms
05-30 08:38:35.102 484 484 I SystemServerTiming: StartTvInputManager
05-30 08:38:35.102 484 484 I SystemServiceManager: Starting com.android.server.tv.TvInputManagerService
05-30 08:38:35.105 193 193 I hwservicemanager: getTransport: Cannot find entry android.hardware.tv.input@1.0::ITvInput/default in either framework or device VINTF manifest.
05-30 08:38:35.106 484 484 E TvInputHal: Couldn't get tv.input service.
05-30 08:38:35.109 484 484 D SystemServerTiming: StartTvInputManager took to complete: 7ms
05-30 08:38:35.109 484 484 I SystemServerTiming: StartMediaResourceMonitor
05-30 08:38:35.110 484 484 I SystemServiceManager: Starting com.android.server.media.MediaResourceMonitorService
05-30 08:38:35.110 484 484 D SystemServerTiming: StartMediaResourceMonitor took to complete: 1ms
05-30 08:38:35.110 484 484 I SystemServerTiming: StartTvRemoteService
05-30 08:38:35.110 484 484 I SystemServiceManager: Starting com.android.server.tv.TvRemoteService
05-30 08:38:35.111 484 484 D SystemServerTiming: StartTvRemoteService took to complete: 1ms
05-30 08:38:35.111 484 484 I SystemServerTiming: StartMediaRouterService
05-30 08:38:35.111 484 484 V HistoricalRegistry: Interaction before persistence initialized
05-30 08:38:35.113 484 484 D SystemServerTiming: StartMediaRouterService took to complete: 2ms
05-30 08:38:35.113 484 484 I SystemServerTiming: StartBiometricService
05-30 08:38:35.113 484 484 I SystemServiceManager: Starting com.android.server.biometrics.BiometricService
05-30 08:38:35.118 484 484 D SystemServerTiming: StartBiometricService took to complete: 5ms
05-30 08:38:35.118 484 484 I SystemServerTiming: StartAuthService
05-30 08:38:35.118 484 484 I SystemServiceManager: Starting com.android.server.biometrics.AuthService
05-30 08:38:35.122 484 484 D SystemServerTiming: StartAuthService took to complete: 4ms
05-30 08:38:35.122 484 484 I SystemServerTiming: StartBackgroundDexOptService
05-30 08:38:35.122 484 484 W BackgroundDexOptService: SysProp pm.dexopt.downgrade_after_inactive_days not set
05-30 08:38:35.124 484 484 D SystemServerTiming: StartBackgroundDexOptService took to complete: 1ms
05-30 08:38:35.124 484 484 I SystemServerTiming: StartDynamicCodeLoggingService
