05-30 08:39:04.820 193 193 I hwservicemanager: getTransport: Cannot find entry android.hardware.graphics.allocator@4.0::IAllocator/default in either framework or device VINTF manifest.
05-30 08:39:04.821 484 533 W Gralloc4: allocator 4.x is not supported
05-30 08:39:04.822 193 193 I hwservicemanager: getTransport: Cannot find entry android.hardware.graphics.allocator@3.0::IAllocator/default in either framework or device VINTF manifest.
05-30 08:39:04.823 484 533 W Gralloc3: allocator 3.x is not supported
05-30 08:39:04.827 270 270 I gralloc : alloc buffer:W:33 H:42 S:48 PL[33 42] SZ:8064 fmt:1 if:0 af:1 usg:966 fg:00000004
05-30 08:39:04.827 484 533 E ion : ioctl c0044901 failed with code -1: Inappropriate ioctl for device
05-30 08:39:04.928 1423 1423 I cling--ap-1: type=1400 audit(0.0:1058): avc: denied { read } for name="address" dev="sysfs" ino=26474 scontext=u:r:platform_app:s0:c512,c768 tcontext=u:object_r:sysfs:s0 tclass=file permissive=1 app=com.dangbei.screencast
05-30 08:39:04.928 1423 1423 I cling--ap-1: type=1400 audit(0.0:1059): avc: denied { open } for path="/sys/devices/platform/unisoc_wifi/net/wlan1/address" dev="sysfs" ino=26474 scontext=u:r:platform_app:s0:c512,c768 tcontext=u:object_r:sysfs:s0 tclass=file permissive=1 app=com.dangbei.screencast
05-30 08:39:04.928 1423 1423 I cling--ap-1: type=1400 audit(0.0:1060): avc: denied { getattr } for path="/sys/devices/platform/unisoc_wifi/net/wlan1/address" dev="sysfs" ino=26474 scontext=u:r:platform_app:s0:c512,c768 tcontext=u:object_r:sysfs:s0 tclass=file permissive=1 app=com.dangbei.screencast
05-30 08:39:05.038 2361 2425 D nStackXCoAP: IsInSameNetwork:[276] :IsInSameNetwork exec
05-30 08:39:05.038 2361 2425 I nStackXDFinder: GetLocalInterfaceDetail:[461] :GetLocalInterfaceDetail in
05-30 08:39:05.038 2361 2425 E nStackXCoAP: IsInSameNetwork:[281] :IsInSameNetwork: not priority process
05-30 08:39:05.038 2361 2425 D nStackXCoAP: ParseServiceDiscover:[330] :new device join
05-30 08:39:05.038 2361 2425 E nStackXDFinder: GetLocalIp:[401] :GetLocalIp exec
05-30 08:39:05.118 2361 2425 D nStackXCoAP: CoapMessageHandler:[133] :2.01
05-30 08:39:05.375 484 532 W IorapForwardingService: No service published for: iorapd
05-30 08:39:05.458 2361 2425 D nStackXCoAP: IsInSameNetwork:[276] :IsInSameNetwork exec
05-30 08:39:05.458 2361 2425 I nStackXDFinder: GetLocalInterfaceDetail:[461] :GetLocalInterfaceDetail in
05-30 08:39:05.458 2361 2425 E nStackXCoAP: IsInSameNetwork:[281] :IsInSameNetwork: not priority process
05-30 08:39:05.458 2361 2425 D nStackXCoAP: ParseServiceDiscover:[330] :new device join
05-30 08:39:05.458 2361 2425 E nStackXDFinder: GetLocalIp:[401] :GetLocalIp exec
05-30 08:39:05.465 2361 2425 D nStackXCoAP: CoapMessageHandler:[133] :2.01
05-30 08:39:05.801 2135 2202 I TDLog : [APP] New data found, Submitting...
05-30 08:39:05.850 2135 2202 I TDLog : [APP] Failed to submit data!
05-30 08:39:06.117 1092 1106 I OpenGLRenderer: Davey! duration=9223371987832ms; Flags=0, FrameTimelineVsyncId=1449, IntendedVsync=49020986142, Vsync=49020986142, InputEventId=0, HandleInputStart=49021831022, AnimationStart=49021839272, PerformTraversalsStart=49022406064, DrawStart=49023251939, FrameDeadline=49054319474, FrameInterval=49021817480, FrameStartTime=16666666, SyncQueued=49023810314, SyncStart=49024940355, IssueDrawCommandsStart=49026721855, SwapBuffers=49039900897, FrameCompleted=9223372036854775807, DequeueBufferDuration=230792, QueueBufferDuration=1655667, GpuCompleted=9223372036854775807, SwapBuffersCompleted=49042386605, DisplayPresentTime=0,
05-30 08:39:06.135 1092 1106 I OpenGLRenderer: Davey! duration=9223371987816ms; Flags=0, FrameTimelineVsyncId=1451, IntendedVsync=49037652864, Vsync=49037652864, InputEventId=83022318, HandleInputStart=49044896105, AnimationStart=49044899772, PerformTraversalsStart=49045070355, DrawStart=49045205772, FrameDeadline=49070986196, FrameInterval=49044887397, FrameStartTime=16666666, SyncQueued=49045533064, SyncStart=49045803689, IssueDrawCommandsStart=49046815355, SwapBuffers=49052496939, FrameCompleted=9223372036854775807, DequeueBufferDuration=59875, QueueBufferDuration=2737292, GpuCompleted=9223372036854775807, SwapBuffersCompleted=49056239730, DisplayPresentTime=0,
05-30 08:39:06.322 285 582 W AudioFlinger: createTrack_l(): mismatch between requested flags (00000004) and output flags (00000002)
05-30 08:39:06.325 285 582 D AF::TrackHandle: OpPlayAudio: track:55 usage:13 not muted
05-30 08:39:06.329 484 635 D AudioTrack: createTrack_l(0): AUDIO_OUTPUT_FLAG_FAST denied by server; frameCount 0 -> 147456
05-30 08:39:06.349 260 2478 D audio_hw_primary: start_output_stream out->format : 0x00000000
05-30 08:39:06.349 260 2478 V audio_hw_primary: start_output_stream, line: 1503
05-30 08:39:06.349 260 2478 V audio_hw_primary: use AUDIO_CODEC to playback audio
05-30 08:39:06.350 260 2478 D audio_route: Apply path: media-speaker-headphones
05-30 08:39:06.350 260 2478 D audio_route: Apply path: media-headset-mic
05-30 08:39:06.350 260 2478 D audio_hw_primary: open card=0, port=0
05-30 08:39:06.350 260 2478 D audio_hw_primary: config:2 44100 960 2 0 5760 1 0
05-30 08:39:06.350 260 2478 D audio_hw_primary: set_raw_flag(card=0, raw_flag=1)
05-30 08:39:06.344 260 260 I writer : type=1400 audit(0.0:1061): avc: denied { read } for name="u:object_r:default_prop:s0" dev="tmpfs" ino=1289 scontext=u:r:hal_audio_default:s0 tcontext=u:object_r:default_prop:s0 tclass=file permissive=1
05-30 08:39:06.375 260 2478 V audio_hw_primary: do not use out resampler
05-30 08:39:06.375 260 2478 V audio_hw_primary: use AUDIO_SPDIF to playback audio
05-30 08:39:06.375 260 2478 D audio_hw_primary: open card=1, port=0
05-30 08:39:06.375 260 2478 D audio_hw_primary: config:2 44100 960 2 0 5760 1 0
05-30 08:39:06.375 260 2478 D audio_hw_primary: set_raw_flag(card=1, raw_flag=1)
05-30 08:39:06.376 260 2478 D audio_hw_primary: set_raw_flag control_name = audio data format control_value PCM)
05-30 08:39:06.376 260 2478 V audio_hw_primary: do not use out resampler
05-30 08:39:06.376 260 2478 V audio_hw_primary: use AUDIO_HDMI to playback audio
05-30 08:39:06.376 260 2478 D audio_hw_primary: open card=3, port=0
05-30 08:39:06.376 260 2478 D audio_hw_primary: config:2 44100 960 2 0 5760 1 0
05-30 08:39:06.376 260 2478 D audio_hw_primary: set_raw_flag(card=3, raw_flag=1)
05-30 08:39:06.377 260 2478 D audio_hw_primary: set_raw_flag control_name = audio data format control_value PCM)
05-30 08:39:06.378 484 532 W IorapForwardingService: No service published for: iorapd
01-01 08:00:51.559 2478 2478 I : HDMI Audio Enable Successfully
05-30 08:39:06.344 260 260 I writer : type=1400 audit(0.0:1062): avc: denied { open } for path="/dev/__properties__/u:object_r:default_prop:s0" dev="tmpfs" ino=1289 scontext=u:r:hal_audio_default:s0 tcontext=u:object_r:default_prop:s0 tclass=file permissive=1
05-30 08:39:06.408 260 2478 V audio_hw_primary: do not use out resampler
05-30 08:39:06.416 1092 1106 I OpenGLRenderer: Davey! duration=9223371987600ms; Flags=0, FrameTimelineVsyncId=1477, IntendedVsync=49254319339, Vsync=49254319339, InputEventId=205682656, HandleInputStart=49254977897, AnimationStart=49257944772, PerformTraversalsStart=49258092606, DrawStart=49278822147, FrameDeadline=49287652671, FrameInterval=49254964606, FrameStartTime=16666666, SyncQueued=49281853981, SyncStart=49282186522, IssueDrawCommandsStart=49283572939, SwapBuffers=49305947647, FrameCompleted=9223372036854775807, DequeueBufferDuration=57917, QueueBufferDuration=27767167, GpuCompleted=9223372036854775807, SwapBuffersCompleted=49345141356, DisplayPresentTime=0,
05-30 08:39:06.430 285 459 D AudioFlinger: mixer(0xef63bc40) throttle end: throttle time(10)
05-30 08:39:06.344 260 260 I writer : type=1400 audit(0.0:1063): avc: denied { getattr } for path="/dev/__properties__/u:object_r:default_prop:s0" dev="tmpfs" ino=1289 scontext=u:r:hal_audio_default:s0 tcontext=u:object_r:default_prop:s0 tclass=file permissive=1
05-30 08:39:06.344 260 260 I writer : type=1400 audit(0.0:1064): avc: denied { map } for path="/dev/__properties__/u:object_r:default_prop:s0" dev="tmpfs" ino=1289 scontext=u:r:hal_audio_default:s0 tcontext=u:object_r:default_prop:s0 tclass=file permissive=1
05-30 08:39:06.578 667 667 E WifiHAL : wifi_get_link_stats: requestResponse Error:-5
05-30 08:39:06.583 484 620 E WifiVendorHal: getWifiLinkLayerStats_1_5_Internal(l.1191) failed {.code = ERROR_INVALID_ARGS, .description = }
05-30 08:39:06.700 1092 1106 I OpenGLRenderer: Davey! duration=9223371987250ms; Flags=0, FrameTimelineVsyncId=1511, IntendedVsync=49604319569, Vsync=49604319569, InputEventId=0, HandleInputStart=49605100981, AnimationStart=49605109022, PerformTraversalsStart=49606019064, DrawStart=49606511897, FrameDeadline=49637652901, FrameInterval=49605086231, FrameStartTime=16666666, SyncQueued=49606846814, SyncStart=49607232897, IssueDrawCommandsStart=49609821981, SwapBuffers=49632315856, FrameCompleted=9223372036854775807, DequeueBufferDuration=47584, QueueBufferDuration=965959, GpuCompleted=9223372036854775807, SwapBuffersCompleted=49637407439, DisplayPresentTime=0,
05-30 08:39:06.802 276 310 D hdmi-cec: receive invalid cec message!
05-30 08:39:06.802 276 310 D hdmi-cec: receive poll message [04], skip!
05-30 08:39:06.835 484 765 D SntpClient: request time failed: java.net.SocketTimeoutException: Poll timed out
05-30 08:39:06.835 484 765 D SntpClient: request time failed
05-30 08:39:06.804 1423 1423 I efs-base: type=1400 audit(0.0:1065): avc: denied { rmdir } for name="2361" dev="mmcblk0p25" ino=33683 scontext=u:r:platform_app:s0:c512,c768 tcontext=u:object_r:app_data_file:s0:c512,c768 tclass=dir permissive=1 app=com.dangbei.screencast
05-30 08:39:06.838 676 988 I bluetooth: system/bt/stack/gatt/connection_manager.cc:185 on_connection_complete: Le connection completed to device:e4:bb:d3:57:c0:7a
05-30 08:39:06.838 261 972 E bt_upio : upio_set : /proc/bluetooth/sleep/btwrite(-1) incorrent
05-30 08:39:06.838 676 988 I bt_btm_ble: system/bt/stack/btm/btm_ble.cc:1699 btm_ble_connected: Updating device record timestamp for existing ble connection
05-30 08:39:06.840 676 988 I bt_stack: [INFO:btsnoop.cc(338)] clear_l2cap_allowlist: Clearing acceptlist from l2cap channel. conn_handle=16 cid=4:4
05-30 08:39:06.841 676 988 I bluetooth: system/bt/stack/gap/gap_ble.cc:298 client_connect_cback: No active GAP service found for peer:xx:xx:xx:xx:c0:7a callback:Disconnected
05-30 08:39:06.841 676 988 I bt_bta_gattc: system/bt/bta/gatt/bta_gattc_act.cc:1115 bta_gattc_conn_cback: Disconnected att_id:3 transport:le reason:UNKNOWN[%hu]
05-30 08:39:06.841 676 988 I bt_bta_gattc: system/bt/bta/gatt/bta_gattc_act.cc:1115 bta_gattc_conn_cback: Disconnected att_id:4 transport:le reason:UNKNOWN[%hu]
05-30 08:39:06.841 676 988 I bt_bta_gattc: system/bt/bta/gatt/bta_gattc_act.cc:1115 bta_gattc_conn_cback: Disconnected att_id:5 transport:le reason:UNKNOWN[%hu]
05-30 08:39:06.841 676 988 W bt_btm_sec: system/bt/stack/btm/btm_sec.cc:3683 btm_sec_disconnected: Got uncommon disconnection reason:Connection Failed Establishment handle:0x0010
05-30 08:39:06.842 676 988 W bt_stack: [WARNING:bta_gattc_act.cc(345)] bta_gattc_open_fail: Cannot establish Connection. conn_id=000000. Return GATT_ERROR(133)
05-30 08:39:06.849 676 939 W bt_btif : system/bt/main/bte_logmsg.cc:194 LogMsg: btif_hh_upstreams_evt: BTA_HH_OPN_EVT: handle=16, status =6
05-30 08:39:06.850 676 676 D BluetoothHidHostService: Connection state E4:BB:D3:57:C0:7A: 1->0
05-30 08:39:06.867 689 885 I LocalBluetoothProfileManager: Failed to connect HID device
05-30 08:39:06.867 676 676 D AdapterProperties: PROFILE_CONNECTION_STATE_CHANGE: profile=4, device=E4:BB:D3:57:C0:7A, 1 -> 0
05-30 08:39:06.870 285 459 D AudioFlinger: mixer(0xef63bc40) throttle end: throttle time(8)
05-30 08:39:06.873 676 676 D AdapterProperties: ADAPTER_CONNECTION_STATE_CHANGE: E4:BB:D3:57:C0:7A: 1 -> 0
05-30 08:39:06.904 689 885 D CachedBluetoothDevice: onProfileStateChanged: profile HID, device Dangbei, newProfileState 0
05-30 08:39:06.953 1423 1647 I efs.base: wa upload fail, resp is HttpResponse {succ=false, code=-1, data='', extra={}}
05-30 08:39:07.072 1423 1649 I efs.base: wa upload succ, HttpResponse {succ=true, code=200, data='暂不支持该服务', extra={req_url=https://errlog.umeng.com/api/crashsdk/logcollect}}
05-30 08:39:07.169 1423 1647 I efs.base: wa upload fail, resp is HttpResponse {succ=false, code=-1, data='', extra={}}
01-01 08:00:52.357 355 355 E : Send upper Vendor Specific event.
05-30 08:39:07.266 484 765 D SntpClient: round trip: 385ms, clock offset: 370818158ms
05-30 08:39:07.275 484 529 D AlarmManagerService: Setting time of day to sec=1748936365
06-03 15:39:25.438 1423 1649 I efs.base: wa upload fail, resp is HttpResponse {succ=false, code=-1, data='', extra={}}
06-03 15:39:25.489 484 604 E LazyAlarmStore: Removed TIME_TICK alarm
06-03 15:39:25.494 484 547 I DropBoxManagerService: add tag=system_server_wtf isTagEnabled=true flags=0x2
06-03 15:39:25.503 1189 1189 D bbb : onStartCommand begin !!!!!!! data分区剩余 24608MB
06-03 15:39:25.536 484 532 W IorapForwardingService: No service published for: iorapd
06-03 15:39:25.562 1092 1364 D yc_test : refreshWeather: null
06-03 15:39:25.564 484 484 I JobScheduler: RTC now valid; recalculating persisted job windows
06-03 15:39:25.592 484 484 W SyncManager: Clock is valid now.
06-03 15:39:25.592 484 484 D ConditionProviders.SCP: onReceive android.intent.action.TIME_SET
06-03 15:39:25.601 484 484 D ConditionProviders.SCP: evaluateSubscriptionLocked cal=ScheduleCalendar[mDays={1, 2, 3, 4, 5, 6, 7}, mSchedule=ScheduleInfo{days=[1, 2, 3, 4, 5, 6, 7], startHour=22, startMinute=0, endHour=7, endMinute=0, exitAtAlarm=true, nextAlarm=Thu Jan 01 08:00:00 GMT+08:00 1970 (0)}], now=Tue Jun 03 15:39:25 GMT+08:00 2025 (1748936365592), nextUserAlarmTime=Thu Jan 01 08:00:00 GMT+08:00 1970 (0)
06-03 15:39:25.603 484 484 D ConditionProviders.SCP: notifyCondition condition://android/schedule?days=1.2.3.4.5.6.7&start=22.0&end=7.0&exitAtAlarm=true STATE_FALSE reason=!meetsSchedule
06-03 15:39:25.607 484 484 D ConditionProviders.SCP: Scheduling evaluate for Tue Jun 03 22:00:00 GMT+08:00 2025 (1748959200000), in +6h20m34s408ms, now=Tue Jun 03 15:39:25 GMT+08:00 2025 (1748936365592)
06-03 15:39:25.609 1092 1476 I OpenGLRenderer: Davey! duration=9223371986500ms; Flags=0, FrameTimelineVsyncId=1593, IntendedVsync=50354319998, Vsync=50354319998, InputEventId=187971344, HandleInputStart=50354965314, AnimationStart=50358352189, PerformTraversalsStart=50358647522, DrawStart=50358844064, FrameDeadline=50387653330, FrameInterval=50354952980, FrameStartTime=16666666, SyncQueued=50359230897, SyncStart=50359535480, IssueDrawCommandsStart=50360750314, SwapBuffers=50374430105, FrameCompleted=9223372036854775807, DequeueBufferDuration=45750, QueueBufferDuration=1416375, GpuCompleted=9223372036854775807, SwapBuffersCompleted=50379232897, DisplayPresentTime=0,
06-03 15:39:25.633 1092 1364 E hq : WeatherRefresh:::请求网络地址后,更新的地理位置为:101280601
06-03 15:39:25.634 484 546 E DiscreteRegistry: Deleting file 1748565525799tl
06-03 15:39:25.634 484 633 D CompatibilityChangeReporter: Compat change id reported: 143231523; UID 1000; state: DISABLED
06-03 15:39:25.650 484 546 I UsageStatsService: User[0] Time changed in by 370818 seconds
06-03 15:39:25.650 484 546 I UsageStatsService: User[0] Flushing usage stats to disk
06-03 15:39:25.673 484 546 I UsageStatsDatabase: Time changed by +4d7h0m18s157ms. files deleted: 0 files moved: 4
06-03 15:39:25.680 484 546 I UsageStatsService: User[0] Rollover scheduled @ 2025-06-04 15:38:58(1749022738014)
06-03 15:39:25.695 1092 1092 E martin : 组件:2025-06-03
06-03 15:39:25.696 1092 1092 E weatherWidget: dataChange:Tue Jun 03 15:39:25 GMT+08:00 2025
06-03 15:39:25.724 1092 1476 I OpenGLRenderer: Davey! duration=9223371986366ms; Flags=0, FrameTimelineVsyncId=1608, IntendedVsync=50487654168, Vsync=50487654168, InputEventId=282480971, HandleInputStart=50488159480, AnimationStart=50488194564, PerformTraversalsStart=50488564147, DrawStart=50488927439, FrameDeadline=50520987500, FrameInterval=50488150689, FrameStartTime=16666666, SyncQueued=50489763105, SyncStart=50490004439, IssueDrawCommandsStart=50490878897, SwapBuffers=50497684814, FrameCompleted=9223372036854775807, DequeueBufferDuration=44000, QueueBufferDuration=978500, GpuCompleted=9223372036854775807, SwapBuffersCompleted=50499467522, DisplayPresentTime=0,
06-03 15:39:25.740 1092 1401 I OpenGLRenderer: Davey! duration=9223371986349ms; Flags=0, FrameTimelineVsyncId=1610, IntendedVsync=50504319808, Vsync=50504319808, InputEventId=0, HandleInputStart=50504930439, AnimationStart=50504935355, PerformTraversalsStart=50505336689, DrawStart=50505809772, FrameDeadline=50537653140, FrameInterval=50504921189, FrameStartTime=16666666, SyncQueued=50506231689, SyncStart=50506909064, IssueDrawCommandsStart=50508180772, SwapBuffers=50516157230, FrameCompleted=9223372036854775807, DequeueBufferDuration=52458, QueueBufferDuration=1104917, GpuCompleted=9223372036854775807, SwapBuffersCompleted=50517957605, DisplayPresentTime=0,
06-03 15:39:25.994 484 502 I system_server: Background concurrent copying GC freed 165228(9235KB) AllocSpace objects, 87(3156KB) LOS objects, 49% free, 10MB/20MB, paused 325us total 402.153ms
06-03 15:39:26.263 484 1259 I ActivityStarter: ---START u0 {dat=haqu://setting:8080/home flg=0x10000000 pkg=com.dangbei.haqusetting cmp=com.dangbei.haqusetting/.ui.HomeActivity} from uid 1000
06-03 15:39:26.268 285 456 W AudioFlinger: createTrack_l(): mismatch between requested flags (00000004) and output flags (00000002)
06-03 15:39:26.272 285 456 D AF::TrackHandle: OpPlayAudio: track:56 usage:13 not muted
06-03 15:39:26.275 484 1259 W ActivityTaskManager: Can't find TaskDisplayArea to determine support for multi window. Task id=91 attached=false
06-03 15:39:26.276 484 635 D AudioTrack: createTrack_l(0): AUDIO_OUTPUT_FLAG_FAST denied by server; frameCount 0 -> 147456
06-03 15:39:26.278 484 1259 D CompatibilityChangeReporter: Compat change id reported: 174042980; UID 1000; state: DISABLED
06-03 15:39:26.282 275 275 I AW_PowerHAL: Power setMode: LAUNCH to: 1
06-03 15:39:26.284 484 1259 D CompatibilityChangeReporter: Compat change id reported: 168419799; UID 1000; state: DISABLED
06-03 15:39:26.297 484 534 D CompatibilityChangeReporter: Compat change id reported: 158002302; UID 1000; state: ENABLED
06-03 15:39:26.302 484 533 I ActivityManager: com.dangbei.haqusetting is exempt from freezer
06-03 15:39:26.303 484 533 D CompatibilityChangeReporter: Compat change id reported: 135634846; UID 1000; state: DISABLED
06-03 15:39:26.324 275 275 I AW_PowerHAL: cur-mode:LAUNCH
06-03 15:39:26.330 255 255 D Zygote : Forked child process 2499
06-03 15:39:26.331 1092 1308 W SQLiteLog: (28) double-quoted string literal: "
06-03 15:39:26.331 1092 1308 W SQLiteLog: (28) double-quoted string literal: "C69C054635290465A9F45E1B74104A47"
06-03 15:39:26.332 484 548 I ActivityManager: app.processName = com.dangbei.haqusetting
06-03 15:39:26.333 484 548 I ActivityManager: Start proc 2499:com.dangbei.haqusetting/1000 for pre-top-activity {com.dangbei.haqusetting/com.dangbei.haqusetting.ui.HomeActivity}
06-03 15:39:26.342 2499 2499 I Zygote : seccomp disabled by setenforce 0
06-03 15:39:26.359 407 425 I adbd : jdwp connection from 2499
06-03 15:39:26.374 484 1259 D AW_CODE : rotation =0
06-03 15:39:26.376 484 1259 D CompatibilityChangeReporter: Compat change id reported: 181136395; UID 1000; state: DISABLED
06-03 15:39:26.377 484 1259 D CompatibilityChangeReporter: Compat change id reported: 174042936; UID 1000; state: DISABLED
06-03 15:39:26.388 2499 2499 D CompatibilityChangeReporter: Compat change id reported: 171979766; UID 1000; state: ENABLED
06-03 15:39:26.389 484 546 I UsageStatsService: Time changed in by 370818 seconds
06-03 15:39:26.416 689 689 D TvPipController: onTaskStackChanged()
06-03 15:39:26.460 676 988 I bluetooth: system/bt/stack/gatt/connection_manager.cc:185 on_connection_complete: Le connection completed to device:e4:bb:d3:57:c0:7a
06-03 15:39:26.460 676 988 I bt_btm_ble: system/bt/stack/btm/btm_ble.cc:1699 btm_ble_connected: Updating device record timestamp for existing ble connection
06-03 15:39:26.472 2499 2499 V GraphicsEnvironment: ANGLE Developer option for 'com.dangbei.haqusetting' set to: 'default'
06-03 15:39:26.472 2499 2499 V GraphicsEnvironment: Neither updatable production driver nor prerelease driver is supported.
06-03 15:39:26.473 2499 2499 D NetworkSecurityConfig: No Network Security Config specified, using platform default
06-03 15:39:26.474 2499 2499 D NetworkSecurityConfig: No Network Security Config specified, using platform default
06-03 15:39:26.496 2499 2499 I MultiDex: VM with version 2.1.0 has multidex support
06-03 15:39:26.497 2499 2499 I MultiDex: Installing application
06-03 15:39:26.497 2499 2499 I MultiDex: VM has multidex support, MultiDex support library is disabled.
06-03 15:39:26.524 2499 2499 E ccc : cccccc HaquSettingApplication app onCreate start
06-03 15:39:26.538 484 532 W IorapForwardingService: No service published for: iorapd
06-03 15:39:26.554 2499 2499 E ccc : cccccc HaquSettingApplication app onCreate end
06-03 15:39:26.555 676 939 I bt_btif_dm: system/bt/btif/src/btif_dm.cc:548 btif_update_remote_properties: cod from storage is also unclassified
06-03 15:39:26.566 2499 2518 W ContextImpl: Calling a method in the system process without a qualified user: android.app.ContextImpl.bindService:1895 android.content.ContextWrapper.bindService:810 com.dangbei.lerad.etna.lib.client.EtnaClient.bindServer:138 com.dangbei.lerad.etna.lib.client.EtnaClient.access$600:29 com.dangbei.lerad.etna.lib.client.EtnaClient$3.call:205
06-03 15:39:26.636 1043 1266 E ccc : cccccc etnaService addListener com.dangbei.lerad.etna.aidl.IEtnaAidlListener$Stub$Proxy@5371a05 com.dangbei.haqusetting
06-03 15:39:26.636 2499 2499 E ccc : cccccc etna-haqu-connected
06-03 15:39:26.669 676 969 W bt_hci : system/bt/hci/src/hci_layer.cc:706 filter_incoming_event: filter_incoming_event command status event with no matching command. opcode: 0x041d
06-03 15:39:26.699 676 988 I bt_stack: [INFO:gatt_attr.cc(880)] gatt_sr_init_cl_status: bda=e4:bb:d3:57:c0:7a, cl_supp_feat=0000, aware=1
06-03 15:39:26.699 676 988 I bluetooth: system/bt/stack/gap/gap_ble.cc:298 client_connect_cback: No active GAP service found for peer:xx:xx:xx:xx:c0:7a callback:Connected
06-03 15:39:26.699 676 988 I bt_bta_gattc: system/bt/bta/gatt/bta_gattc_act.cc:1110 bta_gattc_conn_cback: Connected att_id:3 transport:le reason:GATT_CONN_OK
06-03 15:39:26.699 676 988 I bt_bta_gattc: system/bt/bta/gatt/bta_gattc_act.cc:1110 bta_gattc_conn_cback: Connected att_id:4 transport:le reason:GATT_CONN_OK
06-03 15:39:26.699 676 988 I bt_bta_gattc: system/bt/bta/gatt/bta_gattc_act.cc:1110 bta_gattc_conn_cback: Connected att_id:5 transport:le reason:GATT_CONN_OK
06-03 15:39:26.699 676 988 I bluetooth: system/bt/stack/gatt/connection_manager.cc:185 on_connection_complete: Le connection completed to device:e4:bb:d3:57:c0:7a
06-03 15:39:26.699 676 988 I bt_stack: [INFO:eatt_impl.h(634)] connect device e4:bb:d3:57:c0:7a rolecentral
06-03 15:39:26.700 676 988 I bt_btif_dm: system/bt/btif/src/btif_dm.cc:497 btif_update_remote_version_property: Remote version info valid:true [xx:xx:xx:xx:c0:7a]: 9, 1bf, 9
06-03 15:39:26.707 193 193 I hwservicemanager: getTransport: Cannot find entry android.hardware.configstore@1.0::ISurfaceFlingerConfigs/default in either framework or device VINTF manifest.
06-03 15:39:26.720 676 676 E BluetoothPhonePolicy: Received unexpected intent, action=android.bluetooth.device.action.ACL_CONNECTED
06-03 15:39:26.722 676 676 I BluetoothPhonePolicy: processDeviceConnected, device=E4:BB:D3:57:C0:7A
06-03 15:39:26.722 676 676 D BluetoothDatabase: setConnection: device=E4:BB:D3:57:C0:7A and isA2dpDevice=false
06-03 15:39:26.723 676 676 D BluetoothDatabase: Updating last connected time for device: E4:BB:D3:57:C0:7A to 1
06-03 15:39:26.723 676 676 D BluetoothDatabase: updateDatabase E4:BB:D3:57:C0:7A
06-03 15:39:26.726 484 547 D CompatibilityChangeReporter: Compat change id reported: 168419799; UID 1000; state: DISABLED
06-03 15:39:26.732 290 1403 E HWComposer: getSupportedContentTypes: getSupportedContentTypes failed for display 0: Unsupported (8)
06-03 15:39:26.734 1043 1043 I dangbei111: cccccc on receiver=android.bluetooth.device.action.ACL_CONNECTED,mac=E4:BB:D3:57:C0:7A
06-03 15:39:26.734 1043 1043 E dangbei111: cccccc cancelDiscovery begin
06-03 15:39:26.737 193 193 I hwservicemanager: getTransport: Cannot find entry android.hardware.graphics.mapper@4.0::IMapper/default in either framework or device VINTF manifest.
06-03 15:39:26.737 2499 2534 I Gralloc4: mapper 4.x is not supported
06-03 15:39:26.740 193 193 I hwservicemanager: getTransport: Cannot find entry android.hardware.graphics.mapper@3.0::IMapper/default in either framework or device VINTF manifest.
06-03 15:39:26.740 2499 2534 W Gralloc3: mapper 3.x is not supported
06-03 15:39:26.744 1043 1043 E dangbei111: cccccc 检查遥控器是否连接: Dangbei E4:BB:D3:57:C0:7A
06-03 15:39:26.746 2499 2534 E gralloc : Arm Module v1.0
06-03 15:39:26.746 1043 1043 E dangbei111: cccccc 检查遥控器是否连接: 蓝牙的结果 Dangbei E4:BB:D3:57:C0:7A true
06-03 15:39:26.746 1043 1043 E dangbei111: cccccc input中没有遥控器存在
06-03 15:39:26.747 1043 1043 E dangbei111: cccccc 蓝牙状态连接 开启30s check任务
06-03 15:39:26.747 193 193 I hwservicemanager: getTransport: Cannot find entry android.hardware.graphics.allocator@4.0::IAllocator/default in either framework or device VINTF manifest.
06-03 15:39:26.748 2499 2534 W Gralloc4: allocator 4.x is not supported
06-03 15:39:26.749 193 193 I hwservicemanager: getTransport: Cannot find entry android.hardware.graphics.allocator@3.0::IAllocator/default in either framework or device VINTF manifest.
06-03 15:39:26.749 2499 2534 W Gralloc3: allocator 3.x is not supported
06-03 15:39:26.750 1043 1043 E dangbei111: cccccc 开始扫描
06-03 15:39:26.750 1043 1043 D BluetoothAdapter: isLeEnabled(): ON
06-03 15:39:26.753 270 270 I gralloc : alloc buffer:W:1920 H:1080 S:1920 PL[1920 1080] SZ:8294400 fmt:1 if:0 af:1 usg:20000b00 fg:00000004
06-03 15:39:26.753 2499 2534 E ion : ioctl c0044901 failed with code -1: Inappropriate ioctl for device
06-03 15:39:26.754 270 270 I gralloc : alloc buffer:W:1920 H:1080 S:1920 PL[1920 1080] SZ:8294400 fmt:1 if:0 af:1 usg:20000b00 fg:00000004
06-03 15:39:26.756 270 307 I gralloc : alloc buffer:W:1920 H:1080 S:1920 PL[1920 1080] SZ:8294400 fmt:1 if:0 af:1 usg:20000b00 fg:00000004
06-03 15:39:26.758 1423 1647 I efs.base: wa upload fail, resp is HttpResponse {succ=false, code=-1, data='', extra={}}
06-03 15:39:26.777 2499 2512 I OpenGLRenderer: Davey! duration=9223371985433ms; Flags=1, FrameTimelineVsyncId=1655, IntendedVsync=51420991471, Vsync=51437658137, InputEventId=0, HandleInputStart=51441945522, AnimationStart=51441949022, PerformTraversalsStart=51441952106, DrawStart=51518879564, FrameDeadline=51437658137, FrameInterval=51441935481, FrameStartTime=16666666, SyncQueued=51520368689, SyncStart=51520516606, IssueDrawCommandsStart=51521208439, SwapBuffers=51549018814, FrameCompleted=9223372036854775807, DequeueBufferDuration=16392958, QueueBufferDuration=2233042, GpuCompleted=9223372036854775807, SwapBuffersCompleted=51552782106, DisplayPresentTime=0,
06-03 15:39:26.753 1423 1423 I efs-base: type=1400 audit(0.0:1066): avc: denied { search } for name="com.dangbei.screencast" dev="mmcblk0p25" ino=888 scontext=u:r:platform_app:s0:c512,c768 tcontext=u:object_r:app_data_file:s0:c512,c768 tclass=dir permissive=1 app=com.dangbei.screencast
06-03 15:39:26.792 2499 2499 W RecyclerView: No adapter attached; skipping layout
06-03 15:39:26.797 275 275 I AW_PowerHAL: Power setMode: LAUNCH to: 0
06-03 15:39:26.800 275 275 I AW_PowerHAL: cur-mode:SCHEDUTIL
06-03 15:39:26.813 484 529 I ActivityTaskManager: +++Displayed com.dangbei.haqusetting/.ui.HomeActivity: +521ms
06-03 15:39:26.826 676 988 W bt_stack: [WARNING:bta_gattc_api.cc(659)] notification already registered
06-03 15:39:26.826 676 988 W bt_stack: [WARNING:bta_gattc_api.cc(659)] notification already registered
06-03 15:39:26.826 676 988 W bt_stack: [WARNING:bta_gattc_api.cc(659)] notification already registered
06-03 15:39:26.827 676 939 W bt_btif : system/bt/main/bte_logmsg.cc:194 LogMsg: btif_hh_upstreams_evt: BTA_HH_OPN_EVT: handle=16, status =0
06-03 15:39:26.827 676 939 W bt_btif : system/bt/main/bte_logmsg.cc:194 LogMsg: BTA_HH_OPEN_EVT: Found device...Getting dscp info for handle ... 16
06-03 15:39:26.827 676 939 I bt_btif_dm: system/bt/btif/src/btif_dm.cc:384 get_cod: get_cod remote_cod = 0x00001f00
06-03 15:39:26.827 676 939 I bt_btif_dm: system/bt/btif/src/btif_dm.cc:384 get_cod: get_cod remote_cod = 0x00001f00
06-03 15:39:26.828 676 939 W bt_btif : system/bt/main/bte_logmsg.cc:194 LogMsg: btif_hh_upstreams_evt: name = Dangbei
06-03 15:39:26.828 676 939 W bt_btif : system/bt/main/bte_logmsg.cc:194 LogMsg: bta_hh_co_send_hid_info: fd = 207, name = [Dangbei], dscp_len = 80
06-03 15:39:26.828 676 939 W bt_btif : system/bt/main/bte_logmsg.cc:194 LogMsg: bta_hh_co_send_hid_info: vendor_id = 0x000d, product_id = 0x3838, version= 0x0000,ctry_code=0x00
06-03 15:39:26.829 676 676 D BluetoothAdapterService: isQuetModeEnabled() - Enabled = false
06-03 15:39:26.829 676 676 V BluetoothDatabase: getProfileConnectionPolicy: E4:BB:D3:57:C0:7A, profile=4, connectionPolicy = 100
06-03 15:39:26.831 327 329 D XM_HIDREAD: add@ add@/devices/virtual/misc/uhid/0005:000D:3838.0003
06-03 15:39:26.833 327 329 D XM_HIDREAD: add@ add@/devices/virtual/misc/uhid/0005:000D:3838.0003/input/input8
06-03 15:39:26.753 1423 1423 I efs-base: type=1400 audit(0.0:1067): avc: denied { getattr } for path="/data/user/0/com.dangbei.screencast/app_UApm/5fc60c21094d637f3130af19/ready" dev="mmcblk0p25" ino=2114 scontext=u:r:platform_app:s0:c512,c768 tcontext=u:object_r:app_data_file:s0:c512,c768 tclass=dir permissive=1 app=com.dangbei.screencast
06-03 15:39:26.846 676 676 D BluetoothHidHostService: Connection state E4:BB:D3:57:C0:7A: 0->2
06-03 15:39:26.851 676 676 D BluetoothAdapterService: enable() - Enable called with quiet mode status = false
06-03 15:39:26.852 676 884 I AdapterState: ON : Unhandled message - BLE_TURN_ON
06-03 15:39:26.852 676 676 D AdapterProperties: PROFILE_CONNECTION_STATE_CHANGE: profile=4, device=E4:BB:D3:57:C0:7A, 0 -> 2
06-03 15:39:26.852 676 676 W AdapterProperties: PROFILE_CONNECTION_STATE_CHANGE: unexpected transition for profile=4, device=E4:BB:D3:57:C0:7A, 0 -> 2
06-03 15:39:26.859 676 676 D AdapterProperties: ADAPTER_CONNECTION_STATE_CHANGE: E4:BB:D3:57:C0:7A: 0 -> 2
06-03 15:39:26.859 676 676 W AdapterProperties: ADAPTER_CONNECTION_STATE_CHANGE: unexpected transition for profile=4, device=E4:BB:D3:57:C0:7A, 0 -> 2
06-03 15:39:26.861 689 885 D CachedBluetoothDevice: onProfileStateChanged: profile HID, device Dangbei, newProfileState 2
06-03 15:39:26.865 1934 1934 I DefaultIMS: onStartInput attribute=android.view.inputmethod.EditorInfo@737442e restarting=false inputType: 0
06-03 15:39:26.753 1423 1423 I efs-base: type=1400 audit(0.0:1068): avc: denied { read } for name="ready" dev="mmcblk0p25" ino=2114 scontext=u:r:platform_app:s0:c512,c768 tcontext=u:object_r:app_data_file:s0:c512,c768 tclass=dir permissive=1 app=com.dangbei.screencast
06-03 15:39:26.880 1423 1432 I gbei.screencas: Background young concurrent copying GC freed 73990(6531KB) AllocSpace objects, 2(40KB) LOS objects, 53% free, 6104KB/12MB, paused 757us total 120.315ms
06-03 15:39:26.908 676 988 I bt_stack: [INFO:gatt_sr.cc(818)] MTU request PDU with MTU size 247
01-01 08:00:53.857 33 33 I input : Dangbei as /devices/virtual/misc/uhid/0005:000D:3838.0003/input/input8
06-03 15:39:26.908 676 988 W bt_stack: [WARNING:gatt_utils.cc(790)] Call back not found for application conn_id=3
06-03 15:39:26.908 676 988 W bt_stack: [WARNING:gatt_utils.cc(790)] Call back not found for application conn_id=4
06-03 15:39:26.908 676 988 W bt_stack: [WARNING:gatt_utils.cc(790)] Call back not found for application conn_id=5
06-03 15:39:26.909 327 329 D XM_HIDREAD: add@ add@/devices/virtual/misc/uhid/0005:000D:3838.0003/input/input8/event6
01-01 08:00:53.900 2488 2488 W audit : audit_lost=569 audit_rate_limit=5 audit_backlog_limit=64
06-03 15:39:26.753 1423 1423 I efs-base: type=1400 audit(0.0:1069): avc: denied { open } for path="/data/user/0/com.dangbei.screencast/app_UApm/5fc60c21094d637f3130af19/ready" dev="mmcblk0p25" ino=2114 scontext=u:r:platform_app:s0:c512,c768 tcontext=u:object_r:app_data_file:s0:c512,c768 tclass=dir permissive=1 app=com.dangbei.screencast
06-03 15:39:26.910 676 939 W bt_btif : system/bt/main/bte_logmsg.cc:194 LogMsg: bta_hh_co_send_hid_info: wrote descriptor to fd = 207, dscp_len = 80, result = 0
06-03 15:39:26.910 676 939 W bt_stack: [WARNING:btif_hh.cc(397)] Device e4:bb:d3:57:c0:7a already added
06-03 15:39:26.910 676 939 W bt_btif : system/bt/main/bte_logmsg.cc:194 LogMsg: btif_hh_upstreams_evt: Device already added
06-03 15:39:26.912 327 329 D XM_HIDREAD: add@ add@/devices/virtual/misc/uhid/0005:000D:3838.0003/input/input10
06-03 15:39:26.913 327 329 D XM_HIDREAD: add@ add@/devices/virtual/misc/uhid/0005:000D:3838.0003/input/input10/event7
06-03 15:39:26.913 327 329 D XM_HIDREAD: add@ add@/devices/virtual/misc/uhid/0005:000D:3838.0003/hidraw/hidraw2
06-03 15:39:26.913 327 329 D XM_HIDREAD: ready open:/dev/hidraw2
06-03 15:39:26.914 327 329 D XM_HIDREAD: open:/dev/hidraw2 resultFD:-1
06-03 15:39:26.914 327 329 E XM_HIDREAD: open hidraw error: No such file or directory, wait to retry...
01-01 08:00:53.936 33 33 I input : Dangbei Consumer Control as /devices/virtual/misc/uhid/0005:000D:3838.0003/input/input10
01-01 08:00:53.938 33 33 I hid-generic 0005: 000D:3838.0003: input,hidraw2: BLUETOOTH HID v0.00 Keyboard [Dangbei] on
06-03 15:39:26.922 484 609 D EventHub: No input device configuration file found for device 'Dangbei'.
06-03 15:39:26.933 484 609 I EventHub: usingClockIoctl=true
06-03 15:39:26.933 484 609 I EventHub: New device: id=7, fd=372, path='/dev/input/event6', name='Dangbei', classes=KEYBOARD | EXTERNAL, configuration='', keyLayout='/system/usr/keylayout/Vendor_000d_Product_3838.kl', keyCharacterMap='/system/usr/keychars/Generic.kcm', builtinKeyboard=false,
06-03 15:39:26.933 484 609 I InputReader: Device added: id=5, eventHubId=7, name='Dangbei', descriptor='651c02fc25e22f45bf8fc0886230121b32a1c5c9',sources=0x00000101
06-03 15:39:26.937 484 609 D EventHub: No input device configuration file found for device 'Dangbei Consumer Control'.
06-03 15:39:26.941 484 609 W EventHub: Unable to disable kernel key repeat for /dev/input/event7: Function not implemented
06-03 15:39:26.941 484 609 I EventHub: usingClockIoctl=true
06-03 15:39:26.941 484 609 I EventHub: New device: id=8, fd=373, path='/dev/input/event7', name='Dangbei Consumer Control', classes=KEYBOARD | JOYSTICK | EXTERNAL, configuration='', keyLayout='/system/usr/keylayout/Vendor_000d_Product_3838.kl', keyCharacterMap='/system/usr/keychars/Generic.kcm', builtinKeyboard=false,
06-03 15:39:26.942 484 609 I InputReader: Device added: id=5, eventHubId=8, name='Dangbei Consumer Control', descriptor='651c02fc25e22f45bf8fc0886230121b32a1c5c9',sources=0x01000111
06-03 15:39:26.753 1423 1423 I pool-3-thread-2: type=1400 audit(0.0:1070): avc: denied { open } for path="/data/user/0/com.dangbei.screencast/app_UApm/5fc60c21094d637f3130af19/upload/wa_gzip_1_1_2534_1880_1748571747237" dev="mmcblk0p25" ino=5410 scontext=u:r:platform_app:s0:c512,c768 tcontext=u:object_r:app_data_file:s0:c512,c768 tclass=file permissive=1 app=com.dangbei.screencast
06-03 15:39:26.825 338 338 I xiriservice_All: type=1400 audit(0.0:1071): avc: denied { read } for scontext=u:r:init:s0 tcontext=u:r:init:s0 tclass=netlink_kobject_uevent_socket permissive=1
01-01 08:00:53.949 2488 2488 E audit : rate limit exceeded
06-03 15:39:26.957 338 339 D DONGLE_SERVICE: check_smartctrl_hidraw_node, vid=13, pid =14392
06-03 15:39:26.957 338 339 E DONGLE_SERVICE: not supported: /dev/hidraw2
06-03 15:39:26.960 216 735 I keystore2: keystore2::watchdog: Watchdog thread idle -> terminating. Have a great day.
06-03 15:39:26.962 1043 1266 E ccc : cccccc UpdateHelper onMessageReceived com.dangbei.haqusetting com.dangbei.etna.update {"action":"get","functionTag":"leaf_controller_function_controller_dangbei_update","value":0} com.dangbei.lerad.etna.aidl.IEtnaAidlCallback$Stub$Proxy@2863968
06-03 15:39:26.966 1043 1266 E RCInfo : vid:000d
06-03 15:39:26.966 1043 1266 E RCInfo : pid:3838
06-03 15:39:26.975 1043 1266 D BluetoothGatt: connect() - device: E4:BB:D3:57:C0:7A, auto: true
06-03 15:39:26.976 1043 1266 D BluetoothGatt: registerApp()
06-03 15:39:26.978 1043 1266 D BluetoothGatt: registerApp() - UUID=907a807d-c018-4b6a-96d6-fa968c8632f4
06-03 15:39:26.984 676 988 I bt_stack: [INFO:eatt_impl.h(578)] supported_features_cb e4:bb:d3:57:c0:7a is_eatt_supported = 0
06-03 15:39:26.989 676 988 I bluetooth: system/bt/stack/gatt/gatt_api.cc:1019 GATT_Register: Allocated name:GattClient uuid:ecca531d-15c2-ae0f-9d20-d99a60841bfa gatt_if:6 eatt_support:0
06-03 15:39:26.989 676 988 I bt_bta_gattc: system/bt/bta/gatt/bta_gattc_act.cc:1110 bta_gattc_conn_cback: Connected att_id:6 transport:le reason:GATT_CONN_OK
06-03 15:39:26.991 285 459 D AudioFlinger: mixer(0xef63bc40) throttle end: throttle time(29)
06-03 15:39:27.005 1043 1069 D BluetoothGatt: onClientRegistered() - status=0 clientIf=6
06-03 15:39:27.009 676 939 I bt_btif_config: system/bt/btif/src/btif_config.cc:137 btif_get_device_type: Device [e4:bb:d3:57:c0:7a] device type 2
06-03 15:39:27.011 1043 1069 D BluetoothGatt: onClientConnectionState() - status=0 clientIf=6 device=E4:BB:D3:57:C0:7A
06-03 15:39:27.013 1043 1069 D BluetoothGatt: discoverServices() - device: E4:BB:D3:57:C0:7A
06-03 15:39:27.014 327 329 E XM_HIDREAD: trying to reopen hidraw: /dev/hidraw2
06-03 15:39:27.014 327 329 D XM_HIDREAD: ready open:/dev/hidraw2
06-03 15:39:27.014 327 329 D XM_HIDREAD: open:/dev/hidraw2 resultFD:10
06-03 15:39:27.014 327 329 D XM_HIDREAD: 1 ready ioctl hidrawFD 10
06-03 15:39:27.014 327 329 D XM_HIDREAD: 2 ready ioctl hidrawFD 10
06-03 15:39:27.014 327 329 D XM_HIDREAD: 3 ready ioctl hidrawFD 10
06-03 15:39:27.014 327 329 D XM_HIDREAD: 4 ready ioctl hidrawFD 10
06-03 15:39:27.014 327 329 D XM_HIDREAD: ioctl hidrawFD HIDIOCGRDESC ret 0
06-03 15:39:27.014 327 329 D XM_HIDREAD: dinfo.vendor:13,dinfo.product:14392
06-03 15:39:27.014 327 329 D XM_HIDREAD: m_pid:0x3838,m_vid:0x000d
06-03 15:39:27.014 327 329 D XM_HIDREAD: /dev/hidraw2 open succussfully!
06-03 15:39:27.015 327 329 D XM_HIDREAD: add@ add@/devices/virtual/wakeup/wakeup30
06-03 15:39:27.015 327 329 D XM_HIDREAD: add@ add@/devices/virtual/wakeup/wakeup31
06-03 15:39:27.016 1043 1071 D BluetoothGatt: connect() - device: E4:BB:D3:57:C0:7A, auto: true
06-03 15:39:27.016 1043 1071 D BluetoothGatt: registerApp()
06-03 15:39:27.017 1043 1071 D BluetoothGatt: registerApp() - UUID=e1bf7389-9df5-46c1-b3bf-fb4774f2ead9
06-03 15:39:27.032 676 988 I bluetooth: system/bt/stack/gatt/gatt_api.cc:1019 GATT_Register: Allocated name:GattClient uuid:dd45414c-66e2-e0f1-487f-b1a212670dcb gatt_if:7 eatt_support:0
06-03 15:39:27.032 676 988 I bt_bta_gattc: system/bt/bta/gatt/bta_gattc_act.cc:1110 bta_gattc_conn_cback: Connected att_id:7 transport:le reason:GATT_CONN_OK
06-03 15:39:27.033 1043 1071 E ccc : cccccc 请求电量实时 -1
06-03 15:39:27.036 1043 1071 D BluetoothGatt: onClientRegistered() - status=0 clientIf=7
06-03 15:39:27.040 676 939 I bt_bta_gattc: system/bt/bta/gatt/bta_gattc_cache.cc:902 bta_gattc_get_gatt_db: bta_gattc_get_gatt_db
06-03 15:39:27.049 676 939 I bt_btif_config: system/bt/btif/src/btif_config.cc:137 btif_get_device_type: Device [e4:bb:d3:57:c0:7a] device type 2
06-03 15:39:27.050 1043 1069 D BluetoothGatt: onClientConnectionState() - status=0 clientIf=7 device=E4:BB:D3:57:C0:7A
06-03 15:39:27.050 1043 1069 D BluetoothGatt: discoverServices() - device: E4:BB:D3:57:C0:7A
06-03 15:39:27.051 1043 1071 D BluetoothGatt: onSearchComplete() = Device=E4:BB:D3:57:C0:7A Status=0
06-03 15:39:27.053 676 939 I bt_bta_gattc: system/bt/bta/gatt/bta_gattc_cache.cc:902 bta_gattc_get_gatt_db: bta_gattc_get_gatt_db
06-03 15:39:27.060 1043 1071 D BluetoothGatt: onSearchComplete() = Device=E4:BB:D3:57:C0:7A Status=0
06-03 15:39:27.080 1423 1649 I efs.base: wa upload fail, resp is HttpResponse {succ=false, code=-1, data='', extra={}}
06-03 15:39:27.081 1423 1622 I efs.send_log: request error cnt gt 5, next request delay 10s
06-03 15:39:27.126 1043 1071 E ccc : cccccc hhhhhhhhhh RC version is DB-15B-H5-R0111
06-03 15:39:27.128 484 844 D ConnectivityService: requestNetwork for uid/pid:1000/2499 activeRequest: null callbackRequest: 35 [NetworkRequest [ REQUEST id=36, [ Capabilities: INTERNET&NOT_RESTRICTED&TRUSTED&NOT_VCN_MANAGED Uid: 1000 RequestorUid: 1000 RequestorPkg: com.dangbei.haqusetting] ]] callback flags: 0 priority: 2147483647
06-03 15:39:27.133 484 627 D ConnectivityService: NetReassign [36 : null → 100]
06-03 15:39:27.141 484 663 D Ethernet: got request NetworkRequest [ REQUEST id=36, [ Capabilities: INTERNET&NOT_RESTRICTED&TRUSTED&NOT_VCN_MANAGED Uid: 1000 RequestorUid: 1000 RequestorPkg: com.dangbei.haqusetting] ]
06-03 15:39:27.142 484 663 D EthernetNetworkFactory: acceptRequest, request: NetworkRequest [ REQUEST id=36, [ Capabilities: INTERNET&NOT_RESTRICTED&TRUSTED&NOT_VCN_MANAGED Uid: 1000 RequestorUid: 1000 RequestorPkg: com.dangbei.haqusetting] ]
06-03 15:39:27.143 484 663 I EthernetNetworkFactory: networkForRequest, request: NetworkRequest [ REQUEST id=36, [ Capabilities: INTERNET&NOT_RESTRICTED&TRUSTED&NOT_VCN_MANAGED Uid: 1000 RequestorUid: 1000 RequestorPkg: com.dangbei.haqusetting] ], network: null
06-03 15:39:27.144 484 620 D WifiNetworkFactory: got request NetworkRequest [ REQUEST id=36, [ Capabilities: INTERNET&NOT_RESTRICTED&TRUSTED&NOT_VCN_MANAGED Uid: 1000 RequestorUid: 1000 RequestorPkg: com.dangbei.haqusetting] ]
06-03 15:39:27.144 484 620 D UntrustedWifiNetworkFactory: got request NetworkRequest [ REQUEST id=36, [ Capabilities: INTERNET&NOT_RESTRICTED&TRUSTED&NOT_VCN_MANAGED Uid: 1000 RequestorUid: 1000 RequestorPkg: com.dangbei.haqusetting] ]
06-03 15:39:27.146 1934 1934 I DefaultIMS: onStartInput attribute=android.view.inputmethod.EditorInfo@2e23bcf restarting=false inputType: 0
06-03 15:39:27.147 484 620 D OemPaidWifiNetworkFactory: got request NetworkRequest [ REQUEST id=36, [ Capabilities: INTERNET&NOT_RESTRICTED&TRUSTED&NOT_VCN_MANAGED Uid: 1000 RequestorUid: 1000 RequestorPkg: com.dangbei.haqusetting] ]
06-03 15:39:27.149 1043 1071 E RCInfo : vid:000d
06-03 15:39:27.149 1043 1071 E RCInfo : pid:3838
06-03 15:39:27.151 1043 1071 E RCInfo : vid:000d
06-03 15:39:27.151 1043 1071 E RCInfo : pid:3838
06-03 15:39:27.153 1043 1071 E ccc : cccccc 实时获取遥控器版本 DB-15B-H5-R0111
06-03 15:39:27.174 2499 2537 I OpenGLRenderer: Davey! duration=9223371984983ms; Flags=0, FrameTimelineVsyncId=1717, IntendedVsync=51870819415, Vsync=51920819413, InputEventId=0, HandleInputStart=51932671564, AnimationStart=51932677689, PerformTraversalsStart=51932681481, DrawStart=51946624981, FrameDeadline=51904152747, FrameInterval=51932652773, FrameStartTime=16666666, SyncQueued=51947399814, SyncStart=51947458023, IssueDrawCommandsStart=51947778106, SwapBuffers=51951618064, FrameCompleted=9223372036854775807, DequeueBufferDuration=40500, QueueBufferDuration=897542, GpuCompleted=9223372036854775807, SwapBuffersCompleted=51953388564, DisplayPresentTime=0,
06-03 15:39:27.190 2499 2527 I OpenGLRenderer: Davey! duration=9223371984900ms; Flags=0, FrameTimelineVsyncId=1729, IntendedVsync=51954070531, Vsync=51954070531, InputEventId=0, HandleInputStart=51954626356, AnimationStart=51954632773, PerformTraversalsStart=51954636064, DrawStart=51956802314, FrameDeadline=51987403863, FrameInterval=51954613564, FrameStartTime=16666666, SyncQueued=51959420939, SyncStart=51959500189, IssueDrawCommandsStart=51959947898, SwapBuffers=51965849564, FrameCompleted=9223372036854775807, DequeueBufferDuration=52375, QueueBufferDuration=909208, GpuCompleted=9223372036854775807, SwapBuffersCompleted=51967586023, DisplayPresentTime=0,
06-03 15:39:27.207 2499 2527 I OpenGLRenderer: Davey! duration=9223371984883ms; Flags=0, FrameTimelineVsyncId=1732, IntendedVsync=51970739534, Vsync=51970739534, InputEventId=0, HandleInputStart=51972572606, AnimationStart=51972579314, PerformTraversalsStart=51972582356, DrawStart=51972915564, FrameDeadline=52004072866, FrameInterval=51972559106, FrameStartTime=16666666, SyncQueued=51974438856, SyncStart=51974505273, IssueDrawCommandsStart=51976274939, SwapBuffers=51982346023, FrameCompleted=9223372036854775807, DequeueBufferDuration=48500, QueueBufferDuration=1599333, GpuCompleted=9223372036854775807, SwapBuffersCompleted=51985149939, DisplayPresentTime=0,
06-03 15:39:27.226 2499 2537 I OpenGLRenderer: Davey! duration=9223371984867ms; Flags=0, FrameTimelineVsyncId=1735, IntendedVsync=51987363911, Vsync=51987363911, InputEventId=0, HandleInputStart=51987945356, AnimationStart=51987950814, PerformTraversalsStart=51987954398, DrawStart=51988160898, FrameDeadline=52020697243, FrameInterval=51987934648, FrameStartTime=16666666, SyncQueued=51988965606, SyncStart=51989098773, IssueDrawCommandsStart=51989497023, SwapBuffers=51995449439, FrameCompleted=9223372036854775807, DequeueBufferDuration=49959, QueueBufferDuration=879000, GpuCompleted=9223372036854775807, SwapBuffersCompleted=51997159939, DisplayPresentTime=0,
06-03 15:39:27.280 1092 1476 I OpenGLRenderer: Davey! duration=9223371984833ms; Flags=0, FrameTimelineVsyncId=1739, IntendedVsync=52020714247, Vsync=52020714247, InputEventId=1292291947, HandleInputStart=52021711481, AnimationStart=52021717231, PerformTraversalsStart=52021977814, DrawStart=52026457231, FrameDeadline=52054047579, FrameInterval=52021699356, FrameStartTime=16666666, SyncQueued=52029100439, SyncStart=52029453981, IssueDrawCommandsStart=52030911231, SwapBuffers=52048599398, FrameCompleted=9223372036854775807, DequeueBufferDuration=70625, QueueBufferDuration=1271500, GpuCompleted=9223372036854775807, SwapBuffersCompleted=52051515981, DisplayPresentTime=0,
06-03 15:39:27.327 1092 1401 I OpenGLRenderer: Davey! duration=9223371984814ms; Flags=0, FrameTimelineVsyncId=1741, IntendedVsync=52037389971, Vsync=52037389971, InputEventId=0, HandleInputStart=52045279439, AnimationStart=52045286856, PerformTraversalsStart=52045832356, DrawStart=52048647898, FrameDeadline=52070723303, FrameInterval=52045264606, FrameStartTime=16666666, SyncQueued=52049252564, SyncStart=52051957356, IssueDrawCommandsStart=52055818106, SwapBuffers=52099944273, FrameCompleted=9223372036854775807, DequeueBufferDuration=780167, QueueBufferDuration=2217333, GpuCompleted=9223372036854775807, SwapBuffersCompleted=52105877439, DisplayPresentTime=0,
06-03 15:39:27.341 1043 1071 E ccc : cccccc settingHelper resetManager
06-03 15:39:27.346 484 1011 W ZramWriteback: Writeback device is not set
06-03 15:39:27.346 1043 1071 D DisplayOutputImpl: updateSupportModes type = 4
06-03 15:39:27.346 484 1011 D ZramWriteback: wait to flush
06-03 15:39:27.350 271 271 D DisplayConfig: virtual Return vendor::display::config::V1_0::implementation::DisplayConfig::getSupportedModes(int32_t, vendor::display::config::V1_0::IDisplayConfig::getSupportedModes_cb): display[0] ret=0, supported modes count(9)
06-03 15:39:27.355 271 271 D DisplayConfig: virtual Return vendor::display::config::V1_0::implementation::DisplayConfig::getSupportedModes(int32_t, vendor::display::config::V1_0::IDisplayConfig::getSupportedModes_cb): display[0] ret=0, supported modes count(9)
06-03 15:39:27.357 271 271 W displayd: xxxxxxx: hdmi user strategy: 255
06-03 15:39:27.359 271 271 W displayd: xxxxxxx: getHDMINativeMode: use perfect hdmi mode(10) as native mode
06-03 15:39:27.360 1092 1401 I OpenGLRenderer: Davey! duration=9223371984761ms; Flags=0, FrameTimelineVsyncId=1743, IntendedVsync=52054066815, Vsync=52054066815, InputEventId=0, HandleInputStart=52058591189, AnimationStart=52058597231, PerformTraversalsStart=52059781023, DrawStart=52067087231, FrameDeadline=52087400147, FrameInterval=52058572981, FrameStartTime=16666666, SyncQueued=52067260189, SyncStart=52106361064, IssueDrawCommandsStart=52109170106, SwapBuffers=52123829398, FrameCompleted=9223372036854775807, DequeueBufferDuration=75709, QueueBufferDuration=2670208, GpuCompleted=9223372036854775807, SwapBuffersCompleted=52131544689, DisplayPresentTime=0,
06-03 15:39:27.362 1043 1071 D DisplayOutputImpl: updateSupportModes = 10 , 255 , true
06-03 15:39:27.363 1043 1071 V HdmiDisplayManager: H618
06-03 15:39:27.364 271 271 D DisplayConfig: virtual Return vendor::display::config::V1_0::implementation::DisplayConfig::getSupportedModes(int32_t, vendor::display::config::V1_0::IDisplayConfig::getSupportedModes_cb): display[0] ret=0, supported modes count(9)
06-03 15:39:27.366 271 271 W displayd: xxxxxxx: hdmi user strategy: 255
06-03 15:39:27.367 271 271 W displayd: xxxxxxx: getHDMINativeMode: use perfect hdmi mode(10) as native mode
06-03 15:39:27.367 1043 1071 D DisplayOutputImpl: getDisplayOutputMode = 10 , 255 , true
06-03 15:39:27.370 271 271 D DisplayConfig: virtual Return vendor::display::config::V1_0::implementation::DisplayConfig::getSupportedModes(int32_t, vendor::display::config::V1_0::IDisplayConfig::getSupportedModes_cb): display[0] ret=0, supported modes count(9)
06-03 15:39:27.375 271 305 W displayd: xxxxxxx: hdmi user strategy: 255
06-03 15:39:27.378 271 305 W displayd: xxxxxxx: getHDMINativeMode: use perfect hdmi mode(10) as native mode
06-03 15:39:27.378 1043 1071 D DisplayOutputImpl: getDisplayOutputMode = 10 , 255 , true
06-03 15:39:27.379 1043 1071 E ccc : cccccc current is AUTO(1080p 60Hz)
06-03 15:39:27.380 1043 1071 D DisplayOutputImpl: updateSupportModes type = 4
