05-30 08:38:37.233 386 848 V C2Store : loading dll
05-30 08:38:37.234 766 766 D ApplicationLoaders: Returning zygote-cached class loader: /system/framework/android.test.base.jar
05-30 08:38:37.238 484 618 W BestClock: java.time.DateTimeException: Missing NTP fix
05-30 08:38:37.240 371 481 D Codec2InfoBuilder: codec entry for 'c2.android.gsm.decoder' is disabled
05-30 08:38:37.241 386 822 V C2Store : in ~ComponentModule
05-30 08:38:37.241 386 822 V C2Store : unloading dll
05-30 08:38:37.241 255 255 D Zygote : Forked child process 849
05-30 08:38:37.241 386 822 V C2Store : in init
05-30 08:38:37.241 386 822 V C2Store : loading dll
05-30 08:38:37.243 290 340 D PermissionCache: checking android.permission.ACCESS_SURFACE_FLINGER for uid=10062 => granted (1568 us)
05-30 08:38:37.246 484 548 I ActivityManager: app.processName = android.ext.services
05-30 08:38:37.246 484 548 I ActivityManager: Start proc 849:android.ext.services/u0a75 for service {android.ext.services/android.ext.services.autofill.InlineSuggestionRenderServiceImpl}
05-30 08:38:37.247 484 618 W BestClock: java.time.DateTimeException: Missing NTP fix
05-30 08:38:37.250 371 481 I Codec2InfoBuilder: adding type 'video/3gpp'
05-30 08:38:37.250 484 618 W BestClock: java.time.DateTimeException: Missing NTP fix
05-30 08:38:37.253 484 618 W BestClock: java.time.DateTimeException: Missing NTP fix
05-30 08:38:37.254 484 618 W BestClock: java.time.DateTimeException: Missing NTP fix
05-30 08:38:37.254 849 849 I Zygote : seccomp disabled by setenforce 0
05-30 08:38:37.256 386 432 V C2Store : in init
05-30 08:38:37.256 386 432 V C2Store : loading dll
05-30 08:38:37.257 386 848 V C2Store : in ~ComponentModule
05-30 08:38:37.257 386 848 V C2Store : unloading dll
05-30 08:38:37.266 484 532 W IorapForwardingService: No service published for: iorapd
05-30 08:38:37.274 407 425 I adbd : jdwp connection from 849
05-30 08:38:37.275 371 481 I Codec2InfoBuilder: adding type 'video/3gpp'
05-30 08:38:37.278 386 822 V C2Store : in init
05-30 08:38:37.279 386 432 V C2Store : in ~ComponentModule
05-30 08:38:37.279 386 822 V C2Store : loading dll
05-30 08:38:37.283 386 432 V C2Store : unloading dll
05-30 08:38:37.287 371 481 I Codec2InfoBuilder: adding type 'video/hevc'
05-30 08:38:37.289 786 786 V GraphicsEnvironment: ANGLE Developer option for 'com.android.se' set to: 'default'
05-30 08:38:37.290 786 786 V GraphicsEnvironment: Neither updatable production driver nor prerelease driver is supported.
05-30 08:38:37.290 386 848 V C2Store : in init
05-30 08:38:37.290 386 848 V C2Store : loading dll
05-30 08:38:37.292 386 848 I mediaswcodec: missing struct descriptor #Param::CoreIndex(--004) for field values of struct #Param::CoreIndex(F-12004)
05-30 08:38:37.293 386 848 D C2SoftHevcEnc: Given level 6000 does not cover current configuration: adjusting to 6001
05-30 08:38:37.296 786 786 D NetworkSecurityConfig: No Network Security Config specified, using platform default
05-30 08:38:37.296 386 848 I mediaswcodec: missing struct descriptor #Param::CoreIndex(--004) for field values of struct #Param::CoreIndex(F-12004)
05-30 08:38:37.297 386 822 V C2Store : in ~ComponentModule
05-30 08:38:37.299 786 786 D NetworkSecurityConfig: No Network Security Config specified, using platform default
05-30 08:38:37.299 386 822 V C2Store : unloading dll
05-30 08:38:37.300 386 848 D C2SoftHevcEnc: Given level 6000 does not cover current configuration: adjusting to 6001
05-30 08:38:37.302 371 481 D Codec2InfoBuilder: codec entry for 'c2.android.hevc.encoder' is disabled
05-30 08:38:37.303 386 432 V C2Store : in init
05-30 08:38:37.303 386 432 V C2Store : loading dll
05-30 08:38:37.309 371 481 I Codec2InfoBuilder: adding type 'audio/mpeg'
05-30 08:38:37.310 386 431 V C2Store : in init
05-30 08:38:37.310 386 431 V C2Store : loading dll
05-30 08:38:37.311 386 432 V C2Store : in ~ComponentModule
05-30 08:38:37.311 386 432 V C2Store : unloading dll
05-30 08:38:37.312 386 848 V C2Store : in ~ComponentModule
05-30 08:38:37.313 386 848 V C2Store : unloading dll
05-30 08:38:37.317 786 786 I SecureElementService: main onCreate
05-30 08:38:37.318 766 766 D NetworkSecurityConfig: No Network Security Config specified, using platform default
05-30 08:38:37.320 824 824 V GraphicsEnvironment: ANGLE Developer option for 'com.android.tv.settings' set to: 'default'
05-30 08:38:37.321 824 824 V GraphicsEnvironment: Neither updatable production driver nor prerelease driver is supported.
05-30 08:38:37.321 484 817 D CompatibilityChangeReporter: Compat change id reported: 168419799; UID 10075; state: DISABLED
05-30 08:38:37.322 371 481 D Codec2InfoBuilder: codec entry for 'c2.android.mpeg2.decoder' is disabled
05-30 08:38:37.322 824 824 D NetworkSecurityConfig: No Network Security Config specified, using platform default
05-30 08:38:37.322 386 432 V C2Store : in init
05-30 08:38:37.323 386 432 V C2Store : loading dll
05-30 08:38:37.323 484 484 W Looper : Slow dispatch took 103ms main h=android.os.Handler c=com.android.server.hdmi.WorkSourceUidPreservingRunnable@4786617 m=0
05-30 08:38:37.324 824 824 D NetworkSecurityConfig: No Network Security Config specified, using platform default
05-30 08:38:37.325 386 822 V C2Store : in ~ComponentModule
05-30 08:38:37.325 386 822 V C2Store : unloading dll
05-30 08:38:37.333 371 481 I Codec2InfoBuilder: adding type 'video/mp4v-es'
05-30 08:38:37.334 484 529 D AdbService: setAdbEnabled(true), mIsAdbUsbEnabled=true, mIsAdbWifiEnabled=true, transportType=1
05-30 08:38:37.337 386 431 V C2Store : in init
05-30 08:38:37.337 386 431 V C2Store : loading dll
05-30 08:38:37.338 386 848 V C2Store : in ~ComponentModule
05-30 08:38:37.338 386 848 V C2Store : unloading dll
05-30 08:38:37.338 849 849 D CompatibilityChangeReporter: Compat change id reported: 171979766; UID 10075; state: DISABLED
05-30 08:38:37.339 786 786 I SecureElementService: Check if terminal eSE1 is available.
05-30 08:38:37.343 689 689 D CompatibilityChangeReporter: Compat change id reported: 160794467; UID 10062; state: ENABLED
05-30 08:38:37.348 371 481 I Codec2InfoBuilder: adding type 'video/mp4v-es'
05-30 08:38:37.349 193 193 I hwservicemanager: getTransport: Cannot find entry android.hardware.secure_element@1.2::ISecureElement/eSE1 in either framework or device VINTF manifest.
05-30 08:38:37.350 786 786 D SecureElement-Terminal-eSE1: SE Hal V1.2 is not supported
05-30 08:38:37.352 386 432 V C2Store : in init
05-30 08:38:37.353 386 432 V C2Store : loading dll
05-30 08:38:37.354 193 193 I hwservicemanager: getTransport: Cannot find entry android.hardware.secure_element@1.1::ISecureElement/eSE1 in either framework or device VINTF manifest.
05-30 08:38:37.357 786 786 D SecureElement-Terminal-eSE1: SE Hal V1.1 is not supported
05-30 08:38:37.358 689 689 D TvPipMenuController: onMediaActionsChanged()
05-30 08:38:37.359 193 193 I hwservicemanager: getTransport: Cannot find entry android.hardware.secure_element@1.0::ISecureElement/eSE1 in either framework or device VINTF manifest.
05-30 08:38:37.359 371 481 I Codec2InfoBuilder: adding type 'audio/opus'
05-30 08:38:37.360 386 822 V C2Store : in init
05-30 08:38:37.360 386 822 V C2Store : loading dll
05-30 08:38:37.362 786 786 I SecureElementService: No HAL implementation for eSE1
05-30 08:38:37.364 676 676 E droid.bluetoot: [0530/083837.363102:ERROR:hal_version_manager.h(125)] HalVersionManager No supported HAL version
05-30 08:38:37.364 786 786 I SecureElementService: Check if terminal SIM1 is available.
05-30 08:38:37.366 193 193 I hwservicemanager: getTransport: Cannot find entry android.hardware.secure_element@1.2::ISecureElement/SIM1 in either framework or device VINTF manifest.
05-30 08:38:37.367 371 481 I Codec2InfoBuilder: adding type 'audio/opus'
05-30 08:38:37.367 786 786 D SecureElement-Terminal-SIM1: SE Hal V1.2 is not supported
05-30 08:38:37.368 386 828 V C2Store : in init
05-30 08:38:37.369 386 828 V C2Store : loading dll
05-30 08:38:37.369 193 193 I hwservicemanager: getTransport: Cannot find entry android.hardware.secure_element@1.1::ISecureElement/SIM1 in either framework or device VINTF manifest.
05-30 08:38:37.369 676 676 I droid.bluetoot: [0530/083837.368208:INFO:btif_config_cache.cc(61)] BtifConfigCache, capacity: 10000
05-30 08:38:37.371 689 689 D TvPipNotification: setDelegate(), delegate=com.android.wm.shell.pip.tv.TvPipController@6fda715
05-30 08:38:37.371 689 689 D TvPipMenuController: setDelegate(), delegate=com.android.wm.shell.pip.tv.TvPipController@6fda715
05-30 08:38:37.372 484 817 D NetworkStats: registerNetworkStatsProvider from OffloadController uid/pid=1073/766
05-30 08:38:37.371 786 786 D SecureElement-Terminal-SIM1: SE Hal V1.1 is not supported
05-30 08:38:37.374 193 193 I hwservicemanager: getTransport: Cannot find entry android.hardware.secure_element@1.0::ISecureElement/SIM1 in either framework or device VINTF manifest.
05-30 08:38:37.375 371 481 I Codec2InfoBuilder: adding type 'audio/raw'
05-30 08:38:37.376 386 822 V C2Store : in ~ComponentModule
05-30 08:38:37.376 386 822 V C2Store : unloading dll
05-30 08:38:37.376 386 848 V C2Store : in init
05-30 08:38:37.376 386 848 V C2Store : loading dll
05-30 08:38:37.377 386 386 V C2Store : in ~ComponentModule
05-30 08:38:37.377 386 386 V C2Store : unloading dll
05-30 08:38:37.377 786 786 I SecureElementService: No HAL implementation for SIM1
05-30 08:38:37.379 689 689 W OneHandedController: Device doesn't support OneHanded feature
05-30 08:38:37.379 386 431 V C2Store : in ~ComponentModule
05-30 08:38:37.379 386 431 V C2Store : unloading dll
05-30 08:38:37.381 386 432 V C2Store : in ~ComponentModule
05-30 08:38:37.381 386 432 V C2Store : unloading dll
05-30 08:38:37.382 371 481 I Codec2InfoBuilder: adding type 'audio/vorbis'
05-30 08:38:37.383 386 828 V C2Store : in init
05-30 08:38:37.383 386 828 V C2Store : loading dll
05-30 08:38:37.383 386 848 V C2Store : in ~ComponentModule
05-30 08:38:37.383 386 848 V C2Store : unloading dll
05-30 08:38:37.392 371 481 I Codec2InfoBuilder: adding type 'video/x-vnd.on2.vp8'
05-30 08:38:37.393 386 848 V C2Store : in init
05-30 08:38:37.393 386 848 V C2Store : loading dll
05-30 08:38:37.394 386 822 V C2Store : in ~ComponentModule
05-30 08:38:37.394 386 822 V C2Store : unloading dll
05-30 08:38:37.397 386 848 I C2SoftVp8Enc: setting temporal layering 0 + 0
05-30 08:38:37.402 386 848 I C2SoftVp8Enc: setting temporal layering 0 + 0
05-30 08:38:37.400 276 276 I EventThread: type=1400 audit(0.0:349): avc: denied { search } for name="extcon" dev="sysfs" ino=18109 scontext=u:r:hal_tv_cec_default:s0 tcontext=u:object_r:sysfs_extcon:s0 tclass=dir permissive=1
05-30 08:38:37.405 371 481 I Codec2InfoBuilder: adding type 'video/x-vnd.on2.vp8'
05-30 08:38:37.406 484 484 I PackageWatchdog: Syncing health check requests for packages: {}
05-30 08:38:37.407 484 484 I ExplicitHealthCheckController: Service not ready to get health check supported packages. Binding...
05-30 08:38:37.408 849 849 I id.ext.services: type=1400 audit(0.0:350): avc: denied { getattr } for path="/data/data/android.ext.services" dev="mmcblk0p25" ino=436 scontext=u:r:platform_app:s0:c512,c768 tcontext=u:object_r:app_data_file:s0:c512,c768 tclass=dir permissive=1 app=android.ext.services
05-30 08:38:37.413 484 484 I ExplicitHealthCheckController: Explicit health check service is bound
05-30 08:38:37.419 386 828 V C2Store : in ~ComponentModule
05-30 08:38:37.419 386 828 V C2Store : unloading dll
05-30 08:38:37.420 386 848 V C2Store : in init
05-30 08:38:37.420 386 848 V C2Store : loading dll
05-30 08:38:37.429 676 676 I BluetoothServiceJni: hal_util_load_bt_library: loaded Bluetooth library successfully
05-30 08:38:37.429 371 481 D Codec2InfoBuilder: component 'c2.android.vp9.decoder' not found in xml
05-30 08:38:37.430 386 822 V C2Store : in init
05-30 08:38:37.430 386 822 V C2Store : loading dll
05-30 08:38:37.431 386 828 V C2Store : in ~ComponentModule
05-30 08:38:37.431 386 828 V C2Store : unloading dll
05-30 08:38:37.433 386 822 I C2SoftVp9Enc: setting temporal layering 0 + 0
05-30 08:38:37.435 676 676 D BluetoothAdapterService: onCreate()
05-30 08:38:37.437 386 822 I C2SoftVp9Enc: setting temporal layering 0 + 0
05-30 08:38:37.439 484 817 D NetworkStats: registerNetworkStatsProvider from BpfCoordinator uid/pid=1073/766
05-30 08:38:37.443 371 481 D Codec2InfoBuilder: codec entry for 'c2.android.vp9.encoder' is disabled
05-30 08:38:37.446 386 822 V C2Store : in ~ComponentModule
05-30 08:38:37.447 386 822 V C2Store : unloading dll
05-30 08:38:37.447 288 326 E cutils-trace: Error opening trace file: No such file or directory (2)
05-30 08:38:37.449 484 712 D MediaCodecList: codecHandlesFormat: no format, so no extra checks
05-30 08:38:37.450 484 713 D MediaCodecList: codecHandlesFormat: no format, so no extra checks
05-30 08:38:37.455 484 731 D CCodec : allocate(c2.android.vorbis.decoder)
05-30 08:38:37.455 484 732 D CCodec : allocate(c2.android.vorbis.decoder)
05-30 08:38:37.458 484 731 I Codec2Client: Available Codec2 services: "software"
05-30 08:38:37.461 386 822 V C2Store : in init
05-30 08:38:37.461 386 822 V C2Store : loading dll
05-30 08:38:37.466 254 254 I netd : registerUnsolicitedEventListener() <0.04ms>
05-30 08:38:37.470 766 766 D CompatibilityChangeReporter: Compat change id reported: 147600208; UID 1073; state: ENABLED
05-30 08:38:37.471 484 732 I CCodec : Created component [c2.android.vorbis.decoder]
05-30 08:38:37.471 484 731 I CCodec : Created component [c2.android.vorbis.decoder]
05-30 08:38:37.472 484 731 D CCodecConfig: read media type: audio/vorbis
05-30 08:38:37.472 484 732 D CCodecConfig: read media type: audio/vorbis
05-30 08:38:37.472 849 849 V GraphicsEnvironment: ANGLE Developer option for 'android.ext.services' set to: 'default'
05-30 08:38:37.473 849 849 V GraphicsEnvironment: Neither updatable production driver nor prerelease driver is supported.
05-30 08:38:37.474 484 589 D CompatibilityChangeReporter: Compat change id reported: 182478738; UID 1073; state: DISABLED
05-30 08:38:37.478 484 732 D ReflectedParamUpdater: extent() != 1 for single value type: algo.buffers.max-count.values
05-30 08:38:37.479 484 732 D ReflectedParamUpdater: extent() != 1 for single value type: output.subscribed-indices.values
05-30 08:38:37.479 676 676 D AdapterState: make() - Creating AdapterState
05-30 08:38:37.479 484 731 D ReflectedParamUpdater: extent() != 1 for single value type: algo.buffers.max-count.values
05-30 08:38:37.479 484 732 D ReflectedParamUpdater: extent() != 1 for single value type: input.buffers.allocator-ids.values
05-30 08:38:37.479 484 732 D ReflectedParamUpdater: extent() != 1 for single value type: output.buffers.allocator-ids.values
05-30 08:38:37.480 484 732 D ReflectedParamUpdater: extent() != 1 for single value type: algo.buffers.allocator-ids.values
05-30 08:38:37.480 484 731 D ReflectedParamUpdater: extent() != 1 for single value type: output.subscribed-indices.values
05-30 08:38:37.480 484 732 D ReflectedParamUpdater: extent() != 1 for single value type: output.buffers.pool-ids.values
05-30 08:38:37.480 484 731 D ReflectedParamUpdater: extent() != 1 for single value type: input.buffers.allocator-ids.values
05-30 08:38:37.480 484 732 D ReflectedParamUpdater: extent() != 1 for single value type: algo.buffers.pool-ids.values
05-30 08:38:37.480 484 731 D ReflectedParamUpdater: extent() != 1 for single value type: output.buffers.allocator-ids.values
05-30 08:38:37.481 484 731 D ReflectedParamUpdater: extent() != 1 for single value type: algo.buffers.allocator-ids.values
05-30 08:38:37.481 484 731 D ReflectedParamUpdater: extent() != 1 for single value type: output.buffers.pool-ids.values
05-30 08:38:37.481 484 731 D ReflectedParamUpdater: extent() != 1 for single value type: algo.buffers.pool-ids.values
05-30 08:38:37.484 849 849 D NetworkSecurityConfig: No Network Security Config specified, using platform default
05-30 08:38:37.485 849 849 D NetworkSecurityConfig: No Network Security Config specified, using platform default
05-30 08:38:37.485 484 731 I CCodecConfig: query failed after returning 7 values (BAD_INDEX)
05-30 08:38:37.485 484 732 I CCodecConfig: query failed after returning 7 values (BAD_INDEX)
05-30 08:38:37.485 484 484 D NetworkSecurityConfig: No Network Security Config specified, using platform default
05-30 08:38:37.485 484 731 D CCodecConfig: c2 config diff is Dict {
05-30 08:38:37.485 484 731 D CCodecConfig: c2::u32 coded.bitrate.value = 64000
05-30 08:38:37.485 484 731 D CCodecConfig: c2::u32 input.buffers.max-size.value = 32768
05-30 08:38:37.485 484 731 D CCodecConfig: c2::u32 input.delay.value = 0
05-30 08:38:37.485 484 731 D CCodecConfig: string input.media-type.value = "audio/vorbis"
05-30 08:38:37.485 484 731 D CCodecConfig: string output.media-type.value = "audio/raw"
05-30 08:38:37.485 484 731 D CCodecConfig: c2::u32 raw.channel-count.value = 1
05-30 08:38:37.485 484 731 D CCodecConfig: c2::u32 raw.sample-rate.value = 48000
05-30 08:38:37.485 484 731 D CCodecConfig: }
05-30 08:38:37.485 484 732 D CCodecConfig: c2 config diff is Dict {
05-30 08:38:37.485 484 732 D CCodecConfig: c2::u32 coded.bitrate.value = 64000
05-30 08:38:37.485 484 732 D CCodecConfig: c2::u32 input.buffers.max-size.value = 32768
05-30 08:38:37.485 484 732 D CCodecConfig: c2::u32 input.delay.value = 0
05-30 08:38:37.485 484 732 D CCodecConfig: string input.media-type.value = "audio/vorbis"
05-30 08:38:37.485 484 732 D CCodecConfig: string output.media-type.value = "audio/raw"
05-30 08:38:37.485 484 732 D CCodecConfig: c2::u32 raw.channel-count.value = 1
05-30 08:38:37.485 484 732 D CCodecConfig: c2::u32 raw.sample-rate.value = 48000
05-30 08:38:37.485 484 732 D CCodecConfig: }
05-30 08:38:37.485 484 484 D NetworkSecurityConfig: No Network Security Config specified, using platform default
05-30 08:38:37.487 484 731 D CCodec : [c2.android.vorbis.decoder] buffers are bound to CCodec for this session
05-30 08:38:37.487 484 732 D CCodec : [c2.android.vorbis.decoder] buffers are bound to CCodec for this session
05-30 08:38:37.487 484 731 D CCodecConfig: no c2 equivalents for durationUs
05-30 08:38:37.487 484 732 D CCodecConfig: no c2 equivalents for durationUs
05-30 08:38:37.487 484 731 D CCodecConfig: no c2 equivalents for track-id
05-30 08:38:37.487 484 732 D CCodecConfig: no c2 equivalents for track-id
05-30 08:38:37.487 484 731 D CCodecConfig: no c2 equivalents for csd-1
05-30 08:38:37.487 484 732 D CCodecConfig: no c2 equivalents for csd-1
05-30 08:38:37.487 484 731 D CCodecConfig: no c2 equivalents for channel-mask
05-30 08:38:37.487 484 732 D CCodecConfig: no c2 equivalents for channel-mask
05-30 08:38:37.487 484 731 D CCodecConfig: no c2 equivalents for flags
05-30 08:38:37.487 484 732 D CCodecConfig: no c2 equivalents for flags
05-30 08:38:37.488 484 731 D CCodecConfig: c2 config diff is c2::u32 raw.channel-count.value = 2
05-30 08:38:37.488 484 731 D CCodecConfig: c2::u32 raw.sample-rate.value = 44100
05-30 08:38:37.490 484 731 W Codec2Client: query -- param skipped: index = 1107298332.
05-30 08:38:37.490 484 731 D CCodec : setup formats input: AMessage(what = 0x00000000) = {
05-30 08:38:37.490 484 731 D CCodec : int32_t bitrate = 64000
05-30 08:38:37.490 484 731 D CCodec : int32_t channel-count = 2
05-30 08:38:37.490 484 731 D CCodec : int32_t max-input-size = 32768
05-30 08:38:37.490 484 731 D CCodec : string mime = "audio/vorbis"
05-30 08:38:37.490 484 731 D CCodec : int32_t sample-rate = 44100
05-30 08:38:37.490 484 731 D CCodec : }
05-30 08:38:37.490 484 731 D CCodec : setup formats output: AMessage(what = 0x00000000) = {
05-30 08:38:37.490 484 731 D CCodec : int32_t channel-count = 2
05-30 08:38:37.490 484 731 D CCodec : string mime = "audio/raw"
05-30 08:38:37.490 484 731 D CCodec : int32_t sample-rate = 44100
05-30 08:38:37.490 484 731 D CCodec : int32_t channel-mask = 3
05-30 08:38:37.490 484 731 D CCodec : }
05-30 08:38:37.490 484 731 I CCodecConfig: query failed after returning 7 values (BAD_INDEX)
05-30 08:38:37.491 484 732 D CCodecConfig: c2 config diff is c2::u32 raw.channel-count.value = 2
05-30 08:38:37.491 484 732 D CCodecConfig: c2::u32 raw.sample-rate.value = 44100
05-30 08:38:37.491 484 731 W Codec2Client: query -- param skipped: index = 1342179345.
05-30 08:38:37.491 484 731 W Codec2Client: query -- param skipped: index = 2415921170.
05-30 08:38:37.492 484 731 D C2Store : Using ION
05-30 08:38:37.493 484 731 D CCodecBufferChannel: [c2.android.vorbis.decoder#454] Created input block pool with allocatorID 16 => poolID 17 - OK (0)
05-30 08:38:37.493 386 848 D C2Store : Using ION
05-30 08:38:37.494 484 732 W Codec2Client: query -- param skipped: index = 1107298332.
05-30 08:38:37.494 484 732 D CCodec : setup formats input: AMessage(what = 0x00000000) = {
05-30 08:38:37.494 484 732 D CCodec : int32_t bitrate = 64000
05-30 08:38:37.494 484 732 D CCodec : int32_t channel-count = 2
05-30 08:38:37.494 484 732 D CCodec : int32_t max-input-size = 32768
05-30 08:38:37.494 484 732 D CCodec : string mime = "audio/vorbis"
05-30 08:38:37.494 484 732 D CCodec : int32_t sample-rate = 44100
05-30 08:38:37.494 484 732 D CCodec : }
05-30 08:38:37.495 484 732 D CCodec : setup formats output: AMessage(what = 0x00000000) = {
05-30 08:38:37.495 484 732 D CCodec : int32_t channel-count = 2
05-30 08:38:37.495 484 732 D CCodec : string mime = "audio/raw"
05-30 08:38:37.495 484 732 D CCodec : int32_t sample-rate = 44100
05-30 08:38:37.495 484 732 D CCodec : int32_t channel-mask = 3
05-30 08:38:37.495 484 732 D CCodec : }
05-30 08:38:37.495 484 732 I CCodecConfig: query failed after returning 7 values (BAD_INDEX)
05-30 08:38:37.495 484 529 I ServiceWatcher: [fused] connected to {com.android.location.fused/com.android.location.fused.FusedLocationService}
05-30 08:38:37.496 484 731 I CCodecBufferChannel: [c2.android.vorbis.decoder#454] Created output block pool with allocatorID 16 => poolID 17 - OK
05-30 08:38:37.496 484 731 D CCodecBufferChannel: [c2.android.vorbis.decoder#454] Configured output block pool ids 17 => OK
05-30 08:38:37.497 484 731 E ion : ioctl c0044901 failed with code -1: Inappropriate ioctl for device
05-30 08:38:37.498 484 732 W Codec2Client: query -- param skipped: index = 1342179345.
05-30 08:38:37.498 484 732 W Codec2Client: query -- param skipped: index = 2415921170.
05-30 08:38:37.500 484 484 E WiredAccessoryManager: No state change.
05-30 08:38:37.503 484 732 D CCodecBufferChannel: [c2.android.vorbis.decoder#566] Created input block pool with allocatorID 16 => poolID 18 - OK (0)
05-30 08:38:37.504 386 882 D SimpleC2Component: Using output block pool with poolID 17 => got 17 - 0
05-30 08:38:37.505 484 484 W WiredAccessoryManager: Both input event and extcon are used for audio jack, please just choose one.
05-30 08:38:37.510 386 386 E ion : ioctl c0044901 failed with code -1: Inappropriate ioctl for device
05-30 08:38:37.511 766 766 V WifiManager: registerSoftApCallback: callback=com.android.networkstack.tethering.Tethering$TetheringSoftApCallback@88661a6, executor=com.android.networkstack.tethering.Tethering$TetheringThreadExecutor@f5c57e7
05-30 08:38:37.516 484 732 I CCodecBufferChannel: [c2.android.vorbis.decoder#566] Created output block pool with allocatorID 16 => poolID 18 - OK
05-30 08:38:37.516 484 732 D CCodecBufferChannel: [c2.android.vorbis.decoder#566] Configured output block pool ids 18 => OK
05-30 08:38:37.519 676 884 I AdapterState: OFF : entered
05-30 08:38:37.519 676 884 D AdapterProperties: Setting state to OFF
05-30 08:38:37.520 484 484 W TrustManagerService: EXTRA_USER_HANDLE missing or invalid, value=0
05-30 08:38:37.521 386 881 D SimpleC2Component: Using output block pool with poolID 18 => got 18 - 0
05-30 08:38:37.522 676 676 D BluetoothKeystoreService: new BluetoothKeystoreService isCommonCriteriaMode: false
05-30 08:38:37.524 676 676 D BluetoothKeystoreService: start
05-30 08:38:37.520 890 890 I Thread-2: type=1400 audit(0.0:351): avc: denied { execute } for name="am" dev="dm-5" ino=1160 scontext=u:r:system_app:s0 tcontext=u:object_r:vendor_file:s0 tclass=file permissive=1
05-30 08:38:37.520 890 890 I Thread-2: type=1400 audit(0.0:352): avc: denied { read open } for path="/vendor/xbin/am" dev="dm-5" ino=1160 scontext=u:r:system_app:s0 tcontext=u:object_r:vendor_file:s0 tclass=file permissive=1
05-30 08:38:37.524 890 890 I Thread-2: type=1400 audit(0.0:353): avc: denied { execute_no_trans } for path="/vendor/xbin/am" dev="dm-5" ino=1160 scontext=u:r:system_app:s0 tcontext=u:object_r:vendor_file:s0 tclass=file permissive=1
05-30 08:38:37.530 484 844 D ConnectivityService: requestNetwork for uid/pid:1073/766 activeRequest: null callbackRequest: 21 [NetworkRequest [ TRACK_SYSTEM_DEFAULT id=21, [ Capabilities: INTERNET&NOT_RESTRICTED&TRUSTED&NOT_VPN&NOT_VCN_MANAGED RequestorUid: 1073 RequestorPkg: com.android.networkstack.tethering] ]] callback flags: 0 priority: 2147483647
05-30 08:38:37.548 484 627 D ConnectivityService: NetReassign [no changes]
05-30 08:38:37.575 676 676 I droid.bluetoot: [0530/083837.575407:INFO:com_android_bluetooth_btservice_BluetoothKeystore.cpp(97)] classInitNative: succeeds
05-30 08:38:37.575 193 193 I hwservicemanager: Notifying android.hardware.wifi@1.5::IWifi/default they have clients: 1
05-30 08:38:37.576 676 676 D BluetoothKeystoreService: setBluetoothKeystoreService(): set to: com.android.bluetooth.btservice.bluetoothkeystore.BluetoothKeystoreService@28783d0
05-30 08:38:37.587 484 817 D CompatibilityChangeReporter: Compat change id reported: 171306433; UID 1000; state: ENABLED
05-30 08:38:37.588 335 335 I rainbow_flow: type=1400 audit(0.0:354): avc: denied { ioctl } for path="/dev/spidev1.0" dev="tmpfs" ino=3840 ioctlcmd=0x6b00 scontext=u:r:init:s0 tcontext=u:object_r:device:s0 tclass=chr_file permissive=1
05-30 08:38:37.595 484 484 I SystemServerTiming: ManagedServices.unbindOtherUserServices_current0
05-30 08:38:37.596 484 484 D SystemServerTiming: ManagedServices.unbindOtherUserServices_current0 took to complete: 0ms
05-30 08:38:37.597 484 484 I SystemServerTiming: ManagedServices.unbindOtherUserServices_current0
05-30 08:38:37.597 484 484 D SystemServerTiming: ManagedServices.unbindOtherUserServices_current0 took to complete: 0ms
05-30 08:38:37.598 484 844 W ActivityManager: Unable to start service Intent { cmp=com.oranth.storage/.MainService } U=0: not found
05-30 08:38:37.600 484 484 I SystemServerTiming: ManagedServices.unbindOtherUserServices_current0
05-30 08:38:37.600 484 484 D SystemServerTiming: ManagedServices.unbindOtherUserServices_current0 took to complete: 1ms
05-30 08:38:37.600 484 484 V NotificationAssistants: enabling notification assistant for 0: ComponentInfo{android.ext.services/android.ext.services.notification.Assistant}
05-30 08:38:37.600 484 484 V NotificationAssistants: binding: Intent { act=android.service.notification.NotificationAssistantService cmp=android.ext.services/.notification.Assistant (has extras) }
05-30 08:38:37.619 824 898 D MediaCodecList: codecHandlesFormat: no format, so no extra checks
05-30 08:38:37.629 676 676 D BluetoothKeystoreService: loadConfigData
05-30 08:38:37.634 824 902 D CCodec : allocate(c2.android.vorbis.decoder)
05-30 08:38:37.638 359 359 D incidentd: WorkDirectory::getReports
05-30 08:38:37.641 824 902 I Codec2Client: Available Codec2 services: "software"
05-30 08:38:37.647 824 902 I CCodec : Created component [c2.android.vorbis.decoder]
05-30 08:38:37.648 824 899 D MediaCodecList: codecHandlesFormat: no format, so no extra checks
05-30 08:38:37.650 824 902 D CCodecConfig: read media type: audio/vorbis
05-30 08:38:37.655 824 902 D ReflectedParamUpdater: extent() != 1 for single value type: algo.buffers.max-count.values
05-30 08:38:37.657 824 909 D CCodec : allocate(c2.android.vorbis.decoder)
05-30 08:38:37.658 824 902 D ReflectedParamUpdater: extent() != 1 for single value type: output.subscribed-indices.values
05-30 08:38:37.659 824 902 D ReflectedParamUpdater: extent() != 1 for single value type: input.buffers.allocator-ids.values
05-30 08:38:37.660 824 902 D ReflectedParamUpdater: extent() != 1 for single value type: output.buffers.allocator-ids.values
05-30 08:38:37.660 824 902 D ReflectedParamUpdater: extent() != 1 for single value type: algo.buffers.allocator-ids.values
05-30 08:38:37.661 824 902 D ReflectedParamUpdater: extent() != 1 for single value type: output.buffers.pool-ids.values
05-30 08:38:37.661 824 902 D ReflectedParamUpdater: extent() != 1 for single value type: algo.buffers.pool-ids.values
05-30 08:38:37.662 824 909 I CCodec : Created component [c2.android.vorbis.decoder]
05-30 08:38:37.664 824 909 D CCodecConfig: read media type: audio/vorbis
05-30 08:38:37.656 484 484 I Binder:484_7: type=1400 audit(0.0:355): avc: denied { read } for name="u:object_r:vendor_default_prop:s0" dev="tmpfs" ino=1441 scontext=u:r:system_server:s0 tcontext=u:object_r:vendor_default_prop:s0 tclass=file permissive=1
05-30 08:38:37.660 484 484 I Binder:484_7: type=1400 audit(0.0:356): avc: denied { open } for path="/dev/__properties__/u:object_r:vendor_default_prop:s0" dev="tmpfs" ino=1441 scontext=u:r:system_server:s0 tcontext=u:object_r:vendor_default_prop:s0 tclass=file permissive=1
05-30 08:38:37.667 824 902 I CCodecConfig: query failed after returning 7 values (BAD_INDEX)
05-30 08:38:37.667 824 902 D CCodecConfig: c2 config diff is Dict {
05-30 08:38:37.667 824 902 D CCodecConfig: c2::u32 coded.bitrate.value = 64000
05-30 08:38:37.667 824 902 D CCodecConfig: c2::u32 input.buffers.max-size.value = 32768
05-30 08:38:37.667 824 902 D CCodecConfig: c2::u32 input.delay.value = 0
05-30 08:38:37.667 824 902 D CCodecConfig: string input.media-type.value = "audio/vorbis"
05-30 08:38:37.667 824 902 D CCodecConfig: string output.media-type.value = "audio/raw"
05-30 08:38:37.667 824 902 D CCodecConfig: c2::u32 raw.channel-count.value = 1
05-30 08:38:37.667 824 902 D CCodecConfig: c2::u32 raw.sample-rate.value = 48000
05-30 08:38:37.667 824 902 D CCodecConfig: }
05-30 08:38:37.664 484 484 I Binder:484_7: type=1400 audit(0.0:357): avc: denied { getattr } for path="/dev/__properties__/u:object_r:vendor_default_prop:s0" dev="tmpfs" ino=1441 scontext=u:r:system_server:s0 tcontext=u:object_r:vendor_default_prop:s0 tclass=file permissive=1
05-30 08:38:37.664 484 484 I Binder:484_7: type=1400 audit(0.0:358): avc: denied { map } for path="/dev/__properties__/u:object_r:vendor_default_prop:s0" dev="tmpfs" ino=1441 scontext=u:r:system_server:s0 tcontext=u:object_r:vendor_default_prop:s0 tclass=file permissive=1
05-30 08:38:37.673 484 534 D CompatibilityChangeReporter: Compat change id reported: 158002302; UID 1000; state: ENABLED
05-30 08:38:37.673 484 844 W ActivityManager: Unable to start service Intent { cmp=com.oranth.ledstatus/.LedStatusService } U=0: not found
05-30 08:38:37.674 824 902 D CCodec : [c2.android.vorbis.decoder] buffers are bound to CCodec for this session
05-30 08:38:37.675 824 902 D CCodecConfig: no c2 equivalents for durationUs
05-30 08:38:37.679 824 902 D CCodecConfig: no c2 equivalents for track-id
05-30 08:38:37.683 824 902 D CCodecConfig: no c2 equivalents for csd-1
05-30 08:38:37.685 824 902 D CCodecConfig: no c2 equivalents for channel-mask
05-30 08:38:37.686 824 902 D CCodecConfig: no c2 equivalents for flags
05-30 08:38:37.687 824 909 D ReflectedParamUpdater: extent() != 1 for single value type: algo.buffers.max-count.values
05-30 08:38:37.687 193 193 I hwservicemanager: getTransport: Cannot find entry android.hardware.configstore@1.0::ISurfaceFlingerConfigs/default in either framework or device VINTF manifest.
05-30 08:38:37.688 824 909 D ReflectedParamUpdater: extent() != 1 for single value type: output.subscribed-indices.values
05-30 08:38:37.689 824 909 D ReflectedParamUpdater: extent() != 1 for single value type: input.buffers.allocator-ids.values
05-30 08:38:37.690 824 909 D ReflectedParamUpdater: extent() != 1 for single value type: output.buffers.allocator-ids.values
05-30 08:38:37.690 824 909 D ReflectedParamUpdater: extent() != 1 for single value type: algo.buffers.allocator-ids.values
05-30 08:38:37.690 824 909 D ReflectedParamUpdater: extent() != 1 for single value type: output.buffers.pool-ids.values
05-30 08:38:37.691 824 902 D CCodecConfig: c2 config diff is c2::u32 coded.bitrate.value = 224000
05-30 08:38:37.691 824 902 D CCodecConfig: c2::u32 raw.channel-count.value = 2
05-30 08:38:37.691 824 909 D ReflectedParamUpdater: extent() != 1 for single value type: algo.buffers.pool-ids.values
05-30 08:38:37.696 689 689 W SystemServiceRegistry: No service published for: fingerprint
05-30 08:38:37.700 824 902 W Codec2Client: query -- param skipped: index = 1107298332.
05-30 08:38:37.700 824 902 D CCodec : setup formats input: AMessage(what = 0x00000000) = {
05-30 08:38:37.700 824 902 D CCodec : int32_t bitrate = 224000
05-30 08:38:37.700 824 902 D CCodec : int32_t channel-count = 2
05-30 08:38:37.700 824 902 D CCodec : int32_t max-input-size = 32768
05-30 08:38:37.700 824 902 D CCodec : string mime = "audio/vorbis"
05-30 08:38:37.700 824 902 D CCodec : int32_t sample-rate = 48000
05-30 08:38:37.700 824 902 D CCodec : }
05-30 08:38:37.700 824 902 D CCodec : setup formats output: AMessage(what = 0x00000000) = {
05-30 08:38:37.700 824 902 D CCodec : int32_t channel-count = 2
05-30 08:38:37.700 824 902 D CCodec : string mime = "audio/raw"
05-30 08:38:37.700 824 902 D CCodec : int32_t sample-rate = 48000
05-30 08:38:37.700 824 902 D CCodec : int32_t channel-mask = 3
05-30 08:38:37.700 824 902 D CCodec : }
05-30 08:38:37.700 824 902 I CCodecConfig: query failed after returning 7 values (BAD_INDEX)
05-30 08:38:37.701 824 909 I CCodecConfig: query failed after returning 7 values (BAD_INDEX)
05-30 08:38:37.701 824 909 D CCodecConfig: c2 config diff is Dict {
05-30 08:38:37.701 824 909 D CCodecConfig: c2::u32 coded.bitrate.value = 64000
05-30 08:38:37.701 824 909 D CCodecConfig: c2::u32 input.buffers.max-size.value = 32768
05-30 08:38:37.701 824 909 D CCodecConfig: c2::u32 input.delay.value = 0
05-30 08:38:37.701 824 909 D CCodecConfig: string input.media-type.value = "audio/vorbis"
05-30 08:38:37.701 824 909 D CCodecConfig: string output.media-type.value = "audio/raw"
05-30 08:38:37.701 824 909 D CCodecConfig: c2::u32 raw.channel-count.value = 1
05-30 08:38:37.701 824 909 D CCodecConfig: c2::u32 raw.sample-rate.value = 48000
05-30 08:38:37.701 824 909 D CCodecConfig: }
05-30 08:38:37.701 824 902 W Codec2Client: query -- param skipped: index = 1342179345.
05-30 08:38:37.701 824 902 W Codec2Client: query -- param skipped: index = 2415921170.
05-30 08:38:37.702 824 902 D C2Store : Using ION
05-30 08:38:37.703 824 909 D CCodec : [c2.android.vorbis.decoder] buffers are bound to CCodec for this session
05-30 08:38:37.703 824 909 D CCodecConfig: no c2 equivalents for durationUs
05-30 08:38:37.703 824 909 D CCodecConfig: no c2 equivalents for track-id
05-30 08:38:37.703 824 909 D CCodecConfig: no c2 equivalents for csd-1
05-30 08:38:37.703 824 909 D CCodecConfig: no c2 equivalents for channel-mask
05-30 08:38:37.703 824 909 D CCodecConfig: no c2 equivalents for flags
05-30 08:38:37.704 824 902 D CCodecBufferChannel: [c2.android.vorbis.decoder#832] Created input block pool with allocatorID 16 => poolID 17 - OK (0)
05-30 08:38:37.704 824 909 D CCodecConfig: c2 config diff is c2::u32 coded.bitrate.value = 224000
05-30 08:38:37.704 824 909 D CCodecConfig: c2::u32 raw.channel-count.value = 2
05-30 08:38:37.705 824 902 I CCodecBufferChannel: [c2.android.vorbis.decoder#832] Created output block pool with allocatorID 16 => poolID 19 - OK
05-30 08:38:37.706 824 902 D CCodecBufferChannel: [c2.android.vorbis.decoder#832] Configured output block pool ids 19 => OK
05-30 08:38:37.706 824 909 W Codec2Client: query -- param skipped: index = 1107298332.
05-30 08:38:37.706 824 909 D CCodec : setup formats input: AMessage(what = 0x00000000) = {
05-30 08:38:37.706 824 909 D CCodec : int32_t bitrate = 224000
05-30 08:38:37.706 824 909 D CCodec : int32_t channel-count = 2
05-30 08:38:37.706 824 909 D CCodec : int32_t max-input-size = 32768
05-30 08:38:37.706 824 909 D CCodec : string mime = "audio/vorbis"
05-30 08:38:37.706 824 909 D CCodec : int32_t sample-rate = 48000
05-30 08:38:37.706 824 909 D CCodec : }
05-30 08:38:37.706 824 909 D CCodec : setup formats output: AMessage(what = 0x00000000) = {
05-30 08:38:37.706 824 909 D CCodec : int32_t channel-count = 2
05-30 08:38:37.706 824 909 D CCodec : string mime = "audio/raw"
05-30 08:38:37.706 824 909 D CCodec : int32_t sample-rate = 48000
05-30 08:38:37.706 824 909 D CCodec : int32_t channel-mask = 3
05-30 08:38:37.706 824 909 D CCodec : }
05-30 08:38:37.707 824 909 I CCodecConfig: query failed after returning 7 values (BAD_INDEX)
05-30 08:38:37.707 824 902 E ion : ioctl c0044901 failed with code -1: Inappropriate ioctl for device
05-30 08:38:37.707 824 909 W Codec2Client: query -- param skipped: index = 1342179345.
05-30 08:38:37.708 824 909 W Codec2Client: query -- param skipped: index = 2415921170.
05-30 08:38:37.709 824 909 D CCodecBufferChannel: [c2.android.vorbis.decoder#171] Created input block pool with allocatorID 16 => poolID 18 - OK (0)
05-30 08:38:37.710 386 908 D SimpleC2Component: Using output block pool with poolID 19 => got 19 - 0
05-30 08:38:37.711 824 909 I CCodecBufferChannel: [c2.android.vorbis.decoder#171] Created output block pool with allocatorID 16 => poolID 20 - OK
05-30 08:38:37.712 824 909 D CCodecBufferChannel: [c2.android.vorbis.decoder#171] Configured output block pool ids 20 => OK
01-01 08:00:22.889 882 882 E cma : cma_alloc: alloc failed, req-size: 8 pages, ret: -16
05-30 08:38:37.728 689 689 W SystemServiceRegistry: No service published for: face
05-30 08:38:37.735 386 913 D SimpleC2Component: Using output block pool with poolID 20 => got 20 - 0
05-30 08:38:37.744 290 340 E HWComposer: getSupportedContentTypes: getSupportedContentTypes failed for display 0: Unsupported (8)
05-30 08:38:37.752 193 193 I hwservicemanager: getTransport: Cannot find entry android.hardware.graphics.mapper@4.0::IMapper/default in either framework or device VINTF manifest.
05-30 08:38:37.753 824 923 I Gralloc4: mapper 4.x is not supported
05-30 08:38:37.756 193 193 I hwservicemanager: getTransport: Cannot find entry android.hardware.graphics.mapper@3.0::IMapper/default in either framework or device VINTF manifest.
05-30 08:38:37.757 824 923 W Gralloc3: mapper 3.x is not supported
05-30 08:38:37.770 824 923 E gralloc : Arm Module v1.0
05-30 08:38:37.774 193 193 I hwservicemanager: getTransport: Cannot find entry android.hardware.graphics.allocator@4.0::IAllocator/default in either framework or device VINTF manifest.
05-30 08:38:37.775 824 923 W Gralloc4: allocator 4.x is not supported
05-30 08:38:37.776 193 193 I hwservicemanager: getTransport: Cannot find entry android.hardware.graphics.allocator@3.0::IAllocator/default in either framework or device VINTF manifest.
05-30 08:38:37.776 824 923 W Gralloc3: allocator 3.x is not supported
05-30 08:38:37.783 270 307 I gralloc : alloc buffer:W:1920 H:1080 S:1920 PL[1920 1080] SZ:8294400 fmt:1 if:0 af:1 usg:20000b00 fg:00000004
05-30 08:38:37.784 824 923 E ion : ioctl c0044901 failed with code -1: Inappropriate ioctl for device
05-30 08:38:37.793 270 307 I gralloc : alloc buffer:W:1920 H:1080 S:1920 PL[1920 1080] SZ:8294400 fmt:1 if:0 af:1 usg:20000b00 fg:00000004
05-30 08:38:37.801 270 270 I gralloc : alloc buffer:W:1920 H:1080 S:1920 PL[1920 1080] SZ:8294400 fmt:1 if:0 af:1 usg:20000b00 fg:00000004
05-30 08:38:37.841 275 275 I AW_PowerHAL: Power setMode: SUSTAINED_PERFORMANCE to: 0
05-30 08:38:37.841 275 275 I AW_PowerHAL: BootCompleted
05-30 08:38:37.844 484 533 I ActivityManagerTiming: FinishBooting
05-30 08:38:37.844 275 275 I AW_PowerHAL: cur-mode:SCHEDUTIL-Home
05-30 08:38:37.849 484 533 W KeyguardServiceDelegate: onScreenTurningOn(): no keyguard service!
05-30 08:38:37.863 676 676 I droid.bluetoot: [0530/083837.862472:INFO:com_android_bluetooth_btservice_ActivityAttribution.cpp(96)] classInitNative: succeeds
05-30 08:38:37.890 676 676 D BluetoothKeystoreService: getCompareResult: 0
01-01 08:00:23.056 355 355 I WCN : WCND at cmd read:WCN_VER:Platform Version:MARLIN3E_20A_W23.44.5~Project Version:uwe5623_marlin3E_ott~11-03-2023 13:20:16~
01-01 08:00:23.071 33 33 I WCN : switch_cp2_log - close entry!
01-01 08:00:23.078 355 355 I WCN : WCND at cmd read:OK
01-01 08:00:23.082 667 667 I WCN : then marlin download finished and run ok
05-30 08:38:37.916 327 329 D XM_HIDREAD: add@ add@/devices/platform/unisoc_wifi/wakeup/wakeup25
05-30 08:38:37.933 484 484 W Looper : Slow dispatch took 316ms main h=android.app.ActivityThread$H c=android.app.LoadedApk$ReceiverDispatcher$Args$$ExternalSyntheticLambda0@493c3ac m=0
05-30 08:38:37.896 276 276 I EventThread: type=1400 audit(0.0:359): avc: denied { search } for name="extcon" dev="sysfs" ino=18109 scontext=u:r:hal_tv_cec_default:s0 tcontext=u:object_r:sysfs_extcon:s0 tclass=dir permissive=1
05-30 08:38:37.954 676 676 I bt_btif : system/bt/btif/src/bluetooth.cc:162 init: init: start restricted = 0 ; common criteria mode = 0, config compare result = 0
01-01 08:00:23.117 667 667 E sprdwl : __sprdwl_cmd_getbuf cant't get vif, ctx_id: 0
05-30 08:38:37.908 667 667 I wifi@1.0-servic: type=1400 audit(0.0:360): avc: denied { search } for name="wifi" dev="mmcblk0p25" ino=54 scontext=u:r:hal_wifi_default:s0 tcontext=u:object_r:wifi_data_file:s0 tclass=dir permissive=1
05-30 08:38:37.963 676 676 I bt : bt_common::init_flags: Flags loaded: gd_core=false gd_advertising=false gd_scanning=false gd_security=false gd_acl=false gd_l2cap=false gd_hci=false gd_controller=false gatt_robust_caching=false btaa_hci=false gd_rust=false gd_link_policy=false
05-30 08:38:37.966 676 676 I bt_osi_allocation_tracker: system/bt/osi/src/allocation_tracker.cc:59 allocation_tracker_init: canary initialized
05-30 08:38:37.970 824 902 D CCodecBufferChannel: [c2.android.vorbis.decoder#832] MediaCodec discarded an unknown buffer
05-30 08:38:37.970 824 902 D CCodecBufferChannel: [c2.android.vorbis.decoder#832] MediaCodec discarded an unknown buffer
05-30 08:38:37.972 824 902 I hw-BpHwBinder: onLastStrongRef automatically unlinking death recipients
05-30 08:38:37.977 676 930 I droid.bluetoot: [0530/083837.977334:INFO:message_loop_thread.cc(224)] Run: message loop starting for thread bt_stack_manager_thread
05-30 08:38:37.979 676 930 I bt_stack_manager: system/bt/btif/src/stack_manager.cc:200 event_init_stack: is initializing the stack
05-30 08:38:37.990 676 936 I bt_osi_thread: system/bt/osi/src/thread.cc:209 run_thread: run_thread: thread id 936, thread name alarm_default_ca started
05-30 08:38:37.992 824 909 D CCodecBufferChannel: [c2.android.vorbis.decoder#171] MediaCodec discarded an unknown buffer
05-30 08:38:37.993 824 938 I hw-BpHwBinder: onLastStrongRef automatically unlinking death recipients
05-30 08:38:37.993 386 828 I hw-BpHwBinder: onLastStrongRef automatically unlinking death recipients
05-30 08:38:37.995 676 937 I bt_osi_thread: system/bt/osi/src/thread.cc:209 run_thread: run_thread: thread id 937, thread name alarm_dispatcher started
05-30 08:38:37.995 676 930 I bt_btif_core: system/bt/btif/src/btif_core.cc:235 btif_init_bluetooth: btif_init_bluetooth entered
01-01 08:00:23.170 355 355 I WCN : WCND at cmd read:3
05-30 08:38:37.912 338 338 I xiriservice_All: type=1400 audit(0.0:361): avc: denied { read } for scontext=u:r:init:s0 tcontext=u:r:init:s0 tclass=netlink_kobject_uevent_socket permissive=1
05-30 08:38:37.999 484 484 D ConditionProviders.SCP: onSubscribe condition://android/schedule?days=1.2.3.4.5.6.7&start=22.0&end=7.0&exitAtAlarm=true
05-30 08:38:38.000 484 484 D ConditionProviders.SCP: setRegistered true
05-30 08:38:38.008 484 844 D CompatibilityChangeReporter: Compat change id reported: 157233955; UID 10062; state: ENABLED
05-30 08:38:38.008 676 939 I droid.bluetoot: [0530/083838.007995:INFO:message_loop_thread.cc(224)] Run: message loop starting for thread bt_jni_thread
05-30 08:38:38.008 676 930 I bt_btif_core: system/bt/btif/src/btif_core.cc:239 btif_init_bluetooth: btif_init_bluetooth finished
05-30 08:38:38.009 676 930 I bt_stack_config: system/bt/main/stack_config.cc:51 init: init attempt to load stack conf from /etc/bluetooth/bt_stack.conf
05-30 08:38:38.011 676 930 I bt_stack_manager: system/bt/btif/src/stack_manager.cc:223 event_init_stack: finished
05-30 08:38:38.011 676 676 I bt_osi_wakelock: system/bt/osi/src/wakelock.cc:98 wakelock_set_os_callouts: wakelock_set_os_callouts set to non-native
05-30 08:38:38.011 676 676 I bt_btif : system/bt/btif/src/bluetooth.cc:417 get_profile_interface: get_profile_interface: id = socket
05-30 08:38:38.013 676 676 E droid.bluetoot: [0530/083838.013060:ERROR:message_loop_thread.cc(102)] DoInThreadDelayed: message loop is null for thread bt_main_thread(-1), from pc:0xc7bb162f
05-30 08:38:38.013 676 676 E droid.bluetoot: [0530/083838.013265:ERROR:btu_task.cc(94)] do_in_main_thread: failed from pc:0xc7bb162f
05-30 08:38:38.013 676 676 E droid.bluetoot: [0530/083838.013330:ERROR:message_loop_thread.cc(102)] DoInThreadDelayed: message loop is null for thread bt_main_thread(-1), from pc:0xc7bb162f
05-30 08:38:38.013 676 676 E droid.bluetoot: [0530/083838.013396:ERROR:btu_task.cc(94)] do_in_main_thread: failed from pc:0xc7bb162f
05-30 08:38:38.013 676 676 E droid.bluetoot: [0530/083838.013456:ERROR:message_loop_thread.cc(102)] DoInThreadDelayed: message loop is null for thread bt_main_thread(-1), from pc:0xc7bb162f
05-30 08:38:38.013 676 676 E droid.bluetoot: [0530/083838.013520:ERROR:btu_task.cc(94)] do_in_main_thread: failed from pc:0xc7bb162f
05-30 08:38:38.016 676 676 D BluetoothKeystoreService: initJni()
05-30 08:38:38.017 676 676 I bt_btif : system/bt/btif/src/bluetooth.cc:417 get_profile_interface: get_profile_interface: id = bluetooth_keystore
05-30 08:38:38.018 676 676 I bt_btif : system/bt/btif/src/bluetooth.cc:417 get_profile_interface: get_profile_interface: id = sdp
05-30 08:38:38.023 484 633 W ActivityThread: Failed to find provider info for com.android.calendar (user not unlocked)
05-30 08:38:38.024 484 633 W ActivityThread: Failed to find provider info for com.android.calendar (user not unlocked)
01-01 08:00:23.192 667 667 I WCN : get_board_ant_num [three_ant]
01-01 08:00:23.201 667 667 E : wifi ini path = /vendor/etc/wifi_56630001_3ant.ini
05-30 08:38:38.036 484 484 D ConditionProviders.SCP: evaluateSubscriptionLocked cal=ScheduleCalendar[mDays={1, 2, 3, 4, 5, 6, 7}, mSchedule=ScheduleInfo{days=[1, 2, 3, 4, 5, 6, 7], startHour=22, startMinute=0, endHour=7, endMinute=0, exitAtAlarm=true, nextAlarm=Thu Jan 01 08:00:00 GMT+08:00 1970 (0)}], now=Fri May 30 08:38:38 GMT+08:00 2025 (1748565518000), nextUserAlarmTime=Thu Jan 01 08:00:00 GMT+08:00 1970 (0)
05-30 08:38:38.036 484 484 D ConditionProviders.SCP: notifyCondition condition://android/schedule?days=1.2.3.4.5.6.7&start=22.0&end=7.0&exitAtAlarm=true STATE_FALSE reason=!meetsSchedule
01-01 08:00:23.212 667 667 E sprdwl : __sprdwl_cmd_getbuf cant't get vif, ctx_id: 0
05-30 08:38:38.039 676 676 D BluetoothDatabase: start()
05-30 08:38:38.044 484 484 D ConditionProviders.SCP: Scheduling evaluate for Fri May 30 22:00:00 GMT+08:00 2025 (1748613600000), in +13h21m22s0ms, now=Fri May 30 08:38:38 GMT+08:00 2025 (1748565518000)
05-30 08:38:38.045 484 484 I ConnectivityModuleConnector: Networking module service connected
05-30 08:38:38.045 484 484 I ConnectivityModuleConnector: Networking module service connected
05-30 08:38:38.045 484 484 I NetworkStackClient: Network stack service connected
01-01 08:00:23.224 667 667 E sprdwl : __sprdwl_cmd_getbuf cant't get vif, ctx_id: 0
05-30 08:38:38.058 676 676 D BluetoothDatabase: Load Database
05-30 08:38:38.059 676 676 I BluetoothAdapterService: Phone policy enabled
05-30 08:38:38.061 276 276 D hdmi-cec: cec physical address: 2.0.0.0
05-30 08:38:38.065 276 276 D hdmi-cec: cec physical address: 2.0.0.0
05-30 08:38:38.066 276 276 D hdmi-cec: cec physical address: 2.0.0.0
05-30 08:38:38.067 276 276 D hdmi-cec: addLogicalAddress (4)
05-30 08:38:38.068 276 276 D hdmi-cec: cec physical address: 2.0.0.0
05-30 08:38:38.074 676 676 D BluetoothActiveDeviceManager: start()
01-01 08:00:23.243 667 667 E sprdwl : sprdwl_get_fw_info, drv_version=1, fw_version=2, compat_ver=0
01-01 08:00:23.253 667 667 E sprdwl : chip_model:0x2355, chip_ver:0x0
01-01 08:00:23.261 667 667 E sprdwl : fw_ver:0, fw_std:0x53, fw_capa:0x120f4f
01-01 08:00:23.269 667 667 E sprdwl : mac_addr:b4:2f:03:16:18:c0
01-01 08:00:23.275 667 667 E sprdwl : credit_capa:TX_WITH_CREDIT, extend_feature:0x1
01-01 08:00:23.284 667 667 E sprdwl : ott support:1
05-30 08:38:38.108 327 329 D XM_HIDREAD: add@ add@/devices/platform/unisoc_wifi/ieee80211/phy0
05-30 08:38:38.112 327 329 D XM_HIDREAD: add@ add@/devices/platform/unisoc_wifi/ieee80211/phy0/rfkill2
05-30 08:38:38.117 676 943 D BluetoothDatabase: compactLastConnectionTime: Compacting metadata after load
05-30 08:38:38.117 676 943 D BluetoothDatabase: compactLastConnectionTime: Setting last_active_item for device: E4:BB:D3:57:C0:7A from 1 to 0
05-30 08:38:38.117 676 943 D BluetoothDatabase: updateDatabase E4:BB:D3:57:C0:7A
05-30 08:38:38.117 676 943 I BluetoothDatabase: cacheMetadata
05-30 08:38:38.117 676 943 V BluetoothDatabase: cacheMetadata: found device E4:BB:D3:57:C0:7A
05-30 08:38:38.117 676 943 V BluetoothDatabase: cacheMetadata: found device LocalStorage
05-30 08:38:38.117 676 943 I BluetoothDatabase: cacheMetadata: Database is ready
01-01 08:00:23.293 667 667 E sprdwl : __sprdwl_cmd_getbuf cant't get vif, ctx_id: 0
05-30 08:38:38.137 327 329 D XM_HIDREAD: add@ add@/devices/platform/unisoc_wifi/net/wlan0
05-30 08:38:38.137 327 329 D XM_HIDREAD: add@ add@/devices/platform/unisoc_wifi/net/wlan0/queues/rx-0
05-30 08:38:38.137 327 329 D XM_HIDREAD: add@ add@/devices/platform/unisoc_wifi/net/wlan0/queues/tx-0
05-30 08:38:38.140 676 946 D BluetoothActiveDeviceManager: onAudioDevicesAdded
05-30 08:38:38.140 676 946 D BluetoothActiveDeviceManager: Audio device added: DBBOX-A2 type: 2
