06-03 15:39:51.945 1043 1069 E ccc : cccccc SystemUpdateHelper systemUpdate {"launcherCodeLocal":0,"launcherCodeNet":0,"otaCodeLocal":5007,"otaCodeNet":5555,"otaVersionLocal":"5.0.0.7","otaVersionNet":"5.0.0.7","remoteNeedUpdate":false}
06-03 15:39:51.949 1043 1069 E ccc : cccccc SystemUpdateHelper launcherUpdate {"launcherCodeLocal":102941,"launcherCodeNet":0,"launcherVersionLocal":"2.9.4.1","launcherVersionNet":"","otaCodeLocal":0,"otaCodeNet":0,"remoteNeedUpdate":false,"updateType":""}
06-03 15:39:51.975 667 667 E WifiHAL : wifi_get_link_stats: requestResponse Error:-5
06-03 15:39:51.978 2499 2499 W View : requestLayout() improperly called by android.widget.LinearLayout{3e2a05f V.E...... ......ID 200,0-460,100} during layout: running second layout pass
06-03 15:39:51.978 2499 2499 W View : requestLayout() improperly called by com.dangbei.haqusetting.ui.base.atom.LeafUpdateItemView{cd56aac VFE...C.. .F....ID 0,0-480,100} during layout: running second layout pass
06-03 15:39:51.978 2499 2499 W View : requestLayout() improperly called by com.google.android.material.textview.MaterialTextView{a670375 V.ED..... ..S...ID 220,30-220,70 #7f0901e9 app:id/leaf_update_item_sub_tv} during layout: running second layout pass
06-03 15:39:51.979 484 620 E WifiVendorHal: getWifiLinkLayerStats_1_5_Internal(l.1191) failed {.code = ERROR_INVALID_ARGS, .description = }
06-03 15:39:51.992 1934 1934 I DefaultIMS: onStartInput attribute=android.view.inputmethod.EditorInfo@cd8090 restarting=false inputType: 0
06-03 15:39:52.009 2499 2537 I OpenGLRenderer: Davey! duration=9223371960133ms; Flags=0, FrameTimelineVsyncId=3016, IntendedVsync=76720986148, Vsync=76720986148, InputEventId=0, HandleInputStart=76734230826, AnimationStart=76734234826, PerformTraversalsStart=76734237993, DrawStart=76764860201, FrameDeadline=76754319480, FrameInterval=76734223076, FrameStartTime=16666666, SyncQueued=76770471368, SyncStart=76770708409, IssueDrawCommandsStart=76772280909, SwapBuffers=76781321410, FrameCompleted=9223372036854775807, DequeueBufferDuration=80917, QueueBufferDuration=1941417, GpuCompleted=9223372036854775807, SwapBuffersCompleted=76784344826, DisplayPresentTime=0,
06-03 15:39:52.024 2499 2537 I OpenGLRenderer: Davey! duration=9223371960099ms; Flags=0, FrameTimelineVsyncId=3018, IntendedVsync=76754317990, Vsync=76770984656, InputEventId=0, HandleInputStart=76776556326, AnimationStart=76776562618, PerformTraversalsStart=76781265910, DrawStart=76781545035, FrameDeadline=76787651322, FrameInterval=76776540159, FrameStartTime=16666666, SyncQueued=76783080243, SyncStart=76784453535, IssueDrawCommandsStart=76785312493, SwapBuffers=76798113035, FrameCompleted=9223372036854775807, DequeueBufferDuration=55167, QueueBufferDuration=1033375, GpuCompleted=9223372036854775807, SwapBuffersCompleted=76799948743, DisplayPresentTime=0,
06-03 15:39:52.115 1189 1189 D bbb : onStartCommand begin !!!!!!! data分区剩余 24608MB
06-03 15:39:52.119 1133 1133 D aaa : LedStatusService onStartCommand begin
06-03 15:39:52.121 1133 2652 D aaa : topPkg is -------------- :com.dangbei.haqusetting
06-03 15:39:52.524 1423 1649 I efs.base: wa upload fail, resp is HttpResponse {succ=false, code=-1, data='', extra={}}
06-03 15:39:52.603 484 532 W IorapForwardingService: No service published for: iorapd
06-03 15:39:52.636 1423 1647 I efs.base: wa upload fail, resp is HttpResponse {succ=false, code=-1, data='', extra={}}
06-03 15:39:52.734 1423 1649 I efs.base: wa upload fail, resp is HttpResponse {succ=false, code=-1, data='', extra={}}
06-03 15:39:52.734 1423 1622 I efs.send_log: request error cnt gt 5, next request delay 10s
06-03 15:39:52.947 327 2547 D XM_HIDREAD: poll ret=1, event=1
06-03 15:39:52.947 327 2547 D XM_HIDREAD: [9 bytes]:01 00 00 28 00 00 00 00 00
06-03 15:39:52.947 484 609 D TvWindowManager: key event key = KEYCODE_DPAD_CENTER down = true
06-03 15:39:52.957 484 608 D GpioService: mFlickerEnable = true
06-03 15:39:53.070 327 2547 D XM_HIDREAD: poll ret=1, event=1
06-03 15:39:53.070 327 2547 D XM_HIDREAD: [9 bytes]:01 00 00 00 00 00 00 00 00
06-03 15:39:53.071 484 609 D TvWindowManager: key event key = KEYCODE_DPAD_CENTER down = false
06-03 15:39:53.098 484 608 D GpioService: mFlickerEnable = true
06-03 15:39:53.100 1934 1934 I SogouIME: onKeyDown: keyoCode=23
06-03 15:39:53.101 1934 1934 I DefaultIMS: onKeyDown: keyoCode=23
06-03 15:39:53.105 1934 1934 I SogouIME: onKeyUp: keyoCode=23
06-03 15:39:53.105 1934 1934 I DefaultIMS: onKeyUp: keyoCode=23
06-03 15:39:53.111 1043 1069 E ccc : cccccc UpdateHelper onMessageReceived com.dangbei.haqusetting com.dangbei.etna.update {"action":"do","functionTag":"leaf_system_function_system_update_system","value":0} null
06-03 15:39:53.133 1043 1069 W ContextImpl: Calling a method in the system process without a qualified user: android.app.ContextImpl.startActivity:1055 android.content.ContextWrapper.startActivity:411 com.dangbei.etna.update.ota.OtaUpdateHelper.startOtaUpdateActivity:389 com.dangbei.etna.update.UpdateHelper.onMessageReceived:85 com.dangbei.etna.update.UpdateEtnaClientListener.onMessageReceived:24
06-03 15:39:53.134 1043 1069 W ContextImpl: Calling a method in the system process without a qualified user: android.app.ContextImpl.startActivity:1067 android.app.ContextImpl.startActivity:1056 android.content.ContextWrapper.startActivity:411 com.dangbei.etna.update.ota.OtaUpdateHelper.startOtaUpdateActivity:389 com.dangbei.etna.update.UpdateHelper.onMessageReceived:85
06-03 15:39:53.147 484 820 I ActivityStarter: ---START u0 {flg=0x10000000 cmp=com.dangbei.lerad.etna.haqu/com.dangbei.etna.update.ota.OtaUpdateActivity} from uid 1000
06-03 15:39:53.160 484 820 W ActivityTaskManager: Can't find TaskDisplayArea to determine support for multi window. Task id=93 attached=false
06-03 15:39:53.170 275 275 I AW_PowerHAL: Power setMode: LAUNCH to: 1
06-03 15:39:53.172 484 820 V SplashScreenExceptionList: SplashScreen checking exception for package com.dangbei.lerad.etna.haqu (target sdk:28) -> false
06-03 15:39:53.187 484 2427 D AW_CODE : rotation =0
06-03 15:39:53.212 275 275 I AW_PowerHAL: cur-mode:LAUNCH
06-03 15:39:53.221 1806 1806 I rainbow_flow: type=1400 audit(0.0:1126): avc: denied { ioctl } for path="/dev/spidev1.0" dev="tmpfs" ino=3840 ioctlcmd=0x6b00 scontext=u:r:init:s0 tcontext=u:object_r:device:s0 tclass=chr_file permissive=1
06-03 15:39:53.292 1092 1106 I OpenGLRenderer: Davey! duration=9223371958815ms; Flags=0, FrameTimelineVsyncId=3040, IntendedVsync=78021422480, Vsync=78021422480, InputEventId=0, HandleInputStart=78022328993, AnimationStart=78022333993, PerformTraversalsStart=78022664202, DrawStart=78023262952, FrameDeadline=78054755812, FrameInterval=78022316743, FrameStartTime=16666666, SyncQueued=78023678285, SyncStart=78041562327, IssueDrawCommandsStart=78043565285, SwapBuffers=78061577660, FrameCompleted=9223372036854775807, DequeueBufferDuration=81459, QueueBufferDuration=1821667, GpuCompleted=9223372036854775807, SwapBuffersCompleted=78064892077, DisplayPresentTime=0,
06-03 15:39:53.301 689 689 D TvPipController: onTaskStackChanged()
06-03 15:39:53.311 1092 1476 I OpenGLRenderer: Davey! duration=9223371958796ms; Flags=0, FrameTimelineVsyncId=3042, IntendedVsync=78037697820, Vsync=78037697820, InputEventId=0, HandleInputStart=78044464368, AnimationStart=78044467202, PerformTraversalsStart=78045034035, DrawStart=78045197993, FrameDeadline=78071031152, FrameInterval=78044454910, FrameStartTime=16666666, SyncQueued=78045292660, SyncStart=78065687077, IssueDrawCommandsStart=78067426868, SwapBuffers=78079143827, FrameCompleted=9223372036854775807, DequeueBufferDuration=82792, QueueBufferDuration=3016250, GpuCompleted=9223372036854775807, SwapBuffersCompleted=78083470743, DisplayPresentTime=0,
06-03 15:39:53.318 1043 1043 E ccc : cccccc OtaUpdateActivity i onCreate
06-03 15:39:53.342 1092 1106 I OpenGLRenderer: Davey! duration=9223371958785ms; Flags=0, FrameTimelineVsyncId=3044, IntendedVsync=78054176678, Vsync=78054176678, InputEventId=0, HandleInputStart=78067962868, AnimationStart=78067966410, PerformTraversalsStart=78068605618, DrawStart=78068893493, FrameDeadline=78087510010, FrameInterval=78067953618, FrameStartTime=16666666, SyncQueued=78069023327, SyncStart=78083825368, IssueDrawCommandsStart=78087731452, SwapBuffers=78101808243, FrameCompleted=9223372036854775807, DequeueBufferDuration=67458, QueueBufferDuration=2019250, GpuCompleted=9223372036854775807, SwapBuffersCompleted=78105278285, DisplayPresentTime=0,
06-03 15:39:53.358 1092 1476 I OpenGLRenderer: Davey! duration=9223371958770ms; Flags=0, FrameTimelineVsyncId=3046, IntendedVsync=78070780520, Vsync=78087447186, InputEventId=0, HandleInputStart=78093791410, AnimationStart=78093795827, PerformTraversalsStart=78094631827, DrawStart=78095501077, FrameDeadline=78104113852, FrameInterval=78093768327, FrameStartTime=16666666, SyncQueued=78097129202, SyncStart=78110788577, IssueDrawCommandsStart=78112368660, SwapBuffers=78124837035, FrameCompleted=9223372036854775807, DequeueBufferDuration=58417, QueueBufferDuration=1296542, GpuCompleted=9223372036854775807, SwapBuffersCompleted=78128972535, DisplayPresentTime=0,
06-03 15:39:53.376 1092 1106 I OpenGLRenderer: Davey! duration=9223371958735ms; Flags=0, FrameTimelineVsyncId=3050, IntendedVsync=78104106810, Vsync=78104106810, InputEventId=0, HandleInputStart=78112804743, AnimationStart=78112809202, PerformTraversalsStart=78113289910, DrawStart=78113536868, FrameDeadline=78137440142, FrameInterval=78112797868, FrameStartTime=16666666, SyncQueued=78113691410, SyncStart=78129292368, IssueDrawCommandsStart=78130982243, SwapBuffers=78139196535, FrameCompleted=9223372036854775807, DequeueBufferDuration=45458, QueueBufferDuration=7829000, GpuCompleted=9223372036854775807, SwapBuffersCompleted=78148674160, DisplayPresentTime=0,
06-03 15:39:53.392 1092 1106 I OpenGLRenderer: Davey! duration=9223371958717ms; Flags=0, FrameTimelineVsyncId=3052, IntendedVsync=78120720253, Vsync=78120720253, InputEventId=0, HandleInputStart=78131424868, AnimationStart=78131427868, PerformTraversalsStart=78131863910, DrawStart=78132107702, FrameDeadline=78154053585, FrameInterval=78131415160, FrameStartTime=16666666, SyncQueued=78132196035, SyncStart=78148970535, IssueDrawCommandsStart=78150214285, SwapBuffers=78158775993, FrameCompleted=9223372036854775807, DequeueBufferDuration=102667, QueueBufferDuration=9267875, GpuCompleted=9223372036854775807, SwapBuffersCompleted=78169133535, DisplayPresentTime=0,
06-03 15:39:53.416 1043 1043 D CompatibilityChangeReporter: Compat change id reported: 171228096; UID 1000; state: ENABLED
06-03 15:39:53.544 484 1259 W WindowManager: Failed looking up window session=Session{603c1fb 1043:1000} callers=com.android.server.wm.WindowManagerService.windowForClientLocked:5702 com.android.server.wm.Session.insetsModified:629 android.view.IWindowSession$Stub.onTransact:1151
06-03 15:39:53.552 484 529 D CompatibilityChangeReporter: Compat change id reported: 168419799; UID 10073; state: DISABLED
06-03 15:39:53.576 1743 1758 I PermissionControllerServiceImpl: Updating user sensitive for user 0
06-03 15:39:53.598 193 193 I hwservicemanager: getTransport: Cannot find entry android.hardware.graphics.mapper@4.0::IMapper/default in either framework or device VINTF manifest.
06-03 15:39:53.598 1043 1043 I Gralloc4: mapper 4.x is not supported
06-03 15:39:53.599 193 193 I hwservicemanager: getTransport: Cannot find entry android.hardware.graphics.mapper@3.0::IMapper/default in either framework or device VINTF manifest.
06-03 15:39:53.599 1043 1043 W Gralloc3: mapper 3.x is not supported
06-03 15:39:53.607 1043 1043 E gralloc : Arm Module v1.0
06-03 15:39:53.610 484 532 W IorapForwardingService: No service published for: iorapd
06-03 15:39:53.615 193 193 I hwservicemanager: getTransport: Cannot find entry android.hardware.graphics.allocator@4.0::IAllocator/default in either framework or device VINTF manifest.
06-03 15:39:53.616 1043 1043 W Gralloc4: allocator 4.x is not supported
06-03 15:39:53.617 193 193 I hwservicemanager: getTransport: Cannot find entry android.hardware.graphics.allocator@3.0::IAllocator/default in either framework or device VINTF manifest.
06-03 15:39:53.617 1043 1043 W Gralloc3: allocator 3.x is not supported
06-03 15:39:53.620 270 307 I gralloc : alloc buffer:W:1920 H:1080 S:1920 PL[1920 1080] SZ:8294400 fmt:1 if:0 af:1 usg:966 fg:00000004
06-03 15:39:53.621 1043 1043 E ion : ioctl c0044901 failed with code -1: Inappropriate ioctl for device
06-03 15:39:53.676 270 307 I gralloc : alloc buffer:W:1920 H:1080 S:1920 PL[1920 1080] SZ:8294400 fmt:1 if:0 af:1 usg:966 fg:00000004
06-03 15:39:53.678 484 529 E system_server: Dex checksum does not match for dex: /system/priv-app/dangbei-etna-service/dangbei-etna-service.apk.Expected: 3517818234, actual: 1633125004
06-03 15:39:53.701 484 529 I ActivityTaskManager: +++Displayed com.dangbei.lerad.etna.haqu/com.dangbei.etna.update.ota.OtaUpdateActivity: +515ms
06-03 15:39:53.775 270 307 I gralloc : alloc buffer:W:1920 H:1080 S:1920 PL[1920 1080] SZ:8294400 fmt:1 if:0 af:1 usg:966 fg:00000004
06-03 15:39:53.837 1934 1934 I DefaultIMS: onStartInput attribute=android.view.inputmethod.EditorInfo@40bcd89 restarting=false inputType: 0
06-03 15:39:53.915 1092 1106 I OpenGLRenderer: Davey! duration=9223371958233ms; Flags=0, FrameTimelineVsyncId=3126, IntendedVsync=78604327222, Vsync=78604327222, InputEventId=0, HandleInputStart=78613621077, AnimationStart=78613625202, PerformTraversalsStart=78614418369, DrawStart=78619962660, FrameDeadline=78637660554, FrameInterval=78613610869, FrameStartTime=16666666, SyncQueued=78620265785, SyncStart=78636838494, IssueDrawCommandsStart=78649491660, SwapBuffers=78680266577, FrameCompleted=9223372036854775807, DequeueBufferDuration=108375, QueueBufferDuration=13684458, GpuCompleted=9223372036854775807, SwapBuffersCompleted=78696337202, DisplayPresentTime=0,
06-03 15:39:53.985 1743 1754 I ssioncontrolle: Background young concurrent copying GC freed 2070(249KB) AllocSpace objects, 1(20KB) LOS objects, 37% free, 3366KB/5424KB, paused 382us total 160.044ms
06-03 15:39:54.084 1043 2659 W LOTTIE : You have 5 images. Lottie should primarily be used with shapes. If you are using Adobe Illustrator, convert the Illustrator layers to shape layers.
06-03 15:39:54.592 276 310 D hdmi-cec: receive invalid cec message!
06-03 15:39:54.593 276 310 D hdmi-cec: receive poll message [04], skip!
06-03 15:39:54.613 484 532 W IorapForwardingService: No service published for: iorapd
06-03 15:39:55.001 667 667 E WifiHAL : wifi_get_link_stats: requestResponse Error:-5
06-03 15:39:55.003 484 620 E WifiVendorHal: getWifiLinkLayerStats_1_5_Internal(l.1191) failed {.code = ERROR_INVALID_ARGS, .description = }
06-03 15:39:55.595 1043 1043 E ccc : cccccc onRequestingOtaInfo 333333333333
06-03 15:39:55.617 484 532 W IorapForwardingService: No service published for: iorapd
06-03 15:39:55.622 1043 1783 I okhttp.OkHttpClient: --> POST http://tymsgapi.qun7.com/v1/core/rom (519-byte body)
06-03 15:39:55.683 1043 1783 I okhttp.OkHttpClient: <-- 200 OK http://tymsgapi.qun7.com/v1/core/rom (60ms, unknown-length body)
06-03 15:39:55.730 1043 1043 E ccc : cccccc requestOtaInfo result BaseResponse{message='success', data=OtaUpdateBean{downloadId='3870', updateType=1, romVersionName='5.0.0.7', romCode=5555, current=0, romMd5v='b3f7da91ed484352ce62a858ef19ad2d', romLength=702223434, romSize='669.7 MB', downUrl='http://dl.qun7.com/H5/H5/5.0.0.7-20250530-bkue/H5_618_20250529_2_ota.zip', reUrl='http://dl.v5tv.com/H5/H5/5.0.0.7-20250530-bkue/H5_618_20250529_2_ota.zip', reUrl2='http://dl.tymcdn.com/H5/H5/5.0.0.7-20250530-bkue/H5_618_20250529_2_ota.zip', tempUrl='null', remark='30号早上10点配置OTA固件
06-03 15:39:55.730 1043 1043 E ccc :
06-03 15:39:55.730 1043 1043 E ccc : H5_618_20250529_2
06-03 15:39:55.730 1043 1043 E ccc : 链接: https://pan.baidu.com/s/1i7YAv1_2khI-Urp-1nDukg?pwd=bkue 提取码: bkue
06-03 15:39:55.730 1043 1043 E ccc : 1.修复深度清理卡死log异常 对应Redmine bug 10
06-03 15:39:55.730 1043 1043 E ccc : 2.47981 47937对应相关禅道bug
06-03 15:39:55.730 1043 1043 E ccc : 对应Redmine bug #29 #19 #78 #52 #27 #26', status=idle, progress=0.0, filterMac=[], localPath='null', popup=1, isPaused=false, cancelled=false, extraInfo='null'}, code=0}
06-03 15:39:55.734 2499 2512 E ccc : cccccc notifyUpdateChanged {"code":1,"data":{"hasUpdate":true,"what":3,"why":-1},"message":"更新状态变化"}
06-03 15:39:55.740 1043 1043 E ccc : cccccc updateHelper 通知更新
06-03 15:39:55.741 1043 1043 E ccc : cccccc OtaUpdateHelper 普通更新 1
06-03 15:39:55.744 1043 1071 E ccc : cccccc SystemUpdateHelper systemUpdate {"launcherCodeLocal":0,"launcherCodeNet":0,"otaCodeLocal":5007,"otaCodeNet":5555,"otaVersionLocal":"5.0.0.7","otaVersionNet":"5.0.0.7","remoteNeedUpdate":false}
06-03 15:39:55.745 1043 1043 E ccc : cccccc onRequestCoreInfo 22222222222222
06-03 15:39:55.771 1934 1934 I DefaultIMS: onStartInput attribute=android.view.inputmethod.EditorInfo@29c718e restarting=false inputType: 0
06-03 15:39:55.773 1043 1043 E ccc : cccccc 状态 下载完成 hahahaha
06-03 15:39:55.876 1934 1934 I DefaultIMS: onStartInput attribute=android.view.inputmethod.EditorInfo@909cdaf restarting=false inputType: 0
06-03 15:39:55.944 275 275 I AW_PowerHAL: Power setMode: LAUNCH to: 0
06-03 15:39:55.947 275 275 I AW_PowerHAL: cur-mode:SCHEDUTIL
06-03 15:39:56.093 1423 1423 I cling--ap-1: type=1400 audit(0.0:1127): avc: denied { read } for name="address" dev="sysfs" ino=26474 scontext=u:r:platform_app:s0:c512,c768 tcontext=u:object_r:sysfs:s0 tclass=file permissive=1 app=com.dangbei.screencast
06-03 15:39:56.093 1423 1423 I cling--ap-1: type=1400 audit(0.0:1128): avc: denied { open } for path="/sys/devices/platform/unisoc_wifi/net/wlan1/address" dev="sysfs" ino=26474 scontext=u:r:platform_app:s0:c512,c768 tcontext=u:object_r:sysfs:s0 tclass=file permissive=1 app=com.dangbei.screencast
06-03 15:39:56.093 1423 1423 I cling--ap-1: type=1400 audit(0.0:1129): avc: denied { getattr } for path="/sys/devices/platform/unisoc_wifi/net/wlan1/address" dev="sysfs" ino=26474 scontext=u:r:platform_app:s0:c512,c768 tcontext=u:object_r:sysfs:s0 tclass=file permissive=1 app=com.dangbei.screencast
06-03 15:39:56.262 1092 1476 I OpenGLRenderer: Davey! duration=9223371955849ms; Flags=0, FrameTimelineVsyncId=3332, IntendedVsync=81004342517, Vsync=81004342517, InputEventId=0, HandleInputStart=81005108328, AnimationStart=81005114495, PerformTraversalsStart=81005419370, DrawStart=81006348870, FrameDeadline=81037675849, FrameInterval=81005097328, FrameStartTime=16666666, SyncQueued=81008094495, SyncStart=81008626037, IssueDrawCommandsStart=81010442037, SwapBuffers=81027100828, FrameCompleted=9223372036854775807, DequeueBufferDuration=80292, QueueBufferDuration=2031458, GpuCompleted=9223372036854775807, SwapBuffersCompleted=81031046745, DisplayPresentTime=0,
06-03 15:39:56.296 1092 1106 I OpenGLRenderer: Davey! duration=9223371955827ms; Flags=0, FrameTimelineVsyncId=3333, IntendedVsync=81021009428, Vsync=81021009428, InputEventId=0, HandleInputStart=81022704037, AnimationStart=81022711870, PerformTraversalsStart=81023700370, DrawStart=81025163037, FrameDeadline=81054342760, FrameInterval=81022684578, FrameStartTime=16666666, SyncQueued=81026036120, SyncStart=81031825453, IssueDrawCommandsStart=81035480203, SwapBuffers=81067299995, FrameCompleted=9223372036854775807, DequeueBufferDuration=112000, QueueBufferDuration=1612917, GpuCompleted=9223372036854775807, SwapBuffersCompleted=81070071620, DisplayPresentTime=0,
06-03 15:39:56.327 1092 1401 I OpenGLRenderer: Davey! duration=9223371955787ms; Flags=0, FrameTimelineVsyncId=3335, IntendedVsync=81037676339, Vsync=81037676339, InputEventId=0, HandleInputStart=81038859412, AnimationStart=81038873662, PerformTraversalsStart=81039830912, DrawStart=81040344328, FrameDeadline=81071009671, FrameInterval=81038829578, FrameStartTime=16666666, SyncQueued=81040562787, SyncStart=81070306620, IssueDrawCommandsStart=81072659495, SwapBuffers=81088595495, FrameCompleted=9223372036854775807, DequeueBufferDuration=105333, QueueBufferDuration=1818500, GpuCompleted=9223372036854775807, SwapBuffersCompleted=81091485162, DisplayPresentTime=0,
06-03 15:39:56.343 1092 1401 I OpenGLRenderer: Davey! duration=9223371955780ms; Flags=0, FrameTimelineVsyncId=3336, IntendedVsync=81054343250, Vsync=81071009916, InputEventId=0, HandleInputStart=81074369745, AnimationStart=81074380745, PerformTraversalsStart=81077074287, DrawStart=81077616912, FrameDeadline=81087676582, FrameInterval=81074334912, FrameStartTime=16666666, SyncQueued=81077812620, SyncStart=81097954870, IssueDrawCommandsStart=81099780453, SwapBuffers=81112931828, FrameCompleted=9223372036854775807, DequeueBufferDuration=87709, QueueBufferDuration=1563708, GpuCompleted=9223372036854775807, SwapBuffersCompleted=81115597745, DisplayPresentTime=0,
06-03 15:39:56.375 1092 1401 I OpenGLRenderer: Davey! duration=9223371955754ms; Flags=0, FrameTimelineVsyncId=3339, IntendedVsync=81087667152, Vsync=81087667152, InputEventId=0, HandleInputStart=81101274662, AnimationStart=81101280453, PerformTraversalsStart=81101816912, DrawStart=81102704620, FrameDeadline=81121000484, FrameInterval=81101262828, FrameStartTime=16666666, SyncQueued=81103377578, SyncStart=81115953662, IssueDrawCommandsStart=81117908745, SwapBuffers=81130255495, FrameCompleted=9223372036854775807, DequeueBufferDuration=97416, QueueBufferDuration=6688458, GpuCompleted=9223372036854775807, SwapBuffersCompleted=81138461370, DisplayPresentTime=0,
06-03 15:39:56.393 1092 1106 I OpenGLRenderer: Davey! duration=9223371955731ms; Flags=0, FrameTimelineVsyncId=3341, IntendedVsync=81104325538, Vsync=81104325538, InputEventId=0, HandleInputStart=81118683203, AnimationStart=81118688787, PerformTraversalsStart=81119339328, DrawStart=81119691912, FrameDeadline=81137658870, FrameInterval=81118671370, FrameStartTime=16666666, SyncQueued=81119856453, SyncStart=81138944912, IssueDrawCommandsStart=81140883120, SwapBuffers=81149329203, FrameCompleted=9223372036854775807, DequeueBufferDuration=76584, QueueBufferDuration=12725167, GpuCompleted=9223372036854775807, SwapBuffersCompleted=81164138120, DisplayPresentTime=0,
06-03 15:39:56.425 1092 1106 I OpenGLRenderer: Davey! duration=9223371955712ms; Flags=0, FrameTimelineVsyncId=3343, IntendedVsync=81120992053, Vsync=81137658719, InputEventId=0, HandleInputStart=81141706162, AnimationStart=81141717828, PerformTraversalsStart=81142509995, DrawStart=81142910995, FrameDeadline=81154325385, FrameInterval=81141679620, FrameStartTime=16666666, SyncQueued=81143074912, SyncStart=81164484870, IssueDrawCommandsStart=81166788412, SwapBuffers=81181319453, FrameCompleted=9223372036854775807, DequeueBufferDuration=97875, QueueBufferDuration=3992417, GpuCompleted=9223372036854775807, SwapBuffersCompleted=81186474078, DisplayPresentTime=0,
06-03 15:39:56.620 484 532 W IorapForwardingService: No service published for: iorapd
06-03 15:39:56.752 1043 1043 E ccc : cccccc 有设备 取消移除任务
06-03 15:39:56.874 1092 1106 I OpenGLRenderer: Davey! duration=9223371955244ms; Flags=0, FrameTimelineVsyncId=3400, IntendedVsync=81604316748, Vsync=81604316748, InputEventId=0, HandleInputStart=81605485037, AnimationStart=81605498537, PerformTraversalsStart=81606931078, DrawStart=81609129287, FrameDeadline=81637650080, FrameInterval=81605465912, FrameStartTime=16666666, SyncQueued=81609560287, SyncStart=81615746287, IssueDrawCommandsStart=81617079453, SwapBuffers=81633042578, FrameCompleted=9223372036854775807, DequeueBufferDuration=9010459, QueueBufferDuration=1188000, GpuCompleted=9223372036854775807, SwapBuffersCompleted=81635408828, DisplayPresentTime=0,
06-03 15:39:57.348 484 1011 W ZramWriteback: Writeback device is not set
06-03 15:39:57.348 484 1011 D ZramWriteback: wait to flush
06-03 15:39:57.623 484 532 W IorapForwardingService: No service published for: iorapd
06-03 15:39:57.908 2361 2425 D nStackXCoAP: IsInSameNetwork:[276] :IsInSameNetwork exec
06-03 15:39:57.908 2361 2425 I nStackXDFinder: GetLocalInterfaceDetail:[461] :GetLocalInterfaceDetail in
06-03 15:39:57.909 2361 2425 E nStackXCoAP: IsInSameNetwork:[281] :IsInSameNetwork: not priority process
06-03 15:39:57.909 2361 2425 D nStackXCoAP: ParseServiceDiscover:[330] :new device join
06-03 15:39:57.909 2361 2425 E nStackXDFinder: GetLocalIp:[401] :GetLocalIp exec
06-03 15:39:57.928 2361 2425 D nStackXCoAP: CoapMessageHandler:[133] :2.01
06-03 15:39:58.010 2361 2425 D nStackXCoAP: IsInSameNetwork:[276] :IsInSameNetwork exec
06-03 15:39:58.010 2361 2425 I nStackXDFinder: GetLocalInterfaceDetail:[461] :GetLocalInterfaceDetail in
06-03 15:39:58.010 2361 2425 E nStackXCoAP: IsInSameNetwork:[281] :IsInSameNetwork: not priority process
06-03 15:39:58.010 2361 2425 D nStackXCoAP: ParseServiceDiscover:[330] :new device join
06-03 15:39:58.010 2361 2425 E nStackXDFinder: GetLocalIp:[401] :GetLocalIp exec
06-03 15:39:58.023 2361 2425 D nStackXCoAP: CoapMessageHandler:[133] :2.01
06-03 15:39:58.023 667 667 E WifiHAL : wifi_get_link_stats: requestResponse Error:-5
06-03 15:39:58.025 484 620 E WifiVendorHal: getWifiLinkLayerStats_1_5_Internal(l.1191) failed {.code = ERROR_INVALID_ARGS, .description = }
06-03 15:39:58.322 2361 2425 D nStackXCoAP: IsInSameNetwork:[276] :IsInSameNetwork exec
06-03 15:39:58.322 2361 2425 I nStackXDFinder: GetLocalInterfaceDetail:[461] :GetLocalInterfaceDetail in
06-03 15:39:58.322 2361 2425 E nStackXCoAP: IsInSameNetwork:[281] :IsInSameNetwork: not priority process
06-03 15:39:58.322 2361 2425 D nStackXCoAP: ParseServiceDiscover:[330] :new device join
06-03 15:39:58.322 2361 2425 E nStackXDFinder: GetLocalIp:[401] :GetLocalIp exec
06-03 15:39:58.335 2361 2425 D nStackXCoAP: CoapMessageHandler:[133] :2.01
06-03 15:39:58.415 2361 2425 D nStackXCoAP: IsInSameNetwork:[276] :IsInSameNetwork exec
06-03 15:39:58.415 2361 2425 I nStackXDFinder: GetLocalInterfaceDetail:[461] :GetLocalInterfaceDetail in
06-03 15:39:58.415 2361 2425 E nStackXCoAP: IsInSameNetwork:[281] :IsInSameNetwork: not priority process
06-03 15:39:58.415 2361 2425 D nStackXCoAP: ParseServiceDiscover:[330] :new device join
06-03 15:39:58.415 2361 2425 E nStackXDFinder: GetLocalIp:[401] :GetLocalIp exec
06-03 15:39:58.625 484 532 W IorapForwardingService: No service published for: iorapd
06-03 15:39:58.829 2361 2425 D nStackXCoAP: CoapMessageHandler:[133] :2.01
06-03 15:39:58.949 2361 2425 D nStackXCoAP: IsInSameNetwork:[276] :IsInSameNetwork exec
06-03 15:39:58.949 2361 2425 I nStackXDFinder: GetLocalInterfaceDetail:[461] :GetLocalInterfaceDetail in
06-03 15:39:58.949 2361 2425 E nStackXCoAP: IsInSameNetwork:[281] :IsInSameNetwork: not priority process
06-03 15:39:58.949 2361 2425 D nStackXCoAP: ParseServiceDiscover:[330] :new device join
06-03 15:39:58.949 2361 2425 E nStackXDFinder: GetLocalIp:[401] :GetLocalIp exec
06-03 15:39:58.959 2361 2425 D nStackXCoAP: CoapMessageHandler:[133] :2.01
06-03 15:39:59.268 1092 1106 I OpenGLRenderer: Davey! duration=9223371952849ms; Flags=0, FrameTimelineVsyncId=3439, IntendedVsync=84004787492, Vsync=84004787492, InputEventId=0, HandleInputStart=84006443830, AnimationStart=84006446496, PerformTraversalsStart=84006678955, DrawStart=84007481455, FrameDeadline=84038120824, FrameInterval=84006433246, FrameStartTime=16666666, SyncQueued=84008526080, SyncStart=84008831788, IssueDrawCommandsStart=84009983038, SwapBuffers=84027210830, FrameCompleted=9223372036854775807, DequeueBufferDuration=67166, QueueBufferDuration=2110792, GpuCompleted=9223372036854775807, SwapBuffersCompleted=84032389996, DisplayPresentTime=0,
06-03 15:39:59.293 1092 1401 I OpenGLRenderer: Davey! duration=9223371952828ms; Flags=0, FrameTimelineVsyncId=3440, IntendedVsync=84021455700, Vsync=84021455700, InputEventId=0, HandleInputStart=84024626705, AnimationStart=84024639455, PerformTraversalsStart=84026631580, DrawStart=84027898246, FrameDeadline=84054789032, FrameInterval=84024608496, FrameStartTime=16666666, SyncQueued=84028782080, SyncStart=84033103788, IssueDrawCommandsStart=84036577455, SwapBuffers=84060402330, FrameCompleted=9223372036854775807, DequeueBufferDuration=47709, QueueBufferDuration=1387292, GpuCompleted=9223372036854775807, SwapBuffersCompleted=84062596163, DisplayPresentTime=0,
06-03 15:39:59.310 1092 1476 I OpenGLRenderer: Davey! duration=9223371952796ms; Flags=0, FrameTimelineVsyncId=3442, IntendedVsync=84038123908, Vsync=84038123908, InputEventId=0, HandleInputStart=84040255330, AnimationStart=84040262288, PerformTraversalsStart=84041998330, DrawStart=84042728705, FrameDeadline=84071457240, FrameInterval=84040234371, FrameStartTime=16666666, SyncQueued=84042908413, SyncStart=84062904913, IssueDrawCommandsStart=84064487330, SwapBuffers=84074760371, FrameCompleted=9223372036854775807, DequeueBufferDuration=46708, QueueBufferDuration=6262875, GpuCompleted=9223372036854775807, SwapBuffersCompleted=84083842496, DisplayPresentTime=0,
06-03 15:39:59.344 1092 1401 I OpenGLRenderer: Davey! duration=9223371952781ms; Flags=0, FrameTimelineVsyncId=3443, IntendedVsync=84054792116, Vsync=84054792116, InputEventId=0, HandleInputStart=84067163246, AnimationStart=84067173288, PerformTraversalsStart=84069310871, DrawStart=84070340830, FrameDeadline=84088125448, FrameInterval=84067147746, FrameStartTime=16666666, SyncQueued=84070882205, SyncStart=84089542288, IssueDrawCommandsStart=84093607663, SwapBuffers=84105471830, FrameCompleted=9223372036854775807, DequeueBufferDuration=99084, QueueBufferDuration=1812333, GpuCompleted=9223372036854775807, SwapBuffersCompleted=84108420163, DisplayPresentTime=0,
06-03 15:39:59.378 1092 1401 I OpenGLRenderer: Davey! duration=9223371952770ms; Flags=0, FrameTimelineVsyncId=3445, IntendedVsync=84071460324, Vsync=84088126990, InputEventId=0, HandleInputStart=84095280205, AnimationStart=84095284163, PerformTraversalsStart=84095937746, DrawStart=84096803371, FrameDeadline=84104793656, FrameInterval=84095270621, FrameStartTime=16666666, SyncQueued=84096959246, SyncStart=84109298121, IssueDrawCommandsStart=84111054163, SwapBuffers=84130114121, FrameCompleted=9223372036854775807, DequeueBufferDuration=107834, QueueBufferDuration=5598500, GpuCompleted=9223372036854775807, SwapBuffersCompleted=84138563163, DisplayPresentTime=0,
06-03 15:39:59.392 1092 1401 I OpenGLRenderer: Davey! duration=9223371952729ms; Flags=0, FrameTimelineVsyncId=3448, IntendedVsync=84104284865, Vsync=84104284865, InputEventId=0, HandleInputStart=84115604163, AnimationStart=84115612580, PerformTraversalsStart=84117283330, DrawStart=84117632871, FrameDeadline=84137618197, FrameInterval=84115582955, FrameStartTime=16666666, SyncQueued=84117779788, SyncStart=84138996205, IssueDrawCommandsStart=84141906830, SwapBuffers=84153307330, FrameCompleted=9223372036854775807, DequeueBufferDuration=81292, QueueBufferDuration=3722916, GpuCompleted=9223372036854775807, SwapBuffersCompleted=84158415288, DisplayPresentTime=0,
06-03 15:39:59.461 2361 2425 D nStackXCoAP: IsInSameNetwork:[276] :IsInSameNetwork exec
06-03 15:39:59.461 2361 2425 I nStackXDFinder: GetLocalInterfaceDetail:[461] :GetLocalInterfaceDetail in
06-03 15:39:59.461 2361 2425 E nStackXCoAP: IsInSameNetwork:[281] :IsInSameNetwork: not priority process
06-03 15:39:59.461 2361 2425 D nStackXCoAP: ParseServiceDiscover:[330] :new device join
06-03 15:39:59.461 2361 2425 E nStackXDFinder: GetLocalIp:[401] :GetLocalIp exec
06-03 15:39:59.473 2361 2425 D nStackXCoAP: CoapMessageHandler:[133] :2.01
06-03 15:39:59.493 260 283 D audio_hw_primary: out_standby
06-03 15:39:59.628 484 532 W IorapForwardingService: No service published for: iorapd
06-03 15:39:59.875 2135 2201 D UtilLog : 日志批量上报 进行正常循环 !!!!!!本次有0次请求,共0条数据
06-03 15:39:59.876 1092 1476 I OpenGLRenderer: Davey! duration=9223371952244ms; Flags=0, FrameTimelineVsyncId=3507, IntendedVsync=84604324034, Vsync=84604324034, InputEventId=0, HandleInputStart=84605513372, AnimationStart=84605526913, PerformTraversalsStart=84606951163, DrawStart=84608921163, FrameDeadline=84637657366, FrameInterval=84605485830, FrameStartTime=16666666, SyncQueued=84609378455, SyncStart=84615428372, IssueDrawCommandsStart=84616856288, SwapBuffers=84632980663, FrameCompleted=9223372036854775807, DequeueBufferDuration=8423125, QueueBufferDuration=1345541, GpuCompleted=9223372036854775807, SwapBuffersCompleted=84635654622, DisplayPresentTime=0,
06-03 15:39:59.950 2361 2425 D nStackXCoAP: IsInSameNetwork:[276] :IsInSameNetwork exec
06-03 15:39:59.950 2361 2425 I nStackXDFinder: GetLocalInterfaceDetail:[461] :GetLocalInterfaceDetail in
06-03 15:39:59.950 2361 2425 E nStackXCoAP: IsInSameNetwork:[281] :IsInSameNetwork: not priority process
06-03 15:39:59.950 2361 2425 D nStackXCoAP: ParseServiceDiscover:[330] :new device join
06-03 15:39:59.950 2361 2425 E nStackXDFinder: GetLocalIp:[401] :GetLocalIp exec
06-03 15:39:59.957 2361 2425 D nStackXCoAP: CoapMessageHandler:[133] :2.01
06-03 15:40:00.153 1133 1133 D aaa : LedStatusService onStartCommand begin
06-03 15:40:00.154 1133 2680 D aaa : topPkg is -------------- :com.dangbei.lerad.etna.haqu
06-03 15:40:00.169 1189 1189 D bbb : onStartCommand begin !!!!!!! data分区剩余 24608MB
06-03 15:40:00.464 2361 2425 D nStackXCoAP: IsInSameNetwork:[276] :IsInSameNetwork exec
06-03 15:40:00.464 2361 2425 I nStackXDFinder: GetLocalInterfaceDetail:[461] :GetLocalInterfaceDetail in
06-03 15:40:00.465 2361 2425 E nStackXCoAP: IsInSameNetwork:[281] :IsInSameNetwork: not priority process
06-03 15:40:00.465 2361 2425 D nStackXCoAP: ParseServiceDiscover:[330] :new device join
06-03 15:40:00.465 2361 2425 E nStackXDFinder: GetLocalIp:[401] :GetLocalIp exec
06-03 15:40:00.474 2361 2425 D nStackXCoAP: CoapMessageHandler:[133] :2.01
06-03 15:40:00.631 484 532 W IorapForwardingService: No service published for: iorapd
06-03 15:40:00.974 2361 2425 D nStackXCoAP: IsInSameNetwork:[276] :IsInSameNetwork exec
06-03 15:40:00.974 2361 2425 I nStackXDFinder: GetLocalInterfaceDetail:[461] :GetLocalInterfaceDetail in
06-03 15:40:00.974 2361 2425 E nStackXCoAP: IsInSameNetwork:[281] :IsInSameNetwork: not priority process
06-03 15:40:00.974 2361 2425 D nStackXCoAP: ParseServiceDiscover:[330] :new device join
06-03 15:40:00.974 2361 2425 E nStackXDFinder: GetLocalIp:[401] :GetLocalIp exec
06-03 15:40:00.982 2361 2425 D nStackXCoAP: CoapMessageHandler:[133] :2.01
06-03 15:40:01.038 667 667 E WifiHAL : wifi_get_link_stats: requestResponse Error:-5
06-03 15:40:01.040 484 620 E WifiVendorHal: getWifiLinkLayerStats_1_5_Internal(l.1191) failed {.code = ERROR_INVALID_ARGS, .description = }
06-03 15:40:01.514 2361 2425 D nStackXCoAP: IsInSameNetwork:[276] :IsInSameNetwork exec
06-03 15:40:01.515 2361 2425 I nStackXDFinder: GetLocalInterfaceDetail:[461] :GetLocalInterfaceDetail in
06-03 15:40:01.515 2361 2425 E nStackXCoAP: IsInSameNetwork:[281] :IsInSameNetwork: not priority process
06-03 15:40:01.515 2361 2425 D nStackXCoAP: ParseServiceDiscover:[330] :new device join
06-03 15:40:01.515 2361 2425 E nStackXDFinder: GetLocalIp:[401] :GetLocalIp exec
06-03 15:40:01.523 2361 2425 D nStackXCoAP: CoapMessageHandler:[133] :2.01
06-03 15:40:01.633 484 532 W IorapForwardingService: No service published for: iorapd
06-03 15:40:01.998 2361 2425 D nStackXCoAP: IsInSameNetwork:[276] :IsInSameNetwork exec
06-03 15:40:01.998 2361 2425 I nStackXDFinder: GetLocalInterfaceDetail:[461] :GetLocalInterfaceDetail in
06-03 15:40:01.998 2361 2425 E nStackXCoAP: IsInSameNetwork:[281] :IsInSameNetwork: not priority process
06-03 15:40:01.998 2361 2425 D nStackXCoAP: ParseServiceDiscover:[330] :new device join
06-03 15:40:01.998 2361 2425 E nStackXDFinder: GetLocalIp:[401] :GetLocalIp exec
06-03 15:40:02.007 2361 2425 D nStackXCoAP: CoapMessageHandler:[133] :2.01
06-03 15:40:02.281 1092 1476 I OpenGLRenderer: Davey! duration=9223371949832ms; Flags=0, FrameTimelineVsyncId=3522, IntendedVsync=87021416339, Vsync=87021416339, InputEventId=0, HandleInputStart=87022076289, AnimationStart=87022080414, PerformTraversalsStart=87022372289, DrawStart=87023203873, FrameDeadline=87054749671, FrameInterval=87022067123, FrameStartTime=16666666, SyncQueued=87024557748, SyncStart=87024942914, IssueDrawCommandsStart=87026114664, SwapBuffers=87038891623, FrameCompleted=9223372036854775807, DequeueBufferDuration=72791, QueueBufferDuration=1783625, GpuCompleted=9223372036854775807, SwapBuffersCompleted=87042712748, DisplayPresentTime=0,
06-03 15:40:02.312 1092 1476 I OpenGLRenderer: Davey! duration=9223371949816ms; Flags=0, FrameTimelineVsyncId=3523, IntendedVsync=87038082734, Vsync=87038082734, InputEventId=0, HandleInputStart=87039296664, AnimationStart=87039305706, PerformTraversalsStart=87040595081, DrawStart=87042551664, FrameDeadline=87071416066, FrameInterval=87039278998, FrameStartTime=16666666, SyncQueued=87043244664, SyncStart=87043713831, IssueDrawCommandsStart=87045771331, SwapBuffers=87072669748, FrameCompleted=9223372036854775807, DequeueBufferDuration=70333, QueueBufferDuration=1299708, GpuCompleted=9223372036854775807, SwapBuffersCompleted=87075169331, DisplayPresentTime=0,
06-03 15:40:02.344 1092 1476 I OpenGLRenderer: Davey! duration=9223371949792ms; Flags=0, FrameTimelineVsyncId=3525, IntendedVsync=87054749129, Vsync=87071415795, InputEventId=0, HandleInputStart=87072256623, AnimationStart=87072260623, PerformTraversalsStart=87072881789, DrawStart=87073344873, FrameDeadline=87088082461, FrameInterval=87072197998, FrameStartTime=16666666, SyncQueued=87073943331, SyncStart=87081440248, IssueDrawCommandsStart=87082729789, SwapBuffers=87113820873, FrameCompleted=9223372036854775807, DequeueBufferDuration=77833, QueueBufferDuration=1792833, GpuCompleted=9223372036854775807, SwapBuffersCompleted=87117380081, DisplayPresentTime=0,
06-03 15:40:02.379 1092 1476 I OpenGLRenderer: Davey! duration=9223371949759ms; Flags=0, FrameTimelineVsyncId=3528, IntendedVsync=87088081919, Vsync=87088081919, InputEventId=0, HandleInputStart=87089957414, AnimationStart=87089963873, PerformTraversalsStart=87091176998, DrawStart=87095834123, FrameDeadline=87121415251, FrameInterval=87089940039, FrameStartTime=16666666, SyncQueued=87110957039, SyncStart=87117931164, IssueDrawCommandsStart=87119951039, SwapBuffers=87138763248, FrameCompleted=9223372036854775807, DequeueBufferDuration=60958, QueueBufferDuration=2280958, GpuCompleted=9223372036854775807, SwapBuffersCompleted=87145380831, DisplayPresentTime=0,
06-03 15:40:02.396 1092 1476 I OpenGLRenderer: Davey! duration=9223371949726ms; Flags=0, FrameTimelineVsyncId=3529, IntendedVsync=87104748314, Vsync=87104748314, InputEventId=0, HandleInputStart=87120501456, AnimationStart=87120503914, PerformTraversalsStart=87121126248, DrawStart=87121837706, FrameDeadline=87138081646, FrameInterval=87120495664, FrameStartTime=16666666, SyncQueued=87122048414, SyncStart=87145743206, IssueDrawCommandsStart=87147319164, SwapBuffers=87162728998, FrameCompleted=9223372036854775807, DequeueBufferDuration=80792, QueueBufferDuration=2858833, GpuCompleted=9223372036854775807, SwapBuffersCompleted=87167593748, DisplayPresentTime=0,
06-03 15:40:02.424 1092 1476 I OpenGLRenderer: Davey! duration=9223371949715ms; Flags=0, FrameTimelineVsyncId=3531, IntendedVsync=87120909198, Vsync=87137575864, InputEventId=0, HandleInputStart=87148214206, AnimationStart=87148224081, PerformTraversalsStart=87149735373, DrawStart=87150039248, FrameDeadline=87154242530, FrameInterval=87148195248, FrameStartTime=16666666, SyncQueued=87150160539, SyncStart=87168485414, IssueDrawCommandsStart=87170260373, SwapBuffers=87186239956, FrameCompleted=9223372036854775807, DequeueBufferDuration=37250, QueueBufferDuration=2988458, GpuCompleted=9223372036854775807, SwapBuffersCompleted=87190624039, DisplayPresentTime=0,
06-03 15:40:02.510 2361 2425 D nStackXCoAP: IsInSameNetwork:[276] :IsInSameNetwork exec
06-03 15:40:02.510 2361 2425 I nStackXDFinder: GetLocalInterfaceDetail:[461] :GetLocalInterfaceDetail in
06-03 15:40:02.510 2361 2425 E nStackXCoAP: IsInSameNetwork:[281] :IsInSameNetwork: not priority process
06-03 15:40:02.510 2361 2425 D nStackXCoAP: ParseServiceDiscover:[330] :new device join
06-03 15:40:02.510 2361 2425 E nStackXDFinder: GetLocalIp:[401] :GetLocalIp exec
06-03 15:40:02.521 2361 2425 D nStackXCoAP: CoapMessageHandler:[133] :2.01
06-03 15:40:02.635 484 532 W IorapForwardingService: No service published for: iorapd
06-03 15:40:02.911 1092 1476 I OpenGLRenderer: Davey! duration=9223371949211ms; Flags=0, FrameTimelineVsyncId=3591, IntendedVsync=87637652946, Vsync=87637652946, InputEventId=0, HandleInputStart=87638817665, AnimationStart=87638828665, PerformTraversalsStart=87639937248, DrawStart=87642207748, FrameDeadline=87670986278, FrameInterval=87638795248, FrameStartTime=16666666, SyncQueued=87642795540, SyncStart=87648907248, IssueDrawCommandsStart=87650059956, SwapBuffers=87665613415, FrameCompleted=9223372036854775807, DequeueBufferDuration=8448958, QueueBufferDuration=1152417, GpuCompleted=9223372036854775807, SwapBuffersCompleted=87668134706, DisplayPresentTime=0,
06-03 15:40:03.637 484 532 W IorapForwardingService: No service published for: iorapd
06-03 15:40:03.667 327 2547 D XM_HIDREAD: poll ret=1, event=1
06-03 15:40:03.667 327 2547 D XM_HIDREAD: [9 bytes]:01 00 00 51 00 00 00 00 00
06-03 15:40:03.667 484 609 D TvWindowManager: key event key = KEYCODE_DPAD_DOWN down = true
06-03 15:40:03.674 484 608 D GpioService: mFlickerEnable = true
06-03 15:40:03.679 260 2478 D audio_hw_primary: start_output_stream out->format : 0x00000000
06-03 15:40:03.679 260 2478 V audio_hw_primary: start_output_stream, line: 1503
06-03 15:40:03.679 260 2478 V audio_hw_primary: use AUDIO_CODEC to playback audio
06-03 15:40:03.679 260 2478 D audio_route: Apply path: media-speaker-headphones
06-03 15:40:03.679 260 2478 D audio_route: Apply path: media-headset-mic
06-03 15:40:03.679 260 2478 D audio_hw_primary: open card=0, port=0
06-03 15:40:03.679 260 2478 D audio_hw_primary: config:2 44100 960 2 0 5760 1 0
06-03 15:40:03.679 260 2478 D audio_hw_primary: set_raw_flag(card=0, raw_flag=1)
06-03 15:40:03.682 260 2478 V audio_hw_primary: do not use out resampler
06-03 15:40:03.682 260 2478 V audio_hw_primary: use AUDIO_SPDIF to playback audio
06-03 15:40:03.682 260 2478 D audio_hw_primary: open card=1, port=0
06-03 15:40:03.682 260 2478 D audio_hw_primary: config:2 44100 960 2 0 5760 1 0
06-03 15:40:03.682 260 2478 D audio_hw_primary: set_raw_flag(card=1, raw_flag=1)
06-03 15:40:03.683 260 2478 D audio_hw_primary: set_raw_flag control_name = audio data format control_value PCM)
06-03 15:40:03.683 260 2478 V audio_hw_primary: do not use out resampler
06-03 15:40:03.683 260 2478 V audio_hw_primary: use AUDIO_HDMI to playback audio
06-03 15:40:03.683 260 2478 D audio_hw_primary: open card=3, port=0
06-03 15:40:03.683 260 2478 D audio_hw_primary: config:2 44100 960 2 0 5760 1 0
06-03 15:40:03.683 260 2478 D audio_hw_primary: set_raw_flag(card=3, raw_flag=1)
06-03 15:40:03.684 260 2478 D audio_hw_primary: set_raw_flag control_name = audio data format control_value PCM)
06-03 15:40:03.684 260 2478 V audio_hw_primary: do not use out resampler
06-03 15:40:03.708 285 459 D AudioFlinger: mixer(0xef63bc40) throttle end: throttle time(9)
06-03 15:40:03.768 327 2547 D XM_HIDREAD: poll ret=1, event=1
06-03 15:40:03.769 327 2547 D XM_HIDREAD: [9 bytes]:01 00 00 00 00 00 00 00 00
06-03 15:40:03.769 484 609 D TvWindowManager: key event key = KEYCODE_DPAD_DOWN down = false
06-03 15:40:03.818 484 608 D GpioService: mFlickerEnable = true
06-03 15:40:03.820 1934 1934 I SogouIME: onKeyDown: keyoCode=20
06-03 15:40:03.820 1934 1934 I DefaultIMS: onKeyDown: keyoCode=20
06-03 15:40:03.825 1934 1934 I SogouIME: onKeyUp: keyoCode=20
06-03 15:40:03.826 1934 1934 I DefaultIMS: onKeyUp: keyoCode=20
06-03 15:40:03.903 327 2547 D XM_HIDREAD: poll ret=1, event=1
06-03 15:40:03.904 327 2547 D XM_HIDREAD: [9 bytes]:01 00 00 51 00 00 00 00 00
06-03 15:40:03.905 484 609 D TvWindowManager: key event key = KEYCODE_DPAD_DOWN down = true
06-03 15:40:03.923 484 608 D GpioService: mFlickerEnable = true
06-03 15:40:03.955 1423 1647 I efs.base: wa upload fail, resp is HttpResponse {succ=false, code=-1, data='', extra={}}
06-03 15:40:04.054 484 608 D GpioService: mFlickerEnable = true
06-03 15:40:04.057 667 667 E WifiHAL : wifi_get_link_stats: requestResponse Error:-5
06-03 15:40:04.061 327 2547 D XM_HIDREAD: poll ret=1, event=1
06-03 15:40:04.061 327 2547 D XM_HIDREAD: [9 bytes]:01 00 00 00 00 00 00 00 00
06-03 15:40:04.062 484 609 D TvWindowManager: key event key = KEYCODE_DPAD_DOWN down = false
06-03 15:40:04.062 484 620 E WifiVendorHal: getWifiLinkLayerStats_1_5_Internal(l.1191) failed {.code = ERROR_INVALID_ARGS, .description = }
06-03 15:40:04.079 1934 1934 I SogouIME: onKeyDown: keyoCode=20
06-03 15:40:04.079 1934 1934 I DefaultIMS: onKeyDown: keyoCode=20
06-03 15:40:04.101 1423 1649 I efs.base: wa upload fail, resp is HttpResponse {succ=false, code=-1, data='', extra={}}
06-03 15:40:04.175 1934 1934 I SogouIME: onKeyUp: keyoCode=20
06-03 15:40:04.175 1934 1934 I DefaultIMS: onKeyUp: keyoCode=20
06-03 15:40:04.177 484 820 I ActivityManager: Killing 1498:com.android.managedprovisioning/u0a16 (adj 985): empty #17
06-03 15:40:04.186 327 2547 D XM_HIDREAD: poll ret=1, event=1
06-03 15:40:04.186 327 2547 D XM_HIDREAD: [9 bytes]:01 00 00 51 00 00 00 00 00
06-03 15:40:04.187 484 609 D TvWindowManager: key event key = KEYCODE_DPAD_DOWN down = true
06-03 15:40:04.213 484 550 I libprocessgroup: Successfully killed process cgroup uid 10016 pid 1498 in 20ms
06-03 15:40:04.217 484 608 D GpioService: mFlickerEnable = true
06-03 15:40:04.246 1423 1647 I efs.base: wa upload fail, resp is HttpResponse {succ=false, code=-1, data='', extra={}}
06-03 15:40:04.274 255 255 I Zygote : Process 1498 exited due to signal 9 (Killed)
06-03 15:40:04.286 327 2547 D XM_HIDREAD: poll ret=1, event=1
06-03 15:40:04.286 327 2547 D XM_HIDREAD: [9 bytes]:01 00 00 00 00 00 00 00 00
06-03 15:40:04.288 484 609 D TvWindowManager: key event key = KEYCODE_DPAD_DOWN down = false
06-03 15:40:04.338 484 608 D GpioService: mFlickerEnable = true
06-03 15:40:04.344 1934 1934 I SogouIME: onKeyDown: keyoCode=20
06-03 15:40:04.344 1934 1934 I DefaultIMS: onKeyDown: keyoCode=20
06-03 15:40:04.349 1934 1934 I SogouIME: onKeyUp: keyoCode=20
06-03 15:40:04.349 1934 1934 I DefaultIMS: onKeyUp: keyoCode=20
06-03 15:40:04.364 327 2547 D XM_HIDREAD: poll ret=1, event=1
06-03 15:40:04.365 327 2547 D XM_HIDREAD: [9 bytes]:01 00 00 51 00 00 00 00 00
06-03 15:40:04.365 484 609 D TvWindowManager: key event key = KEYCODE_DPAD_DOWN down = true
06-03 15:40:04.375 285 456 W AudioFlinger: createTrack_l(): mismatch between requested flags (00000004) and output flags (00000002)
06-03 15:40:04.380 285 456 D AF::TrackHandle: OpPlayAudio: track:60 usage:1 not muted
06-03 15:40:04.385 484 609 D AudioTrack: createTrack_l(0): AUDIO_OUTPUT_FLAG_FAST denied by server; frameCount 0 -> 6912
06-03 15:40:04.388 484 608 D GpioService: mFlickerEnable = true
06-03 15:40:04.515 484 608 D GpioService: mFlickerEnable = true
06-03 15:40:04.517 1934 1934 I SogouIME: onKeyDown: keyoCode=20
06-03 15:40:04.517 1934 1934 I DefaultIMS: onKeyDown: keyoCode=20
06-03 15:40:04.556 327 2547 D XM_HIDREAD: poll ret=1, event=1
06-03 15:40:04.557 327 2547 D XM_HIDREAD: [9 bytes]:01 00 00 00 00 00 00 00 00
06-03 15:40:04.558 484 609 D TvWindowManager: key event key = KEYCODE_DPAD_DOWN down = false
06-03 15:40:04.589 1934 1934 I SogouIME: onKeyUp: keyoCode=20
06-03 15:40:04.589 1934 1934 I DefaultIMS: onKeyUp: keyoCode=20
06-03 15:40:04.602 327 2547 D XM_HIDREAD: poll ret=1, event=1
06-03 15:40:04.602 327 2547 D XM_HIDREAD: [9 bytes]:01 00 00 51 00 00 00 00 00
06-03 15:40:04.613 484 609 D TvWindowManager: key event key = KEYCODE_DPAD_DOWN down = true
06-03 15:40:04.626 484 608 D GpioService: mFlickerEnable = true
06-03 15:40:04.639 484 532 W IorapForwardingService: No service published for: iorapd
06-03 15:40:04.669 1423 1647 I efs.base: wa upload fail, resp is HttpResponse {succ=false, code=-1, data='', extra={}}
06-03 15:40:04.691 327 2547 D XM_HIDREAD: poll ret=1, event=1
06-03 15:40:04.691 327 2547 D XM_HIDREAD: [9 bytes]:01 00 00 00 00 00 00 00 00
06-03 15:40:04.693 484 609 D TvWindowManager: key event key = KEYCODE_DPAD_DOWN down = false
06-03 15:40:04.738 1423 1649 I efs.base: wa upload succ, HttpResponse {succ=true, code=200, data='暂不支持该服务', extra={req_url=https://errlog.umeng.com/api/crashsdk/logcollect}}
06-03 15:40:04.760 327 2547 D XM_HIDREAD: poll ret=1, event=1
06-03 15:40:04.760 484 608 D GpioService: mFlickerEnable = true
06-03 15:40:04.760 327 2547 D XM_HIDREAD: [9 bytes]:01 00 00 51 00 00 00 00 00
06-03 15:40:04.766 484 609 D TvWindowManager: key event key = KEYCODE_DPAD_DOWN down = true
06-03 15:40:04.774 1934 1934 I SogouIME: onKeyDown: keyoCode=20
06-03 15:40:04.777 1934 1934 I DefaultIMS: onKeyDown: keyoCode=20
06-03 15:40:04.809 484 608 D GpioService: mFlickerEnable = true
06-03 15:40:04.809 1934 1934 I SogouIME: onKeyUp: keyoCode=20
06-03 15:40:04.809 1934 1934 I DefaultIMS: onKeyUp: keyoCode=20
06-03 15:40:04.886 1423 1647 I efs.base: wa upload fail, resp is HttpResponse {succ=false, code=-1, data='', extra={}}
06-03 15:40:04.887 1423 1622 I efs.send_log: request error cnt gt 5, next request delay 10s
06-03 15:40:04.893 327 2547 D XM_HIDREAD: poll ret=1, event=1
06-03 15:40:04.893 327 2547 D XM_HIDREAD: [9 bytes]:01 00 00 00 00 00 00 00 00
06-03 15:40:04.893 484 609 D TvWindowManager: key event key = KEYCODE_DPAD_DOWN down = false
06-03 15:40:04.910 484 608 D GpioService: mFlickerEnable = true
06-03 15:40:04.913 1934 1934 I SogouIME: onKeyDown: keyoCode=20
06-03 15:40:04.913 1934 1934 I DefaultIMS: onKeyDown: keyoCode=20
06-03 15:40:04.915 1934 1934 I SogouIME: onKeyUp: keyoCode=20
06-03 15:40:04.915 1934 1934 I DefaultIMS: onKeyUp: keyoCode=20
06-03 15:40:04.977 388 388 E update_engine: [ERROR:update_attempter_android.cc(-1)] unknown(...): Domain=update_engine, Code=generic_error, Message=No ongoing update to cancel.
