01-01 08:00:11.611 219 219 D tee_supplicant: failed to open the ta /vendor/lib/optee_armtz/2233b43b-cec6-449a-9509-469f5023e425.ta TA-file
01-01 08:00:11.612 219 219 D tee_supplicant: looping
01-01 08:00:11.612 219 219 D tee_supplicant: looping
01-01 08:00:11.612 219 219 D tee_supplicant: failed to open the ta /vendor/lib/optee_armtz/2233b43b-cec6-449a-9509-469f5023e425.ta TA-file
01-01 08:00:11.617 219 219 D tee_supplicant: looping
01-01 08:00:11.619 263 263 E cutils-trace: Error opening trace file: No such file or directory (2)
01-01 08:00:11.620 219 277 D tee_supplicant: looping
01-01 08:00:11.629 263 263 I HidlServiceManagement: Registered android.hardware.cas@1.2::IMediaCasService/default
01-01 08:00:11.629 263 263 I HidlServiceManagement: Removing namespace from process name android.hardware.cas@1.2-service to cas@1.2-service.
01-01 08:00:11.637 254 254 I netd : Setting up StrictController hooks: 30747us
01-01 08:00:11.637 260 260 I HidlServiceManagement: Registered android.hardware.audio@7.0::IDevicesFactory/default
01-01 08:00:11.637 254 254 I netd : Initializing ClatdController: 228us
01-01 08:00:11.637 260 260 I HidlServiceManagement: Removing namespace from process name android.hardware.audio.service to audio.service.
01-01 08:00:11.638 260 260 I LegacySupport: Registration complete for android.hardware.audio@7.0::IDevicesFactory/default.
01-01 08:00:11.639 254 254 I netd : Initializing traffic control: 1823us
01-01 08:00:11.666 219 219 D tee_supplicant: looping
01-01 08:00:11.690 273 273 E cutils-trace: Error opening trace file: No such file or directory (2)
01-01 08:00:11.693 274 274 I android.hardware.lights-service: Light Hal current version V2.0.0
01-01 08:00:11.696 274 274 D lights_device: success open disp device type=0.
01-01 08:00:11.697 254 254 I netd : Enabling bandwidth control: 57548us
01-01 08:00:11.700 254 254 I netd : Initializing RouteController: 3900us
01-01 08:00:11.701 254 254 D XfrmController: XfrmController::ipSecAddXfrmInterface, line=1479
01-01 08:00:11.702 254 254 D XfrmController: XfrmController::ipSecRemoveTunnelInterface, line=1692
01-01 08:00:11.702 254 254 D XfrmController: deviceName=ipsec_test
01-01 08:00:11.708 262 262 I android.hardware.camera.provider@2.4-external-service: External camera provider service is starting.
01-01 08:00:11.713 192 192 I servicemanager: Found android.hardware.light.ILights/default in device VINTF manifest.
01-01 08:00:11.714 266 266 I HidlServiceManagement: Registered android.hardware.gatekeeper@1.0::IGatekeeper/default
01-01 08:00:11.714 266 266 I HidlServiceManagement: Removing namespace from process name android.hardware.gatekeeper@1.0-service-aw to gatekeeper@1.0-service-aw.
01-01 08:00:11.715 266 266 I LegacySupport: Registration complete for android.hardware.gatekeeper@1.0::IGatekeeper/default.
01-01 08:00:11.719 262 262 E cutils-trace: Error opening trace file: No such file or directory (2)
01-01 08:00:11.729 275 275 I AW_PowerHAL: AW Power HAL AIDL Service is starting.
01-01 08:00:11.844 273 273 W healthd : No battery devices found
01-01 08:00:11.731 275 275 I AW_PowerHAL: PowerHAL initiated
01-01 08:00:11.734 273 273 I android.hardware.health@2.1-service: default instance initializing with healthd_config...
01-01 08:00:11.739 192 192 I servicemanager: Found android.hardware.power.IPower/default in device VINTF manifest.
01-01 08:00:11.742 260 260 I HidlServiceManagement: Registered android.hardware.audio.effect@7.0::IEffectsFactory/default
01-01 08:00:11.743 254 254 D XfrmController: Sending Netlink XFRM Message: XFRM_MSG_FLUSHSA
01-01 08:00:11.744 254 254 D XfrmController: Sending Netlink XFRM Message: XFRM_MSG_FLUSHPOLICY
01-01 08:00:11.744 254 254 I netd : Initializing XfrmController: 43432us
01-01 08:00:11.754 260 260 I LegacySupport: Registration complete for android.hardware.audio.effect@7.0::IEffectsFactory/default.
01-01 08:00:11.755 254 254 D MDnsDS : MDnsSdListener::Hander starting up
01-01 08:00:11.756 254 254 I netd : Registering NetdNativeService: 929us
01-01 08:00:11.757 193 193 I hwservicemanager: getTransport: Cannot find entry android.hardware.soundtrigger@2.3::ISoundTriggerHw/default in either framework or device VINTF manifest.
01-01 08:00:11.758 254 254 E cutils-trace: Error opening trace file: No such file or directory (2)
01-01 08:00:11.765 254 299 D MDnsDS : MDnsSdListener starting to monitor
01-01 08:00:11.765 254 299 D MDnsDS : Going to poll with pollCount 1
01-01 08:00:11.782 270 270 E gralloc : Arm Module v1.0
01-01 08:00:11.786 254 254 I HidlServiceManagement: Registered android.system.net.netd@1.1::INetd/default
01-01 08:00:11.786 254 254 I netd : Registering NetdHwService: 29820us
01-01 08:00:11.786 254 254 I netd : Netd started in 334530us
01-01 08:00:11.789 260 260 E LegacySupport: Could not get passthrough implementation for android.hardware.soundtrigger@2.3::ISoundTriggerHw/default.
01-01 08:00:11.789 193 193 I hwservicemanager: getTransport: Cannot find entry android.hardware.soundtrigger@2.2::ISoundTriggerHw/default in either framework or device VINTF manifest.
01-01 08:00:11.910 175 175 I : file system registered
01-01 08:00:11.793 260 260 E LegacySupport: Could not get passthrough implementation for android.hardware.soundtrigger@2.2::ISoundTriggerHw/default.
01-01 08:00:11.801 193 193 I hwservicemanager: getTransport: Cannot find entry android.hardware.soundtrigger@2.1::ISoundTriggerHw/default in either framework or device VINTF manifest.
01-01 08:00:11.805 271 271 I sunxihwc: open: Loading: sunxi hwcomposer module
01-01 08:00:11.806 271 271 E cutils-trace: Error opening trace file: No such file or directory (2)
01-01 08:00:11.775 273 273 I HidlServiceManagement: Registered android.hardware.health@2.1::IHealth/default
01-01 08:00:11.807 273 273 I HidlServiceManagement: Removing namespace from process name android.hardware.health@2.1-service to health@2.1-service.
01-01 08:00:11.807 192 192 I servicemanager: Found android.hardware.rebootescrow.IRebootEscrow/default in device VINTF manifest.
01-01 08:00:11.811 273 273 I android.hardware.health@2.1-service: default: Hal init done
01-01 08:00:11.824 260 260 E LegacySupport: Could not get passthrough implementation for android.hardware.soundtrigger@2.1::ISoundTriggerHw/default.
01-01 08:00:11.827 276 276 E cutils-trace: Error opening trace file: No such file or directory (2)
01-01 08:00:11.829 271 271 I HidlServiceManagement: Registered android.hardware.graphics.composer@2.2::IComposer/default
01-01 08:00:11.829 271 271 I HidlServiceManagement: Removing namespace from process name android.hardware.graphics.composer@2.2-service to composer@2.2-service.
01-01 08:00:11.831 286 286 I credstore: Registered binder service
01-01 08:00:11.833 270 270 I HidlServiceManagement: Registered android.hardware.graphics.allocator@2.0::IAllocator/default
01-01 08:00:11.834 270 270 I HidlServiceManagement: Removing namespace from process name android.hardware.graphics.allocator@2.0-service to allocator@2.0-service.
01-01 08:00:11.832 279 279 I display.output-service: DisplayOutputManagerService is started
01-01 08:00:11.834 279 279 I display.output-service: DisplayOutputManagerService current version V2.2.0
01-01 08:00:11.834 270 270 I LegacySupport: Registration complete for android.hardware.graphics.allocator@2.0::IAllocator/default.
01-01 08:00:11.835 279 279 E cutils-trace: Error opening trace file: No such file or directory (2)
01-01 08:00:11.835 193 193 I hwservicemanager: getTransport: Cannot find entry android.hardware.soundtrigger@2.0::ISoundTriggerHw/default in either framework or device VINTF manifest.
01-01 08:00:11.837 260 260 E LegacySupport: Could not get passthrough implementation for android.hardware.soundtrigger@2.0::ISoundTriggerHw/default.
01-01 08:00:11.837 260 260 W audiohalservice: Could not register Soundtrigger API
01-01 08:00:11.837 193 193 I hwservicemanager: getTransport: Cannot find entry android.hardware.bluetooth.audio@2.1::IBluetoothAudioProvidersFactory/default in either framework or device VINTF manifest.
01-01 08:00:11.840 193 193 I hwservicemanager: Since vendor.display.config@1.0::IDisplayConfig/default is not registered, trying to start it as a lazy HAL.
01-01 08:00:11.840 278 278 E android.hardware.usb.gadget@1.1-service.aw: configfs setup not done yet
01-01 08:00:11.841 260 260 E LegacySupport: Could not get passthrough implementation for android.hardware.bluetooth.audio@2.1::IBluetoothAudioProvidersFactory/default.
01-01 08:00:11.841 278 278 E cutils-trace: Error opening trace file: No such file or directory (2)
01-01 08:00:11.842 193 193 I hwservicemanager: getTransport: Cannot find entry android.hardware.bluetooth.audio@2.0::IBluetoothAudioProvidersFactory/default in either framework or device VINTF manifest.
01-01 08:00:11.844 276 276 D hdmi-cec: Loading: sunxi HDMI CEC module
01-01 08:00:11.845 260 260 E LegacySupport: Could not get passthrough implementation for android.hardware.bluetooth.audio@2.0::IBluetoothAudioProvidersFactory/default.
01-01 08:00:11.845 260 260 W audiohalservice: Could not register Bluetooth Audio API
01-01 08:00:11.941 273 273 W healthd : battery none chg=
01-01 08:00:11.847 276 310 I hdmi-cec: HDMI-CEC EventThread start
01-01 08:00:11.848 193 193 I hwservicemanager: getTransport: Cannot find entry android.hardware.bluetooth.a2dp@1.0::IBluetoothAudioOffload/default in either framework or device VINTF manifest.
01-01 08:00:11.849 260 260 E LegacySupport: Could not get passthrough implementation for android.hardware.bluetooth.a2dp@1.0::IBluetoothAudioOffload/default.
01-01 08:00:11.849 260 260 W audiohalservice: Could not register Bluetooth Audio Offload API
01-01 08:00:11.849 193 193 I hwservicemanager: Since vendor.display.config@1.0::IDisplayConfig/default is not registered, trying to start it as a lazy HAL.
01-01 08:00:11.850 279 279 I HidlServiceManagement: getService: Trying again for vendor.display.config@1.0::IDisplayConfig/default...
01-01 08:00:11.852 276 276 I HidlServiceManagement: Registered android.hardware.tv.cec@1.0::IHdmiCec/default
01-01 08:00:11.852 276 276 I HidlServiceManagement: Removing namespace from process name android.hardware.tv.cec@1.0-service to cec@1.0-service.
01-01 08:00:11.852 276 276 I LegacySupport: Registration complete for android.hardware.tv.cec@1.0::IHdmiCec/default.
01-01 08:00:11.854 278 278 I HidlServiceManagement: Registered android.hardware.usb@1.0::IUsb/default
01-01 08:00:11.854 278 278 I HidlServiceManagement: Removing namespace from process name android.hardware.usb@1.0-service.aw to usb@1.0-service.aw.
01-01 08:00:11.861 193 308 W libc : Unable to set property "ctl.interface_start" to "vendor.display.config@1.0::IDisplayConfig/default": error code: 0x20
01-01 08:00:11.862 193 308 I hwservicemanager: Tried to start vendor.display.config@1.0::IDisplayConfig/default as a lazy service, but was unable to. Usually this happens when a service is not installed, but if the service is intended to be used as a lazy service, then it may be configured incorrectly.
01-01 08:00:11.863 278 278 I HidlServiceManagement: Registered android.hardware.usb.gadget@1.1::IUsbGadget/default
01-01 08:00:11.863 278 278 I android.hardware.usb@1.0-service: USB HAL Ready.
01-01 08:00:11.867 291 291 D Sunxi_PQ: ic_id=2, de_version=201 0x2
01-01 08:00:11.868 291 291 D Sunxi_PQ: /vendor/lib/libde201.so
01-01 08:00:11.870 193 311 W libc : Unable to set property "ctl.interface_start" to "vendor.display.config@1.0::IDisplayConfig/default": error code: 0x20
01-01 08:00:11.871 193 311 I hwservicemanager: Tried to start vendor.display.config@1.0::IDisplayConfig/default as a lazy service, but was unable to. Usually this happens when a service is not installed, but if the service is intended to be used as a lazy service, then it may be configured incorrectly.
01-01 08:00:11.882 291 291 D Sunxi_PQ: maybe /vendor/etc/firmware/disp_firmware, fd:-1 @O_RDONLY.
01-01 08:00:11.890 291 291 D Sunxi_PQ: config display firmware completed...
01-01 08:00:11.891 291 291 D Sunxi_PQ: There is not the /vendor/etc/firmware/disp_firmware, creat it.
01-01 08:00:11.891 291 291 D Sunxi_PQ: sunxi PQ wait for client connect from tcp port:5005...
01-01 08:00:11.892 291 317 D Sunxi_PQ: creat a connect thread to deal the socket.
01-01 08:00:11.868 314 314 I init : type=1400 audit(0.0:8): avc: denied { execute_no_trans } for path="/system/bin/xiriservice.sh" dev="dm-2" ino=1323 scontext=u:r:init:s0 tcontext=u:object_r:system_file:s0 tclass=file permissive=1
01-01 08:00:11.899 291 316 D Sunxi_PQ: Sunxi PQ entry tanslate thread.
01-01 08:00:12.038 175 175 I sunxi-rfkill soc@3000000: rfkill: set block: 0
01-01 08:00:11.876 312 312 I onstartup.sh: type=1400 audit(0.0:9): avc: denied { write search } for name="tmp" dev="mmcblk0p25" ino=85 scontext=u:r:onstartup:s0 tcontext=u:object_r:shell_data_file:s0 tclass=dir permissive=1
01-01 08:00:11.876 312 312 I onstartup.sh: type=1400 audit(0.0:10): avc: denied { getattr } for path="/data/local/tmp" dev="mmcblk0p25" ino=85 scontext=u:r:onstartup:s0 tcontext=u:object_r:shell_data_file:s0 tclass=dir permissive=1
01-01 08:00:11.884 291 291 I pqd : type=1400 audit(0.0:11): avc: denied { read write } for name="disp_firmware" dev="mmcblk0p25" ino=219 scontext=u:r:pqd:s0 tcontext=u:object_r:system_data_root_file:s0 tclass=file permissive=1
01-01 08:00:11.884 291 291 I pqd : type=1400 audit(0.0:12): avc: denied { open } for path="/data/disp_firmware" dev="mmcblk0p25" ino=219 scontext=u:r:pqd:s0 tcontext=u:object_r:system_data_root_file:s0 tclass=file permissive=1
01-01 08:00:11.888 291 291 I pqd : type=1400 audit(0.0:13): avc: denied { map } for path="/data/disp_firmware" dev="mmcblk0p25" ino=219 scontext=u:r:pqd:s0 tcontext=u:object_r:system_data_root_file:s0 tclass=file permissive=1
01-01 08:00:11.896 1 1 I init : type=1400 audit(0.0:14): avc: denied { setattr } for name="ext_csd" dev="debugfs" ino=6092 scontext=u:r:init:s0 tcontext=u:object_r:debugfs_mmc:s0 tclass=file permissive=1
01-01 08:00:11.904 315 315 I check_xm_hidraw: type=1400 audit(0.0:15): avc: denied { write } for name="tmp" dev="mmcblk0p25" ino=85 scontext=u:r:init:s0 tcontext=u:object_r:shell_data_file:s0 tclass=dir permissive=1 bug=b/77873135
01-01 08:00:12.059 175 175 I sunxi-rfkill soc@3000000: rfkill: bt power on success
01-01 08:00:11.976 319 319 D XiriService: XiriService version 2.5.0.11258
01-01 08:00:11.988 319 319 I xiriservice_All: type=1400 audit(0.0:16): avc: denied { search } for name="com.android.connectivity.resources" dev="mmcblk0p25" ino=500 scontext=u:r:init:s0 tcontext=u:object_r:privapp_data_file:s0:c512,c768 tclass=dir permissive=1
01-01 08:00:11.988 320 320 I pgrep : type=1400 audit(0.0:17): avc: denied { read } for scontext=u:r:toolbox:s0 tcontext=u:r:init:s0 tclass=file permissive=1
01-01 08:00:11.988 320 320 I pgrep : type=1400 audit(0.0:18): avc: denied { read } for scontext=u:r:toolbox:s0 tcontext=u:r:kernel:s0 tclass=file permissive=1
01-01 08:00:11.988 319 319 I xiriservice_All: type=1400 audit(0.0:19): avc: denied { search } for name="android" dev="mmcblk0p25" ino=504 scontext=u:r:init:s0 tcontext=u:object_r:system_app_data_file:s0 tclass=dir permissive=1
01-01 08:00:11.992 320 320 I pgrep : type=1400 audit(0.0:20): avc: denied { getattr } for path="/proc/1" dev="proc" ino=1142 scontext=u:r:toolbox:s0 tcontext=u:r:init:s0 tclass=dir permissive=1
01-01 08:00:11.992 320 320 I pgrep : type=1400 audit(0.0:21): avc: denied { search } for name="1" dev="proc" ino=1142 scontext=u:r:toolbox:s0 tcontext=u:r:init:s0 tclass=dir permissive=1
01-01 08:00:11.992 320 320 I pgrep : type=1400 audit(0.0:22): avc: denied { open } for path="/proc/1/stat" dev="proc" ino=795 scontext=u:r:toolbox:s0 tcontext=u:r:init:s0 tclass=file permissive=1
01-01 08:00:11.992 319 319 I xiriservice_All: type=1400 audit(0.0:23): avc: denied { read } for name="lib" dev="mmcblk0p25" ino=33264 scontext=u:r:init:s0 tcontext=u:object_r:system_app_data_file:s0 tclass=lnk_file permissive=1
01-01 08:00:11.992 320 320 I pgrep : type=1400 audit(0.0:24): avc: denied { getattr } for path="/proc/2" dev="proc" ino=705 scontext=u:r:toolbox:s0 tcontext=u:r:kernel:s0 tclass=dir permissive=1
01-01 08:00:11.992 320 320 I pgrep : type=1400 audit(0.0:25): avc: denied { search } for name="2" dev="proc" ino=705 scontext=u:r:toolbox:s0 tcontext=u:r:kernel:s0 tclass=dir permissive=1
01-01 08:00:11.992 320 320 I pgrep : type=1400 audit(0.0:26): avc: denied { open } for path="/proc/2/stat" dev="proc" ino=796 scontext=u:r:toolbox:s0 tcontext=u:r:kernel:s0 tclass=file permissive=1
01-01 08:00:11.996 319 319 I xiriservice_All: type=1400 audit(0.0:27): avc: denied { search } for name="android.ext.shared" dev="mmcblk0p25" ino=521 scontext=u:r:init:s0 tcontext=u:object_r:app_data_file:s0:c512,c768 tclass=dir permissive=1
01-01 08:00:12.000 319 319 I xiriservice_All: type=1400 audit(0.0:28): avc: denied { read } for name="lib" dev="mmcblk0p25" ino=33290 scontext=u:r:init:s0 tcontext=u:object_r:app_data_file:s0:c512,c768 tclass=lnk_file permissive=1
01-01 08:00:12.000 319 319 I xiriservice_All: type=1400 audit(0.0:29): avc: denied { search } for name="com.android.permissioncontroller" dev="mmcblk0p25" ino=550 scontext=u:r:init:s0 tcontext=u:object_r:privapp_data_file:s0:c73,c256,c512,c768 tclass=dir permissive=1
01-01 08:00:12.000 319 319 I xiriservice_All: type=1400 audit(0.0:30): avc: denied { read } for name="lib" dev="mmcblk0p25" ino=33244 scontext=u:r:init:s0 tcontext=u:object_r:privapp_data_file:s0:c512,c768 tclass=lnk_file permissive=1
01-01 08:00:12.008 319 319 I xiriservice_All: type=1400 audit(0.0:31): avc: denied { search } for name="com.android.internal.systemui.navbar.gestural_wide_back" dev="mmcblk0p25" ino=625 scontext=u:r:init:s0 tcontext=u:object_r:app_data_file:s0:c6,c256,c512,c768 tclass=dir permissive=1
01-01 08:00:12.008 319 319 I xiriservice_All: type=1400 audit(0.0:32): avc: denied { search } for name="com.sohu.inputmethod.sogou.tv" dev="mmcblk0p25" ino=1419 scontext=u:r:init:s0 tcontext=u:object_r:app_data_file:s0:c48,c256,c512,c768 tclass=dir permissive=1
01-01 08:00:12.012 319 319 I xiriservice_All: type=1400 audit(0.0:33): avc: denied { read } for name="lib" dev="mmcblk0p25" ino=33256 scontext=u:r:init:s0 tcontext=u:object_r:app_data_file:s0:c48,c256,c512,c768 tclass=lnk_file permissive=1
01-01 08:00:12.012 319 319 I xiriservice_All: type=1400 audit(0.0:34): avc: denied { search } for name="com.android.htmlviewer" dev="mmcblk0p25" ino=697 scontext=u:r:init:s0 tcontext=u:object_r:app_data_file:s0:c32,c256,c512,c768 tclass=dir permissive=1
01-01 08:00:12.016 319 319 I xiriservice_All: type=1400 audit(0.0:35): avc: denied { search } for name="com.android.companiondevicemanager" dev="mmcblk0p25" ino=705 scontext=u:r:init:s0 tcontext=u:object_r:app_data_file:s0:c42,c256,c512,c768 tclass=dir permissive=1
01-01 08:00:12.016 319 319 I xiriservice_All: type=1400 audit(0.0:36): avc: denied { search } for name="com.android.internal.systemui.onehanded.gestural" dev="mmcblk0p25" ino=730 scontext=u:r:init:s0 tcontext=u:object_r:app_data_file:s0:c5,c256,c512,c768 tclass=dir permissive=1
01-01 08:00:12.016 319 319 I xiriservice_All: type=1400 audit(0.0:37): avc: denied { search } for name="com.android.simappdialog" dev="mmcblk0p25" ino=771 scontext=u:r:init:s0 tcontext=u:object_r:app_data_file:s0:c39,c256,c512,c768 tclass=dir permissive=1
01-01 08:00:12.020 319 319 I xiriservice_All: type=1400 audit(0.0:38): avc: denied { read } for name="lib" dev="mmcblk0p25" ino=33262 scontext=u:r:init:s0 tcontext=u:object_r:radio_data_file:s0 tclass=lnk_file permissive=1
01-01 08:00:12.020 319 319 I xiriservice_All: type=1400 audit(0.0:39): avc: denied { search } for name="com.android.modulemetadata" dev="mmcblk0p25" ino=788 scontext=u:r:init:s0 tcontext=u:object_r:app_data_file:s0:c58,c256,c512,c768 tclass=dir permissive=1
01-01 08:00:12.020 312 312 I onstartup.sh: type=1400 audit(0.0:40): avc: denied { getattr } for path="/data/local/fast_apks_installed" dev="mmcblk0p25" ino=224 scontext=u:r:onstartup:s0 tcontext=u:object_r:onstartup_system_file:s0 tclass=file permissive=1
01-01 08:00:12.020 319 319 I xiriservice_All: type=1400 audit(0.0:41): avc: denied { search } for name="com.google.android.apps.searchlite.overlay" dev="mmcblk0p25" ino=813 scontext=u:r:init:s0 tcontext=u:object_r:app_data_file:s0:c10,c256,c512,c768 tclass=dir permissive=1
01-01 08:00:12.020 319 319 I xiriservice_All: type=1400 audit(0.0:42): avc: denied { search } for name="com.android.internal.systemui.navbar.threebutton" dev="mmcblk0p25" ino=821 scontext=u:r:init:s0 tcontext=u:object_r:app_data_file:s0:c9,c256,c512,c768 tclass=dir permissive=1
01-01 08:00:12.025 318 318 I gsid : no DSU: No such file or directory
01-01 08:00:12.020 319 319 I xiriservice_All: type=1400 audit(0.0:43): avc: denied { search } for name="com.google.android.networkstackconfig" dev="mmcblk0p25" ino=829 scontext=u:r:init:s0 tcontext=u:object_r:app_data_file:s0:c3,c256,c512,c768 tclass=dir permissive=1
01-01 08:00:12.028 319 319 I xiriservice_All: type=1400 audit(0.0:44): avc: denied { search } for name="com.android.internal.systemui.navbar.gestural_extra_wide_back" dev="mmcblk0p25" ino=906 scontext=u:r:init:s0 tcontext=u:object_r:app_data_file:s0:c0,c256,c512,c768 tclass=dir permissive=1
01-01 08:00:12.028 319 319 I xiriservice_All: type=1400 audit(0.0:45): avc: denied { search } for name="com.android.printspooler" dev="mmcblk0p25" ino=934 scontext=u:r:init:s0 tcontext=u:object_r:app_data_file:s0:c52,c256,c512,c768 tclass=dir permissive=1
01-01 08:00:12.032 319 319 I xiriservice_All: type=1400 audit(0.0:46): avc: denied { read } for name="lib" dev="mmcblk0p25" ino=33273 scontext=u:r:init:s0 tcontext=u:object_r:app_data_file:s0:c52,c256,c512,c768 tclass=lnk_file permissive=1
01-01 08:00:12.032 319 319 I xiriservice_All: type=1400 audit(0.0:47): avc: denied { search } for name="com.android.dreams.basic" dev="mmcblk0p25" ino=944 scontext=u:r:init:s0 tcontext=u:object_r:app_data_file:s0:c46,c256,c512,c768 tclass=dir permissive=1
01-01 08:00:12.032 319 319 I xiriservice_All: type=1400 audit(0.0:48): avc: denied { search } for name="com.android.webview" dev="mmcblk0p25" ino=952 scontext=u:r:init:s0 tcontext=u:object_r:app_data_file:s0:c60,c256,c512,c768 tclass=dir permissive=1
01-01 08:00:12.032 319 319 I xiriservice_All: type=1400 audit(0.0:49): avc: denied { read } for name="lib" dev="mmcblk0p25" ino=33275 scontext=u:r:init:s0 tcontext=u:object_r:app_data_file:s0:c60,c256,c512,c768 tclass=lnk_file permissive=1
01-01 08:00:12.036 320 320 I pgrep : type=1400 audit(0.0:50): avc: denied { read } for scontext=u:r:toolbox:s0 tcontext=u:r:vendor_init:s0 tclass=file permissive=1
01-01 08:00:12.036 319 319 I xiriservice_All: type=1400 audit(0.0:51): avc: denied { search } for name="com.android.printservice.recommendation" dev="mmcblk0p25" ino=1024 scontext=u:r:init:s0 tcontext=u:object_r:app_data_file:s0:c40,c256,c512,c768 tclass=dir permissive=1
01-01 08:00:12.040 320 320 I pgrep : type=1400 audit(0.0:52): avc: denied { sys_ptrace } for capability=19 scontext=u:r:toolbox:s0 tcontext=u:r:toolbox:s0 tclass=capability permissive=1
01-01 08:00:12.040 320 320 I pgrep : type=1400 audit(0.0:53): avc: denied { read } for scontext=u:r:toolbox:s0 tcontext=u:r:ueventd:s0 tclass=file permissive=1
01-01 08:00:12.040 319 319 I xiriservice_All: type=1400 audit(0.0:54): avc: denied { search } for name="com.google.android.networkstack.tetheringconfig" dev="mmcblk0p25" ino=1032 scontext=u:r:init:s0 tcontext=u:object_r:app_data_file:s0:c2,c256,c512,c768 tclass=dir permissive=1
01-01 08:00:12.040 320 320 I pgrep : type=1400 audit(0.0:55): avc: denied { read } for scontext=u:r:toolbox:s0 tcontext=u:r:logd:s0 tclass=file permissive=1
01-01 08:00:12.040 320 320 I pgrep : type=1400 audit(0.0:56): avc: denied { read } for scontext=u:r:toolbox:s0 tcontext=u:r:lmkd:s0 tclass=file permissive=1
01-01 08:00:12.043 288 325 E GpuMem : Failed to retrieve pinned program from /sys/fs/bpf/prog_gpu_mem_tracepoint_gpu_mem_gpu_mem_total [2(No such file or directory)]
01-01 08:00:12.040 320 320 I pgrep : type=1400 audit(0.0:57): avc: denied { read } for scontext=u:r:toolbox:s0 tcontext=u:r:servicemanager:s0 tclass=file permissive=1
01-01 08:00:12.040 320 320 I pgrep : type=1400 audit(0.0:58): avc: denied { read } for scontext=u:r:toolbox:s0 tcontext=u:r:hwservicemanager:s0 tclass=file permissive=1
01-01 08:00:12.040 320 320 I pgrep : type=1400 audit(0.0:59): avc: denied { read } for scontext=u:r:toolbox:s0 tcontext=u:r:vndservicemanager:s0 tclass=file permissive=1
01-01 08:00:12.040 320 320 I pgrep : type=1400 audit(0.0:60): avc: denied { read } for scontext=u:r:toolbox:s0 tcontext=u:r:shell:s0 tclass=file permissive=1
01-01 08:00:12.040 320 320 I pgrep : type=1400 audit(0.0:61): avc: denied { read } for scontext=u:r:toolbox:s0 tcontext=u:r:vold:s0 tclass=file permissive=1
01-01 08:00:12.045 288 325 E GpuMemTracer: Cannot initialize GpuMemTracer before GpuMem
01-01 08:00:12.040 320 320 I pgrep : type=1400 audit(0.0:62): avc: denied { read } for scontext=u:r:toolbox:s0 tcontext=u:r:system_suspend:s0 tclass=file permissive=1
01-01 08:00:12.040 320 320 I pgrep : type=1400 audit(0.0:63): avc: denied { read } for scontext=u:r:toolbox:s0 tcontext=u:r:keystore:s0 tclass=file permissive=1
01-01 08:00:12.040 320 320 I pgrep : type=1400 audit(0.0:64): avc: denied { read } for scontext=u:r:toolbox:s0 tcontext=u:r:hal_bootctl_default:s0 tclass=file permissive=1
01-01 08:00:12.040 320 320 I pgrep : type=1400 audit(0.0:65): avc: denied { read } for scontext=u:r:toolbox:s0 tcontext=u:r:hal_keymint_default:s0 tclass=file permissive=1
01-01 08:00:12.040 320 320 I pgrep : type=1400 audit(0.0:66): avc: denied { read } for scontext=u:r:toolbox:s0 tcontext=u:r:tee:s0 tclass=file permissive=1
01-01 08:00:12.040 320 320 I pgrep : type=1400 audit(0.0:67): avc: denied { read } for scontext=u:r:toolbox:s0 tcontext=u:r:tombstoned:s0 tclass=file permissive=1
01-01 08:00:12.040 320 320 I pgrep : type=1400 audit(0.0:68): avc: denied { read } for scontext=u:r:toolbox:s0 tcontext=u:r:statsd:s0 tclass=file permissive=1
01-01 08:00:12.040 320 320 I pgrep : type=1400 audit(0.0:69): avc: denied { read } for scontext=u:r:toolbox:s0 tcontext=u:r:netd:s0 tclass=file permissive=1
01-01 08:00:12.040 320 320 I pgrep : type=1400 audit(0.0:70): avc: denied { read } for scontext=u:r:toolbox:s0 tcontext=u:r:zygote:s0 tclass=file permissive=1
01-01 08:00:12.040 320 320 I pgrep : type=1400 audit(0.0:71): avc: denied { read } for scontext=u:r:toolbox:s0 tcontext=u:r:hal_allocator_default:s0 tclass=file permissive=1
01-01 08:00:12.040 320 320 I pgrep : type=1400 audit(0.0:72): avc: denied { read } for scontext=u:r:toolbox:s0 tcontext=u:r:hal_audio_default:s0 tclass=file permissive=1
01-01 08:00:12.040 320 320 I pgrep : type=1400 audit(0.0:73): avc: denied { read } for scontext=u:r:toolbox:s0 tcontext=u:r:hal_bluetooth_default:s0 tclass=file permissive=1
01-01 08:00:12.040 320 320 I pgrep : type=1400 audit(0.0:74): avc: denied { read } for scontext=u:r:toolbox:s0 tcontext=u:r:hal_camera_default:s0 tclass=file permissive=1
01-01 08:00:12.040 320 320 I pgrep : type=1400 audit(0.0:75): avc: denied { read } for scontext=u:r:toolbox:s0 tcontext=u:r:hal_cas_default:s0 tclass=file permissive=1
01-01 08:00:12.040 320 320 I pgrep : type=1400 audit(0.0:76): avc: denied { read } for scontext=u:r:toolbox:s0 tcontext=u:r:hal_gatekeeper_default:s0 tclass=file permissive=1
01-01 08:00:12.044 319 319 I xiriservice_All: type=1400 audit(0.0:77): avc: denied { search } for name="com.android.theme.font.notoserifsource" dev="mmcblk0p25" ino=1056 scontext=u:r:init:s0 tcontext=u:object_r:app_data_file:s0:c4,c256,c512,c768 tclass=dir permissive=1
01-01 08:00:12.044 320 320 I pgrep : type=1400 audit(0.0:78): avc: denied { read } for scontext=u:r:toolbox:s0 tcontext=u:r:hal_graphics_allocator_default:s0 tclass=file permissive=1
01-01 08:00:12.044 320 320 I pgrep : type=1400 audit(0.0:79): avc: denied { read } for scontext=u:r:toolbox:s0 tcontext=u:r:hal_graphics_composer_default:s0 tclass=file permissive=1
01-01 08:00:12.044 320 320 I pgrep : type=1400 audit(0.0:80): avc: denied { read } for scontext=u:r:toolbox:s0 tcontext=u:r:hal_health_default:s0 tclass=file permissive=1
01-01 08:00:12.044 320 320 I pgrep : type=1400 audit(0.0:81): avc: denied { read } for scontext=u:r:toolbox:s0 tcontext=u:r:hal_light_default:s0 tclass=file permissive=1
01-01 08:00:12.044 320 320 I pgrep : type=1400 audit(0.0:82): avc: denied { read } for scontext=u:r:toolbox:s0 tcontext=u:r:hal_power_default:s0 tclass=file permissive=1
01-01 08:00:12.044 320 320 I pgrep : type=1400 audit(0.0:83): avc: denied { read } for scontext=u:r:toolbox:s0 tcontext=u:r:hal_tv_cec_default:s0 tclass=file permissive=1
01-01 08:00:12.044 320 320 I pgrep : type=1400 audit(0.0:84): avc: denied { read } for scontext=u:r:toolbox:s0 tcontext=u:r:hal_usb_impl:s0 tclass=file permissive=1
01-01 08:00:12.044 320 320 I pgrep : type=1400 audit(0.0:85): avc: denied { read } for scontext=u:r:toolbox:s0 tcontext=u:r:hal_awdisplayoutput_default:s0 tclass=file permissive=1
01-01 08:00:12.044 320 320 I pgrep : type=1400 audit(0.0:86): avc: denied { read } for scontext=u:r:toolbox:s0 tcontext=u:r:hal_rebootescrow_default:s0 tclass=file permissive=1
01-01 08:00:12.044 320 320 I pgrep : type=1400 audit(0.0:87): avc: denied { read } for scontext=u:r:toolbox:s0 tcontext=u:r:audioserver:s0 tclass=file permissive=1
01-01 08:00:12.044 320 320 I pgrep : type=1400 audit(0.0:88): avc: denied { read } for scontext=u:r:toolbox:s0 tcontext=u:r:credstore:s0 tclass=file permissive=1
01-01 08:00:12.044 320 320 I pgrep : type=1400 audit(0.0:89): avc: denied { read } for scontext=u:r:toolbox:s0 tcontext=u:r:gpuservice:s0 tclass=file permissive=1
01-01 08:00:12.044 320 320 I pgrep : type=1400 audit(0.0:90): avc: denied { read } for scontext=u:r:toolbox:s0 tcontext=u:r:surfaceflinger:s0 tclass=file permissive=1
01-01 08:00:12.044 320 320 I pgrep : type=1400 audit(0.0:91): avc: denied { read } for scontext=u:r:toolbox:s0 tcontext=u:r:pqd:s0 tclass=file permissive=1
01-01 08:00:12.044 320 320 I pgrep : type=1400 audit(0.0:92): avc: denied { read } for scontext=u:r:toolbox:s0 tcontext=u:r:onstartup:s0 tclass=file permissive=1
01-01 08:00:12.044 320 320 I pgrep : type=1400 audit(0.0:93): avc: denied { getattr } for path="/proc/167" dev="proc" ino=794 scontext=u:r:toolbox:s0 tcontext=u:r:kernel:s0 tclass=dir permissive=1
01-01 08:00:12.044 320 320 I pgrep : type=1400 audit(0.0:94): avc: denied { search } for name="167" dev="proc" ino=794 scontext=u:r:toolbox:s0 tcontext=u:r:kernel:s0 tclass=dir permissive=1
01-01 08:00:12.044 324 324 I init : type=1400 audit(0.0:95): avc: denied { execute } for name="led_switch.sh" dev="dm-5" ino=129 scontext=u:r:init:s0 tcontext=u:object_r:vendor_file:s0 tclass=file permissive=1
01-01 08:00:12.044 319 319 I xiriservice_All: type=1400 audit(0.0:96): avc: denied { search } for name="com.android.smspush" dev="mmcblk0p25" ino=1112 scontext=u:r:init:s0 tcontext=u:object_r:app_data_file:s0:c69,c256,c512,c768 tclass=dir permissive=1
01-01 08:00:12.048 320 320 I pgrep : type=1400 audit(0.0:97): avc: denied { getattr } for path="/proc/175" dev="proc" ino=6342 scontext=u:r:toolbox:s0 tcontext=u:r:vendor_init:s0 tclass=dir permissive=1
01-01 08:00:12.048 320 320 I pgrep : type=1400 audit(0.0:98): avc: denied { search } for name="175" dev="proc" ino=6342 scontext=u:r:toolbox:s0 tcontext=u:r:vendor_init:s0 tclass=dir permissive=1
01-01 08:00:12.048 320 320 I pgrep : type=1400 audit(0.0:99): avc: denied { open } for path="/proc/175/stat" dev="proc" ino=915 scontext=u:r:toolbox:s0 tcontext=u:r:vendor_init:s0 tclass=file permissive=1
01-01 08:00:12.048 319 319 I xiriservice_All: type=1400 audit(0.0:100): avc: denied { search } for name="com.tv.filemanager.os" dev="mmcblk0p25" ino=1128 scontext=u:r:init:s0 tcontext=u:object_r:app_data_file:s0:c49,c256,c512,c768 tclass=dir permissive=1
01-01 08:00:12.048 320 320 I pgrep : type=1400 audit(0.0:101): avc: denied { getattr } for path="/proc/178" dev="proc" ino=6384 scontext=u:r:toolbox:s0 tcontext=u:r:ueventd:s0 tclass=dir permissive=1
01-01 08:00:12.048 320 320 I pgrep : type=1400 audit(0.0:102): avc: denied { search } for name="178" dev="proc" ino=6384 scontext=u:r:toolbox:s0 tcontext=u:r:ueventd:s0 tclass=dir permissive=1
01-01 08:00:12.048 320 320 I pgrep : type=1400 audit(0.0:103): avc: denied { open } for path="/proc/178/stat" dev="proc" ino=916 scontext=u:r:toolbox:s0 tcontext=u:r:ueventd:s0 tclass=file permissive=1
01-01 08:00:12.048 320 320 I pgrep : type=1400 audit(0.0:104): avc: denied { getattr } for path="/proc/190" dev="proc" ino=6478 scontext=u:r:toolbox:s0 tcontext=u:r:logd:s0 tclass=dir permissive=1
01-01 08:00:12.048 320 320 I pgrep : type=1400 audit(0.0:105): avc: denied { read } for scontext=u:r:toolbox:s0 tcontext=u:r:logd:s0 tclass=file permissive=1
01-01 08:00:12.048 320 320 I pgrep : type=1400 audit(0.0:106): avc: denied { search } for name="190" dev="proc" ino=6478 scontext=u:r:toolbox:s0 tcontext=u:r:logd:s0 tclass=dir permissive=1
01-01 08:00:12.048 320 320 I pgrep : type=1400 audit(0.0:107): avc: denied { open } for path="/proc/190/stat" dev="proc" ino=919 scontext=u:r:toolbox:s0 tcontext=u:r:logd:s0 tclass=file permissive=1
01-01 08:00:12.048 320 320 I pgrep : type=1400 audit(0.0:108): avc: denied { getattr } for path="/proc/191" dev="proc" ino=3862 scontext=u:r:toolbox:s0 tcontext=u:r:lmkd:s0 tclass=dir permissive=1
01-01 08:00:12.048 320 320 I pgrep : type=1400 audit(0.0:109): avc: denied { search } for name="191" dev="proc" ino=3862 scontext=u:r:toolbox:s0 tcontext=u:r:lmkd:s0 tclass=dir permissive=1
01-01 08:00:12.048 320 320 I pgrep : type=1400 audit(0.0:110): avc: denied { open } for path="/proc/191/stat" dev="proc" ino=920 scontext=u:r:toolbox:s0 tcontext=u:r:lmkd:s0 tclass=file permissive=1
01-01 08:00:12.048 320 320 I pgrep : type=1400 audit(0.0:111): avc: denied { getattr } for path="/proc/192" dev="proc" ino=227 scontext=u:r:toolbox:s0 tcontext=u:r:servicemanager:s0 tclass=dir permissive=1
01-01 08:00:12.048 320 320 I pgrep : type=1400 audit(0.0:112): avc: denied { search } for name="192" dev="proc" ino=227 scontext=u:r:toolbox:s0 tcontext=u:r:servicemanager:s0 tclass=dir permissive=1
01-01 08:00:12.048 320 320 I pgrep : type=1400 audit(0.0:113): avc: denied { open } for path="/proc/192/stat" dev="proc" ino=921 scontext=u:r:toolbox:s0 tcontext=u:r:servicemanager:s0 tclass=file permissive=1
01-01 08:00:12.048 320 320 I pgrep : type=1400 audit(0.0:114): avc: denied { getattr } for path="/proc/193" dev="proc" ino=3875 scontext=u:r:toolbox:s0 tcontext=u:r:hwservicemanager:s0 tclass=dir permissive=1
01-01 08:00:12.048 320 320 I pgrep : type=1400 audit(0.0:115): avc: denied { search } for name="193" dev="proc" ino=3875 scontext=u:r:toolbox:s0 tcontext=u:r:hwservicemanager:s0 tclass=dir permissive=1
01-01 08:00:12.048 320 320 I pgrep : type=1400 audit(0.0:116): avc: denied { open } for path="/proc/193/stat" dev="proc" ino=922 scontext=u:r:toolbox:s0 tcontext=u:r:hwservicemanager:s0 tclass=file permissive=1
01-01 08:00:12.052 324 324 I init : type=1400 audit(0.0:117): avc: denied { execute_no_trans } for path="/vendor/bin/led_switch.sh" dev="dm-5" ino=129 scontext=u:r:init:s0 tcontext=u:object_r:vendor_file:s0 tclass=file permissive=1
01-01 08:00:12.052 320 320 I pgrep : type=1400 audit(0.0:118): avc: denied { getattr } for path="/proc/195" dev="proc" ino=6493 scontext=u:r:toolbox:s0 tcontext=u:r:vndservicemanager:s0 tclass=dir permissive=1
01-01 08:00:12.052 320 320 I pgrep : type=1400 audit(0.0:119): avc: denied { search } for name="195" dev="proc" ino=6493 scontext=u:r:toolbox:s0 tcontext=u:r:vndservicemanager:s0 tclass=dir permissive=1
01-01 08:00:12.052 320 320 I pgrep : type=1400 audit(0.0:120): avc: denied { open } for path="/proc/195/stat" dev="proc" ino=924 scontext=u:r:toolbox:s0 tcontext=u:r:vndservicemanager:s0 tclass=file permissive=1
01-01 08:00:12.052 320 320 I pgrep : type=1400 audit(0.0:121): avc: denied { getattr } for path="/proc/196" dev="proc" ino=238 scontext=u:r:toolbox:s0 tcontext=u:r:shell:s0 tclass=dir permissive=1
01-01 08:00:12.052 320 320 I pgrep : type=1400 audit(0.0:122): avc: denied { search } for name="196" dev="proc" ino=238 scontext=u:r:toolbox:s0 tcontext=u:r:shell:s0 tclass=dir permissive=1
01-01 08:00:12.052 320 320 I pgrep : type=1400 audit(0.0:123): avc: denied { open } for path="/proc/196/stat" dev="proc" ino=925 scontext=u:r:toolbox:s0 tcontext=u:r:shell:s0 tclass=file permissive=1
01-01 08:00:12.052 320 320 I pgrep : type=1400 audit(0.0:124): avc: denied { getattr } for path="/proc/201" dev="proc" ino=3897 scontext=u:r:toolbox:s0 tcontext=u:r:vold:s0 tclass=dir permissive=1
01-01 08:00:12.052 319 319 I xiriservice_All: type=1400 audit(0.0:125): avc: denied { search } for name="com.android.bookmarkprovider" dev="mmcblk0p25" ino=1156 scontext=u:r:init:s0 tcontext=u:object_r:app_data_file:s0:c38,c256,c512,c768 tclass=dir permissive=1
01-01 08:00:12.052 320 320 I pgrep : type=1400 audit(0.0:126): avc: denied { search } for name="201" dev="proc" ino=3897 scontext=u:r:toolbox:s0 tcontext=u:r:vold:s0 tclass=dir permissive=1
01-01 08:00:12.052 320 320 I pgrep : type=1400 audit(0.0:127): avc: denied { open } for path="/proc/201/stat" dev="proc" ino=7633 scontext=u:r:toolbox:s0 tcontext=u:r:vold:s0 tclass=file permissive=1
01-01 08:00:12.052 320 320 I pgrep : type=1400 audit(0.0:128): avc: denied { getattr } for path="/proc/215" dev="proc" ino=1750 scontext=u:r:toolbox:s0 tcontext=u:r:system_suspend:s0 tclass=dir permissive=1
01-01 08:00:12.052 320 320 I pgrep : type=1400 audit(0.0:129): avc: denied { search } for name="215" dev="proc" ino=1750 scontext=u:r:toolbox:s0 tcontext=u:r:system_suspend:s0 tclass=dir permissive=1
01-01 08:00:12.052 320 320 I pgrep : type=1400 audit(0.0:130): avc: denied { open } for path="/proc/215/stat" dev="proc" ino=7638 scontext=u:r:toolbox:s0 tcontext=u:r:system_suspend:s0 tclass=file permissive=1
01-01 08:00:12.052 320 320 I pgrep : type=1400 audit(0.0:131): avc: denied { getattr } for path="/proc/216" dev="proc" ino=1760 scontext=u:r:toolbox:s0 tcontext=u:r:keystore:s0 tclass=dir permissive=1
01-01 08:00:12.056 320 320 I pgrep : type=1400 audit(0.0:132): avc: denied { search } for name="216" dev="proc" ino=1760 scontext=u:r:toolbox:s0 tcontext=u:r:keystore:s0 tclass=dir permissive=1
01-01 08:00:12.056 319 319 I xiriservice_All: type=1400 audit(0.0:133): avc: denied { search } for name="com.android.cts.ctsshim" dev="mmcblk0p25" ino=1175 scontext=u:r:init:s0 tcontext=u:object_r:app_data_file:s0:c53,c256,c512,c768 tclass=dir permissive=1
01-01 08:00:12.056 320 320 I pgrep : type=1400 audit(0.0:134): avc: denied { open } for path="/proc/216/stat" dev="proc" ino=7639 scontext=u:r:toolbox:s0 tcontext=u:r:keystore:s0 tclass=file permissive=1
01-01 08:00:12.056 319 319 I xiriservice_All: type=1400 audit(0.0:135): avc: denied { search } for name="com.dangbei.lerad.screensaver" dev="mmcblk0p25" ino=1184 scontext=u:r:init:s0 tcontext=u:object_r:app_data_file:s0:c54,c256,c512,c768 tclass=dir permissive=1
01-01 08:00:12.056 320 320 I pgrep : type=1400 audit(0.0:136): avc: denied { getattr } for path="/proc/217" dev="proc" ino=6572 scontext=u:r:toolbox:s0 tcontext=u:r:hal_bootctl_default:s0 tclass=dir permissive=1
01-01 08:00:12.056 320 320 I pgrep : type=1400 audit(0.0:137): avc: denied { search } for name="217" dev="proc" ino=6572 scontext=u:r:toolbox:s0 tcontext=u:r:hal_bootctl_default:s0 tclass=dir permissive=1
01-01 08:00:12.056 320 320 I pgrep : type=1400 audit(0.0:138): avc: denied { open } for path="/proc/217/stat" dev="proc" ino=7640 scontext=u:r:toolbox:s0 tcontext=u:r:hal_bootctl_default:s0 tclass=file permissive=1
01-01 08:00:12.056 320 320 I pgrep : type=1400 audit(0.0:139): avc: denied { getattr } for path="/proc/218" dev="proc" ino=6581 scontext=u:r:toolbox:s0 tcontext=u:r:hal_keymint_default:s0 tclass=dir permissive=1
01-01 08:00:12.056 320 320 I pgrep : type=1400 audit(0.0:140): avc: denied { search } for name="218" dev="proc" ino=6581 scontext=u:r:toolbox:s0 tcontext=u:r:hal_keymint_default:s0 tclass=dir permissive=1
01-01 08:00:12.056 320 320 I pgrep : type=1400 audit(0.0:141): avc: denied { open } for path="/proc/218/stat" dev="proc" ino=7641 scontext=u:r:toolbox:s0 tcontext=u:r:hal_keymint_default:s0 tclass=file permissive=1
01-01 08:00:12.056 320 320 I pgrep : type=1400 audit(0.0:142): avc: denied { getattr } for path="/proc/219" dev="proc" ino=1796 scontext=u:r:toolbox:s0 tcontext=u:r:tee:s0 tclass=dir permissive=1
01-01 08:00:12.056 320 320 I pgrep : type=1400 audit(0.0:143): avc: denied { search } for name="219" dev="proc" ino=1796 scontext=u:r:toolbox:s0 tcontext=u:r:tee:s0 tclass=dir permissive=1
01-01 08:00:12.056 320 320 I pgrep : type=1400 audit(0.0:144): avc: denied { open } for path="/proc/219/stat" dev="proc" ino=7642 scontext=u:r:toolbox:s0 tcontext=u:r:tee:s0 tclass=file permissive=1
01-01 08:00:12.056 319 319 I xiriservice_All: type=1400 audit(0.0:145): avc: denied { read } for name="lib" dev="mmcblk0p25" ino=33307 scontext=u:r:init:s0 tcontext=u:object_r:app_data_file:s0:c54,c256,c512,c768 tclass=lnk_file permissive=1
01-01 08:00:12.056 319 319 I xiriservice_All: type=1400 audit(0.0:146): avc: denied { search } for name="com.android.remoteprovisioner" dev="mmcblk0p25" ino=1192 scontext=u:r:init:s0 tcontext=u:object_r:app_data_file:s0:c64,c256,c512,c768 tclass=dir permissive=1
01-01 08:00:12.056 319 319 I xiriservice_All: type=1400 audit(0.0:147): avc: denied { search } for name="com.softwinner.theme.icon" dev="mmcblk0p25" ino=1202 scontext=u:r:init:s0 tcontext=u:object_r:app_data_file:s0:c8,c256,c512,c768 tclass=dir permissive=1
01-01 08:00:12.056 319 319 I xiriservice_All: type=1400 audit(0.0:148): avc: denied { search } for name="com.android.music" dev="mmcblk0p25" ino=1227 scontext=u:r:init:s0 tcontext=u:object_r:app_data_file:s0:c41,c256,c512,c768 tclass=dir permissive=1
01-01 08:00:12.060 320 320 I pgrep : type=1400 audit(0.0:149): avc: denied { getattr } for path="/proc/230" dev="proc" ino=6711 scontext=u:r:toolbox:s0 tcontext=u:r:tombstoned:s0 tclass=dir permissive=1
01-01 08:00:12.060 320 320 I pgrep : type=1400 audit(0.0:150): avc: denied { search } for name="230" dev="proc" ino=6711 scontext=u:r:toolbox:s0 tcontext=u:r:tombstoned:s0 tclass=dir permissive=1
01-01 08:00:12.060 320 320 I pgrep : type=1400 audit(0.0:151): avc: denied { open } for path="/proc/230/stat" dev="proc" ino=930 scontext=u:r:toolbox:s0 tcontext=u:r:tombstoned:s0 tclass=file permissive=1
01-01 08:00:12.060 320 320 I pgrep : type=1400 audit(0.0:152): avc: denied { getattr } for path="/proc/253" dev="proc" ino=6852 scontext=u:r:toolbox:s0 tcontext=u:r:statsd:s0 tclass=dir permissive=1
01-01 08:00:12.060 320 320 I pgrep : type=1400 audit(0.0:153): avc: denied { search } for name="253" dev="proc" ino=6852 scontext=u:r:toolbox:s0 tcontext=u:r:statsd:s0 tclass=dir permissive=1
01-01 08:00:12.060 320 320 I pgrep : type=1400 audit(0.0:154): avc: denied { open } for path="/proc/253/stat" dev="proc" ino=931 scontext=u:r:toolbox:s0 tcontext=u:r:statsd:s0 tclass=file permissive=1
01-01 08:00:12.060 320 320 I pgrep : type=1400 audit(0.0:155): avc: denied { getattr } for path="/proc/254" dev="proc" ino=7261 scontext=u:r:toolbox:s0 tcontext=u:r:netd:s0 tclass=dir permissive=1
01-01 08:00:12.060 320 320 I pgrep : type=1400 audit(0.0:156): avc: denied { search } for name="254" dev="proc" ino=7261 scontext=u:r:toolbox:s0 tcontext=u:r:netd:s0 tclass=dir permissive=1
01-01 08:00:12.060 320 320 I pgrep : type=1400 audit(0.0:157): avc: denied { open } for path="/proc/254/stat" dev="proc" ino=932 scontext=u:r:toolbox:s0 tcontext=u:r:netd:s0 tclass=file permissive=1
01-01 08:00:12.060 320 320 I pgrep : type=1400 audit(0.0:158): avc: denied { getattr } for path="/proc/255" dev="proc" ino=385 scontext=u:r:toolbox:s0 tcontext=u:r:zygote:s0 tclass=dir permissive=1
01-01 08:00:12.060 320 320 I pgrep : type=1400 audit(0.0:159): avc: denied { search } for name="255" dev="proc" ino=385 scontext=u:r:toolbox:s0 tcontext=u:r:zygote:s0 tclass=dir permissive=1
01-01 08:00:12.060 319 319 I xiriservice_All: type=1400 audit(0.0:161): avc: denied { search } for name="com.android.providers.media.module" dev="mmcblk0p25" ino=1259 scontext=u:r:init:s0 tcontext=u:object_r:privapp_data_file:s0:c74,c256,c512,c768 tclass=dir permissive=1
01-01 08:00:12.060 320 320 I pgrep : type=1400 audit(0.0:160): avc: denied { open } for path="/proc/255/stat" dev="proc" ino=933 scontext=u:r:toolbox:s0 tcontext=u:r:zygote:s0 tclass=file permissive=1
01-01 08:00:12.060 320 320 I pgrep : type=1400 audit(0.0:162): avc: denied { getattr } for path="/proc/259" dev="proc" ino=7286 scontext=u:r:toolbox:s0 tcontext=u:r:hal_allocator_default:s0 tclass=dir permissive=1
01-01 08:00:12.060 319 319 I xiriservice_All: type=1400 audit(0.0:163): avc: denied { read } for name="lib" dev="mmcblk0p25" ino=33312 scontext=u:r:init:s0 tcontext=u:object_r:privapp_data_file:s0:c74,c256,c512,c768 tclass=lnk_file permissive=1
01-01 08:00:12.060 320 320 I pgrep : type=1400 audit(0.0:164): avc: denied { search } for name="259" dev="proc" ino=7286 scontext=u:r:toolbox:s0 tcontext=u:r:hal_allocator_default:s0 tclass=dir permissive=1
01-01 08:00:12.060 320 320 I pgrep : type=1400 audit(0.0:165): avc: denied { open } for path="/proc/259/stat" dev="proc" ino=934 scontext=u:r:toolbox:s0 tcontext=u:r:hal_allocator_default:s0 tclass=file permissive=1
01-01 08:00:12.060 320 320 I pgrep : type=1400 audit(0.0:166): avc: denied { getattr } for path="/proc/260" dev="proc" ino=8252 scontext=u:r:toolbox:s0 tcontext=u:r:hal_audio_default:s0 tclass=dir permissive=1
01-01 08:00:12.060 320 320 I pgrep : type=1400 audit(0.0:167): avc: denied { search } for name="260" dev="proc" ino=8252 scontext=u:r:toolbox:s0 tcontext=u:r:hal_audio_default:s0 tclass=dir permissive=1
01-01 08:00:12.060 320 320 I pgrep : type=1400 audit(0.0:168): avc: denied { open } for path="/proc/260/stat" dev="proc" ino=935 scontext=u:r:toolbox:s0 tcontext=u:r:hal_audio_default:s0 tclass=file permissive=1
01-01 08:00:12.060 320 320 I pgrep : type=1400 audit(0.0:169): avc: denied { getattr } for path="/proc/261" dev="proc" ino=8249 scontext=u:r:toolbox:s0 tcontext=u:r:hal_bluetooth_default:s0 tclass=dir permissive=1
01-01 08:00:12.060 320 320 I pgrep : type=1400 audit(0.0:170): avc: denied { search } for name="261" dev="proc" ino=8249 scontext=u:r:toolbox:s0 tcontext=u:r:hal_bluetooth_default:s0 tclass=dir permissive=1
01-01 08:00:12.060 320 320 I pgrep : type=1400 audit(0.0:171): avc: denied { open } for path="/proc/261/stat" dev="proc" ino=936 scontext=u:r:toolbox:s0 tcontext=u:r:hal_bluetooth_default:s0 tclass=file permissive=1
01-01 08:00:12.060 320 320 I pgrep : type=1400 audit(0.0:172): avc: denied { getattr } for path="/proc/262" dev="proc" ino=7319 scontext=u:r:toolbox:s0 tcontext=u:r:hal_camera_default:s0 tclass=dir permissive=1
01-01 08:00:12.060 320 320 I pgrep : type=1400 audit(0.0:173): avc: denied { search } for name="262" dev="proc" ino=7319 scontext=u:r:toolbox:s0 tcontext=u:r:hal_camera_default:s0 tclass=dir permissive=1
01-01 08:00:12.064 320 320 I pgrep : type=1400 audit(0.0:174): avc: denied { open } for path="/proc/262/stat" dev="proc" ino=937 scontext=u:r:toolbox:s0 tcontext=u:r:hal_camera_default:s0 tclass=file permissive=1
01-01 08:00:12.064 320 320 I pgrep : type=1400 audit(0.0:175): avc: denied { getattr } for path="/proc/263" dev="proc" ino=6988 scontext=u:r:toolbox:s0 tcontext=u:r:hal_cas_default:s0 tclass=dir permissive=1
01-01 08:00:12.064 319 319 I xiriservice_All: type=1400 audit(0.0:176): avc: denied { search } for name="com.softwinner.theme.color" dev="mmcblk0p25" ino=1267 scontext=u:r:init:s0 tcontext=u:object_r:app_data_file:s0:c11,c256,c512,c768 tclass=dir permissive=1
01-01 08:00:12.064 320 320 I pgrep : type=1400 audit(0.0:177): avc: denied { search } for name="263" dev="proc" ino=6988 scontext=u:r:toolbox:s0 tcontext=u:r:hal_cas_default:s0 tclass=dir permissive=1
01-01 08:00:12.064 320 320 I pgrep : type=1400 audit(0.0:178): avc: denied { open } for path="/proc/263/stat" dev="proc" ino=938 scontext=u:r:toolbox:s0 tcontext=u:r:hal_cas_default:s0 tclass=file permissive=1
01-01 08:00:12.064 320 320 I pgrep : type=1400 audit(0.0:179): avc: denied { getattr } for path="/proc/266" dev="proc" ino=6990 scontext=u:r:toolbox:s0 tcontext=u:r:hal_gatekeeper_default:s0 tclass=dir permissive=1
01-01 08:00:12.064 320 320 I pgrep : type=1400 audit(0.0:180): avc: denied { search } for name="266" dev="proc" ino=6990 scontext=u:r:toolbox:s0 tcontext=u:r:hal_gatekeeper_default:s0 tclass=dir permissive=1
01-01 08:00:12.064 320 320 I pgrep : type=1400 audit(0.0:181): avc: denied { open } for path="/proc/266/stat" dev="proc" ino=941 scontext=u:r:toolbox:s0 tcontext=u:r:hal_gatekeeper_default:s0 tclass=file permissive=1
01-01 08:00:12.064 320 320 I pgrep : type=1400 audit(0.0:182): avc: denied { getattr } for path="/proc/270" dev="proc" ino=7019 scontext=u:r:toolbox:s0 tcontext=u:r:hal_graphics_allocator_default:s0 tclass=dir permissive=1
01-01 08:00:12.064 320 320 I pgrep : type=1400 audit(0.0:183): avc: denied { search } for name="270" dev="proc" ino=7019 scontext=u:r:toolbox:s0 tcontext=u:r:hal_graphics_allocator_default:s0 tclass=dir permissive=1
01-01 08:00:12.064 320 320 I pgrep : type=1400 audit(0.0:184): avc: denied { open } for path="/proc/270/stat" dev="proc" ino=942 scontext=u:r:toolbox:s0 tcontext=u:r:hal_graphics_allocator_default:s0 tclass=file permissive=1
01-01 08:00:12.064 319 319 I xiriservice_All: type=1400 audit(0.0:185): avc: denied { search } for name="com.android.hotspot2.osulogin" dev="mmcblk0p25" ino=1283 scontext=u:r:init:s0 tcontext=u:object_r:app_data_file:s0:c71,c256,c512,c768 tclass=dir permissive=1
