05-30 08:38:35.126 484 484 D SystemServerTiming: StartDynamicCodeLoggingService took to complete: 2ms
05-30 08:38:35.126 484 484 I SystemServerTiming: StartPruneInstantAppsJobService
05-30 08:38:35.126 484 484 D SystemServerTiming: StartPruneInstantAppsJobService took to complete: 0ms
05-30 08:38:35.127 484 484 I SystemServerTiming: StartShortcutServiceLifecycle
05-30 08:38:35.127 484 484 I SystemServiceManager: Starting com.android.server.pm.ShortcutService$Lifecycle
05-30 08:38:35.129 484 484 V HistoricalRegistry: Interaction before persistence initialized
05-30 08:38:35.131 484 484 D SystemServerTiming: StartShortcutServiceLifecycle took to complete: 4ms
05-30 08:38:35.131 484 484 I SystemServerTiming: StartLauncherAppsService
05-30 08:38:35.131 484 484 I SystemServiceManager: Starting com.android.server.pm.LauncherAppsService
05-30 08:38:35.135 484 484 D SystemServerTiming: StartLauncherAppsService took to complete: 3ms
05-30 08:38:35.135 484 484 I SystemServerTiming: StartCrossProfileAppsService
05-30 08:38:35.135 484 484 I SystemServiceManager: Starting com.android.server.pm.CrossProfileAppsService
05-30 08:38:35.136 484 484 D SystemServerTiming: StartCrossProfileAppsService took to complete: 1ms
05-30 08:38:35.136 484 484 I SystemServerTiming: StartPeopleService
05-30 08:38:35.136 484 484 I SystemServiceManager: Starting com.android.server.people.PeopleService
05-30 08:38:35.137 484 484 D SystemServerTiming: StartPeopleService took to complete: 1ms
05-30 08:38:35.137 484 484 I SystemServerTiming: StartMediaMetricsManager
05-30 08:38:35.137 484 484 I SystemServiceManager: Starting com.android.server.media.metrics.MediaMetricsManagerService
05-30 08:38:35.140 484 484 D SystemServerTiming: StartMediaMetricsManager took to complete: 3ms
05-30 08:38:35.140 484 484 I SystemServerTiming: StartMediaProjectionManager
05-30 08:38:35.140 484 484 I SystemServiceManager: Starting com.android.server.media.projection.MediaProjectionManagerService
05-30 08:38:35.142 484 484 V MediaRouter: Selecting route: RouteInfo{ name=手机, description=null, status=null, category=RouteCategory{ name=系统 types=ROUTE_TYPE_LIVE_AUDIO ROUTE_TYPE_LIVE_VIDEO groupable=false }, supportedTypes=ROUTE_TYPE_LIVE_AUDIO ROUTE_TYPE_LIVE_VIDEO , presentationDisplay=null }
05-30 08:38:35.142 484 484 I MediaRouter: Skip setBluetoothA2dpOn(): types=8388615, isPlaybackActive()=false, BT route=null
05-30 08:38:35.143 484 484 D SystemServerTiming: StartMediaProjectionManager took to complete: 3ms
05-30 08:38:35.143 484 484 I SystemServerTiming: StartSliceManagerService
05-30 08:38:35.143 484 484 I SystemServiceManager: Starting com.android.server.slice.SliceManagerService$Lifecycle
05-30 08:38:35.146 484 484 D SystemServerTiming: StartSliceManagerService took to complete: 3ms
05-30 08:38:35.146 484 484 I SystemServerTiming: StartStatsCompanion
05-30 08:38:35.153 484 484 I SystemServiceManager: Starting com.android.server.stats.StatsCompanion$Lifecycle
05-30 08:38:35.157 484 484 D SystemServerTiming: StartStatsCompanion took to complete: 11ms
05-30 08:38:35.157 484 484 I SystemServerTiming: StartRebootReadinessManagerService
05-30 08:38:35.168 484 484 I SystemServiceManager: Starting com.android.server.scheduling.RebootReadinessManagerService$Lifecycle
05-30 08:38:35.173 484 484 I TetheringManager: registerTetheringEventCallback:android
05-30 08:38:35.173 484 484 I TetheringManager: registerTetheringEventCallback caller:android
05-30 08:38:35.174 484 484 D SystemServerTiming: StartRebootReadinessManagerService took to complete: 17ms
05-30 08:38:35.174 484 484 I SystemServerTiming: StartStatsPullAtomService
05-30 08:38:35.175 484 484 I SystemServiceManager: Starting com.android.server.stats.pull.StatsPullAtomService
05-30 08:38:35.175 484 484 D SystemServerTiming: StartStatsPullAtomService took to complete: 1ms
05-30 08:38:35.175 484 484 I SystemServerTiming: StartIncidentCompanionService
05-30 08:38:35.175 484 484 I SystemServiceManager: Starting com.android.server.incident.IncidentCompanionService
05-30 08:38:35.176 484 484 D SystemServerTiming: StartIncidentCompanionService took to complete: 1ms
05-30 08:38:35.176 484 484 I SystemServerTiming: StartMmsService
05-30 08:38:35.176 484 484 I SystemServiceManager: Starting com.android.server.MmsServiceBroker
05-30 08:38:35.177 484 484 D SystemServerTiming: StartMmsService took to complete: 0ms
05-30 08:38:35.177 484 484 I SystemServerTiming: StartAutoFillService
05-30 08:38:35.177 484 484 I SystemServiceManager: Starting com.android.server.autofill.AutofillManagerService
05-30 08:38:35.178 484 484 D AutofillManagerService: setLogLevelFromSettings(): level=2, debug=true, verbose=false
05-30 08:38:35.178 484 484 D AutofillManagerService: setMaxPartitionsFromSettings(): 10
05-30 08:38:35.178 484 484 D AutofillManagerService: setMaxVisibleDatasetsFromSettings(): 0
05-30 08:38:35.179 253 257 I ServiceManager: Waiting for service 'statscompanion' on '/dev/binder' successful after waiting 1107ms
05-30 08:38:35.179 484 484 D AutofillManagerServiceImpl: Reset component for user 0:
05-30 08:38:35.180 484 531 D AutofillUI: destroySaveUiUiThread(): already destroyed
05-30 08:38:35.182 484 484 D SystemServerTiming: StartAutoFillService took to complete: 6ms
05-30 08:38:35.182 484 484 D SystemServer: TranslationService not defined by OEM
05-30 08:38:35.182 484 484 I SystemServerTiming: StartClipboardService
05-30 08:38:35.182 484 484 I SystemServiceManager: Starting com.android.server.clipboard.ClipboardService
05-30 08:38:35.185 484 484 D SystemServerTiming: StartClipboardService took to complete: 3ms
05-30 08:38:35.185 484 484 I SystemServerTiming: AppServiceManager
05-30 08:38:35.185 484 484 I SystemServiceManager: Starting com.android.server.appbinding.AppBindingService$Lifecycle
05-30 08:38:35.187 484 484 D SystemServerTiming: AppServiceManager took to complete: 1ms
05-30 08:38:35.187 484 484 I SystemServerTiming: startTracingServiceProxy
05-30 08:38:35.187 484 484 I SystemServiceManager: Starting com.android.server.tracing.TracingServiceProxy
05-30 08:38:35.189 484 484 D SystemServerTiming: startTracingServiceProxy took to complete: 3ms
05-30 08:38:35.189 484 484 I SystemServerTiming: startOranthService
05-30 08:38:35.190 484 484 I SystemServiceManager: Starting com.android.server.oranth.OranthManagerService$Lifecycle
05-30 08:38:35.190 484 484 I OranthManagerService: -------------- OranthManagerService --------------
05-30 08:38:35.190 192 192 E SELinux : avc: denied { add } for pid=484 uid=1000 name=oranth_manager scontext=u:r:system_server:s0 tcontext=u:object_r:default_android_service:s0 tclass=service_manager permissive=1
05-30 08:38:35.191 484 484 D SystemServerTiming: startOranthService took to complete: 1ms
05-30 08:38:35.191 484 484 I SystemServerTiming: MakeLockSettingsServiceReady
05-30 08:38:35.197 193 193 I hwservicemanager: getTransport: Cannot find entry android.hardware.weaver@1.0::IWeaver/default in either framework or device VINTF manifest.
05-30 08:38:35.197 484 484 I SyntheticPasswordManager: Device does not support weaver
05-30 08:38:35.198 193 193 I hwservicemanager: getTransport: Cannot find entry android.hardware.authsecret@1.0::IAuthSecret/default in either framework or device VINTF manifest.
05-30 08:38:35.198 484 484 I LockSettingsService: Device doesn't implement AuthSecret HAL
05-30 08:38:35.200 484 484 D SystemServerTiming: MakeLockSettingsServiceReady took to complete: 10ms
05-30 08:38:35.200 484 484 I SystemServerTiming: StartBootPhaseLockSettingsReady
05-30 08:38:35.200 484 484 I SystemServiceManager: Starting phase 480
05-30 08:38:35.200 484 484 I SystemServerTiming: OnBootPhase_480
05-30 08:38:35.201 484 484 D SoundTriggerService: onBootPhase: 480 : false
05-30 08:38:35.203 484 484 W ShortcutService: Clock rewound
05-30 08:38:35.203 484 484 D SystemServerTiming: OnBootPhase_480 took to complete: 3ms
05-30 08:38:35.203 484 484 D SystemServerTiming: StartBootPhaseLockSettingsReady took to complete: 3ms
05-30 08:38:35.203 484 484 I SystemServerTiming: StartBootPhaseSystemServicesReady
05-30 08:38:35.203 484 484 I SystemServiceManager: Starting phase 500
05-30 08:38:35.203 484 484 I SystemServerTiming: OnBootPhase_500
05-30 08:38:35.204 484 484 E StatsPullAtomCallbackImpl: Failed to start PowerStatsService statsd pullers
05-30 08:38:35.207 484 484 D ConnectivityService: requestNetwork for uid/pid:1000/484 activeRequest: null callbackRequest: 9 [NetworkRequest [ REQUEST id=10, [ Capabilities: INTERNET&NOT_RESTRICTED&TRUSTED&NOT_VCN_MANAGED Uid: 1000 RequestorUid: 1000 RequestorPkg: android] ]] callback flags: 0 priority: 2147483647
05-30 08:38:35.208 484 484 E BatteryStatsService: Could not register PowerStatsInternal
05-30 08:38:35.208 484 627 D ConnectivityService: NetReassign [no changes]
05-30 08:38:35.211 484 484 D SLog : static_init took to complete: 0ms
05-30 08:38:35.211 484 484 V HintManagerService: Initializing HintManager service...
05-30 08:38:35.211 484 484 V HistoricalRegistry: Interaction before persistence initialized
05-30 08:38:35.213 484 484 D AppStandbyController: Setting app idle enabled state
05-30 08:38:35.217 484 484 V HistoricalRegistry: Interaction before persistence initialized
05-30 08:38:35.222 484 484 V VibratorManagerService: Initializing VibratorManager service...
05-30 08:38:35.222 484 484 V HistoricalRegistry: Interaction before persistence initialized
05-30 08:38:35.223 484 484 V VibratorManagerService: VibratorManager service initialized
05-30 08:38:35.224 484 484 E LazyAlarmStore: Removed TIME_TICK alarm
05-30 08:38:35.225 484 547 I DropBoxManagerService: add tag=system_server_wtf isTagEnabled=true flags=0x2
05-30 08:38:35.229 484 627 D ConnectivityService: NetReassign [no changes]
05-30 08:38:35.233 484 484 I ActivityTaskManager: Config changes=200 {1.0 ?mcc?mnc [zh_CN] ldltr sw720dp w1280dp h696dp 240dpi xlrg long land television -touch qwerty/v/v dpad/v winConfig={ mBounds=Rect(0, 0 - 1920, 1080) mAppBounds=Rect(0, 0 - 1920, 1080) mMaxBounds=Rect(0, 0 - 1920, 1080) mWindowingMode=fullscreen mDisplayWindowingMode=fullscreen mActivityType=undefined mAlwaysOnTop=undefined mRotation=ROTATION_0} s.4 ?fontWeightAdjustment}
05-30 08:38:35.235 484 484 I WindowManager: Override config changes=200 {1.0 ?mcc?mnc [zh_CN] ldltr sw720dp w1280dp h696dp 240dpi xlrg long land television -touch qwerty/v/v dpad/v winConfig={ mBounds=Rect(0, 0 - 1920, 1080) mAppBounds=Rect(0, 0 - 1920, 1080) mMaxBounds=Rect(0, 0 - 1920, 1080) mWindowingMode=fullscreen mDisplayWindowingMode=fullscreen mActivityType=undefined mAlwaysOnTop=undefined mRotation=ROTATION_0} s.4 ?fontWeightAdjustment} for displayId=0
05-30 08:38:35.237 484 484 D TestHarnessModeService: Setting up test harness mode
05-30 08:38:35.237 484 484 D TestHarnessModeService: Getting PersistentDataBlockManagerInternal from LocalServices
05-30 08:38:35.250 484 484 V HistoricalRegistry: Interaction before persistence initialized
05-30 08:38:35.252 484 484 W NetworkPolicy: setRestrictBackgroundUL: already false
05-30 08:38:35.253 484 484 I WifiScanningService: Starting wifiscanner
05-30 08:38:35.255 254 254 I netd : registerUnsolicitedEventListener() <0.04ms>
05-30 08:38:35.256 484 484 I EthernetServiceImpl: Starting Ethernet service
05-30 08:38:35.262 484 532 W IorapForwardingService: No service published for: iorapd
05-30 08:38:35.264 484 620 W WifiXmlUtil: Ignoring unknown value name found: CarrierMerged
05-30 08:38:35.265 484 620 W WifiXmlUtil: Ignoring unknown value name found: CaptivePortalNeverDetected
05-30 08:38:35.269 484 620 D WifiConfigStore: Reading from all stores completed in 15 ms.
05-30 08:38:35.272 484 620 E WifiConfigManager: Cannot find network with networkId -1 or configKey "DZNB"WPA_PSK or upgradable security type check
05-30 08:38:35.276 484 484 D EthernetTracker: Interface match regexp set to 'eth\d'
05-30 08:38:35.278 484 620 I WifiInjector: enableVerboseLogging(0): false
05-30 08:38:35.278 484 620 E SupplicantStaIfaceHal: Can't call setDebugParams, ISupplicant is null
05-30 08:38:35.278 484 620 E HostapdHal: Can't call setDebugParams, IHostapd is null
05-30 08:38:35.279 484 484 D Ethernet: Registering NetworkFactory
05-30 08:38:35.279 484 620 I WifiService: WifiService starting up with Wi-Fi enabled
05-30 08:38:35.280 484 627 D ConnectivityService: Got NetworkProvider Messenger for Ethernet
05-30 08:38:35.280 484 484 E IpConfigStore: Error opening configuration file: java.io.FileNotFoundException: /data/misc/ethernet/ipconfig.txt: open failed: ENOENT (No such file or directory)
05-30 08:38:35.281 484 484 I PppoeServiceImpl: Starting PPPOE service
05-30 08:38:35.283 254 254 I netd : interfaceGetList() -> {[ip6_vti0, eth0, gre0, ip6gre0, gretap0, erspan0, dummy0, lo, tunl0, sit0, ip6tnl0, ip_vti0]} <0.40ms>
05-30 08:38:35.284 484 663 I EthernetTracker: maybeTrackInterface: eth0
05-30 08:38:35.285 484 484 D PPPOE : Registering NetworkFactory
05-30 08:38:35.285 484 627 D ConnectivityService: Got NetworkProvider Messenger for PPPOE
05-30 08:38:35.285 484 484 W PppoeServiceImpl: pppoe interface file not exist!
05-30 08:38:35.286 254 254 I netd : interfaceGetCfg(eth0) -> {InterfaceConfigurationParcel{ifName: eth0, hwAddr: 20:02:fe:19:c1:fd, ipv4Addr: 0.0.0.0, prefixLength: 0, flags: [down, broadcast, multicast]}} <0.84ms>
05-30 08:38:35.287 484 664 D PPPOE : got request NetworkRequest [ REQUEST id=5, [ Transports: PPPOE Capabilities: INTERNET&NOT_RESTRICTED&TRUSTED&NOT_VPN&NOT_VCN_MANAGED RequestorUid: 1000 RequestorPkg: android] ]
05-30 08:38:35.288 484 664 D PppoeNetworkFactory: onRequestNetwork
05-30 08:38:35.288 484 664 D PPPOE : got request NetworkRequest [ REQUEST id=1, [ Capabilities: INTERNET&NOT_RESTRICTED&TRUSTED&NOT_VPN&NOT_VCN_MANAGED RequestorUid: 1000 RequestorPkg: android] ]
05-30 08:38:35.288 484 664 D PPPOE : got request NetworkRequest [ REQUEST id=10, [ Capabilities: INTERNET&NOT_RESTRICTED&TRUSTED&NOT_VCN_MANAGED Uid: 1000 RequestorUid: 1000 RequestorPkg: android] ]
05-30 08:38:35.289 484 620 D WifiController: isAirplaneModeOn = false, isWifiEnabled = true, isScanningAvailable = false, isLocationModeActive = true
05-30 08:38:35.289 484 620 D WifiActiveModeWarden: Starting primary ClientModeManager in connect mode
05-30 08:38:35.291 484 484 V HistoricalRegistry: Interaction before persistence initialized
05-30 08:38:35.292 327 329 D XM_HIDREAD: add@ add@/devices/platform/soc@3000000/5030000.eth/mdio_bus/5030000.eth-0
05-30 08:38:35.288 338 338 I xiriservice_All: type=1400 audit(0.0:325): avc: denied { read } for scontext=u:r:init:s0 tcontext=u:r:init:s0 tclass=netlink_kobject_uevent_socket permissive=1
05-30 08:38:35.292 327 329 D XM_HIDREAD: add@ add@/devices/platform/soc@3000000/5030000.eth/mdio_bus/5030000.eth-0/5030000.eth-0:10
05-30 08:38:35.293 484 620 I android_os_HwBinder: HwBinder: Starting thread pool for getting: android.hidl.manager@1.2::IServiceManager/default
05-30 08:38:35.296 193 193 I hwservicemanager: Since android.hardware.wifi@1.0::IWifi/default is not registered, trying to start it as a lazy HAL.
05-30 08:38:35.297 193 193 I hwservicemanager: Since android.hardware.wifi@1.0::IWifi/default is not registered, trying to start it as a lazy HAL.
05-30 08:38:35.297 484 620 I HidlServiceManagement: getService: Trying again for android.hardware.wifi@1.0::IWifi/default...
05-30 08:38:35.304 484 484 V HistoricalRegistry: Interaction before persistence initialized
05-30 08:38:35.305 484 484 D SoundTriggerService: onBootPhase: 500 : false
01-01 08:00:20.481 1 1 I init : starting service 'vendor.wifi_hal_legacy'...
05-30 08:38:35.313 484 484 D SystemServerTiming: OnBootPhase_500 took to complete: 110ms
05-30 08:38:35.313 484 484 D SystemServerTiming: StartBootPhaseSystemServicesReady took to complete: 110ms
05-30 08:38:35.313 484 484 I SystemServerTiming: MakeWindowManagerServiceReady
05-30 08:38:35.308 276 276 I EventThread: type=1400 audit(0.0:326): avc: denied { search } for name="extcon" dev="sysfs" ino=18109 scontext=u:r:hal_tv_cec_default:s0 tcontext=u:object_r:sysfs_extcon:s0 tclass=dir permissive=1
05-30 08:38:35.319 193 193 I hwservicemanager: getTransport: Cannot find entry android.hardware.configstore@1.1::ISurfaceFlingerConfigs/default in either framework or device VINTF manifest.
05-30 08:38:35.320 484 546 E KernelCpuThreadReader: Failed to initialize KernelCpuThreadReader
05-30 08:38:35.320 484 546 E KernelCpuThreadReader: java.nio.file.NoSuchFileException: /proc/self/time_in_state
05-30 08:38:35.320 484 546 E KernelCpuThreadReader: at sun.nio.fs.UnixFileSystemProvider.newByteChannel(UnixFileSystemProvider.java:214)
05-30 08:38:35.320 484 546 E KernelCpuThreadReader: at java.nio.file.Files.newByteChannel(Files.java:361)
05-30 08:38:35.320 484 546 E KernelCpuThreadReader: at java.nio.file.Files.newByteChannel(Files.java:407)
05-30 08:38:35.320 484 546 E KernelCpuThreadReader: at java.nio.file.Files.readAllBytes(Files.java:3152)
05-30 08:38:35.320 484 546 E KernelCpuThreadReader: at com.android.internal.os.ProcTimeInStateReader.initializeTimeInStateFormat(ProcTimeInStateReader.java:159)
05-30 08:38:35.320 484 546 E KernelCpuThreadReader: at com.android.internal.os.ProcTimeInStateReader.(ProcTimeInStateReader.java:106)
05-30 08:38:35.320 484 546 E KernelCpuThreadReader: at com.android.internal.os.KernelCpuThreadReader.(KernelCpuThreadReader.java:138)
05-30 08:38:35.320 484 546 E KernelCpuThreadReader: at com.android.internal.os.KernelCpuThreadReader.create(KernelCpuThreadReader.java:151)
05-30 08:38:35.320 484 546 E KernelCpuThreadReader: at com.android.internal.os.KernelCpuThreadReaderSettingsObserver.(KernelCpuThreadReaderSettingsObserver.java:95)
05-30 08:38:35.320 484 546 E KernelCpuThreadReader: at com.android.internal.os.KernelCpuThreadReaderSettingsObserver.getSettingsModifiedReader(KernelCpuThreadReaderSettingsObserver.java:80)
05-30 08:38:35.320 484 546 E KernelCpuThreadReader: at com.android.server.stats.pull.StatsPullAtomService.initializePullersState(StatsPullAtomService.java:798)
05-30 08:38:35.320 484 546 E KernelCpuThreadReader: at com.android.server.stats.pull.StatsPullAtomService.lambda$onBootPhase$0$StatsPullAtomService(StatsPullAtomService.java:757)
05-30 08:38:35.320 484 546 E KernelCpuThreadReader: at com.android.server.stats.pull.StatsPullAtomService$$ExternalSyntheticLambda14.run(Unknown Source:2)
05-30 08:38:35.320 484 546 E KernelCpuThreadReader: at android.os.Handler.handleCallback(Handler.java:938)
05-30 08:38:35.320 484 546 E KernelCpuThreadReader: at android.os.Handler.dispatchMessage(Handler.java:99)
05-30 08:38:35.320 484 546 E KernelCpuThreadReader: at android.os.Looper.loopOnce(Looper.java:201)
05-30 08:38:35.320 484 546 E KernelCpuThreadReader: at android.os.Looper.loop(Looper.java:288)
05-30 08:38:35.320 484 546 E KernelCpuThreadReader: at android.os.HandlerThread.run(HandlerThread.java:67)
05-30 08:38:35.323 484 546 I android_os_HwBinder: HwBinder: Starting thread pool for getting: android.hardware.health@2.0::IHealth/default
05-30 08:38:35.324 193 193 I hwservicemanager: getTransport: Cannot find entry android.hardware.configstore@1.1::ISurfaceFlingerConfigs/default in either framework or device VINTF manifest.
05-30 08:38:35.325 484 546 I android_os_HwBinder: HwBinder: Starting thread pool for getting: android.hidl.manager@1.0::IServiceManager/default
05-30 08:38:35.327 484 546 I HealthServiceWrapper: health: HealthServiceWrapper listening to instance default
05-30 08:38:35.329 193 193 I hwservicemanager: getTransport: Cannot find entry android.hardware.configstore@1.1::ISurfaceFlingerConfigs/default in either framework or device VINTF manifest.
05-30 08:38:35.308 335 335 I rainbow_flow: type=1400 audit(0.0:327): avc: denied { ioctl } for path="/dev/spidev1.0" dev="tmpfs" ino=3840 ioctlcmd=0x6b00 scontext=u:r:init:s0 tcontext=u:object_r:device:s0 tclass=chr_file permissive=1
01-01 08:00:20.494 1 1 I init : Control message: Processed ctl.interface_start for 'android.hardware.wifi@1.0::IWifi/default' from pid: 193 (/system/bin/hwservicemanager)
05-30 08:38:35.331 484 546 D StatsPullAtomService: Registering pullers with statsd
05-30 08:38:35.332 484 671 I android_os_HwBinder: HwBinder: Starting thread pool for getting: android.hardware.health@2.0::IHealth/default
05-30 08:38:35.335 484 484 D SystemServerTiming: MakeWindowManagerServiceReady took to complete: 22ms
05-30 08:38:35.336 484 484 I SystemServerTiming: MakePowerManagerServiceReady
05-30 08:38:35.338 484 484 I AttentionDetector: readValuesFromDeviceConfig():
05-30 08:38:35.338 484 484 I AttentionDetector: mMaximumExtensionMillis=900000
05-30 08:38:35.338 484 484 I AttentionDetector: mPreDimCheckDurationMillis=2000
05-30 08:38:35.338 484 484 I AttentionDetector: mRequestedPostDimTimeoutMillis=0
05-30 08:38:35.338 484 627 D ConnectivityService: NetReassign [no changes]
05-30 08:38:35.338 484 546 I StatsPullAtomService: register thermal listener successfully
05-30 08:38:35.344 484 484 E DisplayPowerController[0]: failed to set up display white-balance: java.lang.IllegalStateException: cannot find light sensor
05-30 08:38:35.346 275 275 I AW_PowerHAL: isBoostSupported: 0
05-30 08:38:35.350 275 275 I AW_PowerHAL: Power setMode: DISPLAY_INACTIVE to: 0
05-30 08:38:35.350 275 275 I AW_PowerHAL: not completed yet, ignore mode request other
01-01 08:00:20.514 1 1 I init : Control message: Processed ctl.interface_start for 'android.hardware.wifi@1.0::IWifi/default' from pid: 193 (/system/bin/hwservicemanager)
05-30 08:38:35.351 290 290 D SurfaceFlinger: Setting power mode 2 on display 0
05-30 08:38:35.352 484 533 I DisplayDeviceRepository: Display device changed state: "内置屏幕", ON
05-30 08:38:35.353 274 274 I android.hardware.lights-service: Lights setting state for id=0 to color ffffffff
05-30 08:38:35.354 484 484 I FaceDownDetector: readValuesFromDeviceConfig():
05-30 08:38:35.354 484 484 I FaceDownDetector: mAccelerationThreshold=0.2
05-30 08:38:35.354 484 484 I FaceDownDetector: mZAccelerationThreshold=-9.5
05-30 08:38:35.354 484 484 I FaceDownDetector: mTimeThreshold=PT1S
05-30 08:38:35.354 484 484 I FaceDownDetector: mIsEnabled=false
05-30 08:38:35.354 484 533 I InputManager-JNI: Viewport [0] to add: local:0, isActive: true
05-30 08:38:35.355 484 609 I InputReader: Reconfiguring input devices, changes=DISPLAY_INFO |
05-30 08:38:35.358 484 484 D SystemServerTiming: MakePowerManagerServiceReady took to complete: 21ms
05-30 08:38:35.358 484 484 I SystemServerTiming: StartPermissionPolicyService
05-30 08:38:35.358 484 484 I SystemServiceManager: Starting com.android.server.policy.PermissionPolicyService
05-30 08:38:35.360 484 566 W KeyguardServiceDelegate: onScreenTurningOn(): no keyguard service!
05-30 08:38:35.362 484 555 W KernelCpuProcStringReader: File not found. It's normal if not implemented: /proc/uid_time_in_state
05-30 08:38:35.363 484 566 V DisplayPowerController[0]: Brightness [0.39763778] reason changing to: 'override', previous reason: '0'.
05-30 08:38:35.365 484 555 W KernelCpuProcStringReader: File not found. It's normal if not implemented: /proc/uid_concurrent_active_time
05-30 08:38:35.366 484 555 W KernelCpuProcStringReader: File not found. It's normal if not implemented: /proc/uid_concurrent_policy_time
05-30 08:38:35.366 484 555 E KernelCpuSpeedReader: Failed to read cpu-freq: /sys/devices/system/cpu/cpu0/cpufreq/stats/time_in_state: open failed: ENOENT (No such file or directory)
05-30 08:38:35.367 484 555 E system_server: Cannot read thread CPU times for PID 484
05-30 08:38:35.368 274 274 I android.hardware.lights-service: Lights setting state for id=0 to color ff6a6a6a
05-30 08:38:35.369 484 484 D SystemServerTiming: StartPermissionPolicyService took to complete: 11ms
05-30 08:38:35.369 484 484 I SystemServerTiming: MakePackageManagerServiceReady
05-30 08:38:35.377 484 484 V UserDataPreparer: Found /data/user_de/0 with serial number 0
05-30 08:38:35.377 484 484 V UserDataPreparer: Found /data/user/0 with serial number 0
05-30 08:38:35.377 484 484 V UserDataPreparer: Found /data/system_de/0 with serial number 0
05-30 08:38:35.378 484 484 W UserDataPreparer: Invalid user directory /data/system_de/usagestats
05-30 08:38:35.378 484 484 V UserDataPreparer: Found /data/system_ce/0 with serial number 0
05-30 08:38:35.378 484 484 V UserDataPreparer: Found /data/misc_ce/0 with serial number 0
05-30 08:38:35.383 484 484 I PackageManager: Permission ownership changed. Updating all permissions.
05-30 08:38:35.410 667 667 I android.hardware.wifi@1.0-service-lazy: Wifi Hal is booting up...
05-30 08:38:35.411 667 667 I HidlLazyUtils: Registering HAL: android.hardware.wifi@1.5::IWifi with name: default
05-30 08:38:35.412 667 667 E cutils-trace: Error opening trace file: No such file or directory (2)
05-30 08:38:35.415 484 648 D HalDevMgr: IWifi registration notification: fqName=android.hardware.wifi@1.0::IWifi, name=default, preexisting=false
05-30 08:38:35.415 667 667 I HidlServiceManagement: Registered android.hardware.wifi@1.5::IWifi/default
05-30 08:38:35.416 667 667 I HidlServiceManagement: Removing namespace from process name android.hardware.wifi@1.0-service-lazy to wifi@1.0-service-lazy.
05-30 08:38:35.417 193 193 I hw-BpHwBinder: onLastStrongRef automatically unlinking death recipients
05-30 08:38:35.417 484 620 I android_os_HwBinder: HwBinder: Starting thread pool for getting: android.hardware.wifi@1.0::IWifi/default
05-30 08:38:35.419 484 620 D WifiNl80211Manager: tearing down interfaces in wificond
05-30 08:38:35.426 484 620 D WifiAdaptConnObserver: Adaptive connectivity status initialized to: true
05-30 08:38:35.427 484 620 D WifiController: EnabledState.enter()
05-30 08:38:35.427 484 620 D WifiClientModeManager[unknown]: entering IdleState
05-30 08:38:35.427 667 667 D WifiHWInfo: Start to load wireless module hardware info table...
05-30 08:38:35.428 667 667 D WifiHWInfo: Entry [01], BUS: SDIO, ID: 0x024C8179, Name: rtl8189es.
05-30 08:38:35.428 667 667 D WifiHWInfo: Entry [02], BUS: SDIO, ID: 0x024CB723, Name: rtl8723bs_vq0.
05-30 08:38:35.428 667 667 D WifiHWInfo: Entry [03], BUS: SDIO, ID: 0x024CB703, Name: rtl8723cs.
05-30 08:38:35.428 667 667 D WifiHWInfo: Entry [04], BUS: SDIO, ID: 0x024CD723, Name: rtl8723ds.
05-30 08:38:35.428 667 667 D WifiHWInfo: Entry [05], BUS: SDIO, ID: 0x024CF179, Name: rtl8189fs.
05-30 08:38:35.428 667 667 D WifiHWInfo: Entry [06], BUS: SDIO, ID: 0x024CB822, Name: rtl88x2bs.
05-30 08:38:35.428 667 667 D WifiHWInfo: Entry [07], BUS: USB, ID: 0x0BDAD723, Name: rtl8723du.
05-30 08:38:35.428 667 667 D WifiHWInfo: Entry [08], BUS: USB, ID: 0x0BDA8179, Name: rtl8188etv.
05-30 08:38:35.428 667 667 D WifiHWInfo: Entry [09], BUS: USB, ID: 0x0BDA0179, Name: rtl8188eu.
05-30 08:38:35.428 667 667 D WifiHWInfo: Entry [10], BUS: USB, ID: 0x0BDA818B, Name: rtl8192eu.
05-30 08:38:35.428 667 667 D WifiHWInfo: Entry [11], BUS: USB, ID: 0x0BDAB720, Name: rtl8723bu.
05-30 08:38:35.428 667 667 D WifiHWInfo: Entry [12], BUS: USB, ID: 0x0BDAC82C, Name: rtl8822cu.
05-30 08:38:35.428 667 667 D WifiHWInfo: Entry [13], BUS: USB, ID: 0x0BDAF179, Name: rtl8188fu.
05-30 08:38:35.428 667 667 D WifiHWInfo: Entry [14], BUS: SDIO, ID: 0x02D0A9A6, Name: ap6212.
05-30 08:38:35.428 667 667 D WifiHWInfo: Entry [15], BUS: SDIO, ID: 0x02D04330, Name: ap6330.
05-30 08:38:35.428 667 667 D WifiHWInfo: Entry [16], BUS: SDIO, ID: 0x02D04356, Name: ap6356s.
05-30 08:38:35.428 667 667 D WifiHWInfo: Entry [17], BUS: SDIO, ID: 0x02D0A9BF, Name: ap6255.
05-30 08:38:35.428 667 667 D WifiHWInfo: Entry [18], BUS: SDIO, ID: 0x02D04334, Name: bcm43342.
05-30 08:38:35.428 667 667 D WifiHWInfo: Entry [19], BUS: SDIO, ID: 0x00202281, Name: xr819.
05-30 08:38:35.428 667 667 D WifiHWInfo: Entry [20], BUS: SDIO, ID: 0x0A9E2282, Name: xr829.
05-30 08:38:35.428 667 667 D WifiHWInfo: Entry [21], BUS: SDIO, ID: 0x0271050A, Name: qca6174a.
05-30 08:38:35.428 667 667 D WifiHWInfo: Entry [22], BUS: SDIO, ID: 0x30303030, Name: ssv6x5x.
05-30 08:38:35.428 667 667 D WifiHWInfo: Entry [23], BUS: SDIO, ID: 0x00000000, Name: uwe5621.
05-30 08:38:35.428 667 667 D WifiHWInfo: Entry [24], BUS: SDIO, ID: 0x54490145, Name: aic8800.
05-30 08:38:35.428 667 667 D WifiHWInfo: Entry [25], BUS: SDIO, ID: 0xC8A1C08D, Name: aic8800.
05-30 08:38:35.428 667 667 D WifiHWInfo: Entry [26], BUS: USB, ID: 0xA69C8800, Name: aic8800.
05-30 08:38:35.428 667 667 D WifiHWInfo: Entry [27], BUS: USB, ID: 0x007A8888, Name: atbm6023is.
05-30 08:38:35.428 667 667 D WifiHWInfo: Entry [28], BUS: SDIO, ID: 0x02E79086, Name: 9012p.
05-30 08:38:35.428 667 667 D WifiHWInfo: Entry [29], BUS: SDIO, ID: 0x007A6011, Name: atbm613x_wifi_sdio.
05-30 08:38:35.428 667 667 D WifiHWInfo: Entry [30], BUS: SDIO, ID: 0x024CC822, Name: 88x2cs.
05-30 08:38:35.428 667 667 D WifiHWInfo: Entry [31], BUS: SDIO, ID: 0x000018F0, Name: dummy.
05-30 08:38:35.428 667 667 W android.hardware.wifi@1.0-service-lazy: DRIVER_MODULE_TAG: sprdwl_ng : Success
05-30 08:38:35.429 667 667 I android.hardware.wifi@1.0-service-lazy: driver_module_path: /vendor/lib/modules/sprdwl_ng.ko
05-30 08:38:35.429 667 667 I android.hardware.wifi@1.0-service-lazy: driver_module_arg:
05-30 08:38:35.429 484 573 E DefaultPermGrantPolicy: Package not found: org.xbmc.kodi
05-30 08:38:35.429 484 573 W DefaultPermGrantPolicy: No such package:org.xbmc.kodi
05-30 08:38:35.429 484 573 E DefaultPermGrantPolicy: Package not found: cm.aptoidetv.pt
05-30 08:38:35.429 484 573 W DefaultPermGrantPolicy: No such package:cm.aptoidetv.pt
05-30 08:38:35.429 484 573 E DefaultPermGrantPolicy: Package not found: com.softwinner.TvdFileManager
05-30 08:38:35.429 484 573 W DefaultPermGrantPolicy: No such package:com.softwinner.TvdFileManager
05-30 08:38:35.429 484 573 E DefaultPermGrantPolicy: Package not found: com.softwinner.TvdVideo
05-30 08:38:35.429 484 573 W DefaultPermGrantPolicy: No such package:com.softwinner.TvdVideo
05-30 08:38:35.429 484 573 E DefaultPermGrantPolicy: Package not found: com.android.chrome
05-30 08:38:35.429 484 573 W DefaultPermGrantPolicy: No such package:com.android.chrome
05-30 08:38:35.429 484 573 E DefaultPermGrantPolicy: Package not found: com.android.vending
05-30 08:38:35.429 484 573 W DefaultPermGrantPolicy: No such package:com.android.vending
05-30 08:38:35.429 484 573 E DefaultPermGrantPolicy: Package not found: com.google.android.tts
05-30 08:38:35.430 484 573 W DefaultPermGrantPolicy: No such package:com.google.android.tts
05-30 08:38:35.430 484 573 E DefaultPermGrantPolicy: Package not found: com.google.android.youtube.tv
05-30 08:38:35.430 484 573 W DefaultPermGrantPolicy: No such package:com.google.android.youtube.tv
05-30 08:38:35.430 484 573 E DefaultPermGrantPolicy: Package not found: com.google.android.katniss
05-30 08:38:35.430 484 573 W DefaultPermGrantPolicy: No such package:com.google.android.katniss
05-30 08:38:35.430 484 573 E DefaultPermGrantPolicy: Package not found: com.google.android.gms
05-30 08:38:35.430 484 573 W DefaultPermGrantPolicy: No such package:com.google.android.gms
05-30 08:38:35.436 484 484 D StagingManagerTiming: restoreSessions took to complete: 6ms
05-30 08:38:35.436 484 484 D SystemServerTiming: MakePackageManagerServiceReady took to complete: 67ms
05-30 08:38:35.436 484 484 I SystemServerTiming: MakeDisplayManagerServiceReady
05-30 08:38:35.438 484 533 E DisplayModeDirector: Asked about unknown display, returning empty display mode specs!(id=0)
05-30 08:38:35.438 484 533 E DisplayModeDirector: Asked about unknown display, returning empty display mode specs!(id=0)
05-30 08:38:35.443 484 484 D SystemServerTiming: MakeDisplayManagerServiceReady took to complete: 6ms
05-30 08:38:35.443 484 484 I SystemServerTiming: StartDeviceSpecificServices
05-30 08:38:35.443 484 484 D SystemServerTiming: StartDeviceSpecificServices took to complete: 0ms
05-30 08:38:35.443 484 484 I SystemServerTiming: GameManagerService
05-30 08:38:35.443 484 484 I SystemServiceManager: Starting com.android.server.app.GameManagerService$Lifecycle
05-30 08:38:35.449 484 484 D SystemServerTiming: GameManagerService took to complete: 6ms
05-30 08:38:35.449 484 484 I SystemServerTiming: StartBootPhaseDeviceSpecificServicesReady
05-30 08:38:35.449 484 484 I SystemServiceManager: Starting phase 520
05-30 08:38:35.449 484 484 I SystemServerTiming: OnBootPhase_520
05-30 08:38:35.450 484 484 D SoundTriggerService: onBootPhase: 520 : false
05-30 08:38:35.450 484 484 D SystemServerTiming: OnBootPhase_520 took to complete: 1ms
05-30 08:38:35.450 484 484 D SystemServerTiming: StartBootPhaseDeviceSpecificServicesReady took to complete: 1ms
05-30 08:38:35.450 484 484 I SystemServerTiming: AppSearchManagerService
05-30 08:38:35.455 484 484 I system_server: Waiting for a blocking GC ClassLinker
05-30 08:38:35.464 327 329 D XM_HIDREAD: add@ add@/bus/platform/drivers/unisoc_wifi
05-30 08:38:35.464 327 329 D XM_HIDREAD: add@ add@/devices/platform/unisoc_wifi
01-01 08:00:20.646 667 667 I WCN : start_marlin [MARLIN_WIFI]
01-01 08:00:20.651 667 667 D : CPU: 1 PID: 667 Comm: wifi@1.0-servic Tainted: G O 5.4.125+ #3
01-01 08:00:20.661 667 667 D Hardware name: sun50iw9 (DT)
01-01 08:00:20.666 667 667 D Call trace:
01-01 08:00:20.670 667 667 D : dump_backtrace.cfi_jt+0x0/0x4
01-01 08:00:20.675 667 667 D : dump_stack+0xbc/0x104
01-01 08:00:20.680 667 667 D : marlin_set_power+0x2c/0x78c [uwe5621_bsp_sdio]
01-01 08:00:20.687 667 667 D : start_marlin+0xbc/0x14c [uwe5621_bsp_sdio]
01-01 08:00:20.694 667 667 D : sprdwl_probe+0x28/0x3f4 [sprdwl_ng]
01-01 08:00:20.700 667 667 D : platform_drv_probe+0xac/0xf0
01-01 08:00:20.705 667 667 D : really_probe+0x340/0x8f8
01-01 08:00:20.710 667 667 D : driver_probe_device+0x70/0x144
01-01 08:00:20.715 667 667 D : __device_attach_driver+0x14c/0x210
01-01 08:00:20.721 667 667 D : bus_for_each_drv+0x98/0x10c
01-01 08:00:20.726 667 667 D : __device_attach.llvm.14547616182355937686+0x108/0x1a8
01-01 08:00:20.734 667 667 D : bus_probe_device+0x3c/0xdc
01-01 08:00:20.739 667 667 D : device_add+0x950/0xb78
01-01 08:00:20.744 667 667 D : platform_device_add+0x90/0x260
01-01 08:00:20.750 667 667 D : init_module+0x48/0xfc4 [sprdwl_ng]
01-01 08:00:20.755 667 667 D : do_one_initcall+0xc4/0x238
01-01 08:00:20.760 667 667 D : do_init_module+0x58/0x2e0
01-01 08:00:20.765 667 667 D : load_module+0x31b8/0x3a40
01-01 08:00:20.770 667 667 D : __arm64_sys_finit_module+0xbc/0x120
01-01 08:00:20.776 667 667 D : el0_svc_common+0xb8/0x1cc
01-01 08:00:20.781 667 667 D : el0_svc_compat_handler+0x1c/0x28
01-01 08:00:20.787 667 667 D : el0_svc_compat+0x8/0x24
01-01 08:00:20.792 667 667 I WCN : marlin power state:0, subsys: [MARLIN_WIFI] power 1
01-01 08:00:20.800 667 667 I WCN : the first power on start
05-30 08:38:35.700 484 502 I system_server: Background concurrent copying GC freed 89105(4525KB) AllocSpace objects, 15(476KB) LOS objects, 49% free, 7812KB/15MB, paused 193us total 270.476ms
05-30 08:38:35.700 484 484 I system_server: WaitForGcToComplete blocked ClassLinker on Background for 245.146ms
05-30 08:38:35.701 484 503 W JHwRemoteBinder: BinderProxy is being destroyed but the application did not call unlinkToDeath to unlink all of its death recipients beforehand. Releasing leaked death recipient: com.android.server.usb.UsbDeviceManager$UsbHandlerHal$UsbGadgetDeathRecipient
05-30 08:38:35.707 484 484 I SystemServiceManager: Starting com.android.server.appsearch.AppSearchManagerService
05-30 08:38:35.711 484 484 D SystemServerTiming: AppSearchManagerService took to complete: 261ms
05-30 08:38:35.711 484 484 I SystemServerTiming: StartMediaCommunicationService
05-30 08:38:35.712 484 484 I SystemServiceManager: Starting com.android.server.media.MediaCommunicationService
05-30 08:38:35.714 484 484 D SystemServerTiming: StartMediaCommunicationService took to complete: 3ms
05-30 08:38:35.715 484 484 I SystemServerTiming: PhaseActivityManagerReady
05-30 08:38:35.715 484 484 I SystemServerTiming: controllersReady
05-30 08:38:35.720 484 537 I SystemServerTimingAsync: InitThreadPoolExec:Update app-ops uidState in case package com.android.providers.media.module changed
05-30 08:38:35.720 484 579 I SystemServerTimingAsync: InitThreadPoolExec:Update app-ops uidState in case package com.dangbei.lerad.screensaver changed
05-30 08:38:35.720 484 537 D SystemServerInitThreadPool: Started executing Update app-ops uidState in case package com.android.providers.media.module changed
05-30 08:38:35.720 484 579 D SystemServerInitThreadPool: Started executing Update app-ops uidState in case package com.dangbei.lerad.screensaver changed
05-30 08:38:35.720 484 588 I SystemServerTimingAsync: InitThreadPoolExec:Update app-ops uidState in case package com.android.tv changed
05-30 08:38:35.720 484 588 D SystemServerInitThreadPool: Started executing Update app-ops uidState in case package com.android.tv changed
05-30 08:38:35.720 484 528 I SystemServerTimingAsync: InitThreadPoolExec:Update app-ops uidState in case package com.android.systemui changed
05-30 08:38:35.720 484 528 D SystemServerInitThreadPool: Started executing Update app-ops uidState in case package com.android.systemui changed
05-30 08:38:35.720 484 588 D SystemServerInitThreadPool: Finished executing Update app-ops uidState in case package com.android.tv changed
05-30 08:38:35.720 484 537 D SystemServerInitThreadPool: Finished executing Update app-ops uidState in case package com.android.providers.media.module changed
05-30 08:38:35.720 484 588 D SystemServerTimingAsync: InitThreadPoolExec:Update app-ops uidState in case package com.android.tv changed took to complete: 0ms
05-30 08:38:35.720 484 579 D SystemServerInitThreadPool: Finished executing Update app-ops uidState in case package com.dangbei.lerad.screensaver changed
05-30 08:38:35.720 484 588 I SystemServerTimingAsync: InitThreadPoolExec:Update app-ops uidState in case package com.sohu.inputmethod.sogou.tv changed
05-30 08:38:35.720 484 579 D SystemServerTimingAsync: InitThreadPoolExec:Update app-ops uidState in case package com.dangbei.lerad.screensaver changed took to complete: 0ms
05-30 08:38:35.720 484 528 D SystemServerInitThreadPool: Finished executing Update app-ops uidState in case package com.android.systemui changed
05-30 08:38:35.720 484 588 D SystemServerInitThreadPool: Started executing Update app-ops uidState in case package com.sohu.inputmethod.sogou.tv changed
05-30 08:38:35.720 484 528 D SystemServerTimingAsync: InitThreadPoolExec:Update app-ops uidState in case package com.android.systemui changed took to complete: 0ms
05-30 08:38:35.720 484 528 I SystemServerTimingAsync: InitThreadPoolExec:Update app-ops uidState in case package com.dangbei.lerad.videoposter changed
05-30 08:38:35.720 484 579 I SystemServerTimingAsync: InitThreadPoolExec:Update app-ops uidState in case package com.android.music changed
05-30 08:38:35.720 484 528 D SystemServerInitThreadPool: Started executing Update app-ops uidState in case package com.dangbei.lerad.videoposter changed
05-30 08:38:35.720 484 579 D SystemServerInitThreadPool: Started executing Update app-ops uidState in case package com.android.music changed
05-30 08:38:35.721 484 528 D SystemServerInitThreadPool: Finished executing Update app-ops uidState in case package com.dangbei.lerad.videoposter changed
05-30 08:38:35.721 484 588 D SystemServerInitThreadPool: Finished executing Update app-ops uidState in case package com.sohu.inputmethod.sogou.tv changed
05-30 08:38:35.721 484 528 D SystemServerTimingAsync: InitThreadPoolExec:Update app-ops uidState in case package com.dangbei.lerad.videoposter changed took to complete: 0ms
05-30 08:38:35.721 484 588 D SystemServerTimingAsync: InitThreadPoolExec:Update app-ops uidState in case package com.sohu.inputmethod.sogou.tv changed took to complete: 0ms
05-30 08:38:35.721 484 579 D SystemServerInitThreadPool: Finished executing Update app-ops uidState in case package com.android.music changed
05-30 08:38:35.721 484 579 D SystemServerTimingAsync: InitThreadPoolExec:Update app-ops uidState in case package com.android.music changed took to complete: 1ms
05-30 08:38:35.721 484 579 I SystemServerTimingAsync: InitThreadPoolExec:Update app-ops uidState in case package com.android.providers.tv changed
05-30 08:38:35.721 484 579 D SystemServerInitThreadPool: Started executing Update app-ops uidState in case package com.android.providers.tv changed
05-30 08:38:35.721 484 579 D SystemServerInitThreadPool: Finished executing Update app-ops uidState in case package com.android.providers.tv changed
05-30 08:38:35.721 484 579 D SystemServerTimingAsync: InitThreadPoolExec:Update app-ops uidState in case package com.android.providers.tv changed took to complete: 0ms
05-30 08:38:35.721 484 579 I SystemServerTimingAsync: InitThreadPoolExec:Update app-ops uidState in case package com.android.providers.contacts changed
05-30 08:38:35.721 484 579 D SystemServerInitThreadPool: Started executing Update app-ops uidState in case package com.android.providers.contacts changed
05-30 08:38:35.721 484 579 D SystemServerInitThreadPool: Finished executing Update app-ops uidState in case package com.android.providers.contacts changed
05-30 08:38:35.721 484 579 D SystemServerTimingAsync: InitThreadPoolExec:Update app-ops uidState in case package com.android.providers.contacts changed took to complete: 0ms
05-30 08:38:35.721 484 579 I SystemServerTimingAsync: InitThreadPoolExec:Update app-ops uidState in case package com.android.providers.media changed
05-30 08:38:35.721 484 579 D SystemServerInitThreadPool: Started executing Update app-ops uidState in case package com.android.providers.media changed
05-30 08:38:35.721 484 579 D SystemServerInitThreadPool: Finished executing Update app-ops uidState in case package com.android.providers.media changed
05-30 08:38:35.721 484 579 D SystemServerTimingAsync: InitThreadPoolExec:Update app-ops uidState in case package com.android.providers.media changed took to complete: 0ms
05-30 08:38:35.721 484 579 I SystemServerTimingAsync: InitThreadPoolExec:Update app-ops uidState in case package com.android.providers.calendar changed
05-30 08:38:35.721 484 579 D SystemServerInitThreadPool: Started executing Update app-ops uidState in case package com.android.providers.calendar changed
05-30 08:38:35.721 484 579 D SystemServerInitThreadPool: Finished executing Update app-ops uidState in case package com.android.providers.calendar changed
05-30 08:38:35.721 484 579 D SystemServerTimingAsync: InitThreadPoolExec:Update app-ops uidState in case package com.android.providers.calendar changed took to complete: 0ms
05-30 08:38:35.721 484 579 I SystemServerTimingAsync: InitThreadPoolExec:Update app-ops uidState in case package com.android.bluetooth changed
05-30 08:38:35.721 484 579 D SystemServerInitThreadPool: Started executing Update app-ops uidState in case package com.android.bluetooth changed
05-30 08:38:35.721 484 579 D SystemServerInitThreadPool: Finished executing Update app-ops uidState in case package com.android.bluetooth changed
05-30 08:38:35.721 484 579 D SystemServerTimingAsync: InitThreadPoolExec:Update app-ops uidState in case package com.android.bluetooth changed took to complete: 0ms
05-30 08:38:35.721 484 579 I SystemServerTimingAsync: InitThreadPoolExec:Update app-ops uidState in case package com.android.dynsystem changed
05-30 08:38:35.721 484 579 D SystemServerInitThreadPool: Started executing Update app-ops uidState in case package com.android.dynsystem changed
05-30 08:38:35.721 484 579 D SystemServerInitThreadPool: Finished executing Update app-ops uidState in case package com.android.dynsystem changed
05-30 08:38:35.721 484 579 D SystemServerTimingAsync: InitThreadPoolExec:Update app-ops uidState in case package com.android.dynsystem changed took to complete: 0ms
05-30 08:38:35.722 484 579 I SystemServerTimingAsync: InitThreadPoolExec:Update app-ops uidState in case package com.dangbei.lerad.rocky changed
05-30 08:38:35.722 484 579 D SystemServerInitThreadPool: Started executing Update app-ops uidState in case package com.dangbei.lerad.rocky changed
05-30 08:38:35.722 484 579 D SystemServerInitThreadPool: Finished executing Update app-ops uidState in case package com.dangbei.lerad.rocky changed
05-30 08:38:35.722 484 579 D SystemServerTimingAsync: InitThreadPoolExec:Update app-ops uidState in case package com.dangbei.lerad.rocky changed took to complete: 0ms
05-30 08:38:35.722 484 579 I SystemServerTimingAsync: InitThreadPoolExec:Update app-ops uidState in case package com.android.tv.settings changed
05-30 08:38:35.722 484 579 D SystemServerInitThreadPool: Started executing Update app-ops uidState in case package com.android.tv.settings changed
05-30 08:38:35.722 484 579 D SystemServerInitThreadPool: Finished executing Update app-ops uidState in case package com.android.tv.settings changed
05-30 08:38:35.722 484 579 D SystemServerTimingAsync: InitThreadPoolExec:Update app-ops uidState in case package com.android.tv.settings changed took to complete: 1ms
05-30 08:38:35.722 484 579 I SystemServerTimingAsync: InitThreadPoolExec:Update app-ops uidState in case package com.oranth.factory changed
05-30 08:38:35.722 484 579 D SystemServerInitThreadPool: Started executing Update app-ops uidState in case package com.oranth.factory changed
05-30 08:38:35.722 484 579 D SystemServerInitThreadPool: Finished executing Update app-ops uidState in case package com.oranth.factory changed
05-30 08:38:35.722 484 579 D SystemServerTimingAsync: InitThreadPoolExec:Update app-ops uidState in case package com.oranth.factory changed took to complete: 0ms
05-30 08:38:35.722 484 579 I SystemServerTimingAsync: InitThreadPoolExec:Update app-ops uidState in case package com.dangbei.zhushou.os changed
05-30 08:38:35.722 484 579 D SystemServerInitThreadPool: Started executing Update app-ops uidState in case package com.dangbei.zhushou.os changed
05-30 08:38:35.722 484 579 D SystemServerInitThreadPool: Finished executing Update app-ops uidState in case package com.dangbei.zhushou.os changed
05-30 08:38:35.722 484 579 D SystemServerTimingAsync: InitThreadPoolExec:Update app-ops uidState in case package com.dangbei.zhushou.os changed took to complete: 0ms
05-30 08:38:35.722 484 579 I SystemServerTimingAsync: InitThreadPoolExec:Update app-ops uidState in case package com.oranth.ledstatus changed
05-30 08:38:35.722 484 579 D SystemServerInitThreadPool: Started executing Update app-ops uidState in case package com.oranth.ledstatus changed
05-30 08:38:35.722 484 579 D SystemServerInitThreadPool: Finished executing Update app-ops uidState in case package com.oranth.ledstatus changed
05-30 08:38:35.722 484 579 D SystemServerTimingAsync: InitThreadPoolExec:Update app-ops uidState in case package com.oranth.ledstatus changed took to complete: 0ms
05-30 08:38:35.722 484 579 I SystemServerTimingAsync: InitThreadPoolExec:Update app-ops uidState in case package android changed
05-30 08:38:35.722 484 579 D SystemServerInitThreadPool: Started executing Update app-ops uidState in case package android changed
05-30 08:38:35.722 484 579 D SystemServerInitThreadPool: Finished executing Update app-ops uidState in case package android changed
05-30 08:38:35.722 484 579 D SystemServerTimingAsync: InitThreadPoolExec:Update app-ops uidState in case package android changed took to complete: 0ms
05-30 08:38:35.722 484 579 I SystemServerTimingAsync: InitThreadPoolExec:Update app-ops uidState in case package com.dangbei.leard.leradlauncher changed
05-30 08:38:35.722 484 579 D SystemServerInitThreadPool: Started executing Update app-ops uidState in case package com.dangbei.leard.leradlauncher changed
05-30 08:38:35.722 484 579 D SystemServerInitThreadPool: Finished executing Update app-ops uidState in case package com.dangbei.leard.leradlauncher changed
05-30 08:38:35.722 484 579 D SystemServerTimingAsync: InitThreadPoolExec:Update app-ops uidState in case package com.dangbei.leard.leradlauncher changed took to complete: 0ms
05-30 08:38:35.722 484 579 I SystemServerTimingAsync: InitThreadPoolExec:Update app-ops uidState in case package com.android.providers.settings changed
05-30 08:38:35.722 484 579 D SystemServerInitThreadPool: Started executing Update app-ops uidState in case package com.android.providers.settings changed
05-30 08:38:35.722 484 579 D SystemServerInitThreadPool: Finished executing Update app-ops uidState in case package com.android.providers.settings changed
05-30 08:38:35.722 484 579 D SystemServerTimingAsync: InitThreadPoolExec:Update app-ops uidState in case package com.android.providers.settings changed took to complete: 0ms
05-30 08:38:35.722 484 579 I SystemServerTimingAsync: InitThreadPoolExec:Update app-ops uidState in case package com.android.inputdevices changed
05-30 08:38:35.723 484 579 D SystemServerInitThreadPool: Started executing Update app-ops uidState in case package com.android.inputdevices changed
05-30 08:38:35.723 484 579 D SystemServerInitThreadPool: Finished executing Update app-ops uidState in case package com.android.inputdevices changed
05-30 08:38:35.723 484 579 D SystemServerTimingAsync: InitThreadPoolExec:Update app-ops uidState in case package com.android.inputdevices changed took to complete: 0ms
05-30 08:38:35.723 484 484 D SystemServerTiming: controllersReady took to complete: 7ms
05-30 08:38:35.723 484 537 D SystemServerTimingAsync: InitThreadPoolExec:Update app-ops uidState in case package com.android.providers.media.module changed took to complete: 1ms
05-30 08:38:35.723 484 537 I SystemServerTimingAsync: InitThreadPoolExec:Update app-ops uidState in case package com.android.keychain changed
05-30 08:38:35.723 484 579 I SystemServerTimingAsync: InitThreadPoolExec:Update app-ops uidState in case package com.oranth.inputmacsn changed
05-30 08:38:35.723 484 579 D SystemServerInitThreadPool: Started executing Update app-ops uidState in case package com.oranth.inputmacsn changed
05-30 08:38:35.723 484 579 D SystemServerInitThreadPool: Finished executing Update app-ops uidState in case package com.oranth.inputmacsn changed
