05-30 08:38:57.961 2361 2361 D ApplicationLoaders: Returning zygote-cached class loader: /system/framework/android.hidl.base-V1.0-java.jar
05-30 08:38:57.976 2361 2361 I awei.connection: type=1400 audit(0.0:1022): avc: denied { getattr } for path="/data/user/0/com.dangbei.screencast" dev="mmcblk0p25" ino=888 scontext=u:r:platform_app:s0:c512,c768 tcontext=u:object_r:app_data_file:s0:c512,c768 tclass=dir permissive=1 app=com.dangbei.screencast
05-30 08:38:57.988 2361 2361 I awei.connection: type=1400 audit(0.0:1023): avc: denied { search } for name="com.dangbei.screencast" dev="mmcblk0p25" ino=888 scontext=u:r:platform_app:s0:c512,c768 tcontext=u:object_r:app_data_file:s0:c512,c768 tclass=dir permissive=1 app=com.dangbei.screencast
05-30 08:38:57.996 2361 2361 V GraphicsEnvironment: ANGLE Developer option for 'com.dangbei.screencast' set to: 'default'
05-30 08:38:57.996 2361 2361 V GraphicsEnvironment: Neither updatable production driver nor prerelease driver is supported.
05-30 08:38:57.997 2361 2361 D NetworkSecurityConfig: Using Network Security Config from resource network_security_config debugBuild: false
05-30 08:38:58.000 2361 2361 D NetworkSecurityConfig: Using Network Security Config from resource network_security_config debugBuild: false
05-30 08:38:58.000 2361 2361 I MultiDex: VM with version 2.1.0 has multidex support
05-30 08:38:58.000 2361 2361 I MultiDex: Installing application
05-30 08:38:58.000 2361 2361 I MultiDex: VM has multidex support, MultiDex support library is disabled.
01-01 08:00:43.189 2381 2381 W audit : audit_lost=546 audit_rate_limit=5 audit_backlog_limit=64
01-01 08:00:43.197 2381 2381 E audit : rate limit exceeded
05-30 08:38:58.068 2361 2392 I crashsdk: version unique build id: 6230cced
05-30 08:38:58.075 2361 2393 D crashsdk: Native log stat thread 2393 setup, waiting
05-30 08:38:58.077 2361 2382 I crashsdk: begin hack android.os.Process
05-30 08:38:58.078 2361 2382 I crashsdk: end hack android.os.Process
05-30 08:38:58.100 2361 2382 I Matrix.AnrTracer: anrTrace, final mAnrBeatTime:400, mAnrBeatRate:400
05-30 08:38:58.103 2361 2397 W efs.send_log: tryFileLock start!
05-30 08:38:58.107 2361 2382 E LaunchManager: Non main process !
05-30 08:38:58.107 2361 2382 W System.err: java.lang.NullPointerException: Attempt to invoke virtual method 'boolean com.efs.sdk.launch.LaunchConfigManager.enableTracer()' on a null object reference
05-30 08:38:58.108 2361 2382 W System.err: at com.umeng.umcrash.UMCrash.init(Unknown Source:403)
05-30 08:38:58.108 2361 2382 W System.err: at java.lang.reflect.Method.invoke(Native Method)
05-30 08:38:58.108 2361 2382 W System.err: at com.umeng.commonsdk.UMConfigure.init(Unknown Source:811)
05-30 08:38:58.108 2361 2382 W System.err: at b.f.f.b.a(:4)
05-30 08:38:58.109 2361 2382 W System.err: at h.o.a.run(Unknown Source:2)
05-30 08:38:58.120 2361 2361 I TDLog : setReportUncaughtExceptions: true
05-30 08:38:58.123 2361 2361 E Application: onCreate:Version:v2.8.3/20830/883432e
05-30 08:38:58.127 2361 2397 I efs.config: --->>> 删除旧的配置文件 false
05-30 08:38:58.147 2361 2410 I efs.base: lt=event`ev_ct=efs_core`ev_ac=pvuv`tm=2025-05-30 08:38:11`dn=a1a8f4c6-a220-46ab-9e41-9dec861abf07`ps=com.huawei.connection`um_os=android`stime=1748565537899`pid=2361`fr=android`pkg=com.dangbei.screencast`vcode=20830`dsp_w=1920`uid=a1a8f4c6-a220-46ab-9e41-9dec861abf07`rom=12`wid=a1a8f4c6-a220-46ab-9e41-9dec861abf07`um_app_carrier=`um_access=wifi`um_app_channel=os`um_crash_sdk_version=1.4.0`ctime=1748565538`model=dbbox-a2`lang=zh`net=wifi`brand=dangbei`dsp_h=1080`um_network_type=0`ver=v2.8.3`build_model=DBBOX-A2`w_tm=1748565538`appid=5fc60c21094d637f3130af19`um_umid_header=si904a923c36b80e250d1cd88579c59be6`sdk=31`tzone=Asia/Shanghai`sdk_ver=1.3.6.umeng
05-30 08:38:58.152 2361 2397 I efs.config: current config version (-1) is older than another (1735614866)
05-30 08:38:58.152 2361 2397 I efs.config: load config from storage and notify observer
05-30 08:38:58.154 2361 2361 D NearFieldManagerService: NearFieldManagerService.
05-30 08:38:58.154 2361 2361 D NearFieldManagerService: onCreate, enter.
05-30 08:38:58.156 2361 2361 I NearFieldManagerService: onBind, enter.
05-30 08:38:58.156 2361 2361 D NearFieldManagerService: initService
05-30 08:38:58.156 2361 2361 D NearFieldManagerService: NearField starting...
05-30 08:38:58.157 2361 2361 D NearFieldUtils: checkSystemProperty in
05-30 08:38:58.157 2361 2361 D NearFieldUtils: checkSystemProperty: systemProperties:
05-30 08:38:58.157 2361 2361 E NearFieldUtils: validProperty: priority is null
05-30 08:38:58.162 1423 1423 D NearFieldManager: service connected.
05-30 08:38:58.162 484 763 E DatabaseUtils: Writing exception to parcel
05-30 08:38:58.162 484 763 E DatabaseUtils: java.lang.SecurityException: You either need MANAGE_USERS or CREATE_USERS permission to: query user
05-30 08:38:58.162 484 763 E DatabaseUtils: at com.android.server.pm.UserManagerService.checkManageOrCreateUsersPermission(UserManagerService.java:2508)
05-30 08:38:58.162 484 763 E DatabaseUtils: at com.android.server.pm.UserManagerService.getUserInfo(UserManagerService.java:1381)
05-30 08:38:58.162 484 763 E DatabaseUtils: at android.os.UserManager.getUserInfo(UserManager.java:2602)
05-30 08:38:58.162 484 763 E DatabaseUtils: at com.android.providers.settings.SettingsProvider$SettingsRegistry.ensureSettingsForUserLocked(SettingsProvider.java:2837)
05-30 08:38:58.162 484 763 E DatabaseUtils: at com.android.providers.settings.SettingsProvider$SettingsRegistry.peekSettingsStateLocked(SettingsProvider.java:3201)
05-30 08:38:58.162 484 763 E DatabaseUtils: at com.android.providers.settings.SettingsProvider$SettingsRegistry.getSettingLocked(SettingsProvider.java:3059)
05-30 08:38:58.162 484 763 E DatabaseUtils: at com.android.providers.settings.SettingsProvider.getSsaidSettingLocked(SettingsProvider.java:1588)
05-30 08:38:58.162 484 763 E DatabaseUtils: at com.android.providers.settings.SettingsProvider.getSecureSetting(SettingsProvider.java:1561)
05-30 08:38:58.162 484 763 E DatabaseUtils: at com.android.providers.settings.SettingsProvider.call(SettingsProvider.java:423)
05-30 08:38:58.162 484 763 E DatabaseUtils: at android.content.ContentProvider.call(ContentProvider.java:2464)
05-30 08:38:58.162 484 763 E DatabaseUtils: at android.content.ContentProvider$Transport.call(ContentProvider.java:512)
05-30 08:38:58.162 484 763 E DatabaseUtils: at android.content.ContentProviderNative.onTransact(ContentProviderNative.java:295)
05-30 08:38:58.162 484 763 E DatabaseUtils: at android.os.Binder.execTransactInternal(Binder.java:1184)
05-30 08:38:58.162 484 763 E DatabaseUtils: at android.os.Binder.execTransact(Binder.java:1143)
05-30 08:38:58.164 1423 1423 D HiSight-Discovery: eventId: 4001
05-30 08:38:58.165 484 589 W ServiceManager: Permission failure: android.permission.HIGH_SAMPLING_RATE_SENSORS from uid=10030 pid=2361
05-30 08:38:58.165 1423 2360 D HiSight-Discovery: msg 4001
05-30 08:38:58.166 1423 2360 D HiSight-Discovery: bind success, status Ready
05-30 08:38:58.166 1423 2360 D HiSight-Discovery: startAdvertise 2
05-30 08:38:58.166 1423 2360 D HiSight-Discovery: stopAdvertise.
05-30 08:38:58.166 1423 2360 D HiSight-Discovery: nearFieldStartListen deviceType 46
05-30 08:38:58.167 2361 2376 I NearFieldManagerImpl: setDeviceInfo, sDeviceId changes
05-30 08:38:58.167 2361 2376 I NearFieldManagerImpl: setDeviceInfo, sDeviceName changes
05-30 08:38:58.168 2361 2376 D NearFieldManagerImpl: setServiceData, sServiceData=[], serviceData=[32]
05-30 08:38:58.168 1423 2360 E NearFieldManager: setIdnNetworkPriority: networkPortPriority is empty
05-30 08:38:58.168 1423 2360 D NearFieldManager: StartListen moduleId: CastPlusDiscoveryModule
05-30 08:38:58.168 2361 2376 D NearFieldManagerImpl: startListen: moduleId: CastPlusDiscoveryModule
05-30 08:38:58.168 2361 2376 D NearFieldUtils: getPreferredIpAddress exec
05-30 08:38:58.168 2361 2376 D NearFieldUtils: getPreferredIpAddress by custom priority
05-30 08:38:58.168 2361 2376 D NearFieldUtils: getIpByInterfaceSetting customIdnNetworkPriority:[]
05-30 08:38:58.168 2361 2376 D NearFieldUtils: getPreferredIpAddress by default priority
05-30 08:38:58.173 2361 2361 I crashsdk: Catcher mask: 5000, 20480
05-30 08:38:58.173 2361 2361 I crashsdk: Catcher thread 2366
05-30 08:38:58.173 2361 2361 D crashsdk: Register ANR handler ...
05-30 08:38:58.174 2361 2361 D NearFieldManagerImpl: onReceive action get:android.net.conn.CONNECTIVITY_CHANGE
05-30 08:38:58.175 2361 2410 W efs.info.manager: network change: wifi
05-30 08:38:58.176 2361 2361 D NearFieldUtils: getPreferredIpAddress exec
05-30 08:38:58.176 2361 2361 D NearFieldUtils: getPreferredIpAddress by custom priority
05-30 08:38:58.176 2361 2361 D NearFieldUtils: getIpByInterfaceSetting customIdnNetworkPriority:[]
05-30 08:38:58.176 2361 2361 D NearFieldUtils: getPreferredIpAddress by default priority
05-30 08:38:58.179 2361 2383 I TDLog : TalkingData SDK init...
05-30 08:38:58.179 2361 2383 I TDLog : SDK_VERSION is: Android+TD+V5.0.7 gp Type:Native Build_Num:2141
05-30 08:38:58.179 2361 2383 I TDLog : App ID is: B9D7815EC975466AB1332111FCE62DF5
05-30 08:38:58.179 2361 2383 I TDLog : App Channel is: os
05-30 08:38:58.179 2361 2383 I TDLog : App Custom is:
05-30 08:38:58.179 2361 2383 I TDLog : SDK_OVC is: TDOVC+a3bb7754719798526508b6caad480dd7+SaaS
05-30 08:38:58.193 2361 2376 D NearFieldUtils: to get wlan0 ip address
05-30 08:38:58.193 2361 2376 D NearFieldUtils: get wlan0 IP succeed.
05-30 08:38:58.193 2361 2376 D NearFieldManagerImpl: sDeviceType: 46
05-30 08:38:58.193 2361 2376 D NearFieldManagerImpl: registerDevice() is called.
05-30 08:38:58.193 2361 2376 E NearFieldManagerUtilsNative: Begin System.loadLibrary()
05-30 08:38:58.245 2361 2376 I HicomNfTimerManager: epoll fd:130 create success
05-30 08:38:58.246 2361 2376 I HicomNfTimerManager: epoll add fd:131--->130 success
05-30 08:38:58.246 2361 2376 I HicomNfTimerManager: time fd:131 add to epoll success
01-01 08:00:43.413 928 928 E sprdwl : sprdwl_rx_rsp_process ctx_id 0 recv rsp[WIFI_CMD_TX_DATA] status[SPRDWL_CMD_STATUS_ERROR]
05-30 08:38:58.271 2361 2376 D nStackXDFinder: NSTACKX_Init:[146] :nstack ctrl creat epollfd 128
05-30 08:38:58.273 2361 2376 I nStackXDFinder: InitDefaultInterfaceName:[779] :InitDefaultInterfaceName exec
05-30 08:38:58.273 2361 2376 D nStackXCoAP: CoapServerInit:[174] :CoapServerInit is called
05-30 08:38:58.274 2361 2376 E nStackXDFinder: GetLocalIp:[401] :GetLocalIp exec
05-30 08:38:58.274 2361 2376 E nStackXDFinder: GetLocalIp:[407] :GetLocalIp, ifInfo is null
05-30 08:38:58.276 2361 2376 I HicomNfMainCtrlManager: NSTACKX_RegisterDevice is called
05-30 08:38:58.276 2361 2425 I nStackXDFinder: UpdateLocalNetworkInterface:[472] :UpdateLocalNetworkInterface exec,initerfaceName:wlan0
05-30 08:38:58.276 2361 2376 D NearFieldManagerImpl: Register device success.
05-30 08:38:58.276 2361 2376 I NearFieldManagerImpl: serviceName is castPlus
05-30 08:38:58.277 2361 2376 D NearFieldManagerImpl: registerCapability() called with: capabilityBitmapNum = 1, capabilityBitmap = [8]
05-30 08:38:58.277 2361 2425 E nStackXDFinder: GetLocalIp:[401] :GetLocalIp exec
05-30 08:38:58.277 2361 2425 E nStackXDFinder: GetLocalIp:[407] :GetLocalIp, ifInfo is null
05-30 08:38:58.277 2361 2425 I nStackXDFinder: UpdateLocalNetworkInterface:[498] :UpdateLocalNetworkInterface copy ip value in default process
05-30 08:38:58.277 2361 2425 E nStackXDFinder: GetLocalIp:[401] :GetLocalIp exec
05-30 08:38:58.277 2361 2376 I HicomNf_java_to_c: registerCapability, capabilityBitmapNum: 1
05-30 08:38:58.278 2361 2425 D nStackXCoAP: CoapServerInit:[174] :CoapServerInit is called
05-30 08:38:58.278 2361 2425 E nStackXDFinder: GetLocalIp:[401] :GetLocalIp exec
05-30 08:38:58.278 2361 2376 I HicomNfMainCtrlManager: RegisterCapability: 1, 8
05-30 08:38:58.278 2361 2376 D NearFieldManagerImpl: Register capability succeed with capabilityBitmapNum = 1, capabilityBitmap = [8]
05-30 08:38:58.278 2361 2376 D NearFieldManagerImpl: registerServiceData() called with: serviceData = 32
05-30 08:38:58.278 2361 2425 I nStackXUtil: BindToDevice:[352] :BindToDevice exec
05-30 08:38:58.279 2361 2425 I nStackXUtil: GetInterfaceByPriority:[279] :GetInterfaceByPriority exec
05-30 08:38:58.279 2361 2425 I nStackXUtil: GetInterfaceByDefault:[309] :GetInterfaceByDefault exec
05-30 08:38:58.279 2361 2425 I nStackXUtil: GetInterfaceByDefault:[316] :GetInterfaceByDefault, ndevice name: lo
05-30 08:38:58.279 2361 2425 I nStackXUtil: GetInterfaceByDefault:[316] :GetInterfaceByDefault, ndevice name: wlan0
05-30 08:38:58.279 2361 2425 I nStackXUtil: BindToDevice:[374] :BindToDevice, Bind localAddr name: wlan0
05-30 08:38:58.279 2361 2425 E nStackXUtil: BindToDeviceInner:[188] :setsockopt fail, errno = 1
05-30 08:38:58.279 2361 2425 E nStackXCoAP: CoapGetContext:[250] :bind to device fail
05-30 08:38:58.279 2361 2425 D nStackXCoAP: CoapInitResources:[744] :CoapInitResources g_wlanOrEthContext update
05-30 08:38:58.279 2361 2425 I nStackXDFinder: RegisterServiceData:[728] :RegisterServiceData, serviceData=[32]
05-30 08:38:58.279 2361 2376 D NearFieldManagerImpl: registerModule() called with: packageModuleName = com.huawei.connection+CastPlusDiscoveryModule
05-30 08:38:58.280 2361 2376 I HicomNf_java_to_c: registerModule, moduleName: com.huawei.connection+CastPlusDiscoveryModule
05-30 08:38:58.280 2361 2376 I HicomNfMainCtrlManager: Enter RegisterModule
05-30 08:38:58.280 2361 2376 I HicomNfRegManager: RegisterModule OK, add module name com.huawei.connection+CastPlusDiscoveryModule
05-30 08:38:58.282 1423 2360 I Hisight-DeviceListManager: init DeviceListManager.
05-30 08:38:58.293 1423 2360 D Hisight-DeviceListManager: get old secret key
05-30 08:38:58.313 1423 2360 E Hisight-ConnectAuthCallBack: readSecureFile failed, no such file
05-30 08:38:58.313 1423 2360 W Hisight-DeviceListManager: deviceRecords is empty
05-30 08:38:58.313 1423 2360 W Hisight-DeviceListManager: occur error, clear all the list
05-30 08:38:58.314 1423 2360 D Hisight-HiChainAuthControl: start HiChainAuthControl
05-30 08:38:58.325 1423 2360 I ConnectAuthJNI: JNI_OnLoad begin load
05-30 08:38:58.325 1423 2360 I ConnectAuthJNI: RegisterNativeMethod begin
05-30 08:38:58.326 1423 2360 I ConnectAuthJNI: RegisterNativeMethod end
05-30 08:38:58.326 1423 2360 I ConnectAuthJNI: RegisterNativeMethod 1004 methodLen=10
05-30 08:38:58.326 1423 2360 I ConnectAuthJNI: RegisterNativeMethod 1007 RegisterNatives=0
05-30 08:38:58.326 1423 2360 I ConnectAuthJNI: InitArraylist 1013
05-30 08:38:58.326 1423 2360 I ConnectAuthJNI: InitConnectAuthStaticJNIMethod 1114 methodRet=0
05-30 08:38:58.326 1423 2360 E ConnectAuthJNI: JNI_OnLoad finish....1138
05-30 08:38:58.326 1423 2360 D Hisight-HiChainAuthControl: setupAuthIfNeeded, HiChainInstance hasn't been initialized
05-30 08:38:58.326 1423 2360 I ConnectAuthJNI: Java_com_huawei_hisight_security_ConnectAuthNative_nativeSetup 795 call HiChainNativeSetup
05-30 08:38:58.327 1423 2360 I ConnectAuthJNI: HiChainNativeSetup 565 registe_log
05-30 08:38:58.327 1423 2360 I ConnectAuthJNI: HksStorageRegisterFileCallbacks 245 register hks file callback status =0
05-30 08:38:58.327 1423 2360 I ConnectAuthJNI: HksRegisterGetDeviceIdCallback 268 register hks get hardware udid callback status =0
05-30 08:38:58.328 1423 2360 D ConnectAuthJNI: [HiChain] get_instance Begin get instance
05-30 08:38:58.328 1423 2360 I ConnectAuthJNI: [HKS] hks_service_key_info_init hks init : begin
05-30 08:38:58.328 1423 2360 I ConnectAuthJNI: FileRead 113 FileRead
05-30 08:38:58.328 1423 2360 I ConnectAuthJNI: FileRead 122 FileRead call readSecureFile begin
05-30 08:38:58.329 1423 2360 E Hisight-ConnectAuthCallBack: readSecureFile failed, no such file
05-30 08:38:58.329 1423 2360 W ConnectAuthJNI: FileRead 132 FileRead call readSecureFile byteArray is null
05-30 08:38:58.329 2361 2361 D NearFieldUtils: to get wlan0 ip address
05-30 08:38:58.329 2361 2361 D NearFieldUtils: get wlan0 IP succeed.
05-30 08:38:58.329 2361 2361 E NearFieldManagerImpl: notifyByPriority: interfaceNameInUse is null
05-30 08:38:58.329 2361 2361 D NearFieldManagerImpl: handleConnectivityAction: notified by default
05-30 08:38:58.330 1423 2360 I ConnectAuthJNI: [HKS] hks_rkc_init RKC init:begin, is_key_info_exist=0
05-30 08:38:58.330 1423 2360 I ConnectAuthJNI: [HKS] hks_rkc_init_entropy the entropy is empty
05-30 08:38:58.330 1423 2360 I ConnectAuthJNI: FileSize 214 FileSize
05-30 08:38:58.330 1423 2360 I ConnectAuthJNI: FileSize 230 fileSize=258
05-30 08:38:58.330 1423 2360 I ConnectAuthJNI: FileRead 113 FileRead
05-30 08:38:58.330 1423 2360 I ConnectAuthJNI: FileRead 122 FileRead call readSecureFile begin
05-30 08:38:58.335 1423 2360 I ConnectAuthJNI: FileRead 135 FileRead call readSecureFile end
05-30 08:38:58.335 1423 2360 I ConnectAuthJNI: FileRead 150 fileBuff size 258, buf len 258
05-30 08:38:58.335 1423 2360 I ConnectAuthJNI: FileSize 214 FileSize
05-30 08:38:58.336 1423 2360 I ConnectAuthJNI: FileSize 230 fileSize=258
05-30 08:38:58.336 1423 2360 I ConnectAuthJNI: FileRead 113 FileRead
05-30 08:38:58.336 1423 2360 I ConnectAuthJNI: FileRead 122 FileRead call readSecureFile begin
05-30 08:38:58.337 1423 2360 I ConnectAuthJNI: FileRead 135 FileRead call readSecureFile end
05-30 08:38:58.337 1423 2360 I ConnectAuthJNI: FileRead 150 fileBuff size 258, buf len 258
05-30 08:38:58.349 1423 2360 I ConnectAuthJNI: [HKS] hks_rkc_load_ksf load ksf success
05-30 08:38:58.349 1423 2360 I ConnectAuthJNI: [HKS] hks_rkc_init root key component init success
05-30 08:38:58.349 1423 2360 I ConnectAuthJNI: [HKS] hks_rkc_init RKC init:end,rc=0
05-30 08:38:58.349 1423 2360 I ConnectAuthJNI: [HKS] hks_service_key_info_init hks init : end
05-30 08:38:58.349 1423 2360 I ConnectAuthJNI: GetHiChainProtocolParamsCallback 371 GetHiChainProtocolParamsCallback operation_code= 99
05-30 08:38:58.349 1423 2360 I ConnectAuthJNI: paramLen is ,=0
05-30 08:38:58.349 1423 2360 I ConnectAuthJNI: paramLen is ,=0
05-30 08:38:58.349 1423 2360 I ConnectAuthJNI: GetHiChainProtocolParamsCallback 402 GetHiChainProtocolParamsCallback end
05-30 08:38:58.349 1423 2360 I ConnectAuthJNI: [HiChain] get_instance Get instance success
05-30 08:38:58.349 1423 2360 I ConnectAuthJNI: Java_com_huawei_hisight_security_ConnectAuthNative_nativeGetHiChainInstance 598 get instance success
05-30 08:38:58.349 1423 2360 D Hisight-HiChainAuthControl: destroyAuth
05-30 08:38:58.349 1423 2360 I ConnectAuthJNI: Java_com_huawei_hisight_security_ConnectAuthNative_nativeDestroy 603 destroy
05-30 08:38:58.349 1423 2360 D Hisight-HiChainAuthControl: setupAuthIfNeeded, HiChainInstance hasn't been initialized
05-30 08:38:58.349 1423 2360 I ConnectAuthJNI: Java_com_huawei_hisight_security_ConnectAuthNative_nativeSetup 795 call HiChainNativeSetup
05-30 08:38:58.349 1423 2360 I ConnectAuthJNI: HiChainNativeSetup 565 registe_log
05-30 08:38:58.349 1423 2360 I ConnectAuthJNI: HksStorageRegisterFileCallbacks 245 register hks file callback status =0
05-30 08:38:58.349 1423 2360 I ConnectAuthJNI: HksRegisterGetDeviceIdCallback 268 register hks get hardware udid callback status =0
05-30 08:38:58.356 1423 2360 D ConnectAuthJNI: [HiChain] get_instance Begin get instance
05-30 08:38:58.356 1423 2360 I ConnectAuthJNI: [HKS] hks_service_key_info_init hks init : begin
05-30 08:38:58.356 1423 2360 I ConnectAuthJNI: [HKS] hks_service_key_info_init hks init : end
05-30 08:38:58.356 1423 2360 I ConnectAuthJNI: GetHiChainProtocolParamsCallback 371 GetHiChainProtocolParamsCallback operation_code= 99
05-30 08:38:58.356 1423 2360 I ConnectAuthJNI: paramLen is ,=0
05-30 08:38:58.356 1423 2360 I ConnectAuthJNI: paramLen is ,=0
05-30 08:38:58.356 1423 2360 I ConnectAuthJNI: GetHiChainProtocolParamsCallback 402 GetHiChainProtocolParamsCallback end
05-30 08:38:58.356 1423 2360 I ConnectAuthJNI: [HiChain] get_instance Get instance success
05-30 08:38:58.356 1423 2360 I ConnectAuthJNI: Java_com_huawei_hisight_security_ConnectAuthNative_nativeGetHiChainInstance 598 get instance success
05-30 08:38:58.356 1423 2360 W ConnectAuthJNI: GetListTrustPeers 899 trustPeerSize=0
05-30 08:38:58.356 1423 2360 D Hisight-HiChainAuthControl: destroyAuth
05-30 08:38:58.356 1423 2360 I ConnectAuthJNI: Java_com_huawei_hisight_security_ConnectAuthNative_nativeDestroy 603 destroy
05-30 08:38:58.356 1423 2360 D Hisight-HiChainAuthControl: setupAuthIfNeeded, HiChainInstance hasn't been initialized
05-30 08:38:58.356 1423 2360 I ConnectAuthJNI: Java_com_huawei_hisight_security_ConnectAuthNative_nativeSetup 795 call HiChainNativeSetup
05-30 08:38:58.356 1423 2360 I ConnectAuthJNI: HiChainNativeSetup 565 registe_log
05-30 08:38:58.356 1423 2360 I ConnectAuthJNI: HksStorageRegisterFileCallbacks 245 register hks file callback status =0
05-30 08:38:58.356 1423 2360 I ConnectAuthJNI: HksRegisterGetDeviceIdCallback 268 register hks get hardware udid callback status =0
05-30 08:38:58.356 1423 2360 D ConnectAuthJNI: [HiChain] get_instance Begin get instance
05-30 08:38:58.356 1423 2360 I ConnectAuthJNI: [HKS] hks_service_key_info_init hks init : begin
05-30 08:38:58.356 1423 2360 I ConnectAuthJNI: [HKS] hks_service_key_info_init hks init : end
05-30 08:38:58.356 1423 2360 I ConnectAuthJNI: GetHiChainProtocolParamsCallback 371 GetHiChainProtocolParamsCallback operation_code= 99
05-30 08:38:58.356 1423 2360 I ConnectAuthJNI: paramLen is ,=0
05-30 08:38:58.356 1423 2360 I ConnectAuthJNI: paramLen is ,=0
05-30 08:38:58.357 1423 2360 I ConnectAuthJNI: GetHiChainProtocolParamsCallback 402 GetHiChainProtocolParamsCallback end
05-30 08:38:58.357 1423 2360 I ConnectAuthJNI: [HiChain] get_instance Get instance success
05-30 08:38:58.357 1423 2360 I ConnectAuthJNI: Java_com_huawei_hisight_security_ConnectAuthNative_nativeGetHiChainInstance 598 get instance success
05-30 08:38:58.357 1423 2360 W ConnectAuthJNI: GetListTrustPeers 899 trustPeerSize=0
05-30 08:38:58.360 1423 2360 D Hisight-DeviceListManager: init trusted list size: 0
05-30 08:38:58.361 484 532 W IorapForwardingService: No service published for: iorapd
05-30 08:38:58.362 2361 2361 D NearFieldUtils: to get wlan0 ip address
05-30 08:38:58.362 2361 2361 D NearFieldUtils: get wlan0 IP succeed.
05-30 08:38:58.362 2361 2361 I NearFieldManagerImpl: wlan Connected
05-30 08:38:58.363 2361 2361 I HicomNf_java_to_c: notifyNetworkStateChanged with maskStr, networkType: 0, networkState: 0, mask:
05-30 08:38:58.363 2361 2361 I HicomNfMainCtrlManager: NotifyNetworkStateChanged is called with networkState: 0
05-30 08:38:58.363 2361 2361 I HicomNfMainCtrlManager: P2P and USB are both disconnected
05-30 08:38:58.363 2361 2361 I HicomNfSecureManager: stop listening
05-30 08:38:58.363 2361 2361 I HicomNfSecureManager: StopListening, m_sessionInfoLock out, before calling NSTACKX_DMsgClose 2
05-30 08:38:58.363 2361 2361 I HicomNfSecureManager: StopListening, after calling NSTACKX_DMsgClose 2
05-30 08:38:58.367 1423 2360 D HiSight-ConnectionManager: setAuthInfo, authMode: 1
05-30 08:38:58.390 2361 2361 I HicomNf_java_to_c: notifyNetworkStateChanged with maskStr, networkType: 0, networkState: 1, mask: 255.255.254.0
05-30 08:38:58.390 2361 2361 I HicomNfMainCtrlManager: NotifyNetworkStateChanged is called with networkState: 1
05-30 08:38:58.390 2361 2361 I HicomNfSecureManager: StartListening, before calling NSTACKX_DMsgServer
05-30 08:38:58.390 2361 2361 I nStackXDMsg: NSTACKX_DMsgServer:[1335] :msgReceiver is not NULL
05-30 08:38:58.391 2361 2361 D nStackXDMsg: StartDMsgMainThread:[1274] :pthread_create
05-30 08:38:58.391 2361 2361 I HicomNfSecureManager: StartListening, after calling NSTACKX_DMsgServer
05-30 08:38:58.391 2361 2361 I HicomNfSecureManager: OnehopSecureCtrlManager: succeeded to StartListening with type 0
05-30 08:38:58.460 766 776 I rkstack.proces: Background young concurrent copying GC freed 66970(2546KB) AllocSpace objects, 2(120KB) LOS objects, 14% free, 5154KB/6008KB, paused 94us total 109.546ms
05-30 08:38:58.588 2361 2361 I ZIDThreadPoolEx: type=1400 audit(0.0:1041): avc: denied { remove_name } for name="umzid_general_config.xml" dev="mmcblk0p25" ino=33428 scontext=u:r:platform_app:s0:c512,c768 tcontext=u:object_r:app_data_file:s0:c512,c768 tclass=dir permissive=1 app=com.dangbei.screencast
05-30 08:38:58.588 2361 2361 I ZIDThreadPoolEx: type=1400 audit(0.0:1042): avc: denied { rename } for name="umzid_general_config.xml" dev="mmcblk0p25" ino=33428 scontext=u:r:platform_app:s0:c512,c768 tcontext=u:object_r:app_data_file:s0:c512,c768 tclass=file permissive=1 app=com.dangbei.screencast
05-30 08:38:58.596 2361 2361 I ZIDThreadPoolEx: type=1400 audit(0.0:1043): avc: denied { setattr } for name="umzid_general_config.xml" dev="mmcblk0p25" ino=33685 scontext=u:r:platform_app:s0:c512,c768 tcontext=u:object_r:app_data_file:s0:c512,c768 tclass=file permissive=1 app=com.dangbei.screencast
05-30 08:38:58.596 2361 2361 I ZIDThreadPoolEx: type=1400 audit(0.0:1044): avc: denied { unlink } for name="umzid_general_config.xml.bak" dev="mmcblk0p25" ino=33428 scontext=u:r:platform_app:s0:c512,c768 tcontext=u:object_r:app_data_file:s0:c512,c768 tclass=file permissive=1 app=com.dangbei.screencast
05-30 08:38:58.868 1423 2317 E raop : JavaCallback init
01-01 08:00:44.357 1 1 I init : processing action (debug.launcher3.exit=1) from (/vendor/etc/init/init.scheduler.rc:1)
05-30 08:38:59.363 484 532 W IorapForwardingService: No service published for: iorapd
05-30 08:39:00.084 1092 1106 I OpenGLRenderer: Davey! duration=9223371993849ms; Flags=0, FrameTimelineVsyncId=1124, IntendedVsync=43004774579, Vsync=43004774579, InputEventId=0, HandleInputStart=43005212311, AnimationStart=43005215103, PerformTraversalsStart=43005491603, DrawStart=43006027603, FrameDeadline=43021441245, FrameInterval=43005207769, FrameStartTime=16666666, SyncQueued=43006813853, SyncStart=43007123603, IssueDrawCommandsStart=43007923436, SwapBuffers=43016087269, FrameCompleted=9223372036854775807, DequeueBufferDuration=75750, QueueBufferDuration=2191791, GpuCompleted=9223372036854775807, SwapBuffersCompleted=43019646603, DisplayPresentTime=0,
05-30 08:39:00.366 484 532 W IorapForwardingService: No service published for: iorapd
05-30 08:39:00.545 667 667 E WifiHAL : wifi_get_link_stats: requestResponse Error:-5
05-30 08:39:00.546 484 620 E WifiVendorHal: getWifiLinkLayerStats_1_5_Internal(l.1191) failed {.code = ERROR_INVALID_ARGS, .description = }
05-30 08:39:00.907 1423 2432 I PlatformDependent: Your platform does not provide complete low-level API for accessing direct buffers reliably. Unless explicitly requested, heap buffer will always be preferred to avoid potential system instability.
05-30 08:39:00.929 1423 2317 W VideoCapabilities: Unrecognized profile/level 0/3 for video/mpeg2
05-30 08:39:00.936 2361 2425 D nStackXCoAP: IsInSameNetwork:[276] :IsInSameNetwork exec
05-30 08:39:00.936 2361 2425 I nStackXDFinder: GetLocalInterfaceDetail:[461] :GetLocalInterfaceDetail in
05-30 08:39:00.936 2361 2425 E nStackXCoAP: IsInSameNetwork:[281] :IsInSameNetwork: not priority process
05-30 08:39:00.936 2361 2425 D nStackXCoAP: ParseServiceDiscover:[330] :new device join
05-30 08:39:00.937 2361 2425 I nStackXDFinder: NotifyDeviceListChanged:[540] :notify callback: device list changed callback is null
05-30 08:39:00.937 2361 2425 E nStackXDFinder: GetLocalIp:[401] :GetLocalIp exec
05-30 08:39:00.947 484 630 D NsdService: Register service
05-30 08:39:00.947 484 630 D NsdService: registerService: 3 name: 当贝投屏D5, type: _airplay._tcp, host: null, port: 35599, txtRecord: srcvers=220.68features=0x527FFFF7,0x1E'pi=2e388006-13ba-4041-9a67-25dd4a43d536Cpk=b07727d6f6cd6e08b58ede525ec3cdeaa252ad9f683feb212ef8a205246554e7vv=2 flags=0x4model=AppleTV2,1deviceid=b4:2f:03:16:18:c0
05-30 08:39:00.947 484 630 D NsdService: mdnssd [register, 3, 当贝投屏D5, _airplay._tcp, 35599, DnNyY3ZlcnM9MjIwLjY4GGZlYXR1cmVzPTB4NTI3RkZGRjcsMHgxRSdwaT0yZTM4ODAwNi0xM2JhLTQwNDEtOWE2Ny0yNWRkNGE0M2Q1MzZDcGs9YjA3NzI3ZDZmNmNkNmUwOGI1OGVkZTUyNWVjM2NkZWFhMjUyYWQ5ZjY4M2ZlYjIxMmVmOGEyMDUyNDY1NTRlNwR2dj0yCWZsYWdzPTB4NBBtb2RlbD1BcHBsZVRWMiwxGmRldmljZWlkPWI0OjJmOjAzOjE2OjE4OmMw]
05-30 08:39:00.948 254 300 D MDnsDS : serviceRegister(3, (null), 当贝投屏D5, _airplay._tcp, (null), (null), 35599, 207, )
05-30 08:39:00.949 254 300 D MDnsDS : startMonitoring 3
05-30 08:39:00.949 254 300 D MDnsDS : triggering rescan
05-30 08:39:00.949 254 300 D MDnsDS : serviceRegister successful
05-30 08:39:00.949 254 299 D MDnsDS : Monitor poll got data pollCount = 2, 1
05-30 08:39:00.949 254 299 D MDnsDS : controlSocket shows revent= 1
05-30 08:39:00.949 254 299 D MDnsDS : MDnsSdListener::Monitor got 1
05-30 08:39:00.949 254 299 D MDnsDS : MDnsSdListener::Monitor poll rescanning - size=10, live=2
05-30 08:39:00.949 254 299 D MDnsDS : Going to poll with pollCount 3
05-30 08:39:00.952 484 630 D NsdService: Register 2 3
05-30 08:39:00.952 2361 2425 D nStackXCoAP: CoapMessageHandler:[133] :2.01
05-30 08:39:00.957 484 630 D NsdService: Register service
05-30 08:39:00.958 484 630 D NsdService: registerService: 4 name: b42f031618c0@当贝投屏D5, type: _raop._tcp, host: null, port: 36999, txtRecord: txtvers=1 am=AppleTV2,1ch=2
05-30 08:39:00.958 484 630 D NsdService: cn=0,1,2,3da=trueet=0,3,5ft=0x527FFFF7,0x1Emd=0,1,2Cpk=b07727d6f6cd6e08b58ede525ec3cdeaa252ad9f683feb212ef8a205246554e7pw=falsesf=0x4sr=44100ss=16sv=falsetp=UDPvn=65537 vs=220.68vv=2 rhd=5.6.0.0
05-30 08:39:00.958 484 630 D NsdService: mdnssd [register, 4, b42f031618c0@当贝投屏D5, _raop._tcp, 36999, CXR4dHZlcnM9MQ1hbT1BcHBsZVRWMiwxBGNoPTIKY249MCwxLDIsMwdkYT10cnVlCGV0PTAsMyw1EmZ0PTB4NTI3RkZGRjcsMHgxRQhtZD0wLDEsMkNwaz1iMDc3MjdkNmY2Y2Q2ZTA4YjU4ZWRlNTI1ZWMzY2RlYWEyNTJhZDlmNjgzZmViMjEyZWY4YTIwNTI0NjU1NGU3CHB3PWZhbHNlBnNmPTB4NAhzcj00NDEwMAVzcz0xNghzdj1mYWxzZQZ0cD1VRFAIdm49NjU1MzcJdnM9MjIwLjY4BHZ2PTILcmhkPTUuNi4wLjA=]
05-30 08:39:00.958 254 300 D MDnsDS : serviceRegister(4, (null), b42f031618c0@当贝投屏D5, _raop._tcp, (null), (null), 36999, 236, )
05-30 08:39:00.959 254 300 D MDnsDS : startMonitoring 4
05-30 08:39:00.959 254 300 D MDnsDS : triggering rescan
05-30 08:39:00.959 254 300 D MDnsDS : serviceRegister successful
05-30 08:39:00.959 254 299 D MDnsDS : Monitor poll got data pollCount = 3, 1
05-30 08:39:00.959 254 299 D MDnsDS : controlSocket shows revent= 1
05-30 08:39:00.960 254 299 D MDnsDS : MDnsSdListener::Monitor got 1
05-30 08:39:00.960 254 299 D MDnsDS : MDnsSdListener::Monitor poll rescanning - size=10, live=3
05-30 08:39:00.960 254 299 D MDnsDS : Going to poll with pollCount 4
05-30 08:39:00.963 484 630 D NsdService: Register 3 4
05-30 08:39:00.948 1423 1423 W Thread-17: type=1400 audit(0.0:1045): avc: granted { read } for name="somaxconn" dev="proc" ino=25759 scontext=u:r:platform_app:s0:c512,c768 tcontext=u:object_r:proc_net:s0 tclass=file app=com.dangbei.screencast
05-30 08:39:00.948 1423 1423 W Thread-17: type=1400 audit(0.0:1046): avc: granted { read open } for path="/proc/sys/net/core/somaxconn" dev="proc" ino=25759 scontext=u:r:platform_app:s0:c512,c768 tcontext=u:object_r:proc_net:s0 tclass=file app=com.dangbei.screencast
05-30 08:39:00.976 1423 1423 W Thread-17: type=1400 audit(0.0:1047): avc: granted { getattr } for path="/proc/sys/net/core/somaxconn" dev="proc" ino=25759 scontext=u:r:platform_app:s0:c512,c768 tcontext=u:object_r:proc_net:s0 tclass=file app=com.dangbei.screencast
05-30 08:39:00.976 1423 1423 W Thread-17: type=1400 audit(0.0:1048): avc: granted { getattr } for path="/proc/sys/net/core/somaxconn" dev="proc" ino=25759 scontext=u:r:platform_app:s0:c512,c768 tcontext=u:object_r:proc_net:s0 tclass=file app=com.dangbei.screencast
05-30 08:39:01.069 2361 2425 D nStackXCoAP: IsInSameNetwork:[276] :IsInSameNetwork exec
05-30 08:39:01.069 2361 2425 I nStackXDFinder: GetLocalInterfaceDetail:[461] :GetLocalInterfaceDetail in
05-30 08:39:01.069 2361 2425 E nStackXCoAP: IsInSameNetwork:[281] :IsInSameNetwork: not priority process
05-30 08:39:01.069 2361 2425 D nStackXCoAP: ParseServiceDiscover:[330] :new device join
05-30 08:39:01.069 2361 2425 E nStackXDFinder: GetLocalIp:[401] :GetLocalIp exec
01-01 08:00:46.253 1611 1611 W audit : audit_lost=563 audit_rate_limit=5 audit_backlog_limit=64
05-30 08:39:01.028 2433 2433 I sh : type=1400 audit(0.0:1049): avc: denied { getattr } for path="/system/xbin/su" dev="dm-2" ino=3480 scontext=u:r:platform_app:s0:c512,c768 tcontext=u:object_r:su_exec:s0 tclass=file permissive=1
05-30 08:39:01.072 1423 1611 I crashsdk: crashsdk uploading logs
05-30 08:39:01.086 1423 1432 I gbei.screencas: Background young concurrent copying GC freed 33758(2755KB) AllocSpace objects, 0(0B) LOS objects, 30% free, 5497KB/7855KB, paused 306us total 139.756ms
01-01 08:00:46.282 1611 1611 E audit : rate limit exceeded
05-30 08:39:01.032 2433 2433 I sh : type=1400 audit(0.0:1050): avc: denied { execute } for name="su" dev="dm-2" ino=3480 scontext=u:r:platform_app:s0:c512,c768 tcontext=u:object_r:su_exec:s0 tclass=file permissive=1
05-30 08:39:01.125 2361 2425 D nStackXCoAP: CoapMessageHandler:[133] :2.01
05-30 08:39:01.197 484 484 W NotificationHistory: Attempted to add notif for locked/gone/disabled user 0
05-30 08:39:01.201 689 689 V TvNotificationHandler: Notification not added because it isn't relevant for tv
05-30 08:39:01.242 2361 2425 D nStackXCoAP: IsInSameNetwork:[276] :IsInSameNetwork exec
05-30 08:39:01.242 2361 2425 I nStackXDFinder: GetLocalInterfaceDetail:[461] :GetLocalInterfaceDetail in
05-30 08:39:01.242 2361 2425 E nStackXCoAP: IsInSameNetwork:[281] :IsInSameNetwork: not priority process
05-30 08:39:01.242 2361 2425 D nStackXCoAP: ParseServiceDiscover:[330] :new device join
05-30 08:39:01.242 2361 2425 E nStackXDFinder: GetLocalIp:[401] :GetLocalIp exec
05-30 08:39:01.262 2361 2425 D nStackXCoAP: CoapMessageHandler:[133] :2.01
05-30 08:39:01.368 484 532 W IorapForwardingService: No service published for: iorapd
05-30 08:39:01.398 484 630 D NsdService: Register service
05-30 08:39:01.398 484 630 D NsdService: registerService: 5 name: 当贝投屏D5, type: _db_cast_screen._tcp, host: null, port: 43635, txtRecord: au=1cV=20830mV=100h265=0maxR=4096-3152model=DBBOX-A2deviceid=20:02:FE:19:C1:FD
05-30 08:39:01.398 484 630 D NsdService: mdnssd [register, 5, 当贝投屏D5, _db_cast_screen._tcp, 43635, BGF1PTEIY1Y9MjA4MzAGbVY9MTAwBmgyNjU9MA5tYXhSPTQwOTYtMzE1Mg5tb2RlbD1EQkJPWC1BMhpkZXZpY2VpZD0yMDowMjpGRToxOTpDMTpGRA==]
05-30 08:39:01.399 254 300 D MDnsDS : serviceRegister(5, (null), 当贝投屏D5, _db_cast_screen._tcp, (null), (null), 43635, 85, )
05-30 08:39:01.400 254 300 D MDnsDS : startMonitoring 5
05-30 08:39:01.400 254 300 D MDnsDS : triggering rescan
05-30 08:39:01.400 254 300 D MDnsDS : serviceRegister successful
05-30 08:39:01.400 254 299 D MDnsDS : Monitor poll got data pollCount = 4, 1
05-30 08:39:01.400 254 299 D MDnsDS : controlSocket shows revent= 1
05-30 08:39:01.400 254 299 D MDnsDS : MDnsSdListener::Monitor got 1
05-30 08:39:01.400 254 299 D MDnsDS : MDnsSdListener::Monitor poll rescanning - size=10, live=4
05-30 08:39:01.400 254 299 D MDnsDS : Going to poll with pollCount 5
05-30 08:39:01.401 484 630 D NsdService: Register 4 5
05-30 08:39:01.456 2361 2425 D nStackXCoAP: IsInSameNetwork:[276] :IsInSameNetwork exec
05-30 08:39:01.456 2361 2425 I nStackXDFinder: GetLocalInterfaceDetail:[461] :GetLocalInterfaceDetail in
05-30 08:39:01.456 2361 2425 E nStackXCoAP: IsInSameNetwork:[281] :IsInSameNetwork: not priority process
05-30 08:39:01.456 2361 2425 D nStackXCoAP: ParseServiceDiscover:[330] :new device join
05-30 08:39:01.456 2361 2425 E nStackXDFinder: GetLocalIp:[401] :GetLocalIp exec
05-30 08:39:01.473 2361 2425 D nStackXCoAP: CoapMessageHandler:[133] :2.01
05-30 08:39:01.527 2135 2173 D UtilLog : 日志批量上报 进行正常循环 !!!!!!本次有0次请求,共0条数据
05-30 08:39:01.669 254 299 D MDnsDS : Monitor poll got data pollCount = 5, 2
05-30 08:39:01.669 254 299 D MDnsDS : Monitor found [2].revents = 1 - calling ProcessResults
05-30 08:39:01.669 254 299 D MDnsDS : register succeeded for 4 as b42f031618c0@当贝投屏D5
05-30 08:39:01.669 254 299 D MDnsDS : Monitor found [3].revents = 1 - calling ProcessResults
05-30 08:39:01.669 254 299 D MDnsDS : register succeeded for 3 as 当贝投屏D5
05-30 08:39:01.669 254 299 D MDnsDS : controlSocket shows revent= 0
05-30 08:39:01.669 254 299 D MDnsDS : Going to poll with pollCount 5
05-30 08:39:01.671 484 630 D NsdService: Native daemon message SERVICE_REGISTERED: 606 4 "b42f031618c0@当贝投屏D5"
05-30 08:39:01.671 484 630 D NsdService: Native daemon message SERVICE_REGISTERED: 606 3 "当贝投屏D5"
05-30 08:39:01.675 2135 2201 D UtilLog : 日志批量上报 进行正常循环 !!!!!!本次有0次请求,共0条数据
05-30 08:39:01.743 1189 1189 D bbb : onStartCommand begin !!!!!!! data分区剩余 24608MB
05-30 08:39:01.745 1133 1133 D aaa : LedStatusService onStartCommand begin
05-30 08:39:01.756 1133 2447 D aaa : topPkg is -------------- :com.dangbei.leard.leradlauncher
05-30 08:39:01.759 1133 2447 D aaa : WiFi is connect
05-30 08:39:01.827 484 765 D SntpClient: request time failed: java.net.SocketTimeoutException: Poll timed out
05-30 08:39:01.882 1423 2320 E accept : myIp:192.168.3.141
05-30 08:39:01.886 1423 2320 E accept : connect error
05-30 08:39:01.891 1423 2320 I UpnpServiceImpl: >>> Starting UPnP service...
05-30 08:39:01.891 1423 2320 I UpnpServiceImpl: Using configuration: org.fourthline.cling.android.AndroidUpnpServiceConfiguration
05-30 08:39:01.894 1423 2320 I Router : Creating Router: org.fourthline.cling.android.AndroidRouter
05-30 08:39:01.896 1423 2320 W Router : enable lock:org.fourthline.cling.android.AndroidRouter@e013709_java.util.concurrent.locks.ReentrantReadWriteLock$WriteLock@f3f5d0e[Unlocked]
05-30 08:39:01.908 1423 2320 W tworkAddressFactoryImpl: Network interface may not be multicast capable: dummy0
05-30 08:39:01.912 1423 2320 I MulticastReceiver: Creating wildcard socket (for receiving multicast datagrams) on port: 1900
05-30 08:39:01.913 1423 2320 I MulticastReceiver: Joining multicast group: /239.255.255.250:1900 on network interface: wlan0
05-30 08:39:01.920 254 299 D MDnsDS : Monitor poll got data pollCount = 5, 1
05-30 08:39:01.920 254 299 D MDnsDS : Monitor found [1].revents = 1 - calling ProcessResults
05-30 08:39:01.920 254 299 D MDnsDS : register succeeded for 5 as 当贝投屏D5
05-30 08:39:01.920 254 299 D MDnsDS : controlSocket shows revent= 0
05-30 08:39:01.920 254 299 D MDnsDS : Going to poll with pollCount 5
05-30 08:39:01.921 484 630 D NsdService: Native daemon message SERVICE_REGISTERED: 606 5 "当贝投屏D5"
05-30 08:39:01.937 1423 2320 E accept : Adding connector try: 192.168.3.141/192.168.3.141:45791
05-30 08:39:01.942 1423 2320 E accept : Adding connector result: 192.168.3.141/192.168.3.141:45791
05-30 08:39:02.053 1423 2320 I JettyServletContainer: Registering UPnP servlet under context path: /upnp
05-30 08:39:02.058 1423 2320 I DatagramIO: Creating bound socket (for datagram input/output) on: 192.168.3.141/192.168.3.141
05-30 08:39:02.059 1423 2450 E JettyServletContainer: gogogo
05-30 08:39:02.060 1423 2450 I JettyServletContainer: Starting Jetty server...
05-30 08:39:02.065 1423 2450 W System.err: 2025-05-30 08:39:02.060:INFO:lcaf.p:jetty-8.y.z-SNAPSHOT
05-30 08:39:02.068 1423 2320 I Router : WiFi multicast lock acquired
05-30 08:39:02.070 484 2427 I WifiService: acquireMulticastLock uid=10030
05-30 08:39:02.070 2361 2425 D nStackXCoAP: IsInSameNetwork:[276] :IsInSameNetwork exec
05-30 08:39:02.071 2361 2425 I nStackXDFinder: GetLocalInterfaceDetail:[461] :GetLocalInterfaceDetail in
05-30 08:39:02.071 2361 2425 E nStackXCoAP: IsInSameNetwork:[281] :IsInSameNetwork: not priority process
05-30 08:39:02.071 2361 2425 D nStackXCoAP: ParseServiceDiscover:[330] :new device join
05-30 08:39:02.071 2361 2425 E nStackXDFinder: GetLocalIp:[401] :GetLocalIp exec
05-30 08:39:02.080 1423 2320 I Router : WiFi lock acquired
05-30 08:39:02.081 484 2427 I WifiService: acquireWifiLock uid=10030 lockMode=3
05-30 08:39:02.085 1423 2320 W Router : enable unlock:org.fourthline.cling.android.AndroidRouter@e013709
05-30 08:39:02.086 1423 2320 I UpnpServiceImpl: <<< UPnP service started successfully
05-30 08:39:02.112 2361 2425 D nStackXCoAP: CoapMessageHandler:[133] :2.01
05-30 08:39:02.138 1423 2450 W System.err: 2025-05-30 08:39:02.138:INFO:lcaf.a:Started @192.168.3.141:45791
05-30 08:39:02.177 1423 1432 I gbei.screencas: Background concurrent copying GC freed 37068(1862KB) AllocSpace objects, 32(1520KB) LOS objects, 49% free, 6518KB/12MB, paused 410us total 132.402ms
05-30 08:39:02.198 1423 2320 E g : channel :os
05-30 08:39:02.370 484 532 W IorapForwardingService: No service published for: iorapd
05-30 08:39:02.487 2361 2425 D nStackXCoAP: IsInSameNetwork:[276] :IsInSameNetwork exec
05-30 08:39:02.487 2361 2425 I nStackXDFinder: GetLocalInterfaceDetail:[461] :GetLocalInterfaceDetail in
05-30 08:39:02.487 2361 2425 E nStackXCoAP: IsInSameNetwork:[281] :IsInSameNetwork: not priority process
05-30 08:39:02.487 2361 2425 D nStackXCoAP: ParseServiceDiscover:[330] :new device join
05-30 08:39:02.487 2361 2425 E nStackXDFinder: GetLocalIp:[401] :GetLocalIp exec
05-30 08:39:02.505 2361 2425 D nStackXCoAP: CoapMessageHandler:[133] :2.01
05-30 08:39:02.984 2361 2425 D nStackXCoAP: IsInSameNetwork:[276] :IsInSameNetwork exec
05-30 08:39:02.984 2361 2425 I nStackXDFinder: GetLocalInterfaceDetail:[461] :GetLocalInterfaceDetail in
05-30 08:39:02.984 2361 2425 E nStackXCoAP: IsInSameNetwork:[281] :IsInSameNetwork: not priority process
05-30 08:39:02.984 2361 2425 D nStackXCoAP: ParseServiceDiscover:[330] :new device join
05-30 08:39:02.984 2361 2425 E nStackXDFinder: GetLocalIp:[401] :GetLocalIp exec
05-30 08:39:03.021 2361 2425 D nStackXCoAP: CoapMessageHandler:[133] :2.01
05-30 08:39:03.025 484 484 W NotificationHistory: Attempted to add notif for locked/gone/disabled user 0
05-30 08:39:03.028 689 689 V TvNotificationHandler: Notification not added because it isn't relevant for tv
05-30 08:39:03.084 1092 1476 I OpenGLRenderer: Davey! duration=9223371990849ms; Flags=0, FrameTimelineVsyncId=1223, IntendedVsync=46004751673, Vsync=46004751673, InputEventId=0, HandleInputStart=46005214604, AnimationStart=46005217562, PerformTraversalsStart=46005513396, DrawStart=46006028146, FrameDeadline=46038085005, FrameInterval=46005208437, FrameStartTime=16666666, SyncQueued=46006825562, SyncStart=46007045312, IssueDrawCommandsStart=46007820146, SwapBuffers=46015076687, FrameCompleted=9223372036854775807, DequeueBufferDuration=44375, QueueBufferDuration=1788584, GpuCompleted=9223372036854775807, SwapBuffersCompleted=46018216146, DisplayPresentTime=0,
01-01 08:00:48.272 398 398 W hdr10p_Configure: 61 callbacks suppressed
01-01 08:00:48.272 398 398 I : DVI mode selected: packets not configured
01-01 08:00:48.285 398 398 W set_vsif_config: 61 callbacks suppressed
01-01 08:00:48.285 398 398 I : Error: set vsif failed
01-01 08:00:48.315 398 398 I : DVI mode selected: packets not configured
01-01 08:00:48.322 398 398 I : Error: set vsif failed
01-01 08:00:48.330 398 398 I : DVI mode selected: packets not configured
01-01 08:00:48.337 398 398 I : Error: set vsif failed
05-30 08:39:03.186 484 820 E DatabaseUtils: Writing exception to parcel
05-30 08:39:03.186 484 820 E DatabaseUtils: java.lang.SecurityException: You either need MANAGE_USERS or CREATE_USERS permission to: query user
05-30 08:39:03.186 484 820 E DatabaseUtils: at com.android.server.pm.UserManagerService.checkManageOrCreateUsersPermission(UserManagerService.java:2508)
05-30 08:39:03.186 484 820 E DatabaseUtils: at com.android.server.pm.UserManagerService.getUserInfo(UserManagerService.java:1381)
05-30 08:39:03.186 484 820 E DatabaseUtils: at android.os.UserManager.getUserInfo(UserManager.java:2602)
05-30 08:39:03.186 484 820 E DatabaseUtils: at com.android.providers.settings.SettingsProvider$SettingsRegistry.ensureSettingsForUserLocked(SettingsProvider.java:2837)
05-30 08:39:03.186 484 820 E DatabaseUtils: at com.android.providers.settings.SettingsProvider$SettingsRegistry.peekSettingsStateLocked(SettingsProvider.java:3201)
05-30 08:39:03.186 484 820 E DatabaseUtils: at com.android.providers.settings.SettingsProvider$SettingsRegistry.getSettingLocked(SettingsProvider.java:3059)
05-30 08:39:03.186 484 820 E DatabaseUtils: at com.android.providers.settings.SettingsProvider.getSsaidSettingLocked(SettingsProvider.java:1588)
05-30 08:39:03.186 484 820 E DatabaseUtils: at com.android.providers.settings.SettingsProvider.getSecureSetting(SettingsProvider.java:1561)
05-30 08:39:03.186 484 820 E DatabaseUtils: at com.android.providers.settings.SettingsProvider.call(SettingsProvider.java:423)
05-30 08:39:03.186 484 820 E DatabaseUtils: at android.content.ContentProvider.call(ContentProvider.java:2464)
05-30 08:39:03.186 484 820 E DatabaseUtils: at android.content.ContentProvider$Transport.call(ContentProvider.java:512)
05-30 08:39:03.186 484 820 E DatabaseUtils: at android.content.ContentProviderNative.onTransact(ContentProviderNative.java:295)
05-30 08:39:03.186 484 820 E DatabaseUtils: at android.os.Binder.execTransactInternal(Binder.java:1184)
05-30 08:39:03.186 484 820 E DatabaseUtils: at android.os.Binder.execTransact(Binder.java:1143)
01-01 08:00:48.364 398 398 I : DVI mode selected: packets not configured
01-01 08:00:48.371 398 398 I : Error: set vsif failed
01-01 08:00:48.380 398 398 I : DVI mode selected: packets not configured
01-01 08:00:48.387 398 398 I : Error: set vsif failed
05-30 08:39:03.217 1092 1106 I OpenGLRenderer: Davey! duration=9223371990755ms; Flags=0, FrameTimelineVsyncId=1232, IntendedVsync=46088081388, Vsync=46104748054, InputEventId=0, HandleInputStart=46107246979, AnimationStart=46107249521, PerformTraversalsStart=46107872437, DrawStart=46108168687, FrameDeadline=46121414720, FrameInterval=46107234729, FrameStartTime=16666666, SyncQueued=46110475479, SyncStart=46121577229, IssueDrawCommandsStart=46122905187, SwapBuffers=46146115187, FrameCompleted=9223372036854775807, DequeueBufferDuration=12871625, QueueBufferDuration=3340042, GpuCompleted=9223372036854775807, SwapBuffersCompleted=46150759104, DisplayPresentTime=0,
01-01 08:00:48.403 398 398 I : DVI mode selected: packets not configured
01-01 08:00:48.410 398 398 I : Error: set vsif failed
05-30 08:39:03.242 484 820 W TelephonyPermissions: reportAccessDeniedToReadIdentifiers:com.dangbei.screencast:getSerial:-1
01-01 08:00:48.430 398 398 I : DVI mode selected: packets not configured
01-01 08:00:48.437 398 398 I : Error: set vsif failed
01-01 08:00:48.447 398 398 I : DVI mode selected: packets not configured
01-01 08:00:48.454 398 398 I : Error: set vsif failed
01-01 08:00:48.463 398 398 I : DVI mode selected: packets not configured
01-01 08:00:48.470 398 398 I : Error: set vsif failed
01-01 08:00:48.480 398 398 I : DVI mode selected: packets not configured
01-01 08:00:48.486 398 398 I : Error: set vsif failed
05-30 08:39:03.344 2361 2420 V NFC : this device does not have NFC support
05-30 08:39:03.372 484 532 W IorapForwardingService: No service published for: iorapd
05-30 08:39:03.498 2361 2425 D nStackXCoAP: IsInSameNetwork:[276] :IsInSameNetwork exec
05-30 08:39:03.498 2361 2425 I nStackXDFinder: GetLocalInterfaceDetail:[461] :GetLocalInterfaceDetail in
05-30 08:39:03.498 2361 2425 E nStackXCoAP: IsInSameNetwork:[281] :IsInSameNetwork: not priority process
05-30 08:39:03.498 2361 2425 D nStackXCoAP: ParseServiceDiscover:[330] :new device join
05-30 08:39:03.498 2361 2425 E nStackXDFinder: GetLocalIp:[401] :GetLocalIp exec
05-30 08:39:03.515 2361 2425 D nStackXCoAP: CoapMessageHandler:[133] :2.01
05-30 08:39:03.561 667 667 E WifiHAL : wifi_get_link_stats: requestResponse Error:-5
05-30 08:39:03.562 484 620 E WifiVendorHal: getWifiLinkLayerStats_1_5_Internal(l.1191) failed {.code = ERROR_INVALID_ARGS, .description = }
05-30 08:39:03.607 2361 2370 I awei.connectio: Background young concurrent copying GC freed 26446(2272KB) AllocSpace objects, 7(136KB) LOS objects, 37% free, 3941KB/6338KB, paused 155us total 101.982ms
05-30 08:39:04.008 1806 1806 I rainbow_flow: type=1400 audit(0.0:1057): avc: denied { ioctl } for path="/dev/spidev1.0" dev="tmpfs" ino=3840 ioctlcmd=0x6b00 scontext=u:r:init:s0 tcontext=u:object_r:device:s0 tclass=chr_file permissive=1
05-30 08:39:04.040 2361 2425 D nStackXCoAP: IsInSameNetwork:[276] :IsInSameNetwork exec
05-30 08:39:04.041 2361 2425 I nStackXDFinder: GetLocalInterfaceDetail:[461] :GetLocalInterfaceDetail in
05-30 08:39:04.041 2361 2425 E nStackXCoAP: IsInSameNetwork:[281] :IsInSameNetwork: not priority process
05-30 08:39:04.041 2361 2425 D nStackXCoAP: ParseServiceDiscover:[330] :new device join
05-30 08:39:04.041 2361 2425 E nStackXDFinder: GetLocalIp:[401] :GetLocalIp exec
05-30 08:39:04.058 2361 2425 D nStackXCoAP: CoapMessageHandler:[133] :2.01
05-30 08:39:04.369 484 532 D CompatibilityChangeReporter: Compat change id reported: 168419799; UID 10075; state: DISABLED
05-30 08:39:04.374 484 532 W IorapForwardingService: No service published for: iorapd
05-30 08:39:04.519 2361 2425 D nStackXCoAP: IsInSameNetwork:[276] :IsInSameNetwork exec
05-30 08:39:04.519 2361 2425 I nStackXDFinder: GetLocalInterfaceDetail:[461] :GetLocalInterfaceDetail in
05-30 08:39:04.519 2361 2425 E nStackXCoAP: IsInSameNetwork:[281] :IsInSameNetwork: not priority process
05-30 08:39:04.519 2361 2425 D nStackXCoAP: ParseServiceDiscover:[330] :new device join
05-30 08:39:04.519 2361 2425 E nStackXDFinder: GetLocalIp:[401] :GetLocalIp exec
05-30 08:39:04.540 2361 2425 D nStackXCoAP: CoapMessageHandler:[133] :2.01
05-30 08:39:04.802 193 193 I hwservicemanager: getTransport: Cannot find entry android.hardware.graphics.mapper@4.0::IMapper/default in either framework or device VINTF manifest.
05-30 08:39:04.802 484 533 I Gralloc4: mapper 4.x is not supported
05-30 08:39:04.805 193 193 I hwservicemanager: getTransport: Cannot find entry android.hardware.graphics.mapper@3.0::IMapper/default in either framework or device VINTF manifest.
05-30 08:39:04.805 484 533 W Gralloc3: mapper 3.x is not supported
05-30 08:39:04.814 484 533 E gralloc : Arm Module v1.0
