05-30 08:38:40.869 676 930 I btm_acl : system/bt/stack/acl/btm_acl.cc:654 check_link_policy: hold not supported (settings: 0x000d)
05-30 08:38:40.871 676 930 I bt_btm_sec: system/bt/stack/btm/btm_sec.cc:225 BTM_SecRegister: BTM_SecRegister p_cb_info->p_le_callback == 0x0xc7b409f5
05-30 08:38:40.871 676 930 I bt_btm_sec: system/bt/stack/btm/btm_sec.cc:240 BTM_SecRegister: BTM_SecRegister btm_cb.api.p_le_callback = 0x0xc7b409f5
05-30 08:38:40.872 676 988 I bluetooth: system/bt/stack/gatt/gatt_api.cc:1019 GATT_Register: Allocated name:GattClient uuid:737e1d65-de04-d913-6b6b-3d1f73760bbf gatt_if:3 eatt_support:0
05-30 08:38:40.898 270 270 I gralloc : alloc buffer:W:1920 H:1080 S:1920 PL[1920 1080] SZ:8294400 fmt:43 if:0 af:43 usg:20000b00 fg:00000004
05-30 08:38:40.900 1108 1108 V GraphicsEnvironment: ANGLE Developer option for 'com.android.keychain' set to: 'default'
05-30 08:38:40.901 1108 1108 V GraphicsEnvironment: Neither updatable production driver nor prerelease driver is supported.
05-30 08:38:40.901 484 817 W StorageManagerService: Reporting emulated;0 unmounted due to system locked
05-30 08:38:40.906 1108 1108 D NetworkSecurityConfig: No Network Security Config specified, using platform default
05-30 08:38:40.909 1108 1108 D NetworkSecurityConfig: No Network Security Config specified, using platform default
05-30 08:38:40.921 484 620 E WifiVendorHal: startPktFateMonitoring(l.2352) failed {.code = ERROR_NOT_SUPPORTED, .description = }
05-30 08:38:40.921 484 620 W WifiDiags: Failed to start packet fate monitoring
05-30 08:38:40.922 676 988 I bt_stack: [INFO:ble_advertiser_hci_interface.cc(767)] Extended advertising will be in use
05-30 08:38:40.923 676 939 D AdapterProperties: BT_PROPERTY_LOCAL_LE_FEATURES: update from BT controller mNumOfAdvertisementInstancesSupported = 0 mRpaOffloadSupported = false mNumOfOffloadedIrkSupported = 0 mNumOfOffloadedScanFilterSupported = 0 mOffloadedScanResultStorageBytes= 0 mIsActivityAndEnergyReporting = false mVersSupported = 0 mTotNumOfTrackableAdv = 0 mIsExtendedScanSupported = false mIsDebugLogSupported = false mIsLe2MPhySupported = true mIsLeCodedPhySupported = true mIsLeExtendedAdvertisingSupported = true mIsLePeriodicAdvertisingSupported = true mLeMaximumAdvertisingDataLength = 1650 mDynamicAudioBufferSizeSupportedCodecsGroup1 = 0 mDynamicAudioBufferSizeSupportedCodecsGroup2 = 0
05-30 08:38:40.924 667 667 E WifiHAL : wifi_get_driver_version: Error -5 happened.
05-30 08:38:40.925 667 667 E android.hardware.wifi@1.0-service-lazy: Failed to get driver version: INVALID_ARGS
05-30 08:38:40.927 676 988 E bt_btif_storage: system/bt/btif/src/btif_storage.cc:632 btif_storage_get_adapter_property: btif_storage_get_adapter_property: Controller ready!
05-30 08:38:40.927 676 988 I bt_btif_storage: system/bt/btif/src/btif_storage.cc:661 btif_storage_get_adapter_property: btif_storage_get_adapter_property service_mask:0x20000000
05-30 08:38:40.928 676 988 I bt_stack: [INFO:btif_bqr.cc(229)] EnableBtQualityReport: is_enable: true
05-30 08:38:40.928 676 988 W bt_stack: [WARNING:btif_bqr.cc(237)] EnableBtQualityReport: Bluetooth Quality Report is disabled. bqr_prop_evtmask: , bqr_prop_interval_ms:
05-30 08:38:40.929 676 1136 I bt_osi_thread: system/bt/osi/src/thread.cc:209 run_thread: run_thread: thread id 1136, thread name btif_sock started
05-30 08:38:40.931 484 620 E WifiVendorHal: requestChipDebugInfo(l.2167) failed {.code = ERROR_INVALID_ARGS, .description = failed to get driver version}
05-30 08:38:40.931 676 988 I bt_bte_conf: system/bt/main/bte_conf.cc:84 bte_load_did_conf: Device ID record 1 : primary
05-30 08:38:40.931 676 988 I bt_bte_conf: system/bt/main/bte_conf.cc:85 bte_load_did_conf: vendorId = 00e0
05-30 08:38:40.931 676 988 I bt_bte_conf: system/bt/main/bte_conf.cc:86 bte_load_did_conf: vendorIdSource = 0001
05-30 08:38:40.931 676 988 I bt_bte_conf: system/bt/main/bte_conf.cc:87 bte_load_did_conf: product = 1200
05-30 08:38:40.931 676 988 I bt_bte_conf: system/bt/main/bte_conf.cc:88 bte_load_did_conf: version = 1436
05-30 08:38:40.931 676 988 I bt_bte_conf: system/bt/main/bte_conf.cc:89 bte_load_did_conf: clientExecutableURL =
05-30 08:38:40.931 676 988 I bt_bte_conf: system/bt/main/bte_conf.cc:90 bte_load_did_conf: serviceDescription =
05-30 08:38:40.931 676 988 I bt_bte_conf: system/bt/main/bte_conf.cc:91 bte_load_did_conf: documentationURL =
05-30 08:38:40.931 676 988 I bt_bta_dm: system/bt/bta/dm/bta_dm_act.cc:3198 bta_dm_eir_update_uuid: EIR Adding UUID=0x1200 into extended inquiry response
05-30 08:38:40.931 676 988 I bt_bta_dm: system/bt/bta/dm/bta_dm_act.cc:2897 bta_dm_set_eir: Generating extended inquiry response packet EIR
05-30 08:38:40.931 676 988 I bt_bte_conf: system/bt/main/bte_conf.cc:47 bte_load_did_conf: bte_load_did_conf no section named DID2.
05-30 08:38:40.931 676 988 I bt_btif_core: system/bt/btif/src/btif_core.cc:312 btif_enable_bluetooth_evt: Bluetooth enable event completed
05-30 08:38:40.931 676 988 I bt_bta_dm: system/bt/bta/dm/bta_dm_act.cc:2897 bta_dm_set_eir: Generating extended inquiry response packet EIR
05-30 08:38:40.932 676 930 I bt_stack_manager: system/bt/btif/src/stack_manager.cc:311 event_start_up_stack: event_start_up_stack finished
05-30 08:38:40.933 484 620 I WifiVendorHal: Driver: null Firmware: null
05-30 08:38:40.934 667 667 E WifiHAL : wifi_get_driver_version: Error -5 happened.
05-30 08:38:40.934 667 667 E android.hardware.wifi@1.0-service-lazy: Failed to get driver version: INVALID_ARGS
05-30 08:38:40.940 484 620 E WifiVendorHal: requestChipDebugInfo(l.2167) failed {.code = ERROR_INVALID_ARGS, .description = failed to get driver version}
05-30 08:38:40.940 484 620 I WifiVendorHal: Driver: null Firmware: null
05-30 08:38:40.942 667 667 E WifiHAL : wifi_get_ring_buffers_status: Ring buffer logging feature not supported 0
05-30 08:38:40.958 484 484 D BluetoothManagerService: Bluetooth Adapter address changed to B4:2F:03:15:A3:36
05-30 08:38:40.960 484 620 E WifiVendorHal: getRingBufferStatus(l.2244) failed {.code = ERROR_NOT_SUPPORTED, .description = }
05-30 08:38:40.961 484 620 W WifiDiags: no ring buffers found
05-30 08:38:40.961 484 484 D BluetoothManagerService: Stored Bluetoothaddress: B4:2F:03:15:A3:36
05-30 08:38:40.961 484 620 D WifiDiags: startLogging() iface list is {wlan0} after adding wlan0
05-30 08:38:40.961 676 939 D AdapterProperties: Name is: DBBOX-A2
05-30 08:38:40.963 484 484 D BluetoothManagerService: Bluetooth Adapter name changed to DBBOX-A2 by android
05-30 08:38:40.964 484 484 D BluetoothManagerService: Stored Bluetooth name: DBBOX-A2
05-30 08:38:40.966 676 939 D AdapterProperties: Scan Mode:20
05-30 08:38:40.966 676 939 D AdapterProperties: Discoverable Timeout:120
05-30 08:38:40.969 676 939 D AdapterProperties: Adding bonded device:E4:BB:D3:57:C0:7A
05-30 08:38:40.983 1042 1042 I TranscodeHelper: Empty transcode compat stale
05-30 08:38:40.984 407 425 I adbd : jdwp connection from 1133
05-30 08:38:40.984 1042 1042 I TranscodeHelper: Parsed 0 packages from resource
05-30 08:38:40.984 1042 1042 I TranscodeHelper: Empty device config transcode compat manifest
05-30 08:38:40.995 1043 1043 I MultiDex: VM with version 2.1.0 has multidex support
05-30 08:38:40.995 1043 1043 I MultiDex: Installing application
05-30 08:38:40.995 1043 1043 I MultiDex: VM has multidex support, MultiDex support library is disabled.
05-30 08:38:41.027 676 884 I AdapterState: BLE_ON : entered
05-30 08:38:41.027 676 884 D AdapterProperties: Setting state to BLE_ON
05-30 08:38:41.029 676 884 D BluetoothAdapterService: updateAdapterState() - Broadcasting state BLE_ON to 1 receivers.
05-30 08:38:41.033 484 532 D BluetoothManagerService: MESSAGE_BLUETOOTH_STATE_CHANGE: BLE_TURNING_ON > BLE_ON
05-30 08:38:41.033 484 532 D BluetoothManagerService: Bluetooth is in LE only mode
05-30 08:38:41.034 484 532 D BluetoothManagerService: Binding Bluetooth GATT service
05-30 08:38:41.038 484 763 W StorageManagerService: Reporting emulated;0 unmounted due to system locked
05-30 08:38:41.039 484 532 D BluetoothManagerService: Sending BLE State Change: BLE_TURNING_ON > BLE_ON
05-30 08:38:41.042 1042 1042 V MediaStore: Examining volume emulated;0 with name external_primary and state checking
05-30 08:38:41.049 667 667 E WifiHAL : wifi_get_link_stats: requestResponse Error:-5
05-30 08:38:41.051 484 620 E WifiVendorHal: getWifiLinkLayerStats_1_5_Internal(l.1191) failed {.code = ERROR_INVALID_ARGS, .description = }
05-30 08:38:41.058 1042 1042 D CompatibilityChangeReporter: Compat change id reported: 148180766; UID 10074; state: ENABLED
05-30 08:38:41.067 484 555 W BatteryExternalStatsWorker: error reading modem stats:ERROR_PHONE_NOT_AVAILABLE
05-30 08:38:41.068 254 254 I netd : interfaceGetCfg(wlan0) -> {InterfaceConfigurationParcel{ifName: wlan0, hwAddr: b4:2f:03:16:18:c0, ipv4Addr: 0.0.0.0, prefixLength: 0, flags: [up, broadcast, multicast]}} <0.84ms>
05-30 08:38:41.070 1042 1042 D PulledMetrics: Registering callback with StatsManager
05-30 08:38:41.071 484 817 D CompatibilityChangeReporter: Compat change id reported: 168419799; UID 1000; state: DISABLED
05-30 08:38:41.078 254 254 I netd : interfaceGetCfg(wlan0) -> {InterfaceConfigurationParcel{ifName: wlan0, hwAddr: b4:2f:03:16:18:c0, ipv4Addr: 0.0.0.0, prefixLength: 0, flags: [up, broadcast, multicast]}} <0.55ms>
01-01 08:00:26.271 398 398 W hdr10p_Configure: 222 callbacks suppressed
01-01 08:00:26.271 398 398 I : DVI mode selected: packets not configured
05-30 08:38:41.096 484 620 D WifiService: Handle boot completed
01-01 08:00:26.284 398 398 W set_vsif_config: 222 callbacks suppressed
01-01 08:00:26.284 398 398 I : Error: set vsif failed
05-30 08:38:41.107 484 620 I WifiScoreCard: Installing MemoryStore
05-30 08:38:41.107 484 620 I WifiHealthMonitor: Installing MemoryStore
01-01 08:00:26.295 398 398 I : DVI mode selected: packets not configured
01-01 08:00:26.302 398 398 I : Error: set vsif failed
01-01 08:00:26.307 398 398 I : DVI mode selected: packets not configured
01-01 08:00:26.313 398 398 I : Error: set vsif failed
05-30 08:38:41.129 1042 1156 V MediaProvider: onConfigure() for external.db
05-30 08:38:41.132 484 620 D WifiNetworkFactory: Registering NetworkFactory
05-30 08:38:41.133 484 620 D UntrustedWifiNetworkFactory: Registering NetworkFactory
05-30 08:38:41.134 484 620 D OemPaidWifiNetworkFactory: Registering NetworkFactory
05-30 08:38:41.134 484 627 D ConnectivityService: Got NetworkProvider Messenger for WifiNetworkFactory
05-30 08:38:41.134 484 627 D ConnectivityService: Got NetworkProvider Messenger for UntrustedWifiNetworkFactory
05-30 08:38:41.134 484 627 D ConnectivityService: Got NetworkProvider Messenger for OemPaidWifiNetworkFactory
05-30 08:38:41.145 484 620 D WifiActiveModeWarden: Switching all client mode managers
05-30 08:38:41.156 1042 1156 V MediaProvider: onOpen() for external.db
05-30 08:38:41.158 484 1023 I StorageUserConnection: Service: [ComponentInfo{com.android.providers.media.module/com.android.providers.media.fuse.ExternalStorageServiceImpl}] connected. User [0]
05-30 08:38:41.159 1042 1156 V MediaProvider: onOpen() finished for external.db
01-01 08:00:26.333 398 398 I : DVI mode selected: packets not configured
01-01 08:00:26.339 398 398 I : Error: set vsif failed
01-01 08:00:26.344 398 398 I : DVI mode selected: packets not configured
05-30 08:38:41.164 484 620 D WakeupConfigStoreData: WifiWake user data has been read
05-30 08:38:41.165 1042 1160 I ExternalStorageServiceImpl: Starting session for id: emulated;0
05-30 08:38:41.172 484 502 I system_server: Background concurrent copying GC freed 255343(8333KB) AllocSpace objects, 25(1484KB) LOS objects, 49% free, 11MB/22MB, paused 941us total 1.462s
05-30 08:38:41.174 484 620 D WifiConfigStore: Reading from user stores completed in 16 ms.
05-30 08:38:41.175 1042 1160 V FuseDaemonThread: Waiting 1000ms for FUSE start. Count 4
01-01 08:00:26.351 398 398 I : Error: set vsif failed
01-01 08:00:26.356 398 398 I : DVI mode selected: packets not configured
01-01 08:00:26.362 398 398 I : Error: set vsif failed
05-30 08:38:41.195 484 620 D WifiConfigStore: Writing to stores completed in 13 ms.
05-30 08:38:41.196 1042 1161 I FuseDaemonThread: Starting thread for emulated;0 ...
05-30 08:38:41.198 1042 1161 I FuseDaemon: Starting fuse...
05-30 08:38:41.204 254 254 I netd : interfaceGetCfg(wlan0) -> {InterfaceConfigurationParcel{ifName: wlan0, hwAddr: b4:2f:03:16:18:c0, ipv4Addr: 0.0.0.0, prefixLength: 0, flags: [up, broadcast, multicast]}} <0.48ms>
05-30 08:38:41.206 254 254 I netd : interfaceGetCfg(wlan0) -> {InterfaceConfigurationParcel{ifName: wlan0, hwAddr: b4:2f:03:16:18:c0, ipv4Addr: 0.0.0.0, prefixLength: 0, flags: [up, broadcast, multicast]}} <0.38ms>
05-30 08:38:41.208 484 620 I WifiService: onDriverCountryCodeChanged CN
01-01 08:00:26.383 398 398 I : DVI mode selected: packets not configured
01-01 08:00:26.389 398 398 I : Error: set vsif failed
01-01 08:00:26.394 398 398 I : DVI mode selected: packets not configured
05-30 08:38:41.218 484 620 D WifiNetworkFactory: got request NetworkRequest [ REQUEST id=3, [ Transports: WIFI Capabilities: INTERNET&NOT_RESTRICTED&TRUSTED&NOT_VPN&NOT_VCN_MANAGED RequestorUid: 1000 RequestorPkg: android] ]
05-30 08:38:41.221 676 676 D GattService: Unlocked userId 0
05-30 08:38:41.222 484 484 D BluetoothManagerService: BluetoothServiceConnection: com.android.bluetooth.gatt.GattService
05-30 08:38:41.222 484 532 D BluetoothManagerService: MESSAGE_BLUETOOTH_SERVICE_CONNECTED: 2
05-30 08:38:41.222 484 532 D BluetoothManagerService: continueFromBleOnState()
01-01 08:00:26.401 398 398 I : Error: set vsif failed
01-01 08:00:26.405 398 398 I : DVI mode selected: packets not configured
05-30 08:38:41.225 676 884 I AdapterState: TURNING_ON : entered
05-30 08:38:41.225 676 884 D AdapterProperties: Setting state to TURNING_ON
05-30 08:38:41.225 484 1029 W StorageManagerService: Reporting emulated;0 unmounted due to system locked
01-01 08:00:26.412 398 398 I : Error: set vsif failed
05-30 08:38:41.228 484 532 D BluetoothManagerService: Persisting Bluetooth Setting: 1
05-30 08:38:41.230 484 620 D WifiConnectivityHelper: Firmware supported feature set: d8108a801003d
05-30 08:38:41.230 484 620 D WifiConnectivityHelper: Firmware roaming is not supported
05-30 08:38:41.233 484 1029 W StorageManagerService: Reporting emulated;0 unmounted due to system locked
05-30 08:38:41.234 667 667 E WifiHAL : wifi_get_link_stats: requestResponse Error:-5
05-30 08:38:41.237 676 884 D BluetoothAdapterService: updateAdapterState() - Broadcasting state TURNING_ON to 1 receivers.
05-30 08:38:41.237 484 532 D BluetoothManagerService: MESSAGE_BLUETOOTH_STATE_CHANGE: BLE_ON > TURNING_ON
05-30 08:38:41.237 484 532 D BluetoothManagerService: Sending BLE State Change: BLE_ON > TURNING_ON
05-30 08:38:41.238 676 884 D BluetoothAdapterService: startCoreServices()
05-30 08:38:41.239 484 532 D BluetoothManagerService: Sending State Change: OFF > TURNING_ON
05-30 08:38:41.240 484 529 I AdbDebuggingManager: Not connected to any wireless network. Not enabling adbwifi.
05-30 08:38:41.241 484 529 W Looper : Slow dispatch took 2046ms android.fg h=com.android.server.adb.AdbDebuggingManager$AdbDebuggingHandler c=null m=11
05-30 08:38:41.241 484 529 W Looper : Slow delivery took 2080ms android.fg h=android.os.Handler c=com.android.server.location.provider.LocationProviderManager$$ExternalSyntheticLambda11@bcaaf00 m=0
05-30 08:38:41.243 484 1036 V BackupManagerConstants: getKeyValueBackupIntervalMilliseconds(...) returns 14400000
05-30 08:38:41.243 484 1036 V BackupManagerConstants: getKeyValueBackupFuzzMilliseconds(...) returns 600000
05-30 08:38:41.243 484 1036 V BackupManagerConstants: getKeyValueBackupRequiredNetworkType(...) returns 1
05-30 08:38:41.243 484 1036 V BackupManagerConstants: getKeyValueBackupRequireCharging(...) returns true
05-30 08:38:41.243 484 1036 V KeyValueBackupJob: Scheduling k/v pass in 242 minutes
05-30 08:38:41.244 276 276 I EventThread: type=1400 audit(0.0:424): avc: denied { search } for name="extcon" dev="sysfs" ino=18109 scontext=u:r:hal_tv_cec_default:s0 tcontext=u:object_r:sysfs_extcon:s0 tclass=dir permissive=1
05-30 08:38:41.252 484 620 E WifiVendorHal: getWifiLinkLayerStats_1_5_Internal(l.1191) failed {.code = ERROR_INVALID_ARGS, .description = }
05-30 08:38:41.254 276 276 D hdmi-cec: cec physical address: 2.0.0.0
05-30 08:38:41.254 276 276 D hdmi-cec: cec physical address: 2.0.0.0
05-30 08:38:41.258 676 676 I HeadsetService: create()
01-01 08:00:26.433 398 398 I : DVI mode selected: packets not configured
01-01 08:00:26.439 398 398 I : Error: set vsif failed
05-30 08:38:41.268 1133 1133 D CompatibilityChangeReporter: Compat change id reported: 171979766; UID 1000; state: DISABLED
01-01 08:00:26.444 175 175 I sunxi-ehci 5310000.ehci2-controller: USB 2.0 started, EHCI 1.00
01-01 08:00:26.455 175 175 E debugfs : Directory 'sunxi-ehci' with parent 'ehci' already present!
01-01 08:00:26.465 175 175 I usb3 : New USB device found, idVendor=1d6b, idProduct=0002, bcdDevice= 5.04
05-30 08:38:41.278 484 1029 D CompatibilityChangeReporter: Compat change id reported: 149924527; UID 1000; state: ENABLED
05-30 08:38:41.279 484 1029 D CompatibilityChangeReporter: Compat change id reported: 132649864; UID 1000; state: DISABLED
05-30 08:38:41.287 484 532 W IorapForwardingService: No service published for: iorapd
05-30 08:38:41.289 484 620 E WifiScoringParams: Invalid frequency(-1), using 5G as default rssi array
05-30 08:38:41.296 676 676 I HeadsetService: start()
01-01 08:00:26.478 175 175 I usb3 : New USB device strings: Mfr=3, Product=2, SerialNumber=1
01-01 08:00:26.488 175 175 I usb3 : Product: EHCI Host Controller
05-30 08:38:41.305 484 817 W StorageManagerService: Reporting emulated;0 unmounted due to system locked
01-01 08:00:26.496 175 175 I usb3 : Manufacturer: Linux 5.4.125+ ehci_hcd
05-30 08:38:41.324 484 620 D WifiNetworkFactory: got request NetworkRequest [ REQUEST id=23, [ Capabilities: INTERNET&NOT_RESTRICTED&TRUSTED&NOT_VCN_MANAGED Uid: 1000 RequestorUid: 1000 RequestorPkg: android] ]
05-30 08:38:41.324 484 620 D WifiNetworkFactory: got request NetworkRequest [ REQUEST id=17, [ Capabilities: INTERNET&NOT_RESTRICTED&TRUSTED&NOT_VCN_MANAGED Uid: 1000 RequestorUid: 1000 RequestorPkg: android] ]
05-30 08:38:41.324 484 620 D WifiNetworkFactory: got request NetworkRequest [ REQUEST id=19, [ Capabilities: INTERNET&NOT_RESTRICTED&TRUSTED&NOT_VCN_MANAGED Uid: 1073 RequestorUid: 1073 RequestorPkg: com.android.networkstack] ]
05-30 08:38:41.324 484 620 D WifiNetworkFactory: got request NetworkRequest [ REQUEST id=1, [ Capabilities: INTERNET&NOT_RESTRICTED&TRUSTED&NOT_VPN&NOT_VCN_MANAGED RequestorUid: 1000 RequestorPkg: android] ]
05-30 08:38:41.325 484 620 D WifiNetworkFactory: got request NetworkRequest [ REQUEST id=10, [ Capabilities: INTERNET&NOT_RESTRICTED&TRUSTED&NOT_VCN_MANAGED Uid: 1000 RequestorUid: 1000 RequestorPkg: android] ]
05-30 08:38:41.325 484 620 D UntrustedWifiNetworkFactory: got request NetworkRequest [ REQUEST id=3, [ Transports: WIFI Capabilities: INTERNET&NOT_RESTRICTED&TRUSTED&NOT_VPN&NOT_VCN_MANAGED RequestorUid: 1000 RequestorPkg: android] ]
05-30 08:38:41.325 484 620 D UntrustedWifiNetworkFactory: got request NetworkRequest [ REQUEST id=23, [ Capabilities: INTERNET&NOT_RESTRICTED&TRUSTED&NOT_VCN_MANAGED Uid: 1000 RequestorUid: 1000 RequestorPkg: android] ]
05-30 08:38:41.325 484 620 D UntrustedWifiNetworkFactory: got request NetworkRequest [ REQUEST id=17, [ Capabilities: INTERNET&NOT_RESTRICTED&TRUSTED&NOT_VCN_MANAGED Uid: 1000 RequestorUid: 1000 RequestorPkg: android] ]
05-30 08:38:41.325 484 620 D UntrustedWifiNetworkFactory: got request NetworkRequest [ REQUEST id=19, [ Capabilities: INTERNET&NOT_RESTRICTED&TRUSTED&NOT_VCN_MANAGED Uid: 1073 RequestorUid: 1073 RequestorPkg: com.android.networkstack] ]
05-30 08:38:41.325 484 620 D UntrustedWifiNetworkFactory: got request NetworkRequest [ REQUEST id=1, [ Capabilities: INTERNET&NOT_RESTRICTED&TRUSTED&NOT_VPN&NOT_VCN_MANAGED RequestorUid: 1000 RequestorPkg: android] ]
05-30 08:38:41.325 484 620 D UntrustedWifiNetworkFactory: got request NetworkRequest [ REQUEST id=10, [ Capabilities: INTERNET&NOT_RESTRICTED&TRUSTED&NOT_VCN_MANAGED Uid: 1000 RequestorUid: 1000 RequestorPkg: android] ]
05-30 08:38:41.325 484 620 D OemPaidWifiNetworkFactory: got request NetworkRequest [ REQUEST id=3, [ Transports: WIFI Capabilities: INTERNET&NOT_RESTRICTED&TRUSTED&NOT_VPN&NOT_VCN_MANAGED RequestorUid: 1000 RequestorPkg: android] ]
05-30 08:38:41.325 484 620 D OemPaidWifiNetworkFactory: got request NetworkRequest [ REQUEST id=23, [ Capabilities: INTERNET&NOT_RESTRICTED&TRUSTED&NOT_VCN_MANAGED Uid: 1000 RequestorUid: 1000 RequestorPkg: android] ]
05-30 08:38:41.326 484 620 D OemPaidWifiNetworkFactory: got request NetworkRequest [ REQUEST id=17, [ Capabilities: INTERNET&NOT_RESTRICTED&TRUSTED&NOT_VCN_MANAGED Uid: 1000 RequestorUid: 1000 RequestorPkg: android] ]
05-30 08:38:41.326 484 620 D OemPaidWifiNetworkFactory: got request NetworkRequest [ REQUEST id=19, [ Capabilities: INTERNET&NOT_RESTRICTED&TRUSTED&NOT_VCN_MANAGED Uid: 1073 RequestorUid: 1073 RequestorPkg: com.android.networkstack] ]
05-30 08:38:41.326 484 620 D OemPaidWifiNetworkFactory: got request NetworkRequest [ REQUEST id=1, [ Capabilities: INTERNET&NOT_RESTRICTED&TRUSTED&NOT_VPN&NOT_VCN_MANAGED RequestorUid: 1000 RequestorPkg: android] ]
05-30 08:38:41.326 484 620 D OemPaidWifiNetworkFactory: got request NetworkRequest [ REQUEST id=10, [ Capabilities: INTERNET&NOT_RESTRICTED&TRUSTED&NOT_VCN_MANAGED Uid: 1000 RequestorUid: 1000 RequestorPkg: android] ]
01-01 08:00:26.508 175 175 I usb3 : SerialNumber: sunxi-ehci
05-30 08:38:41.336 327 329 D XM_HIDREAD: add@ add@/devices/platform/soc@3000000/5310000.ehci2-controller/usb3
05-30 08:38:41.343 327 329 D XM_HIDREAD: add@ add@/devices/platform/soc@3000000/5310000.ehci2-controller/usb3/3-0:1.0
01-01 08:00:26.519 175 175 I hub 3-0 : 1.0: USB hub found
01-01 08:00:26.525 175 175 I hub 3-0 : 1.0: 1 port detected
05-30 08:38:41.347 484 817 W StorageManagerService: Reporting emulated;0 unmounted due to system locked
05-30 08:38:41.349 484 529 I AppWidgetServiceImpl: Processing of handleUserUnlocked u0 took 30 ms
05-30 08:38:41.371 676 676 I BluetoothHeadsetServiceJni: classInitNative: succeeds
05-30 08:38:41.371 676 676 I bt_btif : system/bt/btif/src/bluetooth.cc:417 get_profile_interface: get_profile_interface: id = handsfree
05-30 08:38:41.371 484 529 D AdbService: setAdbEnabled(true), mIsAdbUsbEnabled=true, mIsAdbWifiEnabled=true, transportType=1
05-30 08:38:41.371 676 676 I bt_stack: [INFO:btif_hf.cc(1491)] GetInterface
05-30 08:38:41.371 676 676 I bt_btif_storage: system/bt/btif/src/btif_storage.cc:661 btif_storage_get_adapter_property: btif_storage_get_adapter_property service_mask:0x20000040
05-30 08:38:41.372 676 939 I bt_stack: [INFO:btif_hf.cc(289)] btif_hf_upstreams_evt: AG enable/disable event 0
05-30 08:38:41.372 676 988 I bt_bta_dm: system/bt/bta/dm/bta_dm_act.cc:3198 bta_dm_eir_update_uuid: EIR Adding UUID=0x1112 into extended inquiry response
05-30 08:38:41.372 676 988 I bt_bta_dm: system/bt/bta/dm/bta_dm_act.cc:2897 bta_dm_set_eir: Generating extended inquiry response packet EIR
05-30 08:38:41.372 676 988 I bt_bta_dm: system/bt/bta/dm/bta_dm_act.cc:3198 bta_dm_eir_update_uuid: EIR Adding UUID=0x111F into extended inquiry response
05-30 08:38:41.372 676 988 I bt_bta_dm: system/bt/bta/dm/bta_dm_act.cc:2897 bta_dm_set_eir: Generating extended inquiry response packet EIR
05-30 08:38:41.372 676 988 I bt_stack: [INFO:port_api.cc(234)] RFCOMM_CreateConnection: bd_addr=ff:ff:ff:ff:ff:ff, scn=2, is_server=1, mtu=256, uuid=0x1112, dlci=4, signal_state=0x0b, p_port=0xc804aea4
05-30 08:38:41.372 676 988 I bt_stack: [INFO:port_api.cc(234)] RFCOMM_CreateConnection: bd_addr=ff:ff:ff:ff:ff:ff, scn=3, is_server=1, mtu=256, uuid=0x111f, dlci=6, signal_state=0x0b, p_port=0xc804af2c
05-30 08:38:41.372 676 988 I bt_stack: [INFO:port_api.cc(234)] RFCOMM_CreateConnection: bd_addr=ff:ff:ff:ff:ff:ff, scn=2, is_server=1, mtu=256, uuid=0x1112, dlci=4, signal_state=0x0b, p_port=0xc804afb4
05-30 08:38:41.372 676 988 I bt_stack: [INFO:port_api.cc(234)] RFCOMM_CreateConnection: bd_addr=ff:ff:ff:ff:ff:ff, scn=3, is_server=1, mtu=256, uuid=0x111f, dlci=6, signal_state=0x0b, p_port=0xc804b03c
05-30 08:38:41.376 676 676 I A2dpService: create()
01-01 08:00:26.539 175 175 W : sunxi ehci3-controller don't init wakeup source
01-01 08:00:26.547 175 175 W [sunxi-ehci3]: probe, pdev->name: 5311000.ehci3-controller, sunxi_ehci: 0xffffffc008f82458, 0x:ffffffc015c7f000, irq_no:38
05-30 08:38:41.382 327 329 D XM_HIDREAD: add@ add@/devices/virtual/devlink/regulator.8--5311000.ehci3-controller
05-30 08:38:41.390 484 484 D BluetoothA2dp: Proxy object connected
05-30 08:38:41.391 484 484 D BluetoothA2dp: Proxy object connected
01-01 08:00:26.563 175 175 I sunxi-ehci 5311000.ehci3-controller: EHCI Host Controller
05-30 08:38:41.392 1133 1133 D ApplicationLoaders: Returning zygote-cached class loader: /system/framework/android.test.base.jar
05-30 08:38:41.393 1133 1133 D ApplicationLoaders: Returning zygote-cached class loader: /system/framework/android.hidl.manager-V1.0-java.jar
05-30 08:38:41.393 1133 1133 D ApplicationLoaders: Returning zygote-cached class loader: /system/framework/android.hidl.base-V1.0-java.jar
05-30 08:38:41.394 484 484 D BluetoothA2dp: Proxy object connected
05-30 08:38:41.395 676 676 I A2dpService: start()
05-30 08:38:41.396 676 676 I BluetoothA2dpServiceJni: classInitNative: succeeds
01-01 08:00:26.573 175 175 I sunxi-ehci 5311000.ehci3-controller: new USB bus registered, assigned bus number 4
05-30 08:38:41.411 484 1130 W StorageManagerService: Reporting emulated;0 unmounted due to system locked
01-01 08:00:26.585 175 175 I sunxi-ehci 5311000.ehci3-controller: irq 56, io mem 0x05311000
05-30 08:38:41.415 667 667 E WifiHAL : wifi_get_link_stats: requestResponse Error:-5
05-30 08:38:41.421 676 676 I A2dpService: Max connected audio devices set to 5
05-30 08:38:41.422 484 1130 W StorageManagerService: Reporting emulated;0 unmounted due to system locked
05-30 08:38:41.422 676 676 I bt_btif : system/bt/btif/src/bluetooth.cc:417 get_profile_interface: get_profile_interface: id = a2dp
05-30 08:38:41.424 676 676 I btif_av : system/bt/btif/src/btif_av.cc:965 Init: bt_status_t BtifAvSource::Init(btav_source_callbacks_t *, int, const std::vector &, const std::vector &): max_connected_audio_devices=5
05-30 08:38:41.424 676 676 I a2dp_codec: system/bt/stack/a2dp/a2dp_codec_config.cc:569 init: init
05-30 08:38:41.424 676 676 I a2dp_codec: system/bt/stack/a2dp/a2dp_codec_config.cc:113 createCodec: createCodec: codec SBC
05-30 08:38:41.424 676 676 I a2dp_codec: system/bt/stack/a2dp/a2dp_codec_config.cc:633 init: init: updated SBC codec priority to 1001
05-30 08:38:41.424 676 676 I a2dp_codec: system/bt/stack/a2dp/a2dp_codec_config.cc:113 createCodec: createCodec: codec AAC
05-30 08:38:41.427 676 988 I bt_stack: [INFO:port_api.cc(234)] RFCOMM_CreateConnection: bd_addr=ff:ff:ff:ff:ff:ff, scn=2, is_server=1, mtu=256, uuid=0x1112, dlci=4, signal_state=0x0b, p_port=0xc804b0c4
05-30 08:38:41.428 676 988 I bt_stack: [INFO:port_api.cc(234)] RFCOMM_CreateConnection: bd_addr=ff:ff:ff:ff:ff:ff, scn=3, is_server=1, mtu=256, uuid=0x111f, dlci=6, signal_state=0x0b, p_port=0xc804b14c
05-30 08:38:41.428 676 988 I bt_stack: [INFO:port_api.cc(234)] RFCOMM_CreateConnection: bd_addr=ff:ff:ff:ff:ff:ff, scn=2, is_server=1, mtu=256, uuid=0x1112, dlci=4, signal_state=0x0b, p_port=0xc804b1d4
05-30 08:38:41.428 676 988 I bt_stack: [INFO:port_api.cc(234)] RFCOMM_CreateConnection: bd_addr=ff:ff:ff:ff:ff:ff, scn=3, is_server=1, mtu=256, uuid=0x111f, dlci=6, signal_state=0x0b, p_port=0xc804b25c
05-30 08:38:41.428 676 988 I bt_stack: [INFO:port_api.cc(234)] RFCOMM_CreateConnection: bd_addr=ff:ff:ff:ff:ff:ff, scn=2, is_server=1, mtu=256, uuid=0x1112, dlci=4, signal_state=0x0b, p_port=0xc804b2e4
05-30 08:38:41.428 676 988 I bt_stack: [INFO:port_api.cc(234)] RFCOMM_CreateConnection: bd_addr=ff:ff:ff:ff:ff:ff, scn=3, is_server=1, mtu=256, uuid=0x111f, dlci=6, signal_state=0x0b, p_port=0xc804b36c
05-30 08:38:41.428 676 988 I bt_stack: [INFO:port_api.cc(234)] RFCOMM_CreateConnection: bd_addr=ff:ff:ff:ff:ff:ff, scn=2, is_server=1, mtu=256, uuid=0x1112, dlci=4, signal_state=0x0b, p_port=0xc804b3f4
05-30 08:38:41.428 676 988 I bt_stack: [INFO:port_api.cc(234)] RFCOMM_CreateConnection: bd_addr=ff:ff:ff:ff:ff:ff, scn=3, is_server=1, mtu=256, uuid=0x111f, dlci=6, signal_state=0x0b, p_port=0xc804b47c
05-30 08:38:41.429 484 620 E WifiVendorHal: getWifiLinkLayerStats_1_5_Internal(l.1191) failed {.code = ERROR_INVALID_ARGS, .description = }
05-30 08:38:41.432 676 676 I a2dp_codec: system/bt/stack/a2dp/a2dp_codec_config.cc:633 init: init: updated AAC codec priority to 2001
05-30 08:38:41.433 676 676 I a2dp_codec: system/bt/stack/a2dp/a2dp_codec_config.cc:113 createCodec: createCodec: codec aptX
05-30 08:38:41.438 484 555 W KernelCpuProcStringReader: File not found. It's normal if not implemented: /proc/uid_time_in_state
05-30 08:38:41.439 676 676 E a2dp_vendor_aptx_encoder: system/bt/stack/a2dp/a2dp_vendor_aptx_encoder.cc:123 A2DP_VendorLoadEncoderAptx: A2DP_VendorLoadEncoderAptx: cannot open aptX encoder library libaptX_encoder.so: dlopen failed: library "libaptX_encoder.so" not found
05-30 08:38:41.439 676 676 E a2dp_vendor_aptx: system/bt/stack/a2dp/a2dp_vendor_aptx.cc:465 init: init: cannot load the encoder
05-30 08:38:41.439 676 676 I a2dp_codec: system/bt/stack/a2dp/a2dp_codec_config.cc:113 createCodec: createCodec: codec aptX-HD
05-30 08:38:41.440 484 555 W KernelCpuProcStringReader: File not found. It's normal if not implemented: /proc/uid_concurrent_active_time
05-30 08:38:41.441 484 555 W KernelCpuProcStringReader: File not found. It's normal if not implemented: /proc/uid_concurrent_policy_time
05-30 08:38:41.441 484 555 E KernelCpuSpeedReader: Failed to read cpu-freq: /sys/devices/system/cpu/cpu0/cpufreq/stats/time_in_state: open failed: ENOENT (No such file or directory)
05-30 08:38:41.442 484 555 E system_server: Cannot read thread CPU times for PID 484
05-30 08:38:41.443 1133 1133 W ranth.ledstatu: ClassLoaderContext shared library size mismatch. Expected=0, found=4 (PCL[] | PCL[]{PCL[/system/framework/android.test.base.jar*3790657674]#PCL[/system/framework/android.hidl.manager-V1.0-java.jar*1809561547]#PCL[/system/framework/android.hidl.base-V1.0-java.jar*2233032481]#PCL[/system/framework/org.apache.http.legacy.jar*2058259660]})
05-30 08:38:41.445 484 507 W StorageManagerService: Reporting emulated;0 unmounted due to system locked
01-01 08:00:26.608 175 175 I sunxi-ehci 5311000.ehci3-controller: USB 2.0 started, EHCI 1.00
01-01 08:00:26.618 175 175 E debugfs : Directory 'sunxi-ehci' with parent 'ehci' already present!
05-30 08:38:41.451 676 676 E a2dp_vendor_aptx_hd_encoder: system/bt/stack/a2dp/a2dp_vendor_aptx_hd_encoder.cc:123 A2DP_VendorLoadEncoderAptxHd: A2DP_VendorLoadEncoderAptxHd: cannot open aptX-HD encoder library libaptXHD_encoder.so: dlopen failed: library "libaptXHD_encoder.so" not found
05-30 08:38:41.452 676 676 E a2dp_vendor_aptx_hd: system/bt/stack/a2dp/a2dp_vendor_aptx_hd.cc:483 init: init: cannot load the encoder
05-30 08:38:41.452 676 676 I a2dp_codec: system/bt/stack/a2dp/a2dp_codec_config.cc:113 createCodec: createCodec: codec LDAC
01-01 08:00:26.628 175 175 I usb4 : New USB device found, idVendor=1d6b, idProduct=0002, bcdDevice= 5.04
05-30 08:38:41.462 484 507 W StorageManagerService: Reporting emulated;0 unmounted due to system locked
01-01 08:00:26.639 175 175 I usb4 : New USB device strings: Mfr=3, Product=2, SerialNumber=1
01-01 08:00:26.648 175 175 I usb4 : Product: EHCI Host Controller
01-01 08:00:26.655 175 175 I usb4 : Manufacturer: Linux 5.4.125+ ehci_hcd
05-30 08:38:41.472 676 676 I a2dp_codec: system/bt/stack/a2dp/a2dp_codec_config.cc:633 init: init: updated LDAC codec priority to 5001
05-30 08:38:41.481 676 676 I a2dp_codec: system/bt/stack/a2dp/a2dp_codec_config.cc:113 createCodec: createCodec: codec SBC SINK
05-30 08:38:41.481 676 676 I a2dp_codec: system/bt/stack/a2dp/a2dp_codec_config.cc:113 createCodec: createCodec: codec AAC SINK
05-30 08:38:41.481 676 676 I a2dp_codec: system/bt/stack/a2dp/a2dp_codec_config.cc:113 createCodec: createCodec: codec LDAC SINK
05-30 08:38:41.482 484 763 W StorageManagerService: Reporting emulated;0 unmounted due to system locked
01-01 08:00:26.663 175 175 I usb4 : SerialNumber: sunxi-ehci
05-30 08:38:41.490 327 329 D XM_HIDREAD: add@ add@/devices/platform/soc@3000000/5311000.ehci3-controller/usb4
05-30 08:38:41.491 327 329 D XM_HIDREAD: add@ add@/devices/platform/soc@3000000/5311000.ehci3-controller/usb4/4-0:1.0
05-30 08:38:41.499 1043 1043 E ccc : cccccc etna EtnaApplication init com.dangbei.lerad.etna.haqu.EtnaApplication@6814a07
05-30 08:38:41.501 1133 1133 V GraphicsEnvironment: ANGLE Developer option for 'com.oranth.ledstatus' set to: 'default'
01-01 08:00:26.673 175 175 I hub 4-0 : 1.0: USB hub found
01-01 08:00:26.679 175 175 I hub 4-0 : 1.0: 1 port detected
05-30 08:38:41.502 1133 1133 V GraphicsEnvironment: Neither updatable production driver nor prerelease driver is supported.
05-30 08:38:41.503 484 763 W StorageManagerService: Reporting emulated;0 unmounted due to system locked
05-30 08:38:41.506 327 329 D XM_HIDREAD: add@ add@/bus/platform/drivers/sunxi-ehci
05-30 08:38:41.506 327 329 D XM_HIDREAD: add@ add@/module/ehci_sunxi
05-30 08:38:41.518 1133 1133 D NetworkSecurityConfig: No Network Security Config specified, using platform default
05-30 08:38:41.519 676 676 E a2dp_vendor_ldac_decoder: system/bt/stack/a2dp/a2dp_vendor_ldac_decoder.cc:134 A2DP_VendorLoadDecoderLdac: A2DP_VendorLoadDecoderLdac: cannot open LDAC decoder library libldacBT_bco.so: dlopen failed: library "libldacBT_bco.so" not found
05-30 08:38:41.519 676 676 E a2dp_vendor_ldac: system/bt/stack/a2dp/a2dp_vendor_ldac.cc:1418 init: init: cannot load the decoder
05-30 08:38:41.520 676 676 I a2dp_codec: system/bt/stack/a2dp/a2dp_codec_config.cc:658 init: init: initialized Source codec LDAC
05-30 08:38:41.520 676 676 I a2dp_codec: system/bt/stack/a2dp/a2dp_codec_config.cc:658 init: init: initialized Source codec AAC
05-30 08:38:41.520 676 676 I a2dp_codec: system/bt/stack/a2dp/a2dp_codec_config.cc:658 init: init: initialized Source codec SBC
05-30 08:38:41.520 676 676 I a2dp_codec: system/bt/stack/a2dp/a2dp_codec_config.cc:665 init: init: initialized Sink codec AAC SINK
05-30 08:38:41.520 676 676 I a2dp_codec: system/bt/stack/a2dp/a2dp_codec_config.cc:665 init: init: initialized Sink codec SBC SINK
05-30 08:38:41.520 676 676 I a2dp_codec: system/bt/stack/a2dp/a2dp_codec_config.cc:569 init: init
05-30 08:38:41.520 676 676 I a2dp_codec: system/bt/stack/a2dp/a2dp_codec_config.cc:113 createCodec: createCodec: codec SBC
05-30 08:38:41.520 676 676 I a2dp_codec: system/bt/stack/a2dp/a2dp_codec_config.cc:633 init: init: updated SBC codec priority to 1001
05-30 08:38:41.520 676 676 I a2dp_codec: system/bt/stack/a2dp/a2dp_codec_config.cc:113 createCodec: createCodec: codec AAC
05-30 08:38:41.520 676 676 I a2dp_codec: system/bt/stack/a2dp/a2dp_codec_config.cc:633 init: init: updated AAC codec priority to 2001
05-30 08:38:41.520 676 676 I a2dp_codec: system/bt/stack/a2dp/a2dp_codec_config.cc:113 createCodec: createCodec: codec aptX
05-30 08:38:41.523 676 676 E a2dp_vendor_aptx_encoder: system/bt/stack/a2dp/a2dp_vendor_aptx_encoder.cc:123 A2DP_VendorLoadEncoderAptx: A2DP_VendorLoadEncoderAptx: cannot open aptX encoder library libaptX_encoder.so: dlopen failed: library "libaptX_encoder.so" not found
05-30 08:38:41.523 676 676 E a2dp_vendor_aptx: system/bt/stack/a2dp/a2dp_vendor_aptx.cc:465 init: init: cannot load the encoder
05-30 08:38:41.523 676 676 I a2dp_codec: system/bt/stack/a2dp/a2dp_codec_config.cc:113 createCodec: createCodec: codec aptX-HD
05-30 08:38:41.531 484 817 W StorageManagerService: Reporting emulated;0 unmounted due to system locked
05-30 08:38:41.532 1133 1133 D NetworkSecurityConfig: No Network Security Config specified, using platform default
05-30 08:38:41.533 676 676 E a2dp_vendor_aptx_hd_encoder: system/bt/stack/a2dp/a2dp_vendor_aptx_hd_encoder.cc:123 A2DP_VendorLoadEncoderAptxHd: A2DP_VendorLoadEncoderAptxHd: cannot open aptX-HD encoder library libaptXHD_encoder.so: dlopen failed: library "libaptXHD_encoder.so" not found
05-30 08:38:41.533 676 676 E a2dp_vendor_aptx_hd: system/bt/stack/a2dp/a2dp_vendor_aptx_hd.cc:483 init: init: cannot load the encoder
05-30 08:38:41.533 676 676 I a2dp_codec: system/bt/stack/a2dp/a2dp_codec_config.cc:113 createCodec: createCodec: codec LDAC
05-30 08:38:41.533 676 676 I a2dp_codec: system/bt/stack/a2dp/a2dp_codec_config.cc:633 init: init: updated LDAC codec priority to 5001
05-30 08:38:41.533 676 676 I a2dp_codec: system/bt/stack/a2dp/a2dp_codec_config.cc:113 createCodec: createCodec: codec SBC SINK
05-30 08:38:41.533 676 676 I a2dp_codec: system/bt/stack/a2dp/a2dp_codec_config.cc:113 createCodec: createCodec: codec AAC SINK
05-30 08:38:41.533 676 676 I a2dp_codec: system/bt/stack/a2dp/a2dp_codec_config.cc:113 createCodec: createCodec: codec LDAC SINK
05-30 08:38:41.536 676 676 E a2dp_vendor_ldac_decoder: system/bt/stack/a2dp/a2dp_vendor_ldac_decoder.cc:134 A2DP_VendorLoadDecoderLdac: A2DP_VendorLoadDecoderLdac: cannot open LDAC decoder library libldacBT_bco.so: dlopen failed: library "libldacBT_bco.so" not found
05-30 08:38:41.536 676 676 E a2dp_vendor_ldac: system/bt/stack/a2dp/a2dp_vendor_ldac.cc:1418 init: init: cannot load the decoder
05-30 08:38:41.536 676 676 I a2dp_codec: system/bt/stack/a2dp/a2dp_codec_config.cc:658 init: init: initialized Source codec LDAC
05-30 08:38:41.536 676 676 I a2dp_codec: system/bt/stack/a2dp/a2dp_codec_config.cc:658 init: init: initialized Source codec AAC
05-30 08:38:41.536 676 676 I a2dp_codec: system/bt/stack/a2dp/a2dp_codec_config.cc:658 init: init: initialized Source codec SBC
05-30 08:38:41.537 676 676 I a2dp_codec: system/bt/stack/a2dp/a2dp_codec_config.cc:665 init: init: initialized Sink codec AAC SINK
05-30 08:38:41.537 676 676 I a2dp_codec: system/bt/stack/a2dp/a2dp_codec_config.cc:665 init: init: initialized Sink codec SBC SINK
05-30 08:38:41.537 676 676 I a2dp_codec: system/bt/stack/a2dp/a2dp_codec_config.cc:569 init: init
05-30 08:38:41.537 676 676 I a2dp_codec: system/bt/stack/a2dp/a2dp_codec_config.cc:113 createCodec: createCodec: codec SBC
05-30 08:38:41.537 676 676 I a2dp_codec: system/bt/stack/a2dp/a2dp_codec_config.cc:633 init: init: updated SBC codec priority to 1001
05-30 08:38:41.537 676 676 I a2dp_codec: system/bt/stack/a2dp/a2dp_codec_config.cc:113 createCodec: createCodec: codec AAC
05-30 08:38:41.537 676 676 I a2dp_codec: system/bt/stack/a2dp/a2dp_codec_config.cc:633 init: init: updated AAC codec priority to 2001
05-30 08:38:41.537 676 676 I a2dp_codec: system/bt/stack/a2dp/a2dp_codec_config.cc:113 createCodec: createCodec: codec aptX
05-30 08:38:41.538 484 763 W StorageManagerService: Reporting emulated;0 unmounted due to system locked
05-30 08:38:41.539 1133 1133 I aaa : BootCompleteService is start !!!
05-30 08:38:41.540 676 676 E a2dp_vendor_aptx_encoder: system/bt/stack/a2dp/a2dp_vendor_aptx_encoder.cc:123 A2DP_VendorLoadEncoderAptx: A2DP_VendorLoadEncoderAptx: cannot open aptX encoder library libaptX_encoder.so: dlopen failed: library "libaptX_encoder.so" not found
05-30 08:38:41.540 676 676 E a2dp_vendor_aptx: system/bt/stack/a2dp/a2dp_vendor_aptx.cc:465 init: init: cannot load the encoder
05-30 08:38:41.540 676 676 I a2dp_codec: system/bt/stack/a2dp/a2dp_codec_config.cc:113 createCodec: createCodec: codec aptX-HD
05-30 08:38:41.541 1133 1133 W ContextImpl: Calling a method in the system process without a qualified user: android.app.ContextImpl.startService:1816 android.content.ContextWrapper.startService:774 android.content.ContextWrapper.startService:774 com.oranth.ledstatus.BootCompletedReceiver.onReceive:15 android.app.ActivityThread.handleReceiver:4308
05-30 08:38:41.554 1043 1043 I MMKV : Disable checkProcessMode()
05-30 08:38:41.557 676 676 E a2dp_vendor_aptx_hd_encoder: system/bt/stack/a2dp/a2dp_vendor_aptx_hd_encoder.cc:123 A2DP_VendorLoadEncoderAptxHd: A2DP_VendorLoadEncoderAptxHd: cannot open aptX-HD encoder library libaptXHD_encoder.so: dlopen failed: library "libaptXHD_encoder.so" not found
05-30 08:38:41.557 676 676 E a2dp_vendor_aptx_hd: system/bt/stack/a2dp/a2dp_vendor_aptx_hd.cc:483 init: init: cannot load the encoder
05-30 08:38:41.557 676 676 I a2dp_codec: system/bt/stack/a2dp/a2dp_codec_config.cc:113 createCodec: createCodec: codec LDAC
05-30 08:38:41.557 676 676 I a2dp_codec: system/bt/stack/a2dp/a2dp_codec_config.cc:633 init: init: updated LDAC codec priority to 5001
05-30 08:38:41.557 676 676 I a2dp_codec: system/bt/stack/a2dp/a2dp_codec_config.cc:113 createCodec: createCodec: codec SBC SINK
05-30 08:38:41.557 676 676 I a2dp_codec: system/bt/stack/a2dp/a2dp_codec_config.cc:113 createCodec: createCodec: codec AAC SINK
05-30 08:38:41.557 676 676 I a2dp_codec: system/bt/stack/a2dp/a2dp_codec_config.cc:113 createCodec: createCodec: codec LDAC SINK
05-30 08:38:41.558 676 676 E a2dp_vendor_ldac_decoder: system/bt/stack/a2dp/a2dp_vendor_ldac_decoder.cc:134 A2DP_VendorLoadDecoderLdac: A2DP_VendorLoadDecoderLdac: cannot open LDAC decoder library libldacBT_bco.so: dlopen failed: library "libldacBT_bco.so" not found
05-30 08:38:41.558 676 676 E a2dp_vendor_ldac: system/bt/stack/a2dp/a2dp_vendor_ldac.cc:1418 init: init: cannot load the decoder
05-30 08:38:41.558 676 676 I a2dp_codec: system/bt/stack/a2dp/a2dp_codec_config.cc:658 init: init: initialized Source codec LDAC
05-30 08:38:41.558 676 676 I a2dp_codec: system/bt/stack/a2dp/a2dp_codec_config.cc:658 init: init: initialized Source codec AAC
05-30 08:38:41.558 676 676 I a2dp_codec: system/bt/stack/a2dp/a2dp_codec_config.cc:658 init: init: initialized Source codec SBC
05-30 08:38:41.558 676 676 I a2dp_codec: system/bt/stack/a2dp/a2dp_codec_config.cc:665 init: init: initialized Sink codec AAC SINK
05-30 08:38:41.558 676 676 I a2dp_codec: system/bt/stack/a2dp/a2dp_codec_config.cc:665 init: init: initialized Sink codec SBC SINK
05-30 08:38:41.558 676 676 I a2dp_codec: system/bt/stack/a2dp/a2dp_codec_config.cc:569 init: init
05-30 08:38:41.558 676 676 I a2dp_codec: system/bt/stack/a2dp/a2dp_codec_config.cc:113 createCodec: createCodec: codec SBC
05-30 08:38:41.558 676 676 I a2dp_codec: system/bt/stack/a2dp/a2dp_codec_config.cc:633 init: init: updated SBC codec priority to 1001
05-30 08:38:41.558 676 676 I a2dp_codec: system/bt/stack/a2dp/a2dp_codec_config.cc:113 createCodec: createCodec: codec AAC
05-30 08:38:41.558 676 676 I a2dp_codec: system/bt/stack/a2dp/a2dp_codec_config.cc:633 init: init: updated AAC codec priority to 2001
05-30 08:38:41.558 676 676 I a2dp_codec: system/bt/stack/a2dp/a2dp_codec_config.cc:113 createCodec: createCodec: codec aptX
01-01 08:00:26.737 175 175 W sunxi-ohci: OHCI SUNXI driver
01-01 08:00:26.744 175 175 W : sunxi ohci0-controller don't init wakeup source
05-30 08:38:41.563 1133 1133 D aaa : onCreate()
05-30 08:38:41.566 484 763 I ActivityManager: com.oranth.storage is exempt from freezer
05-30 08:38:41.568 1180 1180 I AidlLazyServiceRegistrar: Registering service gsiservice
05-30 08:38:41.571 676 676 E a2dp_vendor_aptx_encoder: system/bt/stack/a2dp/a2dp_vendor_aptx_encoder.cc:123 A2DP_VendorLoadEncoderAptx: A2DP_VendorLoadEncoderAptx: cannot open aptX encoder library libaptX_encoder.so: dlopen failed: library "libaptX_encoder.so" not found
05-30 08:38:41.571 676 676 E a2dp_vendor_aptx: system/bt/stack/a2dp/a2dp_vendor_aptx.cc:465 init: init: cannot load the encoder
05-30 08:38:41.571 676 676 I a2dp_codec: system/bt/stack/a2dp/a2dp_codec_config.cc:113 createCodec: createCodec: codec aptX-HD
05-30 08:38:41.572 676 676 E a2dp_vendor_aptx_hd_encoder: system/bt/stack/a2dp/a2dp_vendor_aptx_hd_encoder.cc:123 A2DP_VendorLoadEncoderAptxHd: A2DP_VendorLoadEncoderAptxHd: cannot open aptX-HD encoder library libaptXHD_encoder.so: dlopen failed: library "libaptXHD_encoder.so" not found
05-30 08:38:41.572 676 676 E a2dp_vendor_aptx_hd: system/bt/stack/a2dp/a2dp_vendor_aptx_hd.cc:483 init: init: cannot load the encoder
05-30 08:38:41.572 676 676 I a2dp_codec: system/bt/stack/a2dp/a2dp_codec_config.cc:113 createCodec: createCodec: codec LDAC
05-30 08:38:41.572 676 676 I a2dp_codec: system/bt/stack/a2dp/a2dp_codec_config.cc:633 init: init: updated LDAC codec priority to 5001
05-30 08:38:41.572 676 676 I a2dp_codec: system/bt/stack/a2dp/a2dp_codec_config.cc:113 createCodec: createCodec: codec SBC SINK
05-30 08:38:41.572 676 676 I a2dp_codec: system/bt/stack/a2dp/a2dp_codec_config.cc:113 createCodec: createCodec: codec AAC SINK
05-30 08:38:41.572 676 676 I a2dp_codec: system/bt/stack/a2dp/a2dp_codec_config.cc:113 createCodec: createCodec: codec LDAC SINK
05-30 08:38:41.573 676 676 E a2dp_vendor_ldac_decoder: system/bt/stack/a2dp/a2dp_vendor_ldac_decoder.cc:134 A2DP_VendorLoadDecoderLdac: A2DP_VendorLoadDecoderLdac: cannot open LDAC decoder library libldacBT_bco.so: dlopen failed: library "libldacBT_bco.so" not found
05-30 08:38:41.573 676 676 E a2dp_vendor_ldac: system/bt/stack/a2dp/a2dp_vendor_ldac.cc:1418 init: init: cannot load the decoder
05-30 08:38:41.573 676 676 I a2dp_codec: system/bt/stack/a2dp/a2dp_codec_config.cc:658 init: init: initialized Source codec LDAC
05-30 08:38:41.573 676 676 I a2dp_codec: system/bt/stack/a2dp/a2dp_codec_config.cc:658 init: init: initialized Source codec AAC
05-30 08:38:41.573 676 676 I a2dp_codec: system/bt/stack/a2dp/a2dp_codec_config.cc:658 init: init: initialized Source codec SBC
05-30 08:38:41.573 676 676 I a2dp_codec: system/bt/stack/a2dp/a2dp_codec_config.cc:665 init: init: initialized Sink codec AAC SINK
05-30 08:38:41.573 676 676 I a2dp_codec: system/bt/stack/a2dp/a2dp_codec_config.cc:665 init: init: initialized Sink codec SBC SINK
05-30 08:38:41.574 676 676 I a2dp_codec: system/bt/stack/a2dp/a2dp_codec_config.cc:569 init: init
05-30 08:38:41.574 676 676 I a2dp_codec: system/bt/stack/a2dp/a2dp_codec_config.cc:113 createCodec: createCodec: codec SBC
05-30 08:38:41.574 676 676 I a2dp_codec: system/bt/stack/a2dp/a2dp_codec_config.cc:633 init: init: updated SBC codec priority to 1001
05-30 08:38:41.574 676 676 I a2dp_codec: system/bt/stack/a2dp/a2dp_codec_config.cc:113 createCodec: createCodec: codec AAC
05-30 08:38:41.574 676 676 I a2dp_codec: system/bt/stack/a2dp/a2dp_codec_config.cc:633 init: init: updated AAC codec priority to 2001
05-30 08:38:41.574 676 676 I a2dp_codec: system/bt/stack/a2dp/a2dp_codec_config.cc:113 createCodec: createCodec: codec aptX
05-30 08:38:41.574 484 763 D CompatibilityChangeReporter: Compat change id reported: 135634846; UID 1000; state: DISABLED
05-30 08:38:41.574 676 676 E a2dp_vendor_aptx_encoder: system/bt/stack/a2dp/a2dp_vendor_aptx_encoder.cc:123 A2DP_VendorLoadEncoderAptx: A2DP_VendorLoadEncoderAptx: cannot open aptX encoder library libaptX_encoder.so: dlopen failed: library "libaptX_encoder.so" not found
05-30 08:38:41.574 676 676 E a2dp_vendor_aptx: system/bt/stack/a2dp/a2dp_vendor_aptx.cc:465 init: init: cannot load the encoder
05-30 08:38:41.575 676 676 I a2dp_codec: system/bt/stack/a2dp/a2dp_codec_config.cc:113 createCodec: createCodec: codec aptX-HD
01-01 08:00:26.752 175 175 W [sunxi-ohci0]: probe, pdev->name: 5101400.ohci0-controller, sunxi_ohci: 0xffffffc008f81378
05-30 08:38:41.587 327 329 D XM_HIDREAD: add@ add@/devices/virtual/devlink/regulator.8--5101400.ohci0-controller
05-30 08:38:41.589 1133 1133 D aaa : LedStatusService onStartCommand begin
05-30 08:38:41.594 1133 1186 D aaa : topPkg is -------------- :com.android.tv.settings
05-30 08:38:41.598 676 676 E a2dp_vendor_aptx_hd_encoder: system/bt/stack/a2dp/a2dp_vendor_aptx_hd_encoder.cc:123 A2DP_VendorLoadEncoderAptxHd: A2DP_VendorLoadEncoderAptxHd: cannot open aptX-HD encoder library libaptXHD_encoder.so: dlopen failed: library "libaptXHD_encoder.so" not found
05-30 08:38:41.598 676 676 E a2dp_vendor_aptx_hd: system/bt/stack/a2dp/a2dp_vendor_aptx_hd.cc:483 init: init: cannot load the encoder
05-30 08:38:41.598 676 676 I a2dp_codec: system/bt/stack/a2dp/a2dp_codec_config.cc:113 createCodec: createCodec: codec LDAC
05-30 08:38:41.598 676 676 I a2dp_codec: system/bt/stack/a2dp/a2dp_codec_config.cc:633 init: init: updated LDAC codec priority to 5001
05-30 08:38:41.598 676 676 I a2dp_codec: system/bt/stack/a2dp/a2dp_codec_config.cc:113 createCodec: createCodec: codec SBC SINK
05-30 08:38:41.598 676 676 I a2dp_codec: system/bt/stack/a2dp/a2dp_codec_config.cc:113 createCodec: createCodec: codec AAC SINK
05-30 08:38:41.598 676 676 I a2dp_codec: system/bt/stack/a2dp/a2dp_codec_config.cc:113 createCodec: createCodec: codec LDAC SINK
05-30 08:38:41.600 676 676 E a2dp_vendor_ldac_decoder: system/bt/stack/a2dp/a2dp_vendor_ldac_decoder.cc:134 A2DP_VendorLoadDecoderLdac: A2DP_VendorLoadDecoderLdac: cannot open LDAC decoder library libldacBT_bco.so: dlopen failed: library "libldacBT_bco.so" not found
05-30 08:38:41.600 676 676 E a2dp_vendor_ldac: system/bt/stack/a2dp/a2dp_vendor_ldac.cc:1418 init: init: cannot load the decoder
05-30 08:38:41.600 676 676 I a2dp_codec: system/bt/stack/a2dp/a2dp_codec_config.cc:658 init: init: initialized Source codec LDAC
05-30 08:38:41.600 676 676 I a2dp_codec: system/bt/stack/a2dp/a2dp_codec_config.cc:658 init: init: initialized Source codec AAC
05-30 08:38:41.600 676 676 I a2dp_codec: system/bt/stack/a2dp/a2dp_codec_config.cc:658 init: init: initialized Source codec SBC
05-30 08:38:41.600 676 676 I a2dp_codec: system/bt/stack/a2dp/a2dp_codec_config.cc:665 init: init: initialized Sink codec AAC SINK
05-30 08:38:41.600 676 676 I a2dp_codec: system/bt/stack/a2dp/a2dp_codec_config.cc:665 init: init: initialized Sink codec SBC SINK
05-30 08:38:41.600 676 676 I a2dp_codec: system/bt/stack/a2dp/a2dp_codec_config.cc:569 init: init
