05-30 08:38:46.633 766 1486 W UnsafeUtil: platform method missing - proto runtime falling back to safer methods: java.lang.NoSuchMethodException: sun.misc.Unsafe.copyMemory [class java.lang.Object, long, class java.lang.Object, long, long]
05-30 08:38:46.643 254 254 I netd : trafficSwapActiveStatsMap() <24.01ms>
05-30 08:38:46.649 254 254 I netd : tetherGetStats() -> {[]} <4.10ms>
05-30 08:38:46.654 484 627 W BestClock: java.time.DateTimeException: Missing NTP fix
05-30 08:38:46.657 484 763 D CompatibilityChangeReporter: Compat change id reported: 168419799; UID 1000; state: DISABLED
05-30 08:38:46.668 484 618 W BestClock: java.time.DateTimeException: Missing NTP fix
05-30 08:38:46.670 1687 1687 D CompatibilityChangeReporter: Compat change id reported: 171979766; UID 1000; state: ENABLED
05-30 08:38:46.674 484 618 W BestClock: java.time.DateTimeException: Missing NTP fix
05-30 08:38:46.687 1092 1106 I OpenGLRenderer: Davey! duration=9223372007266ms; Flags=0, FrameTimelineVsyncId=682, IntendedVsync=29587665595, Vsync=29587665595, InputEventId=0, HandleInputStart=29588476555, AnimationStart=29588479638, PerformTraversalsStart=29588649180, DrawStart=29589228013, FrameDeadline=29620998927, FrameInterval=29588469596, FrameStartTime=16666666, SyncQueued=29589922263, SyncStart=29590278721, IssueDrawCommandsStart=29591355555, SwapBuffers=29610912138, FrameCompleted=9223372036854775807, DequeueBufferDuration=66000, QueueBufferDuration=1620541, GpuCompleted=9223372036854775807, SwapBuffersCompleted=29613491013, DisplayPresentTime=0,
05-30 08:38:46.689 766 865 D UpstreamNetworkMonitor: New default Internet network: 100
05-30 08:38:46.692 484 765 D NetworkTimeUpdateService: New default network 100; checking time.
05-30 08:38:46.715 484 618 W BestClock: java.time.DateTimeException: Missing NTP fix
05-30 08:38:46.716 484 627 D ConnectivityService: Sending CONNECTED broadcast for type 1 [100 WIFI] isDefaultNetwork=true
05-30 08:38:46.717 484 627 W ContextImpl: Calling a method in the system process without a qualified user: android.app.ContextImpl.sendStickyBroadcast:1559 com.android.server.ConnectivityService.sendStickyBroadcast:2884 com.android.server.ConnectivityService.sendGeneralBroadcast:2859 com.android.server.ConnectivityService.sendConnectedBroadcast:2832 com.android.server.ConnectivityService.sendLegacyNetworkBroadcast:8784
05-30 08:38:46.722 1092 1092 E hq : NetWorkStateReceiver:::NetWorkStateReceiver onReceive: 网络变化广播 >>>> intent.action=android.net.conn.CONNECTIVITY_CHANGE
05-30 08:38:46.724 484 618 W BestClock: java.time.DateTimeException: Missing NTP fix
05-30 08:38:46.725 1133 1133 D aaa : action:android.net.conn.CONNECTIVITY_CHANGE
05-30 08:38:46.726 484 763 D WifiMemoryStoreImpl: Set cluster G39fcc63f9881d2c0 for W96d41d8d57174ee9: SUCCESS
05-30 08:38:46.727 1092 1092 E hq : NetWorkStateReceiver:::Network is available. isConnect=false 是否频次过快=false t=1748565526727
05-30 08:38:46.728 1092 1092 W eventbuscore: post Event:com.dangbei.leard.base.entity.event.NetStateEvent
05-30 08:38:46.728 1092 1439 D AppManager: requestBlackAndWhiteList
05-30 08:38:46.729 1092 1092 W eventbuscore: post Event:com.dangbei.leard.base.entity.event.NetChangeEvent
05-30 08:38:46.729 1092 1439 D AppListModel: requestAppFilterList: true , false
05-30 08:38:46.738 1092 1440 D yc_test : refreshWeather: null
05-30 08:38:46.742 484 618 W BestClock: java.time.DateTimeException: Missing NTP fix
05-30 08:38:46.744 1423 1647 W efs.info.manager: network change: wifi
05-30 08:38:46.760 1092 1439 E DangXiaoBeiManager: setMessageList: true
05-30 08:38:46.776 484 627 W ContextImpl: Calling a method in the system process without a qualified user: android.app.ContextImpl.sendStickyBroadcast:1559 com.android.server.ConnectivityService.sendStickyBroadcast:2884 com.android.server.ConnectivityService.sendGeneralBroadcast:2859 com.android.server.ConnectivityService.sendConnectedBroadcast:2832 com.android.server.ConnectivityService.sendLegacyNetworkBroadcast:8784
05-30 08:38:46.783 1043 1043 D LanSocketServer: connect
05-30 08:38:46.795 1133 1133 D aaa : action:android.net.conn.CONNECTIVITY_CHANGE
05-30 08:38:46.804 484 627 D ConnectivityService: [100 WIFI] validation passed
05-30 08:38:46.806 484 618 W BestClock: java.time.DateTimeException: Missing NTP fix
05-30 08:38:46.809 1092 1439 E hq : 当小贝:::message list add complete data.messageList:[]
05-30 08:38:46.809 1092 1439 E hq : data.tabList=[]
05-30 08:38:46.809 1092 1439 I hq : 当小贝:::showMessage from=net_change
05-30 08:38:46.810 1687 1687 V GraphicsEnvironment: ANGLE Developer option for 'com.android.packageinstaller' set to: 'default'
05-30 08:38:46.810 1687 1687 V GraphicsEnvironment: Neither updatable production driver nor prerelease driver is supported.
05-30 08:38:46.810 484 618 W BestClock: java.time.DateTimeException: Missing NTP fix
05-30 08:38:46.812 1092 1439 I hq : 当小贝:::showMessage 没有消息需要显示
05-30 08:38:46.817 1423 1649 W efs.info.manager: network change: wifi
05-30 08:38:46.818 1687 1687 D NetworkSecurityConfig: No Network Security Config specified, using platform default
05-30 08:38:46.818 1687 1687 D NetworkSecurityConfig: No Network Security Config specified, using platform default
05-30 08:38:46.838 484 590 D CompatibilityChangeReporter: Compat change id reported: 135634846; UID 10073; state: DISABLED
05-30 08:38:46.838 484 590 D CompatibilityChangeReporter: Compat change id reported: 177438394; UID 10073; state: DISABLED
05-30 08:38:46.838 484 590 D CompatibilityChangeReporter: Compat change id reported: 135772972; UID 10073; state: DISABLED
05-30 08:38:46.839 484 590 D CompatibilityChangeReporter: Compat change id reported: 135754954; UID 10073; state: DISABLED
05-30 08:38:46.849 484 548 D CompatibilityChangeReporter: Compat change id reported: 143937733; UID 10073; state: DISABLED
05-30 08:38:46.864 484 844 D WifiMemoryStoreImpl: Set cluster G39fcc63f9881d2c0 for W75675ef5ff137a43: SUCCESS
05-30 08:38:46.875 255 255 D Zygote : Forked child process 1743
05-30 08:38:46.879 484 548 I ActivityManager: app.processName = com.android.permissioncontroller
05-30 08:38:46.879 484 548 I ActivityManager: Start proc 1743:com.android.permissioncontroller/u0a73 for broadcast {com.android.permissioncontroller/com.android.permissioncontroller.permission.service.LocationAccessCheck$SetupPeriodicBackgroundLocationAccessCheck}
05-30 08:38:46.884 484 627 D ConnectivityService: Setting DNS servers for network 100 to [/202.96.134.133, /202.96.128.166]
05-30 08:38:46.885 484 627 D DnsManager: sendDnsConfigurationForNetwork(100, [202.96.134.133, 202.96.128.166], [], 1800, 25, 8, 64, 0, 0, , [202.96.134.133, 202.96.128.166])
05-30 08:38:46.885 254 254 I netd : DnsResolverService::setResolverConfiguration(100, [202.96.134.133, 202.96.128.166], [], 1800, 25, 8, 64, 0, 0, "", [202.96.134.133, 202.96.128.166]) -> (0) (0.2ms)
05-30 08:38:46.886 254 254 I netd : setResolverConfiguration(ResolverParamsParcel{netId: 100, sampleValiditySeconds: 1800, successThreshold: 25, minSamples: 8, maxSamples: 64, baseTimeoutMsec: 0, retryCount: 0, servers: [202.96.134.133, 202.96.128.166], domains: [], tlsName: , tlsServers: [202.96.134.133, 202.96.128.166], tlsFingerprints: [], caCertificate: , tlsConnectTimeoutMs: 0, resolverOptions: (null), transportTypes: [1]}) <0.49ms>
05-30 08:38:46.886 1743 1743 I Zygote : seccomp disabled by setenforce 0
05-30 08:38:46.910 407 425 I adbd : jdwp connection from 1743
05-30 08:38:46.930 484 627 W ContextImpl: Calling a method in the system process without a qualified user: android.app.ContextImpl.sendStickyBroadcast:1559 com.android.server.ConnectivityService.sendStickyBroadcast:2884 com.android.server.ConnectivityService.sendGeneralBroadcast:2859 com.android.server.ConnectivityService.sendInetConditionBroadcast:2836 com.android.server.ConnectivityService.updateInetCondition:8529
05-30 08:38:46.934 484 590 D CompatibilityChangeReporter: Compat change id reported: 168419799; UID 10073; state: DISABLED
05-30 08:38:46.953 1743 1743 D CompatibilityChangeReporter: Compat change id reported: 171979766; UID 10073; state: DISABLED
05-30 08:38:46.968 1743 1743 D ApplicationLoaders: Returning zygote-cached class loader: /system/framework/android.test.base.jar
05-30 08:38:47.001 1043 1043 W System.err: SLF4J: Failed to load class "org.slf4j.impl.StaticLoggerBinder".
05-30 08:38:47.001 1043 1043 W System.err: SLF4J: Defaulting to no-operation (NOP) logger implementation
05-30 08:38:47.001 1043 1043 W System.err: SLF4J: See http://www.slf4j.org/codes.html#StaticLoggerBinder for further details.
05-30 08:38:47.016 1043 1043 D LanSocketServer: connect /192.168.3.141:6689
05-30 08:38:47.017 1043 1043 D LanSocketServer: connect start
05-30 08:38:47.017 1043 1043 E LanCommander: onNetWorkChanged: true
05-30 08:38:47.020 484 817 D WifiMemoryStoreImpl: Set cluster G39fcc63f9881d2c0 for Wcb9a14f3f39cb31a: SUCCESS
05-30 08:38:47.039 1043 1043 E LanCommander: onNetWorkChanged: true
05-30 08:38:47.042 1043 1766 E LanCommander: onServerCreatedSuccess 192.168.3.141:6689
05-30 08:38:47.090 1092 1440 D AppListModel: requestAppFilterList: success
05-30 08:38:47.090 1092 1440 D AppListModel: updateList
05-30 08:38:47.090 1092 1440 D AppListModel: updateList: resetAppList
05-30 08:38:47.101 1092 1191 E hq : WeatherRefresh:::请求网络地址后,更新的地理位置为:101280601
05-30 08:38:47.107 1043 1766 E RCInfo : vid:
05-30 08:38:47.108 1043 1766 E RCInfo : pid:
05-30 08:38:47.108 1043 1766 E RCInfo : RCBrand:NA
05-30 08:38:47.108 1043 1766 E RCInfo : vid:
05-30 08:38:47.108 1043 1766 E RCInfo : pid:
05-30 08:38:47.109 1043 1766 E RCInfo : vid:
05-30 08:38:47.109 1043 1766 E RCInfo : pid:
05-30 08:38:47.110 1043 1766 E RCInfo : vid:
05-30 08:38:47.110 1043 1766 E RCInfo : pid:
05-30 08:38:47.110 1043 1766 E RCInfo : RCBrand:NA
05-30 08:38:47.110 1043 1766 E RCInfo : vid:
05-30 08:38:47.110 1043 1766 E RCInfo : pid:
05-30 08:38:47.128 484 590 D WifiMemoryStoreImpl: Set cluster G39fcc63f9881d2c0 for Wbffc4e96e2855581: SUCCESS
05-30 08:38:47.135 1043 1766 E RCInfo : vid:
05-30 08:38:47.135 1043 1766 E RCInfo : pid:
01-01 08:00:32.325 1766 1766 W audit : audit_lost=179 audit_rate_limit=5 audit_backlog_limit=64
01-01 08:00:32.340 1766 1766 E audit : rate limit exceeded
05-30 08:38:47.190 1092 1363 E hq : WeatherRefresh:::请求网络地址后,更新的地理位置为:101280601
05-30 08:38:47.203 1043 1304 D getEthernetMacAddr: getEthernetMacAddr use eth0
05-30 08:38:47.212 1043 1766 D getEthernetMacAddr: getEthernetMacAddr use eth0
05-30 08:38:47.247 1743 1743 V GraphicsEnvironment: ANGLE Developer option for 'com.android.permissioncontroller' set to: 'default'
05-30 08:38:47.247 1743 1743 V GraphicsEnvironment: Neither updatable production driver nor prerelease driver is supported.
05-30 08:38:47.260 1043 1304 D getEthernetMacAddr: getEthernetMacAddr use eth0
05-30 08:38:47.267 1743 1743 D NetworkSecurityConfig: No Network Security Config specified, using platform default
05-30 08:38:47.268 1743 1743 D NetworkSecurityConfig: No Network Security Config specified, using platform default
05-30 08:38:47.278 1043 1766 D getEthernetMacAddr: getEthernetMacAddr use eth0
05-30 08:38:47.293 1133 1133 D aaa : WiFi is connect
05-30 08:38:47.301 1133 1133 D aaa : WiFi is connect
05-30 08:38:47.317 1133 1133 D aaa : WiFi is connect
05-30 08:38:47.324 484 532 W IorapForwardingService: No service published for: iorapd
05-30 08:38:47.331 1133 1133 D aaa : WiFi is connect
05-30 08:38:47.332 484 590 D WifiMemoryStoreImpl: Set cluster G39fcc63f9881d2c0 for W39fcc63f9881d2c0: SUCCESS
05-30 08:38:47.348 1743 1743 I CarUiInstaller: CarUiInstaller started for com.android.permissioncontroller
05-30 08:38:47.357 1092 1363 E hq : 当小贝:::message list add complete data.messageList:[]
05-30 08:38:47.357 1092 1363 E hq : data.tabList=[]
05-30 08:38:47.357 1092 1363 I hq : 当小贝:::showMessage from=requestGetMessageRemind
05-30 08:38:47.357 1043 1305 W lerad.etna.haq: Long monitor contention with owner DefaultDispatcher-worker-2 (1304) at java.lang.Object kotlin.SynchronizedLazyImpl.getValue()(LazyJVM.kt:69) waiters=0 in java.lang.Object kotlin.SynchronizedLazyImpl.getValue() for 204ms
05-30 08:38:47.358 1092 1191 I hq : 当小贝:::showMessage 没有消息需要显示
05-30 08:38:47.360 1043 1781 W lerad.etna.haq: Long monitor contention with owner DefaultDispatcher-worker-2 (1304) at java.lang.Object kotlin.SynchronizedLazyImpl.getValue()(LazyJVM.kt:69) waiters=1 in java.lang.Object kotlin.SynchronizedLazyImpl.getValue() for 199ms
05-30 08:38:47.367 1043 1780 W lerad.etna.haq: Long monitor contention with owner DefaultDispatcher-worker-2 (1304) at java.lang.Object kotlin.SynchronizedLazyImpl.getValue()(LazyJVM.kt:69) waiters=2 in java.lang.Object kotlin.SynchronizedLazyImpl.getValue() for 197ms
05-30 08:38:47.385 484 620 D WifiClientModeImpl[wlan0]: Received signal strength thresholds: []
05-30 08:38:47.419 1743 1743 W Role : Cannot get ApplicationInfo for default holder: com.android.messaging
05-30 08:38:47.436 484 620 E WifiVendorHal: stopRssiMonitoring(l.2617) failed {.code = ERROR_NOT_AVAILABLE, .description = }
05-30 08:38:47.454 484 620 W LastMileLogger: Failed to stop event tracing: /sys/kernel/debug/tracing/instances/wifi/tracing_on: open failed: ENOENT (No such file or directory)
05-30 08:38:47.504 1743 1743 I HibernationPolicy: scheduleHibernationJob with frequency 1296000000ms and threshold 7776000000ms
05-30 08:38:47.507 1743 1743 I HibernationPolicy: user 0 is a profileowner. Running hibernation job.
05-30 08:38:47.509 1743 1743 I HibernationPolicy: Job already scheduled.
05-30 08:38:47.512 484 844 D CompatibilityChangeReporter: Compat change id reported: 135634846; UID 10013; state: DISABLED
05-30 08:38:47.512 484 844 D CompatibilityChangeReporter: Compat change id reported: 177438394; UID 10013; state: DISABLED
05-30 08:38:47.512 484 844 D CompatibilityChangeReporter: Compat change id reported: 135772972; UID 10013; state: DISABLED
05-30 08:38:47.512 484 844 D CompatibilityChangeReporter: Compat change id reported: 135754954; UID 10013; state: ENABLED
05-30 08:38:47.523 484 548 D CompatibilityChangeReporter: Compat change id reported: 143937733; UID 10013; state: ENABLED
05-30 08:38:47.543 255 255 D Zygote : Forked child process 1809
05-30 08:38:47.544 484 548 I ActivityManager: app.processName = com.android.providers.calendar
05-30 08:38:47.544 484 548 I ActivityManager: Start proc 1809:com.android.providers.calendar/u0a13 for broadcast {com.android.providers.calendar/com.android.providers.calendar.CalendarReceiver}
05-30 08:38:47.558 1092 1102 I d.leradlaunche: Background concurrent copying GC freed 111352(6142KB) AllocSpace objects, 15(1588KB) LOS objects, 49% free, 7013KB/13MB, paused 252us total 477.599ms
05-30 08:38:47.560 1809 1809 I Zygote : seccomp disabled by setenforce 0
05-30 08:38:47.547 1043 1780 I okhttp.OkHttpClient: --> POST http://tymsgapi.qun7.com/v1/core/rom (519-byte body)
05-30 08:38:47.567 1043 1781 I okhttp.OkHttpClient: --> POST http://tyapi.qun7.com/v1/core/launcherota (519-byte body)
05-30 08:38:47.586 407 425 I adbd : jdwp connection from 1809
05-30 08:38:47.595 1043 1784 I okhttp.OkHttpClient: --> POST http://tyapi.qun7.com/v1/core/launcherota (519-byte body)
05-30 08:38:47.620 484 844 D CompatibilityChangeReporter: Compat change id reported: 168419799; UID 10013; state: DISABLED
05-30 08:38:47.623 1043 1304 I okhttp.OkHttpClient: --> POST http://tymsgapi.qun7.com/v1/core/rom (519-byte body)
05-30 08:38:47.624 1043 1305 I okhttp.OkHttpClient: --> POST http://tymsgapi.qun7.com/v1/core/logip (588-byte body)
05-30 08:38:47.642 484 502 I system_server: Background young concurrent copying GC freed 174287(9082KB) AllocSpace objects, 70(2072KB) LOS objects, 37% free, 14MB/22MB, paused 4.607ms total 1.404s
05-30 08:38:47.646 1809 1809 D CompatibilityChangeReporter: Compat change id reported: 171979766; UID 10013; state: ENABLED
05-30 08:38:47.644 1806 1806 I rainbow_flow: type=1400 audit(0.0:631): avc: denied { ioctl } for path="/dev/spidev1.0" dev="tmpfs" ino=3840 ioctlcmd=0x6b00 scontext=u:r:init:s0 tcontext=u:object_r:device:s0 tclass=chr_file permissive=1
05-30 08:38:47.656 1825 1825 I cmd : type=1400 audit(0.0:632): avc: denied { call } for scontext=u:r:preinstall:s0 tcontext=u:r:servicemanager:s0 tclass=binder permissive=1
05-30 08:38:47.684 1043 1043 I WebSocketSelect: type=1400 audit(0.0:633): avc: denied { read } for name="address" dev="sysfs" ino=26474 scontext=u:r:system_app:s0 tcontext=u:object_r:sysfs:s0 tclass=file permissive=1
05-30 08:38:47.715 1043 1784 I okhttp.OkHttpClient: <-- 200 OK http://tyapi.qun7.com/v1/core/launcherota (119ms, unknown-length body)
05-30 08:38:47.717 1043 1780 I okhttp.OkHttpClient: <-- 200 OK http://tymsgapi.qun7.com/v1/core/rom (155ms, unknown-length body)
05-30 08:38:47.731 1043 1303 I okhttp.OkHttpClient: --> POST http://tymsgapi.qun7.com/v1/core/appupdate (3230-byte body)
05-30 08:38:47.732 1043 1783 I okhttp.OkHttpClient: --> POST http://tymsgapi.qun7.com/v1/core/appupdate (3230-byte body)
05-30 08:38:47.737 1043 1305 I okhttp.OkHttpClient: <-- 200 OK http://tymsgapi.qun7.com/v1/core/logip (112ms, 81-byte body)
05-30 08:38:47.745 1043 1304 I okhttp.OkHttpClient: <-- 200 OK http://tymsgapi.qun7.com/v1/core/rom (122ms, unknown-length body)
05-30 08:38:47.753 1043 1305 I HttpUtil: success
05-30 08:38:47.688 1043 1043 I WebSocketSelect: type=1400 audit(0.0:634): avc: denied { open } for path="/sys/devices/platform/unisoc_wifi/net/wlan1/address" dev="sysfs" ino=26474 scontext=u:r:system_app:s0 tcontext=u:object_r:sysfs:s0 tclass=file permissive=1
05-30 08:38:47.688 1043 1043 I WebSocketSelect: type=1400 audit(0.0:635): avc: denied { getattr } for path="/sys/devices/platform/unisoc_wifi/net/wlan1/address" dev="sysfs" ino=26474 scontext=u:r:system_app:s0 tcontext=u:object_r:sysfs:s0 tclass=file permissive=1
05-30 08:38:47.763 1043 1043 E ccc : cccccc requestOtaInfo result BaseResponse{message='success', data=OtaUpdateBean{downloadId='3870', updateType=1, romVersionName='5.0.0.7', romCode=5555, current=0, romMd5v='b3f7da91ed484352ce62a858ef19ad2d', romLength=702223434, romSize='669.7 MB', downUrl='http://dl.qun7.com/H5/H5/5.0.0.7-20250530-bkue/H5_618_20250529_2_ota.zip', reUrl='http://dl.v5tv.com/H5/H5/5.0.0.7-20250530-bkue/H5_618_20250529_2_ota.zip', reUrl2='http://dl.tymcdn.com/H5/H5/5.0.0.7-20250530-bkue/H5_618_20250529_2_ota.zip', tempUrl='null', remark='30号早上10点配置OTA固件
05-30 08:38:47.763 1043 1043 E ccc :
05-30 08:38:47.763 1043 1043 E ccc : H5_618_20250529_2
05-30 08:38:47.763 1043 1043 E ccc : 链接: https://pan.baidu.com/s/1i7YAv1_2khI-Urp-1nDukg?pwd=bkue 提取码: bkue
05-30 08:38:47.763 1043 1043 E ccc : 1.修复深度清理卡死log异常 对应Redmine bug 10
05-30 08:38:47.763 1043 1043 E ccc : 2.47981 47937对应相关禅道bug
05-30 08:38:47.763 1043 1043 E ccc : 对应Redmine bug #29 #19 #78 #52 #27 #26', status=idle, progress=0.0, filterMac=[], localPath='null', popup=1, isPaused=false, cancelled=false, extraInfo='null'}, code=0}
05-30 08:38:47.770 1043 1781 I okhttp.OkHttpClient: <-- 200 OK http://tyapi.qun7.com/v1/core/launcherota (202ms, unknown-length body)
05-30 08:38:47.772 484 1130 D WifiMemoryStoreImpl: Set cluster G39fcc63f9881d2c0 for W2272e3b46b105b: SUCCESS
05-30 08:38:47.776 1043 1043 E ccc : cccccc com.dangbei.haqusetting not connect
05-30 08:38:47.776 1043 1043 E ccc : cccccc updateHelper 通知更新
05-30 08:38:47.776 1043 1043 E ccc : cccccc OtaUpdateHelper 普通更新 1
05-30 08:38:47.778 484 504 W System : A resource failed to call close.
05-30 08:38:47.778 484 504 W System : A resource failed to call close.
05-30 08:38:47.783 1043 1303 I okhttp.OkHttpClient: <-- 200 OK http://tymsgapi.qun7.com/v1/core/appupdate (51ms, unknown-length body)
05-30 08:38:47.801 1043 1043 E ccc : cccccc launcher ota response is BaseResponse{message='success', data=UpgradeInfoEntity{contentLength=0, versionName='', versionCode=0, remark='', list=[]}, code=0}
05-30 08:38:47.801 1043 1043 W System.err: java.lang.IndexOutOfBoundsException: Index: 0, Size: 0
05-30 08:38:47.803 1043 1783 I okhttp.OkHttpClient: <-- 200 OK http://tymsgapi.qun7.com/v1/core/appupdate (63ms, unknown-length body)
05-30 08:38:47.812 1043 1043 W System.err: at java.util.ArrayList.get(ArrayList.java:437)
05-30 08:38:47.812 1043 1043 W System.err: at com.dangbei.etna.update.launcher.LauncherUpdateHelper$requestLauncherUpdateInfo$1$2.invoke(LauncherUpdateHelper.kt:198)
05-30 08:38:47.812 1043 1043 W System.err: at com.dangbei.etna.update.launcher.LauncherUpdateHelper$requestLauncherUpdateInfo$1$2.invoke(LauncherUpdateHelper.kt:189)
05-30 08:38:47.812 1043 1043 W System.err: at com.etna.haqu.support.ext.FlowExtKt$safeCollect$3.emit(FlowExt.kt:52)
05-30 08:38:47.812 1043 1043 W System.err: at kotlinx.coroutines.flow.FlowKt__ErrorsKt$catchImpl$2.emit(Errors.kt:158)
05-30 08:38:47.812 1043 1043 W System.err: at kotlinx.coroutines.flow.FlowKt__ChannelsKt.emitAllImpl$FlowKt__ChannelsKt(Channels.kt:62)
05-30 08:38:47.812 1043 1043 W System.err: at kotlinx.coroutines.flow.FlowKt__ChannelsKt.access$emitAllImpl$FlowKt__ChannelsKt(Channels.kt:1)
05-30 08:38:47.812 1043 1043 W System.err: at kotlinx.coroutines.flow.FlowKt__ChannelsKt$emitAllImpl$1.invokeSuspend(Unknown Source:14)
05-30 08:38:47.812 1043 1043 W System.err: at kotlin.coroutines.jvm.internal.BaseContinuationImpl.resumeWith(ContinuationImpl.kt:33)
05-30 08:38:47.812 1043 1043 W System.err: at kotlinx.coroutines.DispatchedTask.run(DispatchedTask.kt:106)
05-30 08:38:47.812 1043 1043 W System.err: at android.os.Handler.handleCallback(Handler.java:938)
05-30 08:38:47.812 1043 1043 W System.err: at android.os.Handler.dispatchMessage(Handler.java:99)
05-30 08:38:47.812 1043 1043 W System.err: at android.os.Looper.loopOnce(Looper.java:201)
05-30 08:38:47.812 1043 1043 W System.err: at android.os.Looper.loop(Looper.java:288)
05-30 08:38:47.812 1043 1043 W System.err: at android.app.ActivityThread.main(ActivityThread.java:7854)
05-30 08:38:47.812 1043 1043 W System.err: at java.lang.reflect.Method.invoke(Native Method)
05-30 08:38:47.812 1043 1043 W System.err: at com.android.internal.os.RuntimeInit$MethodAndArgsCaller.run(RuntimeInit.java:548)
05-30 08:38:47.812 1043 1043 W System.err: at com.android.internal.os.ZygoteInit.main(ZygoteInit.java:1182)
05-30 08:38:47.814 1043 1766 E HigherBroadcastServer: {"bluetoothBoot":false,"bluetoothController":false,"bluetoothMac":"B4:2F:03:15:A3:36","deviceModel":"DBBOX-A2","deviceModelNumber":"H5232","deviceName":"客厅的当贝盒子","findController":1,"hostName":"192.168.3.141","inetAddress":"192.168.3.141","mac":"20:02:FE:19:C1:FD","port":6689,"romCode":5007,"romVersion":"5.0.0.7","wifiMac":"B4:2F:03:16:18:C0","deviceId":"43a27052f3736d01c6a83619249d7c33","sn":"DZOH58251929088"}
05-30 08:38:47.814 1043 1766 W NsdServiceInfo: Key lengths > 9 are discouraged: deviceModel
05-30 08:38:47.814 1043 1766 W NsdServiceInfo: Key lengths > 9 are discouraged: deviceModelNumber
05-30 08:38:47.814 1043 1766 W NsdServiceInfo: Key lengths > 9 are discouraged: deviceName
05-30 08:38:47.814 1043 1766 W NsdServiceInfo: Key lengths > 9 are discouraged: romVersion
05-30 08:38:47.814 1043 1766 W NsdServiceInfo: Key lengths > 9 are discouraged: findController
05-30 08:38:47.816 1043 1059 I lerad.etna.haq: Background young concurrent copying GC freed 24265(2524KB) AllocSpace objects, 9(180KB) LOS objects, 0% free, 6488KB/6488KB, paused 5.962ms total 566.346ms
05-30 08:38:47.817 1043 1043 E ccc : cccccc com.dangbei.haqusetting not connect
05-30 08:38:47.817 1043 1043 E ccc : cccccc updateHelper 通知更新
05-30 08:38:47.818 1043 1043 E ccc : cccccc launcher ota response is BaseResponse{message='success', data=UpgradeInfoEntity{contentLength=0, versionName='', versionCode=0, remark='', list=[]}, code=0}
05-30 08:38:47.818 1043 1043 W System.err: java.lang.IndexOutOfBoundsException: Index: 0, Size: 0
05-30 08:38:47.822 1043 1066 W System : A resource failed to call close.
05-30 08:38:47.822 1043 1066 W System : A resource failed to call close.
05-30 08:38:47.822 1043 1066 W System : A resource failed to call close.
05-30 08:38:47.822 1043 1066 W System : A resource failed to call close.
05-30 08:38:47.822 1043 1066 W System : A resource failed to call close.
05-30 08:38:47.822 1043 1066 W System : A resource failed to call close.
05-30 08:38:47.823 1043 1043 W System.err: at java.util.ArrayList.get(ArrayList.java:437)
05-30 08:38:47.823 1043 1043 W System.err: at com.dangbei.etna.update.launcher.LauncherUpdateHelper$requestLauncherUpdateInfo$1$2.invoke(LauncherUpdateHelper.kt:198)
05-30 08:38:47.823 1043 1043 W System.err: at com.dangbei.etna.update.launcher.LauncherUpdateHelper$requestLauncherUpdateInfo$1$2.invoke(LauncherUpdateHelper.kt:189)
05-30 08:38:47.823 1043 1043 W System.err: at com.etna.haqu.support.ext.FlowExtKt$safeCollect$3.emit(FlowExt.kt:52)
05-30 08:38:47.823 1043 1043 W System.err: at kotlinx.coroutines.flow.FlowKt__ErrorsKt$catchImpl$2.emit(Errors.kt:158)
05-30 08:38:47.823 1043 1043 W System.err: at kotlinx.coroutines.flow.FlowKt__ChannelsKt.emitAllImpl$FlowKt__ChannelsKt(Channels.kt:62)
05-30 08:38:47.823 1043 1043 W System.err: at kotlinx.coroutines.flow.FlowKt__ChannelsKt.access$emitAllImpl$FlowKt__ChannelsKt(Channels.kt:1)
05-30 08:38:47.823 1043 1043 W System.err: at kotlinx.coroutines.flow.FlowKt__ChannelsKt$emitAllImpl$1.invokeSuspend(Unknown Source:14)
05-30 08:38:47.823 1043 1043 W System.err: at kotlin.coroutines.jvm.internal.BaseContinuationImpl.resumeWith(ContinuationImpl.kt:33)
05-30 08:38:47.823 1043 1043 W System.err: at kotlinx.coroutines.DispatchedTask.run(DispatchedTask.kt:106)
05-30 08:38:47.823 1043 1043 W System.err: at android.os.Handler.handleCallback(Handler.java:938)
05-30 08:38:47.823 1043 1043 W System.err: at android.os.Handler.dispatchMessage(Handler.java:99)
05-30 08:38:47.823 1043 1043 W System.err: at android.os.Looper.loopOnce(Looper.java:201)
05-30 08:38:47.823 1043 1043 W System.err: at android.os.Looper.loop(Looper.java:288)
05-30 08:38:47.823 1043 1043 W System.err: at android.app.ActivityThread.main(ActivityThread.java:7854)
05-30 08:38:47.823 1043 1043 W System.err: at java.lang.reflect.Method.invoke(Native Method)
05-30 08:38:47.823 1043 1043 W System.err: at com.android.internal.os.RuntimeInit$MethodAndArgsCaller.run(RuntimeInit.java:548)
05-30 08:38:47.823 1043 1043 W System.err: at com.android.internal.os.ZygoteInit.main(ZygoteInit.java:1182)
05-30 08:38:47.827 1043 1043 E ccc : cccccc com.dangbei.haqusetting not connect
05-30 08:38:47.827 1043 1043 E ccc : cccccc updateHelper 通知更新
05-30 08:38:47.828 1043 1043 E ccc : cccccc requestOtaInfo result BaseResponse{message='success', data=OtaUpdateBean{downloadId='3870', updateType=1, romVersionName='5.0.0.7', romCode=5555, current=0, romMd5v='b3f7da91ed484352ce62a858ef19ad2d', romLength=702223434, romSize='669.7 MB', downUrl='http://dl.qun7.com/H5/H5/5.0.0.7-20250530-bkue/H5_618_20250529_2_ota.zip', reUrl='http://dl.v5tv.com/H5/H5/5.0.0.7-20250530-bkue/H5_618_20250529_2_ota.zip', reUrl2='http://dl.tymcdn.com/H5/H5/5.0.0.7-20250530-bkue/H5_618_20250529_2_ota.zip', tempUrl='null', remark='30号早上10点配置OTA固件
05-30 08:38:47.828 1043 1043 E ccc :
05-30 08:38:47.828 1043 1043 E ccc : H5_618_20250529_2
05-30 08:38:47.828 1043 1043 E ccc : 链接: https://pan.baidu.com/s/1i7YAv1_2khI-Urp-1nDukg?pwd=bkue 提取码: bkue
05-30 08:38:47.828 1043 1043 E ccc : 1.修复深度清理卡死log异常 对应Redmine bug 10
05-30 08:38:47.828 1043 1043 E ccc : 2.47981 47937对应相关禅道bug
05-30 08:38:47.828 1043 1043 E ccc : 对应Redmine bug #29 #19 #78 #52 #27 #26', status=idle, progress=0.0, filterMac=[], localPath='null', popup=1, isPaused=false, cancelled=false, extraInfo='null'}, code=0}
05-30 08:38:47.831 1043 1043 E ccc : cccccc com.dangbei.haqusetting not connect
05-30 08:38:47.831 1043 1043 E ccc : cccccc updateHelper 通知更新
05-30 08:38:47.831 1043 1043 E ccc : cccccc OtaUpdateHelper 普通更新 1
05-30 08:38:47.839 1809 1809 V GraphicsEnvironment: ANGLE Developer option for 'com.android.providers.calendar' set to: 'default'
05-30 08:38:47.840 1809 1809 V GraphicsEnvironment: Neither updatable production driver nor prerelease driver is supported.
05-30 08:38:47.841 484 630 D NsdService: Register service
05-30 08:38:47.842 484 630 D NsdService: registerService: 2 name: 192.168.3.141, type: _db_controller._tcp, host: /192.168.3.141, port: 6689, txtRecord: deviceModel=DBBOX-A2romVersion=5.0.0.7findController=1sn=DZOH58251929088mac=20:02:FE:19:C1:FD deviceName=客厅的当贝盒子)deviceId=43a27052f3736d01c6a83619249d7c33deviceModelNumber=H5232 romCode=5007
05-30 08:38:47.842 484 630 D NsdService: mdnssd [register, 2, 192.168.3.141, _db_controller._tcp, 6689, FGRldmljZU1vZGVsPURCQk9YLUEyEnJvbVZlcnNpb249NS4wLjAuNxBmaW5kQ29udHJvbGxlcj0xEnNuPURaT0g1ODI1MTkyOTA4OBVtYWM9MjA6MDI6RkU6MTk6QzE6RkQgZGV2aWNlTmFtZT3lrqLljoXnmoTlvZPotJ3nm5LlrZApZGV2aWNlSWQ9NDNhMjcwNTJmMzczNmQwMWM2YTgzNjE5MjQ5ZDdjMzMXZGV2aWNlTW9kZWxOdW1iZXI9SDUyMzIMcm9tQ29kZT01MDA3]
05-30 08:38:47.842 254 300 D MDnsDS : serviceRegister(2, (null), 192.168.3.141, _db_controller._tcp, (null), (null), 6689, 210, )
05-30 08:38:47.844 254 300 D MDnsDS : startMonitoring 2
05-30 08:38:47.844 254 300 D MDnsDS : triggering rescan
05-30 08:38:47.844 254 300 D MDnsDS : serviceRegister successful
05-30 08:38:47.844 254 299 D MDnsDS : Monitor poll got data pollCount = 1, 1
05-30 08:38:47.844 254 299 D MDnsDS : controlSocket shows revent= 1
05-30 08:38:47.844 254 299 D MDnsDS : MDnsSdListener::Monitor got 1
05-30 08:38:47.844 254 299 D MDnsDS : MDnsSdListener::Monitor poll rescanning - size=10, live=1
05-30 08:38:47.844 254 299 D MDnsDS : Going to poll with pollCount 2
05-30 08:38:47.845 484 630 D NsdService: Register 2 2
05-30 08:38:47.855 1809 1809 D NetworkSecurityConfig: No Network Security Config specified, using platform default
05-30 08:38:47.855 484 620 I WifiClientModeImpl: Default Gateway MAC address of 58:c7:ac:78:f0:02 from routes is : 70:3a:a6:36:a8:d7
05-30 08:38:47.856 1809 1809 D NetworkSecurityConfig: No Network Security Config specified, using platform default
05-30 08:38:47.872 484 620 D WifiConfigStore: Writing to stores completed in 12 ms.
05-30 08:38:47.886 667 667 E WifiHAL : wifi_get_link_stats: requestResponse Error:-5
05-30 08:38:47.888 484 620 E WifiVendorHal: getWifiLinkLayerStats_1_5_Internal(l.1191) failed {.code = ERROR_INVALID_ARGS, .description = }
05-30 08:38:47.901 1092 1092 E hq : listenerNet:::重新来网了 key=image_error isConnect=true
05-30 08:38:47.902 1092 1092 E hq : listenerNet:::重新来网了 key=requestAppWhiteList isConnect=true
05-30 08:38:47.903 1092 1092 E hq : listenerNet:::重新来网了 key=ConfigureInterface:Init isConnect=true
05-30 08:38:47.912 1092 1092 E hq : listenerNet:::重新来网了 key=requestGetMessageRemind isConnect=true
05-30 08:38:47.917 1092 1092 E hq : listenerNet:::重新来网了 key=requestMessageConfig isConnect=true
05-30 08:38:47.919 1092 1092 E hq : listenerNet:::重新来网了 key=requestMessageDialog isConnect=true
05-30 08:38:47.920 1092 1092 E hq : listenerNet:::重新来网了 key=requestNetAppAdInfo isConnect=true
05-30 08:38:47.920 1092 1092 I Choreographer: Skipped 71 frames! The application may be doing too much work on its main thread.
05-30 08:38:47.922 1092 1440 D yc_test : refreshWeather: null
05-30 08:38:47.923 1092 1092 E hq : NetWorkStateReceiver:::NetWorkStateReceiver onReceive: 网络变化广播 >>>> intent.action=android.net.conn.CONNECTIVITY_CHANGE
05-30 08:38:47.925 1092 1092 E hq : NetWorkStateReceiver:::Network is available. isConnect=true 是否频次过快=true t=1748565527924
05-30 08:38:47.925 1092 1092 W eventbuscore: post Event:com.dangbei.leard.base.entity.event.NetChangeEvent
05-30 08:38:47.951 1092 1106 I OpenGLRenderer: Davey! duration=9223372007183ms; Flags=0, FrameTimelineVsyncId=688, IntendedVsync=29670999840, Vsync=30854333126, InputEventId=0, HandleInputStart=30861131222, AnimationStart=30861135472, PerformTraversalsStart=30861293222, DrawStart=30861407597, FrameDeadline=29704333172, FrameInterval=30861070472, FrameStartTime=16666666, SyncQueued=30861594263, SyncStart=30862126138, IssueDrawCommandsStart=30864191263, SwapBuffers=30879980263, FrameCompleted=9223372036854775807, DequeueBufferDuration=41916, QueueBufferDuration=1753083, GpuCompleted=9223372036854775807, SwapBuffersCompleted=30885951263, DisplayPresentTime=0,
05-30 08:38:47.969 1043 1059 I lerad.etna.haq: Background concurrent copying GC freed 51073(3225KB) AllocSpace objects, 3(52KB) LOS objects, 49% free, 3466KB/6933KB, paused 144us total 137.967ms
05-30 08:38:47.973 1809 1809 I CalendarProvider2: Created com.android.providers.calendar.CalendarAlarmManager@bd9a95d(com.android.providers.calendar.CalendarProvider2@835a2d2)
05-30 08:38:47.992 1809 1874 D CompatibilityChangeReporter: Compat change id reported: 160794467; UID 10013; state: ENABLED
05-30 08:38:48.020 1092 1439 D AppManager: checkLocalAppsIsValid:
05-30 08:38:48.026 192 192 E SELinux : avc: denied { find } for pid=1876 uid=0 name=activity scontext=u:r:preinstall:s0 tcontext=u:object_r:activity_service:s0 tclass=service_manager permissive=1
05-30 08:38:48.033 1133 1133 D aaa : LedStatusService onStartCommand begin
05-30 08:38:48.034 1133 1881 D aaa : topPkg is -------------- :com.dangbei.leard.leradlauncher
05-30 08:38:48.037 1133 1881 D aaa : WiFi is connect
05-30 08:38:48.042 1092 1442 E hq : ErrorCoroutineExceptionHandler:::runTry error:com.dangbei.leard.base.proider.error.EmptyApiException: 数据为空 from=requestMessageDialog from=requestMessageDialog
05-30 08:38:48.050 484 590 D CompatibilityChangeReporter: Compat change id reported: 171306433; UID 10013; state: ENABLED
05-30 08:38:48.064 484 1850 D CompatibilityChangeReporter: Compat change id reported: 143231523; UID 10013; state: DISABLED
05-30 08:38:48.064 484 590 D CompatibilityChangeReporter: Compat change id reported: 168419799; UID 10015; state: DISABLED
05-30 08:38:48.075 1092 1470 I dangbei ad sdk: AdSplashView::show offline ad
05-30 08:38:48.083 1271 1271 D NetworkSecurityConfig: No Network Security Config specified, using platform default
05-30 08:38:48.117 484 1850 D CompatibilityChangeReporter: Compat change id reported: 135634846; UID 10019; state: DISABLED
05-30 08:38:48.118 484 1850 D CompatibilityChangeReporter: Compat change id reported: 177438394; UID 10019; state: DISABLED
05-30 08:38:48.118 484 1850 D CompatibilityChangeReporter: Compat change id reported: 135772972; UID 10019; state: DISABLED
05-30 08:38:48.119 484 1850 D CompatibilityChangeReporter: Compat change id reported: 135754954; UID 10019; state: ENABLED
05-30 08:38:48.121 484 548 D CompatibilityChangeReporter: Compat change id reported: 143937733; UID 10019; state: ENABLED
05-30 08:38:48.143 255 255 D Zygote : Forked child process 1898
05-30 08:38:48.145 484 548 I ActivityManager: app.processName = com.android.providers.tv
05-30 08:38:48.145 484 548 I ActivityManager: Start proc 1898:com.android.providers.tv/u0a19 for broadcast {com.android.providers.tv/com.android.providers.tv.BootCompletedReceiver}
05-30 08:38:48.162 1898 1898 I Zygote : seccomp disabled by setenforce 0
05-30 08:38:48.164 484 531 D AW_CODE : rotation =0
05-30 08:38:48.170 484 531 D AW_CODE : rotation =0
05-30 08:38:48.176 484 484 W InputMethodManagerService: Illegal subtype state: old subtype = null, new subtype = android.view.inputmethod.InputMethodSubtype@129f21f8
05-30 08:38:48.179 484 533 D ColorDisplayService: NightDisplayTintController Animation cancelled: false to matrix:
05-30 08:38:48.179 484 533 D ColorDisplayService: 1.000000 0.000000 0.000000 0.000000 0.000000 1.000000 0.000000 0.000000 0.000000 0.000000 1.000000 0.000000 0.000000 0.000000 0.000000 1.000000 min matrix coefficients:
05-30 08:38:48.179 484 533 D ColorDisplayService: 1.000000 0.000000 0.000000 0.000000 0.000000 1.000000 0.000000 0.000000 0.000000 0.000000 1.000000 0.000000 0.000000 0.000000 0.000000 1.000000 max matrix coefficients:
05-30 08:38:48.179 484 533 D ColorDisplayService: 1.000000 0.000000 0.000000 0.000000 0.000000 1.000000 0.000000 0.000000 0.000000 0.000000 1.000000 0.000000 0.000000 0.000000 0.000000 1.000000
05-30 08:38:48.179 484 531 D AW_CODE : rotation =0
05-30 08:38:48.181 407 425 I adbd : jdwp connection from 1898
01-01 08:00:33.366 1908 1908 W audit : audit_lost=206 audit_rate_limit=5 audit_backlog_limit=64
01-01 08:00:33.375 1908 1908 E audit : rate limit exceeded
05-30 08:38:48.209 484 590 D CompatibilityChangeReporter: Compat change id reported: 168419799; UID 10019; state: DISABLED
05-30 08:38:48.221 1898 1898 D CompatibilityChangeReporter: Compat change id reported: 171979766; UID 10019; state: ENABLED
05-30 08:38:48.262 1092 1092 E weather :
05-30 08:38:48.305 1898 1898 V GraphicsEnvironment: ANGLE Developer option for 'com.android.providers.tv' set to: 'default'
05-30 08:38:48.305 1898 1898 V GraphicsEnvironment: Neither updatable production driver nor prerelease driver is supported.
05-30 08:38:48.311 1898 1898 D NetworkSecurityConfig: No Network Security Config specified, using platform default
05-30 08:38:48.311 1898 1898 D NetworkSecurityConfig: No Network Security Config specified, using platform default
05-30 08:38:48.316 1898 1898 D CompatibilityChangeReporter: Compat change id reported: 160794467; UID 10019; state: ENABLED
05-30 08:38:48.326 484 532 W IorapForwardingService: No service published for: iorapd
05-30 08:38:48.332 1092 1092 E weatherWidget: dataChange:Fri May 30 08:38:48 GMT+08:00 2025
05-30 08:38:48.341 1092 1092 E SecondScreen: isShowSecondScreen()=0 getCurrentPageState()=com.monster.gamma.core.LoadService@9854337
05-30 08:38:48.389 484 1850 D CompatibilityChangeReporter: Compat change id reported: 135634846; UID 10048; state: DISABLED
05-30 08:38:48.390 484 548 D CompatibilityChangeReporter: Compat change id reported: 143937733; UID 10048; state: DISABLED
05-30 08:38:48.417 255 255 D Zygote : Forked child process 1934
05-30 08:38:48.418 484 548 I ActivityManager: app.processName = com.sohu.inputmethod.sogou.tv
05-30 08:38:48.418 484 548 I ActivityManager: Start proc 1934:com.sohu.inputmethod.sogou.tv/u0a48 for service {com.sohu.inputmethod.sogou.tv/com.sohu.inputmethod.sogou.tv.SogouIME}
05-30 08:38:48.429 1934 1934 I Zygote : seccomp disabled by setenforce 0
05-30 08:38:48.440 667 667 E WifiHAL : wifi_get_link_stats: requestResponse Error:-5
05-30 08:38:48.445 484 620 E WifiVendorHal: getWifiLinkLayerStats_1_5_Internal(l.1191) failed {.code = ERROR_INVALID_ARGS, .description = }
05-30 08:38:48.452 1092 1476 I OpenGLRenderer: Davey! duration=9223372005966ms; Flags=0, FrameTimelineVsyncId=761, IntendedVsync=30887674999, Vsync=31271008317, InputEventId=0, HandleInputStart=31274619222, AnimationStart=31274623514, PerformTraversalsStart=31274627139, DrawStart=31286087180, FrameDeadline=30921008331, FrameInterval=31274609097, FrameStartTime=16666666, SyncQueued=31314198264, SyncStart=31314626889, IssueDrawCommandsStart=31316641930, SwapBuffers=31379432430, FrameCompleted=9223372036854775807, DequeueBufferDuration=63791, QueueBufferDuration=3831000, GpuCompleted=9223372036854775807, SwapBuffersCompleted=31387233347, DisplayPresentTime=0,
05-30 08:38:48.459 484 590 D CompatibilityChangeReporter: Compat change id reported: 172100307; UID 10074; state: DISABLED
05-30 08:38:48.469 407 425 I adbd : jdwp connection from 1934
05-30 08:38:48.487 484 1850 D CompatibilityChangeReporter: Compat change id reported: 135634846; UID 10064; state: DISABLED
05-30 08:38:48.488 484 1850 D CompatibilityChangeReporter: Compat change id reported: 177438394; UID 10064; state: DISABLED
05-30 08:38:48.489 484 1850 D CompatibilityChangeReporter: Compat change id reported: 135772972; UID 10064; state: DISABLED
05-30 08:38:48.489 484 1850 D CompatibilityChangeReporter: Compat change id reported: 135754954; UID 10064; state: ENABLED
05-30 08:38:48.491 484 548 D CompatibilityChangeReporter: Compat change id reported: 143937733; UID 10064; state: ENABLED
05-30 08:38:48.510 484 762 D CompatibilityChangeReporter: Compat change id reported: 168419799; UID 10048; state: DISABLED
05-30 08:38:48.514 255 255 D Zygote : Forked child process 1951
05-30 08:38:48.532 1951 1951 I Zygote : seccomp disabled by setenforce 0
05-30 08:38:48.534 254 299 D MDnsDS : Monitor poll got data pollCount = 2, 1
05-30 08:38:48.534 254 299 D MDnsDS : Monitor found [1].revents = 1 - calling ProcessResults
05-30 08:38:48.534 254 299 D MDnsDS : register succeeded for 2 as 192.168.3.141
05-30 08:38:48.534 254 299 D MDnsDS : controlSocket shows revent= 0
05-30 08:38:48.534 254 299 D MDnsDS : Going to poll with pollCount 2
05-30 08:38:48.540 484 630 D NsdService: Native daemon message SERVICE_REGISTERED: 606 2 "192.168.3.141"
05-30 08:38:48.552 1043 1043 D LanCommander: com.dangbei.andes.bean.RegistrationData@ec2a613----------------onServiceRegistered
05-30 08:38:48.558 484 548 W ActivityManager: Slow operation: 72ms so far, now at startProcess: done updating battery stats
05-30 08:38:48.558 484 548 W ActivityManager: Slow operation: 72ms so far, now at startProcess: building log message
05-30 08:38:48.558 484 548 I ActivityManager: app.processName = com.android.remoteprovisioner
05-30 08:38:48.559 484 548 I ActivityManager: Start proc 1951:com.android.remoteprovisioner/u0a64 for broadcast {com.android.remoteprovisioner/com.android.remoteprovisioner.BootReceiver}
05-30 08:38:48.559 484 548 W ActivityManager: Slow operation: 72ms so far, now at startProcess: starting to update pids map
05-30 08:38:48.560 1092 1439 D AppManager: checkLocalAppsIsValid: success
05-30 08:38:48.557 1934 1934 D CompatibilityChangeReporter: Compat change id reported: 171979766; UID 10048; state: DISABLED
05-30 08:38:48.564 484 548 W ActivityManager: Slow operation: 77ms so far, now at startProcess: done updating pids map
05-30 08:38:48.568 407 425 I adbd : jdwp connection from 1951
05-30 08:38:48.578 1934 1934 D ApplicationLoaders: Returning zygote-cached class loader: /system/framework/android.test.base.jar
05-30 08:38:48.578 1934 1934 D ApplicationLoaders: Returning zygote-cached class loader: /system/framework/android.hidl.manager-V1.0-java.jar
05-30 08:38:48.578 1934 1934 D ApplicationLoaders: Returning zygote-cached class loader: /system/framework/android.hidl.base-V1.0-java.jar
05-30 08:38:48.613 1092 1441 E hq : WeatherRefresh:::请求网络地址后,更新的地理位置为:101280601
05-30 08:38:48.630 484 762 D CompatibilityChangeReporter: Compat change id reported: 168419799; UID 10064; state: DISABLED
05-30 08:38:48.638 1092 1295 E hq : WeatherRefresh:::请求网络地址后,更新的地理位置为:101280601
05-30 08:38:48.673 1951 1951 D CompatibilityChangeReporter: Compat change id reported: 171979766; UID 10064; state: ENABLED
05-30 08:38:48.710 1092 1476 I OpenGLRenderer: Davey! duration=9223372005260ms; Flags=0, FrameTimelineVsyncId=790, IntendedVsync=31587655309, Vsync=31587655309, InputEventId=0, HandleInputStart=31593421055, AnimationStart=31593426139, PerformTraversalsStart=31593620555, DrawStart=31594392805, FrameDeadline=31620988641, FrameInterval=31593408847, FrameStartTime=16666666, SyncQueued=31598465222, SyncStart=31605455722, IssueDrawCommandsStart=31607799805, SwapBuffers=31626792764, FrameCompleted=9223372036854775807, DequeueBufferDuration=74666, QueueBufferDuration=2754166, GpuCompleted=9223372036854775807, SwapBuffersCompleted=31630938889, DisplayPresentTime=0,
05-30 08:38:48.718 1092 1106 I OpenGLRenderer: Davey! duration=9223372005232ms; Flags=0, FrameTimelineVsyncId=793, IntendedVsync=31620988533, Vsync=31620988533, InputEventId=0, HandleInputStart=31622289097, AnimationStart=31622294889, PerformTraversalsStart=31622298347, DrawStart=31625899431, FrameDeadline=31654321865, FrameInterval=31622275889, FrameStartTime=16666666, SyncQueued=31631318681, SyncStart=31632685556, IssueDrawCommandsStart=31633849056, SwapBuffers=31645570597, FrameCompleted=9223372036854775807, DequeueBufferDuration=417917, QueueBufferDuration=4401375, GpuCompleted=9223372036854775807, SwapBuffersCompleted=31650819306, DisplayPresentTime=0,
05-30 08:38:48.721 1092 1092 E weather :
05-30 08:38:48.722 1092 1092 E weatherWidget: dataChange:Fri May 30 08:38:48 GMT+08:00 2025
05-30 08:38:48.742 1092 1439 E hq : 当小贝:::message list add complete data.messageList:[]
05-30 08:38:48.742 1092 1439 E hq : data.tabList=[]
05-30 08:38:48.744 1092 1439 I hq : 当小贝:::showMessage from=requestGetMessageRemind
05-30 08:38:48.746 1092 1441 I hq : 当小贝:::showMessage 没有消息需要显示
05-30 08:38:48.751 1092 1476 I OpenGLRenderer: Davey! duration=9223372005206ms; Flags=0, FrameTimelineVsyncId=795, IntendedVsync=31637655145, Vsync=31637655145, InputEventId=0, HandleInputStart=31638431264, AnimationStart=31638439389, PerformTraversalsStart=31638443097, DrawStart=31639431056, FrameDeadline=31670988477, FrameInterval=31638418556, FrameStartTime=16666666, SyncQueued=31640235556, SyncStart=31651246097, IssueDrawCommandsStart=31653560472, SwapBuffers=31669798347, FrameCompleted=9223372036854775807, DequeueBufferDuration=45750, QueueBufferDuration=2086083, GpuCompleted=9223372036854775807, SwapBuffersCompleted=31682781722, DisplayPresentTime=0,
05-30 08:38:48.758 1934 1934 V GraphicsEnvironment: ANGLE Developer option for 'com.sohu.inputmethod.sogou.tv' set to: 'default'
05-30 08:38:48.762 1934 1934 V GraphicsEnvironment: Neither updatable production driver nor prerelease driver is supported.
05-30 08:38:48.766 1934 1934 D NetworkSecurityConfig: Using Network Security Config from resource network_security_config debugBuild: false
05-30 08:38:48.771 1934 1934 D NetworkSecurityConfig: Using Network Security Config from resource network_security_config debugBuild: false
05-30 08:38:48.772 1934 1934 I MultiDex: VM with version 2.1.0 has multidex support
05-30 08:38:48.773 1934 1934 I MultiDex: Installing application
05-30 08:38:48.773 1934 1934 I MultiDex: VM has multidex support, MultiDex support library is disabled.
05-30 08:38:48.760 276 276 I EventThread: type=1400 audit(0.0:664): avc: denied { search } for name="extcon" dev="sysfs" ino=18109 scontext=u:r:hal_tv_cec_default:s0 tcontext=u:object_r:sysfs_extcon:s0 tclass=dir permissive=1
05-30 08:38:48.818 1042 1147 W MediaProvider: getVolumePath for unknown volume: internal
05-30 08:38:48.818 1092 1476 I OpenGLRenderer: Davey! duration=9223372005183ms; Flags=0, FrameTimelineVsyncId=798, IntendedVsync=31670987437, Vsync=31670987437, InputEventId=0, HandleInputStart=31671671056, AnimationStart=31671676556, PerformTraversalsStart=31671679972, DrawStart=31689749847, FrameDeadline=31704320769, FrameInterval=31671659722, FrameStartTime=16666666, SyncQueued=31689908889, SyncStart=31690429222, IssueDrawCommandsStart=31692204056, SwapBuffers=31736170306, FrameCompleted=9223372036854775807, DequeueBufferDuration=50333, QueueBufferDuration=1623875, GpuCompleted=9223372036854775807, SwapBuffersCompleted=31751701556, DisplayPresentTime=0,
05-30 08:38:48.819 1951 1951 V GraphicsEnvironment: ANGLE Developer option for 'com.android.remoteprovisioner' set to: 'default'
05-30 08:38:48.820 1951 1951 V GraphicsEnvironment: Neither updatable production driver nor prerelease driver is supported.
05-30 08:38:48.824 1951 1951 D NetworkSecurityConfig: No Network Security Config specified, using platform default
05-30 08:38:48.826 1951 1951 D NetworkSecurityConfig: No Network Security Config specified, using platform default
05-30 08:38:48.830 1951 1951 I RemoteProvisioningBootReceiver: Caught boot intent, waking up.
05-30 08:38:48.843 1951 1951 I RemoteProvisionerSettings: Setting ID
05-30 08:38:48.842 1934 1934 E SogouIME: setupInputSurface
05-30 08:38:48.852 1042 1147 W MediaProvider: getVolumePath for unknown volume: internal
05-30 08:38:48.860 1042 1147 W MediaProvider: getVolumePath for unknown volume: internal
05-30 08:38:48.862 1042 1147 W MediaProvider: getVolumePath for unknown volume: internal
05-30 08:38:48.868 484 762 D ConnectivityService: requestNetwork for uid/pid:1000/484 asUid: 10064 activeRequest: null callbackRequest: 29 [NetworkRequest [ REQUEST id=30, [ Capabilities: INTERNET&NOT_RESTRICTED&TRUSTED&NOT_VCN_MANAGED Uid: 10064 RequestorUid: 1000 RequestorPkg: android] ]] callback flags: 0 priority: 2147483647
05-30 08:38:48.869 484 627 D ConnectivityService: NetReassign [30 : null → 100]
05-30 08:38:48.871 1042 1147 W MediaProvider: getVolumePath for unknown volume: internal
05-30 08:38:48.872 484 663 D Ethernet: got request NetworkRequest [ REQUEST id=30, [ Capabilities: INTERNET&NOT_RESTRICTED&TRUSTED&NOT_VCN_MANAGED Uid: 10064 RequestorUid: 1000 RequestorPkg: android] ]
05-30 08:38:48.872 484 663 D EthernetNetworkFactory: acceptRequest, request: NetworkRequest [ REQUEST id=30, [ Capabilities: INTERNET&NOT_RESTRICTED&TRUSTED&NOT_VCN_MANAGED Uid: 10064 RequestorUid: 1000 RequestorPkg: android] ]
05-30 08:38:48.872 484 663 I EthernetNetworkFactory: networkForRequest, request: NetworkRequest [ REQUEST id=30, [ Capabilities: INTERNET&NOT_RESTRICTED&TRUSTED&NOT_VCN_MANAGED Uid: 10064 RequestorUid: 1000 RequestorPkg: android] ], network: null
05-30 08:38:48.873 484 620 D WifiNetworkFactory: got request NetworkRequest [ REQUEST id=30, [ Capabilities: INTERNET&NOT_RESTRICTED&TRUSTED&NOT_VCN_MANAGED Uid: 10064 RequestorUid: 1000 RequestorPkg: android] ]
05-30 08:38:48.874 484 620 D UntrustedWifiNetworkFactory: got request NetworkRequest [ REQUEST id=30, [ Capabilities: INTERNET&NOT_RESTRICTED&TRUSTED&NOT_VCN_MANAGED Uid: 10064 RequestorUid: 1000 RequestorPkg: android] ]
05-30 08:38:48.875 484 620 D OemPaidWifiNetworkFactory: got request NetworkRequest [ REQUEST id=30, [ Capabilities: INTERNET&NOT_RESTRICTED&TRUSTED&NOT_VCN_MANAGED Uid: 10064 RequestorUid: 1000 RequestorPkg: android] ]
05-30 08:38:48.906 484 1850 I ActivityManager: com.android.shell is exempt from freezer
05-30 08:38:48.906 1951 1951 I RemoteProvisioningService: Starting provisioning job
05-30 08:38:48.912 484 1850 D CompatibilityChangeReporter: Compat change id reported: 135634846; UID 2000; state: DISABLED
05-30 08:38:48.912 484 1850 D CompatibilityChangeReporter: Compat change id reported: 177438394; UID 2000; state: DISABLED
05-30 08:38:48.913 484 1850 D CompatibilityChangeReporter: Compat change id reported: 135772972; UID 2000; state: DISABLED
