05-30 08:38:39.756 319 319 I xiriservice_All: type=1400 audit(0.0:380): avc: denied { search } for name="com.android.webview" dev="mmcblk0p25" ino=952 scontext=u:r:init:s0 tcontext=u:object_r:app_data_file:s0:c60,c256,c512,c768 tclass=dir permissive=1
05-30 08:38:39.756 319 319 I xiriservice_All: type=1400 audit(0.0:381): avc: denied { read } for name="lib" dev="mmcblk0p25" ino=33467 scontext=u:r:init:s0 tcontext=u:object_r:app_data_file:s0:c60,c256,c512,c768 tclass=lnk_file permissive=1
05-30 08:38:39.763 319 319 D XiriService: check file name: /data/data/com.android.webview/lib
05-30 08:38:39.764 319 319 D XiriService: check file name: /data/data/com.android.inputdevices/lib
05-30 08:38:39.766 319 319 D XiriService: check file name: /data/data/com.android.inputdevices/lib
05-30 08:38:39.768 319 319 D XiriService: check file name: /data/data/com.android.bips/lib
05-30 08:38:39.772 319 319 D XiriService: check file name: /data/data/com.android.bips/lib
05-30 08:38:39.772 319 319 D XiriService: check file name: /data/data/com.oranth.inputmacsn/lib
05-30 08:38:39.773 319 319 D XiriService: check file name: /data/data/com.oranth.inputmacsn/lib
05-30 08:38:39.773 319 319 D XiriService: check file name: /data/data/com.dangbei.hqmedia/lib
05-30 08:38:39.768 319 319 I xiriservice_All: type=1400 audit(0.0:382): avc: denied { search } for name="com.dangbei.hqmedia" dev="mmcblk0p25" ino=28289 scontext=u:r:init:s0 tcontext=u:object_r:app_data_file:s0:c76,c256,c512,c768 tclass=dir permissive=1
05-30 08:38:39.768 319 319 I xiriservice_All: type=1400 audit(0.0:383): avc: denied { read } for name="lib" dev="mmcblk0p25" ino=33370 scontext=u:r:init:s0 tcontext=u:object_r:app_data_file:s0:c76,c256,c512,c768 tclass=lnk_file permissive=1
05-30 08:38:39.776 319 319 D XiriService: check file name: /data/data/com.dangbei.hqmedia/lib
05-30 08:38:39.776 319 319 D XiriService: check file name: /data/data/com.android.keychain/lib
05-30 08:38:39.776 319 319 D XiriService: check file name: /data/data/com.android.keychain/lib
05-30 08:38:39.777 319 319 D XiriService: check file name: /data/data/android.ext.services/lib
05-30 08:38:39.778 319 319 D XiriService: check file name: /data/data/android.ext.services/lib
05-30 08:38:39.780 319 319 D XiriService: check file name: /data/data/com.android.localtransport/lib
05-30 08:38:39.780 319 319 D XiriService: check file name: /data/data/com.android.localtransport/lib
05-30 08:38:39.781 319 319 D XiriService: check file name: /data/data/com.android.packageinstaller/lib
05-30 08:38:39.782 319 319 D XiriService: check file name: /data/data/com.android.packageinstaller/lib
05-30 08:38:39.783 319 319 D XiriService: check file name: /data/data/com.oranth.usbopenft/lib
05-30 08:38:39.784 319 319 D XiriService: check file name: /data/data/com.oranth.usbopenft/lib
05-30 08:38:39.785 319 319 D XiriService: check file name: /data/data/com.android.networkstack.tethering/lib
05-30 08:38:39.785 319 319 D XiriService: check file name: /data/data/com.android.networkstack.tethering/lib
05-30 08:38:39.786 319 319 D XiriService: check file name: /data/data/com.dangbei.lerad.etna.haqu/lib
05-30 08:38:39.787 319 319 D XiriService: check file name: /data/data/com.dangbei.lerad.etna.haqu/lib
05-30 08:38:39.788 319 319 D XiriService: check file name: /data/data/com.oranth.powerwindow/lib
05-30 08:38:39.789 319 319 D XiriService: check file name: /data/data/com.oranth.powerwindow/lib
05-30 08:38:39.791 319 319 D XiriService: check file name: /data/data/com.android.networkstack.permissionconfig/lib
05-30 08:38:39.792 319 319 D XiriService: check file name: /data/data/com.android.networkstack.permissionconfig/lib
05-30 08:38:39.795 319 319 D XiriService: check file name: /data/data/com.dangbei.lerad.screensaver/lib
05-30 08:38:39.792 319 319 I xiriservice_All: type=1400 audit(0.0:384): avc: denied { search } for name="com.dangbei.lerad.screensaver" dev="mmcblk0p25" ino=1184 scontext=u:r:init:s0 tcontext=u:object_r:app_data_file:s0:c54,c256,c512,c768 tclass=dir permissive=1
05-30 08:38:39.792 319 319 I xiriservice_All: type=1400 audit(0.0:385): avc: denied { read } for name="lib" dev="mmcblk0p25" ino=33403 scontext=u:r:init:s0 tcontext=u:object_r:app_data_file:s0:c54,c256,c512,c768 tclass=lnk_file permissive=1
05-30 08:38:39.797 319 319 D XiriService: check file name: /data/data/com.dangbei.lerad.screensaver/lib
05-30 08:38:39.797 319 319 D XiriService: check file name: /data/data/com.dangbei.lerad.screensaver/lib
05-30 08:38:39.798 319 319 D XiriService: check file name: /data/data/com.android.wallpaperbackup/lib
05-30 08:38:39.799 319 319 D XiriService: check file name: /data/data/com.android.wallpaperbackup/lib
05-30 08:38:39.800 319 319 D XiriService: check file name: /data/data/com.android.providers.media.module/lib
05-30 08:38:39.796 319 319 I xiriservice_All: type=1400 audit(0.0:386): avc: denied { search } for name="com.android.providers.media.module" dev="mmcblk0p25" ino=1259 scontext=u:r:init:s0 tcontext=u:object_r:privapp_data_file:s0:c74,c256,c512,c768 tclass=dir permissive=1
05-30 08:38:39.796 319 319 I xiriservice_All: type=1400 audit(0.0:387): avc: denied { read } for name="lib" dev="mmcblk0p25" ino=33411 scontext=u:r:init:s0 tcontext=u:object_r:privapp_data_file:s0:c74,c256,c512,c768 tclass=lnk_file permissive=1
05-30 08:38:39.801 319 319 D XiriService: check file name: /data/data/com.android.providers.media.module/lib
05-30 08:38:39.801 319 319 D XiriService: check file name: /data/data/com.oranth.storage/lib
05-30 08:38:39.802 319 319 D XiriService: check file name: /data/data/com.oranth.storage/lib
05-30 08:38:39.804 319 319 D XiriService: check file name: /data/data/com.android.location.fused/lib
05-30 08:38:39.805 319 319 D XiriService: check file name: /data/data/com.android.location.fused/lib
05-30 08:38:39.805 319 319 D XiriService: check file name: /data/data/com.android.location.fused/lib
05-30 08:38:39.806 319 319 D XiriService: check file name: /data/data/com.dangbei.haqusetting/lib
05-30 08:38:39.806 319 319 D XiriService: check file name: /data/data/com.dangbei.haqusetting/lib
05-30 08:38:39.807 319 319 D XiriService: check file name: /data/data/com.softwinner.miracastReceiver/lib
05-30 08:38:39.808 319 319 D XiriService: check file name: /data/data/com.softwinner.miracastReceiver/lib
05-30 08:38:39.808 319 319 D XiriService: check file name: /data/data/com.android.bluetooth/lib
05-30 08:38:39.804 319 319 I xiriservice_All: type=1400 audit(0.0:388): avc: denied { read } for name="lib" dev="mmcblk0p25" ino=33419 scontext=u:r:init:s0 tcontext=u:object_r:bluetooth_data_file:s0 tclass=lnk_file permissive=1
05-30 08:38:39.809 484 533 V PackageManager: reconcileAppsData finished 113 packages
05-30 08:38:39.810 484 533 I ActivityManager: User 0 state changed from RUNNING_LOCKED to RUNNING_UNLOCKING
05-30 08:38:39.810 484 533 D ActivityManager: Unlocking user 0 progress 20
05-30 08:38:39.812 319 319 D XiriService: check file name: /data/data/com.android.bluetooth/lib
05-30 08:38:39.812 484 547 W system_server: Long monitor contention with owner android.display (533) at void com.android.server.am.ActivityManagerService.finishBooting()(ActivityManagerService.java:4816) waiters=0 in void com.android.server.am.BroadcastQueue.processNextBroadcast(boolean) for 627ms
01-01 08:00:24.973 1 1 I mkswap : Swapspace size: 1505444k, UUID=9c97624c-f78f-4b54-81cc-0f187f147f27
05-30 08:38:39.827 484 620 D WifiClientModeImpl[wlan0]: entering ConnectableState: ifaceName = wlan0
05-30 08:38:39.829 484 547 I SystemServerTimingAsync: ssm.UnlockingUser-0
05-30 08:38:39.829 484 547 I SystemServiceManager: Calling onUnlockingUser 0
05-30 08:38:39.833 484 533 D ActivityManagerTiming: FinishBooting took to complete: 763ms
05-30 08:38:39.833 484 533 D AW_CODE : rotation =0
05-30 08:38:39.837 484 533 D AW_CODE : rotation =0
05-30 08:38:39.839 484 547 D BluetoothManagerService: User 0 unlocked
05-30 08:38:39.839 484 547 D StorageManagerService: onUnlockUser 0
05-30 08:38:39.839 484 547 I StorageSessionController: On user unlock 0
05-30 08:38:39.839 484 547 I StorageSessionController: Initialialising...
05-30 08:38:39.840 201 201 I vold : onUserStarted: 0
05-30 08:38:39.841 689 689 D SystemUIService: Starting Wifi now
05-30 08:38:39.842 484 532 D BluetoothManagerService: MESSAGE_USER_UNLOCKED
05-30 08:38:39.836 689 689 I ndroid.systemui: type=1400 audit(0.0:389): avc: denied { search } for name="com.android.systemui" dev="mmcblk0p25" ino=483 scontext=u:r:platform_app:s0:c512,c768 tcontext=u:object_r:app_data_file:s0:c512,c768 tclass=dir permissive=1 app=com.softwinner.screenshot
05-30 08:38:39.845 484 817 V StorageManagerService: Found primary storage at VolumeInfo{emulated;0}:
05-30 08:38:39.845 484 817 V StorageManagerService: type=EMULATED diskId=null partGuid= mountFlags=0 mountUserId=0
05-30 08:38:39.845 484 817 V StorageManagerService: state=UNMOUNTED
05-30 08:38:39.845 484 817 V StorageManagerService: fsType=null fsUuid=null fsLabel=null
05-30 08:38:39.845 484 817 V StorageManagerService: path=null internalPath=null
05-30 08:38:39.846 484 614 I StorageManagerService: Mounting volume VolumeInfo{emulated;0}:
05-30 08:38:39.846 484 614 I StorageManagerService: type=EMULATED diskId=null partGuid= mountFlags=PRIMARY|VISIBLE
05-30 08:38:39.846 484 614 I StorageManagerService: mountUserId=0 state=UNMOUNTED
05-30 08:38:39.846 484 614 I StorageManagerService: fsType=null fsUuid=null fsLabel=null
05-30 08:38:39.846 484 614 I StorageManagerService: path=null internalPath=null
05-30 08:38:39.847 201 201 I vold : Mounting emulated fuse volume
01-01 08:00:25.020 1 1 I : Adding 1505444k swap on /dev/block/zram0. Priority:-2 extents:1 across:1505444k SS
05-30 08:38:39.864 484 547 W TextServicesManagerService: no available spell checker services found
05-30 08:38:39.866 327 329 D XM_HIDREAD: add@ add@/devices/virtual/bdi/0:47
05-30 08:38:39.866 201 201 I vold : Bind mounting /data/media to /mnt/pass_through/0/emulated
05-30 08:38:39.869 484 614 I StorageSessionController: On volume mount VolumeInfo{emulated;0}:
05-30 08:38:39.869 484 614 I StorageSessionController: type=EMULATED diskId=null partGuid= mountFlags=PRIMARY|VISIBLE
05-30 08:38:39.869 484 614 I StorageSessionController: mountUserId=0 state=CHECKING
05-30 08:38:39.869 484 614 I StorageSessionController: fsType=null fsUuid=null fsLabel=null
05-30 08:38:39.869 484 614 I StorageSessionController: path=/storage/emulated internalPath=/data/media
05-30 08:38:39.864 1022 1022 I init : type=1400 audit(0.0:390): avc: denied { entrypoint } for path="/system/bin/appsdisable" dev="dm-2" ino=892 scontext=u:r:shell:s0 tcontext=u:object_r:system_file:s0 tclass=file permissive=1
05-30 08:38:39.864 689 689 I SharedPreferenc: type=1400 audit(0.0:391): avc: denied { open } for path="/data/user_de/0/com.android.systemui/shared_prefs/com.android.systemui.xml" dev="mmcblk0p25" ino=33618 scontext=u:r:platform_app:s0:c512,c768 tcontext=u:object_r:app_data_file:s0:c512,c768 tclass=file permissive=1 app=com.softwinner.screenshot
05-30 08:38:39.872 484 546 I UsageStatsService: User[0] Rollover scheduled @ 2025-05-31 08:38:39(1748651919857)
05-30 08:38:39.875 484 546 I UsageStatsService: Time changed in by 1748565494 seconds
05-30 08:38:39.876 484 762 I WifiService: setWifiEnabled package=com.android.systemui uid=10062 enable=true
05-30 08:38:39.877 484 614 I StorageSessionController: Creating connection for user: 0
05-30 08:38:39.879 484 546 W AppHibernationService: Attempt to call setHibernatingForUser before states have been read from disk
05-30 08:38:39.880 484 546 W AppHibernationService: Attempt to call setHibernatingForUser before states have been read from disk
05-30 08:38:39.880 484 546 W AppHibernationService: Attempt to call setHibernatingForUser before states have been read from disk
05-30 08:38:39.880 484 546 W AppHibernationService: Attempt to call setHibernatingForUser before states have been read from disk
05-30 08:38:39.881 484 546 W AppHibernationService: Attempt to call setHibernatingForUser before states have been read from disk
05-30 08:38:39.881 484 546 W AppHibernationService: Attempt to call setHibernatingForUser before states have been read from disk
05-30 08:38:39.881 484 546 W AppHibernationService: Attempt to call setHibernatingForUser before states have been read from disk
05-30 08:38:39.881 484 546 W AppHibernationService: Attempt to call setHibernatingForUser before states have been read from disk
05-30 08:38:39.881 484 546 W AppHibernationService: Attempt to call setHibernatingForUser before states have been read from disk
05-30 08:38:39.883 484 546 W AppHibernationService: Attempt to call setHibernatingForUser before states have been read from disk
05-30 08:38:39.884 484 546 W AppHibernationService: Attempt to call setHibernatingForUser before states have been read from disk
05-30 08:38:39.884 484 546 W AppHibernationService: Attempt to call setHibernatingForUser before states have been read from disk
05-30 08:38:39.885 484 546 W AppHibernationService: Attempt to call setHibernatingForUser before states have been read from disk
05-30 08:38:39.885 484 546 W AppHibernationService: Attempt to call setHibernatingForUser before states have been read from disk
05-30 08:38:39.886 484 614 I StorageSessionController: Creating and starting session with id: emulated;0
05-30 08:38:39.886 484 546 W AppHibernationService: Attempt to call setHibernatingForUser before states have been read from disk
05-30 08:38:39.886 484 546 W AppHibernationService: Attempt to call setHibernatingForUser before states have been read from disk
05-30 08:38:39.886 484 614 I StorageUserConnection: Binding to the ExternalStorageService for user 0
05-30 08:38:39.894 824 824 W ContextImpl: Calling a method in the system process without a qualified user: android.app.ContextImpl.startService:1816 android.content.ContextWrapper.startService:774 android.content.ContextWrapper.startService:774 com.android.tv.settings.users.UserSwitchListenerService$BootReceiver.onReceive:50 android.app.ActivityThread.handleReceiver:4308
05-30 08:38:39.896 484 547 D WifiService: Handle user unlock 0
05-30 08:38:39.901 484 484 W InputMethodUtils: Found no fallback locale. imis=[InputMethodInfo{com.sohu.inputmethod.sogou.tv/.SogouIME, settings: com.sohu.inputmethod.sogou.SogouIMESettingsLauncher}]
05-30 08:38:39.901 484 484 W InputMethodUtils: No software keyboard is found. imis=[InputMethodInfo{com.sohu.inputmethod.sogou.tv/.SogouIME, settings: com.sohu.inputmethod.sogou.SogouIMESettingsLauncher}] systemLocale=zh_CN fallbackLocale=null
05-30 08:38:39.902 484 546 I UsageStatsService: User[0] Flushing usage stats to disk
05-30 08:38:39.903 484 484 D WifiP2pService: Wifi enabled=true
05-30 08:38:39.905 484 531 D AW_CODE : rotation =0
05-30 08:38:39.907 484 547 I WallpaperManagerService: on-unlock-user-0
05-30 08:38:39.911 484 547 D WallpaperManagerService: on-unlock-user-0 took to complete: 3ms
05-30 08:38:39.928 484 531 D AW_CODE : rotation =0
05-30 08:38:39.930 484 484 I NotificationHistory: Attempted to unlock gone/disabled user 0
05-30 08:38:39.940 484 547 W VoiceInteractionManager: no available voice recognition services found for user 0
05-30 08:38:39.942 484 647 I BackupManagerService: Starting service for user: 0
05-30 08:38:39.943 484 647 V BackupManagerService: [UserID:0] Starting with transport com.android.localtransport/.LocalTransport
05-30 08:38:39.947 484 1009 I HibernationStateDiskStore: No hibernation file on disk for file /data/system_ce/0/hibernation/states
05-30 08:38:39.958 484 547 D AutofillManagerServiceImpl: Reset component for user 0:
05-30 08:38:39.959 484 531 D AutofillUI: destroySaveUiUiThread(): already destroyed
05-30 08:38:39.964 484 647 D BackupManagerService: [UserID:0] Started thread backup-0
05-30 08:38:39.972 1024 1024 I bootstat: Service started: /system/bin/bootstat --record_boot_complete --record_boot_reason --record_time_since_factory_reset -l
05-30 08:38:39.974 484 547 D FieldClassificationStrategy: reset(): service is not bound. Do nothing.
05-30 08:38:39.975 484 547 W AppBindingService: [Default SMS app] u0 Target package not found
05-30 08:38:39.977 1024 1024 E bootstat: Failed to read /data/misc/bootstat/post_decrypt_time_elapsed: No such file or directory
05-30 08:38:39.977 1024 1024 E bootstat: Failed to parse boot time record: /data/misc/bootstat/post_decrypt_time_elapsed
05-30 08:38:39.981 484 614 D CompatibilityChangeReporter: Compat change id reported: 135634846; UID 10074; state: DISABLED
05-30 08:38:39.976 689 689 I queued-work-loo: type=1400 audit(0.0:392): avc: denied { write } for name="shared_prefs" dev="mmcblk0p25" ino=1656 scontext=u:r:platform_app:s0:c512,c768 tcontext=u:object_r:app_data_file:s0:c512,c768 tclass=dir permissive=1 app=com.softwinner.screenshot
05-30 08:38:39.988 484 547 D SystemServerTimingAsync: ssm.UnlockingUser-0 took to complete: 159ms
05-30 08:38:39.990 484 547 I ActivityTaskManager: Loading recents for user 0 into memory.
05-30 08:38:39.988 335 335 I rainbow_flow: type=1400 audit(0.0:393): avc: denied { ioctl } for path="/dev/spidev1.0" dev="tmpfs" ino=3840 ioctlcmd=0x6b00 scontext=u:r:init:s0 tcontext=u:object_r:device:s0 tclass=chr_file permissive=1
05-30 08:38:39.992 689 689 I queued-work-loo: type=1400 audit(0.0:394): avc: denied { remove_name } for name="com.android.systemui.xml" dev="mmcblk0p25" ino=33618 scontext=u:r:platform_app:s0:c512,c768 tcontext=u:object_r:app_data_file:s0:c512,c768 tclass=dir permissive=1 app=com.softwinner.screenshot
05-30 08:38:39.992 689 689 I queued-work-loo: type=1400 audit(0.0:395): avc: denied { rename } for name="com.android.systemui.xml" dev="mmcblk0p25" ino=33618 scontext=u:r:platform_app:s0:c512,c768 tcontext=u:object_r:app_data_file:s0:c512,c768 tclass=file permissive=1 app=com.softwinner.screenshot
05-30 08:38:39.996 689 689 I queued-work-loo: type=1400 audit(0.0:396): avc: denied { add_name } for name="com.android.systemui.xml.bak" scontext=u:r:platform_app:s0:c512,c768 tcontext=u:object_r:app_data_file:s0:c512,c768 tclass=dir permissive=1 app=com.softwinner.screenshot
05-30 08:38:39.996 689 689 I queued-work-loo: type=1400 audit(0.0:397): avc: denied { create } for name="com.android.systemui.xml" scontext=u:r:platform_app:s0:c512,c768 tcontext=u:object_r:app_data_file:s0:c512,c768 tclass=file permissive=1 app=com.softwinner.screenshot
05-30 08:38:40.005 484 1037 I AppSearchUserInstanceMa: Creating new AppSearch instance at: /data/system_ce/0/appsearch/icing
05-30 08:38:40.006 1024 1024 W bootstat: LogBootEvents, atomInfo not defined for events:last_boot_time_utc,build_date,ro.boottime.init.cold_boot_wait,boot_reason,system_boot_reason,time_since_last_boot
05-30 08:38:40.004 689 689 I queued-work-loo: type=1400 audit(0.0:398): avc: denied { setattr } for name="com.android.systemui.xml" dev="mmcblk0p25" ino=33496 scontext=u:r:platform_app:s0:c512,c768 tcontext=u:object_r:app_data_file:s0:c512,c768 tclass=file permissive=1 app=com.softwinner.screenshot
05-30 08:38:40.004 689 689 I queued-work-loo: type=1400 audit(0.0:399): avc: denied { unlink } for name="com.android.systemui.xml.bak" dev="mmcblk0p25" ino=33618 scontext=u:r:platform_app:s0:c512,c768 tcontext=u:object_r:app_data_file:s0:c512,c768 tclass=file permissive=1 app=com.softwinner.screenshot
05-30 08:38:40.016 484 547 V PackageConfigPersister: loadPackages: empty list files from /data/system_ce/0/package_configs
05-30 08:38:40.018 484 548 D CompatibilityChangeReporter: Compat change id reported: 143937733; UID 10074; state: ENABLED
05-30 08:38:40.020 484 547 W ActivityManager: UserLifecycleEvent 5 received without an active userJourneySession.
05-30 08:38:40.020 484 547 W ActivityManager: UserLifecycleEvent 6 received without an active userJourneySession.
05-30 08:38:40.020 484 547 I ActivityManager: User 0 state changed from RUNNING_UNLOCKING to RUNNING_UNLOCKED
05-30 08:38:40.025 484 547 D SystemServerTiming: SystemUserUnlock took to complete: 838ms
05-30 08:38:40.028 327 329 D XM_HIDREAD: add@ add@/class/hci_reg
05-30 08:38:40.028 327 329 D XM_HIDREAD: add@ add@/module/sunxi_hci
05-30 08:38:40.024 338 338 I xiriservice_All: type=1400 audit(0.0:400): avc: denied { read } for scontext=u:r:init:s0 tcontext=u:r:init:s0 tclass=netlink_kobject_uevent_socket permissive=1
05-30 08:38:40.036 484 546 W Searchables: No global search activity found
05-30 08:38:40.037 484 647 I SELinux : SELinux: Loaded file_contexts
05-30 08:38:40.042 484 614 I StorageUserConnection: Bound to the ExternalStorageService for user 0
05-30 08:38:40.050 484 647 E BackupPasswordManager: Unable to read backup pw version
05-30 08:38:40.050 484 647 E BackupPasswordManager: Unable to read saved backup pw hash
05-30 08:38:40.051 484 547 I ActivityManager: com.dangbei.lerad.etna.haqu is exempt from freezer
05-30 08:38:40.052 484 546 I system_server: Using smaps_rollup for pss collection
05-30 08:38:40.060 484 547 D CompatibilityChangeReporter: Compat change id reported: 135634846; UID 1000; state: DISABLED
05-30 08:38:40.062 484 547 I ActivityManager: Posting BOOT_COMPLETED user #0
01-01 08:00:25.237 175 175 W sunxi-ehci: EHCI SUNXI driver
01-01 08:00:25.244 175 175 W : sunxi ehci0-controller don't init wakeup source
01-01 08:00:25.251 175 175 W [sunxi-ehci0]: probe, pdev->name: 5101000.ehci0-controller, sunxi_ehci: 0xffffffc008f81018, 0x:ffffffc0137ef000, irq_no:32
05-30 08:38:40.075 255 255 D Zygote : Forked child process 1042
05-30 08:38:40.075 484 548 W ActivityManager: Slow operation: 94ms so far, now at startProcess: returned from zygote!
05-30 08:38:40.089 689 689 D Tonal : Tonal Palette - index: 4. Main color: ff1e447a
05-30 08:38:40.089 689 689 D Tonal : Colors: ff060d1a, ff0b162e, ff102343, ff17305c, ff1e447a, ff254a99, ff2d58b7, ff6180c3, ff6f8adc, ff889ce2, ffa5b0e9, ffced4f3, ffeaedfa
05-30 08:38:40.090 689 689 D Tonal : Gradients:
05-30 08:38:40.090 689 689 D Tonal : Normal GradientColors(ff1e447a, ff1e447a)
05-30 08:38:40.090 689 689 D Tonal : Dark GradientColors(ff17305c, ff17305c)
05-30 08:38:40.090 689 689 D Tonal : Extra dark: GradientColors(ff102343, ff102343)
05-30 08:38:40.090 689 689 D Tonal : Tonal Palette - index: 4. Main color: ff1e447a
05-30 08:38:40.090 689 689 D Tonal : Colors: ff060d1a, ff0b162e, ff102343, ff17305c, ff1e447a, ff254a99, ff2d58b7, ff6180c3, ff6f8adc, ff889ce2, ffa5b0e9, ffced4f3, ffeaedfa
05-30 08:38:40.090 689 689 D Tonal : Gradients:
05-30 08:38:40.090 689 689 D Tonal : Normal GradientColors(ff1e447a, ff1e447a)
05-30 08:38:40.090 689 689 D Tonal : Dark GradientColors(ff17305c, ff17305c)
05-30 08:38:40.090 689 689 D Tonal : Extra dark: GradientColors(ff102343, ff102343)
05-30 08:38:40.100 484 548 W ActivityManager: Slow operation: 119ms so far, now at startProcess: done updating battery stats
05-30 08:38:40.102 327 329 D XM_HIDREAD: add@ add@/devices/virtual/devlink/regulator.8--5101000.ehci0-controller
05-30 08:38:40.102 484 548 I Watchdog: Interesting Java process com.android.providers.media.module started. Pid 1042
05-30 08:38:40.102 484 548 W ActivityManager: Slow operation: 121ms so far, now at startProcess: building log message
05-30 08:38:40.102 484 548 I ActivityManager: app.processName = com.android.providers.media.module
05-30 08:38:40.106 484 548 I ActivityManager: Start proc 1042:com.android.providers.media.module/u0a74 for service {com.android.providers.media.module/com.android.providers.media.fuse.ExternalStorageServiceImpl}
05-30 08:38:40.106 484 548 W ActivityManager: Slow operation: 125ms so far, now at startProcess: starting to update pids map
05-30 08:38:40.107 484 548 W ActivityManager: Slow operation: 126ms so far, now at startProcess: done updating pids map
05-30 08:38:40.107 484 548 W ActivityManager: Slow operation: 60ms so far, now at startProcess: asking zygote to start proc
05-30 08:38:40.116 1034 1034 I runin.sh: type=1400 audit(0.0:401): avc: denied { dac_read_search } for capability=2 scontext=u:r:shell:s0 tcontext=u:r:shell:s0 tclass=capability permissive=1
01-01 08:00:25.285 175 175 I sunxi-ehci 5101000.ehci0-controller: EHCI Host Controller
05-30 08:38:40.124 484 547 D CompatibilityChangeReporter: Compat change id reported: 135634846; UID 10026; state: DISABLED
01-01 08:00:25.293 175 175 I sunxi-ehci 5101000.ehci0-controller: new USB bus registered, assigned bus number 1
05-30 08:38:40.124 484 547 D CompatibilityChangeReporter: Compat change id reported: 177438394; UID 10026; state: DISABLED
05-30 08:38:40.124 484 547 D CompatibilityChangeReporter: Compat change id reported: 135772972; UID 10026; state: DISABLED
05-30 08:38:40.131 255 255 D Zygote : Forked child process 1043
01-01 08:00:25.306 175 175 I sunxi-ehci 5101000.ehci0-controller: irq 50, io mem 0x05101000
05-30 08:38:40.133 484 547 D CompatibilityChangeReporter: Compat change id reported: 135754954; UID 10026; state: ENABLED
05-30 08:38:40.134 484 548 W ActivityManager: Slow operation: 87ms so far, now at startProcess: returned from zygote!
05-30 08:38:40.134 484 484 W NotificationHistory: Attempted to add notif for locked/gone/disabled user 0
05-30 08:38:40.135 1043 1043 I Zygote : seccomp disabled by setenforce 0
05-30 08:38:40.136 484 1037 W UnsafeUtil: platform method missing - proto runtime falling back to safer methods: java.lang.NoSuchMethodException: sun.misc.Unsafe.copyMemory [class java.lang.Object, long, class java.lang.Object, long, long]
05-30 08:38:40.138 1042 1042 I Zygote : seccomp disabled by setenforce 0
05-30 08:38:40.149 484 484 W Looper : Slow dispatch took 107ms main h=com.android.server.notification.NotificationManagerService$WorkerHandler c=com.android.server.notification.NotificationManagerService$PostNotificationRunnable@ed6ebb m=0
05-30 08:38:40.165 407 425 I adbd : jdwp connection from 1042
01-01 08:00:25.328 175 175 I sunxi-ehci 5101000.ehci0-controller: USB 2.0 started, EHCI 1.00
01-01 08:00:25.337 175 175 I usb1 : New USB device found, idVendor=1d6b, idProduct=0002, bcdDevice= 5.04
05-30 08:38:40.171 407 425 I adbd : jdwp connection from 1043
01-01 08:00:25.348 175 175 I usb1 : New USB device strings: Mfr=3, Product=2, SerialNumber=1
01-01 08:00:25.357 175 175 I usb1 : Product: EHCI Host Controller
05-30 08:38:40.176 335 335 I rainbow_flow: type=1400 audit(0.0:402): avc: denied { ioctl } for path="/dev/spidev1.0" dev="tmpfs" ino=3840 ioctlcmd=0x6b00 scontext=u:r:init:s0 tcontext=u:object_r:device:s0 tclass=chr_file permissive=1
05-30 08:38:40.187 824 824 D FallbackHome: User unlocked and real home found; let's go!
01-01 08:00:25.364 175 175 I usb1 : Manufacturer: Linux 5.4.125+ ehci_hcd
01-01 08:00:25.372 175 175 I usb1 : SerialNumber: sunxi-ehci
05-30 08:38:40.197 484 548 W ActivityManager: Slow operation: 149ms so far, now at startProcess: done updating battery stats
05-30 08:38:40.197 484 548 W ActivityManager: Slow operation: 150ms so far, now at startProcess: building log message
05-30 08:38:40.197 484 548 I ActivityManager: app.processName = com.dangbei.lerad.etna.haqu
05-30 08:38:40.198 484 548 I ActivityManager: Start proc 1043:com.dangbei.lerad.etna.haqu/1000 for added application com.dangbei.lerad.etna.haqu
05-30 08:38:40.198 484 548 W ActivityManager: Slow operation: 151ms so far, now at startProcess: starting to update pids map
05-30 08:38:40.198 484 547 I SystemServerTimingAsync: ssm.UnlockedUser-0
05-30 08:38:40.198 484 547 I SystemServiceManager: Calling onUnlockedUser 0
05-30 08:38:40.196 338 338 I xiriservice_All: type=1400 audit(0.0:403): avc: denied { read } for scontext=u:r:init:s0 tcontext=u:r:init:s0 tclass=netlink_kobject_uevent_socket permissive=1
05-30 08:38:40.199 327 329 D XM_HIDREAD: add@ add@/devices/platform/soc@3000000/5101000.ehci0-controller/usb1
05-30 08:38:40.206 327 329 D XM_HIDREAD: add@ add@/devices/platform/soc@3000000/5101000.ehci0-controller/usb1/1-0:1.0
05-30 08:38:40.208 484 548 W ActivityManager: Slow operation: 161ms so far, now at startProcess: done updating pids map
05-30 08:38:40.209 484 548 W ActivityManager: Slow operation: 95ms so far, now at startProcess: asking zygote to start proc
05-30 08:38:40.210 484 548 D CompatibilityChangeReporter: Compat change id reported: 143937733; UID 10026; state: ENABLED
05-30 08:38:40.211 676 676 D BluetoothOppFileProvider: Initialized
01-01 08:00:25.382 175 175 I hub 1-0 : 1.0: USB hub found
01-01 08:00:25.388 175 175 I hub 1-0 : 1.0: 1 port detected
05-30 08:38:40.216 484 820 I ActivityStarter: ---START u0 {act=android.intent.action.MAIN cat=[android.intent.category.HOME] flg=0x10000100 cmp=com.dangbei.leard.leradlauncher/com.dangbei.launcher.home.LauncherActivity (has extras)} from uid 0
05-30 08:38:40.233 484 1036 V BackupManagerConstants: getKeyValueBackupIntervalMilliseconds(...) returns 14400000
05-30 08:38:40.233 484 1036 V BackupManagerConstants: getKeyValueBackupFuzzMilliseconds(...) returns 600000
05-30 08:38:40.233 484 1036 V BackupManagerConstants: getKeyValueBackupRequiredNetworkType(...) returns 1
05-30 08:38:40.233 484 1036 V BackupManagerConstants: getKeyValueBackupRequireCharging(...) returns true
05-30 08:38:40.233 484 1036 V KeyValueBackupJob: Scheduling k/v pass in 245 minutes
01-01 08:00:25.398 175 175 W : sunxi ehci1-controller don't init wakeup source
01-01 08:00:25.408 175 175 W [sunxi-ehci1]: probe, pdev->name: 5200000.ehci1-controller, sunxi_ehci: 0xffffffc008f816d8, 0x:ffffffc01585d000, irq_no:34
05-30 08:38:40.236 276 276 I EventThread: type=1400 audit(0.0:404): avc: denied { search } for name="extcon" dev="sysfs" ino=18109 scontext=u:r:hal_tv_cec_default:s0 tcontext=u:object_r:sysfs_extcon:s0 tclass=dir permissive=1
05-30 08:38:40.241 484 647 V BackupManagerService: [UserID:0] No ancestral data
05-30 08:38:40.243 327 329 D XM_HIDREAD: add@ add@/devices/virtual/devlink/regulator.8--5200000.ehci1-controller
05-30 08:38:40.247 484 589 W StorageManagerService: Reporting emulated;0 unmounted due to system locked
05-30 08:38:40.249 255 255 D Zygote : Forked child process 1072
05-30 08:38:40.253 484 548 W ActivityManager: Slow operation: 138ms so far, now at startProcess: returned from zygote!
05-30 08:38:40.254 484 548 W ActivityManager: Slow operation: 140ms so far, now at startProcess: done updating battery stats
05-30 08:38:40.254 484 548 W ActivityManager: Slow operation: 140ms so far, now at startProcess: building log message
05-30 08:38:40.254 484 548 I ActivityManager: app.processName = com.android.traceur
05-30 08:38:40.254 484 548 I ActivityManager: Start proc 1072:com.android.traceur/u0a26 for broadcast {com.android.traceur/com.android.traceur.Receiver}
05-30 08:38:40.261 484 820 D CompatibilityChangeReporter: Compat change id reported: 174042980; UID 1000; state: DISABLED
01-01 08:00:25.424 175 175 I sunxi-ehci 5200000.ehci1-controller: EHCI Host Controller
01-01 08:00:25.433 175 175 I sunxi-ehci 5200000.ehci1-controller: new USB bus registered, assigned bus number 2
05-30 08:38:40.267 1072 1072 I Zygote : seccomp disabled by setenforce 0
01-01 08:00:25.444 175 175 I sunxi-ehci 5200000.ehci1-controller: irq 52, io mem 0x05200000
05-30 08:38:40.269 484 820 D ActivityTaskManager: isHomeLauncher info= ActivityInfo{bca5f08 com.dangbei.launcher.home.LauncherActivity}
05-30 08:38:40.274 484 532 W IorapForwardingService: No service published for: iorapd
05-30 08:38:40.296 484 548 W ActivityManager: Slow operation: 182ms so far, now at startProcess: starting to update pids map
05-30 08:38:40.300 407 425 I adbd : jdwp connection from 1072
05-30 08:38:40.313 275 275 I AW_PowerHAL: Power setMode: SUSTAINED_PERFORMANCE to: 1
05-30 08:38:40.315 484 1036 D ConnectivityService: requestNetwork for uid/pid:1000/484 activeRequest: null callbackRequest: 22 [NetworkRequest [ REQUEST id=23, [ Capabilities: INTERNET&NOT_RESTRICTED&TRUSTED&NOT_VCN_MANAGED Uid: 1000 RequestorUid: 1000 RequestorPkg: android] ]] callback flags: 0 priority: 2147483647
05-30 08:38:40.280 1073 1073 I Binder:484_8: type=1400 audit(0.0:405): avc: denied { execute } for name="su" dev="dm-2" ino=3480 scontext=u:r:system_server:s0 tcontext=u:object_r:su_exec:s0 tclass=file permissive=1
05-30 08:38:40.284 1073 1073 I Binder:484_8: type=1400 audit(0.0:406): avc: denied { read open } for path="/system/xbin/su" dev="dm-2" ino=3480 scontext=u:r:system_server:s0 tcontext=u:object_r:su_exec:s0 tclass=file permissive=1
05-30 08:38:40.284 1073 1073 I Binder:484_8: type=1400 audit(0.0:407): avc: denied { execute_no_trans } for path="/system/xbin/su" dev="dm-2" ino=3480 scontext=u:r:system_server:s0 tcontext=u:object_r:su_exec:s0 tclass=file permissive=1
05-30 08:38:40.296 1073 1073 I su : type=1400 audit(0.0:408): avc: denied { map } for path="/system/xbin/su" dev="dm-2" ino=3480 scontext=u:r:system_server:s0 tcontext=u:object_r:su_exec:s0 tclass=file permissive=1
05-30 08:38:40.319 484 627 D ConnectivityService: NetReassign [no changes]
05-30 08:38:40.320 484 664 D PPPOE : got request NetworkRequest [ REQUEST id=23, [ Capabilities: INTERNET&NOT_RESTRICTED&TRUSTED&NOT_VCN_MANAGED Uid: 1000 RequestorUid: 1000 RequestorPkg: android] ]
05-30 08:38:40.321 484 663 D Ethernet: got request NetworkRequest [ REQUEST id=23, [ Capabilities: INTERNET&NOT_RESTRICTED&TRUSTED&NOT_VCN_MANAGED Uid: 1000 RequestorUid: 1000 RequestorPkg: android] ]
05-30 08:38:40.321 484 663 D EthernetNetworkFactory: acceptRequest, request: NetworkRequest [ REQUEST id=23, [ Capabilities: INTERNET&NOT_RESTRICTED&TRUSTED&NOT_VCN_MANAGED Uid: 1000 RequestorUid: 1000 RequestorPkg: android] ]
05-30 08:38:40.321 484 663 I EthernetNetworkFactory: networkForRequest, request: NetworkRequest [ REQUEST id=23, [ Capabilities: INTERNET&NOT_RESTRICTED&TRUSTED&NOT_VCN_MANAGED Uid: 1000 RequestorUid: 1000 RequestorPkg: android] ], network: null
01-01 08:00:25.468 175 175 I sunxi-ehci 5200000.ehci1-controller: USB 2.0 started, EHCI 1.00
01-01 08:00:25.477 175 175 E debugfs : Directory 'sunxi-ehci' with parent 'ehci' already present!
01-01 08:00:25.485 1073 1073 W audit : audit_lost=1 audit_rate_limit=5 audit_backlog_limit=64
01-01 08:00:25.486 175 175 I usb2 : New USB device found, idVendor=1d6b, idProduct=0002, bcdDevice= 5.04
05-30 08:38:40.323 484 820 D CompatibilityChangeReporter: Compat change id reported: 168419799; UID 1000; state: DISABLED
01-01 08:00:25.504 175 175 I usb2 : New USB device strings: Mfr=3, Product=2, SerialNumber=1
01-01 08:00:25.505 1073 1073 E audit : rate limit exceeded
05-30 08:38:40.336 484 534 W system_server: Long monitor contention with owner Binder:484_8 (820) at void com.android.server.wm.TaskChangeNotificationController.forAllLocalListeners(com.android.server.wm.TaskChangeNotificationController$TaskStackConsumer, android.os.Message)(TaskChangeNotificationController.java:342) waiters=1 in void com.android.server.wm.InputMonitor$UpdateInputWindows.run() for 122ms
05-30 08:38:40.339 484 484 W Looper : Slow dispatch took 137ms main h=android.app.ActivityThread$H c=android.app.LoadedApk$ReceiverDispatcher$Args$$ExternalSyntheticLambda0@28d5177 m=0
05-30 08:38:40.339 484 547 I LaunchParamsPersister: Didn't find launch param folder for user 0
05-30 08:38:40.340 484 547 W SystemServiceManager: Service com.android.server.wm.ActivityTaskManagerService$Lifecycle took 141 ms in onUnlockedUser-0
05-30 08:38:40.341 484 547 D SystemServerTimingAsync: ssm.UnlockedUser-0 took to complete: 143ms
05-30 08:38:40.341 484 547 W ActivityManager: UserLifecycleEvent 6 received without an active userJourneySession.
05-30 08:38:40.342 484 548 W ActivityManager: Slow operation: 227ms so far, now at startProcess: done updating pids map
05-30 08:38:40.342 484 533 I ActivityManager: com.dangbei.leard.leradlauncher is exempt from freezer
01-01 08:00:25.514 175 175 I usb2 : Product: EHCI Host Controller
05-30 08:38:40.344 484 484 V NotificationAssistants: disabling notification assistant for user 0: ComponentInfo{android.ext.services/android.ext.services.notification.Assistant}
05-30 08:38:40.344 484 484 D NotificationListeners: Removing active service ComponentInfo{android.ext.services/android.ext.services.notification.Assistant}
05-30 08:38:40.345 484 844 D CompatibilityChangeReporter: Compat change id reported: 168419799; UID 10074; state: DISABLED
05-30 08:38:40.351 290 290 I BpBinder: onLastStrongRef automatically unlinking death recipients:
01-01 08:00:25.525 175 175 I usb2 : Manufacturer: Linux 5.4.125+ ehci_hcd
01-01 08:00:25.532 175 175 I usb2 : SerialNumber: sunxi-ehci
05-30 08:38:40.360 275 275 W AW_PowerHAL: Could not open nsi-bw: No such file or directory
05-30 08:38:40.361 275 275 I AW_PowerHAL: cur-mode:PERFORMANCE
05-30 08:38:40.364 327 329 D XM_HIDREAD: add@ add@/devices/platform/soc@3000000/5200000.ehci1-controller/usb2
05-30 08:38:40.365 327 329 D XM_HIDREAD: add@ add@/devices/platform/soc@3000000/5200000.ehci1-controller/usb2/2-0:1.0
05-30 08:38:40.370 484 1089 E TaskPersister: File error accessing recents directory (directory doesn't exist?).
01-01 08:00:25.546 175 175 I hub 2-0 : 1.0: USB hub found
01-01 08:00:25.551 175 175 I hub 2-0 : 1.0: 1 port detected
05-30 08:38:40.375 255 255 D Zygote : Forked child process 1092
05-30 08:38:40.385 1092 1092 I Zygote : seccomp disabled by setenforce 0
05-30 08:38:40.387 484 548 I ActivityManager: app.processName = com.dangbei.leard.leradlauncher
05-30 08:38:40.388 484 548 I ActivityManager: Start proc 1092:com.dangbei.leard.leradlauncher/1000 for top-activity {com.dangbei.leard.leradlauncher/com.dangbei.launcher.home.LauncherActivity}
05-30 08:38:40.390 1043 1043 D CompatibilityChangeReporter: Compat change id reported: 171979766; UID 1000; state: DISABLED
05-30 08:38:40.391 484 589 D CompatibilityChangeReporter: Compat change id reported: 168419799; UID 10026; state: DISABLED
05-30 08:38:40.398 1042 1042 D CompatibilityChangeReporter: Compat change id reported: 171979766; UID 10074; state: DISABLED
01-01 08:00:25.561 175 175 W : sunxi ehci2-controller don't init wakeup source
01-01 08:00:25.568 175 175 W [sunxi-ehci2]: probe, pdev->name: 5310000.ehci2-controller, sunxi_ehci: 0xffffffc008f81d98, 0x:ffffffc01594f000, irq_no:36
05-30 08:38:40.403 327 329 D XM_HIDREAD: add@ add@/devices/virtual/devlink/regulator.8--5310000.ehci2-controller
01-01 08:00:25.585 175 175 I sunxi-ehci 5310000.ehci2-controller: EHCI Host Controller
01-01 08:00:25.593 175 175 I sunxi-ehci 5310000.ehci2-controller: new USB bus registered, assigned bus number 3
05-30 08:38:40.407 407 425 I adbd : jdwp connection from 1092
05-30 08:38:40.408 1072 1072 D CompatibilityChangeReporter: Compat change id reported: 171979766; UID 10026; state: ENABLED
05-30 08:38:40.422 484 484 V NotificationAssistants: enabling notification assistant for 0: ComponentInfo{android.ext.services/android.ext.services.notification.Assistant}
05-30 08:38:40.423 484 484 V NotificationAssistants: binding: Intent { act=android.service.notification.NotificationAssistantService cmp=android.ext.services/.notification.Assistant (has extras) }
01-01 08:00:25.604 175 175 I sunxi-ehci 5310000.ehci2-controller: irq 54, io mem 0x05310000
05-30 08:38:40.428 484 546 I ActivityManager: com.android.keychain is exempt from freezer
05-30 08:38:40.429 484 546 D CompatibilityChangeReporter: Compat change id reported: 135634846; UID 1000; state: DISABLED
05-30 08:38:40.438 1043 1043 D ApplicationLoaders: Returning zygote-cached class loader: /system/framework/android.test.base.jar
05-30 08:38:40.438 1043 1043 D ApplicationLoaders: Returning zygote-cached class loader: /system/framework/android.hidl.manager-V1.0-java.jar
05-30 08:38:40.438 1043 1043 D ApplicationLoaders: Returning zygote-cached class loader: /system/framework/android.hidl.base-V1.0-java.jar
05-30 08:38:40.444 484 484 W Looper : Slow dispatch took 100ms main h=android.app.ActivityThread$H c=android.app.LoadedApk$ReceiverDispatcher$Args$$ExternalSyntheticLambda0@b773675 m=0
05-30 08:38:40.449 484 484 W Looper : Slow delivery took 260ms main h=android.app.ActivityThread$H c=android.app.LoadedApk$ReceiverDispatcher$Args$$ExternalSyntheticLambda0@9db4c62 m=0
05-30 08:38:40.454 689 689 D TvPipController: onTaskStackChanged()
05-30 08:38:40.459 484 1035 E system_server: No package ID 7f found for ID 0x7f070090.
05-30 08:38:40.459 484 1035 E system_server: No package ID 7f found for ID 0x7f10009b.
05-30 08:38:40.461 255 255 D Zygote : Forked child process 1108
05-30 08:38:40.466 484 548 I ActivityManager: app.processName = com.android.keychain
05-30 08:38:40.467 484 548 I ActivityManager: Start proc 1108:com.android.keychain/1000 for service {com.android.keychain/com.android.keychain.KeyChainService}
05-30 08:38:40.471 1043 1043 E lerad.etna.haq: Dex checksum does not match for dex: /system/priv-app/dangbei-etna-service/dangbei-etna-service.apk.Expected: 3517818234, actual: 1633125004
05-30 08:38:40.472 1108 1108 I Zygote : seccomp disabled by setenforce 0
05-30 08:38:40.485 484 589 D AW_CODE : rotation =0
05-30 08:38:40.488 484 589 D CompatibilityChangeReporter: Compat change id reported: 174042980; UID 1000; state: DISABLED
05-30 08:38:40.494 407 425 I adbd : jdwp connection from 1108
05-30 08:38:40.511 1092 1092 D CompatibilityChangeReporter: Compat change id reported: 171979766; UID 1000; state: DISABLED
05-30 08:38:40.519 484 484 I AccountManagerService: User 0 is unlocked - opening CE database
05-30 08:38:40.521 484 647 I BackupManagerService: isBackupEnabled() => false due to absent settings file
05-30 08:38:40.521 484 647 D BackupManagerService: user:0 readBackupEnableState enabled:false
05-30 08:38:40.521 484 647 I BackupManagerService: [UserID:0] Backup enabled => false
05-30 08:38:40.524 484 817 D CompatibilityChangeReporter: Compat change id reported: 168419799; UID 1000; state: DISABLED
05-30 08:38:40.528 1092 1092 D ApplicationLoaders: Returning zygote-cached class loader: /system/framework/android.test.base.jar
05-30 08:38:40.528 1092 1092 D ApplicationLoaders: Returning zygote-cached class loader: /system/framework/android.hidl.manager-V1.0-java.jar
05-30 08:38:40.528 1092 1092 D ApplicationLoaders: Returning zygote-cached class loader: /system/framework/android.hidl.base-V1.0-java.jar
05-30 08:38:40.536 1108 1108 D CompatibilityChangeReporter: Compat change id reported: 171979766; UID 1000; state: ENABLED
05-30 08:38:40.601 1042 1042 V GraphicsEnvironment: ANGLE Developer option for 'com.android.providers.media.module' set to: 'default'
05-30 08:38:40.601 1042 1042 V GraphicsEnvironment: Neither updatable production driver nor prerelease driver is supported.
05-30 08:38:40.603 1042 1042 D NetworkSecurityConfig: No Network Security Config specified, using platform default
05-30 08:38:40.605 1042 1042 D NetworkSecurityConfig: No Network Security Config specified, using platform default
05-30 08:38:40.618 967 967 D wpa_supplicant: sprd_wpa_driver_nl80211_driver_cmd SETSUSPENDMODE 1 len = 0, 16
05-30 08:38:40.618 967 967 D wpa_supplicant: EAPOL: disable timer tick
05-30 08:38:40.618 967 967 D wpa_supplicant: EAPOL: disable timer tick
05-30 08:38:40.620 484 620 D WifiClientModeImpl[wlan0]: Start makeIpClient ifaceName = wlan0
05-30 08:38:40.641 689 979 V WallpaperService: Setting wallpaper dimming: 0.05
05-30 08:38:40.673 1072 1072 V GraphicsEnvironment: ANGLE Developer option for 'com.android.traceur' set to: 'default'
05-30 08:38:40.674 1072 1072 V GraphicsEnvironment: Neither updatable production driver nor prerelease driver is supported.
05-30 08:38:40.677 1072 1072 D NetworkSecurityConfig: No Network Security Config specified, using platform default
05-30 08:38:40.678 1072 1072 D NetworkSecurityConfig: No Network Security Config specified, using platform default
05-30 08:38:40.698 388 388 I update_engine: [INFO:cleanup_previous_update_action.cc(112)] Executing task 7
05-30 08:38:40.703 388 388 I update_engine: [INFO:cleanup_previous_update_action.cc(189)] Boot completed, waiting on markBootSuccessful()
05-30 08:38:40.710 388 388 I update_engine: EnsureMetadataMounted does nothing in Android mode.
05-30 08:38:40.717 388 388 I update_engine: [INFO:cleanup_previous_update_action.cc(261)] Waiting for any previous merge request to complete. This can take up to several minutes.
05-30 08:38:40.719 1072 1072 I Traceur : Received BOOT_COMPLETE
05-30 08:38:40.729 254 254 I netd : interfaceSetEnableIPv6(wlan0, false) <1.34ms>
05-30 08:38:40.743 254 254 I netd : interfaceClearAddrs(wlan0) <1.11ms>
05-30 08:38:40.745 327 329 D XM_HIDREAD: remove@ remove@/devices/virtual/block/dm-6
05-30 08:38:40.746 766 1127 E IpClient.wlan0: Failed to set accept_ra to 2
05-30 08:38:40.752 327 329 D XM_HIDREAD: remove@ remove@/devices/virtual/bdi/253:6
05-30 08:38:40.753 327 329 D XM_HIDREAD: remove@ remove@/devices/virtual/block/dm-6
05-30 08:38:40.759 484 620 I WifiClientModeImpl[wlan0]: disconnectedstate enter
05-30 08:38:40.762 484 620 D WifiClientModeImpl[wlan0]: setupClientMode() ifacename = wlan0
05-30 08:38:40.765 193 193 I hwservicemanager: getTransport: Cannot find entry android.hardware.graphics.mapper@4.0::IMapper/default in either framework or device VINTF manifest.
05-30 08:38:40.765 689 979 I Gralloc4: mapper 4.x is not supported
05-30 08:38:40.766 193 193 I hwservicemanager: getTransport: Cannot find entry android.hardware.graphics.mapper@3.0::IMapper/default in either framework or device VINTF manifest.
05-30 08:38:40.769 689 979 W Gralloc3: mapper 3.x is not supported
05-30 08:38:40.772 192 192 I servicemanager: Since 'gsiservice' could not be found, trying to start it as a lazy AIDL service
05-30 08:38:40.776 1042 1042 V MediaProvider: Attached media from com.android.providers.media.module
05-30 08:38:40.778 484 817 I ActivityManager: com.oranth.ledstatus is exempt from freezer
05-30 08:38:40.780 1092 1092 V GraphicsEnvironment: ANGLE Developer option for 'com.dangbei.leard.leradlauncher' set to: 'default'
05-30 08:38:40.781 1092 1092 V GraphicsEnvironment: Neither updatable production driver nor prerelease driver is supported.
05-30 08:38:40.781 484 484 W Looper : Slow dispatch took 328ms main h=android.app.ActivityThread$H c=android.app.LoadedApk$ReceiverDispatcher$Args$$ExternalSyntheticLambda0@bcb5628 m=0
05-30 08:38:40.784 1092 1092 D NetworkSecurityConfig: Using Network Security Config from resource network_permission_config debugBuild: false
05-30 08:38:40.789 1092 1092 D NetworkSecurityConfig: Using Network Security Config from resource network_permission_config debugBuild: false
05-30 08:38:40.793 484 675 I SyncManager: Loaded persisted syncs: 0 periodic syncs, 0 oneshot syncs, 16 total system server jobs, JobStats: FirstLoad: 5/2/0 LastSave: -1/-1/-1
05-30 08:38:40.794 484 484 V NotificationAssistants: 0 notification assistant service connected: ComponentInfo{android.ext.services/android.ext.services.notification.Assistant}
05-30 08:38:40.802 484 817 D CompatibilityChangeReporter: Compat change id reported: 135634846; UID 1000; state: DISABLED
05-30 08:38:40.802 689 979 E gralloc : Arm Module v1.0
05-30 08:38:40.813 484 484 W Looper : Drained
05-30 08:38:40.824 193 193 I hwservicemanager: getTransport: Cannot find entry android.hardware.graphics.allocator@4.0::IAllocator/default in either framework or device VINTF manifest.
05-30 08:38:40.833 255 255 D Zygote : Forked child process 1133
05-30 08:38:40.834 484 548 W ActivityManager: Slow operation: 57ms so far, now at startProcess: returned from zygote!
05-30 08:38:40.835 484 548 W ActivityManager: Slow operation: 58ms so far, now at startProcess: done updating battery stats
05-30 08:38:40.835 484 548 W ActivityManager: Slow operation: 58ms so far, now at startProcess: building log message
05-30 08:38:40.835 484 548 I ActivityManager: app.processName = com.oranth.ledstatus
05-30 08:38:40.835 484 548 I ActivityManager: Start proc 1133:com.oranth.ledstatus/1000 for broadcast {com.oranth.ledstatus/com.oranth.ledstatus.BootCompletedReceiver}
05-30 08:38:40.835 484 548 W ActivityManager: Slow operation: 58ms so far, now at startProcess: starting to update pids map
05-30 08:38:40.836 1043 1043 V GraphicsEnvironment: ANGLE Developer option for 'com.dangbei.lerad.etna.haqu' set to: 'default'
05-30 08:38:40.836 484 548 W ActivityManager: Slow operation: 59ms so far, now at startProcess: done updating pids map
05-30 08:38:40.837 1043 1043 V GraphicsEnvironment: Neither updatable production driver nor prerelease driver is supported.
05-30 08:38:40.837 689 979 W Gralloc4: allocator 4.x is not supported
05-30 08:38:40.838 193 193 I hwservicemanager: getTransport: Cannot find entry android.hardware.graphics.allocator@3.0::IAllocator/default in either framework or device VINTF manifest.
05-30 08:38:40.838 689 979 W Gralloc3: allocator 3.x is not supported
05-30 08:38:40.839 667 667 E WifiHAL : wifi_start_pkt_fate_monitoring: packet fate logging feature not supported 0
05-30 08:38:40.841 1092 1092 I MultiDex: VM with version 2.1.0 has multidex support
05-30 08:38:40.842 1092 1092 I MultiDex: Installing application
05-30 08:38:40.843 1092 1092 I MultiDex: VM has multidex support, MultiDex support library is disabled.
05-30 08:38:40.844 1133 1133 I Zygote : seccomp disabled by setenforce 0
05-30 08:38:40.846 270 270 I gralloc : alloc buffer:W:1920 H:1080 S:1920 PL[1920 1080] SZ:8294400 fmt:43 if:0 af:43 usg:20000b00 fg:00000004
05-30 08:38:40.846 1043 1043 D NetworkSecurityConfig: Using Network Security Config from resource network_security_config debugBuild: false
05-30 08:38:40.847 689 979 E ion : ioctl c0044901 failed with code -1: Inappropriate ioctl for device
05-30 08:38:40.857 1133 1133 I ranth.ledstatu: Late-enabling -Xcheck:jni
05-30 08:38:40.863 1043 1043 D NetworkSecurityConfig: Using Network Security Config from resource network_security_config debugBuild: false
05-30 08:38:40.865 676 930 I bt_core_module: system/bt/btcore/src/module.cc:90 module_start_up: module_start_up Started module "controller_module"
05-30 08:38:40.865 676 930 I bt_btm_pm: system/bt/stack/acl/btm_pm.cc:392 btm_pm_reset: reset pm
05-30 08:38:40.867 271 271 W sunxihwc: computeLayerMemoryFootprint: Unknown pixelformat(-1)
