06-03 15:32:46.055 I/nw ( 1421): onChanged: input mode:languageID=0
06-03 15:32:46.055 I/nw ( 1421): scriptID=2
06-03 15:32:46.055 I/nw ( 1421): layoutID=2
06-03 15:32:46.055 I/BootReceiver( 736): fs_stat, partition:tee stat:0x3
06-03 15:32:46.057 I/BootComplete( 960): No need to listen low power policy change
06-03 15:32:46.058 D/HdmiCecService( 960): onCreate
06-03 15:32:46.059 D/HdmiCecService( 960): VendorCommandHandler initialized
06-03 15:32:46.060 I/BootReceiver( 736): fs_stat, partition:factory stat:0x0
06-03 15:32:46.061 I/BootReceiver( 736): fs_stat, partition:userdata stat:0x0
06-03 15:32:46.062 I/ActivityManager( 736): com.droidlogic.mictoggle is exempt from freezer
06-03 15:32:46.062 D/CompatibilityChangeReporter( 736): Compat change id reported: 135634846; UID 1000; state: DISABLED
06-03 15:32:46.068 D/HdmiCecService( 960): registerVendorCommandListener
06-03 15:32:46.069 D/HDMI ( 736): addVendorCommandListener 1877008
06-03 15:32:46.070 D/CompatibilityChangeReporter( 736): Compat change id reported: 135634846; UID 10017; state: DISABLED
06-03 15:32:46.070 D/CompatibilityChangeReporter( 736): Compat change id reported: 177438394; UID 10017; state: DISABLED
06-03 15:32:46.071 D/CompatibilityChangeReporter( 736): Compat change id reported: 135772972; UID 10017; state: DISABLED
06-03 15:32:46.071 D/CompatibilityChangeReporter( 736): Compat change id reported: 135754954; UID 10017; state: ENABLED
06-03 15:32:46.071 I/HdmiCecService( 960): Netflix feature is not supported
06-03 15:32:46.079 I/PhoneAccountHandleMigrationUtils_ContactsDatabaseHelper( 1612): updatePhoneAccountHandleMigrationPendingStatus false
06-03 15:32:46.080 E/update_engine( 650): [ERROR:update_attempter_android.cc(-1)] unknown(...): Domain=update_engine, Code=generic_error, Message=No ongoing update to cancel.
06-03 15:32:46.080 E/ShutdownService( 960): Larson: bt module = true
06-03 15:32:46.082 D/Zygote ( 467): Forked child process 1687
06-03 15:32:46.083 I/ActivityManager( 736): Start proc 1687:com.droidlogic.mictoggle/1000 for broadcast {com.droidlogic.mictoggle/com.droidlogic.mictoggle.AssistantMicMuteReceiver}
06-03 15:32:46.084 D/CompatibilityChangeReporter( 736): Compat change id reported: 143937733; UID 10017; state: ENABLED
06-03 15:32:46.084 E/update_engine( 650): [ERROR:update_attempter_android.cc(94)] Replying with failure: pc:0x49d4239: No ongoing update to cancel.
06-03 15:32:46.091 E/ccc ( 1494): cccccc 故意做的cancel 捕获 No ongoing update to cancel.
06-03 15:32:46.091 W/System.err( 1494): android.os.ServiceSpecificException: No ongoing update to cancel. (code 1)
06-03 15:32:46.091 W/System.err( 1494): at android.os.Parcel.createExceptionOrNull(Parcel.java:3071)
06-03 15:32:46.091 W/System.err( 1494): at android.os.Parcel.createException(Parcel.java:3041)
06-03 15:32:46.091 W/System.err( 1494): at android.os.Parcel.readException(Parcel.java:3024)
06-03 15:32:46.091 W/System.err( 1494): at android.os.Parcel.readException(Parcel.java:2966)
06-03 15:32:46.091 W/System.err( 1494): at android.os.IUpdateEngine$Stub$Proxy.cancel(IUpdateEngine.java:461)
06-03 15:32:46.091 W/System.err( 1494): at android.os.UpdateEngine.cancel(UpdateEngine.java:384)
06-03 15:32:46.091 W/System.err( 1494): at com.oranth.otalibrary.OTAManager.cancel(OTAManager.java:54)
06-03 15:32:46.092 W/System.err( 1494): at com.dangbei.etna.update.ota.OtaUpdateHelper.cancelInstalling(OtaUpdateHelper.kt:134)
06-03 15:32:46.092 W/System.err( 1494): at com.dangbei.etna.update.ota.OtaUpdateHelper.init(OtaUpdateHelper.kt:72)
06-03 15:32:46.092 W/System.err( 1494): at com.dangbei.etna.update.UpdateHelper.init(UpdateHelper.kt:60)
06-03 15:32:46.092 W/System.err( 1494): at com.dangbei.lerad.etna.haqu.EtnaApplication.init(EtnaApplication.kt:97)
06-03 15:32:46.092 W/System.err( 1494): at com.dangbei.lerad.etna.haqu.EtnaApplication.onCreate(EtnaApplication.kt:59)
06-03 15:32:46.092 W/System.err( 1494): at android.app.Instrumentation.callApplicationOnCreate(Instrumentation.java:1316)
06-03 15:32:46.092 W/System.err( 1494): at android.app.ActivityThread.handleBindApplication(ActivityThread.java:7061)
06-03 15:32:46.092 W/System.err( 1494): at android.app.ActivityThread.-$$Nest$mhandleBindApplication(Unknown Source:0)
06-03 15:32:46.092 W/System.err( 1494): at android.app.ActivityThread$H.handleMessage(ActivityThread.java:2265)
06-03 15:32:46.092 W/System.err( 1494): at android.os.Handler.dispatchMessage(Handler.java:106)
06-03 15:32:46.092 W/System.err( 1494): at android.os.Looper.loopOnce(Looper.java:205)
06-03 15:32:46.092 W/System.err( 1494): at android.os.Looper.loop(Looper.java:294)
06-03 15:32:46.092 W/System.err( 1494): at android.app.ActivityThread.main(ActivityThread.java:8255)
06-03 15:32:46.092 W/System.err( 1494): at java.lang.reflect.Method.invoke(Native Method)
06-03 15:32:46.092 W/System.err( 1494): at com.android.internal.os.RuntimeInit$MethodAndArgsCaller.run(RuntimeInit.java:552)
06-03 15:32:46.092 W/System.err( 1494): at com.android.internal.os.ZygoteInit.main(ZygoteInit.java:978)
06-03 15:32:46.092 I/update_engine( 650): [INFO:update_attempter_android.cc(425)] Attempting to reset state from UPDATE_STATUS_IDLE to UpdateStatus::IDLE
06-03 15:32:46.095 D/FrameRateService( 960): [AIPQservice] onCreate sys_value= 0
06-03 15:32:46.096 D/FrameRateService( 960): [FrameRateService] onStartCommand
06-03 15:32:46.100 I/update_engine( 650): [INFO:update_attempter_android.cc(440)] Cleaning up reserved space for compressed APEX (if any)
06-03 15:32:46.110 I/update_engine( 650): [INFO:update_attempter_android.cc(836)] Clearing update complete marker.
06-03 15:32:46.122 I/[3 T435 ..] apexd( 0): Cleaning up reserved space for compressed APEX
06-03 15:32:46.112 I/Zygote ( 1687): seccomp disabled by setenforce 0
06-03 15:32:46.118 I/logic.mictoggle( 1687): Using CollectorTypeCC GC.
06-03 15:32:46.123 I/update_engine( 650): [INFO:dynamic_partition_control_android.cc(1310)] ResetUpdate resetting update state and deleting snapshots.
06-03 15:32:46.125 E/logic.mictoggle( 1687): Not starting debugger since process cannot load the jdwp agent.
06-03 15:32:46.125 D/Zygote ( 467): Forked child process 1696
06-03 15:32:46.126 W/ActivityManager( 736): Slow operation: 57ms so far, now at startProcess: returned from zygote!
06-03 15:32:46.126 W/ActivityManager( 736): Slow operation: 57ms so far, now at startProcess: done updating battery stats
06-03 15:32:46.126 W/ActivityManager( 736): Slow operation: 57ms so far, now at startProcess: building log message
06-03 15:32:46.126 I/ActivityManager( 736): Start proc 1696:android.process.media/u0a17 for content provider {com.android.providers.downloads/com.android.providers.downloads.DownloadProvider}
06-03 15:32:46.126 W/ActivityManager( 736): Slow operation: 57ms so far, now at startProcess: starting to update pids map
06-03 15:32:46.127 W/ActivityManager( 736): Slow operation: 58ms so far, now at startProcess: done updating pids map
06-03 15:32:46.135 I/Zygote ( 1696): seccomp disabled by setenforce 0
06-03 15:32:46.138 D/CompatibilityChangeReporter( 736): Compat change id reported: 168419799; UID 1000; state: DISABLED
06-03 15:32:46.138 D/CompatibilityChangeReporter( 736): Compat change id reported: 273564678; UID 1000; state: DISABLED
06-03 15:32:46.142 I/d.process.media( 1696): Using CollectorTypeCC GC.
06-03 15:32:46.148 E/d.process.media( 1696): Not starting debugger since process cannot load the jdwp agent.
06-03 15:32:46.162 D/CompatibilityChangeReporter( 736): Compat change id reported: 168419799; UID 10017; state: DISABLED
06-03 15:32:46.162 D/CompatibilityChangeReporter( 736): Compat change id reported: 273564678; UID 10017; state: DISABLED
06-03 15:32:46.165 D/CompatibilityChangeReporter( 736): Compat change id reported: 265195908; UID 10017; state: ENABLED
06-03 15:32:46.167 D/CompatibilityChangeReporter( 1687): Compat change id reported: 171979766; UID 1000; state: ENABLED
06-03 15:32:46.167 D/CompatibilityChangeReporter( 1687): Compat change id reported: 242716250; UID 1000; state: ENABLED
06-03 15:32:46.174 I/ContactLocale( 1612): AddressBook Labels [[zh_CN]]: […, A, B, C, D, E, F, G, H, I, J, K, L, M, N, O, P, Q, R, S, T, U, V, W, X, Y, Z, Α, Β, Γ, Δ, Ε, Ζ, Η, Θ, Ι, Κ, Λ, Μ, Ν, Ξ, Ο, Π, Ρ, Σ, Τ, Υ, Φ, Χ, Ψ, Ω, …, А, Б, В, Г, Д, Ђ, Е, Є, Ж, З, И, І, Й, Ј, К, Л, Љ, М, Н, Њ, О, П, Р, С, Т, Ћ, У, Ф, Х, Ц, Ч, Џ, Ш, Щ, Ю, Я, …, א, ב, ג, ד, ה, ו, ז, ח, ט, י, כ, ל, מ, נ, ס, ע, פ, צ, ק, ר, ש, ת, …, ا, ب, ت, ث, ج, ح, خ, د, ذ, ر, ز, س, ش, ص, ض, ط, ظ, ع, غ, ف, ق, ك, ل, م, ن, ه, و, ي, …, ก, ข, ฃ, ค, ฅ, ฆ, ง, จ, ฉ, ช, ซ, ฌ, ญ, ฎ, ฏ, ฐ, ฑ, ฒ, ณ, ด, ต, ถ, ท, ธ, น, บ, ป, ผ, ฝ, พ, ฟ, ภ, ม, ย, ร, ฤ, ล, ฦ, ว, ศ, ษ, ส, ห, ฬ, อ, ฮ, …, ㄱ, ㄴ, ㄷ, ㄹ, ㅁ, ㅂ, ㅅ, ㅇ, ㅈ, ㅊ, ㅋ, ㅌ, ㅍ, ㅎ, …, あ, か, さ, た, な, は, ま, や, ら, わ, #, …]
06-03 15:32:46.181 D/nativeloader( 1687): Configuring clns-shared-4 for other apk /vendor/framework/droidlogic.software.core.jar. target_sdk_version=34, uses_libraries=ALL, library_path=/system_ext/priv-app/MicToggleProvider/lib/arm:/system_ext/priv-app/MicToggleProvider/MicToggleProvider.apk!/lib/armeabi-v7a:/system/lib:/system_ext/lib, permitted_path=/data:/mnt/expand:/data/user/0/com.droidlogic.mictoggle:/system_ext/priv-app/MicToggleProvider:/system/lib:/system_ext/lib
06-03 15:32:46.185 D/CompatibilityChangeReporter( 1696): Compat change id reported: 171979766; UID 10017; state: ENABLED
06-03 15:32:46.185 D/CompatibilityChangeReporter( 1696): Compat change id reported: 242716250; UID 10017; state: ENABLED
06-03 15:32:46.193 D/nativeloader( 1687): Configuring clns-shared-5 for other apk /system_ext/priv-app/MicToggleProvider/MicToggleProvider.apk. target_sdk_version=34, uses_libraries=, library_path=/system_ext/priv-app/MicToggleProvider/lib/arm:/system_ext/priv-app/MicToggleProvider/MicToggleProvider.apk!/lib/armeabi-v7a:/system/lib:/system_ext/lib, permitted_path=/data:/mnt/expand:/data/user/0/com.droidlogic.mictoggle:/system_ext/priv-app/MicToggleProvider:/system/lib:/system_ext/lib
06-03 15:32:46.197 D/CompatibilityChangeReporter( 736): Compat change id reported: 170503758; UID 10017; state: ENABLED
06-03 15:32:46.200 D/ContactsDatabaseHelper( 1612): WAL enabled for profile.db: false
06-03 15:32:46.205 V/GraphicsEnvironment( 1687): Currently set values for:
06-03 15:32:46.205 V/GraphicsEnvironment( 1687): angle_gl_driver_selection_pkgs=[]
06-03 15:32:46.206 V/GraphicsEnvironment( 1687): angle_gl_driver_selection_values=[]
06-03 15:32:46.206 V/GraphicsEnvironment( 1687): ANGLE GameManagerService for com.droidlogic.mictoggle: false
06-03 15:32:46.206 V/GraphicsEnvironment( 1687): com.droidlogic.mictoggle is not listed in per-application setting
06-03 15:32:46.206 V/GraphicsEnvironment( 1687): Neither updatable production driver nor prerelease driver is supported.
06-03 15:32:46.213 I/update_engine( 650): [INFO:delta_performer.cc(1387)] Resetting recorded hash for prepared partitions.
06-03 15:32:46.217 E/update_engine( 650): [ERROR:snapshot.cpp(2929)] Read state file failed: No such file or directory
06-03 15:32:46.220 D/nativeloader( 1696): Configuring clns-shared-4 for other apk /system/priv-app/DownloadProvider/DownloadProvider.apk. target_sdk_version=34, uses_libraries=, library_path=/system/priv-app/DownloadProvider/lib/arm:/system/lib:/system_ext/lib, permitted_path=/data:/mnt/expand:/data/user/0/com.android.providers.downloads:/system/priv-app/DownloadProvider:/system/lib:/system_ext/lib
06-03 15:32:46.226 I/android_os_HwBinder( 1687): HwBinder: Starting thread pool for getting: vendor.amlogic.hardware.systemcontrol@1.1::ISystemControl/default
06-03 15:32:46.226 E/ccc ( 1494): cccccc 只是做下reset 哈
06-03 15:32:46.231 V/GraphicsEnvironment( 1696): Currently set values for:
06-03 15:32:46.231 V/GraphicsEnvironment( 1696): angle_gl_driver_selection_pkgs=[]
06-03 15:32:46.231 V/GraphicsEnvironment( 1696): angle_gl_driver_selection_values=[]
06-03 15:32:46.232 D/AssistantMicMuteProvider( 1687): getMicToggleState:[0]: name = bluetooth status = 1 [1]: name = mute status = 1
06-03 15:32:46.232 D/AssistantMicMuteProvider( 1687): mic_state:1
06-03 15:32:46.233 I/MMKV ( 1494): loading [mmkv.default] with 3086 actual size, file size 4096, InterProcess 0, meta info version:3
06-03 15:32:46.233 I/MMKV ( 1494): loading [mmkv.default] with crc 135777512 sequence 2 version 3
06-03 15:32:46.233 I/MMKV ( 1494): loaded [mmkv.default] with 9 key-values
06-03 15:32:46.236 E/ccc ( 1494): cccccc updateHelper 通知更新
06-03 15:32:46.236 E/ccc ( 1494): cccccc updateHelper 通知更新
06-03 15:32:46.237 E/ccc ( 1494): cccccc updateHelper 通知更新
06-03 15:32:46.254 D/CompatibilityChangeReporter( 1494): Compat change id reported: 263076149; UID 1000; state: DISABLED
06-03 15:32:46.256 V/GraphicsEnvironment( 1696): ANGLE GameManagerService for com.android.providers.downloads: false
06-03 15:32:46.256 V/GraphicsEnvironment( 1696): com.android.providers.downloads is not listed in per-application setting
06-03 15:32:46.256 V/GraphicsEnvironment( 1696): Neither updatable production driver nor prerelease driver is supported.
06-03 15:32:46.269 D/CompatibilityChangeReporter( 736): Compat change id reported: 261072174; UID 1000; state: DISABLED
06-03 15:32:46.274 D/CompatibilityChangeReporter( 1612): Compat change id reported: 150939131; UID 10018; state: ENABLED
06-03 15:32:46.277 E/ccc ( 1494): cccccc hdmi plug reset
06-03 15:32:46.277 E/ccc ( 1494): cccccc etna-service onCreate
06-03 15:32:46.278 W/ContextImpl( 1687): Calling a method in the system process without a qualified user: android.app.ContextImpl.startService:1899 android.content.ContextWrapper.startService:825 android.content.ContextWrapper.startService:825 com.droidlogic.mictoggle.AssistantMicMuteReceiver.onReceive:48 android.app.ActivityThread.handleReceiver:4494
06-03 15:32:46.284 D/nativeloader( 1696): Configuring clns-shared-5 for other apk /system/priv-app/MtpService/MtpService.apk. target_sdk_version=34, uses_libraries=, library_path=/system/priv-app/MtpService/lib/arm:/system/lib:/system_ext/lib, permitted_path=/data:/mnt/expand:/data/user/0/com.android.mtp:/system/priv-app/MtpService:/system/lib:/system_ext/lib
06-03 15:32:46.285 W/ContextImpl( 1494): Calling a method in the system process without a qualified user: android.app.ContextImpl.sendBroadcast:1220 android.content.ContextWrapper.sendBroadcast:504 com.dangbei.lerad.etna.core.EtnaManager.sendRebootBroadcast:82 com.dangbei.lerad.etna.core.EtnaService.onStartCommand:89 android.app.ActivityThread.handleServiceArgs:4866
06-03 15:32:46.286 E/ccc ( 1494): cccccc etna-service onStartCommand
06-03 15:32:46.286 V/ContactsProvider( 1612): 0 Dangling Contacts have been cleaned up.
06-03 15:32:46.289 E/CoreService( 1494): onStartCommand
06-03 15:32:46.290 E/ccc ( 1494): cccccc etnaService addListener com.dangbei.lerad.etna.lib.client.EtnaServerListener@d61b9e3 com.dangbei.etna.update
06-03 15:32:46.290 E/ccc ( 1494): cccccc UpdateHelper onServerConnected
06-03 15:32:46.290 E/ccc ( 1494): cccccc etnaService addListener com.dangbei.lerad.etna.lib.client.EtnaServerListener@1d17fe0 com.dangbei.etna.setting
06-03 15:32:46.290 E/ccc ( 1494): cccccc SettingHelper onServerConnected
06-03 15:32:46.293 W/ContextImpl( 1494): Calling a method in the system process without a qualified user: android.app.ContextImpl.bindService:1988 android.content.ContextWrapper.bindService:861 com.dangbei.lerad.etna.lib.client.EtnaClient.bindServer:138 com.dangbei.lerad.etna.lib.client.EtnaClient.access$600:29 com.dangbei.lerad.etna.lib.client.EtnaClient$3.call:205
06-03 15:32:46.296 W/ContextImpl( 1494): Calling a method in the system process without a qualified user: android.app.ContextImpl.bindService:1988 android.content.ContextWrapper.bindService:861 com.dangbei.lerad.etna.lib.client.EtnaClient.bindServer:138 com.dangbei.lerad.etna.lib.client.EtnaClient.access$600:29 com.dangbei.lerad.etna.lib.client.EtnaClient$3.call:205
06-03 15:32:46.298 E/ccc ( 1494): cccccc etnaService addListener com.dangbei.lerad.etna.lib.client.EtnaServerListener@2feba0c com.dangbei.etna.setting
06-03 15:32:46.298 E/ccc ( 1494): cccccc SettingHelper onServerConnected
06-03 15:32:46.301 E/ccc ( 1494): cccccc etnaService addListener com.dangbei.lerad.etna.lib.client.EtnaServerListener@46d0f55 com.dangbei.etna.update
06-03 15:32:46.301 E/ccc ( 1494): cccccc UpdateHelper onServerConnected
06-03 15:32:46.302 E/ccc ( 1494): cccccc sendCycleCheckBootGuideStatusMessage
06-03 15:32:46.303 W/ContextImpl( 1494): Calling a method in the system process without a qualified user: android.app.ContextImpl.bindService:1988 android.content.ContextWrapper.bindService:861 com.dangbei.lerad.etna.lib.client.EtnaClient.bindServer:138 com.dangbei.lerad.etna.lib.client.EtnaClient.access$600:29 com.dangbei.lerad.etna.lib.client.EtnaClient$3.call:205
06-03 15:32:46.304 E/ccc ( 1494): cccccc sendCycleCheckBootGuideStatusMessage
06-03 15:32:46.310 W/ContextImpl( 1494): Calling a method in the system process without a qualified user: android.app.ContextImpl.startService:1899 android.content.ContextWrapper.startService:825 com.dangbei.etna.setting.core.SettingHelper.startRocky:267 com.dangbei.etna.setting.core.SettingHelper.sendCycleCheckBootGuideStatusMessage:214 com.dangbei.etna.setting.core.SettingHelper.startLoop:203
06-03 15:32:46.326 I/ ( 0): [1 T78 ..] [TEE] E/TC:? 00 tee_rpmb_verify_key_sync_counter:1008 Verify key returning 0xffff0008
06-03 15:32:46.326 I/ ( 0): [1 T78 ..] [TEE] E/TC:? 00 tee_mkl_status:195 tee_mkl_status bad state, status = 0x0
06-03 15:32:46.328 I/ ( 0): [1 T78 ..] [TEE] E/TC:? 00 tee_provision_get_pfpk_enc:351 PFPK key table bad status, res = 0xffff0007
06-03 15:32:46.311 E/ccc ( 1494): cccccc etnaService addListener com.dangbei.lerad.etna.lib.client.EtnaServerListener@be36af8 com.dangbei.lerad.etna.haqu.andes
06-03 15:32:46.311 W/ContextImpl( 1328): Calling a method in the system process without a qualified user: android.app.ContextImpl.startForegroundService:1905 android.content.ContextWrapper.startForegroundService:830 android.content.ContextWrapper.startForegroundService:830 com.android.tv.settings.BootReceiver.onReceive:58 android.app.ActivityThread.handleReceiver:4494
06-03 15:32:46.314 W/StorageManagerService( 736): Reporting emulated;0 unmounted due to system locked
06-03 15:32:46.315 E/hq ( 1542): USBReceiver:::USBReceiver onReceive: list=1
06-03 15:32:46.317 D/hq ( 1542): NetWorkStateReceiver:::检查网络,并且持续更新 isConnect=false
06-03 15:32:46.319 I/AiPqReceiver( 960): start AiPqService
06-03 15:32:46.319 W/ContextImpl( 960): Calling a method in the system process without a qualified user: android.app.ContextImpl.startService:1899 android.content.ContextWrapper.startService:825 android.content.ContextWrapper.startService:825 com.droidlogic.AiPqReceiver.onReceive:31 android.app.ActivityThread.handleReceiver:4494
06-03 15:32:46.320 W/ContextImpl( 1494): Calling a method in the system process without a qualified user: android.app.ContextImpl.startService:1899 android.content.ContextWrapper.startService:825 com.dangbei.etna.setting.core.SettingHelper.startRocky:267 com.dangbei.etna.setting.core.SettingHelper.sendCycleCheckBootGuideStatusMessage:214 com.dangbei.etna.setting.core.SettingHelper.startLoop:203
06-03 15:32:46.321 I/ActivityManager( 736): com.dangbei.lerad.rocky is exempt from freezer
06-03 15:32:46.321 D/CompatibilityChangeReporter( 736): Compat change id reported: 135634846; UID 1000; state: DISABLED
06-03 15:32:46.322 W/ActivityManager( 736): Unable to start service Intent { act=android.intent.action.BOOT_COMPLETED flg=0x89000010 cmp=com.android.tv.settings/.BootReceiver (has extras) } U=0: not found
06-03 15:32:46.324 D/CompatibilityChangeReporter( 1494): Compat change id reported: 270306772; UID 1000; state: DISABLED
06-03 15:32:46.325 E/ccc ( 1494): cccccc sendCycleCheckBroadcast
06-03 15:32:46.325 W/ContextImpl( 1494): Calling a method in the system process without a qualified user: android.app.ContextImpl.sendBroadcast:1220 android.content.ContextWrapper.sendBroadcast:504 com.dangbei.etna.setting.core.SettingHelper.sendCycleToProjector:257 com.dangbei.etna.setting.core.SettingHelper.sendCycleCheckBroadcast:226 com.dangbei.etna.setting.core.SettingHelper.sendCycleCheckBootGuideStatusMessage:215
06-03 15:32:46.326 I/extservices( 1221): BootCompletedReceiver received BOOT_COMPLETED broadcast (f): Amlogic/ross/Dangbei:14/UD2A.240505.001.W1/eng.server.20250531.184807:userdebug/release-keys
06-03 15:32:46.330 E/DispatcherManager( 1542): publishMode=DBBOX-A3 piDispatcher=com.dangbei.launcher.dispatcher.function.BOXAXDispatcher@cb4a2e5
06-03 15:32:46.331 I/hq ( 1542): 当前的服务模式是,serviceMode=0
06-03 15:32:46.332 D/HDMI ( 736): receive android.intent.action.BOOT_COMPLETED
06-03 15:32:46.332 I/HDMI ( 736): Receive boot completed broadcast
06-03 15:32:46.336 I/CheckInBootCompletedReceiver( 1403): Received boot completed intent
06-03 15:32:46.345 I/ ( 0): [1 T78 ..] [TEE] E/TA: read_pfid_from_property:765 [PROVISION-TA] PFID is not provisioned
06-03 15:32:46.345 I/ ( 0): [1 T78 ..] [TEE] E/TA: pfid_query:877 [PROVISION-TA] pfid_query read pfid property error, return 0xFFFF0008
06-03 15:32:46.347 I/ ( 0): [1 T78 ..] [TEE] E/TC:? 00 tee_rpmb_verify_key_sync_counter:1008 Verify key returning 0xffff0008
06-03 15:32:46.352 I/ ( 0): [1 T78 ..] [TEE] E/TC:? 00 tee_mkl_status:195 tee_mkl_status bad state, status = 0x0
06-03 15:32:46.353 I/ ( 0): [1 T78 ..] [TEE] E/TC:? 00 tee_provision_get_pfpk_enc:351 PFPK key table bad status, res = 0xffff0007
06-03 15:32:46.354 I/ ( 0): [1 T78 ..] [TEE] E/TC:? 00 tee_mkl_status:195 tee_mkl_status bad state, status = 0x0
06-03 15:32:46.355 I/ ( 0): [1 T78 ..] [TEE] E/TC:? 00 tee_provision_get_pfpk_enc:351 PFPK key table bad status, res = 0xffff0007
06-03 15:32:46.337 E/ccc ( 1494): cccccc sendCycleCheckBroadcast
06-03 15:32:46.337 W/ContextImpl( 1494): Calling a method in the system process without a qualified user: android.app.ContextImpl.sendBroadcast:1220 android.content.ContextWrapper.sendBroadcast:504 com.dangbei.etna.setting.core.SettingHelper.sendCycleToProjector:257 com.dangbei.etna.setting.core.SettingHelper.sendCycleCheckBroadcast:226 com.dangbei.etna.setting.core.SettingHelper.sendCycleCheckBootGuideStatusMessage:215
06-03 15:32:46.337 D/extservices( 1221): BootCompletedReceiver not enabled in config, exiting
06-03 15:32:46.338 V/Settings_BootBroadcastReceiver( 1328): com.google.android.tv.remote.service启动成功
06-03 15:32:46.341 I/ActivityManager( 736): com.android.dynsystem is exempt from freezer
06-03 15:32:46.345 D/CompatibilityChangeReporter( 1494): Compat change id reported: 235355681; UID 1000; state: DISABLED
06-03 15:32:46.350 I/DlcClient( 1403): Binding com.android.devicelockcontroller/.storage.GlobalParametersService
06-03 15:32:46.350 W/ContextImpl( 1494): Calling a method in the system process without a qualified user: android.app.ContextImpl.sendBroadcast:1220 android.content.ContextWrapper.sendBroadcast:504 com.dangbei.etna.setting.core.SettingHelper.sendCycleToVoice:242 com.dangbei.etna.setting.core.SettingHelper.sendCycleCheckBroadcast:227 com.dangbei.etna.setting.core.SettingHelper.sendCycleCheckBootGuideStatusMessage:215
06-03 15:32:46.351 W/ContextImpl( 1494): Calling a method in the system process without a qualified user: android.app.ContextImpl.sendBroadcast:1220 android.content.ContextWrapper.sendBroadcast:504 com.dangbei.etna.setting.core.SettingHelper.sendCycleToVoice:242 com.dangbei.etna.setting.core.SettingHelper.sendCycleCheckBroadcast:227 com.dangbei.etna.setting.core.SettingHelper.sendCycleCheckBootGuideStatusMessage:215
06-03 15:32:46.351 E/MDnsDS ( 466): Failed to start: Service already running
06-03 15:32:46.351 D/GlobalParametersService( 1403): onCreate
06-03 15:32:46.353 E/MDnsManager( 736): Start mdns failed.
06-03 15:32:46.353 E/MDnsManager( 736): android.os.ServiceSpecificException: Device or resource busy (code 16)
06-03 15:32:46.353 E/MDnsManager( 736): at android.os.Parcel.createExceptionOrNull(Parcel.java:3071)
06-03 15:32:46.353 E/MDnsManager( 736): at android.os.Parcel.createException(Parcel.java:3041)
06-03 15:32:46.353 E/MDnsManager( 736): at android.os.Parcel.readException(Parcel.java:3024)
06-03 15:32:46.353 E/MDnsManager( 736): at android.os.Parcel.readException(Parcel.java:2966)
06-03 15:32:46.353 E/MDnsManager( 736): at android.net.connectivity.android.net.mdns.aidl.IMDns$Stub$Proxy.startDaemon(IMDns.java:216)
06-03 15:32:46.353 E/MDnsManager( 736): at android.net.connectivity.android.net.nsd.MDnsManager.startDaemon(MDnsManager.java:53)
06-03 15:32:46.353 E/MDnsManager( 736): at android.net.connectivity.com.android.server.NsdService$NsdStateMachine.maybeStartDaemon(NsdService.java:332)
06-03 15:32:46.353 E/MDnsManager( 736): at android.net.connectivity.com.android.server.NsdService$NsdStateMachine.-$$Nest$mmaybeStartDaemon(NsdService.java:0)
06-03 15:32:46.353 E/MDnsManager( 736): at android.net.connectivity.com.android.server.NsdService$NsdStateMachine$DefaultState.processMessage(NsdService.java:486)
06-03 15:32:46.353 E/MDnsManager( 736): at android.net.connectivity.com.android.internal.util.StateMachine$SmHandler.processMsg(StateMachine.java:993)
06-03 15:32:46.353 E/MDnsManager( 736): at android.net.connectivity.com.android.internal.util.StateMachine$SmHandler.handleMessage(StateMachine.java:810)
06-03 15:32:46.353 E/MDnsManager( 736): at android.os.Handler.dispatchMessage(Handler.java:106)
06-03 15:32:46.353 E/MDnsManager( 736): at android.os.Looper.loopOnce(Looper.java:205)
06-03 15:32:46.353 E/MDnsManager( 736): at android.os.Looper.loop(Looper.java:294)
06-03 15:32:46.353 E/MDnsManager( 736): at android.os.HandlerThread.run(HandlerThread.java:67)
06-03 15:32:46.359 E/hq ( 1542): 检查user:::switchDao id=-1
06-03 15:32:46.360 D/CompatibilityChangeReporter( 1471): Compat change id reported: 194532703; UID 10065; state: ENABLED
06-03 15:32:46.360 D/CompatibilityChangeReporter( 1471): Compat change id reported: 253665015; UID 10065; state: ENABLED
06-03 15:32:46.373 I/ ( 0): [1 T78 ..] [TEE] E/TA: get_pfpk_enc:786 [PROVISION-TA] TEE_Provision_Get_PFPK_ENC() failed, return 0xFFFF0007
06-03 15:32:46.361 D/CompatibilityChangeReporter( 736): Compat change id reported: 253665015; UID 10065; state: ENABLED
06-03 15:32:46.362 I/AiPqService( 960): [AIPQservice] onCreate
06-03 15:32:46.362 I/SysControlManager( 960): run getAipqTable
06-03 15:32:46.362 D/CompatibilityChangeReporter( 736): Compat change id reported: 194532703; UID 10065; state: ENABLED
06-03 15:32:46.363 I/SystemControl( 323): [/SystemControlService.cpp, readAiPqTable, 2082] readAiPqTable:run readAiPqTable
06-03 15:32:46.363 E/SystemControl( 323): [/SysTokenizer.cpp, open, 62] Error opening file 'vendor/etc/scenes_data.txt', No such file or directory.
06-03 15:32:46.363 E/SystemControl( 323): [/SystemControlService.cpp, readAiPqTable, 2085] Error -2 opening aipq config file vendor/etc/scenes_data.txt.
06-03 15:32:46.364 D/AIPQ_TABLE( 960): getAipqTable value:
06-03 15:32:46.364 D/AiPqService( 960): scenesval--><--
06-03 15:32:46.364 I/DeviceCheckInHelper( 1403): enqueueDeviceCheckInWork with delay: PT0S
06-03 15:32:46.377 I/ ( 0): [1 T78 ..] [TEE] E/TA: pfpk_query:851 [PROVISION-TA] get_pfpk_enc return 0xFFFF0007
06-03 15:32:46.367 D/WanCommander( 1494): handleConnection:
06-03 15:32:46.367 D/AiPqService( 960): [AIPQservice] onCreate sys_value= 0
06-03 15:32:46.368 D/CompatibilityChangeReporter( 1070): Compat change id reported: 194532703; UID 10059; state: ENABLED
06-03 15:32:46.368 D/CompatibilityChangeReporter( 1070): Compat change id reported: 253665015; UID 10059; state: ENABLED
06-03 15:32:46.369 D/CompatibilityChangeReporter( 736): Compat change id reported: 253665015; UID 10059; state: ENABLED
06-03 15:32:46.369 D/CompatibilityChangeReporter( 736): Compat change id reported: 194532703; UID 10059; state: ENABLED
06-03 15:32:46.370 E/EtnaListener( 1494): onServerConnected
06-03 15:32:46.372 D/Zygote ( 467): Forked child process 1741
06-03 15:32:46.372 D/AiPqService( 960): [AIPQservice] onStartCommand
06-03 15:32:46.375 W/ActivityManager( 736): Slow operation: 55ms so far, now at startProcess: returned from zygote!
06-03 15:32:46.376 W/ActivityManager( 736): Slow operation: 56ms so far, now at startProcess: done updating battery stats
06-03 15:32:46.376 W/ActivityManager( 736): Slow operation: 56ms so far, now at startProcess: building log message
06-03 15:32:46.376 I/ActivityManager( 736): Start proc 1741:com.dangbei.lerad.rocky/1000 for service {com.dangbei.lerad.rocky/com.dangbei.rocky.RockyService}
06-03 15:32:46.376 W/ActivityManager( 736): Slow operation: 56ms so far, now at startProcess: starting to update pids map
06-03 15:32:46.376 W/ActivityManager( 736): Slow operation: 56ms so far, now at startProcess: done updating pids map
06-03 15:32:46.389 I/Zygote ( 1741): seccomp disabled by setenforce 0
06-03 15:32:46.390 E/hq ( 1542): 检查user:::更新前的信息: null
06-03 15:32:46.390 E/hq ( 1542): 更新后的信息: Users{userId=-1, nickName='游客', avatarUrl='null', wxToken='null', vip='null', mobile='null', sex=null, description='null', city='null', province='null', country='null', launcherMode=null, token='null', token='null'}
06-03 15:32:46.393 D/AdHelper( 1542): ad server environment is official? false
06-03 15:32:46.394 D/AdHelper( 1542): ad server environment is official? false
06-03 15:32:46.394 D/AdHelper( 1542): ad server environment is official? false
06-03 15:32:46.394 D/AdHelper( 1542): ad server environment is official? false
06-03 15:32:46.396 I/rainbow_flow( 612): type=1400 audit(0.0:711): avc: denied { ioctl } for path="/dev/spidev1.0" dev="tmpfs" ino=543 ioctlcmd=0x6b00 scontext=u:r:init:s0 tcontext=u:object_r:device:s0 tclass=chr_file permissive=1
06-03 15:32:46.395 I/bei.lerad.rocky( 1741): Using CollectorTypeCC GC.
06-03 15:32:46.396 I/HibernationPolicy( 1070): scheduleHibernationJob with frequency 1296000000ms and threshold 7776000000ms
06-03 15:32:46.402 E/bei.lerad.rocky( 1741): Not starting debugger since process cannot load the jdwp agent.
06-03 15:32:46.402 D/Zygote ( 467): Forked child process 1749
06-03 15:32:46.404 W/ActivityManager( 736): Slow operation: 64ms so far, now at startProcess: returned from zygote!
06-03 15:32:46.405 W/ActivityManager( 736): Slow operation: 65ms so far, now at startProcess: done updating battery stats
06-03 15:32:46.405 W/ActivityManager( 736): Slow operation: 65ms so far, now at startProcess: building log message
06-03 15:32:46.405 I/ActivityManager( 736): Start proc 1749:com.android.dynsystem/1000 for broadcast {com.android.dynsystem/com.android.dynsystem.BootCompletedReceiver}
06-03 15:32:46.405 W/ActivityManager( 736): Slow operation: 65ms so far, now at startProcess: starting to update pids map
06-03 15:32:46.405 W/ActivityManager( 736): Slow operation: 65ms so far, now at startProcess: done updating pids map
06-03 15:32:46.406 D/AdHelper( 1542): AdHelper init: end
06-03 15:32:46.408 I/Zygote ( 1749): seccomp disabled by setenforce 0
06-03 15:32:46.411 I/HibernationPolicy( 1070): user 0 is a profileowner. Running hibernation job.
06-03 15:32:46.412 I/HibernationPolicy( 1070): Job already scheduled.
06-03 15:32:46.412 E/xxxxxxxxxxxxxxx( 1542): onConfigurationChanged2===>{1.0 ?mcc0mnc [zh_CN] ldltr sw720dp w1280dp h720dp 240dpi xlrg long land television -touch qwerty/v/v dpad/v winConfig={ mBounds=Rect(0, 0 - 1920, 1080) mAppBounds=Rect(0, 0 - 1920, 1080) mMaxBounds=Rect(0, 0 - 1920, 1080) mDisplayRotation=ROTATION_0 mWindowingMode=fullscreen mDisplayWindowingMode=fullscreen mActivityType=undefined mAlwaysOnTop=undefined mRotation=ROTATION_0} s.6 fontWeightAdjustment=0}
06-03 15:32:46.413 I/droid.dynsystem( 1749): Using CollectorTypeCC GC.
06-03 15:32:46.414 E/memInfo.totalMem( 1542): memInfo.totalMem=3856015360 1073741824
06-03 15:32:46.420 E/droid.dynsystem( 1749): Not starting debugger since process cannot load the jdwp agent.
06-03 15:32:46.416 I/nd.statics.boot( 1542): type=1400 audit(0.0:712): avc: denied { open } for path="/dev/__properties__/u:object_r:serialno_prop:s0" dev="tmpfs" ino=324 scontext=u:r:system_app:s0 tcontext=u:object_r:serialno_prop:s0 tclass=file permissive=1
06-03 15:32:46.416 I/nd.statics.boot( 1542): type=1400 audit(0.0:713): avc: denied { getattr } for path="/dev/__properties__/u:object_r:serialno_prop:s0" dev="tmpfs" ino=324 scontext=u:r:system_app:s0 tcontext=u:object_r:serialno_prop:s0 tclass=file permissive=1
06-03 15:32:46.416 I/nd.statics.boot( 1542): type=1400 audit(0.0:714): avc: denied { map } for path="/dev/__properties__/u:object_r:serialno_prop:s0" dev="tmpfs" ino=324 scontext=u:r:system_app:s0 tcontext=u:object_r:serialno_prop:s0 tclass=file permissive=1
06-03 15:32:46.424 I/nd.statics.boot( 1542): type=1400 audit(0.0:715): avc: denied { search } for name="net" dev="sysfs" ino=12344 scontext=u:r:system_app:s0 tcontext=u:object_r:sysfs_net:s0 tclass=dir permissive=1
06-03 15:32:46.436 D/CompatibilityChangeReporter( 736): Compat change id reported: 168419799; UID 1000; state: DISABLED
06-03 15:32:46.436 D/CompatibilityChangeReporter( 736): Compat change id reported: 273564678; UID 1000; state: DISABLED
06-03 15:32:46.440 D/CompatibilityChangeReporter( 736): Compat change id reported: 168419799; UID 1000; state: DISABLED
06-03 15:32:46.440 D/CompatibilityChangeReporter( 736): Compat change id reported: 273564678; UID 1000; state: DISABLED
06-03 15:32:46.444 D/WM-PackageManagerHelper( 1403): androidx.work.impl.background.systemjob.SystemJobService enabled
06-03 15:32:46.445 D/WM-Schedulers( 1403): Created SystemJobScheduler and enabled SystemJobService
06-03 15:32:46.452 D/nativeloader( 1696): Configuring clns-shared-6 for other apk /system/priv-app/MediaProviderLegacy/MediaProviderLegacy.apk. target_sdk_version=34, uses_libraries=, library_path=/system/priv-app/MediaProviderLegacy/lib/arm:/system/lib:/system_ext/lib, permitted_path=/data:/mnt/expand:/data/user/0/com.android.providers.media:/system/priv-app/MediaProviderLegacy:/system/lib:/system_ext/lib
06-03 15:32:46.454 V/SafetyCenterBackgroundR( 1070): Received a android.intent.action.BOOT_COMPLETED broadcast, but safety center is currently disabled. Cancelling any existing job.
06-03 15:32:46.457 D/SafetyLabelChangesJobService( 1070): Received broadcast with intent action 'android.intent.action.BOOT_COMPLETED'
06-03 15:32:46.457 I/SafetyLabelChangesJobService( 1070): onReceive: Safety label change notifications are not enabled.
06-03 15:32:46.469 D/CompatibilityChangeReporter( 1741): Compat change id reported: 171979766; UID 1000; state: DISABLED
06-03 15:32:46.469 D/CompatibilityChangeReporter( 1741): Compat change id reported: 242716250; UID 1000; state: DISABLED
06-03 15:32:46.470 I/PermissionEventCleanupJobService( 1070): Job already scheduled.
06-03 15:32:46.474 D/OsInitLaunch( 1542): send cache: homeCreate, null, null, null
06-03 15:32:46.479 D/CompatibilityChangeReporter( 1749): Compat change id reported: 171979766; UID 1000; state: ENABLED
06-03 15:32:46.479 D/CompatibilityChangeReporter( 1749): Compat change id reported: 242716250; UID 1000; state: ENABLED
06-03 15:32:46.481 I/WebViewFactory( 1542): Loading com.android.webview version 116.0.5845.195 (code 584519500)
06-03 15:32:46.485 D/ApplicationLoaders( 1741): Returning zygote-cached class loader: /system/framework/android.test.base.jar
06-03 15:32:46.485 D/ApplicationLoaders( 1741): Returning zygote-cached class loader: /system/framework/android.hidl.manager-V1.0-java.jar
06-03 15:32:46.485 D/ApplicationLoaders( 1741): Returning zygote-cached class loader: /system/framework/android.hidl.base-V1.0-java.jar
06-03 15:32:46.490 D/nativeloader( 1542): InitLlndkLibrariesProduct: libEGL.so:libGLESv1_CM.so:libGLESv2.so:libGLESv3.so:libRS.so:libandroid_net.so:libbinder_ndk.so:libc.so:libcgrouprc.so:libclang_rt.asan-arm-android.so:libcom.android.tethering.connectivity_native.so:libdl.so:libft2.so:liblog.so:libm.so:libmediandk.so:libnativewindow.so:libneuralnetworks.so:libselinux.so:libsync.so:libvndksupport.so:libvulkan.so
06-03 15:32:46.490 D/nativeloader( 1542): Configuring product-clns-5 for unbundled product apk /product/app/webview/webview.apk. target_sdk_version=34, uses_libraries=, library_path=/product/app/webview/lib/arm:/product/app/webview/webview.apk!/lib/armeabi-v7a:/product/lib:/system/product/lib, permitted_path=/data:/mnt/expand:/product/lib:/system/product/lib
06-03 15:32:46.492 D/nativeloader( 1542): InitVndkspLibrariesProduct: android.hardware.common-V2-ndk.so:android.hardware.common.fmq-V1-ndk.so:android.hardware.graphics.allocator-V2-ndk.so:android.hardware.graphics.common-V4-ndk.so:android.hardware.graphics.common@1.0.so:android.hardware.graphics.common@1.1.so:android.hardware.graphics.common@1.2.so:android.hardware.graphics.composer3-V1-ndk.so:android.hardware.graphics.mapper@2.0.so:android.hardware.graphics.mapper@2.1.so:android.hardware.graphics.mapper@3.0.so:android.hardware.graphics.mapper@4.0.so:android.hardware.renderscript@1.0.so:android.hidl.memory.token@1.0.so:android.hidl.memory@1.0-impl.so:android.hidl.memory@1.0.so:android.hidl.safe_union@1.0.so:libRSCpuRef.so:libRSDriver.so:libRS_internal.so:libbase.so:libbcinfo.so:libblas.so:libc++.so:libcompiler_rt.so:libcutils.so:libdmabufheap.so:libgralloctypes.so:libhardware.so:libhidlbase.so:libhidlmemory.so:libion.so:libjsoncpp.so:liblzma.so:libprocessgroup.so:libunwindstack.so:libutils.so:libutilscallstack.so:libz.so
06-03 15:32:46.494 D/PermissionStorageTimeChangeReceiver( 1070): systemTimeSnapshot set to 1748935966494
06-03 15:32:46.494 D/PermissionStorageTimeChangeReceiver( 1070): realtimeSnapshot set to 25522
06-03 15:32:46.505 D/CompatibilityChangeReporter( 736): Compat change id reported: 161145287; UID 10017; state: ENABLED
06-03 15:32:46.518 D/nativeloader( 1749): Configuring clns-shared-4 for other apk /system/priv-app/DynamicSystemInstallationService/DynamicSystemInstallationService.apk. target_sdk_version=34, uses_libraries=, library_path=/system/priv-app/DynamicSystemInstallationService/lib/arm:/system/priv-app/DynamicSystemInstallationService/DynamicSystemInstallationService.apk!/lib/armeabi-v7a:/system/lib:/system_ext/lib, permitted_path=/data:/mnt/expand:/data/user/0/com.android.dynsystem:/system/priv-app/DynamicSystemInstallationService:/system/lib:/system_ext/lib
06-03 15:32:46.520 D/getEthernetMacAddr( 1542): getEthernetMacAddr use eth0
06-03 15:32:46.523 D/CompatibilityChangeReporter( 1696): Compat change id reported: 194532703; UID 10017; state: ENABLED
06-03 15:32:46.524 D/CompatibilityChangeReporter( 1696): Compat change id reported: 253665015; UID 10017; state: ENABLED
06-03 15:32:46.532 D/CompatibilityChangeReporter( 736): Compat change id reported: 253665015; UID 10017; state: ENABLED
06-03 15:32:46.533 D/CompatibilityChangeReporter( 736): Compat change id reported: 194532703; UID 10017; state: ENABLED
06-03 15:32:46.537 V/GraphicsEnvironment( 1749): Currently set values for:
06-03 15:32:46.537 V/GraphicsEnvironment( 1749): angle_gl_driver_selection_pkgs=[]
06-03 15:32:46.537 V/GraphicsEnvironment( 1749): angle_gl_driver_selection_values=[]
06-03 15:32:46.537 D/nativeloader( 1741): Configuring clns-shared-4 for other apk /system/app/Rocky/Rocky.apk. target_sdk_version=28, uses_libraries=, library_path=/system/app/Rocky/lib/arm:/system/app/Rocky/Rocky.apk!/lib/armeabi-v7a:/system/lib:/system_ext/lib, permitted_path=/data:/mnt/expand:/data/user/0/com.dangbei.lerad.rocky:/system/app/Rocky:/system/lib:/system_ext/lib
06-03 15:32:46.538 V/GraphicsEnvironment( 1749): ANGLE GameManagerService for com.android.dynsystem: false
06-03 15:32:46.538 V/GraphicsEnvironment( 1749): com.android.dynsystem is not listed in per-application setting
06-03 15:32:46.538 V/GraphicsEnvironment( 1749): Neither updatable production driver nor prerelease driver is supported.
06-03 15:32:46.545 E/hq ( 1542): LauncherCallback:::onViewCreate
06-03 15:32:46.545 E/hq ( 1542): LauncherCallback:::onAttach
06-03 15:32:46.546 I/ActivityManager( 736): com.android.managedprovisioning is exempt from freezer
06-03 15:32:46.546 D/CompatibilityChangeReporter( 736): Compat change id reported: 135634846; UID 10022; state: DISABLED
06-03 15:32:46.546 D/CompatibilityChangeReporter( 736): Compat change id reported: 177438394; UID 10022; state: DISABLED
06-03 15:32:46.547 D/CompatibilityChangeReporter( 736): Compat change id reported: 135772972; UID 10022; state: DISABLED
06-03 15:32:46.547 D/CompatibilityChangeReporter( 736): Compat change id reported: 135754954; UID 10022; state: ENABLED
06-03 15:32:46.547 D/CompatibilityChangeReporter( 736): Compat change id reported: 143937733; UID 10022; state: ENABLED
06-03 15:32:46.549 I/cr_WVCFactoryProvider( 1542): Loaded version=116.0.5845.195 minSdkVersion=1 isBundle=false multiprocess=true packageId=2
06-03 15:32:46.551 I/adbd ( 1419): adbd_auth: received a new framework connection
06-03 15:32:46.551 I/adbd ( 1419): adbd_auth: received new framework fd 27 (current = -1)
06-03 15:32:46.557 I/ActivityManager( 736): com.android.dynsystem is exempt from freezer
06-03 15:32:46.558 D/CompatibilityChangeReporter( 736): Compat change id reported: 135634846; UID 1000; state: DISABLED
06-03 15:32:46.563 W/Searchables( 736): No global search activity found
06-03 15:32:46.563 D/WallpaperManagerService( 736): Wallpaper_selinux_restorecon-0
06-03 15:32:46.566 V/WallpaperManagerService( 736): Wallpaper_selinux_restorecon-0 took to complete: 3ms
06-03 15:32:46.566 D/Zygote ( 467): Forked child process 1789
06-03 15:32:46.567 I/ActivityManager( 736): Start proc 1789:com.android.managedprovisioning/u0a22 for broadcast {com.android.managedprovisioning/com.android.managedprovisioning.BootReminder}
06-03 15:32:46.578 I/Zygote ( 1789): seccomp disabled by setenforce 0
06-03 15:32:46.583 E/hq ( 1542): LauncherCallback:::inspect
06-03 15:32:46.584 D/CompatibilityChangeReporter( 1542): Compat change id reported: 289878283; UID 1000; state: DISABLED
06-03 15:32:46.583 D/Zygote ( 467): Forked child process 1790
06-03 15:32:46.584 E/hq ( 1542): AdHelper:::后台配置是否展现广告: true
06-03 15:32:46.585 I/ActivityManager( 736): Start proc 1790:com.android.dynsystem:dynsystem/1000 for service {com.android.dynsystem/com.android.dynsystem.DynamicSystemInstallationService}
06-03 15:32:46.587 I/gedprovisioning( 1789): Using CollectorTypeCC GC.
06-03 15:32:46.587 D/OsInitLaunch( 1542): send cache: launchHome, launchMainActivity, null, 1
06-03 15:32:46.593 V/GraphicsEnvironment( 1741): Currently set values for:
06-03 15:32:46.593 V/GraphicsEnvironment( 1741): angle_gl_driver_selection_pkgs=[]
06-03 15:32:46.593 V/GraphicsEnvironment( 1741): angle_gl_driver_selection_values=[]
06-03 15:32:46.594 V/GraphicsEnvironment( 1741): ANGLE GameManagerService for com.dangbei.lerad.rocky: false
06-03 15:32:46.594 V/GraphicsEnvironment( 1741): com.dangbei.lerad.rocky is not listed in per-application setting
06-03 15:32:46.594 V/GraphicsEnvironment( 1741): Neither updatable production driver nor prerelease driver is supported.
06-03 15:32:46.596 E/gedprovisioning( 1789): Not starting debugger since process cannot load the jdwp agent.
06-03 15:32:46.600 D/CompatibilityChangeReporter( 1542): Compat change id reported: 210923482; UID 1000; state: DISABLED
06-03 15:32:46.600 D/CompatibilityChangeReporter( 1542): Compat change id reported: 37756858; UID 1000; state: ENABLED
06-03 15:32:46.610 I/Zygote ( 1790): seccomp disabled by setenforce 0
06-03 15:32:46.614 D/CompatibilityChangeReporter( 736): Compat change id reported: 168419799; UID 10022; state: DISABLED
06-03 15:32:46.615 D/CompatibilityChangeReporter( 736): Compat change id reported: 273564678; UID 10022; state: DISABLED
06-03 15:32:46.621 I/ystem:dynsystem( 1790): Using CollectorTypeCC GC.
06-03 15:32:46.624 D/CompatibilityChangeReporter( 736): Compat change id reported: 265195908; UID 10022; state: ENABLED
06-03 15:32:46.629 E/ystem:dynsystem( 1790): Not starting debugger since process cannot load the jdwp agent.
06-03 15:32:46.639 I/cr_VariationsUtils( 1542): Failed reading seed file "/data/user/0/com.dangbei.leard.leradlauncher/app_webview/variations_seed_new"
06-03 15:32:46.639 I/cr_VariationsUtils( 1542): Failed reading seed file "/data/user/0/com.dangbei.leard.leradlauncher/app_webview/variations_seed"
06-03 15:32:46.646 I/MultiDex( 1741): VM with version 2.1.0 has multidex support
06-03 15:32:46.646 I/MultiDex( 1741): Installing application
06-03 15:32:46.646 I/MultiDex( 1741): VM has multidex support, MultiDex support library is disabled.
06-03 15:32:46.650 D/BufferPoolAccessor2.0( 736): bufferpool2 0xb8490e28 : 0(0 size) total buffers - 0(0 size) used buffers - 2/7 (recycle/alloc) - 5/24 (fetch/transfer)
06-03 15:32:46.650 D/BufferPoolAccessor2.0( 736): evictor expired: 1, evicted: 1
06-03 15:32:46.653 D/CompatibilityChangeReporter( 1789): Compat change id reported: 171979766; UID 10022; state: ENABLED
06-03 15:32:46.653 D/CompatibilityChangeReporter( 1789): Compat change id reported: 242716250; UID 10022; state: ENABLED
06-03 15:32:46.657 D/CompatibilityChangeReporter( 736): Compat change id reported: 170503758; UID 10022; state: ENABLED
06-03 15:32:46.658 D/BufferPoolAccessor2.0( 647): bufferpool2 0xee782e48 : 0(0 size) total buffers - 0(0 size) used buffers - 7/10 (recycle/alloc) - 3/9 (fetch/transfer)
06-03 15:32:46.658 D/BufferPoolAccessor2.0( 647): bufferpool2 0xee782668 : 0(0 size) total buffers - 0(0 size) used buffers - 5/7 (recycle/alloc) - 2/6 (fetch/transfer)
06-03 15:32:46.658 D/BufferPoolAccessor2.0( 647): evictor expired: 2, evicted: 2
06-03 15:32:46.666 D/CompatibilityChangeReporter( 736): Compat change id reported: 171306433; UID 1000; state: ENABLED
06-03 15:32:46.673 D/CompatibilityChangeReporter( 1790): Compat change id reported: 171979766; UID 1000; state: ENABLED
06-03 15:32:46.673 D/CompatibilityChangeReporter( 1790): Compat change id reported: 242716250; UID 1000; state: ENABLED
06-03 15:32:46.677 D/CompatibilityChangeReporter( 1403): Compat change id reported: 160794467; UID 10055; state: ENABLED
06-03 15:32:46.681 W/gedprovisioning( 1789): ClassLoaderContext shared library size mismatch. Expected=2, found=0 (PCL[]{PCL[/system_ext/framework/androidx.window.extensions.jar*875812793]#PCL[/system_ext/framework/androidx.window.sidecar.jar*2298648165]} | PCL[])
06-03 15:32:46.686 D/nativeloader( 1790): Configuring clns-shared-4 for other apk /system/priv-app/DynamicSystemInstallationService/DynamicSystemInstallationService.apk. target_sdk_version=34, uses_libraries=, library_path=/system/priv-app/DynamicSystemInstallationService/lib/arm:/system/priv-app/DynamicSystemInstallationService/DynamicSystemInstallationService.apk!/lib/armeabi-v7a:/system/lib:/system_ext/lib, permitted_path=/data:/mnt/expand:/data/user/0/com.android.dynsystem:/system/priv-app/DynamicSystemInstallationService:/system/lib:/system_ext/lib
06-03 15:32:46.695 D/nativeloader( 1789): Configuring clns-shared-4 for other apk /system/priv-app/ManagedProvisioning/ManagedProvisioning.apk. target_sdk_version=34, uses_libraries=, library_path=/system/priv-app/ManagedProvisioning/lib/arm:/system/lib:/system_ext/lib, permitted_path=/data:/mnt/expand:/data/user/0/com.android.managedprovisioning:/system/priv-app/ManagedProvisioning:/system/lib:/system_ext/lib
06-03 15:32:46.704 V/GraphicsEnvironment( 1790): Currently set values for:
06-03 15:32:46.704 V/GraphicsEnvironment( 1790): angle_gl_driver_selection_pkgs=[]
06-03 15:32:46.704 V/GraphicsEnvironment( 1790): angle_gl_driver_selection_values=[]
06-03 15:32:46.705 D/RockyApplication( 1741): init: false
06-03 15:32:46.705 V/GraphicsEnvironment( 1790): ANGLE GameManagerService for com.android.dynsystem: false
06-03 15:32:46.705 V/GraphicsEnvironment( 1790): com.android.dynsystem is not listed in per-application setting
06-03 15:32:46.705 V/GraphicsEnvironment( 1790): Neither updatable production driver nor prerelease driver is supported.
06-03 15:32:46.721 E/getHdmiStatus( 1542): sourceInputStatus=null mEtnaAdapter=null
06-03 15:32:46.722 D/PackageManager( 736): Instant App installer not found with android.intent.action.INSTALL_INSTANT_APP_PACKAGE
06-03 15:32:46.722 D/PackageManager( 736): Clear ephemeral installer activity
06-03 15:32:46.727 W/StorageManagerService( 736): Reporting emulated;0 unmounted due to system locked
06-03 15:32:46.728 V/GraphicsEnvironment( 1789): Currently set values for:
06-03 15:32:46.728 V/GraphicsEnvironment( 1789): angle_gl_driver_selection_pkgs=[]
06-03 15:32:46.728 V/GraphicsEnvironment( 1789): angle_gl_driver_selection_values=[]
06-03 15:32:46.729 V/GraphicsEnvironment( 1789): ANGLE GameManagerService for com.android.managedprovisioning: false
06-03 15:32:46.729 V/GraphicsEnvironment( 1789): com.android.managedprovisioning is not listed in per-application setting
06-03 15:32:46.729 V/GraphicsEnvironment( 1789): Neither updatable production driver nor prerelease driver is supported.
06-03 15:32:46.732 D/DynamicSystemInstallationService( 1790): onStartCommand(): action=android.os.image.action.NOTIFY_IF_IN_USE
06-03 15:32:46.733 I/DynamicSystemService( 736): isInstalled(): false
06-03 15:32:46.736 D/RockyVoice( 1741): RestartReceiver onReceive
06-03 15:32:46.741 W/StorageManagerService( 736): Reporting emulated;0 unmounted due to system locked
06-03 15:32:46.750 I/ActivityManager( 736): com.android.packageinstaller is exempt from freezer
06-03 15:32:46.750 D/CompatibilityChangeReporter( 736): Compat change id reported: 135634846; UID 10025; state: DISABLED
06-03 15:32:46.751 D/CompatibilityChangeReporter( 736): Compat change id reported: 177438394; UID 10025; state: DISABLED
06-03 15:32:46.751 D/CompatibilityChangeReporter( 736): Compat change id reported: 135772972; UID 10025; state: DISABLED
06-03 15:32:46.751 D/CompatibilityChangeReporter( 736): Compat change id reported: 135754954; UID 10025; state: ENABLED
06-03 15:32:46.752 D/CompatibilityChangeReporter( 736): Compat change id reported: 143937733; UID 10025; state: ENABLED
06-03 15:32:46.754 D/xm_audio( 478): socket_thread start
