06-03 15:32:59.355 D/bluetooth( 1168): packages/modules/Bluetooth/system/gd/hci/le_scanning_reassembler.cc:64 ProcessAdvertisingReport: Dropping repeated legacy advertising data
06-03 15:32:59.410 I/efs.base( 2115): lt=event`ev_ct=efs_core`ev_ac=log_lag`tm=2025-06-03 15:32:40`dn=961fd30b-28e5-4840-bbf1-fab7353e7f95`ps=com.dangbei.screencast`um_os=android`stime=1748935969080`pid=2115`fr=android`pkg=com.dangbei.screencast`vcode=20830`dsp_w=1920`uid=961fd30b-28e5-4840-bbf1-fab7353e7f95`rom=14`wid=961fd30b-28e5-4840-bbf1-fab7353e7f95`um_app_carrier=`um_access=unknow`um_app_channel=os`um_crash_sdk_version=1.4.0`ctime=1748935979`model=dbbox-a3`lang=zh`net=wifi`brand=amlogic`dsp_h=1080`um_network_type=0`ver=v2.8.3`cnt=2`build_model=DBBOX-A3`w_tm=1748935979`appid=5fc60c21094d637f3130af19`um_umid_header=ai7b7f43c35e5f733879352540817ef122`sdk=34`tzone=Asia/Shanghai`sdk_ver=1.3.6.umeng
06-03 15:32:59.414 I/resolv ( 466): GetAddrInfoHandler::run: {100 100 100 983140 10043 0}
06-03 15:32:59.415 I/resolv ( 466): GetAddrInfoHandler::run: {100 100 100 983140 10043 0}
06-03 15:32:59.416 D/bluetooth( 1168): packages/modules/Bluetooth/system/gd/hci/le_scanning_reassembler.cc:64 ProcessAdvertisingReport: Dropping repeated legacy advertising data
06-03 15:32:59.416 I/resolv ( 466): res_nmkquery: (QUERY, IN, A)
06-03 15:32:59.416 I/resolv ( 466): res_nmkquery: (QUERY, IN, A)
06-03 15:32:59.417 I/resolv ( 466): resolv_cache_lookup: FOUND IN CACHE entry=0xf4686130
06-03 15:32:59.417 I/resolv ( 466): doQuery: rcode=0, ancount=6, return value=504
06-03 15:32:59.417 I/resolv ( 466): resolv_cache_lookup: FOUND IN CACHE entry=0xf4686130
06-03 15:32:59.417 I/resolv ( 466): doQuery: rcode=0, ancount=6, return value=504
06-03 15:32:59.418 D/TrafficStats( 2115): tagSocket(6) with statsTag=0xffffffff, statsUid=-1
06-03 15:32:59.419 D/TrafficStats( 2115): tagSocket(215) with statsTag=0xffffffff, statsUid=-1
06-03 15:32:59.419 D/bluetooth( 1168): packages/modules/Bluetooth/system/gd/hci/le_scanning_reassembler.cc:64 ProcessAdvertisingReport: Dropping repeated legacy advertising data
06-03 15:32:59.421 I/serviceDiscovery( 736): [MdnsAdvertiser.wlan0] Probing finished for service 4
06-03 15:32:59.426 D/bluetooth( 1168): packages/modules/Bluetooth/system/gd/hci/le_scanning_reassembler.cc:64 ProcessAdvertisingReport: Dropping repeated legacy advertising data
06-03 15:32:59.428 D/bluetooth( 1168): packages/modules/Bluetooth/system/gd/hci/le_scanning_reassembler.cc:64 ProcessAdvertisingReport: Dropping repeated legacy advertising data
06-03 15:32:59.430 D/bluetooth( 1168): packages/modules/Bluetooth/system/gd/hci/le_scanning_reassembler.cc:64 ProcessAdvertisingReport: Dropping repeated legacy advertising data
06-03 15:32:59.433 I/serviceDiscovery( 736): [MdnsAdvertiser.wlan0] Probing finished for service 3
06-03 15:32:59.434 D/bluetooth( 1168): packages/modules/Bluetooth/system/gd/hci/le_scanning_reassembler.cc:64 ProcessAdvertisingReport: Dropping repeated legacy advertising data
06-03 15:32:59.454 D/bluetooth( 1168): packages/modules/Bluetooth/system/gd/hci/le_scanning_reassembler.cc:64 ProcessAdvertisingReport: Dropping repeated legacy advertising data
06-03 15:32:59.455 D/bluetooth( 1168): packages/modules/Bluetooth/system/gd/hci/le_scanning_reassembler.cc:64 ProcessAdvertisingReport: Dropping repeated legacy advertising data
06-03 15:32:59.464 E/accept ( 2115): myIp:192.168.3.4
06-03 15:32:59.464 D/bluetooth( 1168): packages/modules/Bluetooth/system/gd/hci/le_scanning_reassembler.cc:64 ProcessAdvertisingReport: Dropping repeated legacy advertising data
06-03 15:32:59.464 D/TrafficStats( 2115): tagSocket(219) with statsTag=0xffffffff, statsUid=-1
06-03 15:32:59.466 E/accept ( 2115): connect error
06-03 15:32:59.472 D/bluetooth( 1168): packages/modules/Bluetooth/system/gd/hci/le_scanning_reassembler.cc:64 ProcessAdvertisingReport: Dropping repeated legacy advertising data
06-03 15:32:59.473 I/UpnpServiceImpl( 2115): >>> Starting UPnP service...
06-03 15:32:59.473 I/UpnpServiceImpl( 2115): Using configuration: org.fourthline.cling.android.AndroidUpnpServiceConfiguration
06-03 15:32:59.476 I/Router ( 2115): Creating Router: org.fourthline.cling.android.AndroidRouter
06-03 15:32:59.478 W/Router ( 2115): enable lock:org.fourthline.cling.android.AndroidRouter@209c4fd_java.util.concurrent.locks.ReentrantReadWriteLock$WriteLock@dc25f2[Unlocked]
06-03 15:32:59.478 D/bluetooth( 1168): packages/modules/Bluetooth/system/gd/hci/le_scanning_reassembler.cc:64 ProcessAdvertisingReport: Dropping repeated legacy advertising data
06-03 15:32:59.483 D/bluetooth( 1168): packages/modules/Bluetooth/system/gd/hci/le_scanning_reassembler.cc:64 ProcessAdvertisingReport: Dropping repeated legacy advertising data
06-03 15:32:59.484 W/tworkAddressFactoryImpl( 2115): Network interface may not be multicast capable: dummy0
06-03 15:32:59.486 I/MulticastReceiver( 2115): Creating wildcard socket (for receiving multicast datagrams) on port: 1900
06-03 15:32:59.486 D/TrafficStats( 2115): tagSocket(219) with statsTag=0xffffffff, statsUid=-1
06-03 15:32:59.487 I/MulticastReceiver( 2115): Joining multicast group: /239.255.255.250:1900 on network interface: wlan0
06-03 15:32:59.490 D/bluetooth( 1168): packages/modules/Bluetooth/system/gd/hci/le_scanning_reassembler.cc:64 ProcessAdvertisingReport: Dropping repeated legacy advertising data
06-03 15:32:59.499 E/accept ( 2115): Adding connector try: 192.168.3.4/192.168.3.4:37477
06-03 15:32:59.502 D/TrafficStats( 2115): tagSocket(224) with statsTag=0xffffffff, statsUid=-1
06-03 15:32:59.502 E/accept ( 2115): Adding connector result: 192.168.3.4/192.168.3.4:37477
06-03 15:32:59.514 D/bluetooth( 1168): packages/modules/Bluetooth/system/gd/hci/le_scanning_reassembler.cc:64 ProcessAdvertisingReport: Dropping repeated legacy advertising data
06-03 15:32:59.518 D/ActivityManager( 736): freezing 2170 com.android.externalstorage
06-03 15:32:59.519 I/bluetooth( 1168): packages/modules/Bluetooth/system/gd/metrics/metrics_state.cc:177 AddStateChangedEvent: LEConnectionMetricsRemoteDevice: Transaction State 0x00000002, Connection Type 0x00000001, Origin Type 0x00000001
06-03 15:32:59.519 I/bluetooth( 1168): packages/modules/Bluetooth/system/gd/metrics/metrics_state.cc:58 AddStateChangedEvent: LEConnectionMetricState: Origin Type: 0x00000001, Connection Type: 0x00000001, Transaction State: 0x00000002
06-03 15:32:59.519 I/bluetooth( 1168): packages/modules/Bluetooth/system/gd/metrics/metrics_state.cc:161 UploadLEConnectionSession: LEConnectionMetricsRemoteDevice: The session is uploaded for xx:xx:xx:xx:c0:22
06-03 15:32:59.519 D/bluetooth( 1168): packages/modules/Bluetooth/system/main/shim/acl.cc:1722 OnLeConnectSuccess: Connection address is not rpa addr:e4:bb:d3:57:c0:22[PUBLIC_DEVICE_ADDRESS]
06-03 15:32:59.519 W/bluetooth( 1168): packages/modules/Bluetooth/system/main/shim/acl.cc:189 Remove: Unknown device being removed from acceptlist:e4:bb:d3:57:c0:22[PUBLIC_DEVICE_ADDRESS]
06-03 15:32:59.519 D/bluetooth( 1168): packages/modules/Bluetooth/system/main/shim/acl.cc:1750 OnLeConnectSuccess: Connection successful le remote:e4:bb:d3:57:c0:22[PUBLIC_DEVICE_ADDRESS] handle:16 initiator:local
06-03 15:32:59.519 I/bluetooth( 1168): packages/modules/Bluetooth/system/stack/gatt/connection_manager.cc:438 on_connection_complete: Le connection completed to device:xx:xx:xx:xx:c0:22
06-03 15:32:59.519 D/bluetooth( 1168): packages/modules/Bluetooth/system/stack/gatt/connection_manager.cc:427 remove_all_clients_with_pending_connections: address=xx:xx:xx:xx:c0:22
06-03 15:32:59.519 I/bluetooth( 1168): packages/modules/Bluetooth/system/gd/hci/le_address_manager.cc:265 ack_pause: Client already in paused state
06-03 15:32:59.519 D/bluetooth( 1168): packages/modules/Bluetooth/system/gd/hci/le_address_manager.cc:269 ack_pause: Wait all clients paused, return
06-03 15:32:59.520 I/bluetooth( 1168): packages/modules/Bluetooth/system/stack/gatt/connection_manager.cc:438 on_connection_complete: Le connection completed to device:xx:xx:xx:xx:c0:22
06-03 15:32:59.520 D/bluetooth( 1168): packages/modules/Bluetooth/system/stack/gatt/connection_manager.cc:427 remove_all_clients_with_pending_connections: address=xx:xx:xx:xx:c0:22
06-03 15:32:59.520 I/bt_btm_ble( 1168): packages/modules/Bluetooth/system/stack/btm/btm_ble.cc:1730 btm_ble_connected: Updating device record timestamp for existing ble connection
06-03 15:32:59.520 I/bt_l2cap( 1168): packages/modules/Bluetooth/system/main/bte_logmsg.cc:112 LogMsg: l2c_ble_link_adjust_allocation num_hipri: 0 num_lowpri: 1 low_quota: 2 round_robin_quota: 0 qq: 2
06-03 15:32:59.520 I/bt_l2cap( 1168): packages/modules/Bluetooth/system/main/bte_logmsg.cc:112 LogMsg: l2c_ble_link_adjust_allocation LCB 0 Priority: 0 XmitQuota: 2
06-03 15:32:59.520 I/bt_l2cap( 1168): packages/modules/Bluetooth/system/main/bte_logmsg.cc:112 LogMsg: SentNotAcked: 0 RRUnacked: 0
06-03 15:32:59.520 D/l2c_utils( 1168): packages/modules/Bluetooth/system/stack/l2cap/l2c_utils.cc:1355 l2cu_allocate_ccb: is_dynamic = 0, cid 0x0000
06-03 15:32:59.520 I/bluetooth( 1168): packages/modules/Bluetooth/system/gd/hci/le_address_manager.cc:265 ack_pause: Client already in paused state
06-03 15:32:59.520 I/bluetooth( 1168): packages/modules/Bluetooth/system/gd/hci/le_address_manager.cc:265 ack_pause: Client already in paused state
06-03 15:32:59.524 I/bluetooth( 1168): packages/modules/Bluetooth/system/gd/hci/le_address_manager.cc:596 OnCommandComplete: Received command complete with op_code LE_REMOVE_DEVICE_FROM_FILTER_ACCEPT_LIST
06-03 15:32:59.524 I/bluetooth( 1168): packages/modules/Bluetooth/system/gd/hci/le_address_manager.cc:294 resume_registered_clients: Resuming registered clients
06-03 15:32:59.537 D/l2c_link( 1168): packages/modules/Bluetooth/system/stack/l2cap/l2c_link.cc:764 l2c_link_adjust_chnl_allocation: CID:0x0041 FCR Mode:0 Priority:2 TxDataRate:1 RxDataRate:1 Quota:200
06-03 15:32:59.537 D/btm_acl ( 1168): packages/modules/Bluetooth/system/stack/acl/btm_acl.cc:463 btm_acl_created: Created new ACL connection peer:xx:xx:xx:xx:c0:22 role:central handle:0x0010 transport:BT_TRANSPORT_LE
06-03 15:32:59.537 I/bt_btm ( 1168): packages/modules/Bluetooth/system/main/bte_logmsg.cc:115 LogMsg: BTM_GetRemoteDeviceName
06-03 15:32:59.537 I/bt_btif ( 1168): packages/modules/Bluetooth/system/main/bte_logmsg.cc:115 LogMsg: BTM_GetRemoteDeviceName, NV name = Dangbei
06-03 15:32:59.537 I/bt_btif ( 1168): packages/modules/Bluetooth/system/main/bte_logmsg.cc:115 LogMsg: btm_iot_save_remote_properties cod retrieved from storage is 0x00050c
06-03 15:32:59.537 D/bt_btm_ble( 1168): packages/modules/Bluetooth/system/stack/btm/btm_ble.cc:544 BTM_ReadDevInfo: Determining device_type:BLE addr_type:public
06-03 15:32:59.537 D/bt_shim_hci( 1168): packages/modules/Bluetooth/system/main/shim/hci_layer.cc:367 transmit_command: Sending command LE_READ_REMOTE_FEATURES
06-03 15:32:59.537 D/bt_btm_ble( 1168): packages/modules/Bluetooth/system/stack/btm/btm_ble_gap.cc:3507 btm_ble_update_mode_operation: gd_acl enabled so skip background connection logic
06-03 15:32:59.538 D/bt_btm_ble( 1168): packages/modules/Bluetooth/system/stack/btm/btm_ble_gap.cc:3518 btm_ble_update_mode_operation: Resuming le background connections
06-03 15:32:59.538 D/bluetooth( 1168): packages/modules/Bluetooth/system/stack/btm/btm_ble_bgconn.cc:155 btm_ble_resume_bg_conn: Gd acl_manager handles sync of background connections
06-03 15:32:59.540 D/bt_shim_hci( 1168): packages/modules/Bluetooth/system/main/shim/hci_layer.cc:341 OnTransmitPacketStatus: Received cmd status SUCCESS for LE_READ_REMOTE_FEATURES
06-03 15:32:59.550 D/bluetooth( 1168): packages/modules/Bluetooth/system/gd/hci/le_scanning_reassembler.cc:64 ProcessAdvertisingReport: Dropping repeated legacy advertising data
06-03 15:32:59.570 I/android.hardware.bluetooth@1.0-impl( 480): [HandleIncomingEvent-549]: rec adv direct packet
06-03 15:32:59.576 D/btm_acl ( 1168): packages/modules/Bluetooth/system/stack/acl/btm_acl.cc:2667 acl_set_peer_le_features_from_handle: Completed le feature read request
06-03 15:32:59.576 D/bt_shim_hci( 1168): packages/modules/Bluetooth/system/main/shim/hci_layer.cc:367 transmit_command: Sending command READ_REMOTE_VERSION_INFORMATION
06-03 15:32:59.579 D/bt_shim_hci( 1168): packages/modules/Bluetooth/system/main/shim/hci_layer.cc:341 OnTransmitPacketStatus: Received cmd status SUCCESS for READ_REMOTE_VERSION_INFORMATION
06-03 15:32:59.582 I/JettyServletContainer( 2115): Registering UPnP servlet under context path: /upnp
06-03 15:32:59.585 I/DatagramIO( 2115): Creating bound socket (for datagram input/output) on: 192.168.3.4/192.168.3.4
06-03 15:32:59.586 D/TrafficStats( 2115): tagSocket(225) with statsTag=0xffffffff, statsUid=-1
06-03 15:32:59.586 E/JettyServletContainer( 2115): gogogo
06-03 15:32:59.587 I/JettyServletContainer( 2115): Starting Jetty server...
06-03 15:32:59.587 I/android.hardware.bluetooth@1.0-impl( 480): [HandleIncomingEvent-549]: rec adv direct packet
06-03 15:32:59.588 W/System.err( 2115): 2025-06-03 15:32:59.587:INFO:lcaf.p:jetty-8.y.z-SNAPSHOT
06-03 15:32:59.589 D/bluetooth( 1168): packages/modules/Bluetooth/system/gd/hci/le_scanning_reassembler.cc:64 ProcessAdvertisingReport: Dropping repeated legacy advertising data
06-03 15:32:59.594 I/Router ( 2115): WiFi multicast lock acquired
06-03 15:32:59.595 I/WifiService( 736): acquireMulticastLock uid=10043
06-03 15:32:59.597 I/bt_btif ( 1168): packages/modules/Bluetooth/system/main/bte_logmsg.cc:115 LogMsg: Remote device: xx:xx:xx:xx:c0:22 GATT client supported features 0x00
06-03 15:32:59.598 I/bt_stack( 1168): [INFO:gatt_attr.cc(950)] gatt_sr_init_cl_status: bda=xx:xx:xx:xx:c0:22, cl_supp_feat=0000, aware=1
06-03 15:32:59.598 I/bt_btif ( 1168): packages/modules/Bluetooth/system/main/bte_logmsg.cc:115 LogMsg: Remote device: xx:xx:xx:xx:c0:22 GATT server supported features 0x00
06-03 15:32:59.598 D/bluetooth( 1168): packages/modules/Bluetooth/system/stack/gatt/connection_manager.cc:117 get_apps_connecting_to: address=xx:xx:xx:xx:c0:22
06-03 15:32:59.598 I/bluetooth( 1168): packages/modules/Bluetooth/system/stack/gap/gap_ble.cc:304 client_connect_cback: No active GAP service found for peer:xx:xx:xx:xx:c0:22 callback:Connected
06-03 15:32:59.598 I/bt_bta_gattc( 1168): packages/modules/Bluetooth/system/bta/gatt/bta_gattc_act.cc:1304 bta_gattc_conn_cback: Connected client_if:3 addr:xx:xx:xx:xx:c0:22, transport:BT_TRANSPORT_LE reason:GATT_CONN_OK
06-03 15:32:59.598 I/bt_bta_gattc( 1168): packages/modules/Bluetooth/system/bta/gatt/bta_gattc_act.cc:1304 bta_gattc_conn_cback: Connected client_if:4 addr:xx:xx:xx:xx:c0:22, transport:BT_TRANSPORT_LE reason:GATT_CONN_OK
06-03 15:32:59.598 D/bluetooth( 1168): packages/modules/Bluetooth/system/stack/gatt/gatt_main.cc:379 gatt_update_app_use_link_flag: gatt_if=5, is_add=1 chk_link=1
06-03 15:32:59.598 D/bluetooth( 1168): packages/modules/Bluetooth/system/stack/gatt/gatt_main.cc:342 gatt_update_app_hold_link_status: gatt_if=5, is_add=1, peer_bda=xx:xx:xx:xx:c0:22
06-03 15:32:59.598 D/bluetooth( 1168): packages/modules/Bluetooth/system/stack/gatt/gatt_main.cc:348 gatt_update_app_hold_link_status: added gatt_if=5
06-03 15:32:59.598 I/bluetooth( 1168): packages/modules/Bluetooth/system/stack/gatt/gatt_main.cc:405 gatt_update_app_use_link_flag: disable link idle timer for xx:xx:xx:xx:c0:22
06-03 15:32:59.598 I/bt_l2cap( 1168): packages/modules/Bluetooth/system/main/bte_logmsg.cc:115 LogMsg: l2cu_no_dynamic_ccbs NO IDLE timeout set for fixed cid 0x0004
06-03 15:32:59.598 I/bt_l2cap( 1168): packages/modules/Bluetooth/system/main/bte_logmsg.cc:115 LogMsg: l2cu_no_dynamic_ccbs() with_active_local_clients=0
06-03 15:32:59.598 I/bt_stack( 1168): [INFO:l2c_api.cc(1607)] L2CA_MarkLeLinkAsActivesetting link to e4:bb:d3:57:c0:22 as active
06-03 15:32:59.598 I/bluetooth( 1168): packages/modules/Bluetooth/system/stack/gatt/gatt_api.cc:1206 GATT_SetIdleTimeout: idle_timeout=65535, is_active=1, status=1 (1-OK 0-not performed)
06-03 15:32:59.598 I/bt_bta_gattc( 1168): packages/modules/Bluetooth/system/bta/gatt/bta_gattc_act.cc:1304 bta_gattc_conn_cback: Connected client_if:5 addr:xx:xx:xx:xx:c0:22, transport:BT_TRANSPORT_LE reason:GATT_CONN_OK
06-03 15:32:59.598 I/bluetooth( 1168): packages/modules/Bluetooth/system/stack/gatt/connection_manager.cc:438 on_connection_complete: Le connection completed to device:xx:xx:xx:xx:c0:22
06-03 15:32:59.598 D/bluetooth( 1168): packages/modules/Bluetooth/system/stack/gatt/connection_manager.cc:427 remove_all_clients_with_pending_connections: address=xx:xx:xx:xx:c0:22
06-03 15:32:59.598 I/bt_l2cap( 1168): packages/modules/Bluetooth/system/main/bte_logmsg.cc:115 LogMsg: l2cu_no_dynamic_ccbs NO IDLE timeout set for fixed cid 0x0004
06-03 15:32:59.598 I/bt_l2cap( 1168): packages/modules/Bluetooth/system/main/bte_logmsg.cc:115 LogMsg: l2cu_no_dynamic_ccbs() with_active_local_clients=1
06-03 15:32:59.598 I/bt_stack( 1168): [INFO:l2c_api.cc(1607)] L2CA_MarkLeLinkAsActivesetting link to e4:bb:d3:57:c0:22 as active
06-03 15:32:59.598 I/bluetooth( 1168): packages/modules/Bluetooth/system/stack/gatt/gatt_api.cc:1206 GATT_SetIdleTimeout: idle_timeout=65535, is_active=1, status=1 (1-OK 0-not performed)
06-03 15:32:59.598 I/bluetooth( 1168): packages/modules/Bluetooth/system/stack/gatt/gatt_main.cc:594 check_cached_model_name: Device xx:xx:xx:xx:c0:22 no cached model name
06-03 15:32:59.598 D/bluetooth( 1168): packages/modules/Bluetooth/system/stack/smp/smp_l2c.cc:112 smp_connect_callback: SMP Received connect callback bd_addr:xx:xx:xx:xx:c0:22 transport:BT_TRANSPORT_LE
06-03 15:32:59.598 I/bt_btm ( 1168): packages/modules/Bluetooth/system/main/bte_logmsg.cc:112 LogMsg: btm_find_or_alloc_dev
06-03 15:32:59.598 I/bt_btif ( 1168): packages/modules/Bluetooth/system/main/bte_logmsg.cc:112 LogMsg: btif_dm_upstreams_evt: ev: BTA_DM_LINK_UP_EVT
06-03 15:32:59.598 I/bt_btif ( 1168): packages/modules/Bluetooth/system/main/bte_logmsg.cc:115 LogMsg: BTA_DM_LINK_UP_EVT. Sending BT_ACL_STATE_CONNECTED
06-03 15:32:59.598 I/bt_btif_dm( 1168): packages/modules/Bluetooth/system/btif/src/btif_dm.cc:642 btif_update_remote_version_property: Remote version info valid:true [xx:xx:xx:xx:c0:22]: 9, 1bf, 100
06-03 15:32:59.598 D/bt_bta_dm( 1168): packages/modules/Bluetooth/system/bta/dm/bta_dm_act.cc:2693 bta_dm_acl_up: Executed security callback for new connection available
06-03 15:32:59.598 I/bt_btif ( 1168): packages/modules/Bluetooth/system/main/bte_logmsg.cc:112 LogMsg: bta_sys_event: Event 0x1f0c
06-03 15:32:59.598 E/bta_gattc_main( 1168): packages/modules/Bluetooth/system/bta/gatt/bta_gattc_main.cc:395 bta_gattc_hdl_event: Ignore unknown conn ID: 3
06-03 15:32:59.598 I/bt_btif ( 1168): packages/modules/Bluetooth/system/main/bte_logmsg.cc:112 LogMsg: bta_sys_event: Event 0x1f0c
06-03 15:32:59.598 E/bta_gattc_main( 1168): packages/modules/Bluetooth/system/bta/gatt/bta_gattc_main.cc:395 bta_gattc_hdl_event: Ignore unknown conn ID: 4
06-03 15:32:59.598 I/bt_btif ( 1168): packages/modules/Bluetooth/system/main/bte_logmsg.cc:112 LogMsg: bta_sys_event: Event 0x1f0c
06-03 15:32:59.598 I/bt_btif ( 1168): packages/modules/Bluetooth/system/main/bte_logmsg.cc:112 LogMsg: operator(): HAL bt_hal_cbacks->acl_state_changed_cb
06-03 15:32:59.598 D/bt_btm_sec( 1168): packages/modules/Bluetooth/system/stack/btm/btm_sec.cc:5094 btm_sec_is_a_bonded_dev: Device record bonded check peer:xx:xx:xx:xx:c0:22 is_bonded:true
06-03 15:32:59.599 W/NotificationHistory( 736): Attempted to add notif for locked/gone/disabled user 0
06-03 15:32:59.599 D/WifiHAL ( 512): Setting APF program, halHandle = 0xf0842650
06-03 15:32:59.599 I/WifiHAL ( 512): createRequest: APF set program request
06-03 15:32:59.599 W/BatteryService( 1168): getBatteryService(): service is NULL
06-03 15:32:59.599 D/WifiHAL ( 512): error code -95 mapped to -3
06-03 15:32:59.599 I/WifiHAL ( 512): Request Response failed for APF, result = -3
06-03 15:32:59.600 D/bt_bta_gattc( 1168): packages/modules/Bluetooth/system/bta/gatt/bta_gattc_cache.cc:130 GetRobustCachingSupport: GetRobustCachingSupport xx:xx:xx:xx:c0:22
06-03 15:32:59.600 E/WifiStaIfaceAidlImpl( 736): installApfPacketFilter failed with service-specific exception: android.os.ServiceSpecificException: (code 4)
06-03 15:32:59.600 D/bt_bta_gattc( 1168): packages/modules/Bluetooth/system/bta/gatt/bta_gattc_cache.cc:159 GetRobustCachingSupport: database hash characteristic not found, so UNSUPPORTED
06-03 15:32:59.600 I/bt_bta_gattc( 1168): packages/modules/Bluetooth/system/bta/gatt/bta_gattc_act.cc:549 bta_gattc_conn: Connected to xx:xx:xx:xx:c0:22, robust caching support is 0
06-03 15:32:59.600 I/bt_btif ( 1168): packages/modules/Bluetooth/system/main/bte_logmsg.cc:115 LogMsg: bta_hh_gattc_callback event:BTA_GATTC_OPEN_EVT
06-03 15:32:59.600 I/bt_btif ( 1168): packages/modules/Bluetooth/system/main/bte_logmsg.cc:112 LogMsg: bta_hh_sm_execute: State 0x01 [BTA_HH_IDLE_ST], Event [BTA_HH_GATT_OPEN_EVT]
06-03 15:32:59.600 I/bt_btif ( 1168): packages/modules/Bluetooth/system/main/bte_logmsg.cc:115 LogMsg: bta_hh_gatt_open BTA_GATTC_OPEN_EVT bda= [e4bbd357c022] status =0
06-03 15:32:59.600 I/bt_btif ( 1168): packages/modules/Bluetooth/system/main/bte_logmsg.cc:115 LogMsg: hid_handle = 10 conn_id = 0005 cb_index = 0
06-03 15:32:59.600 I/bt_btif ( 1168): packages/modules/Bluetooth/system/main/bte_logmsg.cc:112 LogMsg: bta_hh_sm_execute: State 0x02 [BTA_HH_W4_CONN_ST], Event [BTA_HH_START_ENC_EVT]
06-03 15:32:59.600 D/bt_btm_sec( 1168): packages/modules/Bluetooth/system/stack/btm/btm_sec.cc:1172 BTM_SetEncryption: Security Manager: BTM_SetEncryption classic_handle:0xffff ble_handle:0x0010 state:0 flags:0x1080 required:0x6 p_callback=T
06-03 15:32:59.600 I/bt_btm ( 1168): packages/modules/Bluetooth/system/main/bte_logmsg.cc:115 LogMsg: btm_ble_set_encryption sec_act=0x1 role_central=1
06-03 15:32:59.600 I/bt_btm ( 1168): packages/modules/Bluetooth/system/main/bte_logmsg.cc:115 LogMsg: btm_ble_start_encrypt
06-03 15:32:59.600 D/bt_shim_hci( 1168): packages/modules/Bluetooth/system/main/shim/hci_layer.cc:367 transmit_command: Sending command LE_START_ENCRYPTION
06-03 15:32:59.600 D/bluetooth( 1168): packages/modules/Bluetooth/system/bta/hh/bta_hh_main.cc:287 bta_hh_sm_execute: HHID State Change: [BTA_HH_W4_CONN_ST] -> [BTA_HH_W4_SEC] after Event [BTA_HH_START_ENC_EVT]
06-03 15:32:59.600 D/bluetooth( 1168): packages/modules/Bluetooth/system/bta/hh/bta_hh_main.cc:287 bta_hh_sm_execute: HHID State Change: [BTA_HH_IDLE_ST] -> [BTA_HH_W4_SEC] after Event [BTA_HH_GATT_OPEN_EVT]
06-03 15:32:59.602 I/Router ( 2115): WiFi lock acquired
06-03 15:32:59.603 D/bt_shim_hci( 1168): packages/modules/Bluetooth/system/main/shim/hci_layer.cc:341 OnTransmitPacketStatus: Received cmd status SUCCESS for LE_START_ENCRYPTION
06-03 15:32:59.603 I/WifiService( 736): acquireWifiLock uid=10043 lockMode=3
06-03 15:32:59.607 D/OomAdjuster( 736): Not killing cached processes
06-03 15:32:59.630 W/ ( 0): [0 T1134 ..] >>> aml_cfg80211_set_power_mgmt()
06-03 15:32:59.630 W/ ( 0): [0 T1134 ..] [aml_send_me_set_ps_mode 2111] set power save mode:0
06-03 15:32:59.630 W/ ( 0): [0 T1134 ..] >>> aml_send_msg()
06-03 15:32:59.633 W/ ( 0): [2 T1089 ..] ipc_sdio_host_msgack_handler 00000000969929cc
06-03 15:32:59.633 W/ ( 0): [2 T1089 ..] [aml_msgackind 2038] msg ack hostid=0xffffff8033021480
06-03 15:32:59.634 W/ ( 0): [2 T1089 ..] [cmd_mgr_llind 329] cmd tkn[31] flags:001a result: -4 cmd:5139-ME_SET_PS_MODE_REQ - reqcfm(5140-ME_SET_PS_MODE_CFM)
06-03 15:32:59.636 W/ ( 0): [2 T1089 ..] [cmd_mgr_msgind 409] cmd tkn[31] flags:0012 result: -4 cmd:5139-ME_SET_PS_MODE_REQ - reqcfm(5140-ME_SET_PS_MODE_CFM)
06-03 15:32:59.637 W/ ( 0): [2 T1089 ..] [cmd_complete 65] cmd tkn[31] flags:0002 result: -4 cmd:5139-ME_SET_PS_MODE_REQ - reqcfm(5140-ME_SET_PS_MODE_CFM)
06-03 15:32:59.609 D/bluetooth( 1168): packages/modules/Bluetooth/system/stack/arbiter/acl_arbiter.cc:96 InterceptAttPacket: Intercepting ATT packet and forwarding to Rust
06-03 15:32:59.609 D/bluetooth( 1168): packages/modules/Bluetooth/system/stack/gatt/gatt_attr.cc:579 gatt_cl_op_cmpl_cback: Not interested in opcode 6
06-03 15:32:59.611 I/BluetoothPhonePolicy( 1168): processDeviceConnected, device=XX:XX:XX:XX:C0:22
06-03 15:32:59.611 D/BluetoothDatabase( 1168): setConnection: device XX:XX:XX:XX:C0:22 and isA2dpDevice=false
06-03 15:32:59.611 D/BluetoothDatabase( 1168): Updating last connected time for device: XX:XX:XX:XX:C0:22 to 1
06-03 15:32:59.611 D/BluetoothDatabase( 1168): updateDatabase XX:XX:XX:XX:C0:22
06-03 15:32:59.616 I/WifiHAL ( 512): wifi_set_latency_mode set to 1
06-03 15:32:59.621 I/dangbei111( 1494): cccccc on receiver=android.bluetooth.device.action.ACL_CONNECTED,mac=E4:BB:D3:57:C0:22
06-03 15:32:59.621 E/dangbei111( 1494): cccccc cancelDiscovery begin
06-03 15:32:59.626 I/BLE_Service( 960): >ACL LINK CONNECTED [Dangbei] - checking for supported devices after delay
06-03 15:32:59.628 W/Router ( 2115): enable unlock:org.fourthline.cling.android.AndroidRouter@209c4fd
06-03 15:32:59.630 I/android.hardware.bluetooth@1.0-impl( 480): [HandleIncomingEvent-549]: rec adv direct packet
06-03 15:32:59.631 I/UpnpServiceImpl( 2115): <<< UPnP service started successfully
06-03 15:32:59.631 I/efs.base( 2115): wa upload succ, HttpResponse {succ=true, code=200, data='暂不支持该服务', extra={req_url=https://errlog.umeng.com/api/crashsdk/logcollect}}
06-03 15:32:59.636 E/dangbei111( 1494): cccccc 检查遥控器是否连接: Dangbei E4:BB:D3:57:C0:22
06-03 15:32:59.640 E/dangbei111( 1494): cccccc 检查遥控器是否连接: 蓝牙的结果 Dangbei E4:BB:D3:57:C0:22 true
06-03 15:32:59.640 E/dangbei111( 1494): cccccc input中没有遥控器存在
06-03 15:32:59.640 E/dangbei111( 1494): cccccc 蓝牙状态连接 开启30s check任务
06-03 15:32:59.643 E/dangbei111( 1494): cccccc 开始扫描
06-03 15:32:59.643 D/BluetoothAdapter( 1494): isLeEnabled(): ON
06-03 15:32:59.659 I/efs.base( 2115): wa upload succ, HttpResponse {succ=true, code=200, data='暂不支持该服务', extra={req_url=https://errlog.umeng.com/api/crashsdk/logcollect}}
06-03 15:32:59.661 W/System.err( 2115): 2025-06-03 15:32:59.661:INFO:lcaf.a:Started @192.168.3.4:37477
06-03 15:32:59.688 D/bluetooth( 1168): packages/modules/Bluetooth/system/gd/hci/le_scanning_reassembler.cc:64 ProcessAdvertisingReport: Dropping repeated legacy advertising data
06-03 15:32:59.688 I/android.hardware.bluetooth@1.0-impl( 480): [HandleIncomingEvent-549]: rec adv direct packet
06-03 15:32:59.697 D/bt_btm_sec( 1168): packages/modules/Bluetooth/system/stack/btm/btm_sec.cc:3381 btm_sec_encrypt_change: Security Manager encryption change request hci_status:HCI_SUCCESS request:encrypt state:encrypted sec_flags:0x1080
06-03 15:32:59.697 D/bt_btm_sec( 1168): packages/modules/Bluetooth/system/stack/btm/btm_sec.cc:3437 btm_sec_encrypt_change: after update p_dev_rec->sec_flags=0x1480
06-03 15:32:59.697 I/bt_btm ( 1168): packages/modules/Bluetooth/system/main/bte_logmsg.cc:115 LogMsg: btm_ble_link_encrypted encr_enable=1
06-03 15:32:59.697 W/smp_act ( 1168): packages/modules/Bluetooth/system/stack/smp/smp_act.cc:2064 smp_link_encrypted: SMP state machine busy so skipping encryption enable:1 device:xx:xx:xx:xx:c0:22
06-03 15:32:59.697 I/bt_btm ( 1168): packages/modules/Bluetooth/system/main/bte_logmsg.cc:115 LogMsg: p_dev_rec->sec_flags=0x1480
06-03 15:32:59.697 D/bt_btm_sec( 1168): packages/modules/Bluetooth/system/stack/btm/btm_sec.cc:4873 btm_sec_dev_rec_cback_event: transport=le, btm_status=BTM_SUCCESS
06-03 15:32:59.697 I/bt_btif ( 1168): packages/modules/Bluetooth/system/main/bte_logmsg.cc:115 LogMsg: found kdev_cb[0] hid_handle = 16
06-03 15:32:59.697 I/bt_btif ( 1168): packages/modules/Bluetooth/system/main/bte_logmsg.cc:112 LogMsg: bta_hh_sm_execute: State 0x04 [BTA_HH_W4_SEC], Event [BTA_HH_ENC_CMPL_EVT]
06-03 15:32:59.697 I/bt_btif ( 1168): packages/modules/Bluetooth/system/main/bte_logmsg.cc:115 LogMsg: bta_hh_security_cmpl
06-03 15:32:59.697 I/bt_btif ( 1168): packages/modules/Bluetooth/system/main/bte_logmsg.cc:115 LogMsg: bta_hh_security_cmpl no reports loaded, try to load
06-03 15:32:59.697 I/bt_btif ( 1168): packages/modules/Bluetooth/system/main/bte_logmsg.cc:115 LogMsg: bta_hh_le_co_cache_load() - Loaded 8 reports; dev=xx:xx:xx:xx:c0:22
06-03 15:32:59.697 I/bt_btif ( 1168): packages/modules/Bluetooth/system/main/bte_logmsg.cc:115 LogMsg: bta_hh_security_cmpl: discovery has been done for HID service
06-03 15:32:59.697 I/bt_btif ( 1168): packages/modules/Bluetooth/system/main/bte_logmsg.cc:115 LogMsg: bta_hh_le_set_protocol_mode attempt mode: Report
06-03 15:32:59.697 I/bt_btif ( 1168): packages/modules/Bluetooth/system/main/bte_logmsg.cc:115 LogMsg: bta_hh_le_register_input_notif: bta_hh_le_register_input_notif mode: 0
06-03 15:32:59.697 I/bt_btif ( 1168): packages/modules/Bluetooth/system/main/bte_logmsg.cc:115 LogMsg: bta_hh_le_register_input_notif <--- Register Report ID: 1
06-03 15:32:59.697 I/bt_btif ( 1168): packages/modules/Bluetooth/system/main/bte_logmsg.cc:115 LogMsg: bta_hh_le_register_input_notif <--- Register Report ID: 30
06-03 15:32:59.697 I/bt_btif ( 1168): packages/modules/Bluetooth/system/main/bte_logmsg.cc:115 LogMsg: bta_hh_le_register_input_notif <--- Register Report ID: 3
06-03 15:32:59.697 I/bt_btif ( 1168): packages/modules/Bluetooth/system/main/bte_logmsg.cc:115 LogMsg: bta_hh_le_hid_report_dbg: HID Report DB
06-03 15:32:59.697 I/bt_btif ( 1168): packages/modules/Bluetooth/system/main/bte_logmsg.cc:115 LogMsg: [Report- 0x2a4d] [Type: INPUT], [ReportID: 1] [srvc_inst_id: 31] [char_inst_id: 46] [Clt_cfg: 1]
06-03 15:32:59.697 I/bt_btif ( 1168): packages/modules/Bluetooth/system/main/bte_logmsg.cc:115 LogMsg: [Report- 0x2a4d] [Type: INPUT], [ReportID: 30] [srvc_inst_id: 31] [char_inst_id: 50] [Clt_cfg: 1]
06-03 15:32:59.697 I/bt_btif ( 1168): packages/modules/Bluetooth/system/main/bte_logmsg.cc:115 LogMsg: [Report- 0x2a4d] [Type: INPUT], [ReportID: 3] [srvc_inst_id: 31] [char_inst_id: 54] [Clt_cfg: 1]
06-03 15:32:59.697 I/bt_btif ( 1168): packages/modules/Bluetooth/system/main/bte_logmsg.cc:115 LogMsg: [Report- 0x2a4d] [Type: FEATURE], [ReportID: 4] [srvc_inst_id: 31] [char_inst_id: 58] [Clt_cfg: 0]
06-03 15:32:59.697 I/bt_btif ( 1168): packages/modules/Bluetooth/system/main/bte_logmsg.cc:115 LogMsg: [Report- 0x2a4d] [Type: FEATURE], [ReportID: 5] [srvc_inst_id: 31] [char_inst_id: 61] [Clt_cfg: 0]
06-03 15:32:59.697 I/bt_btif ( 1168): packages/modules/Bluetooth/system/main/bte_logmsg.cc:115 LogMsg: [Report- 0x2a4d] [Type: FEATURE], [ReportID: 6] [srvc_inst_id: 31] [char_inst_id: 65] [Clt_cfg: 0]
06-03 15:32:59.697 I/bt_btif ( 1168): packages/modules/Bluetooth/system/main/bte_logmsg.cc:115 LogMsg: [Report- 0x2a4d] [Type: FEATURE], [ReportID: 7] [srvc_inst_id: 31] [char_inst_id: 69] [Clt_cfg: 0]
06-03 15:32:59.697 I/bt_btif ( 1168): packages/modules/Bluetooth/system/main/bte_logmsg.cc:115 LogMsg: [Report- 0x2a4d] [Type: FEATURE], [ReportID: 8] [srvc_inst_id: 31] [char_inst_id: 73] [Clt_cfg: 0]
06-03 15:32:59.697 I/bt_btif ( 1168): packages/modules/Bluetooth/system/main/bte_logmsg.cc:115 LogMsg: bta_hh_le_register_input_notif: bta_hh_le_register_input_notif mode: 0
06-03 15:32:59.697 I/bt_btif ( 1168): packages/modules/Bluetooth/system/main/bte_logmsg.cc:115 LogMsg: bta_hh_le_register_input_notif <--- Register Report ID: 1
06-03 15:32:59.697 W/bt_stack( 1168): [WARNING:bta_gattc_api.cc(689)] notification already registered
06-03 15:32:59.697 I/bt_btif ( 1168): packages/modules/Bluetooth/system/main/bte_logmsg.cc:115 LogMsg: bta_hh_le_register_input_notif <--- Register Report ID: 30
06-03 15:32:59.697 W/bt_stack( 1168): [WARNING:bta_gattc_api.cc(689)] notification already registered
06-03 15:32:59.697 I/bt_btif ( 1168): packages/modules/Bluetooth/system/main/bte_logmsg.cc:115 LogMsg: bta_hh_le_register_input_notif <--- Register Report ID: 3
06-03 15:32:59.697 W/bt_stack( 1168): [WARNING:bta_gattc_api.cc(689)] notification already registered
06-03 15:32:59.697 I/bt_btif ( 1168): packages/modules/Bluetooth/system/main/bte_logmsg.cc:112 LogMsg: bta_hh_sm_execute: State 0x02 [BTA_HH_W4_CONN_ST], Event [BTA_HH_OPEN_CMPL_EVT]
06-03 15:32:59.697 I/bt_btif ( 1168): packages/modules/Bluetooth/system/main/bte_logmsg.cc:115 LogMsg: btif_transfer_context event 2, len 16
06-03 15:32:59.697 D/bluetooth( 1168): packages/modules/Bluetooth/system/bta/hh/bta_hh_main.cc:287 bta_hh_sm_execute: HHID State Change: [BTA_HH_W4_CONN_ST] -> [BTA_HH_CONN_ST] after Event [BTA_HH_OPEN_CMPL_EVT]
06-03 15:32:59.697 D/bluetooth( 1168): packages/modules/Bluetooth/system/bta/hh/bta_hh_main.cc:287 bta_hh_sm_execute: HHID State Change: [BTA_HH_W4_SEC] -> [BTA_HH_CONN_ST] after Event [BTA_HH_ENC_CMPL_EVT]
06-03 15:32:59.698 I/bt_btif ( 1168): packages/modules/Bluetooth/system/main/bte_logmsg.cc:115 LogMsg: btif_hh_upstreams_evt: event=BTA_HH_OPEN_EVT dereg = 0
06-03 15:32:59.698 D/bt_btif_hh( 1168): packages/modules/Bluetooth/system/btif/src/btif_hh.cc:402 hh_open_handler: status = 0, handle = 16
06-03 15:32:59.698 I/bt_btif ( 1168): packages/modules/Bluetooth/system/main/bte_logmsg.cc:112 LogMsg: hh_open_handler: HAL bt_hh_callbacks->connection_state_cb
06-03 15:32:59.698 I/bluetooth( 1168): packages/modules/Bluetooth/system/stack/eatt/eatt_impl.h:1008 connect: Device xx:xx:xx:xx:c0:22, role central
06-03 15:32:59.698 D/bluetooth( 1168): packages/modules/Bluetooth/system/stack/gatt/gatt_api.cc:1649 GATT_GetConnIdIfConnected: status=1
06-03 15:32:59.698 D/bluetooth( 1168): packages/modules/Bluetooth/system/stack/gatt/gatt_api.cc:1649 GATT_GetConnIdIfConnected: status=1
06-03 15:32:59.698 D/bluetooth( 1168): packages/modules/Bluetooth/system/stack/gatt/att_protocol.cc:486 attp_cl_send_cmd: Sending ATT command to l2cap cid:0x0004 eatt_channels:0 transport:BT_TRANSPORT_LE
06-03 15:32:59.698 D/bluetooth( 1168): packages/modules/Bluetooth/system/stack/gatt/att_protocol.cc:378 attp_send_msg_to_l2cap: Sending ATT message on att fixed channel
06-03 15:32:59.698 D/bt_l2cap( 1168): packages/modules/Bluetooth/system/stack/l2cap/l2c_api.cc:1469 L2CA_SendFixedChnlData: Enqueued data for CID: 0x0004 len:7
06-03 15:32:59.698 I/bt_btif ( 1168): packages/modules/Bluetooth/system/main/bte_logmsg.cc:115 LogMsg: create_thread: entered
06-03 15:32:59.698 D/l2c_link( 1168): packages/modules/Bluetooth/system/stack/l2cap/l2c_link.cc:1103 l2c_link_send_to_lower_ble: TotalWin=1,Hndl=0x10,Quota=2,Unack=1,RRQuota=0,RRUnack=0
06-03 15:32:59.698 I/bt_l2cap( 1168): packages/modules/Bluetooth/system/main/bte_logmsg.cc:115 LogMsg: l2cu_no_dynamic_ccbs NO IDLE timeout set for fixed cid 0x0004
06-03 15:32:59.698 I/bt_l2cap( 1168): packages/modules/Bluetooth/system/main/bte_logmsg.cc:115 LogMsg: l2cu_no_dynamic_ccbs() with_active_local_clients=1
06-03 15:32:59.698 D/bluetooth( 1168): packages/modules/Bluetooth/system/stack/gatt/att_protocol.cc:500 attp_cl_send_cmd: Starting ATT response timer 0xec584f18 conn_id=0x0001, cid=4
06-03 15:32:59.698 I/bt_btif ( 1168): packages/modules/Bluetooth/system/main/bte_logmsg.cc:115 LogMsg: create_thread: thread created successfully
06-03 15:32:59.698 D/bluetooth( 1168): packages/modules/Bluetooth/system/stack/gatt/gatt_api.cc:1441 GATT_Connect: Starting background connect gatt_if=5 address=xx:xx:xx:xx:c0:22
06-03 15:32:59.698 D/bluetooth( 1168): packages/modules/Bluetooth/system/stack/gatt/gatt_api.cc:1451 GATT_Connect: Adding to background connect to device:xx:xx:xx:xx:c0:22
06-03 15:32:59.698 D/bluetooth( 1168): packages/modules/Bluetooth/system/btif/co/bta_hh_co.cc:466 bta_hh_co_open: Return device status 0
06-03 15:32:59.698 I/bt_btif_hh( 1168): packages/modules/Bluetooth/system/btif/src/btif_hh.cc:436 hh_open_handler: Found device, getting dscp info for handle 16
06-03 15:32:59.698 D/bluetooth( 1168): packages/modules/Bluetooth/system/stack/gatt/connection_manager.cc:272 background_connect_add: app_id=5, address=xx:xx:xx:xx:c0:22
06-03 15:32:59.698 I/bt_btif ( 1168): packages/modules/Bluetooth/system/main/bte_logmsg.cc:112 LogMsg: hh_connect_complete: HAL bt_hh_callbacks->connection_state_cb
06-03 15:32:59.698 D/bluetooth( 1168): packages/modules/Bluetooth/system/stack/gatt/connection_manager.cc:284 background_connect_add: app_id=5, already doing background connection to address=xx:xx:xx:xx:c0:22
06-03 15:32:59.698 D/bluetooth( 1168): packages/modules/Bluetooth/system/stack/gatt/gatt_main.cc:379 gatt_update_app_use_link_flag: gatt_if=5, is_add=1 chk_link=1
06-03 15:32:59.698 D/bluetooth( 1168): packages/modules/Bluetooth/system/stack/gatt/gatt_main.cc:342 gatt_update_app_hold_link_status: gatt_if=5, is_add=1, peer_bda=xx:xx:xx:xx:c0:22
06-03 15:32:59.698 D/bluetooth( 1168): packages/modules/Bluetooth/system/stack/gatt/gatt_main.cc:350 gatt_update_app_hold_link_status: attempt to add already existing gatt_if=5
06-03 15:32:59.698 I/bluetooth( 1168): packages/modules/Bluetooth/system/stack/gatt/gatt_main.cc:405 gatt_update_app_use_link_flag: disable link idle timer for xx:xx:xx:xx:c0:22
06-03 15:32:59.698 I/bt_l2cap( 1168): packages/modules/Bluetooth/system/main/bte_logmsg.cc:115 LogMsg: l2cu_no_dynamic_ccbs NO IDLE timeout set for fixed cid 0x0004
06-03 15:32:59.698 I/bt_l2cap( 1168): packages/modules/Bluetooth/system/main/bte_logmsg.cc:115 LogMsg: l2cu_no_dynamic_ccbs() with_active_local_clients=1
06-03 15:32:59.698 I/bt_stack( 1168): [INFO:l2c_api.cc(1607)] L2CA_MarkLeLinkAsActivesetting link to e4:bb:d3:57:c0:22 as active
06-03 15:32:59.698 I/bluetooth( 1168): packages/modules/Bluetooth/system/stack/gatt/gatt_api.cc:1206 GATT_SetIdleTimeout: idle_timeout=65535, is_active=1, status=1 (1-OK 0-not performed)
06-03 15:32:59.698 D/bluetooth( 1168): packages/modules/Bluetooth/system/stack/gatt/gatt_api.cc:1649 GATT_GetConnIdIfConnected: status=1
06-03 15:32:59.698 I/bt_btif_dm( 1168): packages/modules/Bluetooth/system/btif/src/btif_dm.cc:489 get_cod: get_cod remote_cod = 0x0000050c
06-03 15:32:59.698 I/bt_btif ( 1168): packages/modules/Bluetooth/system/main/bte_logmsg.cc:115 LogMsg: bta_hh_gattc_callback event:BTA_GATTC_ENC_CMPL_CB_EVT
06-03 15:32:59.698 I/bt_btif ( 1168): packages/modules/Bluetooth/system/main/bte_logmsg.cc:112 LogMsg: bta_hh_sm_execute: State 0x03 [BTA_HH_CONN_ST], Event [unknown HID Host event code]
06-03 15:32:59.699 I/bt_btif_dm( 1168): packages/modules/Bluetooth/system/btif/src/btif_dm.cc:489 get_cod: get_cod remote_cod = 0x0000050c
06-03 15:32:59.699 I/bt_btif ( 1168): packages/modules/Bluetooth/system/main/bte_logmsg.cc:112 LogMsg: bta_sys_event: Event 0x1709
06-03 15:32:59.699 I/bt_btif ( 1168): packages/modules/Bluetooth/system/main/bte_logmsg.cc:115 LogMsg: bta_hh_dev_handle_to_cb_idx dev_handle = 16 index = 0
06-03 15:32:59.699 I/bt_btif ( 1168): packages/modules/Bluetooth/system/main/bte_logmsg.cc:115 LogMsg: bta_hh_hdl_event:: handle = 16 dev_cb[0]
06-03 15:32:59.699 I/bt_btif ( 1168): packages/modules/Bluetooth/system/main/bte_logmsg.cc:112 LogMsg: bta_hh_sm_execute: State 0x03 [BTA_HH_CONN_ST], Event [BTA_HH_API_GET_DSCP_EVT]
06-03 15:32:59.699 I/bt_btif ( 1168): packages/modules/Bluetooth/system/main/bte_logmsg.cc:115 LogMsg: btif_transfer_context event 10, len 24
06-03 15:32:59.699 I/bt_btif ( 1168): packages/modules/Bluetooth/system/main/bte_logmsg.cc:115 LogMsg: btif_hh_upstreams_evt: event=BTA_HH_GET_DSCP_EVT dereg = 0
06-03 15:32:59.699 I/bt_btif ( 1168): packages/modules/Bluetooth/system/main/bte_logmsg.cc:115 LogMsg: BTA_HH_GET_DSCP_EVT: len = 80
06-03 15:32:59.699 W/bt_btif ( 1168): packages/modules/Bluetooth/system/main/bte_logmsg.cc:108 LogMsg: btif_hh_upstreams_evt: name = Dangbei
06-03 15:32:59.699 W/bt_btif ( 1168): packages/modules/Bluetooth/system/main/bte_logmsg.cc:108 LogMsg: bta_hh_co_send_hid_info: fd = 155, name = [Dangbei], dscp_len = 80
06-03 15:32:59.699 W/bt_btif ( 1168): packages/modules/Bluetooth/system/main/bte_logmsg.cc:108 LogMsg: bta_hh_co_send_hid_info: vendor_id = 0x000d, product_id = 0x3838, version= 0x0000,ctry_code=0x00
06-03 15:32:59.699 D/BluetoothHidHostService( 1168): Connection state XX:XX:XX:XX:C0:22: 0->1
06-03 15:32:59.700 D/XM_HIDREAD( 1991): add@ add@/devices/virtual/misc/uhid/0005:000D:3838.0003
06-03 15:32:59.700 D/bluetooth( 1168): packages/modules/Bluetooth/system/btif/co/bta_hh_co.cc:331 btif_hh_poll_event_thread: Host hid polling thread created name:bt_hh_thread pid:2465 fd:155
06-03 15:32:59.714 I/[1 T45 ..] input( 0): Dangbei as /devices/virtual/misc/uhid/0005:000D:3838.0003/input/input12
06-03 15:32:59.716 I/[1 T45 ..] input( 0): Dangbei Consumer Control as /devices/virtual/misc/uhid/0005:000D:3838.0003/input/input14
06-03 15:32:59.717 I/ ( 0): [1 T45 ..] hid-generic 0005:000D:3838.0003: input,hidraw2: BLUETOOTH HID v0.00 Keyboard [Dangbei] on 1c:79:2d:20:62:cc
06-03 15:32:59.696 I/xm_hidread( 1991): type=1400 audit(0.0:891): avc: denied { read } for scontext=u:r:init:s0 tcontext=u:r:init:s0 tclass=netlink_kobject_uevent_socket permissive=1
06-03 15:32:59.702 D/XM_HIDREAD( 1991): add@ add@/devices/virtual/misc/uhid/0005:000D:3838.0003/input/input12
06-03 15:32:59.703 D/XM_HIDREAD( 1991): add@ add@/devices/virtual/misc/uhid/0005:000D:3838.0003/input/input12/event12
06-03 15:32:59.704 D/XM_HIDREAD( 1991): add@ add@/devices/virtual/misc/uhid/0005:000D:3838.0003/input/input14
06-03 15:32:59.706 W/bt_btif ( 1168): packages/modules/Bluetooth/system/main/bte_logmsg.cc:108 LogMsg: bta_hh_co_send_hid_info: wrote descriptor to fd = 155, dscp_len = 80, result = 0
06-03 15:32:59.706 W/bt_stack( 1168): [WARNING:btif_hh.cc(461)] Device xx:xx:xx:xx:c0:22 already added
06-03 15:32:59.706 W/bt_btif ( 1168): packages/modules/Bluetooth/system/main/bte_logmsg.cc:108 LogMsg: btif_hh_upstreams_evt: Device already added
06-03 15:32:59.706 I/bt_btif ( 1168): packages/modules/Bluetooth/system/main/bte_logmsg.cc:115 LogMsg: btif_hh_poll_event_thread: POLLIN
06-03 15:32:59.706 I/bt_btif ( 1168): packages/modules/Bluetooth/system/main/bte_logmsg.cc:115 LogMsg: UHID_START from uhid-dev
06-03 15:32:59.707 I/android.hardware.bluetooth@1.0-impl( 480): [HandleIncomingEvent-549]: rec adv direct packet
06-03 15:32:59.708 D/XM_HIDREAD( 1991): add@ add@/devices/virtual/misc/uhid/0005:000D:3838.0003/input/input14/event13
06-03 15:32:59.708 D/XM_HIDREAD( 1991): add@ add@/devices/virtual/misc/uhid/0005:000D:3838.0003/hidraw/hidraw2
06-03 15:32:59.712 D/bluetooth( 1168): packages/modules/Bluetooth/system/gd/hci/le_scanning_reassembler.cc:64 ProcessAdvertisingReport: Dropping repeated legacy advertising data
06-03 15:32:59.713 D/EventHub( 736): No input device configuration file found for device 'Dangbei'.
06-03 15:32:59.713 I/bt_btif ( 1168): packages/modules/Bluetooth/system/main/bte_logmsg.cc:115 LogMsg: btif_hh_poll_event_thread: POLLIN
06-03 15:32:59.713 I/bt_btif ( 1168): packages/modules/Bluetooth/system/main/bte_logmsg.cc:115 LogMsg: UHID_OPEN from uhid-dev
06-03 15:32:59.715 D/XM_HIDREAD( 1991): ready open:/dev/hidraw2
06-03 15:32:59.715 D/XM_HIDREAD( 1991): open:/dev/hidraw2 resultFD:-1
06-03 15:32:59.715 E/XM_HIDREAD( 1991): open hidraw error: No such file or directory, wait to retry...
06-03 15:32:59.716 I/EventHub( 736): usingClockIoctl=true
06-03 15:32:59.716 I/EventHub( 736): New device: id=13, fd=500, path='/dev/input/event12', name='Dangbei', classes=KEYBOARD | DPAD | EXTERNAL, configuration='', keyLayout='/vendor/usr/keylayout/Vendor_000d_Product_3838.kl', keyCharacterMap='/system/usr/keychars/Generic.kcm', builtinKeyboard=false,
06-03 15:32:59.717 I/InputReader( 736): Device added: id=12, eventHubId=13, name='Dangbei', descriptor='3b5a3e9d598bafe39ea755ce316acc64fb33ff4e',sources=KEYBOARD | DPAD
06-03 15:32:59.719 D/EventHub( 736): No input device configuration file found for device 'Dangbei Consumer Control'.
06-03 15:32:59.724 D/CachedBluetoothDevice( 960): onProfileStateChanged: profile HID, device XX:XX:XX:XX:C0:22, newProfileState 1
06-03 15:32:59.725 D/BluetoothAdapter( 960): getActiveDevices(profile= A2DP)
06-03 15:32:59.725 W/EventHub( 736): Unable to disable kernel key repeat for /dev/input/event13: Function not implemented
06-03 15:32:59.725 I/EventHub( 736): usingClockIoctl=true
06-03 15:32:59.725 I/EventHub( 736): New device: id=14, fd=501, path='/dev/input/event13', name='Dangbei Consumer Control', classes=KEYBOARD | DPAD | JOYSTICK | EXTERNAL, configuration='', keyLayout='/vendor/usr/keylayout/Vendor_000d_Product_3838.kl', keyCharacterMap='/system/usr/keychars/Generic.kcm', builtinKeyboard=false,
06-03 15:32:59.727 I/InputReader( 736): Device added: id=12, eventHubId=14, name='Dangbei Consumer Control', descriptor='9b78fec6d5f191e2bd1737ee556b82ef802210c0',sources=KEYBOARD | DPAD | JOYSTICK
06-03 15:32:59.729 D/CachedBluetoothDevice( 945): onProfileStateChanged: profile HID, device XX:XX:XX:XX:C0:22, newProfileState 1
06-03 15:32:59.729 D/BluetoothAdapter( 945): getActiveDevices(profile= A2DP)
06-03 15:32:59.722 D/BluetoothHidHostService( 1168): Connection state XX:XX:XX:XX:C0:22: 1->2
06-03 15:32:59.732 D/bluetooth( 1168): packages/modules/Bluetooth/system/stack/arbiter/acl_arbiter.cc:96 InterceptAttPacket: Intercepting ATT packet and forwarding to Rust
06-03 15:32:59.732 I/BluetoothAdapterService( 1168): getActiveDevices: A2dp device: null
06-03 15:32:59.732 I/bluetooth( 1168): packages/modules/Bluetooth/system/stack/gatt/gatt_sr.cc:839 gatts_process_mtu_req: MTU 247 request from remote (e4:bb:d3:57:c0:22), resulted MTU 247
06-03 15:32:59.732 I/bt_btm_ble( 1168): packages/modules/Bluetooth/system/stack/btm/btm_ble.cc:620 BTM_SetBleDataLength: xx:xx:xx:xx:c0:22, 251
06-03 15:32:59.732 D/bt_shim_hci( 1168): packages/modules/Bluetooth/system/main/shim/hci_layer.cc:367 transmit_command: Sending command LE_SET_DATA_LENGTH
06-03 15:32:59.732 D/bluetooth( 1168): packages/modules/Bluetooth/system/stack/gatt/att_protocol.cc:455 attp_send_sr_msg: Sending server response or indication message to client
06-03 15:32:59.732 D/bluetooth( 1168): packages/modules/Bluetooth/system/stack/gatt/att_protocol.cc:378 attp_send_msg_to_l2cap: Sending ATT message on att fixed channel
06-03 15:32:59.732 D/bt_l2cap( 1168): packages/modules/Bluetooth/system/stack/l2cap/l2c_api.cc:1469 L2CA_SendFixedChnlData: Enqueued data for CID: 0x0004 len:3
06-03 15:32:59.732 D/l2c_link( 1168): packages/modules/Bluetooth/system/stack/l2cap/l2c_link.cc:1103 l2c_link_send_to_lower_ble: TotalWin=0,Hndl=0x10,Quota=2,Unack=2,RRQuota=0,RRUnack=0
06-03 15:32:59.732 I/bt_l2cap( 1168): packages/modules/Bluetooth/system/main/bte_logmsg.cc:115 LogMsg: l2cu_no_dynamic_ccbs NO IDLE timeout set for fixed cid 0x0004
06-03 15:32:59.732 I/bt_l2cap( 1168): packages/modules/Bluetooth/system/main/bte_logmsg.cc:115 LogMsg: l2cu_no_dynamic_ccbs() with_active_local_clients=1
06-03 15:32:59.732 D/bluetooth( 1168): packages/modules/Bluetooth/system/stack/arbiter/acl_arbiter.cc:117 OnIncomingMtuReq: Notifying Rust of incoming MTU request 247
06-03 15:32:59.732 W/bt_stack( 1168): [WARNING:gatt_utils.cc(831)] Call back not found for application conn_id=3
06-03 15:32:59.732 W/bt_stack( 1168): [WARNING:gatt_utils.cc(831)] Call back not found for application conn_id=4
06-03 15:32:59.733 W/bt_stack( 1168): [WARNING:gatt_utils.cc(831)] Call back not found for application conn_id=5
06-03 15:32:59.734 D/BluetoothAdapter( 960): getActiveDevices(profile= HEADSET)
06-03 15:32:59.735 D/bt_shim_hci( 1168): packages/modules/Bluetooth/system/main/shim/hci_layer.cc:331 OnTransmitPacketCommandComplete: Received cmd complete for LE_SET_DATA_LENGTH
06-03 15:32:59.736 I/BluetoothAdapterService( 1168): getActiveDevices: A2dp device: null
06-03 15:32:59.739 D/BluetoothAdapter( 945): getActiveDevices(profile= HEADSET)
06-03 15:32:59.743 I/BluetoothAdapterService( 1168): getActiveDevices: Headset device: null
06-03 15:32:59.744 D/BluetoothAdapter( 960): getActiveDevices(profile= HEARING_AID)
06-03 15:32:59.746 I/BluetoothAdapterService( 1168): getActiveDevices: Headset device: null
06-03 15:32:59.747 D/BluetoothAdapter( 945): getActiveDevices(profile= HEARING_AID)
06-03 15:32:59.748 I/BluetoothAdapterService( 1168): getActiveDevices: Hearing Aid devices: Left[null] - Right[null]
06-03 15:32:59.749 D/AdapterProperties( 1168): PROFILE_CONNECTION_STATE_CHANGE: profile=4, device=XX:XX:XX:XX:C0:22, 0 -> 1
06-03 15:32:59.750 D/CachedBluetoothDevice( 960): onProfileStateChanged: profile HID, device XX:XX:XX:XX:C0:22, newProfileState 2
06-03 15:32:59.750 D/BluetoothAdapter( 960): getActiveDevices(profile= A2DP)
06-03 15:32:59.752 I/BluetoothAdapterService( 1168): getActiveDevices: Hearing Aid devices: Left[null] - Right[null]
06-03 15:32:59.752 D/AdapterProperties( 1168): ADAPTER_CONNECTION_STATE_CHANGE: XX:XX:XX:XX:C0:22: 0 -> 1
06-03 15:32:59.744 I/cling--ap-1( 2115): type=1400 audit(0.0:892): avc: denied { search } for name="net" dev="sysfs" ino=12344 scontext=u:r:untrusted_app_27:s0:c43,c256,c512,c768 tcontext=u:object_r:sysfs_net:s0 tclass=dir permissive=1 app=com.dangbei.screencast
06-03 15:32:59.755 D/CachedBluetoothDevice( 945): onProfileStateChanged: profile HID, device XX:XX:XX:XX:C0:22, newProfileState 2
06-03 15:32:59.755 D/BluetoothAdapter( 945): getActiveDevices(profile= A2DP)
06-03 15:32:59.756 I/BluetoothAdapterService( 1168): getActiveDevices: A2dp device: null
06-03 15:32:59.756 D/AdapterProperties( 1168): PROFILE_CONNECTION_STATE_CHANGE: profile=4, device=XX:XX:XX:XX:C0:22, 1 -> 2
06-03 15:32:59.757 D/BluetoothAdapter( 960): getActiveDevices(profile= HEADSET)
06-03 15:32:59.761 W/TelephonyPermissions( 736): reportAccessDeniedToReadIdentifiers:com.dangbei.screencast:getSerial:-1
06-03 15:32:59.762 I/BluetoothAdapterService( 1168): getActiveDevices: Headset device: null
06-03 15:32:59.763 D/BluetoothAdapter( 960): getActiveDevices(profile= HEARING_AID)
06-03 15:32:59.765 I/wpa_supplicant( 1134): wpa_driver_nl80211_driver_cmd: wifi vendor: aml_w2_s
06-03 15:32:59.765 I/wpa_supplicant( 1134): wpa_driver_nl80211_driver_cmd: wlan0: private command: BTCOEXSCAN-START
06-03 15:32:59.765 I/BluetoothAdapterService( 1168): getActiveDevices: Hearing Aid devices: Left[null] - Right[null]
