06-03 15:32:59.744 I/Timer-1 ( 2368): type=1400 audit(0.0:893): avc: denied { search } for name="net" dev="sysfs" ino=12344 scontext=u:r:untrusted_app_27:s0:c43,c256,c512,c768 tcontext=u:object_r:sysfs_net:s0 tclass=dir permissive=1 app=com.dangbei.screencast
06-03 15:32:59.766 D/AdapterProperties( 1168): ADAPTER_CONNECTION_STATE_CHANGE: XX:XX:XX:XX:C0:22: 1 -> 2
06-03 15:32:59.768 D/bluetooth( 1168): packages/modules/Bluetooth/system/gd/hci/le_scanning_reassembler.cc:64 ProcessAdvertisingReport: Dropping repeated legacy advertising data
06-03 15:32:59.778 W/ ( 0): [3 T1134 ..] [aml_android_priv_ioctl 128] vif idx=0 cmd=BTCOEXSCAN-START
06-03 15:32:59.778 W/ ( 0): [3 T1134 ..] [aml_android_priv_ioctl 152] not support id=22
06-03 15:32:59.772 I/BluetoothAdapterService( 1168): getActiveDevices: A2dp device: null
06-03 15:32:59.772 I/wpa_supplicant( 1134): wpa_driver_nl80211_driver_cmd: wifi vendor: aml_w2_s
06-03 15:32:59.772 I/wpa_supplicant( 1134): wpa_driver_nl80211_driver_cmd: wlan0: private command: BTCOEXSCAN-START
06-03 15:32:59.773 D/BluetoothAdapter( 945): getActiveDevices(profile= HEADSET)
06-03 15:32:59.785 W/ ( 0): [0 T1134 ..] [aml_android_priv_ioctl 128] vif idx=0 cmd=BTCOEXSCAN-START
06-03 15:32:59.776 D/bluetooth( 1168): packages/modules/Bluetooth/system/stack/acl/ble_acl.cc:184 acl_ble_data_length_change_event: Data length change event received handle:0x0010 max_tx_octets:251 max_tx_time:2120 max_rx_octets:251 max_rx_time:2120
06-03 15:32:59.777 D/l2c_ble ( 1168): packages/modules/Bluetooth/system/stack/l2cap/l2c_ble.cc:1432 l2cble_process_data_length_change_event: Received data length change event for device:xx:xx:xx:xx:c0:22 tx_data_len:27 => 251
06-03 15:32:59.786 W/ ( 0): [0 T1134 ..] [aml_android_priv_ioctl 152] not support id=22
06-03 15:32:59.779 I/BluetoothAdapterService( 1168): getActiveDevices: Headset device: null
06-03 15:32:59.780 D/BluetoothAdapter( 945): getActiveDevices(profile= HEARING_AID)
06-03 15:32:59.780 E/g ( 2115): channel :os
06-03 15:32:59.783 I/BluetoothAdapterService( 1168): getActiveDevices: Hearing Aid devices: Left[null] - Right[null]
06-03 15:32:59.786 D/bluetooth( 1168): packages/modules/Bluetooth/system/stack/arbiter/acl_arbiter.cc:96 InterceptAttPacket: Intercepting ATT packet and forwarding to Rust
06-03 15:32:59.786 I/bt_stack( 1168): [INFO:eatt_impl.h(888)] supported_features_cb e4:bb:d3:57:c0:22 is_eatt_supported = 0
06-03 15:32:59.787 D/bluetooth( 1168): packages/modules/Bluetooth/system/gd/hci/le_scanning_reassembler.cc:64 ProcessAdvertisingReport: Dropping repeated legacy advertising data
06-03 15:32:59.790 I/android.hardware.bluetooth@1.0-impl( 480): [HandleIncomingEvent-549]: rec adv direct packet
06-03 15:32:59.811 I/android.hardware.bluetooth@1.0-impl( 480): [HandleIncomingEvent-549]: rec adv direct packet
06-03 15:32:59.815 E/XM_HIDREAD( 1991): trying to reopen hidraw: /dev/hidraw2
06-03 15:32:59.815 D/XM_HIDREAD( 1991): ready open:/dev/hidraw2
06-03 15:32:59.816 D/XM_HIDREAD( 1991): open:/dev/hidraw2 resultFD:11
06-03 15:32:59.816 D/XM_HIDREAD( 1991): 1 ready ioctl hidrawFD 11
06-03 15:32:59.816 D/XM_HIDREAD( 1991): 2 ready ioctl hidrawFD 11
06-03 15:32:59.816 D/XM_HIDREAD( 1991): 3 ready ioctl hidrawFD 11
06-03 15:32:59.816 D/XM_HIDREAD( 1991): 4 ready ioctl hidrawFD 11
06-03 15:32:59.816 D/XM_HIDREAD( 1991): ioctl hidrawFD HIDIOCGRDESC ret 0
06-03 15:32:59.816 D/XM_HIDREAD( 1991): dinfo.vendor:13,dinfo.product:14392
06-03 15:32:59.816 D/XM_HIDREAD( 1991): m_pid:0x3838,m_vid:0x000d
06-03 15:32:59.816 D/XM_HIDREAD( 1991): /dev/hidraw2 open succussfully!
06-03 15:32:59.816 D/XM_HIDREAD( 1991): add@ add@/devices/virtual/wakeup/wakeup36
06-03 15:32:59.816 D/XM_HIDREAD( 1991): add@ add@/devices/virtual/wakeup/wakeup37
06-03 15:32:59.808 I/xm_hidread( 1991): type=1400 audit(0.0:894): avc: denied { read write } for name="hidraw2" dev="tmpfs" ino=896 scontext=u:r:init:s0 tcontext=u:object_r:hidraw_audio_device:s0 tclass=chr_file permissive=1
06-03 15:32:59.808 I/xm_hidread( 1991): type=1400 audit(0.0:895): avc: denied { open } for path="/dev/hidraw2" dev="tmpfs" ino=896 scontext=u:r:init:s0 tcontext=u:object_r:hidraw_audio_device:s0 tclass=chr_file permissive=1
06-03 15:32:59.812 I/xm_hidread( 1991): type=1400 audit(0.0:896): avc: denied { ioctl } for path="/dev/hidraw2" dev="tmpfs" ino=896 ioctlcmd=0x4803 scontext=u:r:init:s0 tcontext=u:object_r:hidraw_audio_device:s0 tclass=chr_file permissive=1
06-03 15:32:59.826 V/NFC ( 2368): this device does not have NFC support
06-03 15:32:59.832 D/bluetooth( 1168): packages/modules/Bluetooth/system/gd/hci/le_scanning_reassembler.cc:64 ProcessAdvertisingReport: Dropping repeated legacy advertising data
06-03 15:32:59.851 D/bluetooth( 1168): packages/modules/Bluetooth/system/gd/hci/le_scanning_reassembler.cc:64 ProcessAdvertisingReport: Dropping repeated legacy advertising data
06-03 15:32:59.870 D/bluetooth( 1168): packages/modules/Bluetooth/system/gd/hci/le_scanning_reassembler.cc:64 ProcessAdvertisingReport: Dropping repeated legacy advertising data
06-03 15:32:59.872 D/bluetooth( 1168): packages/modules/Bluetooth/system/gd/hci/le_scanning_reassembler.cc:64 ProcessAdvertisingReport: Dropping repeated legacy advertising data
06-03 15:32:59.889 I/android.hardware.bluetooth@1.0-impl( 480): [HandleIncomingEvent-549]: rec adv direct packet
06-03 15:32:59.909 I/android.hardware.bluetooth@1.0-impl( 480): [HandleIncomingEvent-549]: rec adv direct packet
06-03 15:32:59.948 D/bluetooth( 1168): packages/modules/Bluetooth/system/gd/hci/le_scanning_reassembler.cc:64 ProcessAdvertisingReport: Dropping repeated legacy advertising data
06-03 15:32:59.949 D/bluetooth( 1168): packages/modules/Bluetooth/system/gd/hci/le_scanning_reassembler.cc:64 ProcessAdvertisingReport: Dropping repeated legacy advertising data
06-03 15:32:59.966 E/RCInfo ( 1494): vid:000d
06-03 15:32:59.966 E/RCInfo ( 1494): pid:3838
06-03 15:32:59.967 E/RCInfo ( 1494): vid:000d
06-03 15:32:59.967 E/RCInfo ( 1494): pid:3838
06-03 15:32:59.978 W/[3 T2268 ..] audit( 0): audit_lost=156 audit_rate_limit=5 audit_backlog_limit=64
06-03 15:32:59.978 E/[3 T2268 ..] audit( 0): rate limit exceeded
06-03 15:32:59.960 I/DefaultDispatch( 1494): type=1400 audit(0.0:897): avc: denied { read } for name="devices" dev="proc" ino=4026531982 scontext=u:r:system_app:s0 tcontext=u:object_r:proc:s0 tclass=file permissive=1
06-03 15:32:59.970 D/bluetooth( 1168): packages/modules/Bluetooth/system/gd/hci/le_scanning_reassembler.cc:64 ProcessAdvertisingReport: Dropping repeated legacy advertising data
06-03 15:32:59.970 I/android.hardware.bluetooth@1.0-impl( 480): [HandleIncomingEvent-549]: rec adv direct packet
06-03 15:32:59.971 D/bluetooth( 1168): packages/modules/Bluetooth/system/gd/hci/le_scanning_reassembler.cc:64 ProcessAdvertisingReport: Dropping repeated legacy advertising data
06-03 15:32:59.978 D/CompatibilityChangeReporter( 1494): Compat change id reported: 265103382; UID 1000; state: DISABLED
06-03 15:32:59.978 D/BluetoothGatt( 1494): connect() - device: E4:BB:D3:57:C0:22, auto: true
06-03 15:32:59.983 D/CompatibilityChangeReporter( 736): Compat change id reported: 161145287; UID 10043; state: DISABLED
06-03 15:32:59.983 D/BluetoothGatt( 1494): registerApp()
06-03 15:32:59.984 D/BluetoothGatt( 1494): registerApp() - UUID=e666c1fb-52ef-4431-b242-0177a9a81415
06-03 15:32:59.986 D/BtGatt.GattService( 1168): registerClient() - UUID=e666c1fb-52ef-4431-b242-0177a9a81415
06-03 15:32:59.986 D/bt_btif_gattc( 1168): packages/modules/Bluetooth/system/btif/src/btif_gatt_client.cc:246 btif_gattc_register_app: btif_gattc_register_app
06-03 15:32:59.986 D/bta_gattc_api( 1168): packages/modules/Bluetooth/system/bta/gatt/bta_gattc_api.cc:83 BTA_GATTC_AppRegister: eatt_support=0
06-03 15:32:59.987 D/bt_bta_gattc( 1168): packages/modules/Bluetooth/system/bta/gatt/bta_gattc_act.cc:177 bta_gattc_register: state: 2, uuid=96583eb7-fd36-5f4e-3486-7a72b5db9567
06-03 15:32:59.987 I/bluetooth( 1168): packages/modules/Bluetooth/system/stack/gatt/gatt_api.cc:1257 GATT_Register: Allocated name:GattClient uuid:96583eb7-fd36-5f4e-3486-7a72b5db9567 gatt_if:6 eatt_support:0
06-03 15:32:59.987 D/bt_bta_gattc( 1168): packages/modules/Bluetooth/system/bta/gatt/bta_gattc_act.cc:205 bta_gattc_register: Registered GATT client interface 6 with uuid=96583eb7-fd36-5f4e-3486-7a72b5db9567, starting it on main thread
06-03 15:32:59.987 D/bt_bta_gattc( 1168): packages/modules/Bluetooth/system/bta/gatt/bta_gattc_act.cc:162 bta_gattc_start_if: client_if=6
06-03 15:32:59.987 D/bluetooth( 1168): packages/modules/Bluetooth/system/stack/gatt/gatt_api.cc:1362 GATT_StartIf: Starting GATT interface gatt_if_:6
06-03 15:32:59.987 I/bt_btif ( 1168): packages/modules/Bluetooth/system/main/bte_logmsg.cc:112 LogMsg: operator(): HAL bt_gatt_callbacks->client->register_client_cb
06-03 15:32:59.987 D/gatt_utils( 1168): packages/modules/Bluetooth/system/stack/gatt/gatt_utils.cc:264 gatt_find_the_connected_bda: start_idx=0
06-03 15:32:59.987 D/gatt_utils( 1168): packages/modules/Bluetooth/system/stack/gatt/gatt_utils.cc:272 gatt_find_the_connected_bda: bda: xx:xx:xx:xx:c0:22
06-03 15:32:59.987 D/gatt_utils( 1168): packages/modules/Bluetooth/system/stack/gatt/gatt_utils.cc:276 gatt_find_the_connected_bda: found=1 found_idx=0
06-03 15:32:59.987 I/bluetooth( 1168): packages/modules/Bluetooth/system/stack/gatt/gatt_api.cc:1371 GATT_StartIf: GATT interface 6 already has connected device xx:xx:xx:xx:c0:22
06-03 15:32:59.987 I/bluetooth( 1168): packages/modules/Bluetooth/system/stack/gatt/gatt_api.cc:1374 GATT_StartIf: Invoking callback with connection id 6
06-03 15:32:59.987 I/bt_bta_gattc( 1168): packages/modules/Bluetooth/system/bta/gatt/bta_gattc_act.cc:1304 bta_gattc_conn_cback: Connected client_if:6 addr:xx:xx:xx:xx:c0:22, transport:BT_TRANSPORT_LE reason:GATT_CONN_OK
06-03 15:32:59.987 D/BtGatt.GattService( 1168): onClientRegistered() - UUID=e666c1fb-52ef-4431-b242-0177a9a81415, clientIf=6
06-03 15:32:59.987 D/gatt_utils( 1168): packages/modules/Bluetooth/system/stack/gatt/gatt_utils.cc:264 gatt_find_the_connected_bda: start_idx=1
06-03 15:32:59.987 D/gatt_utils( 1168): packages/modules/Bluetooth/system/stack/gatt/gatt_utils.cc:276 gatt_find_the_connected_bda: found=0 found_idx=7
06-03 15:32:59.987 I/bt_btif ( 1168): packages/modules/Bluetooth/system/main/bte_logmsg.cc:112 LogMsg: bta_sys_event: Event 0x1f0c
06-03 15:32:59.987 E/bta_gattc_main( 1168): packages/modules/Bluetooth/system/bta/gatt/bta_gattc_main.cc:395 bta_gattc_hdl_event: Ignore unknown conn ID: 6
06-03 15:32:59.988 D/BluetoothGatt( 1494): onClientRegistered() - status=0 clientIf=6
06-03 15:32:59.989 D/bluetooth( 1168): packages/modules/Bluetooth/system/gd/hci/le_scanning_reassembler.cc:64 ProcessAdvertisingReport: Dropping repeated legacy advertising data
06-03 15:32:59.990 D/BtGatt.GattService( 1168): clientConnect() - address=E4:BB:D3:57:C0:22, addressType=0, isDirect=false, opportunistic=false, phy=1
06-03 15:32:59.990 D/BtGatt.GattService( 1168): Gatt Logging: metric_id=6, app_uid=1000
06-03 15:32:59.990 I/android.hardware.bluetooth@1.0-impl( 480): [HandleIncomingEvent-549]: rec adv direct packet
06-03 15:32:59.991 D/BtGatt.GattService( 1168): Gatt Logging: metric_id=6, session_index=6, connection state=1, connection status=-1
06-03 15:32:59.991 D/bt_btif_gattc( 1168): packages/modules/Bluetooth/system/btif/src/btif_gatt_client.cc:351 btif_gattc_open: btif_gattc_open
06-03 15:32:59.991 D/bt_btif_dm( 1168): packages/modules/Bluetooth/system/btif/src/btif_dm.cc:3978 btif_get_address_type: bd_addr:xx:xx:xx:xx:c0:22[public]
06-03 15:32:59.991 D/bt_btif_dm( 1168): packages/modules/Bluetooth/system/btif/src/btif_dm.cc:3963 btif_get_device_type: bd_addr:xx:xx:xx:xx:c0:22 device_type:BLE
06-03 15:32:59.991 D/bt_btm_ble( 1168): packages/modules/Bluetooth/system/stack/btm/btm_ble.cc:95 BTM_SecAddBleDevice: dev_type=0x2
06-03 15:32:59.992 I/bt_btif_gattc( 1168): packages/modules/Bluetooth/system/btif/src/btif_gatt_client.cc:340 btif_gattc_open_impl: Transport=2, device type=2, address type =0, phy=1
06-03 15:32:59.992 D/bluetooth( 1168): packages/modules/Bluetooth/system/stack/gatt/gatt_api.cc:1441 GATT_Connect: Starting background connect gatt_if=6 address=xx:xx:xx:xx:c0:22
06-03 15:32:59.992 D/bluetooth( 1168): packages/modules/Bluetooth/system/stack/gatt/gatt_api.cc:1451 GATT_Connect: Adding to background connect to device:xx:xx:xx:xx:c0:22
06-03 15:32:59.992 D/bluetooth( 1168): packages/modules/Bluetooth/system/stack/gatt/connection_manager.cc:272 background_connect_add: app_id=6, address=xx:xx:xx:xx:c0:22
06-03 15:32:59.992 D/bluetooth( 1168): packages/modules/Bluetooth/system/stack/gatt/connection_manager.cc:291 background_connect_add: app_id=6, address=xx:xx:xx:xx:c0:22, already in accept list
06-03 15:32:59.992 D/bluetooth( 1168): packages/modules/Bluetooth/system/stack/gatt/gatt_main.cc:379 gatt_update_app_use_link_flag: gatt_if=6, is_add=1 chk_link=1
06-03 15:32:59.992 D/bluetooth( 1168): packages/modules/Bluetooth/system/stack/gatt/gatt_main.cc:342 gatt_update_app_hold_link_status: gatt_if=6, is_add=1, peer_bda=xx:xx:xx:xx:c0:22
06-03 15:32:59.992 D/bluetooth( 1168): packages/modules/Bluetooth/system/stack/gatt/gatt_main.cc:348 gatt_update_app_hold_link_status: added gatt_if=6
06-03 15:32:59.992 I/bluetooth( 1168): packages/modules/Bluetooth/system/stack/gatt/gatt_main.cc:405 gatt_update_app_use_link_flag: disable link idle timer for xx:xx:xx:xx:c0:22
06-03 15:32:59.992 I/bt_l2cap( 1168): packages/modules/Bluetooth/system/main/bte_logmsg.cc:115 LogMsg: l2cu_no_dynamic_ccbs NO IDLE timeout set for fixed cid 0x0004
06-03 15:32:59.992 I/bt_l2cap( 1168): packages/modules/Bluetooth/system/main/bte_logmsg.cc:115 LogMsg: l2cu_no_dynamic_ccbs() with_active_local_clients=1
06-03 15:32:59.992 I/bt_stack( 1168): [INFO:l2c_api.cc(1607)] L2CA_MarkLeLinkAsActivesetting link to e4:bb:d3:57:c0:22 as active
06-03 15:32:59.992 I/bluetooth( 1168): packages/modules/Bluetooth/system/stack/gatt/gatt_api.cc:1206 GATT_SetIdleTimeout: idle_timeout=65535, is_active=1, status=1 (1-OK 0-not performed)
06-03 15:32:59.992 D/bluetooth( 1168): packages/modules/Bluetooth/system/stack/gatt/gatt_api.cc:1649 GATT_GetConnIdIfConnected: status=1
06-03 15:32:59.992 D/bt_btif_gattc( 1168): packages/modules/Bluetooth/system/btif/src/btif_gatt_client.cc:224 bta_gattc_cback: gatt client callback event:BTA_GATTC_OPEN_EVT [2]
06-03 15:32:59.992 I/bt_btif ( 1168): packages/modules/Bluetooth/system/main/bte_logmsg.cc:115 LogMsg: btif_transfer_context event 2, len 528
06-03 15:32:59.992 D/bt_btif_gattc( 1168): packages/modules/Bluetooth/system/btif/src/btif_gatt_client.cc:111 btif_gattc_upstreams_evt: Event BTA_GATTC_OPEN_EVT [2]
06-03 15:32:59.992 D/bt_btif_gattc( 1168): packages/modules/Bluetooth/system/btif/src/btif_gatt_client.cc:148 btif_gattc_upstreams_evt: BTA_GATTC_OPEN_EVT xx:xx:xx:xx:c0:22
06-03 15:32:59.992 I/bt_btif ( 1168): packages/modules/Bluetooth/system/main/bte_logmsg.cc:112 LogMsg: btif_gattc_upstreams_evt: HAL bt_gatt_callbacks->client->open_cb
06-03 15:32:59.993 D/BtGatt.GattService( 1168): onConnected() - clientIf=6, connId=6, address=E4:BB:D3:57:C0:22
06-03 15:32:59.993 D/BtGatt.GattService( 1168): onConnected() - adding permit for address=E4:BB:D3:57:C0:22
06-03 15:32:59.994 D/BluetoothGatt( 1494): onClientConnectionState() - status=0 clientIf=6 device=E4:BB:D3:57:C0:22
06-03 15:32:59.995 D/BluetoothGatt( 1494): discoverServices() - device: E4:BB:D3:57:C0:22
06-03 15:32:59.995 D/BtGatt.GattService( 1168): Gatt Logging: metric_id=6, session_index=6, connection state=2, connection status=0
06-03 15:32:59.996 D/BtGatt.GattService( 1168): discoverServices() - address=E4:BB:D3:57:C0:22, connId=6
06-03 15:32:59.996 D/bt_btif_gattc( 1168): packages/modules/Bluetooth/system/btif/src/btif_gatt_client.cc:387 btif_gattc_search_service: btif_gattc_search_service
06-03 15:32:59.996 I/bt_btif ( 1168): packages/modules/Bluetooth/system/main/bte_logmsg.cc:112 LogMsg: bta_sys_event: Event 0x1f09
06-03 15:32:59.996 D/bt_btif_gattc( 1168): packages/modules/Bluetooth/system/btif/src/btif_gatt_client.cc:224 bta_gattc_cback: gatt client callback event:BTA_GATTC_SEARCH_RES_EVT [7]
06-03 15:32:59.996 I/bt_btif ( 1168): packages/modules/Bluetooth/system/main/bte_logmsg.cc:115 LogMsg: btif_transfer_context event 7, len 528
06-03 15:32:59.997 D/bt_btif_gattc( 1168): packages/modules/Bluetooth/system/btif/src/btif_gatt_client.cc:224 bta_gattc_cback: gatt client callback event:BTA_GATTC_SEARCH_RES_EVT [7]
06-03 15:32:59.997 I/bt_btif ( 1168): packages/modules/Bluetooth/system/main/bte_logmsg.cc:115 LogMsg: btif_transfer_context event 7, len 528
06-03 15:32:59.997 D/bt_btif_gattc( 1168): packages/modules/Bluetooth/system/btif/src/btif_gatt_client.cc:224 bta_gattc_cback: gatt client callback event:BTA_GATTC_SEARCH_RES_EVT [7]
06-03 15:32:59.997 I/bt_btif ( 1168): packages/modules/Bluetooth/system/main/bte_logmsg.cc:115 LogMsg: btif_transfer_context event 7, len 528
06-03 15:32:59.997 D/bt_btif_gattc( 1168): packages/modules/Bluetooth/system/btif/src/btif_gatt_client.cc:224 bta_gattc_cback: gatt client callback event:BTA_GATTC_SEARCH_RES_EVT [7]
06-03 15:32:59.997 I/bt_btif ( 1168): packages/modules/Bluetooth/system/main/bte_logmsg.cc:115 LogMsg: btif_transfer_context event 7, len 528
06-03 15:32:59.997 D/bt_btif_gattc( 1168): packages/modules/Bluetooth/system/btif/src/btif_gatt_client.cc:224 bta_gattc_cback: gatt client callback event:BTA_GATTC_SEARCH_RES_EVT [7]
06-03 15:32:59.997 I/bt_btif ( 1168): packages/modules/Bluetooth/system/main/bte_logmsg.cc:115 LogMsg: btif_transfer_context event 7, len 528
06-03 15:32:59.997 D/bt_btif_gattc( 1168): packages/modules/Bluetooth/system/btif/src/btif_gatt_client.cc:224 bta_gattc_cback: gatt client callback event:BTA_GATTC_SEARCH_RES_EVT [7]
06-03 15:32:59.997 I/bt_btif ( 1168): packages/modules/Bluetooth/system/main/bte_logmsg.cc:115 LogMsg: btif_transfer_context event 7, len 528
06-03 15:32:59.997 D/bt_btif_gattc( 1168): packages/modules/Bluetooth/system/btif/src/btif_gatt_client.cc:224 bta_gattc_cback: gatt client callback event:BTA_GATTC_SEARCH_RES_EVT [7]
06-03 15:32:59.997 I/bt_btif ( 1168): packages/modules/Bluetooth/system/main/bte_logmsg.cc:115 LogMsg: btif_transfer_context event 7, len 528
06-03 15:32:59.997 D/bt_btif_gattc( 1168): packages/modules/Bluetooth/system/btif/src/btif_gatt_client.cc:224 bta_gattc_cback: gatt client callback event:BTA_GATTC_SEARCH_RES_EVT [7]
06-03 15:32:59.997 I/bt_btif ( 1168): packages/modules/Bluetooth/system/main/bte_logmsg.cc:115 LogMsg: btif_transfer_context event 7, len 528
06-03 15:32:59.997 D/bt_btif_gattc( 1168): packages/modules/Bluetooth/system/btif/src/btif_gatt_client.cc:224 bta_gattc_cback: gatt client callback event:BTA_GATTC_SEARCH_CMPL_EVT [6]
06-03 15:32:59.997 I/bt_btif ( 1168): packages/modules/Bluetooth/system/main/bte_logmsg.cc:115 LogMsg: btif_transfer_context event 6, len 528
06-03 15:32:59.997 D/bt_btif_gattc( 1168): packages/modules/Bluetooth/system/btif/src/btif_gatt_client.cc:111 btif_gattc_upstreams_evt: Event BTA_GATTC_SEARCH_RES_EVT [7]
06-03 15:32:59.997 D/bt_btif_gattc( 1168): packages/modules/Bluetooth/system/btif/src/btif_gatt_client.cc:176 btif_gattc_upstreams_evt: Ignoring event (7)
06-03 15:32:59.997 D/bt_btif_gattc( 1168): packages/modules/Bluetooth/system/btif/src/btif_gatt_client.cc:111 btif_gattc_upstreams_evt: Event BTA_GATTC_SEARCH_RES_EVT [7]
06-03 15:32:59.997 D/bt_btif_gattc( 1168): packages/modules/Bluetooth/system/btif/src/btif_gatt_client.cc:176 btif_gattc_upstreams_evt: Ignoring event (7)
06-03 15:32:59.997 D/bt_btif_gattc( 1168): packages/modules/Bluetooth/system/btif/src/btif_gatt_client.cc:111 btif_gattc_upstreams_evt: Event BTA_GATTC_SEARCH_RES_EVT [7]
06-03 15:32:59.997 D/bt_btif_gattc( 1168): packages/modules/Bluetooth/system/btif/src/btif_gatt_client.cc:176 btif_gattc_upstreams_evt: Ignoring event (7)
06-03 15:32:59.997 D/bt_btif_gattc( 1168): packages/modules/Bluetooth/system/btif/src/btif_gatt_client.cc:111 btif_gattc_upstreams_evt: Event BTA_GATTC_SEARCH_RES_EVT [7]
06-03 15:32:59.997 D/bt_btif_gattc( 1168): packages/modules/Bluetooth/system/btif/src/btif_gatt_client.cc:176 btif_gattc_upstreams_evt: Ignoring event (7)
06-03 15:32:59.997 D/bt_btif_gattc( 1168): packages/modules/Bluetooth/system/btif/src/btif_gatt_client.cc:111 btif_gattc_upstreams_evt: Event BTA_GATTC_SEARCH_RES_EVT [7]
06-03 15:32:59.997 D/bt_btif_gattc( 1168): packages/modules/Bluetooth/system/btif/src/btif_gatt_client.cc:176 btif_gattc_upstreams_evt: Ignoring event (7)
06-03 15:32:59.997 D/bt_btif_gattc( 1168): packages/modules/Bluetooth/system/btif/src/btif_gatt_client.cc:111 btif_gattc_upstreams_evt: Event BTA_GATTC_SEARCH_RES_EVT [7]
06-03 15:32:59.997 D/bt_btif_gattc( 1168): packages/modules/Bluetooth/system/btif/src/btif_gatt_client.cc:176 btif_gattc_upstreams_evt: Ignoring event (7)
06-03 15:32:59.997 D/bt_btif_gattc( 1168): packages/modules/Bluetooth/system/btif/src/btif_gatt_client.cc:111 btif_gattc_upstreams_evt: Event BTA_GATTC_SEARCH_RES_EVT [7]
06-03 15:32:59.997 D/bt_btif_gattc( 1168): packages/modules/Bluetooth/system/btif/src/btif_gatt_client.cc:176 btif_gattc_upstreams_evt: Ignoring event (7)
06-03 15:32:59.997 D/bt_btif_gattc( 1168): packages/modules/Bluetooth/system/btif/src/btif_gatt_client.cc:111 btif_gattc_upstreams_evt: Event BTA_GATTC_SEARCH_RES_EVT [7]
06-03 15:32:59.997 D/bt_btif_gattc( 1168): packages/modules/Bluetooth/system/btif/src/btif_gatt_client.cc:176 btif_gattc_upstreams_evt: Ignoring event (7)
06-03 15:32:59.997 D/bt_btif_gattc( 1168): packages/modules/Bluetooth/system/btif/src/btif_gatt_client.cc:111 btif_gattc_upstreams_evt: Event BTA_GATTC_SEARCH_CMPL_EVT [6]
06-03 15:32:59.997 I/bt_btif ( 1168): packages/modules/Bluetooth/system/main/bte_logmsg.cc:112 LogMsg: btif_gattc_upstreams_evt: HAL bt_gatt_callbacks->client->search_complete_cb
06-03 15:32:59.997 D/BtGatt.GattService( 1168): onSearchCompleted() - connId=6, status=0
06-03 15:32:59.998 D/bt_btif_gattc( 1168): packages/modules/Bluetooth/system/btif/src/btif_gatt_client.cc:413 btif_gattc_get_gatt_db: btif_gattc_get_gatt_db
06-03 15:32:59.998 I/bt_bta_gattc( 1168): packages/modules/Bluetooth/system/bta/gatt/bta_gattc_cache.cc:1035 bta_gattc_get_gatt_db: bta_gattc_get_gatt_db
06-03 15:32:59.998 I/bt_btif ( 1168): packages/modules/Bluetooth/system/main/bte_logmsg.cc:112 LogMsg: btif_gattc_get_gatt_db_impl: HAL bt_gatt_callbacks->client->get_gatt_db_cb
06-03 15:32:59.999 D/BtGatt.GattService( 1168): onGetGattDb() - address=E4:BB:D3:57:C0:22
06-03 15:32:59.999 D/BtGatt.GattService( 1168): got service with UUID=00001800-0000-1000-8000-00805f9b34fb id: 1
06-03 15:32:59.999 D/BtGatt.GattService( 1168): got characteristic with UUID=00002a00-0000-1000-8000-00805f9b34fb id: 3
06-03 15:32:59.999 D/BtGatt.GattService( 1168): got characteristic with UUID=00002a01-0000-1000-8000-00805f9b34fb id: 5
06-03 15:32:59.999 D/BtGatt.GattService( 1168): got characteristic with UUID=00002a04-0000-1000-8000-00805f9b34fb id: 7
06-03 15:32:59.999 D/BtGatt.GattService( 1168): got service with UUID=0000180a-0000-1000-8000-00805f9b34fb id: 8
06-03 15:33:00.000 D/BtGatt.GattService( 1168): got characteristic with UUID=00002a29-0000-1000-8000-00805f9b34fb id: 10
06-03 15:33:00.000 D/BtGatt.GattService( 1168): got characteristic with UUID=00002a24-0000-1000-8000-00805f9b34fb id: 12
06-03 15:33:00.000 D/BtGatt.GattService( 1168): got characteristic with UUID=00002a25-0000-1000-8000-00805f9b34fb id: 14
06-03 15:33:00.000 D/BtGatt.GattService( 1168): got characteristic with UUID=00002a27-0000-1000-8000-00805f9b34fb id: 16
06-03 15:33:00.000 D/BtGatt.GattService( 1168): got characteristic with UUID=00002a26-0000-1000-8000-00805f9b34fb id: 18
06-03 15:33:00.000 D/BtGatt.GattService( 1168): got characteristic with UUID=00002a28-0000-1000-8000-00805f9b34fb id: 20
06-03 15:33:00.000 D/BtGatt.GattService( 1168): got characteristic with UUID=00002a23-0000-1000-8000-00805f9b34fb id: 22
06-03 15:33:00.000 D/BtGatt.GattService( 1168): got characteristic with UUID=00002a2a-0000-1000-8000-00805f9b34fb id: 24
06-03 15:33:00.000 D/BtGatt.GattService( 1168): got characteristic with UUID=00002a50-0000-1000-8000-00805f9b34fb id: 26
06-03 15:33:00.000 D/BtGatt.GattService( 1168): got service with UUID=0000180f-0000-1000-8000-00805f9b34fb id: 27
06-03 15:33:00.000 D/BtGatt.GattService( 1168): got characteristic with UUID=00002a19-0000-1000-8000-00805f9b34fb id: 29
06-03 15:33:00.000 D/BtGatt.GattService( 1168): got descriptor with UUID=00002902-0000-1000-8000-00805f9b34fb id: 30
06-03 15:33:00.000 D/BtGatt.GattService( 1168): got service with UUID=00001812-0000-1000-8000-00805f9b34fb id: 31
06-03 15:33:00.000 D/BtGatt.GattService( 1168): got characteristic with UUID=00002a4a-0000-1000-8000-00805f9b34fb id: 33
06-03 15:33:00.000 D/BtGatt.GattService( 1168): got characteristic with UUID=00002a4c-0000-1000-8000-00805f9b34fb id: 35
06-03 15:33:00.000 D/BtGatt.GattService( 1168): got characteristic with UUID=00002a4b-0000-1000-8000-00805f9b34fb id: 37
06-03 15:33:00.000 D/BtGatt.GattService( 1168): got characteristic with UUID=00002a4e-0000-1000-8000-00805f9b34fb id: 39
06-03 15:33:00.000 D/BtGatt.GattService( 1168): got characteristic with UUID=00002a22-0000-1000-8000-00805f9b34fb id: 41
06-03 15:33:00.000 D/BtGatt.GattService( 1168): got descriptor with UUID=00002902-0000-1000-8000-00805f9b34fb id: 42
06-03 15:33:00.000 D/BtGatt.GattService( 1168): got characteristic with UUID=00002a32-0000-1000-8000-00805f9b34fb id: 44
06-03 15:33:00.000 D/BtGatt.GattService( 1168): got characteristic with UUID=00002a4d-0000-1000-8000-00805f9b34fb id: 46
06-03 15:33:00.000 D/BtGatt.GattService( 1168): got descriptor with UUID=00002908-0000-1000-8000-00805f9b34fb id: 47
06-03 15:33:00.000 D/BtGatt.GattService( 1168): got descriptor with UUID=00002902-0000-1000-8000-00805f9b34fb id: 48
06-03 15:33:00.000 D/BtGatt.GattService( 1168): got characteristic with UUID=00002a4d-0000-1000-8000-00805f9b34fb id: 50
06-03 15:33:00.000 D/BtGatt.GattService( 1168): got descriptor with UUID=00002908-0000-1000-8000-00805f9b34fb id: 51
06-03 15:33:00.000 D/BtGatt.GattService( 1168): got descriptor with UUID=00002902-0000-1000-8000-00805f9b34fb id: 52
06-03 15:33:00.000 D/BtGatt.GattService( 1168): got characteristic with UUID=00002a4d-0000-1000-8000-00805f9b34fb id: 54
06-03 15:33:00.000 D/BtGatt.GattService( 1168): got descriptor with UUID=00002908-0000-1000-8000-00805f9b34fb id: 55
06-03 15:33:00.001 D/BtGatt.GattService( 1168): got descriptor with UUID=00002902-0000-1000-8000-00805f9b34fb id: 56
06-03 15:33:00.001 D/BtGatt.GattService( 1168): got characteristic with UUID=00002a4d-0000-1000-8000-00805f9b34fb id: 58
06-03 15:33:00.001 D/BtGatt.GattService( 1168): got descriptor with UUID=00002908-0000-1000-8000-00805f9b34fb id: 59
06-03 15:33:00.001 D/BtGatt.GattService( 1168): got characteristic with UUID=00002a4d-0000-1000-8000-00805f9b34fb id: 61
06-03 15:33:00.001 D/BtGatt.GattService( 1168): got descriptor with UUID=00002908-0000-1000-8000-00805f9b34fb id: 62
06-03 15:33:00.001 D/BtGatt.GattService( 1168): got descriptor with UUID=00002902-0000-1000-8000-00805f9b34fb id: 63
06-03 15:33:00.001 D/BtGatt.GattService( 1168): got characteristic with UUID=00002a4d-0000-1000-8000-00805f9b34fb id: 65
06-03 15:33:00.001 D/BtGatt.GattService( 1168): got descriptor with UUID=00002908-0000-1000-8000-00805f9b34fb id: 66
06-03 15:33:00.001 D/BtGatt.GattService( 1168): got descriptor with UUID=00002902-0000-1000-8000-00805f9b34fb id: 67
06-03 15:33:00.001 D/BtGatt.GattService( 1168): got characteristic with UUID=00002a4d-0000-1000-8000-00805f9b34fb id: 69
06-03 15:33:00.001 D/BtGatt.GattService( 1168): got descriptor with UUID=00002908-0000-1000-8000-00805f9b34fb id: 70
06-03 15:33:00.001 D/BtGatt.GattService( 1168): got descriptor with UUID=00002902-0000-1000-8000-00805f9b34fb id: 71
06-03 15:33:00.001 D/BtGatt.GattService( 1168): got characteristic with UUID=00002a4d-0000-1000-8000-00805f9b34fb id: 73
06-03 15:33:00.001 D/BtGatt.GattService( 1168): got descriptor with UUID=00002908-0000-1000-8000-00805f9b34fb id: 74
06-03 15:33:00.001 D/BtGatt.GattService( 1168): got descriptor with UUID=00002902-0000-1000-8000-00805f9b34fb id: 75
06-03 15:33:00.001 D/BtGatt.GattService( 1168): got service with UUID=6e40ff01-b5a3-f393-e0a9-e50e24dcca9e id: 76
06-03 15:33:00.001 D/BtGatt.GattService( 1168): got characteristic with UUID=6e40ff02-b5a3-f393-e0a9-e50e24dcca9e id: 78
06-03 15:33:00.001 D/BtGatt.GattService( 1168): got characteristic with UUID=6e40ff03-b5a3-f393-e0a9-e50e24dcca9e id: 80
06-03 15:33:00.001 D/BtGatt.GattService( 1168): got descriptor with UUID=00002902-0000-1000-8000-00805f9b34fb id: 81
06-03 15:33:00.001 D/BtGatt.GattService( 1168): got characteristic with UUID=6e40ff04-b5a3-f393-e0a9-e50e24dcca9e id: 83
06-03 15:33:00.001 D/BtGatt.GattService( 1168): got service with UUID=0000fff0-0000-1000-8000-00805f9b34fb id: 84
06-03 15:33:00.001 D/BtGatt.GattService( 1168): got characteristic with UUID=0000fff2-0000-1000-8000-00805f9b34fb id: 86
06-03 15:33:00.001 D/BtGatt.GattService( 1168): got service with UUID=000001bf-0000-1000-8000-00805f9b34fb id: 87
06-03 15:33:00.001 D/BtGatt.GattService( 1168): got characteristic with UUID=00000001-0000-1000-8000-00805f9b34fb id: 89
06-03 15:33:00.001 D/BtGatt.GattService( 1168): got service with UUID=0000fe59-0000-1000-8000-00805f9b34fb id: 90
06-03 15:33:00.001 D/BtGatt.GattService( 1168): got characteristic with UUID=8ec90001-f315-4f60-9fb8-838830daea50 id: 92
06-03 15:33:00.001 D/BtGatt.GattService( 1168): got descriptor with UUID=00002902-0000-1000-8000-00805f9b34fb id: 93
06-03 15:33:00.001 D/BtGatt.GattService( 1168): got characteristic with UUID=8ec90002-f315-4f60-9fb8-838830daea50 id: 95
06-03 15:33:00.001 D/BtGatt.GattService( 1168): got characteristic with UUID=00000003-0000-1000-8000-00805f9b34fb id: 97
06-03 15:33:00.001 D/BtGatt.GattService( 1168): got descriptor with UUID=00002902-0000-1000-8000-00805f9b34fb id: 98
06-03 15:33:00.004 D/BluetoothGatt( 1494): onSearchComplete() = Device=E4:BB:D3:57:C0:22 Status=0
06-03 15:33:00.008 I/android.hardware.bluetooth@1.0-impl( 480): [HandleIncomingEvent-549]: rec adv direct packet
06-03 15:33:00.010 D/bt_btif_gattc( 1168): packages/modules/Bluetooth/system/btif/src/btif_gatt_client.cc:435 btif_gattc_read_char: btif_gattc_read_char
06-03 15:33:00.010 I/bt_btif ( 1168): packages/modules/Bluetooth/system/main/bte_logmsg.cc:112 LogMsg: bta_sys_event: Event 0x1f04
06-03 15:33:00.010 D/bluetooth( 1168): packages/modules/Bluetooth/system/stack/gatt/att_protocol.cc:486 attp_cl_send_cmd: Sending ATT command to l2cap cid:0x0004 eatt_channels:0 transport:BT_TRANSPORT_LE
06-03 15:33:00.010 D/bluetooth( 1168): packages/modules/Bluetooth/system/stack/gatt/att_protocol.cc:378 attp_send_msg_to_l2cap: Sending ATT message on att fixed channel
06-03 15:33:00.010 D/bt_l2cap( 1168): packages/modules/Bluetooth/system/stack/l2cap/l2c_api.cc:1469 L2CA_SendFixedChnlData: Enqueued data for CID: 0x0004 len:3
06-03 15:33:00.010 D/l2c_link( 1168): packages/modules/Bluetooth/system/stack/l2cap/l2c_link.cc:1103 l2c_link_send_to_lower_ble: TotalWin=1,Hndl=0x10,Quota=2,Unack=1,RRQuota=0,RRUnack=0
06-03 15:33:00.010 D/bluetooth( 1168): packages/modules/Bluetooth/system/gd/hci/le_scanning_reassembler.cc:64 ProcessAdvertisingReport: Dropping repeated legacy advertising data
06-03 15:33:00.011 I/bt_l2cap( 1168): packages/modules/Bluetooth/system/main/bte_logmsg.cc:115 LogMsg: l2cu_no_dynamic_ccbs NO IDLE timeout set for fixed cid 0x0004
06-03 15:33:00.011 I/bt_l2cap( 1168): packages/modules/Bluetooth/system/main/bte_logmsg.cc:115 LogMsg: l2cu_no_dynamic_ccbs() with_active_local_clients=1
06-03 15:33:00.011 D/bluetooth( 1168): packages/modules/Bluetooth/system/stack/gatt/att_protocol.cc:500 attp_cl_send_cmd: Starting ATT response timer 0xec584f18 conn_id=0x0006, cid=4
06-03 15:33:00.011 D/bluetooth( 1168): packages/modules/Bluetooth/system/gd/hci/le_scanning_reassembler.cc:64 ProcessAdvertisingReport: Dropping repeated legacy advertising data
06-03 15:33:00.027 W/ ( 0): [1 T1090 ..] [SP FRAME RX] arp req,vif_idx:0 sender:[02:f6:af:b4:c7:ea 192.168.3.2]receiver:[00:00:00:00:00:00 192.168.3.4]
06-03 15:33:00.028 W/ ( 0): [1 T1090 ..] [SP FRAME TX] arp rsp,vif_idx:0 sender:[1c:79:2d:20:62:cb 192.168.3.4]receiver:[02:f6:af:b4:c7:ea 192.168.3.2]
06-03 15:33:00.016 D/bluetooth( 1168): packages/modules/Bluetooth/system/stack/arbiter/acl_arbiter.cc:96 InterceptAttPacket: Intercepting ATT packet and forwarding to Rust
06-03 15:33:00.017 D/bluetooth( 1168): packages/modules/Bluetooth/system/stack/gatt/gatt_attr.cc:579 gatt_cl_op_cmpl_cback: Not interested in opcode 6
06-03 15:33:00.017 I/bt_btif ( 1168): packages/modules/Bluetooth/system/main/bte_logmsg.cc:115 LogMsg: bta_hh_gattc_callback event:BTA_GATTC_NOTIF_EVT
06-03 15:33:00.017 I/bt_btif ( 1168): packages/modules/Bluetooth/system/main/bte_logmsg.cc:115 LogMsg: Notification received on report ID: 1
06-03 15:33:00.017 I/bt_btif ( 1168): packages/modules/Bluetooth/system/main/bte_logmsg.cc:115 LogMsg: bta_hh_co_data: dev_handle = 16, subclass = 0x00, mode = 0, ctry_code = 0, app_id = 255
06-03 15:33:00.017 I/bt_btif ( 1168): packages/modules/Bluetooth/system/main/bte_logmsg.cc:115 LogMsg: bta_hh_co_write: UHID write 9
06-03 15:33:00.018 D/XM_HIDREAD( 1991): poll ret=1, event=1
06-03 15:33:00.018 D/XM_HIDREAD( 1991): [9 bytes]:01 00 00 52 00 00 00 00 00
06-03 15:33:00.020 W/SoundPool( 736): Use of stream types is deprecated for operations other than volume control
06-03 15:33:00.020 W/SoundPool( 736): See the documentation of SoundPool() for what to use instead with android.media.AudioAttributes to qualify your playback use case
06-03 15:33:00.021 W/SoundPool( 736): play soundID 2 not READY
06-03 15:33:00.023 I/SogouIME( 1421): onKeyDown: keyoCode=19
06-03 15:33:00.023 I/DefaultIMS( 1421): onKeyDown: keyoCode=19
06-03 15:33:00.025 W/System ( 1494): A resource failed to call close.
06-03 15:33:00.025 W/System ( 1494): A resource failed to call close.
06-03 15:33:00.025 W/System ( 1494): A resource failed to call close.
06-03 15:33:00.025 W/System ( 1494): A resource failed to call close.
06-03 15:33:00.025 W/System ( 1494): A resource failed to call close.
06-03 15:33:00.025 W/System ( 1494): A resource failed to call close.
06-03 15:33:00.025 W/System ( 1494): A resource failed to call close.
06-03 15:33:00.025 W/System ( 1494): A resource failed to call close.
06-03 15:33:00.026 D/bluetooth( 1168): packages/modules/Bluetooth/system/stack/arbiter/acl_arbiter.cc:96 InterceptAttPacket: Intercepting ATT packet and forwarding to Rust
06-03 15:33:00.027 I/bt_btif ( 1168): packages/modules/Bluetooth/system/main/bte_logmsg.cc:112 LogMsg: bta_sys_event: Event 0x1f0f
06-03 15:33:00.027 I/bt_btif ( 1168): packages/modules/Bluetooth/system/main/bte_logmsg.cc:112 LogMsg: HAL bt_gatt_callbacks->client->read_characteristic_cb
06-03 15:33:00.039 W/ ( 0): [1 T1090 ..] [SP FRAME RX] arp req,vif_idx:0 sender:[dc:97:ba:5d:da:b8 192.168.3.114]receiver:[1c:79:2d:20:62:cb 192.168.3.4]
06-03 15:33:00.027 I/android.hardware.bluetooth@1.0-impl( 480): [HandleIncomingEvent-549]: rec adv direct packet
06-03 15:33:00.040 W/ ( 0): [1 T1090 ..] [SP FRAME TX] arp rsp,vif_idx:0 sender:[1c:79:2d:20:62:cb 192.168.3.4]receiver:[dc:97:ba:5d:da:b8 192.168.3.114]
06-03 15:33:00.027 E/ccc ( 1494): cccccc hhhhhhhhhh RC version is DB-15B-H5-R0111
06-03 15:33:00.028 E/RCInfo ( 1494): vid:000d
06-03 15:33:00.028 E/RCInfo ( 1494): pid:3838
06-03 15:33:00.029 E/RCInfo ( 1494): vid:000d
06-03 15:33:00.029 E/RCInfo ( 1494): pid:3838
06-03 15:33:00.029 E/ccc ( 1494): cccccc 请求remote实时 DB-15B-H5-R0111
06-03 15:33:00.030 E/ccc ( 1494): cccccc requestRemoteInfoInner factory XIMI version DB-15B-H5-R0111
06-03 15:33:00.032 I/AmFFmpegByteIOAdapter( 632): File size : 12971
06-03 15:33:00.033 W/exFFmpeg( 632): Invalid return value 0 for stream protocol
06-03 15:33:00.033 E/SecondScreen( 1542): FirstScreenLayoutView dispatchKeyEvent 19
06-03 15:33:00.033 W/exFFmpeg( 632): Invalid return value 0 for stream protocol
06-03 15:33:00.034 I/AmFFmpegExtractor( 632): checkInList: iswhite:0, mime:audio/ogg, type:1, id:86021 tag:0
06-03 15:33:00.034 I/AmFFmpegExtractor( 632): checkInList: iswhite:1, mime:audio/ogg, type:1, id:86021 tag:0
06-03 15:33:00.034 E/AmFFmpegExtractor( 632): codec_ctx->properties: 0
06-03 15:33:00.034 I/AmFFmpegExtractor( 632): checkSupportInList ret 1
06-03 15:33:00.036 I/AmFFmpegExtractor( 632): checkInList: iswhite:0, mime:audio/ogg, type:1, id:86021 tag:0
06-03 15:33:00.036 I/AmFFmpegExtractor( 632): checkInList: iswhite:1, mime:audio/ogg, type:1, id:86021 tag:0
06-03 15:33:00.036 E/AmFFmpegExtractor( 632): codec_ctx->properties: 0
06-03 15:33:00.036 I/AmFFmpegExtractor( 632): checkSupportInList ret 0
06-03 15:33:00.036 E/AmFFmpegExtractor( 632): vendor do not support
06-03 15:33:00.044 I/AmFFmpegByteIOAdapter( 632): File size : 13195
06-03 15:33:00.045 W/exFFmpeg( 632): Invalid return value 0 for stream protocol
06-03 15:33:00.046 W/exFFmpeg( 632): Invalid return value 0 for stream protocol
06-03 15:33:00.046 I/AmFFmpegExtractor( 632): checkInList: iswhite:0, mime:audio/ogg, type:1, id:86021 tag:0
06-03 15:33:00.046 I/AmFFmpegExtractor( 632): checkInList: iswhite:1, mime:audio/ogg, type:1, id:86021 tag:0
06-03 15:33:00.046 E/AmFFmpegExtractor( 632): codec_ctx->properties: 0
06-03 15:33:00.046 I/AmFFmpegExtractor( 632): checkSupportInList ret 1
06-03 15:33:00.047 I/okhttp.OkHttpClient( 1494): --> POST http://tymsgapi.qun7.com/v1/core/ykota (598-byte body)
06-03 15:33:00.049 I/AmFFmpegExtractor( 632): checkInList: iswhite:0, mime:audio/ogg, type:1, id:86021 tag:0
06-03 15:33:00.049 I/AmFFmpegExtractor( 632): checkInList: iswhite:1, mime:audio/ogg, type:1, id:86021 tag:0
06-03 15:33:00.049 E/AmFFmpegExtractor( 632): codec_ctx->properties: 0
06-03 15:33:00.049 I/AmFFmpegExtractor( 632): checkSupportInList ret 0
06-03 15:33:00.049 E/AmFFmpegExtractor( 632): vendor do not support
06-03 15:33:00.049 I/android.hardware.bluetooth@1.0-impl( 480): [HandleIncomingEvent-549]: rec adv direct packet
06-03 15:33:00.050 I/resolv ( 466): GetAddrInfoHandler::run: {100 786532 100 983140 1000 0}
06-03 15:33:00.051 D/bluetooth( 1168): packages/modules/Bluetooth/system/gd/hci/le_scanning_reassembler.cc:64 ProcessAdvertisingReport: Dropping repeated legacy advertising data
06-03 15:33:00.051 I/resolv ( 466): res_nmkquery: (QUERY, IN, A)
06-03 15:33:00.051 I/resolv ( 466): resolv_cache_lookup: FOUND IN CACHE entry=0xf4680fd0
06-03 15:33:00.051 I/resolv ( 466): doQuery: rcode=0, ancount=17, return value=504
06-03 15:33:00.054 D/TrafficStats( 1542): tagSocket(122) with statsTag=0xffffffff, statsUid=-1
06-03 15:33:00.056 D/MediaCodecList( 736): codecHandlesFormat: no format, so no extra checks
06-03 15:33:00.060 D/CCodec ( 736): allocate(c2.android.vorbis.decoder)
06-03 15:33:00.062 I/CCodec ( 736): setting up 'default' as default (vendor) store
06-03 15:33:00.065 I/CCodec ( 736): Created component [c2.android.vorbis.decoder]
06-03 15:33:00.079 W/ ( 0): [1 T1090 ..] [SP FRAME RX] arp req,vif_idx:0 sender:[c6:b2:e7:6e:a6:49 192.168.3.3]receiver:[00:00:00:00:00:00 192.168.3.4]
06-03 15:33:00.080 W/ ( 0): [1 T1090 ..] [SP FRAME TX] arp rsp,vif_idx:0 sender:[1c:79:2d:20:62:cb 192.168.3.4]receiver:[c6:b2:e7:6e:a6:49 192.168.3.3]
06-03 15:33:00.066 D/CCodecConfig( 736): read media type: audio/vorbis
06-03 15:33:00.066 D/MediaCodecList( 736): codecHandlesFormat: no format, so no extra checks
06-03 15:33:00.068 D/CCodec ( 736): allocate(c2.android.vorbis.decoder)
06-03 15:33:00.070 I/CCodec ( 736): setting up 'default' as default (vendor) store
06-03 15:33:00.071 D/ReflectedParamUpdater( 736): extent() != 1 for single value type: algo.buffers.max-count.values
06-03 15:33:00.071 D/ReflectedParamUpdater( 736): extent() != 1 for single value type: output.subscribed-indices.values
06-03 15:33:00.072 D/ReflectedParamUpdater( 736): extent() != 1 for single value type: input.buffers.allocator-ids.values
06-03 15:33:00.072 D/SntpClient( 736): request time failed: java.net.SocketTimeoutException: Poll timed out
06-03 15:33:00.072 D/TrafficStats( 736): tagSocket(426) with statsTag=0xffffff41, statsUid=-1
06-03 15:33:00.072 I/CCodec ( 736): Created component [c2.android.vorbis.decoder]
06-03 15:33:00.073 D/ReflectedParamUpdater( 736): extent() != 1 for single value type: output.buffers.allocator-ids.values
06-03 15:33:00.073 D/CCodecConfig( 736): read media type: audio/vorbis
06-03 15:33:00.073 D/ReflectedParamUpdater( 736): extent() != 1 for single value type: algo.buffers.allocator-ids.values
06-03 15:33:00.073 D/ReflectedParamUpdater( 736): extent() != 1 for single value type: output.buffers.pool-ids.values
06-03 15:33:00.073 D/ReflectedParamUpdater( 736): extent() != 1 for single value type: algo.buffers.pool-ids.values
06-03 15:33:00.075 I/CCodecConfig( 736): query failed after returning 7 values (BAD_INDEX)
06-03 15:33:00.075 D/CCodecConfig( 736): c2 config diff is Dict {
06-03 15:33:00.075 D/CCodecConfig( 736): c2::u32 coded.bitrate.value = 64000
06-03 15:33:00.075 D/CCodecConfig( 736): c2::u32 input.buffers.max-size.value = 32768
06-03 15:33:00.075 D/CCodecConfig( 736): c2::u32 input.delay.value = 0
06-03 15:33:00.075 D/CCodecConfig( 736): string input.media-type.value = "audio/vorbis"
06-03 15:33:00.075 D/CCodecConfig( 736): string output.media-type.value = "audio/raw"
06-03 15:33:00.075 D/CCodecConfig( 736): c2::u32 raw.channel-count.value = 1
06-03 15:33:00.075 D/CCodecConfig( 736): c2::u32 raw.sample-rate.value = 48000
06-03 15:33:00.075 D/CCodecConfig( 736): }
06-03 15:33:00.075 D/ReflectedParamUpdater( 736): extent() != 1 for single value type: algo.buffers.max-count.values
06-03 15:33:00.076 D/ReflectedParamUpdater( 736): extent() != 1 for single value type: output.subscribed-indices.values
06-03 15:33:00.076 D/ReflectedParamUpdater( 736): extent() != 1 for single value type: input.buffers.allocator-ids.values
06-03 15:33:00.076 D/ReflectedParamUpdater( 736): extent() != 1 for single value type: output.buffers.allocator-ids.values
06-03 15:33:00.076 D/ReflectedParamUpdater( 736): extent() != 1 for single value type: algo.buffers.allocator-ids.values
06-03 15:33:00.077 D/ReflectedParamUpdater( 736): extent() != 1 for single value type: output.buffers.pool-ids.values
06-03 15:33:00.077 D/ReflectedParamUpdater( 736): extent() != 1 for single value type: algo.buffers.pool-ids.values
06-03 15:33:00.077 D/MediaCodec( 736): flushMediametrics
06-03 15:33:00.077 D/CCodec ( 736): [c2.android.vorbis.decoder] buffers are bound to CCodec for this session
06-03 15:33:00.077 D/CCodecConfig( 736): no c2 equivalents for durationUs
06-03 15:33:00.077 D/CCodecConfig( 736): no c2 equivalents for track-id
06-03 15:33:00.077 D/CCodecConfig( 736): no c2 equivalents for csd-1
06-03 15:33:00.077 D/CCodecConfig( 736): no c2 equivalents for flags
06-03 15:33:00.078 D/CCodecConfig( 736): c2 config diff is c2::u32 coded.bitrate.value = 112000
06-03 15:33:00.078 D/CCodecConfig( 736): c2::u32 raw.channel-count.value = 2
06-03 15:33:00.078 D/CCodecConfig( 736): c2::u32 raw.sample-rate.value = 44100
06-03 15:33:00.079 I/CCodecConfig( 736): query failed after returning 7 values (BAD_INDEX)
06-03 15:33:00.079 W/Codec2Client( 736): query -- param skipped: index = 1107298332.
06-03 15:33:00.079 D/CCodec ( 736): encoding statistics level = 0
06-03 15:33:00.079 D/CCodec ( 736): setup formats input: AMessage(what = 0x00000000) = {
06-03 15:33:00.079 D/CCodec ( 736): int32_t bitrate = 112000
06-03 15:33:00.079 D/CCodec ( 736): int32_t channel-count = 2
06-03 15:33:00.079 D/CCodec ( 736): int32_t max-input-size = 32768
06-03 15:33:00.079 D/CCodec ( 736): string mime = "audio/vorbis"
06-03 15:33:00.079 D/CCodec ( 736): int32_t sample-rate = 44100
06-03 15:33:00.079 D/CCodec ( 736): }
06-03 15:33:00.079 D/CCodecConfig( 736): c2 config diff is Dict {
06-03 15:33:00.079 D/CCodecConfig( 736): c2::u32 coded.bitrate.value = 64000
06-03 15:33:00.079 D/CCodecConfig( 736): c2::u32 input.buffers.max-size.value = 32768
06-03 15:33:00.079 D/CCodecConfig( 736): c2::u32 input.delay.value = 0
06-03 15:33:00.079 D/CCodecConfig( 736): string input.media-type.value = "audio/vorbis"
06-03 15:33:00.079 D/CCodecConfig( 736): string output.media-type.value = "audio/raw"
06-03 15:33:00.079 D/CCodecConfig( 736): c2::u32 raw.channel-count.value = 1
06-03 15:33:00.079 D/CCodecConfig( 736): c2::u32 raw.sample-rate.value = 48000
06-03 15:33:00.079 D/CCodecConfig( 736): }
06-03 15:33:00.079 D/CCodec ( 736): setup formats output: AMessage(what = 0x00000000) = {
06-03 15:33:00.079 D/CCodec ( 736): int32_t channel-count = 2
06-03 15:33:00.079 D/CCodec ( 736): string mime = "audio/raw"
06-03 15:33:00.079 D/CCodec ( 736): int32_t sample-rate = 44100
06-03 15:33:00.079 D/CCodec ( 736): int32_t channel-mask = 3
06-03 15:33:00.079 D/CCodec ( 736): int32_t android._config-pcm-encoding = 2
06-03 15:33:00.079 D/CCodec ( 736): }
06-03 15:33:00.079 I/CCodecConfig( 736): query failed after returning 7 values (BAD_INDEX)
06-03 15:33:00.080 W/Codec2Client( 736): query -- param skipped: index = 1342179345.
06-03 15:33:00.080 W/Codec2Client( 736): query -- param skipped: index = 2415921170.
06-03 15:33:00.082 D/MediaCodec( 736): flushMediametrics
06-03 15:33:00.082 D/CCodec ( 736): [c2.android.vorbis.decoder] buffers are bound to CCodec for this session
06-03 15:33:00.082 D/CCodecConfig( 736): no c2 equivalents for durationUs
06-03 15:33:00.082 D/CCodecConfig( 736): no c2 equivalents for track-id
06-03 15:33:00.082 D/CCodecConfig( 736): no c2 equivalents for csd-1
06-03 15:33:00.082 D/CCodecConfig( 736): no c2 equivalents for flags
06-03 15:33:00.083 D/CCodecConfig( 736): c2 config diff is c2::u32 coded.bitrate.value = 112000
06-03 15:33:00.083 D/CCodecConfig( 736): c2::u32 raw.channel-count.value = 2
06-03 15:33:00.083 D/CCodecConfig( 736): c2::u32 raw.sample-rate.value = 44100
06-03 15:33:00.084 W/Codec2Client( 736): query -- param skipped: index = 1107298332.
06-03 15:33:00.084 D/CCodec ( 736): encoding statistics level = 0
06-03 15:33:00.084 D/CCodec ( 736): setup formats input: AMessage(what = 0x00000000) = {
06-03 15:33:00.084 D/CCodec ( 736): int32_t bitrate = 112000
06-03 15:33:00.084 D/CCodec ( 736): int32_t channel-count = 2
06-03 15:33:00.084 D/CCodec ( 736): int32_t max-input-size = 32768
06-03 15:33:00.084 D/CCodec ( 736): string mime = "audio/vorbis"
06-03 15:33:00.084 D/CCodec ( 736): int32_t sample-rate = 44100
06-03 15:33:00.084 D/CCodec ( 736): }
06-03 15:33:00.084 D/CCodec ( 736): setup formats output: AMessage(what = 0x00000000) = {
06-03 15:33:00.084 D/CCodec ( 736): int32_t channel-count = 2
06-03 15:33:00.084 D/CCodec ( 736): string mime = "audio/raw"
06-03 15:33:00.084 D/CCodec ( 736): int32_t sample-rate = 44100
06-03 15:33:00.084 D/CCodec ( 736): int32_t channel-mask = 3
06-03 15:33:00.084 D/CCodec ( 736): int32_t android._config-pcm-encoding = 2
06-03 15:33:00.084 D/CCodec ( 736): }
06-03 15:33:00.084 I/CCodecConfig( 736): query failed after returning 7 values (BAD_INDEX)
06-03 15:33:00.085 W/Codec2Client( 736): query -- param skipped: index = 1342179345.
06-03 15:33:00.085 W/Codec2Client( 736): query -- param skipped: index = 2415921170.
06-03 15:33:00.088 D/BufferPoolAccessor2.0( 647): bufferpool2 0xee782e48 : 0(0 size) total buffers - 0(0 size) used buffers - 7/10 (recycle/alloc) - 3/9 (fetch/transfer)
06-03 15:33:00.088 D/BufferPoolAccessor2.0( 647): bufferpool2 0xee782668 : 0(0 size) total buffers - 0(0 size) used buffers - 5/7 (recycle/alloc) - 2/6 (fetch/transfer)
06-03 15:33:00.089 D/BufferPoolAccessor2.0( 647): bufferpool2 0xee780a48 : 0(0 size) total buffers - 0(0 size) used buffers - 8/11 (recycle/alloc) - 3/10 (fetch/transfer)
06-03 15:33:00.089 D/BufferPoolAccessor2.0( 647): Destruction - bufferpool2 0xee782e48 cached: 0/0M, 0/0% in use; allocs: 10, 70% recycled; transfers: 9, 67% unfetched
06-03 15:33:00.089 D/BufferPoolAccessor2.0( 647): bufferpool2 0xee782d28 : 0(0 size) total buffers - 0(0 size) used buffers - 11/15 (recycle/alloc) - 4/14 (fetch/transfer)
06-03 15:33:00.089 D/BufferPoolAccessor2.0( 647): Destruction - bufferpool2 0xee782d28 cached: 0/0M, 0/0% in use; allocs: 15, 73% recycled; transfers: 14, 71% unfetched
06-03 15:33:00.089 D/BufferPoolAccessor2.0( 647): Destruction - bufferpool2 0xee780a48 cached: 0/0M, 0/0% in use; allocs: 11, 73% recycled; transfers: 10, 70% unfetched
06-03 15:33:00.089 D/CCodecBufferChannel( 736): [c2.android.vorbis.decoder#823] Created input block pool with allocatorID 16 => poolID 23 - OK (0)
06-03 15:33:00.089 D/BufferPoolAccessor2.0( 647): Destruction - bufferpool2 0xee782668 cached: 0/0M, 0/0% in use; allocs: 7, 71% recycled; transfers: 6, 67% unfetched
06-03 15:33:00.089 D/BufferPoolAccessor2.0( 647): bufferpool2 0xee783088 : 0(0 size) total buffers - 0(0 size) used buffers - 11/15 (recycle/alloc) - 4/14 (fetch/transfer)
06-03 15:33:00.089 D/BufferPoolAccessor2.0( 647): Destruction - bufferpool2 0xee783088 cached: 0/0M, 0/0% in use; allocs: 15, 73% recycled; transfers: 14, 71% unfetched
06-03 15:33:00.089 D/BufferPoolAccessor2.0( 647): bufferpool2 0xee7806e8 : 0(0 size) total buffers - 0(0 size) used buffers - 7/10 (recycle/alloc) - 3/9 (fetch/transfer)
06-03 15:33:00.089 D/BufferPoolAccessor2.0( 647): Destruction - bufferpool2 0xee7806e8 cached: 0/0M, 0/0% in use; allocs: 10, 70% recycled; transfers: 9, 67% unfetched
06-03 15:33:00.090 D/CCodecBufferChannel( 736): [c2.android.vorbis.decoder#952] Created input block pool with allocatorID 16 => poolID 24 - OK (0)
06-03 15:33:00.090 D/BufferPoolAccessor2.0( 736): bufferpool2 0xb849ee08 : 0(0 size) total buffers - 0(0 size) used buffers - 2/7 (recycle/alloc) - 5/18 (fetch/transfer)
06-03 15:33:00.091 D/BufferPoolAccessor2.0( 736): Destruction - bufferpool2 0xb849ee08 cached: 0/0M, 0/0% in use; allocs: 7, 29% recycled; transfers: 18, 72% unfetched
