06-03 15:32:45.068 W/system_server( 736): Core platform API violation: Llibcore/io/Memory;->peekByte(J)B from Lcom/android/server/appsearch/protobuf/UnsafeUtil; using reflection
06-03 15:32:45.069 I/vol.Events( 945): writeEvent level_changed STREAM_BLUETOOTH_SCO 7
06-03 15:32:45.070 D/SystemServerTimingAsync( 736): ssm.onUnlockedUser-0_com.android.server.pm.BackgroundInstallControlService
06-03 15:32:45.070 V/SystemServerTimingAsync( 736): ssm.onUnlockedUser-0_com.android.server.pm.BackgroundInstallControlService took to complete: 0ms
06-03 15:32:45.070 D/SystemServerTimingAsync( 736): ssm.onUnlockedUser-0_com.android.server.media.projection.MediaProjectionManagerService
06-03 15:32:45.070 V/SystemServerTimingAsync( 736): ssm.onUnlockedUser-0_com.android.server.media.projection.MediaProjectionManagerService took to complete: 0ms
06-03 15:32:45.070 D/SystemServerTimingAsync( 736): ssm.onUnlockedUser-0_com.android.server.slice.SliceManagerService$Lifecycle
06-03 15:32:45.070 V/SystemServerTimingAsync( 736): ssm.onUnlockedUser-0_com.android.server.slice.SliceManagerService$Lifecycle took to complete: 0ms
06-03 15:32:45.070 D/SystemServerTimingAsync( 736): ssm.onUnlockedUser-0_com.android.server.stats.StatsCompanion$Lifecycle
06-03 15:32:45.070 V/SystemServerTimingAsync( 736): ssm.onUnlockedUser-0_com.android.server.stats.StatsCompanion$Lifecycle took to complete: 0ms
06-03 15:32:45.070 D/SystemServerTimingAsync( 736): ssm.onUnlockedUser-0_com.android.server.scheduling.RebootReadinessManagerService$Lifecycle
06-03 15:32:45.070 V/SystemServerTimingAsync( 736): ssm.onUnlockedUser-0_com.android.server.scheduling.RebootReadinessManagerService$Lifecycle took to complete: 0ms
06-03 15:32:45.070 D/SystemServerTimingAsync( 736): ssm.onUnlockedUser-0_com.android.server.stats.pull.StatsPullAtomService
06-03 15:32:45.070 V/SystemServerTimingAsync( 736): ssm.onUnlockedUser-0_com.android.server.stats.pull.StatsPullAtomService took to complete: 0ms
06-03 15:32:45.070 D/SystemServerTimingAsync( 736): ssm.onUnlockedUser-0_com.android.server.stats.bootstrap.StatsBootstrapAtomService$Lifecycle
06-03 15:32:45.070 V/SystemServerTimingAsync( 736): ssm.onUnlockedUser-0_com.android.server.stats.bootstrap.StatsBootstrapAtomService$Lifecycle took to complete: 0ms
06-03 15:32:45.070 D/SystemServerTimingAsync( 736): ssm.onUnlockedUser-0_com.android.server.incident.IncidentCompanionService
06-03 15:32:45.070 V/SystemServerTimingAsync( 736): ssm.onUnlockedUser-0_com.android.server.incident.IncidentCompanionService took to complete: 0ms
06-03 15:32:45.070 D/SystemServerTimingAsync( 736): ssm.onUnlockedUser-0_com.android.server.sdksandbox.SdkSandboxManagerService$Lifecycle
06-03 15:32:45.070 V/SystemServerTimingAsync( 736): ssm.onUnlockedUser-0_com.android.server.sdksandbox.SdkSandboxManagerService$Lifecycle took to complete: 0ms
06-03 15:32:45.070 D/SystemServerTimingAsync( 736): ssm.onUnlockedUser-0_com.android.server.adservices.AdServicesManagerService$Lifecycle
06-03 15:32:45.070 V/SystemServerTimingAsync( 736): ssm.onUnlockedUser-0_com.android.server.adservices.AdServicesManagerService$Lifecycle took to complete: 0ms
06-03 15:32:45.070 D/SystemServerTimingAsync( 736): ssm.onUnlockedUser-0_com.android.server.ondevicepersonalization.OnDevicePersonalizationSystemService$Lifecycle
06-03 15:32:45.070 V/SystemServerTimingAsync( 736): ssm.onUnlockedUser-0_com.android.server.ondevicepersonalization.OnDevicePersonalizationSystemService$Lifecycle took to complete: 0ms
06-03 15:32:45.070 D/SystemServerTimingAsync( 736): ssm.onUnlockedUser-0_com.android.server.autofill.AutofillManagerService
06-03 15:32:45.070 V/SystemServerTimingAsync( 736): ssm.onUnlockedUser-0_com.android.server.autofill.AutofillManagerService took to complete: 0ms
06-03 15:32:45.070 D/SystemServerTimingAsync( 736): ssm.onUnlockedUser-0_com.android.server.clipboard.ClipboardService
06-03 15:32:45.070 V/SystemServerTimingAsync( 736): ssm.onUnlockedUser-0_com.android.server.clipboard.ClipboardService took to complete: 0ms
06-03 15:32:45.070 D/SystemServerTimingAsync( 736): ssm.onUnlockedUser-0_com.android.server.appbinding.AppBindingService$Lifecycle
06-03 15:32:45.070 V/SystemServerTimingAsync( 736): ssm.onUnlockedUser-0_com.android.server.appbinding.AppBindingService$Lifecycle took to complete: 0ms
06-03 15:32:45.071 D/SystemServerTimingAsync( 736): ssm.onUnlockedUser-0_com.android.server.tracing.TracingServiceProxy
06-03 15:32:45.071 V/SystemServerTimingAsync( 736): ssm.onUnlockedUser-0_com.android.server.tracing.TracingServiceProxy took to complete: 0ms
06-03 15:32:45.071 D/SystemServerTimingAsync( 736): ssm.onUnlockedUser-0_com.android.server.policy.PermissionPolicyService
06-03 15:32:45.071 V/SystemServerTimingAsync( 736): ssm.onUnlockedUser-0_com.android.server.policy.PermissionPolicyService took to complete: 0ms
06-03 15:32:45.071 D/SystemServerTimingAsync( 736): ssm.onUnlockedUser-0_com.android.server.pm.StagingManager$Lifecycle
06-03 15:32:45.071 V/SystemServerTimingAsync( 736): ssm.onUnlockedUser-0_com.android.server.pm.StagingManager$Lifecycle took to complete: 0ms
06-03 15:32:45.071 D/SystemServerTimingAsync( 736): ssm.onUnlockedUser-0_com.android.server.app.GameManagerService$Lifecycle
06-03 15:32:45.071 V/SystemServerTimingAsync( 736): ssm.onUnlockedUser-0_com.android.server.app.GameManagerService$Lifecycle took to complete: 0ms
06-03 15:32:45.071 D/SystemServerTimingAsync( 736): ssm.onUnlockedUser-0_com.android.safetycenter.SafetyCenterService
06-03 15:32:45.071 V/SystemServerTimingAsync( 736): ssm.onUnlockedUser-0_com.android.safetycenter.SafetyCenterService took to complete: 0ms
06-03 15:32:45.071 D/SystemServerTimingAsync( 736): ssm.onUnlockedUser-0_com.android.server.appsearch.AppSearchModule$Lifecycle
06-03 15:32:45.071 V/SystemServerTimingAsync( 736): ssm.onUnlockedUser-0_com.android.server.appsearch.AppSearchModule$Lifecycle took to complete: 0ms
06-03 15:32:45.071 D/SystemServerTimingAsync( 736): ssm.onUnlockedUser-0_com.android.server.media.MediaCommunicationService
06-03 15:32:45.071 V/SystemServerTimingAsync( 736): ssm.onUnlockedUser-0_com.android.server.media.MediaCommunicationService took to complete: 0ms
06-03 15:32:45.071 D/SystemServerTimingAsync( 736): ssm.onUnlockedUser-0_com.android.server.compat.overrides.AppCompatOverridesService$Lifecycle
06-03 15:32:45.071 V/SystemServerTimingAsync( 736): ssm.onUnlockedUser-0_com.android.server.compat.overrides.AppCompatOverridesService$Lifecycle took to complete: 0ms
06-03 15:32:45.071 D/SystemServerTimingAsync( 736): ssm.onUnlockedUser-0_com.android.server.healthconnect.HealthConnectManagerService
06-03 15:32:45.080 D/xm_audio( 478): adev_get_parameters
06-03 15:32:45.082 D/CompatibilityChangeReporter( 736): Compat change id reported: 168419799; UID 10065; state: DISABLED
06-03 15:32:45.082 D/CompatibilityChangeReporter( 736): Compat change id reported: 273564678; UID 10065; state: DISABLED
06-03 15:32:45.083 W/StorageManagerService( 736): Reporting emulated;0 unmounted due to system locked
06-03 15:32:45.084 I/SELinux ( 736): SELinux: Loaded file context from:
06-03 15:32:45.084 I/SELinux ( 736): /system/etc/selinux/plat_file_contexts
06-03 15:32:45.084 I/SELinux ( 736): /system_ext/etc/selinux/system_ext_file_contexts
06-03 15:32:45.084 I/SELinux ( 736): /product/etc/selinux/product_file_contexts
06-03 15:32:45.084 I/SELinux ( 736): /vendor/etc/selinux/vendor_file_contexts
06-03 15:32:45.086 D/HealthConnectManagerService( 736): switchToSetupForUser: UserHandle{0}
06-03 15:32:45.086 D/HealthConnectBackupRestore( 736): Performing user switch operations.
06-03 15:32:45.087 D/libdolbyms12( 478): continuous underrun 2
06-03 15:32:45.087 D/CompatibilityChangeReporter( 736): Compat change id reported: 265195908; UID 10065; state: ENABLED
06-03 15:32:45.087 V/SystemServerTimingAsync( 736): ssm.onUnlockedUser-0_com.android.server.healthconnect.HealthConnectManagerService took to complete: 16ms
06-03 15:32:45.088 D/SystemServerTimingAsync( 736): ssm.onUnlockedUser-0_com.android.server.devicelock.DeviceLockService
06-03 15:32:45.088 V/SystemServerTimingAsync( 736): ssm.onUnlockedUser-0_com.android.server.devicelock.DeviceLockService took to complete: 0ms
06-03 15:32:45.088 V/SystemServerTimingAsync( 736): ssm.UnlockedUser-0 took to complete: 53ms
06-03 15:32:45.094 E/BackupPasswordManager( 736): Unable to read backup pw version
06-03 15:32:45.095 E/BackupPasswordManager( 736): Unable to read saved backup pw hash
06-03 15:32:45.096 D/GattService( 1168): Unlocked userId 0
06-03 15:32:45.097 D/AppWidgetServiceImpl( 736): Unable to load widget provider info from xml for ComponentInfo{com.android.deskclock/com.android.alarmclock.AnalogAppWidgetProvider}
06-03 15:32:45.097 D/xm_audio( 478): adev_get_parameters
06-03 15:32:45.097 D/AppWidgetServiceImpl( 736): Unable to load widget provider info from xml for ComponentInfo{com.android.deskclock/com.android.alarmclock.DigitalAppWidgetProvider}
06-03 15:32:45.097 D/A2dpService( 1168): Unlocked userId 0
06-03 15:32:45.098 D/AvrcpTargetService( 1168): Unlocked userId 0
06-03 15:32:45.098 I/AvrcpTargetService( 1168): User unlocked, initializing the service
06-03 15:32:45.098 V/MediaPlayerList( 1168): Initializing MediaPlayerList
06-03 15:32:45.100 I/BrowsedPlayerWrapper( 1168): Wrapping Media Browser com.android.bluetooth
06-03 15:32:45.101 I/BrowsedPlayerWrapper( 1168): Wrapping Media Browser com.android.music
06-03 15:32:45.101 D/HeadsetService( 1168): Unlocked userId 0
06-03 15:32:45.102 D/HearingAidService( 1168): Unlocked userId 0
06-03 15:32:45.102 D/HidHostService( 1168): Unlocked userId 0
06-03 15:32:45.102 D/BluetoothOppService( 1168): Unlocked userId 0
06-03 15:32:45.104 D/FallbackHome( 1328): User unlocked and real home found; let's go!
06-03 15:32:45.106 D/CompatibilityChangeReporter( 736): Compat change id reported: 261072174; UID 1002; state: ENABLED
06-03 15:32:45.110 D/AppWidgetServiceImpl( 736): Unable to load widget provider info from xml for ComponentInfo{com.android.systemui/com.android.systemui.people.widget.PeopleSpaceWidgetProvider}
06-03 15:32:45.111 D/CompatibilityChangeReporter( 736): Compat change id reported: 161252188; UID 10049; state: DISABLED
06-03 15:32:45.113 V/WindowManagerShell( 945): Transition requested: android.os.BinderProxy@814ef66 TransitionRequestInfo { type = 2, triggerTask = TaskInfo{userId=0 taskId=3 displayId=0 isRunning=false baseIntent=Intent { act=android.intent.action.MAIN cat=[android.intent.category.HOME] flg=0x10800100 cmp=com.android.tv.settings/.system.FallbackHome } baseActivity=null topActivity=null origActivity=null realActivity=ComponentInfo{com.android.tv.settings/com.android.tv.settings.system.FallbackHome} numActivities=0 lastActiveTime=22911 supportsMultiWindow=true resizeMode=0 isResizeable=false minWidth=-1 minHeight=-1 defaultMinSize=220 token=WCT{android.window.IWindowContainerToken$Stub$Proxy@bf32a7} topActivityType=2 pictureInPictureParams=null shouldDockBigOverlays=false launchIntoPipHostTaskId=-1 lastParentTaskIdBeforePip=-1 displayCutoutSafeInsets=null topActivityInfo=null launchCookies=[] positionInParent=Point(0, 0) parentTaskId=-1 isFocused=true isVisible=true isVisibleRequested=true isSleeping=false topActivityInSizeCompat=false topActivityEligibleForLetterboxEducation= false isLetterboxDoubleTapEnabled= false topActivityEligibleForUserAspectRatioButton= false topActivityBoundsLetterboxed= false isFromLetterboxDoubleTap= false topActivityLetterboxVerticalPosition= -1 topActivityLetterboxHorizontalPosition= -1 topActivityLetterboxWidth=-1 topActivityLetterboxHeight=-1 isUserFullscreenOverrideEnabled=false isTopActivityTransparent=false locusId=null displayAreaFeatureId=1 cameraCompatControlState=hidden}, remoteTransition = null, displayChange = null, flags = 0 }
06-03 15:32:45.113 I/AppWidgetServiceImpl( 736): Processing of handleUserUnlocked u0 took 86 ms
06-03 15:32:45.114 D/xm_audio( 478): adev_get_parameters
06-03 15:32:45.119 D/CompatibilityChangeReporter( 1471): Compat change id reported: 171979766; UID 10065; state: ENABLED
06-03 15:32:45.119 D/CompatibilityChangeReporter( 1471): Compat change id reported: 242716250; UID 10065; state: ENABLED
06-03 15:32:45.121 D/CompatibilityChangeReporter( 736): Compat change id reported: 265464455; UID 1000; state: DISABLED
06-03 15:32:45.121 D/CompatibilityChangeReporter( 736): Compat change id reported: 265452344; UID 1000; state: DISABLED
06-03 15:32:45.121 D/SystemServerTiming( 736): getUserSwitchability-0
06-03 15:32:45.121 D/SystemServerTiming( 736): TM.isInCall
06-03 15:32:45.122 D/CompatibilityChangeReporter( 736): Compat change id reported: 266124927; UID 1000; state: DISABLED
06-03 15:32:45.122 V/SystemServerTiming( 736): TM.isInCall took to complete: 0ms
06-03 15:32:45.122 D/SystemServerTiming( 736): hasUserRestriction-DISALLOW_USER_SWITCH
06-03 15:32:45.122 V/SystemServerTiming( 736): hasUserRestriction-DISALLOW_USER_SWITCH took to complete: 0ms
06-03 15:32:45.122 D/SystemServerTiming( 736): getInt-ALLOW_USER_SWITCHING_WHEN_SYSTEM_USER_LOCKED
06-03 15:32:45.122 V/SystemServerTiming( 736): getInt-ALLOW_USER_SWITCHING_WHEN_SYSTEM_USER_LOCKED took to complete: 0ms
06-03 15:32:45.122 D/SystemServerTiming( 736): isUserUnlocked-USER_SYSTEM
06-03 15:32:45.122 V/SystemServerTiming( 736): isUserUnlocked-USER_SYSTEM took to complete: 0ms
06-03 15:32:45.122 V/SystemServerTiming( 736): getUserSwitchability-0 took to complete: 1ms
06-03 15:32:45.122 D/CompatibilityChangeReporter( 736): Compat change id reported: 265451093; UID 1000; state: DISABLED
06-03 15:32:45.123 D/CompatibilityChangeReporter( 736): Compat change id reported: 265456536; UID 1000; state: DISABLED
06-03 15:32:45.124 D/CompatibilityChangeReporter( 736): Compat change id reported: 255940284; UID 1000; state: DISABLED
06-03 15:32:45.125 D/CompatibilityChangeReporter( 736): Compat change id reported: 236283604; UID 1000; state: DISABLED
06-03 15:32:45.126 D/CompatibilityChangeReporter( 736): Compat change id reported: 263959004; UID 1000; state: DISABLED
06-03 15:32:45.126 D/CompatibilityChangeReporter( 736): Compat change id reported: 264304459; UID 1000; state: DISABLED
06-03 15:32:45.126 D/xm_audio( 478): adev_get_parameters
06-03 15:32:45.127 D/CompatibilityChangeReporter( 736): Compat change id reported: 170503758; UID 10065; state: ENABLED
06-03 15:32:45.127 D/CompatibilityChangeReporter( 736): Compat change id reported: 264301586; UID 1000; state: DISABLED
06-03 15:32:45.128 D/CompatibilityChangeReporter( 736): Compat change id reported: 254631730; UID 1000; state: DISABLED
06-03 15:32:45.128 D/CompatibilityChangeReporter( 736): Compat change id reported: 273509367; UID 1000; state: DISABLED
06-03 15:32:45.128 D/SystemServerTiming( 736): getUserSwitchability-0
06-03 15:32:45.128 D/SystemServerTiming( 736): TM.isInCall
06-03 15:32:45.129 D/CompatibilityChangeReporter( 736): Compat change id reported: 263259275; UID 1000; state: DISABLED
06-03 15:32:45.129 V/SystemServerTiming( 736): TM.isInCall took to complete: 0ms
06-03 15:32:45.129 D/SystemServerTiming( 736): hasUserRestriction-DISALLOW_USER_SWITCH
06-03 15:32:45.129 V/SystemServerTiming( 736): hasUserRestriction-DISALLOW_USER_SWITCH took to complete: 0ms
06-03 15:32:45.129 D/CompatibilityChangeReporter( 736): Compat change id reported: 174042980; UID 1000; state: DISABLED
06-03 15:32:45.129 D/CompatibilityChangeReporter( 736): Compat change id reported: 174042936; UID 1000; state: DISABLED
06-03 15:32:45.130 D/CompatibilityChangeReporter( 736): Compat change id reported: 181136395; UID 1000; state: DISABLED
06-03 15:32:45.132 D/SystemServerTiming( 736): getInt-ALLOW_USER_SWITCHING_WHEN_SYSTEM_USER_LOCKED
06-03 15:32:45.132 V/SystemServerTiming( 736): getInt-ALLOW_USER_SWITCHING_WHEN_SYSTEM_USER_LOCKED took to complete: 0ms
06-03 15:32:45.132 D/SystemServerTiming( 736): isUserUnlocked-USER_SYSTEM
06-03 15:32:45.132 V/SystemServerTiming( 736): isUserUnlocked-USER_SYSTEM took to complete: 0ms
06-03 15:32:45.132 V/SystemServerTiming( 736): getUserSwitchability-0 took to complete: 4ms
06-03 15:32:45.132 D/xm_audio( 478): adev_get_parameters
06-03 15:32:45.134 D/Zygote ( 467): Forked child process 1494
06-03 15:32:45.135 W/ActivityManager( 736): Slow operation: 117ms so far, now at startProcess: returned from zygote!
06-03 15:32:45.139 D/xm_audio( 478): adev_get_parameters
06-03 15:32:45.140 D/SystemServerTiming( 736): getUserSwitchability-0
06-03 15:32:45.141 D/SystemServerTiming( 736): TM.isInCall
06-03 15:32:45.141 V/SystemServerTiming( 736): TM.isInCall took to complete: 0ms
06-03 15:32:45.141 D/SystemServerTiming( 736): hasUserRestriction-DISALLOW_USER_SWITCH
06-03 15:32:45.141 V/SystemServerTiming( 736): hasUserRestriction-DISALLOW_USER_SWITCH took to complete: 0ms
06-03 15:32:45.141 D/SystemServerTiming( 736): getInt-ALLOW_USER_SWITCHING_WHEN_SYSTEM_USER_LOCKED
06-03 15:32:45.141 V/SystemServerTiming( 736): getInt-ALLOW_USER_SWITCHING_WHEN_SYSTEM_USER_LOCKED took to complete: 1ms
06-03 15:32:45.142 D/SystemServerTiming( 736): isUserUnlocked-USER_SYSTEM
06-03 15:32:45.142 V/SystemServerTiming( 736): isUserUnlocked-USER_SYSTEM took to complete: 0ms
06-03 15:32:45.142 V/SystemServerTiming( 736): getUserSwitchability-0 took to complete: 1ms
06-03 15:32:45.143 I/Zygote ( 1494): seccomp disabled by setenforce 0
06-03 15:32:45.149 D/xm_audio( 478): adev_get_parameters
06-03 15:32:45.150 D/CompatibilityChangeReporter( 736): Compat change id reported: 194480991; UID 1000; state: ENABLED
06-03 15:32:45.150 I/lerad.etna.haqu( 1494): Using CollectorTypeCC GC.
06-03 15:32:45.154 D/SystemServerTiming( 736): getUserSwitchability-0
06-03 15:32:45.154 D/SystemServerTiming( 736): TM.isInCall
06-03 15:32:45.154 V/SystemServerTiming( 736): TM.isInCall took to complete: 0ms
06-03 15:32:45.154 D/SystemServerTiming( 736): hasUserRestriction-DISALLOW_USER_SWITCH
06-03 15:32:45.155 V/SystemServerTiming( 736): hasUserRestriction-DISALLOW_USER_SWITCH took to complete: 0ms
06-03 15:32:45.155 D/SystemServerTiming( 736): getInt-ALLOW_USER_SWITCHING_WHEN_SYSTEM_USER_LOCKED
06-03 15:32:45.155 V/SystemServerTiming( 736): getInt-ALLOW_USER_SWITCHING_WHEN_SYSTEM_USER_LOCKED took to complete: 0ms
06-03 15:32:45.155 D/SystemServerTiming( 736): isUserUnlocked-USER_SYSTEM
06-03 15:32:45.155 V/SystemServerTiming( 736): isUserUnlocked-USER_SYSTEM took to complete: 0ms
06-03 15:32:45.155 V/SystemServerTiming( 736): getUserSwitchability-0 took to complete: 1ms
06-03 15:32:45.157 D/xm_audio( 478): adev_get_parameters
06-03 15:32:45.159 E/lerad.etna.haqu( 1494): Not starting debugger since process cannot load the jdwp agent.
06-03 15:32:45.161 D/SystemServerTiming( 736): getUserSwitchability-0
06-03 15:32:45.161 D/SystemServerTiming( 736): TM.isInCall
06-03 15:32:45.161 V/SystemServerTiming( 736): TM.isInCall took to complete: 0ms
06-03 15:32:45.162 D/SystemServerTiming( 736): hasUserRestriction-DISALLOW_USER_SWITCH
06-03 15:32:45.162 V/SystemServerTiming( 736): hasUserRestriction-DISALLOW_USER_SWITCH took to complete: 0ms
06-03 15:32:45.162 D/SystemServerTiming( 736): getInt-ALLOW_USER_SWITCHING_WHEN_SYSTEM_USER_LOCKED
06-03 15:32:45.162 V/SystemServerTiming( 736): getInt-ALLOW_USER_SWITCHING_WHEN_SYSTEM_USER_LOCKED took to complete: 0ms
06-03 15:32:45.162 D/SystemServerTiming( 736): isUserUnlocked-USER_SYSTEM
06-03 15:32:45.162 V/SystemServerTiming( 736): isUserUnlocked-USER_SYSTEM took to complete: 0ms
06-03 15:32:45.162 V/SystemServerTiming( 736): getUserSwitchability-0 took to complete: 1ms
06-03 15:32:45.167 D/xm_audio( 478): adev_get_parameters
06-03 15:32:45.169 D/SystemServerTiming( 736): getUserSwitchability-0
06-03 15:32:45.169 D/SystemServerTiming( 736): TM.isInCall
06-03 15:32:45.170 V/SystemServerTiming( 736): TM.isInCall took to complete: 1ms
06-03 15:32:45.170 D/SystemServerTiming( 736): hasUserRestriction-DISALLOW_USER_SWITCH
06-03 15:32:45.170 V/SystemServerTiming( 736): hasUserRestriction-DISALLOW_USER_SWITCH took to complete: 0ms
06-03 15:32:45.170 D/SystemServerTiming( 736): getInt-ALLOW_USER_SWITCHING_WHEN_SYSTEM_USER_LOCKED
06-03 15:32:45.170 V/SystemServerTiming( 736): getInt-ALLOW_USER_SWITCHING_WHEN_SYSTEM_USER_LOCKED took to complete: 0ms
06-03 15:32:45.170 D/SystemServerTiming( 736): isUserUnlocked-USER_SYSTEM
06-03 15:32:45.170 V/SystemServerTiming( 736): isUserUnlocked-USER_SYSTEM took to complete: 0ms
06-03 15:32:45.170 V/SystemServerTiming( 736): getUserSwitchability-0 took to complete: 1ms
06-03 15:32:45.174 D/SystemServerTiming( 736): getUserSwitchability-0
06-03 15:32:45.174 D/xm_audio( 478): adev_get_parameters
06-03 15:32:45.174 D/SystemServerTiming( 736): TM.isInCall
06-03 15:32:45.174 V/SystemServerTiming( 736): TM.isInCall took to complete: 0ms
06-03 15:32:45.174 D/SystemServerTiming( 736): hasUserRestriction-DISALLOW_USER_SWITCH
06-03 15:32:45.174 V/SystemServerTiming( 736): hasUserRestriction-DISALLOW_USER_SWITCH took to complete: 0ms
06-03 15:32:45.174 D/SystemServerTiming( 736): getInt-ALLOW_USER_SWITCHING_WHEN_SYSTEM_USER_LOCKED
06-03 15:32:45.174 V/SystemServerTiming( 736): getInt-ALLOW_USER_SWITCHING_WHEN_SYSTEM_USER_LOCKED took to complete: 0ms
06-03 15:32:45.174 D/SystemServerTiming( 736): isUserUnlocked-USER_SYSTEM
06-03 15:32:45.174 V/SystemServerTiming( 736): isUserUnlocked-USER_SYSTEM took to complete: 0ms
06-03 15:32:45.174 V/SystemServerTiming( 736): getUserSwitchability-0 took to complete: 0ms
06-03 15:32:45.176 E/CellBroadcastUtils( 736): getDefaultCellBroadcastReceiverPackageName: no package found
06-03 15:32:45.177 I/HealthConnectBackupRestore( 736): Attempt to schedule download timeout job with state: 0
06-03 15:32:45.177 I/HealthConnectBackupRestore( 736): Attempt to schedule staging timeout job with state: 0
06-03 15:32:45.177 I/HealthConnectBackupRestore( 736): Attempt to schedule merging timeout job with state: 0
06-03 15:32:45.180 D/SystemServerTiming( 736): getUserSwitchability-0
06-03 15:32:45.180 D/SystemServerTiming( 736): TM.isInCall
06-03 15:32:45.181 V/SystemServerTiming( 736): TM.isInCall took to complete: 1ms
06-03 15:32:45.181 D/SystemServerTiming( 736): hasUserRestriction-DISALLOW_USER_SWITCH
06-03 15:32:45.181 D/xm_audio( 478): adev_get_parameters
06-03 15:32:45.181 V/SystemServerTiming( 736): hasUserRestriction-DISALLOW_USER_SWITCH took to complete: 0ms
06-03 15:32:45.181 D/SystemServerTiming( 736): getInt-ALLOW_USER_SWITCHING_WHEN_SYSTEM_USER_LOCKED
06-03 15:32:45.181 V/SystemServerTiming( 736): getInt-ALLOW_USER_SWITCHING_WHEN_SYSTEM_USER_LOCKED took to complete: 0ms
06-03 15:32:45.181 D/SystemServerTiming( 736): isUserUnlocked-USER_SYSTEM
06-03 15:32:45.181 V/SystemServerTiming( 736): isUserUnlocked-USER_SYSTEM took to complete: 0ms
06-03 15:32:45.181 V/SystemServerTiming( 736): getUserSwitchability-0 took to complete: 1ms
06-03 15:32:45.184 D/CompatibilityChangeReporter( 736): Compat change id reported: 197654537; UID 1000; state: DISABLED
06-03 15:32:45.187 I/ActivityTaskManager( 736): START u0 {act=android.intent.action.MAIN cat=[android.intent.category.HOME] flg=0x10000100 cmp=com.dangbei.leard.leradlauncher/com.dangbei.launcher.home.LauncherActivity (has extras)} with LAUNCH_SINGLE_TASK from uid 0 (BAL_ALLOW_ALLOWLISTED_UID) result code=0
06-03 15:32:45.192 W/ActivityManager( 736): Slow operation: 75ms so far, now at startProcess: done creating new process record
06-03 15:32:45.192 W/ActivityManager( 736): Slow operation: 75ms so far, now at startProcess: stepping in to startProcess
06-03 15:32:45.192 I/vol.Events( 945): writeEvent external_ringer_mode_changed normal
06-03 15:32:45.194 D/CompatibilityChangeReporter( 736): Compat change id reported: 135634846; UID 10049; state: DISABLED
06-03 15:32:45.194 D/CompatibilityChangeReporter( 736): Compat change id reported: 177438394; UID 10049; state: DISABLED
06-03 15:32:45.194 D/CompatibilityChangeReporter( 736): Compat change id reported: 135772972; UID 10049; state: DISABLED
06-03 15:32:45.195 D/CompatibilityChangeReporter( 736): Compat change id reported: 135754954; UID 10049; state: ENABLED
06-03 15:32:45.195 W/ActivityManager( 736): Slow operation: 78ms so far, now at startProcess: done starting proc!
06-03 15:32:45.199 D/CompatibilityChangeReporter( 736): Compat change id reported: 161252188; UID 1000; state: DISABLED
06-03 15:32:45.200 I/ActivityManager( 736): com.android.keychain is exempt from freezer
06-03 15:32:45.202 I/vol.Events( 945): writeEvent zen_mode_config_changed [disallowAlarms=false disallowMedia=false disallowSystem=true disallowRinger=false]
06-03 15:32:45.203 D/PanService( 1168): Unlocked userId 0
06-03 15:32:45.204 D/nativeloader( 1471): Configuring clns-shared-4 for other apk /apex/com.android.mediaprovider/priv-app/MediaProvider@UD2A.240505.001.W1/MediaProvider.apk. target_sdk_version=34, uses_libraries=, library_path=/apex/com.android.mediaprovider/priv-app/MediaProvider@UD2A.240505.001.W1/lib/arm:/apex/com.android.mediaprovider/priv-app/MediaProvider@UD2A.240505.001.W1/MediaProvider.apk!/lib/armeabi-v7a:/system/lib:/system_ext/lib, permitted_path=/data:/mnt/expand:/data/user/0/com.android.providers.media.module:/apex/com.android.mediaprovider/priv-app/MediaProvider@UD2A.240505.001.W1:/system/lib:/system_ext/lib
06-03 15:32:45.207 D/nativeloader( 1471): InitApexLibraries:
06-03 15:32:45.207 D/nativeloader( 1471): com_android_adservices: libhpke_jni.so:libtflite_support_classifiers_native.so
06-03 15:32:45.207 D/nativeloader( 1471): com_android_appsearch: libicing.so
06-03 15:32:45.207 D/nativeloader( 1471): com_android_art: libartservice.so
06-03 15:32:45.207 D/nativeloader( 1471): com_android_btservices: libbluetooth_jni.so
06-03 15:32:45.207 D/nativeloader( 1471): com_android_conscrypt: libjavacrypto.so
06-03 15:32:45.207 D/nativeloader( 1471): com_android_extservices: libhpke_jni.so:libtflite_support_classifiers_native.so
06-03 15:32:45.207 D/nativeloader( 1471): com_android_os_statsd: libstats_jni.so
06-03 15:32:45.207 D/nativeloader( 1471): com_android_tethering: libandroid_net_connectivity_com_android_net_module_util_jni.so:libcronet.114.0.5735.84.so:libframework-connectivity-jni.so:libframework-connectivity-tiramisu-jni.so:libservice-connectivity.so
06-03 15:32:45.207 D/nativeloader( 1471): com_android_uwb: libuwb_uci_jni_rust.so
06-03 15:32:45.207 D/nativeloader( 1471): com_android_virt: libvirtualizationservice_jni.so:libvirtualmachine_jni.so
06-03 15:32:45.208 W/ActivityManager( 736): Slow operation: 190ms so far, now at startProcess: done updating battery stats
06-03 15:32:45.208 W/ActivityManager( 736): Slow operation: 190ms so far, now at startProcess: building log message
06-03 15:32:45.208 I/ActivityManager( 736): Start proc 1494:com.dangbei.lerad.etna.haqu/1000 for added application com.dangbei.lerad.etna.haqu
06-03 15:32:45.208 W/ActivityManager( 736): Slow operation: 190ms so far, now at startProcess: starting to update pids map
06-03 15:32:45.208 W/ActivityManager( 736): Slow operation: 190ms so far, now at startProcess: done updating pids map
06-03 15:32:45.209 D/CompatibilityChangeReporter( 736): Compat change id reported: 143937733; UID 10049; state: ENABLED
06-03 15:32:45.210 D/CompatibilityChangeReporter( 736): Compat change id reported: 168419799; UID 1000; state: DISABLED
06-03 15:32:45.210 I/BpBinder( 267): onLastStrongRef automatically unlinking death recipients:
06-03 15:32:45.211 D/CompatibilityChangeReporter( 736): Compat change id reported: 273564678; UID 1000; state: DISABLED
06-03 15:32:45.208 I/rainbow_flow( 612): type=1400 audit(0.0:703): avc: denied { ioctl } for path="/dev/spidev1.0" dev="tmpfs" ino=543 ioctlcmd=0x6b00 scontext=u:r:init:s0 tcontext=u:object_r:device:s0 tclass=chr_file permissive=1
06-03 15:32:45.214 I/ActivityManager( 736): com.dangbei.leard.leradlauncher is exempt from freezer
06-03 15:32:45.215 D/CompatibilityChangeReporter( 736): Compat change id reported: 135634846; UID 1000; state: DISABLED
06-03 15:32:45.218 V/NotificationAssistants( 736): disabling notification assistant for user 0: ComponentInfo{android.ext.services/android.ext.services.notification.Assistant}
06-03 15:32:45.218 D/NotificationListeners( 736): Removing active service ComponentInfo{android.ext.services/android.ext.services.notification.Assistant}
06-03 15:32:45.220 I/FastBootComplete( 960): action:android.intent.action.BOOT_COMPLETED
06-03 15:32:45.221 W/ContextImpl( 960): Calling a method in the system process without a qualified user: android.app.ContextImpl.startService:1899 android.content.ContextWrapper.startService:825 android.content.ContextWrapper.startService:825 com.droidlogic.btpair.FastBootComplete.onReceive:20 android.app.ActivityThread.handleReceiver:4494
06-03 15:32:45.225 W/ContextImpl( 960): Calling a method in the system process without a qualified user: android.app.ContextImpl.startService:1899 android.content.ContextWrapper.startService:825 android.content.ContextWrapper.startService:825 com.droidlogic.btpair.FastBootComplete.onReceive:23 android.app.ActivityThread.handleReceiver:4494
06-03 15:32:45.227 V/NotificationAssistants( 736): enabling notification assistant for 0: ComponentInfo{android.ext.services/android.ext.services.notification.Assistant}
06-03 15:32:45.227 V/NotificationAssistants( 736): binding: Intent { act=android.service.notification.NotificationAssistantService cmp=android.ext.services/.notification.Assistant (has extras) }
06-03 15:32:45.238 D/Zygote ( 467): Forked child process 1511
06-03 15:32:45.239 I/ActivityManager( 736): Start proc 1511:com.android.music/u0a49 for service {com.android.music/com.android.music.MediaPlaybackService}
06-03 15:32:45.242 W/MediaSessionCompat( 1168): Couldn't find a unique registered media button receiver in the given context.
06-03 15:32:45.244 I/AccountManagerService( 736): User 0 is unlocked - opening CE database
06-03 15:32:45.246 I/MediaSessionStack( 736): addSession to bottom of stack | record: com.android.bluetooth/BluetoothMediaBrowserService (userId=0)
06-03 15:32:45.247 D/BLE_Service( 960): Service onCreate
06-03 15:32:45.252 I/ActivityManager( 736): com.oranth.ledstatus is exempt from freezer
06-03 15:32:45.255 W/AudioVideoDevReconnectService( 960): oncreate
06-03 15:32:45.262 I/Zygote ( 1511): seccomp disabled by setenforce 0
06-03 15:32:45.262 D/Zygote ( 467): Forked child process 1513
06-03 15:32:45.262 W/ActivityManager( 736): Slow operation: 62ms so far, now at startProcess: returned from zygote!
06-03 15:32:45.263 W/ActivityManager( 736): Slow operation: 63ms so far, now at startProcess: done updating battery stats
06-03 15:32:45.263 W/ActivityManager( 736): Slow operation: 63ms so far, now at startProcess: building log message
06-03 15:32:45.263 I/ActivityManager( 736): Start proc 1513:com.android.keychain/1000 for service {com.android.keychain/com.android.keychain.KeyChainService}
06-03 15:32:45.263 W/ActivityManager( 736): Slow operation: 63ms so far, now at startProcess: starting to update pids map
06-03 15:32:45.263 W/ActivityManager( 736): Slow operation: 63ms so far, now at startProcess: done updating pids map
06-03 15:32:45.266 I/Zygote ( 1513): seccomp disabled by setenforce 0
06-03 15:32:45.269 I/m.android.music( 1511): Using CollectorTypeCC GC.
06-03 15:32:45.271 D/CompatibilityChangeReporter( 1494): Compat change id reported: 171979766; UID 1000; state: DISABLED
06-03 15:32:45.273 I/ndroid.keychain( 1513): Using CollectorTypeCC GC.
06-03 15:32:45.274 I/BrowsedPlayerWrapper( 1168): onConnected: com.android.bluetooth is connected
06-03 15:32:45.274 D/CompatibilityChangeReporter( 1494): Compat change id reported: 242716250; UID 1000; state: DISABLED
06-03 15:32:45.274 D/AvrcpBrowsablePlayerConnector( 1168): Browse player callback called: package=com.android.bluetooth : status=0
06-03 15:32:45.274 D/AvrcpBrowsablePlayerConnector( 1168): Received a message: msg.what=1
06-03 15:32:45.275 I/AvrcpBrowsablePlayerConnector( 1168): Checking root contents for com.android.bluetooth
06-03 15:32:45.275 E/m.android.music( 1511): Not starting debugger since process cannot load the jdwp agent.
06-03 15:32:45.280 E/ndroid.keychain( 1513): Not starting debugger since process cannot load the jdwp agent.
06-03 15:32:45.283 V/NotificationAssistants( 736): 0 notification assistant service connected: ComponentInfo{android.ext.services/android.ext.services.notification.Assistant}
06-03 15:32:45.285 D/LocalBluetoothProfileManager( 960): LocalBluetoothProfileManager construction complete
06-03 15:32:45.290 D/WindowManagerShell( 945): TvPipController: onTaskStackChanged()
06-03 15:32:45.290 D/LocalBluetoothProfileManager( 960): Adding local A2DP profile
06-03 15:32:45.292 W/MediaSessionCompat( 1168): Couldn't find a unique registered media button receiver in the given context.
06-03 15:32:45.293 D/BluetoothA2dp( 960): Binding service...
06-03 15:32:45.294 I/MediaSessionStack( 736): addSession to bottom of stack | record: com.android.bluetooth/BluetoothMediaBrowserService (userId=0)
06-03 15:32:45.295 D/LocalBluetoothProfileManager( 960): Adding local HEADSET profile
06-03 15:32:45.295 D/CompatibilityChangeReporter( 736): Compat change id reported: 168419799; UID 1000; state: DISABLED
06-03 15:32:45.296 D/CompatibilityChangeReporter( 736): Compat change id reported: 273564678; UID 1000; state: DISABLED
06-03 15:32:45.298 D/BluetoothHeadset( 960): Binding service...
06-03 15:32:45.299 D/LocalBluetoothProfileManager( 960): Adding local OPP profile
06-03 15:32:45.300 D/LocalBluetoothProfileManager( 960): Adding local Hearing Aid profile
06-03 15:32:45.302 D/ApplicationLoaders( 1494): Returning zygote-cached class loader: /system/framework/android.test.base.jar
06-03 15:32:45.302 D/ApplicationLoaders( 1494): Returning zygote-cached class loader: /system/framework/android.hidl.manager-V1.0-java.jar
06-03 15:32:45.302 D/ApplicationLoaders( 1494): Returning zygote-cached class loader: /system/framework/android.hidl.base-V1.0-java.jar
06-03 15:32:45.303 D/BluetoothHearingAid( 960): Binding service...
06-03 15:32:45.304 D/LocalBluetoothProfileManager( 960): Adding local HID_HOST profile
06-03 15:32:45.306 D/BluetoothHidHost( 960): Binding service...
06-03 15:32:45.307 D/LocalBluetoothProfileManager( 960): Adding local PAN profile
06-03 15:32:45.307 D/CompatibilityChangeReporter( 736): Compat change id reported: 168419799; UID 10049; state: DISABLED
06-03 15:32:45.308 D/CompatibilityChangeReporter( 736): Compat change id reported: 273564678; UID 10049; state: DISABLED
06-03 15:32:45.310 D/BluetoothPan( 960): Binding service...
06-03 15:32:45.312 V/MediaPlayerList( 1168): onActiveSessionsChanged: number of controllers: 0
06-03 15:32:45.312 D/AvrcpTargetJni( 1168): sendPlayerSettingsNative
06-03 15:32:45.312 I/bt_stack( 1168): [INFO:avrcp_service.cc(551)] virtual void bluetooth::avrcp::AvrcpService::SendPlayerSettingsChanged(std::vector, std::vector)
06-03 15:32:45.312 I/bt_stack( 1168): [INFO:avrcp_service.cc(565)] attribute=PlayerAttribute::REPEAT : value=PlayerRepeatValue::OFF
06-03 15:32:45.312 I/bt_stack( 1168): attribute=PlayerAttribute::SHUFFLE : value=PlayerShuffleValue::OFF
06-03 15:32:45.312 I/bt_stack( 1168):
06-03 15:32:45.313 V/MediaPlayerList( 1168): onActiveSessionsChanged: number of controllers: 0
06-03 15:32:45.313 D/AvrcpTargetJni( 1168): sendPlayerSettingsNative
06-03 15:32:45.313 I/bt_stack( 1168): [INFO:avrcp_service.cc(551)] virtual void bluetooth::avrcp::AvrcpService::SendPlayerSettingsChanged(std::vector, std::vector)
06-03 15:32:45.313 I/bt_stack( 1168): [INFO:avrcp_service.cc(565)] attribute=PlayerAttribute::REPEAT : value=PlayerRepeatValue::OFF
06-03 15:32:45.313 I/bt_stack( 1168): attribute=PlayerAttribute::SHUFFLE : value=PlayerShuffleValue::OFF
06-03 15:32:45.313 I/bt_stack( 1168):
06-03 15:32:45.308 I/rainbow_flow( 612): type=1400 audit(0.0:704): avc: denied { ioctl } for path="/dev/spidev1.0" dev="tmpfs" ino=543 ioctlcmd=0x6b00 scontext=u:r:init:s0 tcontext=u:object_r:device:s0 tclass=chr_file permissive=1
06-03 15:32:45.313 I/BrowsedPlayerWrapper( 1168): onConnected: com.android.bluetooth is connected
06-03 15:32:45.313 I/BrowsedPlayerWrapper( 1168): getFolderItems: Connected to browsable player: com.android.bluetooth
06-03 15:32:45.315 D/CompatibilityChangeReporter( 736): Compat change id reported: 265195908; UID 10049; state: ENABLED
06-03 15:32:45.320 D/Zygote ( 467): Forked child process 1542
06-03 15:32:45.321 W/ActivityManager( 736): Slow operation: 108ms so far, now at startProcess: returned from zygote!
06-03 15:32:45.321 W/ActivityManager( 736): Slow operation: 108ms so far, now at startProcess: done updating battery stats
06-03 15:32:45.321 W/ActivityManager( 736): Slow operation: 108ms so far, now at startProcess: building log message
06-03 15:32:45.321 I/ActivityManager( 736): Start proc 1542:com.dangbei.leard.leradlauncher/1000 for top-activity {com.dangbei.leard.leradlauncher/com.dangbei.launcher.home.LauncherActivity}
06-03 15:32:45.321 W/ActivityManager( 736): Slow operation: 108ms so far, now at startProcess: starting to update pids map
06-03 15:32:45.321 W/ActivityManager( 736): Slow operation: 108ms so far, now at startProcess: done updating pids map
06-03 15:32:45.321 W/ActivityManager( 736): Slow operation: 70ms so far, now at startProcess: asking zygote to start proc
06-03 15:32:45.327 V/GraphicsEnvironment( 1471): Currently set values for:
06-03 15:32:45.328 V/GraphicsEnvironment( 1471): angle_gl_driver_selection_pkgs=[]
06-03 15:32:45.328 V/GraphicsEnvironment( 1471): angle_gl_driver_selection_values=[]
06-03 15:32:45.329 V/GraphicsEnvironment( 1471): ANGLE GameManagerService for com.android.providers.media.module: false
06-03 15:32:45.329 V/GraphicsEnvironment( 1471): com.android.providers.media.module is not listed in per-application setting
06-03 15:32:45.329 I/Zygote ( 1542): seccomp disabled by setenforce 0
06-03 15:32:45.330 V/GraphicsEnvironment( 1471): Neither updatable production driver nor prerelease driver is supported.
06-03 15:32:45.332 I/SyncManager( 736): Loaded persisted syncs: 0 periodic syncs, 0 oneshot syncs, 0 total system server jobs, JobStats: FirstLoad: 5/3/0 LastSave: -1/-1/-1
06-03 15:32:45.336 I/d.leradlauncher( 1542): Using CollectorTypeCC GC.
06-03 15:32:45.338 D/CompatibilityChangeReporter( 1511): Compat change id reported: 171979766; UID 10049; state: DISABLED
06-03 15:32:45.339 D/CompatibilityChangeReporter( 1513): Compat change id reported: 171979766; UID 1000; state: ENABLED
06-03 15:32:45.339 D/CompatibilityChangeReporter( 1511): Compat change id reported: 242716250; UID 10049; state: DISABLED
06-03 15:32:45.339 D/CompatibilityChangeReporter( 1513): Compat change id reported: 242716250; UID 1000; state: ENABLED
06-03 15:32:45.340 D/Zygote ( 467): Forked child process 1544
06-03 15:32:45.341 W/ActivityManager( 736): Slow operation: 90ms so far, now at startProcess: returned from zygote!
06-03 15:32:45.341 W/ActivityManager( 736): Slow operation: 90ms so far, now at startProcess: done updating battery stats
06-03 15:32:45.341 W/ActivityManager( 736): Slow operation: 90ms so far, now at startProcess: building log message
06-03 15:32:45.342 I/ActivityManager( 736): Start proc 1544:com.oranth.ledstatus/1000 for broadcast {com.oranth.ledstatus/com.oranth.ledstatus.BootCompletedReceiver}
06-03 15:32:45.342 W/ActivityManager( 736): Slow operation: 91ms so far, now at startProcess: starting to update pids map
06-03 15:32:45.342 W/ActivityManager( 736): Slow operation: 91ms so far, now at startProcess: done updating pids map
06-03 15:32:45.346 E/d.leradlauncher( 1542): Not starting debugger since process cannot load the jdwp agent.
06-03 15:32:45.350 I/Zygote ( 1544): seccomp disabled by setenforce 0
06-03 15:32:45.350 D/CompatibilityChangeReporter( 736): Compat change id reported: 170503758; UID 10049; state: DISABLED
06-03 15:32:45.354 D/LocalBluetoothProfileManager( 960): Current Profiles[]
06-03 15:32:45.354 D/LocalBluetoothProfileManager( 960): New Profiles[HID]
06-03 15:32:45.354 D/CachedBluetoothDevice( 960): updating profiles for XX:XX:XX:XX:C0:22
06-03 15:32:45.358 I/ranth.ledstatus( 1544): Late-enabling -Xcheck:jni
06-03 15:32:45.361 V/CachedBluetoothDevice( 960): Class: 50c
06-03 15:32:45.361 V/CachedBluetoothDevice( 960): UUID:
06-03 15:32:45.361 V/CachedBluetoothDevice( 960): 0000180f-0000-1000-8000-00805f9b34fb
06-03 15:32:45.361 V/CachedBluetoothDevice( 960): 00001812-0000-1000-8000-00805f9b34fb
06-03 15:32:45.361 D/BluetoothAdapter( 960): getActiveDevices(profile= A2DP)
06-03 15:32:45.368 D/nativeloader( 1494): Configuring clns-shared-4 for other apk /system/app/dangbei-etna-service/dangbei-etna-service.apk. target_sdk_version=28, uses_libraries=, library_path=/system/app/dangbei-etna-service/lib/arm:/system/app/dangbei-etna-service/dangbei-etna-service.apk!/lib/armeabi-v7a:/system/lib:/system_ext/lib, permitted_path=/data:/mnt/expand:/data/user/0/com.dangbei.lerad.etna.haqu:/system/app/dangbei-etna-service:/system/lib:/system_ext/lib
06-03 15:32:45.372 I/BluetoothAdapterService( 1168): getActiveDevices: A2dp device: null
06-03 15:32:45.373 D/BluetoothAdapter( 960): getActiveDevices(profile= HEADSET)
06-03 15:32:45.375 I/BluetoothAdapterService( 1168): getActiveDevices: Headset device: null
06-03 15:32:45.376 D/BluetoothAdapter( 960): getActiveDevices(profile= HEARING_AID)
06-03 15:32:45.376 D/nativeloader( 1511): InitLlndkLibrariesProduct: libEGL.so:libGLESv1_CM.so:libGLESv2.so:libGLESv3.so:libRS.so:libandroid_net.so:libbinder_ndk.so:libc.so:libcgrouprc.so:libclang_rt.asan-arm-android.so:libcom.android.tethering.connectivity_native.so:libdl.so:libft2.so:liblog.so:libm.so:libmediandk.so:libnativewindow.so:libneuralnetworks.so:libselinux.so:libsync.so:libvndksupport.so:libvulkan.so
06-03 15:32:45.377 D/nativeloader( 1511): Configuring product-clns-4 for unbundled product apk /product/app/Music/Music.apk. target_sdk_version=30, uses_libraries=, library_path=/product/app/Music/lib/arm:/product/lib:/system/product/lib, permitted_path=/data:/mnt/expand:/data/user/0/com.android.music:/product/lib:/system/product/lib
06-03 15:32:45.379 D/nativeloader( 1511): InitVndkspLibrariesProduct: android.hardware.common-V2-ndk.so:android.hardware.common.fmq-V1-ndk.so:android.hardware.graphics.allocator-V2-ndk.so:android.hardware.graphics.common-V4-ndk.so:android.hardware.graphics.common@1.0.so:android.hardware.graphics.common@1.1.so:android.hardware.graphics.common@1.2.so:android.hardware.graphics.composer3-V1-ndk.so:android.hardware.graphics.mapper@2.0.so:android.hardware.graphics.mapper@2.1.so:android.hardware.graphics.mapper@3.0.so:android.hardware.graphics.mapper@4.0.so:android.hardware.renderscript@1.0.so:android.hidl.memory.token@1.0.so:android.hidl.memory@1.0-impl.so:android.hidl.memory@1.0.so:android.hidl.safe_union@1.0.so:libRSCpuRef.so:libRSDriver.so:libRS_internal.so:libbase.so:libbcinfo.so:libblas.so:libc++.so:libcompiler_rt.so:libcutils.so:libdmabufheap.so:libgralloctypes.so:libhardware.so:libhidlbase.so:libhidlmemory.so:libion.so:libjsoncpp.so:liblzma.so:libprocessgroup.so:libunwindstack.so:libutils.so:libutilscallstack.so:libz.so
06-03 15:32:45.381 I/BluetoothAdapterService( 1168): getActiveDevices: Hearing Aid devices: Left[null] - Right[null]
06-03 15:32:45.386 D/CompatibilityChangeReporter( 736): Compat change id reported: 168419799; UID 1000; state: DISABLED
06-03 15:32:45.386 D/CompatibilityChangeReporter( 736): Compat change id reported: 273564678; UID 1000; state: DISABLED
06-03 15:32:45.390 I/BLE_Service( 960): mConnRunnable, looking on bonded devices in order to find connection target...
06-03 15:32:45.390 I/BLE_Service( 960): connectToBondedDevices><
06-03 15:32:45.395 D/BluetoothA2dp( 960): Proxy object connected
06-03 15:32:45.399 D/BluetoothHeadset( 960): Proxy object connected
06-03 15:32:45.402 I/BLE_Service( 960): bondedDevices size:1
06-03 15:32:45.405 D/BluetoothHearingAid( 960): Proxy object connected
06-03 15:32:45.405 I/BLE_Service( 960): GetToBondedDevicesMacAddress><
06-03 15:32:45.405 I/ranth.ledstatus( 1544): Using CollectorTypeCC GC.
06-03 15:32:45.408 D/BluetoothHidHost( 960): Proxy object connected
06-03 15:32:45.411 I/BLE_Service( 960): bondedDevices size: 1
06-03 15:32:45.411 W/System.err( 960): java.io.FileNotFoundException: /sys/class/aml_btusb/aml_btusb/aml_rclist: open failed: ENOENT (No such file or directory)
06-03 15:32:45.412 W/System.err( 960): at libcore.io.IoBridge.open(IoBridge.java:574)
06-03 15:32:45.412 W/System.err( 960): at java.io.FileOutputStream.(FileOutputStream.java:236)
06-03 15:32:45.412 W/System.err( 960): at java.io.FileOutputStream.(FileOutputStream.java:125)
06-03 15:32:45.412 W/System.err( 960): at java.io.FileWriter.(FileWriter.java:66)
06-03 15:32:45.412 W/System.err( 960): at com.droidlogic.btpair.DialogBluetoothService.writeFileFromString(DialogBluetoothService.java:294)
06-03 15:32:45.412 W/System.err( 960): at com.droidlogic.btpair.DialogBluetoothService.GetToBondedDevicesMacAddress(DialogBluetoothService.java:452)
06-03 15:32:45.412 D/BluetoothPan( 960): Proxy object connected
06-03 15:32:45.412 W/System.err( 960): at com.droidlogic.btpair.DialogBluetoothService$2.run(DialogBluetoothService.java:349)
06-03 15:32:45.412 W/System.err( 960): at android.os.Handler.handleCallback(Handler.java:958)
06-03 15:32:45.412 W/System.err( 960): at android.os.Handler.dispatchMessage(Handler.java:99)
06-03 15:32:45.412 W/System.err( 960): at android.os.Looper.loopOnce(Looper.java:205)
06-03 15:32:45.412 W/System.err( 960): at android.os.Looper.loop(Looper.java:294)
06-03 15:32:45.412 W/System.err( 960): at android.app.ActivityThread.main(ActivityThread.java:8255)
06-03 15:32:45.413 W/System.err( 960): at java.lang.reflect.Method.invoke(Native Method)
06-03 15:32:45.413 W/System.err( 960): at com.android.internal.os.RuntimeInit$MethodAndArgsCaller.run(RuntimeInit.java:552)
06-03 15:32:45.413 W/System.err( 960): at com.android.internal.os.ZygoteInit.main(ZygoteInit.java:978)
06-03 15:32:45.413 W/System.err( 960): Caused by: android.system.ErrnoException: open failed: ENOENT (No such file or directory)
06-03 15:32:45.413 W/System.err( 960): at libcore.io.Linux.open(Native Method)
06-03 15:32:45.413 W/System.err( 960): at libcore.io.ForwardingOs.open(ForwardingOs.java:563)
06-03 15:32:45.413 W/System.err( 960): at libcore.io.BlockGuardOs.open(BlockGuardOs.java:274)
06-03 15:32:45.413 W/System.err( 960): at libcore.io.ForwardingOs.open(ForwardingOs.java:563)
06-03 15:32:45.413 W/System.err( 960): at android.app.ActivityThread$AndroidOs.open(ActivityThread.java:8138)
06-03 15:32:45.413 W/System.err( 960): at libcore.io.IoBridge.open(IoBridge.java:560)
06-03 15:32:45.413 W/System.err( 960): ... 14 more
06-03 15:32:45.417 I/BLE_Service( 960): Device Name: Dangbei, MAC Address: E4:BB:D3:57:C0:22
06-03 15:32:45.418 W/System.err( 960): java.io.FileNotFoundException: /sys/class/aml_btusb/aml_btusb/aml_rclist: open failed: ENOENT (No such file or directory)
06-03 15:32:45.418 W/System.err( 960): at libcore.io.IoBridge.open(IoBridge.java:574)
06-03 15:32:45.418 W/System.err( 960): at java.io.FileInputStream.(FileInputStream.java:160)
06-03 15:32:45.418 W/System.err( 960): at java.io.FileReader.(FileReader.java:75)
06-03 15:32:45.418 W/System.err( 960): at com.droidlogic.btpair.DialogBluetoothService.readCurrentMacAddresses(DialogBluetoothService.java:325)
06-03 15:32:45.418 W/System.err( 960): at com.droidlogic.btpair.DialogBluetoothService.writeMacAddressToFile(DialogBluetoothService.java:307)
06-03 15:32:45.418 W/System.err( 960): at com.droidlogic.btpair.DialogBluetoothService.GetToBondedDevicesMacAddress(DialogBluetoothService.java:456)
06-03 15:32:45.418 W/System.err( 960): at com.droidlogic.btpair.DialogBluetoothService$2.run(DialogBluetoothService.java:349)
06-03 15:32:45.418 W/System.err( 960): at android.os.Handler.handleCallback(Handler.java:958)
06-03 15:32:45.418 W/System.err( 960): at android.os.Handler.dispatchMessage(Handler.java:99)
06-03 15:32:45.418 W/System.err( 960): at android.os.Looper.loopOnce(Looper.java:205)
06-03 15:32:45.418 W/System.err( 960): at android.os.Looper.loop(Looper.java:294)
06-03 15:32:45.418 W/System.err( 960): at android.app.ActivityThread.main(ActivityThread.java:8255)
06-03 15:32:45.418 W/System.err( 960): at java.lang.reflect.Method.invoke(Native Method)
06-03 15:32:45.418 W/System.err( 960): at com.android.internal.os.RuntimeInit$MethodAndArgsCaller.run(RuntimeInit.java:552)
06-03 15:32:45.418 W/System.err( 960): at com.android.internal.os.ZygoteInit.main(ZygoteInit.java:978)
06-03 15:32:45.419 W/System.err( 960): Caused by: android.system.ErrnoException: open failed: ENOENT (No such file or directory)
06-03 15:32:45.419 W/System.err( 960): at libcore.io.Linux.open(Native Method)
06-03 15:32:45.419 W/System.err( 960): at libcore.io.ForwardingOs.open(ForwardingOs.java:563)
06-03 15:32:45.419 W/System.err( 960): at libcore.io.BlockGuardOs.open(BlockGuardOs.java:274)
06-03 15:32:45.419 W/System.err( 960): at libcore.io.ForwardingOs.open(ForwardingOs.java:563)
06-03 15:32:45.419 W/System.err( 960): at android.app.ActivityThread$AndroidOs.open(ActivityThread.java:8138)
06-03 15:32:45.419 W/System.err( 960): at libcore.io.IoBridge.open(IoBridge.java:560)
06-03 15:32:45.419 W/System.err( 960): ... 14 more
06-03 15:32:45.419 E/BLE_Service( 960): error /sys/class/aml_btusb/aml_btusb/aml_rclist: open failed: ENOENT (No such file or directory)
06-03 15:32:45.419 W/System.err( 960): java.io.FileNotFoundException: /sys/class/aml_btusb/aml_btusb/aml_rclist: open failed: ENOENT (No such file or directory)
06-03 15:32:45.419 W/System.err( 960): at libcore.io.IoBridge.open(IoBridge.java:574)
06-03 15:32:45.419 W/System.err( 960): at java.io.FileOutputStream.(FileOutputStream.java:236)
06-03 15:32:45.419 W/System.err( 960): at java.io.FileOutputStream.(FileOutputStream.java:125)
06-03 15:32:45.419 W/System.err( 960): at java.io.FileWriter.(FileWriter.java:66)
06-03 15:32:45.419 W/System.err( 960): at com.droidlogic.btpair.DialogBluetoothService.writeMacAddressToFile(DialogBluetoothService.java:310)
