06-03 15:32:22.159 I/ ( 0): [3 T1 ..] amlogic-crg-drd-usb2 fe348000.usbphy21: USB2 phy probe:phy_mem:0xfe348000, iomap phy_base:0xffffffc00ab91000
06-03 15:32:22.161 E/[3 T1 ..] [usb]( 0): amlogic_crg_drd_usb2_set_usb_vbus_power 1.
06-03 15:32:22.162 I/ ( 0): [3 T1 ..] amlogic-crg-drd-usb2 fe348000.usbphy21: phy trim value= 0x000000ff
06-03 15:32:22.163 I/ ( 0): [3 T1 ..] amlogic-crg-drd-usb2 fe348000.usbphy21: usb2 pll init done, val: 0x8f549540
06-03 15:32:22.164 D/[3 T1 ..] [usb]( 0): call amlogic_crg_drd_usb2_drv_init() success
06-03 15:32:22.165 E/ ( 0): [3 T1 ..] amlogic-crg-drd-usb3 fe358080.usbphy30: This phy has no usb port
06-03 15:32:22.165 I/ ( 0): [3 T1 ..] amlogic-crg-drd-usb3 fe358080.usbphy30: USB3 phy probe:phy_mem:0xfe358080, iomap phy_base:0xffffffc00afa1080
06-03 15:32:22.167 E/ ( 0): [3 T1 ..] amlogic-crg-drd-usb3 fe348080.usbphy31: This phy has no usb port
06-03 15:32:22.168 I/ ( 0): [3 T1 ..] amlogic-crg-drd-usb3 fe348080.usbphy31: USB3 phy probe:phy_mem:0xfe348080, iomap phy_base:0xffffffc00afc0080
06-03 15:32:22.169 D/[3 T1 ..] [usb]( 0): call amlogic_crg_drd_usb3_drv_init() success
06-03 15:32:22.170 E/[3 T1 ..] [usb]( 0): amlogic_crg_drd_usb2_set_usb_vbus_power 1.
06-03 15:32:22.170 I/ ( 0): [3 T1 ..] amlogic-crg-drd-usb2 fe348000.usbphy21: phy trim value= 0x000000ff
06-03 15:32:22.171 I/ ( 0): [3 T1 ..] amlogic-crg-drd-usb2 fe348000.usbphy21: usb2 pll init done, val: 0x8f549540
06-03 15:32:22.172 E/ ( 0): [3 T1 ..] crg_drd fe340000.crg: IRQ host not found
06-03 15:32:22.173 E/ ( 0): [3 T1 ..] crg_drd fe340000.crg: IRQ crg_usb3 not found
06-03 15:32:22.174 I/ ( 0): [3 T1 ..] xhci-hcd-meson xhci-hcd-meson.0.auto: meson-quirks=0x90006---
06-03 15:32:22.175 E/[3 T1 ..] [usb]( 0): amlogic_crg_drd_usb2_set_usb_vbus_power 1.
06-03 15:32:22.176 I/ ( 0): [3 T1 ..] amlogic-crg-drd-usb2 fe348000.usbphy21: phy trim value= 0x000000ff
06-03 15:32:22.177 I/ ( 0): [3 T1 ..] amlogic-crg-drd-usb2 fe348000.usbphy21: usb2 pll init done, val: 0x8f549540
06-03 15:32:22.178 I/ ( 0): [3 T1 ..] xhci-hcd-meson xhci-hcd-meson.0.auto: xHCI Host Controller
06-03 15:32:22.179 I/ ( 0): [3 T1 ..] xhci-hcd-meson xhci-hcd-meson.0.auto: new USB bus registered, assigned bus number 1
06-03 15:32:22.180 I/ ( 0): [3 T1 ..] xhci-hcd-meson xhci-hcd-meson.0.auto: hcc params 0x08000f80 hci version 0x110 quirks 0x0000200020810090
06-03 15:32:22.181 I/ ( 0): [3 T1 ..] xhci-hcd-meson xhci-hcd-meson.0.auto: irq 28, io mem 0xfe340000
06-03 15:32:22.182 I/ ( 0): [3 T1 ..] xhci-hcd-meson xhci-hcd-meson.0.auto: xHCI Host Controller
06-03 15:32:22.183 I/ ( 0): [3 T1 ..] xhci-hcd-meson xhci-hcd-meson.0.auto: new USB bus registered, assigned bus number 2
06-03 15:32:22.185 I/ ( 0): [3 T1 ..] xhci-hcd-meson xhci-hcd-meson.0.auto: Host supports USB 3.0 SuperSpeed
06-03 15:32:22.186 I/ ( 0): [3 T1 ..] usb usb1: New USB device found, idVendor=1d6b, idProduct=0002, bcdDevice= 5.15
06-03 15:32:22.187 I/ ( 0): [3 T1 ..] usb usb1: New USB device strings: Mfr=3, Product=2, SerialNumber=1
06-03 15:32:22.188 I/ ( 0): [3 T1 ..] usb usb1: Product: xHCI Host Controller
06-03 15:32:22.189 I/ ( 0): [3 T1 ..] usb usb1: Manufacturer: Linux 5.15.170-android14-11-gce7825878084-dirty xhci-hcd
06-03 15:32:22.190 I/ ( 0): [3 T1 ..] usb usb1: SerialNumber: xhci-hcd-meson.0.auto
06-03 15:32:22.191 D/[3 T1 ..] [usb]( 0): xHCI aml_xhci_add_endpoint called for root hub
06-03 15:32:22.191 D/[3 T1 ..] [usb]( 0): xHCI aml_xhci_check_bandwidth called for root hub
06-03 15:32:22.191 I/ ( 0): [3 T1 ..] hub 1-0:1.0: USB hub found
06-03 15:32:22.191 I/ ( 0): [3 T1 ..] hub 1-0:1.0: 1 port detected
06-03 15:32:22.192 I/ ( 0): [3 T1 ..] usb usb2: We don't know the algorithms for LPM for this host, disabling LPM.
06-03 15:32:22.193 I/ ( 0): [3 T1 ..] usb usb2: New USB device found, idVendor=1d6b, idProduct=0003, bcdDevice= 5.15
06-03 15:32:22.194 I/ ( 0): [3 T1 ..] usb usb2: New USB device strings: Mfr=3, Product=2, SerialNumber=1
06-03 15:32:22.195 I/ ( 0): [3 T1 ..] usb usb2: Product: xHCI Host Controller
06-03 15:32:22.196 I/ ( 0): [3 T1 ..] usb usb2: Manufacturer: Linux 5.15.170-android14-11-gce7825878084-dirty xhci-hcd
06-03 15:32:22.197 I/ ( 0): [3 T1 ..] usb usb2: SerialNumber: xhci-hcd-meson.0.auto
06-03 15:32:22.198 D/[3 T1 ..] [usb]( 0): xHCI aml_xhci_add_endpoint called for root hub
06-03 15:32:22.198 D/[3 T1 ..] [usb]( 0): xHCI aml_xhci_check_bandwidth called for root hub
06-03 15:32:22.198 I/ ( 0): [3 T1 ..] hub 2-0:1.0: USB hub found
06-03 15:32:22.199 E/ ( 0): [3 T1 ..] hub 2-0:1.0: config failed, hub doesn't have any ports! (err -19)
06-03 15:32:22.200 D/[3 T1 ..] [usb]( 0): call amlogic_crg_host_driver_init() success
06-03 15:32:22.200 I/ ( 0): [3 T1 ..] amlogic-crg-otg soc:crgotg@fe358000: controller_type is 1
06-03 15:32:22.200 I/ ( 0): [3 T1 ..] amlogic-crg-otg soc:crgotg@fe358000: crg_force_device_mode is 0
06-03 15:32:22.201 I/ ( 0): [3 T1 ..] amlogic-crg-otg soc:crgotg@fe358000: otg is 0
06-03 15:32:22.202 I/ ( 0): [3 T1 ..] amlogic-crg-otg soc:crgotg@fe358000: udc_name: 0xfe350000.crgudc
06-03 15:32:22.203 I/ ( 0): [3 T1 ..] amlogic-crg-otg soc:crgotg@fe358000: phy2_mem:0xfe358000, iomap phy2_base:0xffffffc00afe1000
06-03 15:32:22.205 I/ ( 0): [3 T1 ..] amlogic-crg-otg soc:crgotg@fe358000: phy3_mem:0xfe358080, iomap phy3_base:0xffffffc00afe3080
06-03 15:32:22.207 I/ ( 0): [3 T1 ..] amlogic-crg-drd-usb2 fe358000.usbphy20: phy trim value= 0x000000ff
06-03 15:32:22.208 I/ ( 0): [3 T1 ..] amlogic-crg-drd-usb2 fe358000.usbphy20: usb2 pll init done, val: 0x8f549540
06-03 15:32:22.209 E/ ( 0): [3 T1 ..] crg_drd_otg fe350000.crgdrd: IRQ host not found
06-03 15:32:22.209 E/ ( 0): [3 T1 ..] crg_drd_otg fe350000.crgdrd: IRQ crg_usb3 not found
06-03 15:32:22.211 I/ ( 0): [3 T1 ..] xhci-hcd-meson xhci-hcd-meson.1.auto: meson-quirks=0x90006---
06-03 15:32:22.211 I/ ( 0): [3 T1 ..] amlogic-crg-drd-usb2 fe358000.usbphy20: phy trim value= 0x000000ff
06-03 15:32:22.212 I/ ( 0): [3 T1 ..] amlogic-crg-drd-usb2 fe358000.usbphy20: usb2 pll init done, val: 0x8f549540
06-03 15:32:22.213 I/ ( 0): [3 T1 ..] xhci-hcd-meson xhci-hcd-meson.1.auto: xHCI Host Controller
06-03 15:32:22.214 I/ ( 0): [3 T1 ..] xhci-hcd-meson xhci-hcd-meson.1.auto: new USB bus registered, assigned bus number 3
06-03 15:32:22.216 I/ ( 0): [3 T1 ..] xhci-hcd-meson xhci-hcd-meson.1.auto: hcc params 0x08000f80 hci version 0x110 quirks 0x0000200020810090
06-03 15:32:22.217 I/ ( 0): [3 T1 ..] xhci-hcd-meson xhci-hcd-meson.1.auto: irq 27, io mem 0xfe350000
06-03 15:32:22.218 I/ ( 0): [3 T1 ..] xhci-hcd-meson xhci-hcd-meson.1.auto: xHCI Host Controller
06-03 15:32:22.219 I/ ( 0): [3 T1 ..] xhci-hcd-meson xhci-hcd-meson.1.auto: new USB bus registered, assigned bus number 4
06-03 15:32:22.220 I/ ( 0): [3 T1 ..] xhci-hcd-meson xhci-hcd-meson.1.auto: Host supports USB 3.0 SuperSpeed
06-03 15:32:22.221 I/ ( 0): [3 T1 ..] usb usb3: New USB device found, idVendor=1d6b, idProduct=0002, bcdDevice= 5.15
06-03 15:32:22.222 I/ ( 0): [3 T1 ..] usb usb3: New USB device strings: Mfr=3, Product=2, SerialNumber=1
06-03 15:32:22.224 I/ ( 0): [3 T1 ..] usb usb3: Product: xHCI Host Controller
06-03 15:32:22.224 I/ ( 0): [3 T1 ..] usb usb3: Manufacturer: Linux 5.15.170-android14-11-gce7825878084-dirty xhci-hcd
06-03 15:32:22.225 I/ ( 0): [3 T1 ..] usb usb3: SerialNumber: xhci-hcd-meson.1.auto
06-03 15:32:22.226 D/[3 T1 ..] [usb]( 0): xHCI aml_xhci_add_endpoint called for root hub
06-03 15:32:22.226 D/[3 T1 ..] [usb]( 0): xHCI aml_xhci_check_bandwidth called for root hub
06-03 15:32:22.227 I/ ( 0): [3 T1 ..] hub 3-0:1.0: USB hub found
06-03 15:32:22.227 I/ ( 0): [3 T1 ..] hub 3-0:1.0: 1 port detected
06-03 15:32:22.228 I/ ( 0): [3 T1 ..] usb usb4: We don't know the algorithms for LPM for this host, disabling LPM.
06-03 15:32:22.229 I/ ( 0): [3 T1 ..] usb usb4: New USB device found, idVendor=1d6b, idProduct=0003, bcdDevice= 5.15
06-03 15:32:22.230 I/ ( 0): [3 T1 ..] usb usb4: New USB device strings: Mfr=3, Product=2, SerialNumber=1
06-03 15:32:22.231 I/ ( 0): [3 T1 ..] usb usb4: Product: xHCI Host Controller
06-03 15:32:22.232 I/ ( 0): [3 T1 ..] usb usb4: Manufacturer: Linux 5.15.170-android14-11-gce7825878084-dirty xhci-hcd
06-03 15:32:22.233 I/ ( 0): [3 T1 ..] usb usb4: SerialNumber: xhci-hcd-meson.1.auto
06-03 15:32:22.234 D/[3 T1 ..] [usb]( 0): xHCI aml_xhci_add_endpoint called for root hub
06-03 15:32:22.234 D/[3 T1 ..] [usb]( 0): xHCI aml_xhci_check_bandwidth called for root hub
06-03 15:32:22.234 I/ ( 0): [3 T1 ..] hub 4-0:1.0: USB hub found
06-03 15:32:22.234 E/ ( 0): [3 T1 ..] hub 4-0:1.0: config failed, hub doesn't have any ports! (err -19)
06-03 15:32:22.236 D/[3 T1 ..] [usb]( 0): call crg_otg_init() success
06-03 15:32:22.236 D/[3 T1 ..] [usb]( 0): call crg_otg_v2_init() success
06-03 15:32:22.236 D/[3 T1 ..] [usb]( 0): ### usb_main_init() end
06-03 15:32:22.250 E/[3 T1 ..] [drm( 0): meson_of_init [aml_drm]] *ERROR* osd_axi_sel parser failed and set default 0
06-03 15:32:22.251 I/ ( 0): [3 T1 ..] [drm] meson_video_parse_config:vfm_mode = 1
06-03 15:32:22.251 I/[3 T1 ..] register_osd_status_cb( 0): SBTM register osd enable status func
06-03 15:32:22.252 I/ ( 0): [3 T1 ..] register osd enable status func
06-03 15:32:22.253 I/ ( 0): [3 T1 ..] [drm] osd plane 0 create done, occupied-0 crtc_mask-0 type-1 osd_reverse-0
06-03 15:32:22.254 I/ ( 0): [3 T1 ..] [drm] osd plane 1 create done, occupied-0 crtc_mask-0 type-0 osd_reverse-0
06-03 15:32:22.255 I/ ( 0): [3 T1 ..] [drm] video plane 0 create done
06-03 15:32:22.256 I/ ( 0): [3 T1 ..] [drm] video plane 1 create done
06-03 15:32:22.258 I/ ( 0): [0 T1 ..] [drm] meson_vpu_reg_handle_register, vpp0-5
06-03 15:32:22.258 I/ ( 0): [0 T1 ..] [drm] skip gamma init
06-03 15:32:22.258 I/ ( 0): [0 T1 ..] secure_register module=0 ok
06-03 15:32:22.259 I/ ( 0): [0 T1 ..] secure_register module=0 ok
06-03 15:32:22.260 I/ ( 0): [0 T1 ..] [drm] video_hw_init:vfm_mode = 1
06-03 15:32:22.260 I/ ( 0): [0 T1 ..] [drm] video_hw_init:vfm_mode = 1
06-03 15:32:22.261 I/ ( 0): [0 T1 ..] meson drm-subsystem: bound ff900000.drm-vpu (ops am_meson_vpu_component_ops [aml_drm])
06-03 15:32:22.262 I/[0 T1 ..] [hdmitx( 0): ] meson_hdmitx_bind hdmi [0]
06-03 15:32:22.263 I/ ( 0): [0 T1 ..] meson drm-subsystem: bound ff000000.amhdmitx (ops meson_hdmitx_bind_ops [aml_media])
06-03 15:32:22.266 I/[0 T1 ..] cvbsout( 0): meson_cvbs_bind cvbs [0]
06-03 15:32:22.267 I/ ( 0): [0 T1 ..] meson drm-subsystem: bound drm-amcvbsout (ops meson_cvbs_bind_ops [aml_media])
06-03 15:32:22.270 I/ ( 0): [0 T1 ..] [drm] [meson_dummyl_dev_bind]-[190] called
06-03 15:32:22.270 E/ ( 0): [0 T1 ..] meson_dummyl_bind dummyl[0]
06-03 15:32:22.271 I/ ( 0): [0 T1 ..] meson drm-subsystem: bound dummy_venc (ops meson_dummyl_bind_ops [aml_media])
06-03 15:32:22.274 I/ ( 0): [0 T1 ..] [drm] logo_skip = 0
06-03 15:32:22.274 I/ ( 0): [0 T1 ..] [drm] allocate reserved mem
06-03 15:32:22.275 I/ ( 0): [0 T1 ..] [drm] of read reservememsize=0x800000--0x1f800000
06-03 15:32:22.276 I/ ( 0): [0 T1 ..] [drm] logo0 width=1920,height=1080,start_addr=0x0x000000001f800000,size=8388608
06-03 15:32:22.277 I/ ( 0): [0 T1 ..] [drm] Found Connector[11] mode[2160p60hz]
06-03 15:32:22.278 I/[0 T1 ..] [hdmitx( 0): ] qms brr 97 qms_en 0
06-03 15:32:22.278 I/ ( 0): [0 T1 ..] [drm] build_hdmitx_attr_str:420,10bit = 3+10
06-03 15:32:22.279 I/ ( 0): [0 T1 ..] [drm] am_meson_crtc_atomic_enable-[0] in: new[2160p60hz], old[], vmode[0-4], uboot[1]
06-03 15:32:22.280 I/ ( 0): [0 T1 ..] [drm] am_meson_crtc_atomic_enable-[0]: enable mode 2160p60hz final vmode 0
06-03 15:32:22.282 I/[0 T1 ..] [hdmitx( 0): ] skip real mode setting for uboot init
06-03 15:32:22.282 I/[0 T1 ..] DOLBY( 0): vout_notify_callback: VOUT_EVENT_MODE_CHANGE
06-03 15:32:22.283 I/ ( 0): [0 T1 ..] vsync_pts_inc 1500 1/60
06-03 15:32:22.284 I/ ( 0): [0 T1 ..] [drm] meson_vout_update_mode_name: hdmitx update vout 1 name 2160p60hz.
06-03 15:32:22.297 I/ ( 0): [2 T1 ..] [drm] Initialized meson 2.0.0 20220603 for drm-subsystem on minor 0
06-03 15:32:22.299 I/ ( 0): [2 T1 ..] amfc_probe, socs:55, coherent:0, garbage page:1f201, bounce:ffffffc00b1c8000, c:ffffff801f1dd200, d:ffffff801f1ddec0
06-03 15:32:22.301 I/ ( 0): [2 T1 ..] AMFC VLSI version:100, feature:1, clk:666666656
06-03 15:32:22.476 I/[2 T1 ..] fsck.f2fs( 0): executing /system/bin/fsck.f2fs failed: Permission denied
06-03 15:32:22.477 I/[2 T1 ..] fsck.f2fs( 0): fsck.f2fs terminated by exit(255)
06-03 15:32:22.477 I/ ( 0): [2 T1 ..]
06-03 15:32:22.481 I/ ( 0): [2 T1 ..] F2FS-fs (mmcblk0p24): Found nat_bits in checkpoint
06-03 15:32:22.486 I/ ( 0): [0 T1 ..] F2FS-fs (mmcblk0p24): Mounted with checkpoint version = 25265ebc
06-03 15:32:22.507 I/[3 T1 ..] device-mapper( 0): verity: sha256 using implementation "sha256-ce"
06-03 15:32:22.511 I/[2 T1 ..] erofs( 0): (device dm-8): mounted with root inode @ nid 59.
06-03 15:32:22.516 I/[0 T1 ..] device-mapper( 0): verity: sha256 using implementation "sha256-ce"
06-03 15:32:22.520 I/[2 T1 ..] erofs( 0): (device dm-9): mounted with root inode @ nid 39.
06-03 15:32:22.523 I/[0 T1 ..] device-mapper( 0): verity: sha256 using implementation "sha256-ce"
06-03 15:32:22.525 I/[3 T1 ..] erofs( 0): (device dm-10): mounted with root inode @ nid 38.
06-03 15:32:22.527 I/[3 T1 ..] device-mapper( 0): verity: sha256 using implementation "sha256-ce"
06-03 15:32:22.531 I/[0 T1 ..] erofs( 0): (device dm-11): mounted with root inode @ nid 46.
06-03 15:32:22.534 I/[3 T1 ..] device-mapper( 0): verity: sha256 using implementation "sha256-ce"
06-03 15:32:22.538 I/[3 T1 ..] erofs( 0): (device dm-12): mounted with root inode @ nid 39.
06-03 15:32:22.540 I/[3 T1 ..] device-mapper( 0): verity: sha256 using implementation "sha256-ce"
06-03 15:32:22.544 I/[3 T1 ..] erofs( 0): (device dm-13): mounted with root inode @ nid 40.
06-03 15:32:22.545 I/[3 T1 ..] device-mapper( 0): verity: sha256 using implementation "sha256-ce"
06-03 15:32:22.550 I/[3 T1 ..] erofs( 0): (device dm-14): mounted with root inode @ nid 40.
06-03 15:32:22.551 I/[3 T1 ..] device-mapper( 0): verity: sha256 using implementation "sha256-ce"
06-03 15:32:22.553 I/[3 T1 ..] erofs( 0): (device dm-15): mounted with root inode @ nid 38.
06-03 15:32:22.555 I/[3 T1 ..] device-mapper( 0): verity: sha256 using implementation "sha256-ce"
06-03 15:32:22.561 I/ ( 0): [3 T1 ..] EXT4-fs (dm-16): mounted filesystem with ordered data mode. Opts: barrier=1. Quota mode: none.
06-03 15:32:22.562 W/ ( 0): [3 T1 ..] EXT4-fs (mmcblk0p16): Ignoring removed nomblk_io_submit option
06-03 15:32:22.564 I/ ( 0): [3 T1 ..] EXT4-fs (mmcblk0p16): mounted filesystem with ordered data mode. Opts: nodelalloc,nomblk_io_submit,errors=panic. Quota mode: none.
06-03 15:32:22.589 I/ ( 0): [1 T84 ..] max high: 39
06-03 15:32:22.601 W/[1 T1 ..] printk( 0): init: 152 output lines suppressed due to ratelimiting
06-03 15:32:22.697 I/ ( 0): [0 T21 ..] usb 3-1: new low-speed USB device number 2 using xhci-hcd-meson
06-03 15:32:22.700 I/[1 T1 ..] init( 0): Opening SELinux policy
06-03 15:32:22.703 I/[3 T1 ..] init( 0): Falling back to standard signature check. TODO implement support for fsverity SEPolicy.
06-03 15:32:22.704 I/[3 T1 ..] init( 0): Error: Apex SEPolicy failed signature check
06-03 15:32:22.705 I/[3 T1 ..] init( 0): Loading APEX Sepolicy from /system/etc/selinux/apex/SEPolicy.zip
06-03 15:32:22.706 E/[3 T1 ..] init( 0): Failed to open package /system/etc/selinux/apex/SEPolicy.zip: No such file or directory
06-03 15:32:22.715 I/[0 T1 ..] init( 0): Loading SELinux policy
06-03 15:32:22.734 I/[0 T1 ..] SELinux( 0): Permission bpf in class capability2 not defined in policy.
06-03 15:32:22.734 I/[0 T1 ..] SELinux( 0): Permission checkpoint_restore in class capability2 not defined in policy.
06-03 15:32:22.736 I/[0 T1 ..] SELinux( 0): Permission bpf in class cap2_userns not defined in policy.
06-03 15:32:22.737 I/[0 T1 ..] SELinux( 0): Permission checkpoint_restore in class cap2_userns not defined in policy.
06-03 15:32:22.738 I/[0 T1 ..] SELinux( 0): Class mctp_socket not defined in policy.
06-03 15:32:22.739 I/[0 T1 ..] SELinux( 0): the above unknown classes and permissions will be denied
06-03 15:32:22.744 I/[0 T1 ..] SELinux( 0): policy capability network_peer_controls=1
06-03 15:32:22.744 I/[0 T1 ..] SELinux( 0): policy capability open_perms=1
06-03 15:32:22.745 I/[0 T1 ..] SELinux( 0): policy capability extended_socket_class=1
06-03 15:32:22.746 I/[0 T1 ..] SELinux( 0): policy capability always_check_network=0
06-03 15:32:22.747 I/[0 T1 ..] SELinux( 0): policy capability cgroup_seclabel=0
06-03 15:32:22.748 I/[0 T1 ..] SELinux( 0): policy capability nnp_nosuid_transition=1
06-03 15:32:22.749 I/[0 T1 ..] SELinux( 0): policy capability genfs_seclabel_symlinks=0
06-03 15:32:22.749 I/[0 T1 ..] SELinux( 0): policy capability ioctl_skip_cloexec=0
06-03 15:32:22.864 I/ ( 0): [0 T21 ..] usb 3-1: New USB device found, idVendor=2a7a, idProduct=9597, bcdDevice= 0.01
06-03 15:32:22.864 I/ ( 0): [0 T21 ..] usb 3-1: New USB device strings: Mfr=0, Product=1, SerialNumber=0
06-03 15:32:22.865 I/ ( 0): [0 T21 ..] usb 3-1: Product: CASUE USB KB
06-03 15:32:22.865 I/[3 T1 ..] selinux( 0): SELinux: Loaded file context from:
06-03 15:32:22.866 D/ ( 0): [0 T21 ..] usb 3-1: ep 0x81 - rounding interval to 64 microframes, ep desc says 80 microframes
06-03 15:32:22.867 I/[3 T1 ..] selinux( 0): /system/etc/selinux/plat_file_contexts
06-03 15:32:22.867 D/ ( 0): [0 T21 ..] usb 3-1: ep 0x82 - rounding interval to 64 microframes, ep desc says 80 microframes
06-03 15:32:22.867 I/[3 T1 ..] selinux( 0): /system_ext/etc/selinux/system_ext_file_contexts
06-03 15:32:22.868 I/[3 T1 ..] selinux( 0): /product/etc/selinux/product_file_contexts
06-03 15:32:22.873 I/[0 T21 ..] input( 0): CASUE USB KB as /devices/platform/soc/fe350000.crgdrd/xhci-hcd-meson.1.auto/usb3/3-1/3-1:1.0/0003:2A7A:9597.0001/input/input6
06-03 15:32:22.874 W/[3 T1 ..] printk( 0): init: 2 output lines suppressed due to ratelimiting
06-03 15:32:22.890 I/[3 T1 ..] init( 0): init second stage started!
06-03 15:32:22.915 I/[3 T1 ..] selinux( 0): SELinux: Loaded file context from:
06-03 15:32:22.915 I/[3 T1 ..] selinux( 0): /system/etc/selinux/plat_file_contexts
06-03 15:32:22.916 I/[3 T1 ..] selinux( 0): /system_ext/etc/selinux/system_ext_file_contexts
06-03 15:32:22.917 I/[3 T1 ..] selinux( 0): /product/etc/selinux/product_file_contexts
06-03 15:32:22.918 I/[3 T1 ..] selinux( 0): /vendor/etc/selinux/vendor_file_contexts
06-03 15:32:22.937 I/ ( 0): [0 T21 ..] hid-generic 0003:2A7A:9597.0001: input,hidraw0: USB HID v1.10 Keyboard [CASUE USB KB] on usb-xhci-hcd-meson.1.auto-1/input0
06-03 15:32:22.937 I/[3 T1 ..] init( 0): Using Android DT directory /proc/device-tree/firmware/android/
06-03 15:32:22.942 E/[1 T1 ..] init( 0): Do not have permissions to set 'persist.bluetooth.btsnooplogmode' to 'disable' in property file '/system/build.prop': Property type check failed, value doesn't match expected type 'enum empty disabled filtered full'
06-03 15:32:22.945 I/[0 T21 ..] input( 0): CASUE USB KB Consumer Control as /devices/platform/soc/fe350000.crgdrd/xhci-hcd-meson.1.auto/usb3/3-1/3-1:1.1/0003:2A7A:9597.0002/input/input7
06-03 15:32:22.947 I/[0 T21 ..] input( 0): CASUE USB KB System Control as /devices/platform/soc/fe350000.crgdrd/xhci-hcd-meson.1.auto/usb3/3-1/3-1:1.1/0003:2A7A:9597.0002/input/input8
06-03 15:32:22.948 I/ ( 0): [0 T21 ..] hid-generic 0003:2A7A:9597.0002: input,hidraw1: USB HID v1.10 Device [CASUE USB KB] on usb-xhci-hcd-meson.1.auto-1/input1
06-03 15:32:22.952 W/[2 T1 ..] init( 0): Overriding previous property 'persist.bluetooth.btsnoopsize':'0xffff' with new value '0xfffffff'
06-03 15:32:22.958 W/[2 T1 ..] init( 0): Overriding previous property 'ro.sf.lcd_density':'320' with new value '240'
06-03 15:32:23.104 I/[0 T165 ..] ueventd( 0): ueventd started!
06-03 15:32:23.110 I/[0 T165 ..] selinux( 0): SELinux: Loaded file context from:
06-03 15:32:23.110 I/[0 T165 ..] selinux( 0): /system/etc/selinux/plat_file_contexts
06-03 15:32:23.111 I/[0 T165 ..] selinux( 0): /system_ext/etc/selinux/system_ext_file_contexts
06-03 15:32:23.112 I/[0 T165 ..] selinux( 0): /product/etc/selinux/product_file_contexts
06-03 15:32:23.113 I/[0 T165 ..] selinux( 0): /vendor/etc/selinux/vendor_file_contexts
06-03 15:32:23.115 I/[2 T165 ..] ueventd( 0): Parsing file /system/etc/ueventd.rc...
06-03 15:32:23.115 I/[2 T165 ..] ueventd( 0): Added '/vendor/etc/ueventd.rc' to import list
06-03 15:32:23.116 I/[2 T165 ..] ueventd( 0): Added '/odm/etc/ueventd.rc' to import list
06-03 15:32:23.119 I/[1 T165 ..] ueventd( 0): Parsing file /vendor/etc/ueventd.rc...
06-03 15:32:23.129 I/[3 T166 ..] apexd( 0): Bootstrap subcommand detected
06-03 15:32:23.129 E/[3 T166 ..] cutils-trace( 0): Error opening trace file: No such file or directory (2)
06-03 15:32:23.130 I/[3 T166 ..] apexd-bootstrap( 0): Scanning /system/apex for pre-installed ApexFiles
06-03 15:32:23.132 I/[3 T166 ..] apexd-bootstrap( 0): Found pre-installed APEX /system/apex/com.amlogic.mediaextractor.apex
06-03 15:32:23.135 I/[3 T166 ..] apexd-bootstrap( 0): Found pre-installed APEX /system/apex/com.android.adbd.capex
06-03 15:32:23.138 I/[3 T166 ..] apexd-bootstrap( 0): Found pre-installed APEX /system/apex/com.android.adservices.capex
06-03 15:32:23.141 I/[3 T166 ..] apexd-bootstrap( 0): Found pre-installed APEX /system/apex/com.android.apex.cts.shim.apex
06-03 15:32:23.143 I/[3 T166 ..] apexd-bootstrap( 0): Found pre-installed APEX /system/apex/com.android.appsearch.capex
06-03 15:32:23.145 I/[3 T166 ..] apexd-bootstrap( 0): Found pre-installed APEX /system/apex/com.android.art.capex
06-03 15:32:23.149 I/[3 T166 ..] apexd-bootstrap( 0): Found pre-installed APEX /system/apex/com.android.btservices.apex
06-03 15:32:24.170 I/[3 T204 ..] loop0( 0): detected capacity change from 0 to 34880
06-03 15:32:24.171 I/[3 T207 ..] loop1( 0): detected capacity change from 0 to 7024
06-03 15:32:24.173 I/[2 T205 ..] loop2( 0): detected capacity change from 0 to 1616
06-03 15:32:24.177 I/[2 T206 ..] loop3( 0): detected capacity change from 0 to 68064
06-03 15:32:24.188 I/ ( 0): [0 T205 ..] EXT4-fs (loop2): mounted filesystem without journal. Opts: (null). Quota mode: none.
06-03 15:32:24.194 I/ ( 0): [0 T204 ..] EXT4-fs (loop0): mounted filesystem without journal. Opts: (null). Quota mode: none.
06-03 15:32:24.198 I/ ( 0): [3 T206 ..] EXT4-fs (loop3): mounted filesystem without journal. Opts: (null). Quota mode: none.
06-03 15:32:24.198 I/ ( 0): [0 T207 ..] EXT4-fs (loop1): mounted filesystem without journal. Opts: (null). Quota mode: none.
06-03 15:32:24.212 W/[3 T166 ..] printk( 0): apexd: 49 output lines suppressed due to ratelimiting
06-03 15:32:24.279 W/[3 T164 ..] protected_memory_allocator( 0): loading out-of-tree module taints kernel.
06-03 15:32:24.280 E/[3 T164 ..] [tee]( 0): tee_pta_invoke_cmd invoke func failed, cmd = 0, ret= 0, res = 0xffff0006, origin = 0x4
06-03 15:32:24.281 E/ ( 0): [3 T164 ..] simple_protected_memory_allocator protected-memory-allocator: tee protect protected_memory fail!
06-03 15:32:24.282 I/ ( 0): [3 T164 ..] simple_protected_memory_allocator protected-memory-allocator: Protected memory allocator probed successfully
06-03 15:32:24.283 I/ ( 0): [3 T164 ..] simple_protected_memory_allocator protected-memory-allocator: Protected memory region: base=e5800000 num pages=0
06-03 15:32:24.295 W/[3 T164 ..] amlogic_fbc_lib( 0): module license 'Copyright (C) 2015 Amlogic, Inc. All rights reserved.' taints kernel.
06-03 15:32:24.295 W/ ( 0): [3 T164 ..] Disabling lock debugging due to kernel taint
06-03 15:32:24.297 W/ ( 0): [3 T164 ..] Kernel module BTF mismatch detected, BTF debug info may be unavailable for some modules
06-03 15:32:24.297 E/ ( 0): [3 T164 ..] register_amlogic_afbc_dec_fun
06-03 15:32:24.370 I/ ( 0): [3 T164 ..] cuva alg: 2024-01-17 V-0.3, cuvahdr2sdr proc with sdr path when >200nit init ok
06-03 15:32:24.373 I/[3 T164 ..] hdr10_tmo_alg( 0): hdr10_tmo_alg_driver_init insmod ok. v1.0_2023-2-14
06-03 15:32:24.405 I/ ( 0): [0 T215 ..] aml_crypto_dev fe440400.aml_dma:crypto: Aml crypto device (irq)
06-03 15:32:24.413 I/[0 T215 ..] [wireless]( 0): [wifi_dev_probe] wifi_pwm_tee = 0
06-03 15:32:24.413 I/[0 T215 ..] [wireless]( 0): [wifi_dev_probe] use double channel
06-03 15:32:24.414 I/[2 T215 ..] [wireless]( 0): [wifi_dev_probe] buf_level is :0
06-03 15:32:24.415 E/[2 T215 ..] [wireless]( 0): [dhd] STATIC-MSG) bcmdhd_init_wlan_mem : 101.10.361.31 (wlan=r892223-20230427-1)
06-03 15:32:24.416 E/[2 T215 ..] [wireless]( 0): [dhd] STATIC-MSG) dhd_init_wlan_mem : prealloc ok for index 0: 1583104(1546K)
06-03 15:32:24.418 I/[2 T215 ..] [wireless]( 0): amlogic rfkill init
06-03 15:32:24.418 I/[0 T8 ..] input( 0): input_btrcu as /devices/platform/aml_bt/input/input9
06-03 15:32:24.434 I/[3 T215 ..] zram( 0): Added device: zram0
06-03 15:32:24.444 I/[2 T215 ..] usbcore( 0): registered new interface driver rtl8150
06-03 15:32:24.450 I/[0 T215 ..] usbcore( 0): registered new device driver r8152-cfgselector
06-03 15:32:24.450 I/[0 T215 ..] usbcore( 0): registered new interface driver r8152
06-03 15:32:24.458 I/[2 T215 ..] usbcore( 0): registered new interface driver asix
06-03 15:32:24.461 I/[2 T215 ..] usbcore( 0): registered new interface driver ax88179_178a
06-03 15:32:24.465 I/[2 T215 ..] usbcore( 0): registered new interface driver cdc_ether
06-03 15:32:24.467 I/[2 T215 ..] usbcore( 0): registered new interface driver cdc_eem
06-03 15:32:24.471 I/[2 T215 ..] usbcore( 0): registered new interface driver cdc_ncm
06-03 15:32:24.474 I/[2 T215 ..] usbcore( 0): registered new interface driver aqc111
06-03 15:32:24.476 I/[2 T215 ..] usbcore( 0): registered new interface driver r8153_ecm
06-03 15:32:24.478 I/[2 T215 ..] i2c_dev( 0): i2c /dev entries driver
06-03 15:32:24.485 W/[2 T215 ..] leds-gpio( 0): probe of gpio_leds failed with error -2
06-03 15:32:24.494 W/ ( 0): [3 T215 ..] aml dvb init
06-03 15:32:24.512 I/ ( 0): [0 T215 ..] meson-vrtc fe010288.rtc: registered as rtc0
06-03 15:32:24.512 I/ ( 0): [0 T215 ..] meson-vrtc fe010288.rtc: setting system clock to 2025-06-03T07:32:24 UTC (1748935944)
06-03 15:32:24.519 F/ ( 0): [3 T215 ..] Virtual kernel memory layout:
06-03 15:32:24.519 F/[3 T215 ..] modules( 0): 0xffffffc000000000 - 0xffffffc008000000 ( 128 MB)
06-03 15:32:24.520 F/[3 T215 ..] vmalloc( 0): 0xffffffc008000000 - 0xfffffffdf0000000 ( 247 GB)
06-03 15:32:24.521 F/[3 T215 ..] fixed( 0): 0xfffffffdfdbf9000 - 0xfffffffdfe000000 ( 4124 KB)
06-03 15:32:24.522 F/ ( 0): [3 T215 ..] PCI I/O : 0xfffffffdfe800000 - 0xfffffffdff800000 ( 16 MB)
06-03 15:32:24.523 F/[3 T215 ..] vmemmap( 0): 0xfffffffe00000000 - 0xffffffff00000000 ( 4 GB maximum)
06-03 15:32:24.527 I/ ( 0): [0 T215 ..] request usb_ctl pin: 472 ok !!
06-03 15:32:24.527 I/ ( 0): [0 T215 ..] load gpio drv ok !
06-03 15:32:24.528 I/ ( 0): [0 T215 ..] Shutdown notifier registered successfully
06-03 15:32:24.530 I/ ( 0): [0 T215 ..] [AML_WATERMARK] [ERROR] [Func: aml_watermark_driver_init, Line: 475] vxwm and ngwm both are disabled
06-03 15:32:24.543 I/[0 T215 ..] [led]( 0): aml_ledlight_init!
06-03 15:32:24.543 F/[0 T215 ..] FD650( 0): fd650_driver_init: FD650 Driver init.
06-03 15:32:24.544 F/[0 T215 ..] FD655( 0): fd655_driver_init: FD655 Driver init.
06-03 15:32:24.569 I/ ( 0): [0 T215 ..] meson8b-dwmac fe368000.ethernet: IRQ eth_wake_irq not found
06-03 15:32:24.570 I/ ( 0): [0 T215 ..] meson8b-dwmac fe368000.ethernet: IRQ eth_lpi not found
06-03 15:32:24.571 I/ ( 0): [0 T215 ..] meson8b-dwmac fe368000.ethernet: PTP uses main clock
06-03 15:32:24.573 I/ ( 0): [2 T215 ..] meson8b-dwmac fe368000.ethernet: User ID: 0x50, Synopsys ID: 0x53
06-03 15:32:24.573 I/ ( 0): [2 T215 ..] meson8b-dwmac fe368000.ethernet: DWMAC4/5
06-03 15:32:24.574 I/[3 T223 ..] aml_init_mm( 0): ffffffc00a4e9f68
06-03 15:32:24.574 I/ ( 0): [2 T215 ..] meson8b-dwmac fe368000.ethernet: DMA HW capability register supported
06-03 15:32:24.576 I/ ( 0): [2 T215 ..] meson8b-dwmac fe368000.ethernet: RX Checksum Offload Engine supported
06-03 15:32:24.577 I/ ( 0): [2 T215 ..] meson8b-dwmac fe368000.ethernet: TX Checksum insertion supported
06-03 15:32:24.578 I/ ( 0): [2 T215 ..] meson8b-dwmac fe368000.ethernet: Wake-Up On Lan supported
06-03 15:32:24.579 I/ ( 0): [2 T215 ..] meson8b-dwmac fe368000.ethernet: TSO supported
06-03 15:32:24.579 I/ ( 0): [2 T215 ..] meson8b-dwmac fe368000.ethernet: Enable RX Mitigation via HW Watchdog Timer
06-03 15:32:24.581 I/ ( 0): [2 T215 ..] meson8b-dwmac fe368000.ethernet: device MAC address 20:02:fe:19:c2:3f
06-03 15:32:24.582 I/ ( 0): [2 T215 ..] meson8b-dwmac fe368000.ethernet: Enabled L3L4 Flow TC (entries=1)
06-03 15:32:24.583 I/ ( 0): [2 T215 ..] meson8b-dwmac fe368000.ethernet: Enabled RFS Flow TC (entries=8)
06-03 15:32:24.584 I/ ( 0): [2 T215 ..] meson8b-dwmac fe368000.ethernet: Using 32 bits DMA width
06-03 15:32:24.586 I/ ( 0): [2 T215 ..] aml_cust_setting
06-03 15:32:24.586 I/ ( 0): [2 T215 ..] cover mc_val as 0x1621
06-03 15:32:24.586 I/ ( 0): [2 T215 ..] gpio 1
06-03 15:32:24.587 I/[2 T215 ..] input( 0): input_ethrcu as /devices/platform/soc/fe368000.ethernet/input/input10
06-03 15:32:24.599 I/[1 T215 ..] usbcore( 0): registered new interface driver aml_usbcam
06-03 15:32:24.654 I/ ( 0): [1 T215 ..] audio-ddr-manager fe330000.audiobus:ddr_manager: 0, irqs frddr 37
06-03 15:32:24.655 I/ ( 0): [1 T215 ..] audio-ddr-manager fe330000.audiobus:ddr_manager: 1, irqs frddr 38
06-03 15:32:24.656 I/ ( 0): [1 T215 ..] audio-ddr-manager fe330000.audiobus:ddr_manager: 2, irqs frddr 39
06-03 15:32:24.657 I/ ( 0): [1 T215 ..] audio-ddr-manager fe330000.audiobus:ddr_manager: 3, irqs frddr 40
06-03 15:32:24.660 I/[1 T215 ..] [snd-soc]( 0): extn_platform_probe, register soc platform
06-03 15:32:24.661 W/ ( 0): [1 T215 ..] snd_pdm fe330000.audiobus:pdm: Can't get pdm pinmux
06-03 15:32:24.661 I/ ( 0): [1 T215 ..] snd_pdm fe330000.audiobus:pdm: Can't retrieve xtal_clk clock
06-03 15:32:24.662 W/ ( 0): [1 T215 ..] snd_pdm fe330000.audiobus:pdm: no clk_src_cd clock for 44k case
06-03 15:32:24.664 W/[1 T215 ..] [snd-soc]( 0): failed to get data_lb_ratec
06-03 15:32:24.665 D/[1 T215 ..] [snd-soc]( 0): resample_platform_probe
06-03 15:32:24.665 D/[1 T215 ..] [snd-soc]( 0): resample_platform_probe sys-src clk rate from dts:491520000
06-03 15:32:24.665 W/ ( 0): [1 T215 ..] audioresample fe330000.audiobus:resample@0: no clk_src_cd clock for hifi1 case
06-03 15:32:24.665 I/[1 T215 ..] [snd-soc]( 0): new_resample_init: Start init new resample 0 parameters!
06-03 15:32:24.666 E/ ( 0): [1 T215 ..] Codec io: No support bus type 2 to write.
06-03 15:32:24.668 I/[1 T215 ..] [snd-soc]( 0): resample_clk_set:set hifi pll
06-03 15:32:24.668 I/[1 T215 ..] [snd-soc]( 0): resample_clk_set, resample_pll:491520000, sclk:12288000, clk:12288000
06-03 15:32:24.669 I/[1 T215 ..] [snd-soc]( 0): new_resample_set_ratio(), id = 0, phase_step = 0x10000000, input_sr = 48000, output_sr = 48000
06-03 15:32:24.669 I/[1 T215 ..] [snd-soc]( 0): resample id = 0, new resample = 2, resample_module = 8
06-03 15:32:24.678 I/[1 T215 ..] [snd-soc]( 0): Channel_Mask: lane_ss = 0
06-03 15:32:24.679 I/[1 T215 ..] input( 0): vad_keypad as /devices/platform/soc/fe330000.audiobus/fe330000.audiobus:vad/input/input11
06-03 15:32:24.682 E/ ( 0): [1 T215 ..] asoc-aml-card auge_sound: aml_card_dai_link_of, error dai-link idx:2, error getting codec dai, ret -517
06-03 15:32:24.682 E/[1 T215 ..] [snd-soc]( 0): aml_card_probe error ret:-517
06-03 15:32:24.690 E/ ( 0): [3 T8 ..] asoc-aml-card auge_sound: aml_card_dai_link_of, error dai-link idx:2, error getting codec dai, ret -517
06-03 15:32:24.691 E/[3 T8 ..] [snd-soc]( 0): aml_card_probe error ret:-517
06-03 15:32:24.691 I/ ( 0): [0 T215 ..] aml_codec_T9015 fe01a000.t9015: aml_T9015_audio_codec_probe
06-03 15:32:24.693 I/[0 T215 ..] [snd-codec-t9015]( 0): T9015 acodec tdmout index:2
06-03 15:32:24.701 E/ ( 0): [3 T8 ..] asoc-aml-card auge_sound: IRQ audio_exception64 not found
06-03 15:32:24.703 I/[0 T8 ..] [snd-codec-t9015]( 0): no call standard reset interface
06-03 15:32:24.734 W/ ( 0): [0 T215 ..] es8156_modinit enter
06-03 15:32:24.735 W/ ( 0): [0 T215 ..] es8156_i2c_probe start
06-03 15:32:24.745 E/ ( 0): [0 T215 ..] es8156 2-0008: failed to read i2c at addr 8
06-03 15:32:24.928 I/ ( 0): [3 T87 ..] lcd vlock_en=0, vlock_mode=0x8 i=101
06-03 15:32:24.970 D/[3 T8 ..] [snd-soc]( 0): spdifout_play_with_zerodata_free, spdif id:0
06-03 15:32:24.970 D/[3 T8 ..] [snd-soc]( 0): spdifout_play_with_zerodata_free, spdif id:1
06-03 15:32:24.970 I/[3 T8 ..] [snd-soc]( 0):
06-03 15:32:24.970 I/ ( 0): [3 T8 ..] loopback_dai_set_sysclk, 0, 12288000, 0
06-03 15:32:24.971 I/[3 T8 ..] [snd-soc]( 0): asoc loopback_dai_set_fmt, 0x4010, 00000000dcd418fe
06-03 15:32:24.989 W/[0 T8 ..] [snd-soc]( 0): no node audio_effect for eq/drc info!
06-03 15:32:25.181 I/[2 T236 ..] servicemanager( 0): Starting sm instance on /dev/binder
06-03 15:32:25.186 W/[2 T236 ..] SELinux( 0): Multiple same specifications for tv_remote.
06-03 15:32:25.187 I/[2 T236 ..] SELinux( 0): SELinux: Loaded service context from:
06-03 15:32:25.187 I/[2 T236 ..] SELinux( 0): /system/etc/selinux/plat_service_contexts
06-03 15:32:25.188 I/[2 T236 ..] SELinux( 0): /system_ext/etc/selinux/system_ext_service_contexts
06-03 15:32:25.193 I/[3 T236 ..] SELinux( 0): /product/etc/selinux/product_service_contexts
06-03 15:32:25.194 I/[3 T236 ..] SELinux( 0): /vendor/etc/selinux/vendor_service_contexts
06-03 15:32:25.283 I/[0 T164 ..] [efuse-unifykey]( 0): already inited!
06-03 15:32:25.347 I/ ( 0): [0 T8 ..] mali fd000000.valhall: Kernel DDK version r44p1-01eac0
06-03 15:32:25.348 I/ ( 0): [0 T8 ..] mali fd000000.valhall: GPU metrics tracepoint support enabled
06-03 15:32:25.350 I/ ( 0): [0 T8 ..] mali fd000000.valhall: r0p0 status 1 not found in HW issues table;
06-03 15:32:25.351 I/ ( 0): [0 T8 ..] mali fd000000.valhall: falling back to closest match: r0p0 status 0
06-03 15:32:25.352 I/ ( 0): [0 T8 ..] mali fd000000.valhall: Execution proceeding normally with fallback match
06-03 15:32:25.353 I/ ( 0): [0 T8 ..] mali fd000000.valhall: GPU identified as 0x4 arch 10.12.7 r0p0 status 1
06-03 15:32:25.354 I/ ( 0): [0 T8 ..] mali fd000000.valhall: No priority control manager is configured
06-03 15:32:25.355 I/ ( 0): [0 T8 ..] mali fd000000.valhall: No memory group manager is configured
06-03 15:32:25.356 I/ ( 0): [0 T8 ..] mali fd000000.valhall: Protected memory allocator not available
06-03 15:32:25.357 I/ ( 0): [0 T8 ..] mali fd000000.valhall: Using coherency mode 31 set from dtb
06-03 15:32:25.366 I/ ( 0): [0 T8 ..] mali fd000000.valhall: Probed as mali0
06-03 15:32:25.384 I/[0 T164 ..] init( 0): wait for '/odm/lib/ms12' took 0ms
06-03 15:32:25.391 I/[1 T234 ..] logd.auditd( 0): start
06-03 15:32:25.422 I/[0 T234 ..] logd( 0): Loaded bug_map file: /system_ext/etc/selinux/bug_map
06-03 15:32:25.437 I/[3 T234 ..] logd( 0): Loaded bug_map file: /vendor/etc/selinux/selinux_denial_metadata
06-03 15:32:25.445 I/[1 T234 ..] logd( 0): Loaded bug_map file: /system/etc/selinux/bug_map
06-03 15:32:25.532 I/[1 T164 ..] init( 0): wait for '/dev/audio_utils' took 0ms
06-03 15:32:25.532 I/[3 T164 ..] init( 0): wait for '/dev/dolby_fw' took 0ms
06-03 15:32:25.538 E/[0 T236 ..] cutils-trace( 0): Error opening trace file: Permission denied (13)
06-03 15:32:25.633 I/[3 T164 ..] [media_clock]( 0): dos_register_probe, res start fe320000, end fe32ffff, iomap: ffffffc00cab0000
06-03 15:32:25.634 I/[3 T164 ..] [media_clock]( 0): dos_register_probe, res start fe036000, end fe037fff, iomap: ffffffc00bd3e000
06-03 15:32:25.635 E/[3 T164 ..] [media_clock]( 0): of_address_to_resource failed
06-03 15:32:25.636 I/[3 T164 ..] [media_clock]( 0): initial_dos_device end, chip 71(0)
06-03 15:32:25.638 D/[3 T164 ..] [media_clock]( 0): set_clock_gate get hevc_mux_str
06-03 15:32:25.638 D/[3 T164 ..] [media_clock]( 0): set_clock_gate get hcodec mux
06-03 15:32:25.638 D/[3 T164 ..] [media_clock]( 0): set_clock_gate get vdec mux
06-03 15:32:25.651 I/[1 T164 ..] [firmware]( 0): read format in dts failed, ret = -22 --------- beginning of system
06-03 15:32:25.699 I/vold ( 251): Vold 3.0 (the awakening) firing up
06-03 15:32:25.711 E/ ( 0): [0 T164 ..] vdec vdec: Get pwrc-vdec-2 failed, pm-domain: 0
06-03 15:32:25.700 D/vold ( 251): Detected support for: ext4 f2fs vfat
06-03 15:32:25.717 E/ ( 0): [3 T164 ..] vdec vdec: Get pwrc-hevcb failed, pm-domain: 0
06-03 15:32:25.717 E/ ( 0): [3 T164 ..] vdec vdec: Get pwrc-wave failed, pm-domain: 0
06-03 15:32:25.722 D/vold ( 251): VoldNativeService::start() completed OK
06-03 15:32:25.729 E/ ( 0): [2 T164 ..] Amlogic A/V streaming port init
06-03 15:32:25.844 I/ ( 0): [3 T8 ..] [TEE] E/TC:? 00 tee_rpmb_verify_key_sync_counter:1008 Verify key returning 0xffff0008
06-03 15:32:25.845 I/ ( 0): [3 T8 ..] [TEE] E/TA: MM-module-name:VDEC TA,Version:1.0.21-g006fb97(build:6823)
06-03 15:32:25.846 I/ ( 0): [3 T8 ..] [TEE] M/TA: support scs verify chip. 71
06-03 15:32:25.847 I/ ( 0): [3 T8 ..] [TEE] E/TA: fw_check_pack_version:301 the package has 17 fws totally.
06-03 15:32:25.848 I/ ( 0): [3 T8 ..] [TEE] E/TA: fw_check_pack_version:318 The TA ver is v1.0
06-03 15:32:25.850 I/ ( 0): [3 T8 ..] [TEE] E/TA: fw_check_pack_version:319 The fw ver is v0.4
06-03 15:32:25.850 I/ ( 0): [3 T8 ..] [TEE] E/TA: fw_data_insert:403 the fw with 372 KB will be loaded.
06-03 15:32:25.851 I/ ( 0): [3 T8 ..] [TEE] M/TA: TEE_Video_Load_FW success
06-03 15:32:25.881 I/[2 T1 ..] tune2fs( 0): tune2fs 1.46.6 (1-Feb-2023)
06-03 15:32:25.895 I/[1 T1 ..] tune2fs( 0): Cannot enable project quota; inode size too small.
06-03 15:32:25.896 I/[2 T1 ..] tune2fs( 0): tune2fs terminated by exit(1)
06-03 15:32:25.896 I/ ( 0): [2 T1 ..]
06-03 15:32:25.897 W/ ( 0): [2 T1 ..] EXT4-fs (mmcblk0p15): Ignoring removed nomblk_io_submit option
06-03 15:32:25.899 I/[0 T236 ..] servicemanager( 0): getDeviceHalManifest: Reading VINTF information.
06-03 15:32:25.906 I/[0 T236 ..] servicemanager( 0): getDeviceHalManifest: Successfully processed VINTF information
06-03 15:32:25.936 I/ ( 0): [1 T1 ..] EXT4-fs (mmcblk0p15): mounted filesystem with ordered data mode. Opts: errors=remount-ro,nomblk_io_submit. Quota mode: none.
06-03 15:32:25.938 W/ ( 0): [1 T1 ..] ext4 filesystem being mounted at /mnt/vendor/param supports timestamps until 2038-01-19 (0x7fffffff)
06-03 15:32:25.971 I/[1 T1 ..] e2fsck( 0): e2fsck 1.46.6 (1-Feb-2023)
06-03 15:32:26.006 I/[1 T1 ..] e2fsck( 0): Pass 1: Checking inodes, blocks, and sizes
06-03 15:32:26.008 I/[1 T1 ..] e2fsck( 0): Pass 2: Checking directory structure
06-03 15:32:26.017 I/[1 T1 ..] e2fsck( 0): Pass 3: Checking directory connectivity
06-03 15:32:26.018 I/[1 T1 ..] e2fsck( 0): Pass 4: Checking reference counts
06-03 15:32:26.018 I/[1 T1 ..] e2fsck( 0): Pass 5: Checking group summary information
06-03 15:32:26.022 I/[2 T1 ..] e2fsck( 0): /dev/block/by-name/param: 18/4096 files (11.1% non-contiguous), 1524/4096 blocks
06-03 15:32:26.026 W/ ( 0): [2 T1 ..] EXT4-fs (mmcblk0p15): Ignoring removed nomblk_io_submit option
06-03 15:32:26.050 I/ ( 0): [1 T1 ..] EXT4-fs (mmcblk0p15): mounted filesystem with ordered data mode. Opts: nodelalloc,nomblk_io_submit,errors=panic. Quota mode: none.
06-03 15:32:26.052 W/ ( 0): [3 T1 ..] ext4 filesystem being mounted at /mnt/vendor/param supports timestamps until 2038-01-19 (0x7fffffff)
06-03 15:32:26.056 W/ ( 0): [2 T1 ..] EXT4-fs (mmcblk0p9): Ignoring removed nomblk_io_submit option
06-03 15:32:26.077 I/ ( 0): [3 T1 ..] EXT4-fs (mmcblk0p9): mounted filesystem with ordered data mode. Opts: errors=remount-ro,nomblk_io_submit. Quota mode: none.
06-03 15:32:26.123 W/ ( 0): [0 T1 ..] EXT4-fs (mmcblk0p9): Ignoring removed nomblk_io_submit option
06-03 15:32:26.125 I/ ( 0): [0 T1 ..] EXT4-fs (mmcblk0p9): mounted filesystem with ordered data mode. Opts: nodelalloc,nomblk_io_submit,errors=panic. Quota mode: none.
06-03 15:32:26.132 W/ ( 0): [2 T1 ..] FAT-fs (mmcblk0p4): Volume was not properly unmounted. Some data may be corrupt. Please run fsck.
06-03 15:32:26.517 I/[1 T288 ..] android.hardware.boot-service( 0): boot_ctrl.roll_flag =
06-03 15:32:26.522 I/[1 T288 ..] android.hardware.boot-service( 0): IBootControl AIDL service running...
06-03 15:32:26.557 I/ ( 0): [2 T284 ..] mali fd000000.valhall: Loading Mali firmware 0x1010000
06-03 15:32:26.559 E/ ( 0): [2 T284 ..] mali fd000000.valhall: Protected memory allocator not found, Firmware protected mode entry will not be supported
06-03 15:32:26.560 I/ ( 0): [2 T284 ..] mali fd000000.valhall: Mali firmware git_sha: 7f8e423cba190d559c9c79e71e47d07beb193793
06-03 15:32:26.582 I/vold ( 251): Using AIDL version of IBootControl
06-03 15:32:26.594 D/[0 T297 ..] vdc( 0): Waited 0ms for vold
06-03 15:32:26.597 I/[3 T288 ..] android.hardware.boot-service( 0): sys.boot_completed:
06-03 15:32:26.608 D/vold ( 251): fscrypt_mount_metadata_encrypted: /data encrypt: 0 format: 0 with null block device: /dev/block/by-name/userdata and zoned device:
06-03 15:32:26.608 I/keystore2( 287): system/security/keystore2/src/keystore2_main.rs:61 - Keystore2 is starting.
06-03 15:32:26.608 I/keystore2( 287): system/security/keystore2/src/keystore2_main.rs:67 - Setting up sqlite logging for keystore2
06-03 15:32:26.608 D/vold ( 251): metadata_key_dir/key: /metadata/vold/metadata_encryption/key
06-03 15:32:26.611 D/vold ( 251): Key exists, using: /metadata/vold/metadata_encryption/key
06-03 15:32:26.621 D/[2 T303 ..] vdc( 0): Waited 0ms for vold
06-03 15:32:26.614 W/keystore2( 287): system/security/keystore2/src/metrics_store.rs:577 - In update_keystore_crash_sysprop: Failed to read the existing system property due to: system/security/keystore2/src/metrics_store.rs:608: Property not set..Therefore, keystore crashes will not be logged.
06-03 15:32:26.618 I/keystore2( 287): system/security/keystore2/src/keystore2_main.rs:97 - Starting thread pool now.
06-03 15:32:26.623 I/keystore2( 287): system/security/keystore2/src/globals.rs:256 - KeyMint device is current version (Some(300)) for security level: r#TRUSTED_ENVIRONMENT
06-03 15:32:26.630 I/keystore2( 287): system/security/keystore2/src/keystore2_main.rs:152 - Successfully registered Keystore 2.0 service.
06-03 15:32:26.630 I/keystore2( 287): system/security/keystore2/src/keystore2_main.rs:154 - Joining thread pool now.
06-03 15:32:26.633 I/keystore2( 287): system/security/keystore2/src/shared_secret_negotiation.rs:47 - Shared secret negotiation concluded successfully.
06-03 15:32:26.634 D/vold ( 251): Mounting metadata-encrypted filesystem:/data
06-03 15:32:26.636 I/keystore2( 287): system/security/keystore2/src/shared_secret_negotiation.rs:294 - No StrongBox Keymint available, so no RoT transfer
06-03 15:32:26.636 I/vold ( 251): [libfs_mgr] Running /system/bin/fsck.f2fs -a -c 10000 --debug-cache /dev/block/dm-50
06-03 15:32:26.665 I/[0 T251 ..] fsck.f2fs( 0): Info: Fix the reported corruption.
06-03 15:32:26.666 I/[0 T251 ..] fsck.f2fs( 0): Info: not exist /proc/version!
06-03 15:32:26.667 I/[0 T251 ..] fsck.f2fs( 0): Info: MKFS version
06-03 15:32:26.667 I/[0 T251 ..] fsck.f2fs( 0): "5.15.170-android14-11-gce7825878084-dirty"
06-03 15:32:26.668 I/[0 T251 ..] fsck.f2fs( 0): Info: FSCK version
06-03 15:32:26.669 I/[0 T251 ..] fsck.f2fs( 0): from "5.15.170-android14-11-gce7825878084-dirty"
06-03 15:32:26.670 I/[0 T251 ..] fsck.f2fs( 0): to "5.15.170-android14-11-gce7825878084-dirty"
06-03 15:32:26.671 I/[0 T251 ..] fsck.f2fs( 0): Info: superblock features = 1499 : encrypt verity extra_attr project_quota quota_ino casefold
06-03 15:32:26.672 I/[0 T251 ..] fsck.f2fs( 0): Info: superblock encrypt level = 0, salt = 00000000000000000000000000000000
06-03 15:32:26.673 I/[0 T251 ..] fsck.f2fs( 0): Info: Segments per section = 1
06-03 15:32:26.681 I/ ( 0): [2 T251 ..] F2FS-fs (dm-50): Using encoding defined by superblock: utf8-12.1.0 with flags 0x0
06-03 15:32:26.714 I/ ( 0): [2 T251 ..] F2FS-fs (dm-50): Found nat_bits in checkpoint
06-03 15:32:26.892 I/vold ( 251): [libfs_mgr] __mount(source=/dev/block/dm-50,target=/data,type=f2fs)=0: Success
06-03 15:32:26.893 D/vold ( 251): Mounted /data
06-03 15:32:26.904 I/ ( 0): [3 T251 ..] F2FS-fs (dm-50): Mounted with checkpoint version = 76ebe388
06-03 15:32:26.927 I/[2 T1 ..] zram0( 0): detected capacity change from 0 to 2485320
06-03 15:32:26.948 I/ ( 0): [0 T1 ..] Adding 1242656k swap on /dev/block/zram0. Priority:-2 extents:1 across:1242656k SS
06-03 15:32:26.963 I/Checkpoint( 251): cp_prepareCheckpoint called
06-03 15:32:26.986 I/vold ( 251): fscrypt_initialize_systemwide_keys
06-03 15:32:26.986 D/vold ( 251): Key exists, using: /data/unencrypted/key
06-03 15:32:26.999 D/[0 T325 ..] vdc( 0): Waited 0ms for vold
06-03 15:32:26.991 D/vold ( 251): Installed fscrypt key with ref 847ada1560db237916a54ecd5a3969ac to /data
06-03 15:32:26.992 D/vold ( 251): Added fscrypt-provisioning key for 847ada1560db237916a54ecd5a3969ac to session keyring
06-03 15:32:26.994 I/vold ( 251): Wrote system DE key reference to:/data/unencrypted/ref
06-03 15:32:26.994 D/vold ( 251): Generating standard storage key
06-03 15:32:26.994 D/vold ( 251): Installed fscrypt key with ref 53d1aca53f0ce114d24a7a4d1595ddf1 to /data
06-03 15:32:26.994 D/vold ( 251): Added fscrypt-provisioning key for 53d1aca53f0ce114d24a7a4d1595ddf1 to session keyring
06-03 15:32:26.995 I/vold ( 251): Wrote per boot key reference to:/data/unencrypted/per_boot_ref
06-03 15:32:27.010 I/[3 T1 ..] fscrypt( 0): AES-256-CTS-CBC using implementation "cts-cbc-aes-ce"
06-03 15:32:27.012 I/[3 T1 ..] fscrypt( 0): AES-256-XTS using blk-crypto-fallback
06-03 15:32:27.033 I/ ( 0): [0 T323 ..] vt session 323-0 create
06-03 15:32:27.042 I/ ( 0): [2 T323 ..] [DV] module not install
06-03 15:32:27.034 I/incfs ( 251): Initial API level of the device: 34
06-03 15:32:27.034 I/incfs ( 251): ro.incremental.enable: yes
06-03 15:32:27.034 I/incfs ( 251): isFsAvailable: true
06-03 15:32:27.034 I/incfs ( 251): isFsAvailable: true
06-03 15:32:27.034 I/incfs ( 251): IncFs_Features: v2
06-03 15:32:27.036 I/keystore2( 287): system/security/keystore2/src/maintenance.rs:206 - In early_boot_ended.
06-03 15:32:27.047 I/keystore2( 287): system/security/keystore2/src/globals.rs:66 - Touching Keystore 2.0 database for this first time since boot.
06-03 15:32:27.047 I/keystore2( 287): system/security/keystore2/src/globals.rs:68 - Calling cleanup leftovers.
06-03 15:32:27.048 I/keystore2( 287): system/security/keystore2/src/boot_level_keys.rs:57 - ro.keystore.boot_level_key.strategy not set, inferring from installed KM instances
06-03 15:32:27.048 I/keystore2( 287): system/security/keystore2/src/boot_level_keys.rs:115 - In get_level_zero_key: security_level=r#SOFTWARE, deny_later_strategy=EarlyBootOnly
06-03 15:32:27.054 I/keystore2( 287): system/security/keystore2/src/super_key.rs:293 - Starting boot level watcher.
06-03 15:32:27.054 I/keystore2( 287): system/security/keystore2/src/maintenance.rs:187 - Call to earlyBootEnded succeeded for security level TRUSTED_ENVIRONMENT.
06-03 15:32:27.054 I/keystore2( 287): system/security/keystore2/src/super_key.rs:325 - Read keystore.boot_level value 30
06-03 15:32:27.055 I/keystore2( 287): system/security/keystore2/src/super_key.rs:325 - Read keystore.boot_level value 30
06-03 15:32:27.057 E/keystore2( 287): system/security/keystore2/src/maintenance.rs:192 - Call to earlyBootEnded failed for security level STRONGBOX: system/security/keystore2/src/maintenance.rs:167: getting keymint device.
06-03 15:32:27.057 E/keystore2( 287): system/security/keystore2/src/error.rs:180 - system/security/keystore2/src/maintenance.rs:167: getting keymint device
06-03 15:32:27.057 E/keystore2( 287):
06-03 15:32:27.057 E/keystore2( 287): Caused by:
06-03 15:32:27.057 E/keystore2( 287): 0: system/security/keystore2/src/globals.rs:335: Cannot connect to Keymint
06-03 15:32:27.057 E/keystore2( 287): 1: system/security/keystore2/src/globals.rs:246: Trying to get Legacy wrapper.
06-03 15:32:27.057 E/keystore2( 287): 2: Error::Km(r#HARDWARE_TYPE_UNAVAILABLE)
06-03 15:32:27.057 E/vold ( 251): keystore2 Keystore earlyBootEnded returned service specific error: -68
06-03 15:32:27.070 E/[1 T251 ..] vold( 0): keystore2 Keystore earlyBootEnded returned service specific error: -68
06-03 15:32:27.096 I/[2 T247 ..] logd( 0): logd reinit
06-03 15:32:27.112 I/[0 T340 ..] apexd( 0): Scanning /system/apex for pre-installed ApexFiles
06-03 15:32:27.113 I/[0 T340 ..] apexd( 0): Found pre-installed APEX /system/apex/com.amlogic.mediaextractor.apex
06-03 15:32:27.114 I/[0 T340 ..] apexd( 0): Found pre-installed APEX /system/apex/com.android.adbd.capex
06-03 15:32:27.115 I/[0 T340 ..] apexd( 0): Found pre-installed APEX /system/apex/com.android.adservices.capex
06-03 15:32:27.115 I/ ( 0): [3 T296 ..] video_composer_open iminor(inode) =0
06-03 15:32:27.116 I/[0 T340 ..] apexd( 0): Found pre-installed APEX /system/apex/com.android.apex.cts.shim.apex
06-03 15:32:27.117 I/[3 T296 ..] vc( 0): [0]vd_render_index_get: render_index is 0.
06-03 15:32:27.118 I/[0 T340 ..] apexd( 0): Found pre-installed APEX /system/apex/com.android.appsearch.capex
06-03 15:32:27.119 I/[3 T296 ..] vc( 0): [0]get capability: min 64 64; max 4096 2160
06-03 15:32:27.120 I/[0 T340 ..] apexd( 0): Found pre-installed APEX /system/apex/com.android.art.capex
06-03 15:32:27.120 I/ ( 0): [3 T296 ..] video_composer_open iminor(inode) =1
06-03 15:32:27.121 I/[3 T296 ..] vc( 0): [1]vd_render_index_get: render_index is 1.
06-03 15:32:27.122 I/[0 T340 ..] apexd( 0): Found pre-installed APEX /system/apex/com.android.btservices.apex
06-03 15:32:27.123 I/[3 T296 ..] vc( 0): [1]get capability: min 64 64; max 2048 1080
06-03 15:32:27.125 I/[0 T340 ..] apexd( 0): Found pre-installed APEX /system/apex/com.android.configinfrastructure.capex
06-03 15:32:27.125 I/[0 T340 ..] apexd( 0): Found pre-installed APEX /system/apex/com.android.conscrypt.capex
06-03 15:32:27.133 I/[3 T296 ..] vc( 0): [0]get capability: min 64 64; max 4096 2160
06-03 15:32:27.133 I/[3 T296 ..] vc( 0): [1]get capability: min 64 64; max 2048 1080
