06-03 15:33:00.780 I/SogouIME( 1421): onKeyDown: keyoCode=22
06-03 15:33:00.780 I/DefaultIMS( 1421): onKeyDown: keyoCode=22
06-03 15:33:00.780 E/SecondScreen( 1542): FirstScreenLayoutView dispatchKeyEvent 22
06-03 15:33:00.790 D/bluetooth( 1168): packages/modules/Bluetooth/system/gd/hci/le_scanning_reassembler.cc:64 ProcessAdvertisingReport: Dropping repeated legacy advertising data
06-03 15:33:00.826 I/android.hardware.bluetooth@1.0-impl( 480): [HandleIncomingEvent-549]: rec adv direct packet
06-03 15:33:00.833 I/android.hardware.bluetooth@1.0-impl( 480): [HandleIncomingEvent-549]: rec adv direct packet
06-03 15:33:00.844 D/bluetooth( 1168): packages/modules/Bluetooth/system/gd/hci/le_scanning_reassembler.cc:64 ProcessAdvertisingReport: Dropping repeated legacy advertising data
06-03 15:33:00.848 D/bluetooth( 1168): packages/modules/Bluetooth/system/gd/hci/le_scanning_reassembler.cc:64 ProcessAdvertisingReport: Dropping repeated legacy advertising data
06-03 15:33:00.855 I/android.hardware.bluetooth@1.0-impl( 480): [HandleIncomingEvent-549]: rec adv direct packet
06-03 15:33:00.857 D/bluetooth( 1168): packages/modules/Bluetooth/system/gd/hci/le_scanning_reassembler.cc:64 ProcessAdvertisingReport: Dropping repeated legacy advertising data
06-03 15:33:00.881 I/android.hardware.bluetooth@1.0-impl( 480): [HandleIncomingEvent-549]: rec adv direct packet
06-03 15:33:00.892 I/android.hardware.bluetooth@1.0-impl( 480): [HandleIncomingEvent-549]: rec adv direct packet
06-03 15:33:00.895 D/bluetooth( 1168): packages/modules/Bluetooth/system/gd/hci/le_scanning_reassembler.cc:64 ProcessAdvertisingReport: Dropping repeated legacy advertising data
06-03 15:33:00.904 I/android.hardware.bluetooth@1.0-impl( 480): [HandleIncomingEvent-549]: rec adv direct packet
06-03 15:33:00.914 I/android.hardware.bluetooth@1.0-impl( 480): [HandleIncomingEvent-549]: rec adv direct packet
06-03 15:33:00.924 I/audio_hw_hal_primary( 478): [audiohal_get_latency:1333] io 13: out:0xef5c2b30 frames:1152 rate:48000 whole_latency:24 alsa_latency:24
06-03 15:33:00.925 D/bluetooth( 1168): packages/modules/Bluetooth/system/gd/hci/le_scanning_reassembler.cc:64 ProcessAdvertisingReport: Dropping repeated legacy advertising data
06-03 15:33:00.936 D/bluetooth( 1168): packages/modules/Bluetooth/system/gd/hci/le_scanning_reassembler.cc:64 ProcessAdvertisingReport: Dropping repeated legacy advertising data
06-03 15:33:00.938 I/android.hardware.bluetooth@1.0-impl( 480): [HandleIncomingEvent-549]: rec adv direct packet
06-03 15:33:00.941 D/bluetooth( 1168): packages/modules/Bluetooth/system/gd/hci/le_scanning_reassembler.cc:64 ProcessAdvertisingReport: Dropping repeated legacy advertising data
06-03 15:33:00.945 I/audio_hw_hal_primary( 478): [audiohal_get_latency:1333] io 13: out:0xef5c2b30 frames:1152 rate:48000 whole_latency:24 alsa_latency:24
06-03 15:33:00.948 D/bluetooth( 1168): packages/modules/Bluetooth/system/gd/hci/le_scanning_reassembler.cc:64 ProcessAdvertisingReport: Dropping repeated legacy advertising data
06-03 15:33:00.949 D/bluetooth( 1168): packages/modules/Bluetooth/system/gd/hci/le_scanning_reassembler.cc:64 ProcessAdvertisingReport: Dropping repeated legacy advertising data
06-03 15:33:00.950 I/android.hardware.bluetooth@1.0-impl( 480): [HandleIncomingEvent-549]: rec adv direct packet
06-03 15:33:00.957 I/android.hardware.bluetooth@1.0-impl( 480): [HandleIncomingEvent-549]: rec adv direct packet
06-03 15:33:00.959 D/bluetooth( 1168): packages/modules/Bluetooth/system/gd/hci/le_scanning_reassembler.cc:64 ProcessAdvertisingReport: Dropping repeated legacy advertising data
06-03 15:33:00.963 I/audio_hw_hal_primary( 478): [audiohal_get_latency:1333] io 13: out:0xef5c2b30 frames:1152 rate:48000 whole_latency:24 alsa_latency:24
06-03 15:33:00.970 I/android.hardware.bluetooth@1.0-impl( 480): [HandleIncomingEvent-549]: rec adv direct packet
06-03 15:33:00.979 I/ActivityManager( 736): Waited long enough for: ServiceRecord{732b02c u0 com.oranth.storage/.MainService}
06-03 15:33:00.980 D/bluetooth( 1168): packages/modules/Bluetooth/system/gd/hci/le_scanning_reassembler.cc:64 ProcessAdvertisingReport: Dropping repeated legacy advertising data
06-03 15:33:00.984 I/audio_hw_hal_primary( 478): [audiohal_get_latency:1333] io 13: out:0xef5c2b30 frames:1152 rate:48000 whole_latency:24 alsa_latency:24
06-03 15:33:00.997 I/android.hardware.bluetooth@1.0-impl( 480): [HandleIncomingEvent-549]: rec adv direct packet
06-03 15:33:01.003 I/audio_hw_hal_primary( 478): [audiohal_get_latency:1333] io 13: out:0xef5c2b30 frames:1280 rate:48000 whole_latency:26 alsa_latency:26
06-03 15:33:01.025 I/audio_hw_hal_primary( 478): [audiohal_get_latency:1333] io 13: out:0xef5c2b30 frames:1280 rate:48000 whole_latency:26 alsa_latency:26
06-03 15:33:01.043 I/audio_hw_hal_primary( 478): [audiohal_get_latency:1333] io 13: out:0xef5c2b30 frames:1152 rate:48000 whole_latency:24 alsa_latency:24
06-03 15:33:01.045 D/audioserver( 533): logFgsApiEnd: FGS Logger Transaction failed, -129
06-03 15:33:01.051 D/bluetooth( 1168): packages/modules/Bluetooth/system/gd/hci/le_scanning_reassembler.cc:64 ProcessAdvertisingReport: Dropping repeated legacy advertising data
06-03 15:33:01.053 I/android.hardware.bluetooth@1.0-impl( 480): [HandleIncomingEvent-549]: rec adv direct packet
06-03 15:33:01.062 D/bluetooth( 1168): packages/modules/Bluetooth/system/gd/hci/le_scanning_reassembler.cc:64 ProcessAdvertisingReport: Dropping repeated legacy advertising data
06-03 15:33:01.064 I/android.hardware.bluetooth@1.0-impl( 480): [HandleIncomingEvent-549]: rec adv direct packet
06-03 15:33:01.070 D/bluetooth( 1168): packages/modules/Bluetooth/system/gd/hci/le_scanning_reassembler.cc:64 ProcessAdvertisingReport: Dropping repeated legacy advertising data
06-03 15:33:01.076 D/bluetooth( 1168): packages/modules/Bluetooth/system/gd/hci/le_scanning_reassembler.cc:64 ProcessAdvertisingReport: Dropping repeated legacy advertising data
06-03 15:33:01.094 D/bluetooth( 1168): packages/modules/Bluetooth/system/gd/hci/le_scanning_reassembler.cc:64 ProcessAdvertisingReport: Dropping repeated legacy advertising data
06-03 15:33:01.095 I/android.hardware.bluetooth@1.0-impl( 480): [HandleIncomingEvent-549]: rec adv direct packet
06-03 15:33:01.099 D/bluetooth( 1168): packages/modules/Bluetooth/system/gd/hci/le_scanning_reassembler.cc:64 ProcessAdvertisingReport: Dropping repeated legacy advertising data
06-03 15:33:01.100 D/bluetooth( 1168): packages/modules/Bluetooth/system/gd/hci/le_scanning_reassembler.cc:64 ProcessAdvertisingReport: Dropping repeated legacy advertising data
06-03 15:33:01.137 I/android.hardware.bluetooth@1.0-impl( 480): [HandleIncomingEvent-549]: rec adv direct packet
06-03 15:33:01.141 D/bluetooth( 1168): packages/modules/Bluetooth/system/gd/hci/le_scanning_reassembler.cc:64 ProcessAdvertisingReport: Dropping repeated legacy advertising data
06-03 15:33:01.166 D/bluetooth( 1168): packages/modules/Bluetooth/system/gd/hci/le_scanning_reassembler.cc:64 ProcessAdvertisingReport: Dropping repeated legacy advertising data
06-03 15:33:01.167 I/android.hardware.bluetooth@1.0-impl( 480): [HandleIncomingEvent-549]: rec adv direct packet
06-03 15:33:01.168 D/bluetooth( 1168): packages/modules/Bluetooth/system/gd/hci/le_scanning_reassembler.cc:64 ProcessAdvertisingReport: Dropping repeated legacy advertising data
06-03 15:33:01.175 I/android.hardware.bluetooth@1.0-impl( 480): [HandleIncomingEvent-549]: rec adv direct packet
06-03 15:33:01.185 I/android.hardware.bluetooth@1.0-impl( 480): [HandleIncomingEvent-549]: rec adv direct packet
06-03 15:33:01.195 D/bluetooth( 1168): packages/modules/Bluetooth/system/gd/hci/le_scanning_reassembler.cc:64 ProcessAdvertisingReport: Dropping repeated legacy advertising data
06-03 15:33:01.196 D/bluetooth( 1168): packages/modules/Bluetooth/system/gd/hci/le_scanning_reassembler.cc:64 ProcessAdvertisingReport: Dropping repeated legacy advertising data
06-03 15:33:01.204 I/audio_hw_hal_primary( 478): [register_audio_patch:8215] Patch 3:id:3 mix(io:13)->dev_0[OUT_HDMI(id:23)] found, register the same patch, do nothing.
06-03 15:33:01.204 I/audio_hw_hal_primary( 478): [adev_create_audio_patch:8316] Patch 3: MIX->DEVICE, num_src:1 num_sink:1 patch_src:INVAL
06-03 15:33:01.204 I/audio_hw_hal_primary( 478): [adev_create_audio_patch:8320] sink[0]: OUT_HDMI(id:23)
06-03 15:33:01.204 I/audio_hw_hal_primary( 478): [adev_create_audio_patch:8377] Patch 3: mix(io:13) -> dev[OUT_HDMI(id:23)]
06-03 15:33:01.204 I/audio_hw_hal_primary( 478): [adev_create_audio_patch:8445] dev=0xef683dc0 cur_out_device=0x400
06-03 15:33:01.204 D/UEventObserver( 960): change@/devices/platform/auge_sound/sound/card0/controlC0ACTION=changeDEVPATH=/devices/platform/auge_sound/sound/card0/controlC0SUBSYSTEM=soundAUDIO_FORMAT=0MAJOR=116MINOR=13DEVNAME=snd/controlC0SEQNUM=3573
06-03 15:33:01.211 D/audioserver( 533): logFgsApiBegin: FGS Logger Transaction failed, -129
06-03 15:33:01.213 I/audio_hw_hal_primary( 478): out_update_source_metadata_v7() line 2013 usage:1 content_type:2
06-03 15:33:01.218 I/SogouIME( 1421): onKeyDown: keyoCode=22
06-03 15:33:01.219 I/DefaultIMS( 1421): onKeyDown: keyoCode=22
06-03 15:33:01.220 E/SecondScreen( 1542): FirstScreenLayoutView dispatchKeyEvent 22
06-03 15:33:01.221 I/android.hardware.bluetooth@1.0-impl( 480): [HandleIncomingEvent-549]: rec adv direct packet
06-03 15:33:01.229 D/bluetooth( 1168): packages/modules/Bluetooth/system/stack/arbiter/acl_arbiter.cc:96 InterceptAttPacket: Intercepting ATT packet and forwarding to Rust
06-03 15:33:01.229 D/bluetooth( 1168): packages/modules/Bluetooth/system/stack/gatt/gatt_attr.cc:579 gatt_cl_op_cmpl_cback: Not interested in opcode 6
06-03 15:33:01.231 I/android.hardware.bluetooth@1.0-impl( 480): [HandleIncomingEvent-549]: rec adv direct packet
06-03 15:33:01.234 W/AudioFlinger( 533): createTrack_l(): mismatch between requested flags (00000004) and output flags (00000002)
06-03 15:33:01.237 I/audio_hw_hal_primary( 478): [audiohal_get_latency:1333] io 13: out:0xef5c2b30 frames:1280 rate:48000 whole_latency:26 alsa_latency:26
06-03 15:33:01.238 D/TrafficStats( 1542): tagSocket(138) with statsTag=0xffffffff, statsUid=-1
06-03 15:33:01.238 W/AudioFlinger( 533): createTrack_l(): mismatch between requested flags (00000004) and output flags (00000002)
06-03 15:33:01.241 D/bluetooth( 1168): packages/modules/Bluetooth/system/gd/hci/le_scanning_reassembler.cc:64 ProcessAdvertisingReport: Dropping repeated legacy advertising data
06-03 15:33:01.242 I/audio_hw_hal_primary( 478): [audiohal_get_latency:1333] io 13: out:0xef5c2b30 frames:1024 rate:48000 whole_latency:21 alsa_latency:21
06-03 15:33:01.253 D/bluetooth( 1168): packages/modules/Bluetooth/system/gd/hci/le_scanning_reassembler.cc:64 ProcessAdvertisingReport: Dropping repeated legacy advertising data
06-03 15:33:01.280 D/bluetooth( 1168): packages/modules/Bluetooth/system/gd/hci/le_scanning_reassembler.cc:64 ProcessAdvertisingReport: Dropping repeated legacy advertising data
06-03 15:33:01.281 I/ActivityManager( 736): Waited long enough for: ServiceRecord{178e211 u0 com.droidlogic.mictoggle/.AssistantMicMuteService}
06-03 15:33:01.285 I/audio_hw_hal_primary( 478): [register_audio_patch:8215] Patch 3:id:3 mix(io:13)->dev_0[OUT_HDMI(id:23)] found, register the same patch, do nothing.
06-03 15:33:01.285 I/audio_hw_hal_primary( 478): [adev_create_audio_patch:8316] Patch 3: MIX->DEVICE, num_src:1 num_sink:1 patch_src:INVAL
06-03 15:33:01.285 I/audio_hw_hal_primary( 478): [adev_create_audio_patch:8320] sink[0]: OUT_HDMI(id:23)
06-03 15:33:01.285 I/audio_hw_hal_primary( 478): [adev_create_audio_patch:8377] Patch 3: mix(io:13) -> dev[OUT_HDMI(id:23)]
06-03 15:33:01.286 D/UEventObserver( 960): change@/devices/platform/auge_sound/sound/card0/controlC0ACTION=changeDEVPATH=/devices/platform/auge_sound/sound/card0/controlC0SUBSYSTEM=soundAUDIO_FORMAT=0MAJOR=116MINOR=13DEVNAME=snd/controlC0SEQNUM=3574
06-03 15:33:01.286 I/audio_hw_hal_primary( 478): [adev_create_audio_patch:8445] dev=0xef683dc0 cur_out_device=0x400
06-03 15:33:01.286 D/audioserver( 533): logFgsApiEnd: FGS Logger Transaction failed, -129
06-03 15:33:01.286 D/audioserver( 533): logFgsApiBegin: FGS Logger Transaction failed, -129
06-03 15:33:01.287 I/audio_hw_hal_primary( 478): out_update_source_metadata_v7() line 2013 usage:1 content_type:2
06-03 15:33:01.290 D/audioserver( 533): logFgsApiBegin: FGS Logger Transaction failed, -129
06-03 15:33:01.291 D/audioserver( 533): logFgsApiBegin: FGS Logger Transaction failed, -129
06-03 15:33:01.292 W/InputDispatcher( 736): Excessive delay in interceptKeyBeforeDispatching; took 61 ms
06-03 15:33:01.300 I/android.hardware.bluetooth@1.0-impl( 480): [HandleIncomingEvent-549]: rec adv direct packet
06-03 15:33:01.300 I/SogouIME( 1421): onKeyDown: keyoCode=22
06-03 15:33:01.300 I/DefaultIMS( 1421): onKeyDown: keyoCode=22
06-03 15:33:01.300 E/SecondScreen( 1542): FirstScreenLayoutView dispatchKeyEvent 22
06-03 15:33:01.303 W/AudioFlinger( 533): createTrack_l(): mismatch between requested flags (00000004) and output flags (00000002)
06-03 15:33:01.307 D/bluetooth( 1168): packages/modules/Bluetooth/system/gd/hci/le_scanning_reassembler.cc:64 ProcessAdvertisingReport: Dropping repeated legacy advertising data
06-03 15:33:01.308 I/audio_hw_hal_primary( 478): [audiohal_get_latency:1333] io 13: out:0xef5c2b30 frames:1152 rate:48000 whole_latency:24 alsa_latency:24
06-03 15:33:01.309 W/AudioFlinger( 533): createTrack_l(): mismatch between requested flags (00000004) and output flags (00000002)
06-03 15:33:01.313 D/TrafficStats( 1542): tagSocket(133) with statsTag=0xffffffff, statsUid=-1
06-03 15:33:01.314 I/audio_hw_hal_primary( 478): [audiohal_get_latency:1333] io 13: out:0xef5c2b30 frames:1152 rate:48000 whole_latency:24 alsa_latency:24
06-03 15:33:01.315 D/audioserver( 533): logFgsApiBegin: FGS Logger Transaction failed, -129
06-03 15:33:01.317 I/SogouIME( 1421): onKeyDown: keyoCode=22
06-03 15:33:01.317 I/DefaultIMS( 1421): onKeyDown: keyoCode=22
06-03 15:33:01.317 E/SecondScreen( 1542): FirstScreenLayoutView dispatchKeyEvent 22
06-03 15:33:01.319 D/audioserver( 533): logFgsApiBegin: FGS Logger Transaction failed, -129
06-03 15:33:01.323 W/AudioFlinger( 533): createTrack_l(): mismatch between requested flags (00000004) and output flags (00000002)
06-03 15:33:01.323 D/TrafficStats( 1542): tagSocket(122) with statsTag=0xffffffff, statsUid=-1
06-03 15:33:01.325 I/audio_hw_hal_primary( 478): [audiohal_get_latency:1333] io 13: out:0xef5c2b30 frames:1152 rate:48000 whole_latency:24 alsa_latency:24
06-03 15:33:01.327 I/audio_hw_hal_primary( 478): out_update_source_metadata_v7() line 2013 usage:1 content_type:2
06-03 15:33:01.330 D/audioserver( 533): logFgsApiBegin: FGS Logger Transaction failed, -129
06-03 15:33:01.333 I/android.hardware.bluetooth@1.0-impl( 480): [HandleIncomingEvent-549]: rec adv direct packet
06-03 15:33:01.340 I/android.hardware.bluetooth@1.0-impl( 480): [HandleIncomingEvent-549]: rec adv direct packet
06-03 15:33:01.344 D/bluetooth( 1168): packages/modules/Bluetooth/system/gd/hci/le_scanning_reassembler.cc:64 ProcessAdvertisingReport: Dropping repeated legacy advertising data
06-03 15:33:01.351 I/SogouIME( 1421): onKeyDown: keyoCode=22
06-03 15:33:01.351 D/bluetooth( 1168): packages/modules/Bluetooth/system/gd/hci/le_scanning_reassembler.cc:64 ProcessAdvertisingReport: Dropping repeated legacy advertising data
06-03 15:33:01.351 I/DefaultIMS( 1421): onKeyDown: keyoCode=22
06-03 15:33:01.352 E/SecondScreen( 1542): FirstScreenLayoutView dispatchKeyEvent 22
06-03 15:33:01.357 D/bluetooth( 1168): packages/modules/Bluetooth/system/gd/hci/le_scanning_reassembler.cc:64 ProcessAdvertisingReport: Dropping repeated legacy advertising data
06-03 15:33:01.366 I/audio_hw_hal_primary( 478): out_update_source_metadata_v7() line 2013 usage:1 content_type:2
06-03 15:33:01.367 D/bluetooth( 1168): packages/modules/Bluetooth/system/gd/hci/le_scanning_reassembler.cc:64 ProcessAdvertisingReport: Dropping repeated legacy advertising data
06-03 15:33:01.369 D/bluetooth( 1168): packages/modules/Bluetooth/system/gd/hci/le_scanning_reassembler.cc:64 ProcessAdvertisingReport: Dropping repeated legacy advertising data
06-03 15:33:01.389 D/bluetooth( 1168): packages/modules/Bluetooth/system/gd/hci/le_scanning_reassembler.cc:64 ProcessAdvertisingReport: Dropping repeated legacy advertising data
06-03 15:33:01.391 I/android.hardware.bluetooth@1.0-impl( 480): [HandleIncomingEvent-549]: rec adv direct packet
06-03 15:33:01.399 I/android.hardware.bluetooth@1.0-impl( 480): [HandleIncomingEvent-549]: rec adv direct packet
06-03 15:33:01.401 I/SogouIME( 1421): onKeyDown: keyoCode=22
06-03 15:33:01.402 I/DefaultIMS( 1421): onKeyDown: keyoCode=22
06-03 15:33:01.403 E/SecondScreen( 1542): FirstScreenLayoutView dispatchKeyEvent 22
06-03 15:33:01.406 I/audio_hw_hal_primary( 478): out_update_source_metadata_v7() line 2013 usage:1 content_type:2
06-03 15:33:01.409 D/bluetooth( 1168): packages/modules/Bluetooth/system/gd/hci/le_scanning_reassembler.cc:64 ProcessAdvertisingReport: Dropping repeated legacy advertising data
06-03 15:33:01.431 I/android.hardware.bluetooth@1.0-impl( 480): [HandleIncomingEvent-549]: rec adv direct packet
06-03 15:33:01.446 E/PersistableBundle( 533): Failed at frameworks/native/libs/binder/PersistableBundle.cpp:160 (erase)
06-03 15:33:01.446 I/audio_hw_hal_primary( 478): [audiohal_get_latency:1333] io 13: out:0xef5c2b30 frames:1152 rate:48000 whole_latency:24 alsa_latency:24
06-03 15:33:01.446 I/SogouIME( 1421): onKeyDown: keyoCode=22
06-03 15:33:01.446 I/DefaultIMS( 1421): onKeyDown: keyoCode=22
06-03 15:33:01.446 I/audio_hw_hal_primary( 478): [audiohal_get_latency:1333] io 13: out:0xef5c2b30 frames:1152 rate:48000 whole_latency:24 alsa_latency:24
06-03 15:33:01.447 D/bluetooth( 1168): packages/modules/Bluetooth/system/gd/hci/le_scanning_reassembler.cc:64 ProcessAdvertisingReport: Dropping repeated legacy advertising data
06-03 15:33:01.447 I/audio_hw_hal_primary( 478): out_update_source_metadata_v7() line 2013 usage:1 content_type:2
06-03 15:33:01.447 I/android.hardware.bluetooth@1.0-impl( 480): [HandleIncomingEvent-549]: rec adv direct packet
06-03 15:33:01.447 E/SecondScreen( 1542): FirstScreenLayoutView dispatchKeyEvent 22
06-03 15:33:01.453 D/bluetooth( 1168): packages/modules/Bluetooth/system/gd/hci/le_scanning_reassembler.cc:64 ProcessAdvertisingReport: Dropping repeated legacy advertising data
06-03 15:33:01.456 D/bluetooth( 1168): packages/modules/Bluetooth/system/gd/hci/le_scanning_reassembler.cc:64 ProcessAdvertisingReport: Dropping repeated legacy advertising data
06-03 15:33:01.463 D/bluetooth( 1168): packages/modules/Bluetooth/system/gd/hci/le_scanning_reassembler.cc:64 ProcessAdvertisingReport: Dropping repeated legacy advertising data
06-03 15:33:01.464 D/bluetooth( 1168): packages/modules/Bluetooth/system/gd/hci/le_scanning_reassembler.cc:64 ProcessAdvertisingReport: Dropping repeated legacy advertising data
06-03 15:33:01.466 I/android.hardware.bluetooth@1.0-impl( 480): [HandleIncomingEvent-549]: rec adv direct packet
06-03 15:33:01.468 D/bluetooth( 1168): packages/modules/Bluetooth/system/gd/hci/le_scanning_reassembler.cc:64 ProcessAdvertisingReport: Dropping repeated legacy advertising data
06-03 15:33:01.482 D/bluetooth( 1168): packages/modules/Bluetooth/system/gd/hci/le_scanning_reassembler.cc:64 ProcessAdvertisingReport: Dropping repeated legacy advertising data
06-03 15:33:01.486 I/audio_hw_hal_primary( 478): [audiohal_get_latency:1333] io 13: out:0xef5c2b30 frames:1152 rate:48000 whole_latency:24 alsa_latency:24
06-03 15:33:01.486 I/audio_hw_hal_primary( 478): [audiohal_get_latency:1333] io 13: out:0xef5c2b30 frames:1024 rate:48000 whole_latency:21 alsa_latency:21
06-03 15:33:01.486 I/audio_hw_hal_primary( 478): [audiohal_get_latency:1333] io 13: out:0xef5c2b30 frames:1024 rate:48000 whole_latency:21 alsa_latency:21
06-03 15:33:01.486 E/PersistableBundle( 533): Failed at frameworks/native/libs/binder/PersistableBundle.cpp:160 (erase)
06-03 15:33:01.487 I/audio_hw_hal_primary( 478): out_update_source_metadata_v7() line 2013 usage:1 content_type:2
06-03 15:33:01.496 I/SogouIME( 1421): onKeyDown: keyoCode=22
06-03 15:33:01.497 I/DefaultIMS( 1421): onKeyDown: keyoCode=22
06-03 15:33:01.497 E/SecondScreen( 1542): FirstScreenLayoutView dispatchKeyEvent 22
06-03 15:33:01.502 I/android.hardware.bluetooth@1.0-impl( 480): [HandleIncomingEvent-549]: rec adv direct packet
06-03 15:33:01.510 D/bluetooth( 1168): packages/modules/Bluetooth/system/gd/hci/le_scanning_reassembler.cc:64 ProcessAdvertisingReport: Dropping repeated legacy advertising data
06-03 15:33:01.526 I/audio_hw_hal_primary( 478): [audiohal_get_latency:1333] io 13: out:0xef5c2b30 frames:1152 rate:48000 whole_latency:24 alsa_latency:24
06-03 15:33:01.526 I/audio_hw_hal_primary( 478): [audiohal_get_latency:1333] io 13: out:0xef5c2b30 frames:1152 rate:48000 whole_latency:24 alsa_latency:24
06-03 15:33:01.527 I/audio_hw_hal_primary( 478): [audiohal_get_latency:1333] io 13: out:0xef5c2b30 frames:1152 rate:48000 whole_latency:24 alsa_latency:24
06-03 15:33:01.536 D/bluetooth( 1168): packages/modules/Bluetooth/system/gd/hci/le_scanning_reassembler.cc:64 ProcessAdvertisingReport: Dropping repeated legacy advertising data
06-03 15:33:01.537 D/bluetooth( 1168): packages/modules/Bluetooth/system/gd/hci/le_scanning_reassembler.cc:64 ProcessAdvertisingReport: Dropping repeated legacy advertising data
06-03 15:33:01.547 I/SogouIME( 1421): onKeyDown: keyoCode=22
06-03 15:33:01.547 I/DefaultIMS( 1421): onKeyDown: keyoCode=22
06-03 15:33:01.547 E/SecondScreen( 1542): FirstScreenLayoutView dispatchKeyEvent 22
06-03 15:33:01.549 I/android.hardware.bluetooth@1.0-impl( 480): [HandleIncomingEvent-549]: rec adv direct packet
06-03 15:33:01.566 E/PersistableBundle( 533): Failed at frameworks/native/libs/binder/PersistableBundle.cpp:160 (erase)
06-03 15:33:01.566 I/audio_hw_hal_primary( 478): [audiohal_get_latency:1333] io 13: out:0xef5c2b30 frames:1024 rate:48000 whole_latency:21 alsa_latency:21
06-03 15:33:01.567 I/audio_hw_hal_primary( 478): [audiohal_get_latency:1333] io 13: out:0xef5c2b30 frames:1280 rate:48000 whole_latency:26 alsa_latency:26
06-03 15:33:01.567 I/audio_hw_hal_primary( 478): [audiohal_get_latency:1333] io 13: out:0xef5c2b30 frames:1280 rate:48000 whole_latency:26 alsa_latency:26
06-03 15:33:01.576 W/ ( 0): [1 T1090 ..] [SP FRAME RX] arp req,vif_idx:0 sender:[28:48:e7:f0:76:bd 192.168.3.210]receiver:[00:00:00:00:00:00 192.168.3.4]
06-03 15:33:01.577 W/ ( 0): [1 T1090 ..] [SP FRAME TX] arp rsp,vif_idx:0 sender:[1c:79:2d:20:62:cb 192.168.3.4]receiver:[28:48:e7:f0:76:bd 192.168.3.210]
06-03 15:33:01.568 I/audio_hw_hal_primary( 478): out_update_source_metadata_v7() line 2013 usage:1 content_type:2
06-03 15:33:01.571 D/bluetooth( 1168): packages/modules/Bluetooth/system/gd/hci/le_scanning_reassembler.cc:64 ProcessAdvertisingReport: Dropping repeated legacy advertising data
06-03 15:33:01.577 D/bluetooth( 1168): packages/modules/Bluetooth/system/gd/hci/le_scanning_reassembler.cc:64 ProcessAdvertisingReport: Dropping repeated legacy advertising data
06-03 15:33:01.598 I/SogouIME( 1421): onKeyDown: keyoCode=22
06-03 15:33:01.598 I/DefaultIMS( 1421): onKeyDown: keyoCode=22
06-03 15:33:01.598 E/SecondScreen( 1542): FirstScreenLayoutView dispatchKeyEvent 22
06-03 15:33:01.601 D/bluetooth( 1168): packages/modules/Bluetooth/system/gd/hci/le_scanning_reassembler.cc:64 ProcessAdvertisingReport: Dropping repeated legacy advertising data
06-03 15:33:01.606 E/PersistableBundle( 533): Failed at frameworks/native/libs/binder/PersistableBundle.cpp:160 (erase)
06-03 15:33:01.606 I/audio_hw_hal_primary( 478): [audiohal_get_latency:1333] io 13: out:0xef5c2b30 frames:1152 rate:48000 whole_latency:24 alsa_latency:24
06-03 15:33:01.607 I/audio_hw_hal_primary( 478): [audiohal_get_latency:1333] io 13: out:0xef5c2b30 frames:1152 rate:48000 whole_latency:24 alsa_latency:24
06-03 15:33:01.607 I/audio_hw_hal_primary( 478): [audiohal_get_latency:1333] io 13: out:0xef5c2b30 frames:1152 rate:48000 whole_latency:24 alsa_latency:24
06-03 15:33:01.607 E/PersistableBundle( 533): Failed at frameworks/native/libs/binder/PersistableBundle.cpp:160 (erase)
06-03 15:33:01.608 D/audioserver( 533): logFgsApiEnd: FGS Logger Transaction failed, -129
06-03 15:33:01.609 D/audioserver( 533): logFgsApiEnd: FGS Logger Transaction failed, -129
06-03 15:33:01.610 I/audio_hw_hal_primary( 478): out_update_source_metadata_v7() line 2013 usage:1 content_type:2
06-03 15:33:01.613 D/bluetooth( 1168): packages/modules/Bluetooth/system/gd/hci/le_scanning_reassembler.cc:64 ProcessAdvertisingReport: Dropping repeated legacy advertising data
06-03 15:33:01.617 D/bluetooth( 1168): packages/modules/Bluetooth/system/gd/hci/le_scanning_reassembler.cc:64 ProcessAdvertisingReport: Dropping repeated legacy advertising data
06-03 15:33:01.633 D/bluetooth( 1168): packages/modules/Bluetooth/system/gd/hci/le_scanning_reassembler.cc:64 ProcessAdvertisingReport: Dropping repeated legacy advertising data
06-03 15:33:01.634 I/android.hardware.bluetooth@1.0-impl( 480): [HandleIncomingEvent-549]: rec adv direct packet
06-03 15:33:01.646 I/audio_hw_hal_primary( 478): [audiohal_get_latency:1333] io 13: out:0xef5c2b30 frames:1024 rate:48000 whole_latency:21 alsa_latency:21
06-03 15:33:01.647 E/PersistableBundle( 533): Failed at frameworks/native/libs/binder/PersistableBundle.cpp:160 (erase)
06-03 15:33:01.647 D/audioserver( 533): logFgsApiEnd: FGS Logger Transaction failed, -129
06-03 15:33:01.648 I/audio_hw_hal_primary( 478): out_update_source_metadata_v7() line 2013 usage:1 content_type:2
06-03 15:33:01.649 I/SogouIME( 1421): onKeyDown: keyoCode=22
06-03 15:33:01.649 I/DefaultIMS( 1421): onKeyDown: keyoCode=22
06-03 15:33:01.650 E/SecondScreen( 1542): FirstScreenLayoutView dispatchKeyEvent 22
06-03 15:33:01.666 I/android.hardware.bluetooth@1.0-impl( 480): [HandleIncomingEvent-549]: rec adv direct packet
06-03 15:33:01.669 D/bluetooth( 1168): packages/modules/Bluetooth/system/gd/hci/le_scanning_reassembler.cc:64 ProcessAdvertisingReport: Dropping repeated legacy advertising data
06-03 15:33:01.673 D/bluetooth( 1168): packages/modules/Bluetooth/system/gd/hci/le_scanning_reassembler.cc:64 ProcessAdvertisingReport: Dropping repeated legacy advertising data
06-03 15:33:01.677 D/bluetooth( 1168): packages/modules/Bluetooth/system/gd/hci/le_scanning_reassembler.cc:64 ProcessAdvertisingReport: Dropping repeated legacy advertising data
06-03 15:33:01.680 I/android.hardware.bluetooth@1.0-impl( 480): [HandleIncomingEvent-549]: rec adv direct packet
06-03 15:33:01.700 D/bluetooth( 1168): packages/modules/Bluetooth/system/gd/hci/le_scanning_reassembler.cc:64 ProcessAdvertisingReport: Dropping repeated legacy advertising data
06-03 15:33:01.700 I/SogouIME( 1421): onKeyDown: keyoCode=22
06-03 15:33:01.700 I/DefaultIMS( 1421): onKeyDown: keyoCode=22
06-03 15:33:01.701 E/SecondScreen( 1542): FirstScreenLayoutView dispatchKeyEvent 22
06-03 15:33:01.706 I/android.hardware.bluetooth@1.0-impl( 480): [HandleIncomingEvent-549]: rec adv direct packet
06-03 15:33:01.725 I/android.hardware.bluetooth@1.0-impl( 480): [HandleIncomingEvent-549]: rec adv direct packet
06-03 15:33:01.737 D/bluetooth( 1168): packages/modules/Bluetooth/system/gd/hci/le_scanning_reassembler.cc:64 ProcessAdvertisingReport: Dropping repeated legacy advertising data
06-03 15:33:01.738 I/android.hardware.bluetooth@1.0-impl( 480): [HandleIncomingEvent-549]: rec adv direct packet
06-03 15:33:01.742 D/bluetooth( 1168): packages/modules/Bluetooth/system/gd/hci/le_scanning_reassembler.cc:64 ProcessAdvertisingReport: Dropping repeated legacy advertising data
06-03 15:33:01.746 D/bluetooth( 1168): packages/modules/Bluetooth/system/gd/hci/le_scanning_reassembler.cc:64 ProcessAdvertisingReport: Dropping repeated legacy advertising data
06-03 15:33:01.749 I/SogouIME( 1421): onKeyDown: keyoCode=22
06-03 15:33:01.749 I/DefaultIMS( 1421): onKeyDown: keyoCode=22
06-03 15:33:01.749 D/bluetooth( 1168): packages/modules/Bluetooth/system/gd/hci/le_scanning_reassembler.cc:64 ProcessAdvertisingReport: Dropping repeated legacy advertising data
06-03 15:33:01.750 E/SecondScreen( 1542): FirstScreenLayoutView dispatchKeyEvent 22
06-03 15:33:01.758 D/bluetooth( 1168): packages/modules/Bluetooth/system/gd/hci/le_scanning_reassembler.cc:64 ProcessAdvertisingReport: Dropping repeated legacy advertising data
06-03 15:33:01.761 D/bluetooth( 1168): packages/modules/Bluetooth/system/gd/hci/le_scanning_reassembler.cc:64 ProcessAdvertisingReport: Dropping repeated legacy advertising data
06-03 15:33:01.773 D/bluetooth( 1168): packages/modules/Bluetooth/system/gd/hci/le_scanning_reassembler.cc:64 ProcessAdvertisingReport: Dropping repeated legacy advertising data
06-03 15:33:01.782 D/bluetooth( 1168): packages/modules/Bluetooth/system/gd/hci/le_scanning_reassembler.cc:64 ProcessAdvertisingReport: Dropping repeated legacy advertising data
06-03 15:33:01.791 D/bluetooth( 1168): packages/modules/Bluetooth/system/gd/hci/le_scanning_reassembler.cc:64 ProcessAdvertisingReport: Dropping repeated legacy advertising data
06-03 15:33:01.791 I/android.hardware.bluetooth@1.0-impl( 480): [HandleIncomingEvent-549]: rec adv direct packet
06-03 15:33:01.800 I/SogouIME( 1421): onKeyDown: keyoCode=22
06-03 15:33:01.801 I/DefaultIMS( 1421): onKeyDown: keyoCode=22
06-03 15:33:01.801 E/SecondScreen( 1542): FirstScreenLayoutView dispatchKeyEvent 22
06-03 15:33:01.806 I/android.hardware.bluetooth@1.0-impl( 480): [HandleIncomingEvent-549]: rec adv direct packet
06-03 15:33:01.814 I/android.hardware.bluetooth@1.0-impl( 480): [HandleIncomingEvent-549]: rec adv direct packet
06-03 15:33:01.817 I/audio_hw_hal_primary( 478): out_update_source_metadata_v7() line 2013 usage:1 content_type:2
06-03 15:33:01.828 D/bluetooth( 1168): packages/modules/Bluetooth/system/gd/hci/le_scanning_reassembler.cc:64 ProcessAdvertisingReport: Dropping repeated legacy advertising data
06-03 15:33:01.834 I/android.hardware.bluetooth@1.0-impl( 480): [HandleIncomingEvent-549]: rec adv direct packet
06-03 15:33:01.839 I/android.hardware.bluetooth@1.0-impl( 480): [HandleIncomingEvent-549]: rec adv direct packet
06-03 15:33:01.849 I/android.hardware.bluetooth@1.0-impl( 480): [HandleIncomingEvent-549]: rec adv direct packet
06-03 15:33:01.851 I/SogouIME( 1421): onKeyDown: keyoCode=22
06-03 15:33:01.851 I/DefaultIMS( 1421): onKeyDown: keyoCode=22
06-03 15:33:01.851 E/SecondScreen( 1542): FirstScreenLayoutView dispatchKeyEvent 22
06-03 15:33:01.859 E/PersistableBundle( 533): Failed at frameworks/native/libs/binder/PersistableBundle.cpp:160 (erase)
06-03 15:33:01.859 E/PersistableBundle( 533): Failed at frameworks/native/libs/binder/PersistableBundle.cpp:160 (erase)
06-03 15:33:01.860 I/audio_hw_hal_primary( 478): out_update_source_metadata_v7() line 2013 usage:1 content_type:2
06-03 15:33:01.867 W/System ( 1168): A resource failed to call close.
06-03 15:33:01.875 I/android.hardware.bluetooth@1.0-impl( 480): [HandleIncomingEvent-549]: rec adv direct packet
06-03 15:33:01.891 D/bluetooth( 1168): packages/modules/Bluetooth/system/gd/hci/le_scanning_reassembler.cc:64 ProcessAdvertisingReport: Dropping repeated legacy advertising data
06-03 15:33:01.894 D/bluetooth( 1168): packages/modules/Bluetooth/system/gd/hci/le_scanning_reassembler.cc:64 ProcessAdvertisingReport: Dropping repeated legacy advertising data
06-03 15:33:01.896 D/bluetooth( 1168): packages/modules/Bluetooth/system/gd/hci/le_scanning_reassembler.cc:64 ProcessAdvertisingReport: Dropping repeated legacy advertising data
06-03 15:33:01.902 E/PersistableBundle( 533): Failed at frameworks/native/libs/binder/PersistableBundle.cpp:160 (erase)
06-03 15:33:01.902 E/PersistableBundle( 533): Failed at frameworks/native/libs/binder/PersistableBundle.cpp:160 (erase)
06-03 15:33:01.903 I/audio_hw_hal_primary( 478): out_update_source_metadata_v7() line 2013 usage:1 content_type:2
06-03 15:33:01.903 I/SogouIME( 1421): onKeyDown: keyoCode=22
06-03 15:33:01.903 I/DefaultIMS( 1421): onKeyDown: keyoCode=22
06-03 15:33:01.904 E/SecondScreen( 1542): FirstScreenLayoutView dispatchKeyEvent 22
06-03 15:33:01.906 I/android.hardware.bluetooth@1.0-impl( 480): [HandleIncomingEvent-549]: rec adv direct packet
06-03 15:33:01.909 D/bluetooth( 1168): packages/modules/Bluetooth/system/gd/hci/le_scanning_reassembler.cc:64 ProcessAdvertisingReport: Dropping repeated legacy advertising data
06-03 15:33:01.916 D/bluetooth( 1168): packages/modules/Bluetooth/system/gd/hci/le_scanning_reassembler.cc:64 ProcessAdvertisingReport: Dropping repeated legacy advertising data
06-03 15:33:01.920 I/android.hardware.bluetooth@1.0-impl( 480): [HandleIncomingEvent-549]: rec adv direct packet
06-03 15:33:01.928 D/bluetooth( 1168): packages/modules/Bluetooth/system/gd/hci/le_scanning_reassembler.cc:64 ProcessAdvertisingReport: Dropping repeated legacy advertising data
06-03 15:33:01.945 E/PersistableBundle( 533): Failed at frameworks/native/libs/binder/PersistableBundle.cpp:160 (erase)
06-03 15:33:01.945 I/audio_hw_hal_primary( 478): out_update_source_metadata_v7() line 2013 usage:1 content_type:2
06-03 15:33:01.950 I/android.hardware.bluetooth@1.0-impl( 480): [HandleIncomingEvent-549]: rec adv direct packet
06-03 15:33:01.952 I/SogouIME( 1421): onKeyDown: keyoCode=22
06-03 15:33:01.952 I/DefaultIMS( 1421): onKeyDown: keyoCode=22
06-03 15:33:01.953 E/SecondScreen( 1542): FirstScreenLayoutView dispatchKeyEvent 22
06-03 15:33:01.969 D/bluetooth( 1168): packages/modules/Bluetooth/system/gd/hci/le_scanning_reassembler.cc:64 ProcessAdvertisingReport: Dropping repeated legacy advertising data
06-03 15:33:01.970 I/ActivityManager( 736): Waited long enough for: ServiceRecord{e2276ea u0 com.dangbei.lerad.rocky/com.dangbei.phrike.core.PhrikeDownloadService}
06-03 15:33:01.992 I/android.hardware.bluetooth@1.0-impl( 480): [HandleIncomingEvent-549]: rec adv direct packet
06-03 15:33:01.994 D/bluetooth( 1168): packages/modules/Bluetooth/system/gd/hci/le_scanning_reassembler.cc:64 ProcessAdvertisingReport: Dropping repeated legacy advertising data
06-03 15:33:02.003 I/SogouIME( 1421): onKeyDown: keyoCode=22
06-03 15:33:02.003 I/DefaultIMS( 1421): onKeyDown: keyoCode=22
06-03 15:33:02.004 E/SecondScreen( 1542): FirstScreenLayoutView dispatchKeyEvent 22
06-03 15:33:02.016 D/bluetooth( 1168): packages/modules/Bluetooth/system/gd/hci/le_scanning_reassembler.cc:64 ProcessAdvertisingReport: Dropping repeated legacy advertising data
06-03 15:33:02.026 D/bluetooth( 1168): packages/modules/Bluetooth/system/gd/hci/le_scanning_reassembler.cc:64 ProcessAdvertisingReport: Dropping repeated legacy advertising data
06-03 15:33:02.030 D/bluetooth( 1168): packages/modules/Bluetooth/system/gd/hci/le_scanning_reassembler.cc:64 ProcessAdvertisingReport: Dropping repeated legacy advertising data
06-03 15:33:02.038 I/android.hardware.bluetooth@1.0-impl( 480): [HandleIncomingEvent-549]: rec adv direct packet
06-03 15:33:02.040 D/bluetooth( 1168): packages/modules/Bluetooth/system/gd/hci/le_scanning_reassembler.cc:64 ProcessAdvertisingReport: Dropping repeated legacy advertising data
06-03 15:33:02.043 D/bluetooth( 1168): packages/modules/Bluetooth/system/gd/hci/le_scanning_reassembler.cc:64 ProcessAdvertisingReport: Dropping repeated legacy advertising data
06-03 15:33:02.053 I/android.hardware.bluetooth@1.0-impl( 480): [HandleIncomingEvent-549]: rec adv direct packet
06-03 15:33:02.054 I/SogouIME( 1421): onKeyDown: keyoCode=22
06-03 15:33:02.054 I/DefaultIMS( 1421): onKeyDown: keyoCode=22
06-03 15:33:02.055 E/SecondScreen( 1542): FirstScreenLayoutView dispatchKeyEvent 22
06-03 15:33:02.066 I/android.hardware.bluetooth@1.0-impl( 480): [HandleIncomingEvent-549]: rec adv direct packet
06-03 15:33:02.072 D/bluetooth( 1168): packages/modules/Bluetooth/system/gd/hci/le_scanning_reassembler.cc:64 ProcessAdvertisingReport: Dropping repeated legacy advertising data
06-03 15:33:02.072 E/PersistableBundle( 533): Failed at frameworks/native/libs/binder/PersistableBundle.cpp:160 (erase)
06-03 15:33:02.073 I/audio_hw_hal_primary( 478): out_update_source_metadata_v7() line 2013 usage:1 content_type:2
06-03 15:33:02.077 I/android.hardware.bluetooth@1.0-impl( 480): [HandleIncomingEvent-549]: rec adv direct packet
06-03 15:33:02.089 D/bluetooth( 1168): packages/modules/Bluetooth/system/gd/hci/le_scanning_reassembler.cc:64 ProcessAdvertisingReport: Dropping repeated legacy advertising data
06-03 15:33:02.095 I/android.hardware.bluetooth@1.0-impl( 480): [HandleIncomingEvent-549]: rec adv direct packet
06-03 15:33:02.105 I/SogouIME( 1421): onKeyDown: keyoCode=22
06-03 15:33:02.105 I/DefaultIMS( 1421): onKeyDown: keyoCode=22
06-03 15:33:02.106 E/SecondScreen( 1542): FirstScreenLayoutView dispatchKeyEvent 22
06-03 15:33:02.109 I/android.hardware.bluetooth@1.0-impl( 480): [HandleIncomingEvent-549]: rec adv direct packet
06-03 15:33:02.115 E/PersistableBundle( 533): Failed at frameworks/native/libs/binder/PersistableBundle.cpp:160 (erase)
06-03 15:33:02.115 E/PersistableBundle( 533): Failed at frameworks/native/libs/binder/PersistableBundle.cpp:160 (erase)
06-03 15:33:02.116 I/audio_hw_hal_primary( 478): out_update_source_metadata_v7() line 2013 usage:1 content_type:2
06-03 15:33:02.119 I/android.hardware.bluetooth@1.0-impl( 480): [HandleIncomingEvent-549]: rec adv direct packet
06-03 15:33:02.122 D/bluetooth( 1168): packages/modules/Bluetooth/system/gd/hci/le_scanning_reassembler.cc:64 ProcessAdvertisingReport: Dropping repeated legacy advertising data
06-03 15:33:02.134 I/android.hardware.bluetooth@1.0-impl( 480): [HandleIncomingEvent-549]: rec adv direct packet
06-03 15:33:02.140 D/bluetooth( 1168): packages/modules/Bluetooth/system/gd/hci/le_scanning_reassembler.cc:64 ProcessAdvertisingReport: Dropping repeated legacy advertising data
06-03 15:33:02.140 I/android.hardware.bluetooth@1.0-impl( 480): [HandleIncomingEvent-549]: rec adv direct packet
06-03 15:33:02.154 I/SogouIME( 1421): onKeyDown: keyoCode=22
06-03 15:33:02.154 I/DefaultIMS( 1421): onKeyDown: keyoCode=22
06-03 15:33:02.155 E/SecondScreen( 1542): FirstScreenLayoutView dispatchKeyEvent 22
06-03 15:33:02.158 E/PersistableBundle( 533): Failed at frameworks/native/libs/binder/PersistableBundle.cpp:160 (erase)
06-03 15:33:02.158 E/PersistableBundle( 533): Failed at frameworks/native/libs/binder/PersistableBundle.cpp:160 (erase)
06-03 15:33:02.159 I/audio_hw_hal_primary( 478): out_update_source_metadata_v7() line 2013 usage:1 content_type:2
06-03 15:33:02.176 D/bluetooth( 1168): packages/modules/Bluetooth/system/gd/hci/le_scanning_reassembler.cc:64 ProcessAdvertisingReport: Dropping repeated legacy advertising data
06-03 15:33:02.180 D/bluetooth( 1168): packages/modules/Bluetooth/system/gd/hci/le_scanning_reassembler.cc:64 ProcessAdvertisingReport: Dropping repeated legacy advertising data
06-03 15:33:02.184 D/bluetooth( 1168): packages/modules/Bluetooth/system/gd/hci/le_scanning_reassembler.cc:64 ProcessAdvertisingReport: Dropping repeated legacy advertising data
06-03 15:33:02.201 E/PersistableBundle( 533): Failed at frameworks/native/libs/binder/PersistableBundle.cpp:160 (erase)
06-03 15:33:02.201 I/audio_hw_hal_primary( 478): out_update_source_metadata_v7() line 2013 usage:1 content_type:2
06-03 15:33:02.206 I/SogouIME( 1421): onKeyDown: keyoCode=22
06-03 15:33:02.206 I/DefaultIMS( 1421): onKeyDown: keyoCode=22
06-03 15:33:02.207 E/SecondScreen( 1542): FirstScreenLayoutView dispatchKeyEvent 22
06-03 15:33:02.233 D/bluetooth( 1168): packages/modules/Bluetooth/system/gd/hci/le_scanning_reassembler.cc:64 ProcessAdvertisingReport: Dropping repeated legacy advertising data
06-03 15:33:02.236 D/bluetooth( 1168): packages/modules/Bluetooth/system/gd/hci/le_scanning_reassembler.cc:64 ProcessAdvertisingReport: Dropping repeated legacy advertising data
06-03 15:33:02.243 D/bluetooth( 1168): packages/modules/Bluetooth/system/gd/hci/le_scanning_reassembler.cc:64 ProcessAdvertisingReport: Dropping repeated legacy advertising data
06-03 15:33:02.252 D/bluetooth( 1168): packages/modules/Bluetooth/system/gd/hci/le_scanning_reassembler.cc:64 ProcessAdvertisingReport: Dropping repeated legacy advertising data
06-03 15:33:02.255 I/SogouIME( 1421): onKeyDown: keyoCode=22
06-03 15:33:02.255 I/DefaultIMS( 1421): onKeyDown: keyoCode=22
06-03 15:33:02.256 E/SecondScreen( 1542): FirstScreenLayoutView dispatchKeyEvent 22
06-03 15:33:02.266 D/bluetooth( 1168): packages/modules/Bluetooth/system/gd/hci/le_scanning_reassembler.cc:64 ProcessAdvertisingReport: Dropping repeated legacy advertising data
06-03 15:33:02.280 D/bluetooth( 1168): packages/modules/Bluetooth/system/gd/hci/le_scanning_reassembler.cc:64 ProcessAdvertisingReport: Dropping repeated legacy advertising data
06-03 15:33:02.300 D/bluetooth( 1168): packages/modules/Bluetooth/system/gd/hci/le_scanning_reassembler.cc:64 ProcessAdvertisingReport: Dropping repeated legacy advertising data
06-03 15:33:02.307 I/SogouIME( 1421): onKeyDown: keyoCode=22
06-03 15:33:02.307 I/DefaultIMS( 1421): onKeyDown: keyoCode=22
06-03 15:33:02.308 E/SecondScreen( 1542): FirstScreenLayoutView dispatchKeyEvent 22
06-03 15:33:02.314 D/bluetooth( 1168): packages/modules/Bluetooth/system/gd/hci/le_scanning_reassembler.cc:64 ProcessAdvertisingReport: Dropping repeated legacy advertising data
06-03 15:33:02.320 D/BtGatt.ScanManager( 1168): scanMode upgrade is reverted for [ScanClient scanModeApp 0 scanModeUsed 0 [appScanStats android.uid.system:1000]]
06-03 15:33:02.320 D/BtGatt.ScanManager( 1168): configureRegularScanParams() - queue=1
06-03 15:33:02.323 I/bt_stack( 1168): [INFO:le_scanning_manager.cc(168)] Scan in shim layer stopped
06-03 15:33:02.324 I/bluetooth( 1168): packages/modules/Bluetooth/system/gd/hci/le_address_manager.cc:193 unregister_client: Client unregistered
06-03 15:33:02.324 D/BtGatt.ScanManager( 1168): Start gattClientScanNative with old scanMode 1 new scanMode 0 ( in MS: 1400 / 140, in scan unit: 2240 / 224 ) [ScanClient scanModeApp 0 scanModeUsed 0 [appScanStats android.uid.system:1000]]
06-03 15:33:02.325 I/bt_stack( 1168): [INFO:le_scanning_manager.cc(346)] SetScanParameters in shim layer
06-03 15:33:02.325 I/bt_stack( 1168): [INFO:le_scanning_manager.cc(168)] Scan in shim layer started
06-03 15:33:02.325 D/BtGatt.GattService( 1168): onScanParamSetupCompleted : 0
06-03 15:33:02.325 I/bluetooth( 1168): packages/modules/Bluetooth/system/gd/hci/le_scanning_manager.cc:588 stop_scan: Scanning already stopped, return!
06-03 15:33:02.325 I/bluetooth( 1168): packages/modules/Bluetooth/system/gd/hci/le_address_manager.cc:178 register_client: Client registered
06-03 15:33:02.352 D/bluetooth( 1168): packages/modules/Bluetooth/system/gd/hci/le_scanning_reassembler.cc:64 ProcessAdvertisingReport: Dropping repeated legacy advertising data
06-03 15:33:02.356 D/bluetooth( 1168): packages/modules/Bluetooth/system/gd/hci/le_scanning_reassembler.cc:64 ProcessAdvertisingReport: Dropping repeated legacy advertising data
06-03 15:33:02.357 D/bluetooth( 1168): packages/modules/Bluetooth/system/gd/hci/le_scanning_reassembler.cc:64 ProcessAdvertisingReport: Dropping repeated legacy advertising data
06-03 15:33:02.357 I/SogouIME( 1421): onKeyDown: keyoCode=22
06-03 15:33:02.357 I/DefaultIMS( 1421): onKeyDown: keyoCode=22
06-03 15:33:02.358 E/SecondScreen( 1542): FirstScreenLayoutView dispatchKeyEvent 22
06-03 15:33:02.369 D/bluetooth( 1168): packages/modules/Bluetooth/system/gd/hci/le_scanning_reassembler.cc:64 ProcessAdvertisingReport: Dropping repeated legacy advertising data
06-03 15:33:02.371 E/PersistableBundle( 533): Failed at frameworks/native/libs/binder/PersistableBundle.cpp:160 (erase)
06-03 15:33:02.372 I/audio_hw_hal_primary( 478): out_update_source_metadata_v7() line 2013 usage:1 content_type:2
06-03 15:33:02.389 D/bluetooth( 1168): packages/modules/Bluetooth/system/gd/hci/le_scanning_reassembler.cc:64 ProcessAdvertisingReport: Dropping repeated legacy advertising data
06-03 15:33:02.408 I/SogouIME( 1421): onKeyDown: keyoCode=22
06-03 15:33:02.408 I/DefaultIMS( 1421): onKeyDown: keyoCode=22
06-03 15:33:02.409 E/SecondScreen( 1542): FirstScreenLayoutView dispatchKeyEvent 22
06-03 15:33:02.414 E/PersistableBundle( 533): Failed at frameworks/native/libs/binder/PersistableBundle.cpp:160 (erase)
06-03 15:33:02.414 E/PersistableBundle( 533): Failed at frameworks/native/libs/binder/PersistableBundle.cpp:160 (erase)
06-03 15:33:02.414 I/audio_hw_hal_primary( 478): out_update_source_metadata_v7() line 2013 usage:1 content_type:2
06-03 15:33:02.423 D/bluetooth( 1168): packages/modules/Bluetooth/system/gd/hci/le_scanning_reassembler.cc:64 ProcessAdvertisingReport: Dropping repeated legacy advertising data
06-03 15:33:02.426 D/bluetooth( 1168): packages/modules/Bluetooth/system/gd/hci/le_scanning_reassembler.cc:64 ProcessAdvertisingReport: Dropping repeated legacy advertising data
06-03 15:33:02.442 D/bluetooth( 1168): packages/modules/Bluetooth/system/gd/hci/le_scanning_reassembler.cc:64 ProcessAdvertisingReport: Dropping repeated legacy advertising data
06-03 15:33:02.446 D/bluetooth( 1168): packages/modules/Bluetooth/system/gd/hci/le_scanning_reassembler.cc:64 ProcessAdvertisingReport: Dropping repeated legacy advertising data
06-03 15:33:02.456 D/bluetooth( 1168): packages/modules/Bluetooth/system/gd/hci/le_scanning_reassembler.cc:64 ProcessAdvertisingReport: Dropping repeated legacy advertising data
06-03 15:33:02.457 D/bluetooth( 1168): packages/modules/Bluetooth/system/gd/hci/le_scanning_reassembler.cc:64 ProcessAdvertisingReport: Dropping repeated legacy advertising data
06-03 15:33:02.458 E/PersistableBundle( 533): Failed at frameworks/native/libs/binder/PersistableBundle.cpp:160 (erase)
06-03 15:33:02.458 I/audio_hw_hal_primary( 478): out_update_source_metadata_v7() line 2013 usage:1 content_type:2
06-03 15:33:02.460 I/SogouIME( 1421): onKeyDown: keyoCode=22
06-03 15:33:02.460 I/DefaultIMS( 1421): onKeyDown: keyoCode=22
06-03 15:33:02.461 E/SecondScreen( 1542): FirstScreenLayoutView dispatchKeyEvent 22
06-03 15:33:02.467 D/bluetooth( 1168): packages/modules/Bluetooth/system/gd/hci/le_scanning_reassembler.cc:64 ProcessAdvertisingReport: Dropping repeated legacy advertising data
06-03 15:33:02.467 I/bt_btif_dm( 1168): packages/modules/Bluetooth/system/btif/src/btif_dm.cc:695 btif_update_remote_properties: class of device (cod) is 0x00050c
06-03 15:33:02.467 I/bt_btif ( 1168): packages/modules/Bluetooth/system/main/bte_logmsg.cc:112 LogMsg: operator(): HAL bt_hal_cbacks->remote_device_properties_cb
06-03 15:33:02.490 D/bluetooth( 1168): packages/modules/Bluetooth/system/gd/hci/le_scanning_reassembler.cc:64 ProcessAdvertisingReport: Dropping repeated legacy advertising data
06-03 15:33:02.484 I/cling--ap-1( 2115): type=1400 audit(0.0:908): avc: denied { read } for name="address" dev="sysfs" ino=22126 scontext=u:r:untrusted_app_27:s0:c43,c256,c512,c768 tcontext=u:object_r:sysfs_net:s0 tclass=file permissive=1 app=com.dangbei.screencast
06-03 15:33:02.484 I/cling--ap-1( 2115): type=1400 audit(0.0:909): avc: denied { open } for path="/sys/devices/virtual/net/dummy0/address" dev="sysfs" ino=22126 scontext=u:r:untrusted_app_27:s0:c43,c256,c512,c768 tcontext=u:object_r:sysfs_net:s0 tclass=file permissive=1 app=com.dangbei.screencast
06-03 15:33:02.501 D/bluetooth( 1168): packages/modules/Bluetooth/system/gd/hci/le_scanning_reassembler.cc:64 ProcessAdvertisingReport: Dropping repeated legacy advertising data
06-03 15:33:02.484 I/cling--ap-1( 2115): type=1400 audit(0.0:910): avc: denied { getattr } for path="/sys/devices/virtual/net/dummy0/address" dev="sysfs" ino=22126 scontext=u:r:untrusted_app_27:s0:c43,c256,c512,c768 tcontext=u:object_r:sysfs_net:s0 tclass=file permissive=1 app=com.dangbei.screencast
06-03 15:33:02.509 I/SogouIME( 1421): onKeyDown: keyoCode=22
06-03 15:33:02.509 I/DefaultIMS( 1421): onKeyDown: keyoCode=22
06-03 15:33:02.510 E/SecondScreen( 1542): FirstScreenLayoutView dispatchKeyEvent 22
06-03 15:33:02.515 D/bluetooth( 1168): packages/modules/Bluetooth/system/gd/hci/le_scanning_reassembler.cc:64 ProcessAdvertisingReport: Dropping repeated legacy advertising data
06-03 15:33:02.521 D/bluetooth( 1168): packages/modules/Bluetooth/system/gd/hci/le_scanning_reassembler.cc:64 ProcessAdvertisingReport: Dropping repeated legacy advertising data
06-03 15:33:02.524 D/bluetooth( 1168): packages/modules/Bluetooth/system/gd/hci/le_scanning_reassembler.cc:64 ProcessAdvertisingReport: Dropping repeated legacy advertising data
06-03 15:33:02.528 D/bluetooth( 1168): packages/modules/Bluetooth/system/gd/hci/le_scanning_reassembler.cc:64 ProcessAdvertisingReport: Dropping repeated legacy advertising data
06-03 15:33:02.547 D/bluetooth( 1168): packages/modules/Bluetooth/system/gd/hci/le_scanning_reassembler.cc:64 ProcessAdvertisingReport: Dropping repeated legacy advertising data
06-03 15:33:02.555 D/bluetooth( 1168): packages/modules/Bluetooth/system/gd/hci/le_scanning_reassembler.cc:64 ProcessAdvertisingReport: Dropping repeated legacy advertising data
06-03 15:33:02.556 D/bluetooth( 1168): packages/modules/Bluetooth/system/gd/hci/le_scanning_reassembler.cc:64 ProcessAdvertisingReport: Dropping repeated legacy advertising data
06-03 15:33:02.560 I/SogouIME( 1421): onKeyDown: keyoCode=22
06-03 15:33:02.560 I/DefaultIMS( 1421): onKeyDown: keyoCode=22
06-03 15:33:02.560 E/SecondScreen( 1542): FirstScreenLayoutView dispatchKeyEvent 22
06-03 15:33:02.580 D/bluetooth( 1168): packages/modules/Bluetooth/system/gd/hci/le_scanning_reassembler.cc:64 ProcessAdvertisingReport: Dropping repeated legacy advertising data
06-03 15:33:02.613 I/SogouIME( 1421): onKeyDown: keyoCode=22
06-03 15:33:02.613 I/DefaultIMS( 1421): onKeyDown: keyoCode=22
06-03 15:33:02.613 D/bluetooth( 1168): packages/modules/Bluetooth/system/gd/hci/le_scanning_reassembler.cc:64 ProcessAdvertisingReport: Dropping repeated legacy advertising data
