06-03 15:32:44.304 I/SurfaceFlinger( 267): Boot is finished (18026 ms)
06-03 15:32:44.306 E/BpTransactionCompletedListener( 267): Failed to transact (-32)
06-03 15:32:44.310 D/xm_audio( 478): adev_get_parameters
06-03 15:32:44.311 D/ActivityManagerTiming( 736): FinishBooting
06-03 15:32:44.311 W/Zygote ( 467): forkRepeatedly terminated due to non-simple command
06-03 15:32:44.311 D/Zygote ( 467): mbuffer starts with 1 , nice name is , mEnd = 19, mNext = 19, mLinesLeft = 0, mFd = 6
06-03 15:32:44.312 D/xm_audio( 478): adev_get_parameters
06-03 15:32:44.314 D/SurfaceFlinger( 267): Power hint is disabled
06-03 15:32:44.316 D/CompatibilityChangeReporter( 736): Compat change id reported: 161145287; UID 1000; state: DISABLED
06-03 15:32:44.317 D/CompatibilityChangeReporter( 736): Compat change id reported: 161145287; UID 1000; state: ENABLED
06-03 15:32:44.318 I/ActivityManager( 736): About to commit checkpoint
06-03 15:32:44.318 D/xm_audio( 478): adev_get_parameters
06-03 15:32:44.320 I/SystemServiceManager( 736): Starting phase 1000
06-03 15:32:44.320 D/xm_audio( 478): adev_get_parameters
06-03 15:32:44.320 D/ActivityManagerTiming( 736): OnBootPhase_1000
06-03 15:32:44.320 D/ActivityManagerTiming( 736): OnBootPhase_1000_com.android.server.security.FileIntegrityService
06-03 15:32:44.320 V/ActivityManagerTiming( 736): OnBootPhase_1000_com.android.server.security.FileIntegrityService took to complete: 0ms
06-03 15:32:44.320 D/ActivityManagerTiming( 736): OnBootPhase_1000_com.android.server.pm.Installer
06-03 15:32:44.320 V/ActivityManagerTiming( 736): OnBootPhase_1000_com.android.server.pm.Installer took to complete: 0ms
06-03 15:32:44.320 D/ActivityManagerTiming( 736): OnBootPhase_1000_com.android.server.os.DeviceIdentifiersPolicyService
06-03 15:32:44.320 V/ActivityManagerTiming( 736): OnBootPhase_1000_com.android.server.os.DeviceIdentifiersPolicyService took to complete: 0ms
06-03 15:32:44.320 D/ActivityManagerTiming( 736): OnBootPhase_1000_com.android.server.flags.FeatureFlagsService
06-03 15:32:44.320 V/ActivityManagerTiming( 736): OnBootPhase_1000_com.android.server.flags.FeatureFlagsService took to complete: 0ms
06-03 15:32:44.320 D/ActivityManagerTiming( 736): OnBootPhase_1000_com.android.server.uri.UriGrantsManagerService$Lifecycle
06-03 15:32:44.320 V/ActivityManagerTiming( 736): OnBootPhase_1000_com.android.server.uri.UriGrantsManagerService$Lifecycle took to complete: 0ms
06-03 15:32:44.320 D/ActivityManagerTiming( 736): OnBootPhase_1000_com.android.server.powerstats.PowerStatsService
06-03 15:32:44.320 E/PowerStatsService( 736): Failed to start PowerStatsService loggers
06-03 15:32:44.320 V/ActivityManagerTiming( 736): OnBootPhase_1000_com.android.server.powerstats.PowerStatsService took to complete: 0ms
06-03 15:32:44.320 D/ActivityManagerTiming( 736): OnBootPhase_1000_com.android.server.permission.access.AccessCheckingService
06-03 15:32:44.320 V/ActivityManagerTiming( 736): OnBootPhase_1000_com.android.server.permission.access.AccessCheckingService took to complete: 0ms
06-03 15:32:44.320 D/ActivityManagerTiming( 736): OnBootPhase_1000_com.android.server.wm.ActivityTaskManagerService$Lifecycle
06-03 15:32:44.320 V/ActivityManagerTiming( 736): OnBootPhase_1000_com.android.server.wm.ActivityTaskManagerService$Lifecycle took to complete: 0ms
06-03 15:32:44.320 D/ActivityManagerTiming( 736): OnBootPhase_1000_com.android.server.am.ActivityManagerService$Lifecycle
06-03 15:32:44.320 V/ActivityManagerTiming( 736): OnBootPhase_1000_com.android.server.am.ActivityManagerService$Lifecycle took to complete: 0ms
06-03 15:32:44.320 D/ActivityManagerTiming( 736): OnBootPhase_1000_com.android.server.pm.DataLoaderManagerService
06-03 15:32:44.320 V/ActivityManagerTiming( 736): OnBootPhase_1000_com.android.server.pm.DataLoaderManagerService took to complete: 0ms
06-03 15:32:44.320 D/ActivityManagerTiming( 736): OnBootPhase_1000_com.android.server.power.PowerManagerService
06-03 15:32:44.321 I/DisplayBrightnessStrategySelector( 736): Changing the DisplayBrightnessStrategy from OverrideBrightnessStrategy toInvalidBrightnessStrategy for display 0
06-03 15:32:44.322 V/ActivityManagerTiming( 736): OnBootPhase_1000_com.android.server.power.PowerManagerService took to complete: 2ms
06-03 15:32:44.322 D/ActivityManagerTiming( 736): OnBootPhase_1000_com.android.server.power.ThermalManagerService
06-03 15:32:44.322 V/DisplayPowerController2[0]( 736): Brightness [0.39763778] reason changing to: 'manual', previous reason: 'override'.
06-03 15:32:44.322 V/ActivityManagerTiming( 736): OnBootPhase_1000_com.android.server.power.ThermalManagerService took to complete: 0ms
06-03 15:32:44.322 D/ActivityManagerTiming( 736): OnBootPhase_1000_com.android.server.power.hint.HintManagerService
06-03 15:32:44.322 I/DisplayPowerController2[0]( 736): BrightnessEvent: disp=0, physDisp=local:4621527120592813323, brt=0.39763778, initBrt=0.39763778, rcmdBrt=NaN, preBrt=NaN, lux=0.0, preLux=0.0, hbmMax=1.0, hbmMode=off, rbcStrength=0, thrmMax=1.0, powerFactor=1.0, wasShortTermModelActive=false, flags=, reason=manual, autoBrightness=false, strategy=InvalidBrightnessStrategy
06-03 15:32:44.323 V/ActivityManagerTiming( 736): OnBootPhase_1000_com.android.server.power.hint.HintManagerService took to complete: 1ms
06-03 15:32:44.323 D/ActivityManagerTiming( 736): OnBootPhase_1000_com.android.server.recoverysystem.RecoverySystemService$Lifecycle
06-03 15:32:44.323 V/ActivityManagerTiming( 736): OnBootPhase_1000_com.android.server.recoverysystem.RecoverySystemService$Lifecycle took to complete: 0ms
06-03 15:32:44.323 D/ActivityManagerTiming( 736): OnBootPhase_1000_com.android.server.lights.LightsService
06-03 15:32:44.323 V/ActivityManagerTiming( 736): OnBootPhase_1000_com.android.server.lights.LightsService took to complete: 0ms
06-03 15:32:44.323 D/ActivityManagerTiming( 736): OnBootPhase_1000_com.android.server.display.DisplayManagerService
06-03 15:32:44.324 I/LogicalDisplayMapper( 736): Requesting Transition to state: 0, from state=-1, interactive=true, mBootCompleted=true
06-03 15:32:44.324 I/LogicalDisplayMapper( 736): Applying layout: [{dispId: 0(ON), displayGroupName: , addr: {port=11, model=0x4022f66e26c4bd}, mThermalBrightnessThrottlingMapId: null, mRefreshRateZoneId: null, mLeadDisplayId: -1, mLeadDisplayAddress: null, mThermalRefreshRateThrottlingMapId: null}], Previous layout: [{dispId: 0(ON), displayGroupName: , addr: {port=11, model=0x4022f66e26c4bd}, mThermalBrightnessThrottlingMapId: null, mRefreshRateZoneId: null, mLeadDisplayId: -1, mLeadDisplayAddress: null, mThermalRefreshRateThrottlingMapId: null}]
06-03 15:32:44.324 W/Looper ( 736): Slow dispatch took 132ms main h=android.app.ActivityThread$H c=android.app.LoadedApk$ReceiverDispatcher$Args$$ExternalSyntheticLambda0@c4043ed m=0
06-03 15:32:44.324 V/ActivityManagerTiming( 736): OnBootPhase_1000_com.android.server.display.DisplayManagerService took to complete: 1ms
06-03 15:32:44.324 D/ActivityManagerTiming( 736): OnBootPhase_1000_com.android.server.pm.verify.domain.DomainVerificationService
06-03 15:32:44.325 V/ActivityManagerTiming( 736): OnBootPhase_1000_com.android.server.pm.verify.domain.DomainVerificationService took to complete: 1ms
06-03 15:32:44.325 D/ActivityManagerTiming( 736): OnBootPhase_1000_com.android.server.pm.PackageInstallerService$Lifecycle
06-03 15:32:44.325 V/ActivityManagerTiming( 736): OnBootPhase_1000_com.android.server.pm.PackageInstallerService$Lifecycle took to complete: 0ms
06-03 15:32:44.325 D/ActivityManagerTiming( 736): OnBootPhase_1000_com.android.server.pm.UserManagerService$LifeCycle
06-03 15:32:44.325 V/ActivityManagerTiming( 736): OnBootPhase_1000_com.android.server.pm.UserManagerService$LifeCycle took to complete: 0ms
06-03 15:32:44.325 D/ActivityManagerTiming( 736): OnBootPhase_1000_com.android.server.om.OverlayManagerService
06-03 15:32:44.325 V/ActivityManagerTiming( 736): OnBootPhase_1000_com.android.server.om.OverlayManagerService took to complete: 0ms
06-03 15:32:44.325 D/ActivityManagerTiming( 736): OnBootPhase_1000_com.android.server.resources.ResourcesManagerService
06-03 15:32:44.325 V/ActivityManagerTiming( 736): OnBootPhase_1000_com.android.server.resources.ResourcesManagerService took to complete: 0ms
06-03 15:32:44.325 D/ActivityManagerTiming( 736): OnBootPhase_1000_com.android.server.sensorprivacy.SensorPrivacyService
06-03 15:32:44.325 V/ActivityManagerTiming( 736): OnBootPhase_1000_com.android.server.sensorprivacy.SensorPrivacyService took to complete: 0ms
06-03 15:32:44.325 D/ActivityManagerTiming( 736): OnBootPhase_1000_com.android.server.sensors.SensorService
06-03 15:32:44.325 V/ActivityManagerTiming( 736): OnBootPhase_1000_com.android.server.sensors.SensorService took to complete: 0ms
06-03 15:32:44.325 D/ActivityManagerTiming( 736): OnBootPhase_1000_com.android.server.SystemConfigService
06-03 15:32:44.325 V/ActivityManagerTiming( 736): OnBootPhase_1000_com.android.server.SystemConfigService took to complete: 0ms
06-03 15:32:44.325 D/ActivityManagerTiming( 736): OnBootPhase_1000_com.android.server.BatteryService
06-03 15:32:44.326 V/ActivityManagerTiming( 736): OnBootPhase_1000_com.android.server.BatteryService took to complete: 0ms
06-03 15:32:44.326 D/ActivityManagerTiming( 736): OnBootPhase_1000_com.android.server.usage.UsageStatsService
06-03 15:32:44.326 D/BluetoothHearingAid( 736): Proxy object connected
06-03 15:32:44.326 D/BluetoothHearingAid( 736): Proxy object connected
06-03 15:32:44.326 D/BluetoothHearingAid( 736): Proxy object connected
06-03 15:32:44.326 V/ActivityManagerTiming( 736): OnBootPhase_1000_com.android.server.usage.UsageStatsService took to complete: 0ms
06-03 15:32:44.326 D/ActivityManagerTiming( 736): OnBootPhase_1000_com.android.server.webkit.WebViewUpdateService
06-03 15:32:44.327 V/ActivityManagerTiming( 736): OnBootPhase_1000_com.android.server.webkit.WebViewUpdateService took to complete: 0ms
06-03 15:32:44.327 D/ActivityManagerTiming( 736): OnBootPhase_1000_com.android.server.CachedDeviceStateService
06-03 15:32:44.327 V/ActivityManagerTiming( 736): OnBootPhase_1000_com.android.server.CachedDeviceStateService took to complete: 0ms
06-03 15:32:44.327 D/ActivityManagerTiming( 736): OnBootPhase_1000_com.android.server.BinderCallsStatsService$LifeCycle
06-03 15:32:44.327 V/ActivityManagerTiming( 736): OnBootPhase_1000_com.android.server.BinderCallsStatsService$LifeCycle took to complete: 0ms
06-03 15:32:44.327 D/ActivityManagerTiming( 736): OnBootPhase_1000_com.android.server.LooperStatsService$Lifecycle
06-03 15:32:44.327 V/ActivityManagerTiming( 736): OnBootPhase_1000_com.android.server.LooperStatsService$Lifecycle took to complete: 0ms
06-03 15:32:44.327 D/ActivityManagerTiming( 736): OnBootPhase_1000_com.android.server.rollback.RollbackManagerService
06-03 15:32:44.327 V/ActivityManagerTiming( 736): OnBootPhase_1000_com.android.server.rollback.RollbackManagerService took to complete: 0ms
06-03 15:32:44.327 D/ActivityManagerTiming( 736): OnBootPhase_1000_com.android.server.os.NativeTombstoneManagerService
06-03 15:32:44.327 V/ActivityManagerTiming( 736): OnBootPhase_1000_com.android.server.os.NativeTombstoneManagerService took to complete: 0ms
06-03 15:32:44.327 D/ActivityManagerTiming( 736): OnBootPhase_1000_com.android.server.os.BugreportManagerService
06-03 15:32:44.327 V/ActivityManagerTiming( 736): OnBootPhase_1000_com.android.server.os.BugreportManagerService took to complete: 0ms
06-03 15:32:44.327 D/ActivityManagerTiming( 736): OnBootPhase_1000_com.android.server.gpu.GpuService
06-03 15:32:44.327 V/ActivityManagerTiming( 736): OnBootPhase_1000_com.android.server.gpu.GpuService took to complete: 0ms
06-03 15:32:44.328 D/ActivityManagerTiming( 736): OnBootPhase_1000_com.android.server.security.rkp.RemoteProvisioningService
06-03 15:32:44.328 V/ActivityManagerTiming( 736): OnBootPhase_1000_com.android.server.security.rkp.RemoteProvisioningService took to complete: 0ms
06-03 15:32:44.328 D/ActivityManagerTiming( 736): OnBootPhase_1000_com.android.server.cpu.CpuMonitorService
06-03 15:32:44.328 V/ActivityManagerTiming( 736): OnBootPhase_1000_com.android.server.cpu.CpuMonitorService took to complete: 0ms
06-03 15:32:44.328 D/BluetoothHearingAid( 945): Proxy object connected
06-03 15:32:44.328 D/ActivityManagerTiming( 736): OnBootPhase_1000_com.android.server.security.KeyChainSystemService
06-03 15:32:44.328 V/ActivityManagerTiming( 736): OnBootPhase_1000_com.android.server.security.KeyChainSystemService took to complete: 0ms
06-03 15:32:44.328 D/RollbackManager( 736): mRollbackLifetimeDurationInMillis=1209600000
06-03 15:32:44.329 D/ActivityManagerTiming( 736): OnBootPhase_1000_com.android.server.BinaryTransparencyService
06-03 15:32:44.329 I/TransparencyService( 736): Boot completed. Getting VBMeta Digest.
06-03 15:32:44.329 D/TransparencyService( 736): VBMeta Digest: 8fe8663e32d72968a4c5433443d6addf9833317225b43c0fcad0193d7a181328
06-03 15:32:44.329 I/TransparencyService( 736): Boot completed. Collecting biometric system properties.
06-03 15:32:44.330 I/TransparencyService( 736): Scheduling measurements to be taken.
06-03 15:32:44.330 I/TransparencyService( 736): Scheduling binary content-digest computation job
06-03 15:32:44.331 D/CompatibilityChangeReporter( 736): Compat change id reported: 253665015; UID 1000; state: DISABLED
06-03 15:32:44.331 D/CompatibilityChangeReporter( 736): Compat change id reported: 253665015; UID 1000; state: ENABLED
06-03 15:32:44.332 D/AppStandbyController( 736): Loaded headless system app cache in 3 ms: appIdleEnabled=true
06-03 15:32:44.333 D/BluetoothA2dp( 736): Proxy object connected
06-03 15:32:44.333 D/BluetoothA2dp( 736): Proxy object connected
06-03 15:32:44.333 D/BluetoothA2dp( 736): Proxy object connected
06-03 15:32:44.333 D/BluetoothHeadset( 736): Proxy object connected
06-03 15:32:44.333 D/CompatibilityChangeReporter( 736): Compat change id reported: 194532703; UID 1000; state: DISABLED
06-03 15:32:44.334 D/CompatibilityChangeReporter( 736): Compat change id reported: 194532703; UID 1000; state: ENABLED
06-03 15:32:44.335 D/TransparencyService( 736): Job 1740526926 to measure binaries was scheduled successfully.
06-03 15:32:44.336 D/TransparencyService( 736): Registering APK & Non-Staged APEX updates...
06-03 15:32:44.336 D/TransparencyService( 736): Registering APEX updates...
06-03 15:32:44.337 D/xm_audio( 478): adev_get_parameters
06-03 15:32:44.338 V/ActivityManagerTiming( 736): OnBootPhase_1000_com.android.server.BinaryTransparencyService took to complete: 9ms
06-03 15:32:44.338 D/ActivityManagerTiming( 736): OnBootPhase_1000_com.android.server.accounts.AccountManagerService$Lifecycle
06-03 15:32:44.338 V/ActivityManagerTiming( 736): OnBootPhase_1000_com.android.server.accounts.AccountManagerService$Lifecycle took to complete: 0ms
06-03 15:32:44.338 D/ActivityManagerTiming( 736): OnBootPhase_1000_com.android.server.content.ContentService$Lifecycle
06-03 15:32:44.338 V/ActivityManagerTiming( 736): OnBootPhase_1000_com.android.server.content.ContentService$Lifecycle took to complete: 0ms
06-03 15:32:44.338 D/ActivityManagerTiming( 736): OnBootPhase_1000_com.android.server.deviceconfig.DeviceConfigInit$Lifecycle
06-03 15:32:44.338 V/ActivityManagerTiming( 736): OnBootPhase_1000_com.android.server.deviceconfig.DeviceConfigInit$Lifecycle took to complete: 0ms
06-03 15:32:44.338 D/ActivityManagerTiming( 736): OnBootPhase_1000_com.android.server.DropBoxManagerService
06-03 15:32:44.338 V/ActivityManagerTiming( 736): OnBootPhase_1000_com.android.server.DropBoxManagerService took to complete: 0ms
06-03 15:32:44.338 D/ActivityManagerTiming( 736): OnBootPhase_1000_com.android.role.RoleService
06-03 15:32:44.338 V/ActivityManagerTiming( 736): OnBootPhase_1000_com.android.role.RoleService took to complete: 0ms
06-03 15:32:44.338 D/ActivityManagerTiming( 736): OnBootPhase_1000_com.android.server.vibrator.VibratorManagerService$Lifecycle
06-03 15:32:44.338 V/ActivityManagerTiming( 736): OnBootPhase_1000_com.android.server.vibrator.VibratorManagerService$Lifecycle took to complete: 0ms
06-03 15:32:44.338 D/ActivityManagerTiming( 736): OnBootPhase_1000_com.android.server.tare.InternalResourceService
06-03 15:32:44.338 V/ActivityManagerTiming( 736): OnBootPhase_1000_com.android.server.tare.InternalResourceService took to complete: 0ms
06-03 15:32:44.338 D/ActivityManagerTiming( 736): OnBootPhase_1000_com.android.server.alarm.AlarmManagerService
06-03 15:32:44.338 V/ActivityManagerTiming( 736): OnBootPhase_1000_com.android.server.alarm.AlarmManagerService took to complete: 0ms
06-03 15:32:44.338 D/ActivityManagerTiming( 736): OnBootPhase_1000_com.android.server.devicestate.DeviceStateManagerService
06-03 15:32:44.338 V/ActivityManagerTiming( 736): OnBootPhase_1000_com.android.server.devicestate.DeviceStateManagerService took to complete: 0ms
06-03 15:32:44.338 D/ActivityManagerTiming( 736): OnBootPhase_1000_com.android.server.camera.CameraServiceProxy
06-03 15:32:44.340 V/ActivityManagerTiming( 736): OnBootPhase_1000_com.android.server.camera.CameraServiceProxy took to complete: 2ms
06-03 15:32:44.340 D/ActivityManagerTiming( 736): OnBootPhase_1000_com.android.server.bluetooth.BluetoothService
06-03 15:32:44.340 V/ActivityManagerTiming( 736): OnBootPhase_1000_com.android.server.bluetooth.BluetoothService took to complete: 0ms
06-03 15:32:44.340 D/ActivityManagerTiming( 736): OnBootPhase_1000_com.android.server.connectivity.IpConnectivityMetrics
06-03 15:32:44.340 V/ActivityManagerTiming( 736): OnBootPhase_1000_com.android.server.connectivity.IpConnectivityMetrics took to complete: 0ms
06-03 15:32:44.340 D/ActivityManagerTiming( 736): OnBootPhase_1000_com.android.server.net.watchlist.NetworkWatchlistService$Lifecycle
06-03 15:32:44.340 V/ActivityManagerTiming( 736): OnBootPhase_1000_com.android.server.net.watchlist.NetworkWatchlistService$Lifecycle took to complete: 0ms
06-03 15:32:44.340 D/ActivityManagerTiming( 736): OnBootPhase_1000_com.android.server.PinnerService
06-03 15:32:44.340 V/ActivityManagerTiming( 736): OnBootPhase_1000_com.android.server.PinnerService took to complete: 0ms
06-03 15:32:44.340 D/ActivityManagerTiming( 736): OnBootPhase_1000_com.android.server.integrity.AppIntegrityManagerService
06-03 15:32:44.340 V/ActivityManagerTiming( 736): OnBootPhase_1000_com.android.server.integrity.AppIntegrityManagerService took to complete: 0ms
06-03 15:32:44.340 D/ActivityManagerTiming( 736): OnBootPhase_1000_com.android.server.logcat.LogcatManagerService
06-03 15:32:44.340 V/ActivityManagerTiming( 736): OnBootPhase_1000_com.android.server.logcat.LogcatManagerService took to complete: 0ms
06-03 15:32:44.340 D/ActivityManagerTiming( 736): OnBootPhase_1000_com.android.server.inputmethod.InputMethodManagerService$Lifecycle
06-03 15:32:44.340 V/ActivityManagerTiming( 736): OnBootPhase_1000_com.android.server.inputmethod.InputMethodManagerService$Lifecycle took to complete: 0ms
06-03 15:32:44.340 D/ActivityManagerTiming( 736): OnBootPhase_1000_com.android.server.accessibility.AccessibilityManagerService$Lifecycle
06-03 15:32:44.340 V/ActivityManagerTiming( 736): OnBootPhase_1000_com.android.server.accessibility.AccessibilityManagerService$Lifecycle took to complete: 0ms
06-03 15:32:44.340 D/BluetoothAdapter( 736): getActiveDevices(profile= HEARING_AID)
06-03 15:32:44.340 D/ActivityManagerTiming( 736): OnBootPhase_1000_com.android.server.StorageManagerService$Lifecycle
06-03 15:32:44.341 V/ActivityManagerTiming( 736): OnBootPhase_1000_com.android.server.StorageManagerService$Lifecycle took to complete: 1ms
06-03 15:32:44.341 D/ActivityManagerTiming( 736): OnBootPhase_1000_com.android.server.usage.StorageStatsService$Lifecycle
06-03 15:32:44.341 V/ActivityManagerTiming( 736): OnBootPhase_1000_com.android.server.usage.StorageStatsService$Lifecycle took to complete: 0ms
06-03 15:32:44.341 D/ActivityManagerTiming( 736): OnBootPhase_1000_com.android.server.UiModeManagerService
06-03 15:32:44.341 V/ActivityManagerTiming( 736): OnBootPhase_1000_com.android.server.UiModeManagerService took to complete: 0ms
06-03 15:32:44.341 D/ActivityManagerTiming( 736): OnBootPhase_1000_com.android.server.locales.LocaleManagerService
06-03 15:32:44.341 V/ActivityManagerTiming( 736): OnBootPhase_1000_com.android.server.locales.LocaleManagerService took to complete: 0ms
06-03 15:32:44.341 D/ActivityManagerTiming( 736): OnBootPhase_1000_com.android.server.grammaticalinflection.GrammaticalInflectionService
06-03 15:32:44.341 V/ActivityManagerTiming( 736): OnBootPhase_1000_com.android.server.grammaticalinflection.GrammaticalInflectionService took to complete: 0ms
06-03 15:32:44.341 D/ActivityManagerTiming( 736): OnBootPhase_1000_com.android.server.apphibernation.AppHibernationService
06-03 15:32:44.341 V/ActivityManagerTiming( 736): OnBootPhase_1000_com.android.server.apphibernation.AppHibernationService took to complete: 0ms
06-03 15:32:44.342 D/ActivityManagerTiming( 736): OnBootPhase_1000_com.android.server.locksettings.LockSettingsService$Lifecycle
06-03 15:32:44.342 V/ActivityManagerTiming( 736): OnBootPhase_1000_com.android.server.locksettings.LockSettingsService$Lifecycle took to complete: 0ms
06-03 15:32:44.342 D/ActivityManagerTiming( 736): OnBootPhase_1000_com.android.server.PersistentDataBlockService
06-03 15:32:44.342 V/ActivityManagerTiming( 736): OnBootPhase_1000_com.android.server.PersistentDataBlockService took to complete: 0ms
06-03 15:32:44.342 D/ActivityManagerTiming( 736): OnBootPhase_1000_com.android.server.testharness.TestHarnessModeService
06-03 15:32:44.342 D/TestHarnessModeService( 736): Completing Test Harness Mode setup.
06-03 15:32:44.343 D/StorageManagerService( 736): Thinking about reset, mBootCompleted=true, mDaemonConnected=true
06-03 15:32:44.343 I/StorageSessionController( 736): Started resetting external storage service...
06-03 15:32:44.343 I/StorageSessionController( 736): Finished resetting external storage service
06-03 15:32:44.343 I/StorageManagerService( 736): Resetting vold...
06-03 15:32:44.344 I/HibernationStateDiskStore( 736): No hibernation file on disk for file /data/system/hibernation/states
06-03 15:32:44.346 I/StorageManagerService( 736): Reset vold
06-03 15:32:44.347 I/vold ( 251): onUserAdded: 0
06-03 15:32:44.348 I/BluetoothAdapterService( 1168): getActiveDevices: Hearing Aid devices: Left[null] - Right[null]
06-03 15:32:44.349 D/xm_audio( 478): adev_get_parameters
06-03 15:32:44.352 D/BluetoothAdapter( 736): getActiveDevices(profile= A2DP)
06-03 15:32:44.352 D/CompatibilityChangeReporter( 736): Compat change id reported: 218533173; UID 10073; state: ENABLED
06-03 15:32:44.353 D/CompatibilityChangeReporter( 736): Compat change id reported: 262645982; UID 10073; state: ENABLED
06-03 15:32:44.354 I/BluetoothAdapterService( 1168): getActiveDevices: A2dp device: null
06-03 15:32:44.358 D/BluetoothAdapter( 736): getActiveDevices(profile= HEADSET)
06-03 15:32:44.361 I/BluetoothAdapterService( 1168): getActiveDevices: Headset device: null
06-03 15:32:44.361 I/AS.BtHelper( 736): onSetBtScoActiveDevice: (null) -> (null)
06-03 15:32:44.363 D/xm_audio( 478): adev_get_parameters
06-03 15:32:44.364 D/xm_audio( 478): adev_get_parameters
06-03 15:32:44.365 D/BluetoothA2dp( 945): Proxy object connected
06-03 15:32:44.367 D/BluetoothHeadset( 945): Proxy object connected
06-03 15:32:44.370 D/xm_audio( 478): adev_get_parameters
06-03 15:32:44.372 V/ActivityManagerTiming( 736): OnBootPhase_1000_com.android.server.testharness.TestHarnessModeService took to complete: 30ms
06-03 15:32:44.372 D/ActivityManagerTiming( 736): OnBootPhase_1000_com.android.server.oemlock.OemLockService
06-03 15:32:44.372 V/ActivityManagerTiming( 736): OnBootPhase_1000_com.android.server.oemlock.OemLockService took to complete: 0ms
06-03 15:32:44.372 D/ActivityManagerTiming( 736): OnBootPhase_1000_com.android.server.DeviceIdleController
06-03 15:32:44.372 V/ActivityManagerTiming( 736): OnBootPhase_1000_com.android.server.DeviceIdleController took to complete: 0ms
06-03 15:32:44.372 D/ActivityManagerTiming( 736): OnBootPhase_1000_com.android.server.devicepolicy.DevicePolicyManagerService$Lifecycle
06-03 15:32:44.372 V/ActivityManagerTiming( 736): OnBootPhase_1000_com.android.server.devicepolicy.DevicePolicyManagerService$Lifecycle took to complete: 0ms
06-03 15:32:44.372 D/ActivityManagerTiming( 736): OnBootPhase_1000_com.android.server.texttospeech.TextToSpeechManagerService
06-03 15:32:44.372 V/ActivityManagerTiming( 736): OnBootPhase_1000_com.android.server.texttospeech.TextToSpeechManagerService took to complete: 0ms
06-03 15:32:44.372 D/ActivityManagerTiming( 736): OnBootPhase_1000_com.android.server.ambientcontext.AmbientContextManagerService
06-03 15:32:44.372 V/ActivityManagerTiming( 736): OnBootPhase_1000_com.android.server.ambientcontext.AmbientContextManagerService took to complete: 0ms
06-03 15:32:44.372 D/ActivityManagerTiming( 736): OnBootPhase_1000_com.android.server.wearable.WearableSensingManagerService
06-03 15:32:44.372 V/ActivityManagerTiming( 736): OnBootPhase_1000_com.android.server.wearable.WearableSensingManagerService took to complete: 0ms
06-03 15:32:44.372 D/ActivityManagerTiming( 736): OnBootPhase_1000_com.android.server.speech.SpeechRecognitionManagerService
06-03 15:32:44.372 V/ActivityManagerTiming( 736): OnBootPhase_1000_com.android.server.speech.SpeechRecognitionManagerService took to complete: 0ms
06-03 15:32:44.372 D/ActivityManagerTiming( 736): OnBootPhase_1000_com.android.server.searchui.SearchUiManagerService
06-03 15:32:44.372 V/ActivityManagerTiming( 736): OnBootPhase_1000_com.android.server.searchui.SearchUiManagerService took to complete: 0ms
06-03 15:32:44.372 D/ActivityManagerTiming( 736): OnBootPhase_1000_com.android.server.smartspace.SmartspaceManagerService
06-03 15:32:44.372 V/ActivityManagerTiming( 736): OnBootPhase_1000_com.android.server.smartspace.SmartspaceManagerService took to complete: 0ms
06-03 15:32:44.372 D/ActivityManagerTiming( 736): OnBootPhase_1000_com.android.server.graphics.fonts.FontManagerService$Lifecycle
06-03 15:32:44.372 V/ActivityManagerTiming( 736): OnBootPhase_1000_com.android.server.graphics.fonts.FontManagerService$Lifecycle took to complete: 0ms
06-03 15:32:44.372 D/ActivityManagerTiming( 736): OnBootPhase_1000_com.android.server.textservices.TextServicesManagerService$Lifecycle
06-03 15:32:44.372 V/ActivityManagerTiming( 736): OnBootPhase_1000_com.android.server.textservices.TextServicesManagerService$Lifecycle took to complete: 0ms
06-03 15:32:44.372 D/ActivityManagerTiming( 736): OnBootPhase_1000_com.android.server.textclassifier.TextClassificationManagerService$Lifecycle
06-03 15:32:44.372 V/ActivityManagerTiming( 736): OnBootPhase_1000_com.android.server.textclassifier.TextClassificationManagerService$Lifecycle took to complete: 0ms
06-03 15:32:44.372 D/ActivityManagerTiming( 736): OnBootPhase_1000_com.android.server.NetworkScoreService$Lifecycle
06-03 15:32:44.372 D/BluetoothHidHost( 945): Proxy object connected
06-03 15:32:44.372 V/ActivityManagerTiming( 736): OnBootPhase_1000_com.android.server.NetworkScoreService$Lifecycle took to complete: 0ms
06-03 15:32:44.372 D/ActivityManagerTiming( 736): OnBootPhase_1000_com.android.server.NetworkStatsServiceInitializer
06-03 15:32:44.372 V/ActivityManagerTiming( 736): OnBootPhase_1000_com.android.server.NetworkStatsServiceInitializer took to complete: 0ms
06-03 15:32:44.372 D/ActivityManagerTiming( 736): OnBootPhase_1000_com.android.server.wifi.WifiService
06-03 15:32:44.373 V/ActivityManagerTiming( 736): OnBootPhase_1000_com.android.server.wifi.WifiService took to complete: 0ms
06-03 15:32:44.373 D/WifiService( 736): Handle boot completed
06-03 15:32:44.374 D/ActivityManagerTiming( 736): OnBootPhase_1000_com.android.server.wifi.scanner.WifiScanningService
06-03 15:32:44.374 V/ActivityManagerTiming( 736): OnBootPhase_1000_com.android.server.wifi.scanner.WifiScanningService took to complete: 0ms
06-03 15:32:44.374 D/ActivityManagerTiming( 736): OnBootPhase_1000_com.android.server.wifi.p2p.WifiP2pService
06-03 15:32:44.374 V/ActivityManagerTiming( 736): OnBootPhase_1000_com.android.server.wifi.p2p.WifiP2pService took to complete: 0ms
06-03 15:32:44.374 D/ActivityManagerTiming( 736): OnBootPhase_1000_com.android.server.ConnectivityServiceInitializer
06-03 15:32:44.375 D/xm_audio( 478): adev_get_parameters
06-03 15:32:44.376 V/ActivityManagerTiming( 736): OnBootPhase_1000_com.android.server.ConnectivityServiceInitializer took to complete: 2ms
06-03 15:32:44.376 D/ActivityManagerTiming( 736): OnBootPhase_1000_com.android.server.notification.NotificationManagerService
06-03 15:32:44.376 V/ActivityManagerTiming( 736): OnBootPhase_1000_com.android.server.notification.NotificationManagerService took to complete: 0ms
06-03 15:32:44.376 D/ActivityManagerTiming( 736): OnBootPhase_1000_com.android.server.storage.DeviceStorageMonitorService
06-03 15:32:44.376 V/ActivityManagerTiming( 736): OnBootPhase_1000_com.android.server.storage.DeviceStorageMonitorService took to complete: 0ms
06-03 15:32:44.376 D/ActivityManagerTiming( 736): OnBootPhase_1000_com.android.server.timedetector.TimeDetectorService$Lifecycle
06-03 15:32:44.376 V/ActivityManagerTiming( 736): OnBootPhase_1000_com.android.server.timedetector.TimeDetectorService$Lifecycle took to complete: 0ms
06-03 15:32:44.376 D/ActivityManagerTiming( 736): OnBootPhase_1000_com.android.server.location.LocationManagerService$Lifecycle
06-03 15:32:44.376 V/ActivityManagerTiming( 736): OnBootPhase_1000_com.android.server.location.LocationManagerService$Lifecycle took to complete: 0ms
06-03 15:32:44.376 D/ActivityManagerTiming( 736): OnBootPhase_1000_com.android.server.timezonedetector.TimeZoneDetectorService$Lifecycle
06-03 15:32:44.376 V/ActivityManagerTiming( 736): OnBootPhase_1000_com.android.server.timezonedetector.TimeZoneDetectorService$Lifecycle took to complete: 0ms
06-03 15:32:44.376 D/ActivityManagerTiming( 736): OnBootPhase_1000_com.android.server.location.altitude.AltitudeService$Lifecycle
06-03 15:32:44.376 V/ActivityManagerTiming( 736): OnBootPhase_1000_com.android.server.location.altitude.AltitudeService$Lifecycle took to complete: 0ms
06-03 15:32:44.376 D/ActivityManagerTiming( 736): OnBootPhase_1000_com.android.server.timezonedetector.location.LocationTimeZoneManagerService$Lifecycle
06-03 15:32:44.376 V/ActivityManagerTiming( 736): OnBootPhase_1000_com.android.server.timezonedetector.location.LocationTimeZoneManagerService$Lifecycle took to complete: 0ms
06-03 15:32:44.376 D/ActivityManagerTiming( 736): OnBootPhase_1000_com.android.server.search.SearchManagerService$Lifecycle
06-03 15:32:44.376 V/ActivityManagerTiming( 736): OnBootPhase_1000_com.android.server.search.SearchManagerService$Lifecycle took to complete: 0ms
06-03 15:32:44.376 D/ActivityManagerTiming( 736): OnBootPhase_1000_com.android.server.wallpaper.WallpaperManagerService$Lifecycle
06-03 15:32:44.376 I/WifiScoreCard( 736): Installing MemoryStore
06-03 15:32:44.376 I/WifiHealthMonitor( 736): Installing MemoryStore
06-03 15:32:44.377 V/ActivityManagerTiming( 736): OnBootPhase_1000_com.android.server.wallpaper.WallpaperManagerService$Lifecycle took to complete: 1ms
06-03 15:32:44.377 D/ActivityManagerTiming( 736): OnBootPhase_1000_com.android.server.wallpapereffectsgeneration.WallpaperEffectsGenerationManagerService
06-03 15:32:44.377 V/ActivityManagerTiming( 736): OnBootPhase_1000_com.android.server.wallpapereffectsgeneration.WallpaperEffectsGenerationManagerService took to complete: 0ms
06-03 15:32:44.377 D/ActivityManagerTiming( 736): OnBootPhase_1000_com.android.server.audio.AudioService$Lifecycle
06-03 15:32:44.377 V/ActivityManagerTiming( 736): OnBootPhase_1000_com.android.server.audio.AudioService$Lifecycle took to complete: 0ms
06-03 15:32:44.377 D/ActivityManagerTiming( 736): OnBootPhase_1000_com.android.server.soundtrigger_middleware.SoundTriggerMiddlewareService$Lifecycle
06-03 15:32:44.377 V/ActivityManagerTiming( 736): OnBootPhase_1000_com.android.server.soundtrigger_middleware.SoundTriggerMiddlewareService$Lifecycle took to complete: 0ms
06-03 15:32:44.377 D/ActivityManagerTiming( 736): OnBootPhase_1000_com.android.server.adb.AdbService$Lifecycle
06-03 15:32:44.377 V/ActivityManagerTiming( 736): OnBootPhase_1000_com.android.server.adb.AdbService$Lifecycle took to complete: 0ms
06-03 15:32:44.377 D/ActivityManagerTiming( 736): OnBootPhase_1000_com.android.server.usb.UsbService$Lifecycle
06-03 15:32:44.377 V/ActivityManagerTiming( 736): OnBootPhase_1000_com.android.server.usb.UsbService$Lifecycle took to complete: 0ms
06-03 15:32:44.377 D/ActivityManagerTiming( 736): OnBootPhase_1000_com.android.server.twilight.TwilightService
06-03 15:32:44.379 V/ActivityManagerTiming( 736): OnBootPhase_1000_com.android.server.twilight.TwilightService took to complete: 2ms
06-03 15:32:44.379 D/ActivityManagerTiming( 736): OnBootPhase_1000_com.android.server.display.color.ColorDisplayService
06-03 15:32:44.379 V/ActivityManagerTiming( 736): OnBootPhase_1000_com.android.server.display.color.ColorDisplayService took to complete: 0ms
06-03 15:32:44.379 D/ActivityManagerTiming( 736): OnBootPhase_1000_com.android.server.job.JobSchedulerService
06-03 15:32:44.379 V/ActivityManagerTiming( 736): OnBootPhase_1000_com.android.server.job.JobSchedulerService took to complete: 0ms
06-03 15:32:44.379 D/ActivityManagerTiming( 736): OnBootPhase_1000_com.android.server.soundtrigger.SoundTriggerService
06-03 15:32:44.379 D/BluetoothPan( 945): Proxy object connected
06-03 15:32:44.379 D/SoundTriggerService( 736): onBootPhase: 1000 : false
06-03 15:32:44.380 V/ActivityManagerTiming( 736): OnBootPhase_1000_com.android.server.soundtrigger.SoundTriggerService took to complete: 1ms
06-03 15:32:44.380 D/ActivityManagerTiming( 736): OnBootPhase_1000_com.android.server.trust.TrustManagerService
06-03 15:32:44.380 V/ActivityManagerTiming( 736): OnBootPhase_1000_com.android.server.trust.TrustManagerService took to complete: 0ms
06-03 15:32:44.380 D/ActivityManagerTiming( 736): OnBootPhase_1000_com.android.server.backup.BackupManagerService$Lifecycle
06-03 15:32:44.381 V/ActivityManagerTiming( 736): OnBootPhase_1000_com.android.server.backup.BackupManagerService$Lifecycle took to complete: 0ms
06-03 15:32:44.381 D/ActivityManagerTiming( 736): OnBootPhase_1000_com.android.server.appwidget.AppWidgetService
06-03 15:32:44.381 V/ActivityManagerTiming( 736): OnBootPhase_1000_com.android.server.appwidget.AppWidgetService took to complete: 0ms
06-03 15:32:44.381 D/ActivityManagerTiming( 736): OnBootPhase_1000_com.android.server.voiceinteraction.VoiceInteractionManagerService
06-03 15:32:44.381 V/ActivityManagerTiming( 736): OnBootPhase_1000_com.android.server.voiceinteraction.VoiceInteractionManagerService took to complete: 0ms
06-03 15:32:44.381 D/ActivityManagerTiming( 736): OnBootPhase_1000_com.android.server.GestureLauncherService
06-03 15:32:44.381 V/ActivityManagerTiming( 736): OnBootPhase_1000_com.android.server.GestureLauncherService took to complete: 0ms
06-03 15:32:44.381 D/ActivityManagerTiming( 736): OnBootPhase_1000_com.android.server.SensorNotificationService
06-03 15:32:44.382 I/adbd ( 660): adbd_auth: received a new framework connection
06-03 15:32:44.383 D/CompatibilityChangeReporter( 736): Compat change id reported: 168936375; UID 1000; state: DISABLED
06-03 15:32:44.383 I/adbd ( 660): adbd_auth: received new framework fd 25 (current = -1)
06-03 15:32:44.383 I/Tethering( 1045): USB bcast connected:false configured:false rndis:false ncm:false
06-03 15:32:44.384 I/UsbDeviceManager( 736): Setting USB config to
06-03 15:32:44.384 D/UsbDeviceManager( 736): setUsbConfig(1) request:1
06-03 15:32:44.384 D/CompatibilityChangeReporter( 736): Compat change id reported: 168936375; UID 1000; state: ENABLED
06-03 15:32:44.385 D/WifiNetworkFactory( 736): Registering NetworkFactory
06-03 15:32:44.385 D/xm_audio( 478): adev_get_parameters
06-03 15:32:44.385 D/UntrustedWifiNetworkFactory( 736): Registering NetworkFactory
06-03 15:32:44.385 E/usb.gadget.aidl-service.droidlogic( 510): Failed to open /sys/devices/platform/10d50000.hsi2c
06-03 15:32:44.385 D/ConnectivityService( 736): Got NetworkProvider Messenger for WifiNetworkFactory
06-03 15:32:44.385 D/ConnectivityService( 736): Got NetworkProvider Messenger for UntrustedWifiNetworkFactory
06-03 15:32:44.386 I/usb.gadget.aidl-service.droidlogic( 510): the string of all interrupts is unexpected
06-03 15:32:44.386 I/libusbconfigfs( 510): setCurrentUsbFunctions None
06-03 15:32:44.386 I/libusbconfigfs( 510): Gadget cannot be pulled down
06-03 15:32:44.386 D/RestrictedWifiNetworkFactory( 736): Registering NetworkFactory
06-03 15:32:44.386 I/libusbconfigfs( 510): mMonitor signalled to exit
06-03 15:32:44.386 D/OemPaidWifiNetworkFactory( 736): Registering NetworkFactory
06-03 15:32:44.386 D/MultiInternetWifiNetworkFactory( 736): Registering NetworkFactory
06-03 15:32:44.387 D/ConnectivityService( 736): Got NetworkProvider Messenger for RestrictedWifiNetworkFactory
06-03 15:32:44.387 D/ConnectivityService( 736): Got NetworkProvider Messenger for OemPaidWifiNetworkFactory
06-03 15:32:44.387 D/ConnectivityService( 736): Got NetworkProvider Messenger for MultiInternetWifiNetworkFactory
06-03 15:32:44.387 I/libusbconfigfs( 510): mMonitor destroyed
06-03 15:32:44.388 I/usb.gadget.aidl-service.droidlogic( 510): Returned from tearDown gadget
06-03 15:32:44.388 D/xm_audio( 478): adev_get_parameters
06-03 15:32:44.388 I/libusbconfigfs( 510): setCurrentUsbFunctions Adb
06-03 15:32:44.388 I/libusbconfigfs( 510): Service started
06-03 15:32:44.389 I/WifiHAL ( 512): found interface wlan0
06-03 15:32:44.390 D/WifiHAL ( 512): error code -95 mapped to -3
06-03 15:32:44.390 E/WifiHAL ( 512): failed to set scanning mac OUI; result = -3
06-03 15:32:44.390 E/WifiChipAidlImpl( 736): getUsableChannels failed with service-specific exception: android.os.ServiceSpecificException: (code 4)
06-03 15:32:44.392 I/WifiHAL ( 512): found interface wlan0
06-03 15:32:44.393 D/WifiHAL ( 512): error code -95 mapped to -3
06-03 15:32:44.393 E/WifiHAL ( 512): failed to set scanning mac OUI; result = -3
06-03 15:32:44.393 E/WifiChipAidlImpl( 736): getUsableChannels failed with service-specific exception: android.os.ServiceSpecificException: (code 4)
06-03 15:32:44.394 D/CompatibilityChangeReporter( 736): Compat change id reported: 73144566; UID 1000; state: DISABLED
06-03 15:32:44.394 D/CompatibilityChangeReporter( 736): Compat change id reported: 73144566; UID 1000; state: ENABLED
06-03 15:32:44.395 E/ApConfigUtil( 736): Malformed channel value detected: java.lang.NumberFormatException: For input string: ""
06-03 15:32:44.396 I/WifiHAL ( 512): found interface wlan0
06-03 15:32:44.396 V/ActivityManagerTiming( 736): OnBootPhase_1000_com.android.server.SensorNotificationService took to complete: 15ms
06-03 15:32:44.396 D/ActivityManagerTiming( 736): OnBootPhase_1000_com.android.server.emergency.EmergencyAffordanceService
06-03 15:32:44.396 V/ActivityManagerTiming( 736): OnBootPhase_1000_com.android.server.emergency.EmergencyAffordanceService took to complete: 0ms
06-03 15:32:44.396 D/WifiHAL ( 512): error code -95 mapped to -3
06-03 15:32:44.396 D/ActivityManagerTiming( 736): OnBootPhase_1000_com.android.server.blob.BlobStoreManagerService
06-03 15:32:44.396 E/WifiHAL ( 512): failed to set scanning mac OUI; result = -3
06-03 15:32:44.396 E/WifiChipAidlImpl( 736): getUsableChannels failed with service-specific exception: android.os.ServiceSpecificException: (code 4)
06-03 15:32:44.398 I/WifiHAL ( 512): found interface wlan0
06-03 15:32:44.399 D/WifiHAL ( 512): error code -95 mapped to -3
06-03 15:32:44.399 E/WifiHAL ( 512): failed to set scanning mac OUI; result = -3
06-03 15:32:44.399 E/WifiChipAidlImpl( 736): getUsableChannels failed with service-specific exception: android.os.ServiceSpecificException: (code 4)
06-03 15:32:44.400 V/ActivityManagerTiming( 736): OnBootPhase_1000_com.android.server.blob.BlobStoreManagerService took to complete: 4ms
06-03 15:32:44.401 D/ActivityManagerTiming( 736): OnBootPhase_1000_com.android.server.dreams.DreamManagerService
06-03 15:32:44.401 V/ActivityManagerTiming( 736): OnBootPhase_1000_com.android.server.dreams.DreamManagerService took to complete: 0ms
06-03 15:32:44.401 D/ActivityManagerTiming( 736): OnBootPhase_1000_com.android.server.security.AttestationVerificationManagerService
06-03 15:32:44.401 V/ActivityManagerTiming( 736): OnBootPhase_1000_com.android.server.security.AttestationVerificationManagerService took to complete: 0ms
06-03 15:32:44.401 D/ActivityManagerTiming( 736): OnBootPhase_1000_com.android.server.restrictions.RestrictionsManagerService
06-03 15:32:44.401 V/ActivityManagerTiming( 736): OnBootPhase_1000_com.android.server.restrictions.RestrictionsManagerService took to complete: 0ms
06-03 15:32:44.401 D/ActivityManagerTiming( 736): OnBootPhase_1000_com.android.server.media.MediaSessionService
06-03 15:32:44.401 E/ApConfigUtil( 736): Malformed channel value detected: java.lang.NumberFormatException: For input string: ""
06-03 15:32:44.402 I/SsidTranslator( 736): Locale language changed to zh, alternate charset is now null
06-03 15:32:44.402 I/WifiService( 736): Receive onDriverCountryCodeChanged to CN, update available channel list
06-03 15:32:44.402 D/ConnectivityService( 736): register offer from providerId 4 : NetworkOffer [ Provider Id (4) Score(Policies : EVER_EVALUATED&IS_UNMETERED&EVER_VALIDATED&IS_VALIDATED ; KeepConnected : 0) Caps [ Transports: WIFI Capabilities: NOT_METERED&INTERNET&NOT_RESTRICTED&TRUSTED&NOT_VPN&NOT_ROAMING&NOT_CONGESTED&NOT_SUSPENDED&NOT_VCN_MANAGED LinkUpBandwidth>=1048576Kbps LinkDnBandwidth>=1048576Kbps Specifier: UnderlyingNetworks: Null] Needed by []]
06-03 15:32:44.402 V/ActivityManagerTiming( 736): OnBootPhase_1000_com.android.server.media.MediaSessionService took to complete: 1ms
06-03 15:32:44.402 D/ActivityManagerTiming( 736): OnBootPhase_1000_com.android.server.hdmi.HdmiControlService
06-03 15:32:44.402 D/ConnectivityService( 736): register offer from providerId 5 : NetworkOffer [ Provider Id (5) Score(Policies : EVER_EVALUATED&IS_INVINCIBLE&IS_UNMETERED&EVER_VALIDATED&IS_VALIDATED ; KeepConnected : 0) Caps [ Transports: WIFI Capabilities: NOT_METERED&INTERNET&NOT_RESTRICTED&TRUSTED&NOT_VPN&NOT_ROAMING&NOT_CONGESTED&NOT_SUSPENDED&NOT_VCN_MANAGED LinkUpBandwidth>=1048576Kbps LinkDnBandwidth>=1048576Kbps Specifier: UnderlyingNetworks: Null] Needed by []]
06-03 15:32:44.403 V/ActivityManagerTiming( 736): OnBootPhase_1000_com.android.server.hdmi.HdmiControlService took to complete: 1ms
06-03 15:32:44.403 D/ActivityManagerTiming( 736): OnBootPhase_1000_com.android.server.tv.interactive.TvInteractiveAppManagerService
06-03 15:32:44.403 V/ActivityManagerTiming( 736): OnBootPhase_1000_com.android.server.tv.interactive.TvInteractiveAppManagerService took to complete: 0ms
06-03 15:32:44.403 D/ActivityManagerTiming( 736): OnBootPhase_1000_com.android.server.tv.TvInputManagerService
06-03 15:32:44.403 V/ActivityManagerTiming( 736): OnBootPhase_1000_com.android.server.tv.TvInputManagerService took to complete: 0ms
06-03 15:32:44.403 D/ActivityManagerTiming( 736): OnBootPhase_1000_com.android.server.media.MediaResourceMonitorService
06-03 15:32:44.403 V/ActivityManagerTiming( 736): OnBootPhase_1000_com.android.server.media.MediaResourceMonitorService took to complete: 0ms
06-03 15:32:44.403 D/ActivityManagerTiming( 736): OnBootPhase_1000_com.android.server.tv.TvRemoteService
06-03 15:32:44.403 V/ActivityManagerTiming( 736): OnBootPhase_1000_com.android.server.tv.TvRemoteService took to complete: 0ms
06-03 15:32:44.403 D/ConnectivityService( 736): register offer from providerId 6 : NetworkOffer [ Provider Id (6) Score(Policies : EVER_EVALUATED&IS_INVINCIBLE&IS_UNMETERED&EVER_VALIDATED&IS_VALIDATED ; KeepConnected : 0) Caps [ Transports: WIFI Capabilities: NOT_METERED&INTERNET&TRUSTED&NOT_VPN&NOT_ROAMING&NOT_CONGESTED&NOT_SUSPENDED&NOT_VCN_MANAGED LinkUpBandwidth>=1048576Kbps LinkDnBandwidth>=1048576Kbps Specifier: UnderlyingNetworks: Null] Needed by []]
06-03 15:32:44.403 D/ConnectivityService( 736): register offer from providerId 7 : NetworkOffer [ Provider Id (7) Score(Policies : EVER_EVALUATED&IS_INVINCIBLE&IS_UNMETERED&EVER_VALIDATED&IS_VALIDATED ; KeepConnected : 0) Caps [ Transports: WIFI Capabilities: NOT_METERED&INTERNET&NOT_RESTRICTED&TRUSTED&NOT_VPN&NOT_ROAMING&NOT_CONGESTED&NOT_SUSPENDED&OEM_PAID&OEM_PRIVATE&NOT_VCN_MANAGED LinkUpBandwidth>=1048576Kbps LinkDnBandwidth>=1048576Kbps Specifier: UnderlyingNetworks: Null] Needed by []]
06-03 15:32:44.403 I/WifiHAL ( 512): found interface wlan0
06-03 15:32:44.403 D/WifiHAL ( 512): error code -95 mapped to -3
06-03 15:32:44.403 E/WifiHAL ( 512): failed to set scanning mac OUI; result = -3
06-03 15:32:44.403 D/ConnectivityService( 736): register offer from providerId 8 : NetworkOffer [ Provider Id (8) Score(Policies : EVER_EVALUATED&IS_INVINCIBLE&IS_UNMETERED&EVER_VALIDATED&IS_VALIDATED ; KeepConnected : 0) Caps [ Transports: WIFI Capabilities: NOT_METERED&INTERNET&NOT_RESTRICTED&TRUSTED&NOT_VPN&NOT_ROAMING&NOT_CONGESTED&NOT_SUSPENDED&NOT_VCN_MANAGED LinkUpBandwidth>=1048576Kbps LinkDnBandwidth>=1048576Kbps Specifier: UnderlyingNetworks: Null] Needed by []]
06-03 15:32:44.403 D/xm_audio( 478): adev_get_parameters
06-03 15:32:44.403 D/ActivityManagerTiming( 736): OnBootPhase_1000_com.android.server.biometrics.BiometricService
06-03 15:32:44.403 V/ActivityManagerTiming( 736): OnBootPhase_1000_com.android.server.biometrics.BiometricService took to complete: 0ms
06-03 15:32:44.403 E/WifiChipAidlImpl( 736): getUsableChannels failed with service-specific exception: android.os.ServiceSpecificException: (code 4)
06-03 15:32:44.403 D/ActivityManagerTiming( 736): OnBootPhase_1000_com.android.server.biometrics.AuthService
06-03 15:32:44.403 V/ActivityManagerTiming( 736): OnBootPhase_1000_com.android.server.biometrics.AuthService took to complete: 0ms
06-03 15:32:44.403 D/ActivityManagerTiming( 736): OnBootPhase_1000_com.android.server.pm.ShortcutService$Lifecycle
06-03 15:32:44.403 V/ActivityManagerTiming( 736): OnBootPhase_1000_com.android.server.pm.ShortcutService$Lifecycle took to complete: 0ms
06-03 15:32:44.404 D/ActivityManagerTiming( 736): OnBootPhase_1000_com.android.server.pm.LauncherAppsService
06-03 15:32:44.404 V/ActivityManagerTiming( 736): OnBootPhase_1000_com.android.server.pm.LauncherAppsService took to complete: 0ms
06-03 15:32:44.404 D/ActivityManagerTiming( 736): OnBootPhase_1000_com.android.server.pm.CrossProfileAppsService
06-03 15:32:44.404 V/ActivityManagerTiming( 736): OnBootPhase_1000_com.android.server.pm.CrossProfileAppsService took to complete: 0ms
06-03 15:32:44.404 D/ActivityManagerTiming( 736): OnBootPhase_1000_com.android.server.people.PeopleService
06-03 15:32:44.404 V/ActivityManagerTiming( 736): OnBootPhase_1000_com.android.server.people.PeopleService took to complete: 0ms
06-03 15:32:44.404 D/ActivityManagerTiming( 736): OnBootPhase_1000_com.android.server.media.metrics.MediaMetricsManagerService
06-03 15:32:44.404 V/ActivityManagerTiming( 736): OnBootPhase_1000_com.android.server.media.metrics.MediaMetricsManagerService took to complete: 0ms
06-03 15:32:44.404 D/ActivityManagerTiming( 736): OnBootPhase_1000_com.android.server.pm.BackgroundInstallControlService
06-03 15:32:44.404 V/ActivityManagerTiming( 736): OnBootPhase_1000_com.android.server.pm.BackgroundInstallControlService took to complete: 0ms
06-03 15:32:44.404 D/ActivityManagerTiming( 736): OnBootPhase_1000_com.android.server.media.projection.MediaProjectionManagerService
06-03 15:32:44.404 V/ActivityManagerTiming( 736): OnBootPhase_1000_com.android.server.media.projection.MediaProjectionManagerService took to complete: 0ms
06-03 15:32:44.404 D/ActivityManagerTiming( 736): OnBootPhase_1000_com.android.server.slice.SliceManagerService$Lifecycle
06-03 15:32:44.404 V/ActivityManagerTiming( 736): OnBootPhase_1000_com.android.server.slice.SliceManagerService$Lifecycle took to complete: 0ms
06-03 15:32:44.404 D/ActivityManagerTiming( 736): OnBootPhase_1000_com.android.server.stats.StatsCompanion$Lifecycle
06-03 15:32:44.404 V/ActivityManagerTiming( 736): OnBootPhase_1000_com.android.server.stats.StatsCompanion$Lifecycle took to complete: 0ms
06-03 15:32:44.404 D/ActivityManagerTiming( 736): OnBootPhase_1000_com.android.server.scheduling.RebootReadinessManagerService$Lifecycle
06-03 15:32:44.404 V/ActivityManagerTiming( 736): OnBootPhase_1000_com.android.server.scheduling.RebootReadinessManagerService$Lifecycle took to complete: 0ms
06-03 15:32:44.404 D/ActivityManagerTiming( 736): OnBootPhase_1000_com.android.server.stats.pull.StatsPullAtomService
06-03 15:32:44.404 V/ActivityManagerTiming( 736): OnBootPhase_1000_com.android.server.stats.pull.StatsPullAtomService took to complete: 0ms
06-03 15:32:44.404 D/ActivityManagerTiming( 736): OnBootPhase_1000_com.android.server.stats.bootstrap.StatsBootstrapAtomService$Lifecycle
06-03 15:32:44.404 V/ActivityManagerTiming( 736): OnBootPhase_1000_com.android.server.stats.bootstrap.StatsBootstrapAtomService$Lifecycle took to complete: 0ms
06-03 15:32:44.404 D/ActivityManagerTiming( 736): OnBootPhase_1000_com.android.server.incident.IncidentCompanionService
06-03 15:32:44.404 V/ActivityManagerTiming( 736): OnBootPhase_1000_com.android.server.incident.IncidentCompanionService took to complete: 0ms
06-03 15:32:44.404 D/ActivityManagerTiming( 736): OnBootPhase_1000_com.android.server.sdksandbox.SdkSandboxManagerService$Lifecycle
06-03 15:32:44.404 V/ActivityManagerTiming( 736): OnBootPhase_1000_com.android.server.sdksandbox.SdkSandboxManagerService$Lifecycle took to complete: 0ms
06-03 15:32:44.404 D/ActivityManagerTiming( 736): OnBootPhase_1000_com.android.server.adservices.AdServicesManagerService$Lifecycle
06-03 15:32:44.404 V/ActivityManagerTiming( 736): OnBootPhase_1000_com.android.server.adservices.AdServicesManagerService$Lifecycle took to complete: 0ms
