06-03 15:32:54.973 W/ ( 0): [0 T1090 ..] [SP FRAME RX] arp rsp,vif_idx:0 sender:[3a:ab:bc:1d:33:23 192.168.3.10]receiver:[1c:79:2d:20:62:cb 192.168.3.4]
06-03 15:32:54.975 W/ ( 0): [3 T2419 ..] [SP FRAME TX] arp req,vif_idx:0 sender:[1c:79:2d:20:62:cb 192.168.3.4]receiver:[00:00:00:00:00:00 192.168.3.155]
06-03 15:32:54.976 W/ ( 0): [0 T1090 ..] [SP FRAME RX] arp rsp,vif_idx:0 sender:[a2:b9:6c:f3:6f:db 192.168.3.8]receiver:[1c:79:2d:20:62:cb 192.168.3.4]
06-03 15:32:54.978 W/ ( 0): [3 T2419 ..] [SP FRAME TX] arp req,vif_idx:0 sender:[1c:79:2d:20:62:cb 192.168.3.4]receiver:[00:00:00:00:00:00 192.168.3.156]
06-03 15:32:54.979 W/ ( 0): [1 T1090 ..] [SP FRAME RX] arp rsp,vif_idx:0 sender:[64:6c:80:34:4c:fd 192.168.3.12]receiver:[1c:79:2d:20:62:cb 192.168.3.4]
06-03 15:32:54.981 W/ ( 0): [3 T2419 ..] [SP FRAME TX] arp req,vif_idx:0 sender:[1c:79:2d:20:62:cb 192.168.3.4]receiver:[00:00:00:00:00:00 192.168.3.157]
06-03 15:32:54.982 W/ ( 0): [1 T1090 ..] [SP FRAME RX] arp rsp,vif_idx:0 sender:[7a:1a:76:77:9d:74 192.168.3.13]receiver:[1c:79:2d:20:62:cb 192.168.3.4]
06-03 15:32:54.984 W/ ( 0): [3 T2419 ..] [SP FRAME TX] arp req,vif_idx:0 sender:[1c:79:2d:20:62:cb 192.168.3.4]receiver:[00:00:00:00:00:00 192.168.3.158]
06-03 15:32:54.985 W/ ( 0): [1 T1090 ..] [SP FRAME RX] arp rsp,vif_idx:0 sender:[9c:2f:9d:aa:ca:c3 192.168.3.15]receiver:[1c:79:2d:20:62:cb 192.168.3.4]
06-03 15:32:54.987 W/ ( 0): [3 T2419 ..] [SP FRAME TX] arp req,vif_idx:0 sender:[1c:79:2d:20:62:cb 192.168.3.4]receiver:[00:00:00:00:00:00 192.168.3.159]
06-03 15:32:54.988 W/ ( 0): [1 T1090 ..] [SP FRAME RX] arp rsp,vif_idx:0 sender:[32:2e:6a:8b:c6:0d 192.168.3.17]receiver:[1c:79:2d:20:62:cb 192.168.3.4]
06-03 15:32:54.990 W/ ( 0): [3 T2419 ..] [SP FRAME TX] arp req,vif_idx:0 sender:[1c:79:2d:20:62:cb 192.168.3.4]receiver:[00:00:00:00:00:00 192.168.3.160]
06-03 15:32:54.991 W/ ( 0): [1 T1090 ..] [SP FRAME RX] arp rsp,vif_idx:0 sender:[16:46:24:e0:db:a7 192.168.3.18]receiver:[1c:79:2d:20:62:cb 192.168.3.4]
06-03 15:32:54.993 W/ ( 0): [3 T2419 ..] [SP FRAME TX] arp req,vif_idx:0 sender:[1c:79:2d:20:62:cb 192.168.3.4]receiver:[00:00:00:00:00:00 192.168.3.161]
06-03 15:32:54.994 W/ ( 0): [1 T1090 ..] [SP FRAME RX] arp rsp,vif_idx:0 sender:[82:c8:b8:a5:a3:3e 192.168.3.19]receiver:[1c:79:2d:20:62:cb 192.168.3.4]
06-03 15:32:54.996 W/ ( 0): [3 T2419 ..] [SP FRAME TX] arp req,vif_idx:0 sender:[1c:79:2d:20:62:cb 192.168.3.4]receiver:[00:00:00:00:00:00 192.168.3.162]
06-03 15:32:54.997 W/ ( 0): [1 T1090 ..] [SP FRAME RX] arp rsp,vif_idx:0 sender:[be:a5:e7:f2:9c:e1 192.168.3.20]receiver:[1c:79:2d:20:62:cb 192.168.3.4]
06-03 15:32:54.999 W/ ( 0): [3 T2419 ..] [SP FRAME TX] arp req,vif_idx:0 sender:[1c:79:2d:20:62:cb 192.168.3.4]receiver:[00:00:00:00:00:00 192.168.3.163]
06-03 15:32:55.000 W/ ( 0): [1 T1090 ..] [SP FRAME RX] arp rsp,vif_idx:0 sender:[7c:21:4a:22:40:b1 192.168.3.21]receiver:[1c:79:2d:20:62:cb 192.168.3.4]
06-03 15:32:54.990 I/resolv ( 466): res_nsend: used send_dg 507 terrno: 0
06-03 15:32:54.991 I/resolv ( 466): doQuery: rcode=0, ancount=27, return value=507
06-03 15:32:55.002 W/ ( 0): [3 T2419 ..] [SP FRAME TX] arp req,vif_idx:0 sender:[1c:79:2d:20:62:cb 192.168.3.4]receiver:[00:00:00:00:00:00 192.168.3.164]
06-03 15:32:55.003 W/ ( 0): [1 T1090 ..] [SP FRAME RX] arp rsp,vif_idx:0 sender:[22:37:89:bd:91:59 192.168.3.22]receiver:[1c:79:2d:20:62:cb 192.168.3.4]
06-03 15:32:54.994 D/TrafficStats( 2115): tagSocket(166) with statsTag=0xffffffff, statsUid=-1
06-03 15:32:55.005 W/ ( 0): [3 T2419 ..] [SP FRAME TX] arp req,vif_idx:0 sender:[1c:79:2d:20:62:cb 192.168.3.4]receiver:[00:00:00:00:00:00 192.168.3.165]
06-03 15:32:55.006 W/ ( 0): [1 T1090 ..] [SP FRAME RX] arp rsp,vif_idx:0 sender:[f2:ae:01:68:98:57 192.168.3.24]receiver:[1c:79:2d:20:62:cb 192.168.3.4]
06-03 15:32:55.008 W/ ( 0): [3 T2419 ..] [SP FRAME TX] arp req,vif_idx:0 sender:[1c:79:2d:20:62:cb 192.168.3.4]receiver:[00:00:00:00:00:00 192.168.3.166]
06-03 15:32:55.009 W/ ( 0): [1 T1090 ..] [SP FRAME RX] arp rsp,vif_idx:0 sender:[52:5f:3c:77:ac:eb 192.168.3.26]receiver:[1c:79:2d:20:62:cb 192.168.3.4]
06-03 15:32:55.011 W/ ( 0): [3 T2419 ..] [SP FRAME TX] arp req,vif_idx:0 sender:[1c:79:2d:20:62:cb 192.168.3.4]receiver:[00:00:00:00:00:00 192.168.3.167]
06-03 15:32:55.012 W/ ( 0): [1 T1090 ..] [SP FRAME RX] arp rsp,vif_idx:0 sender:[cc:f9:e4:c5:46:30 192.168.3.27]receiver:[1c:79:2d:20:62:cb 192.168.3.4]
06-03 15:32:55.014 W/ ( 0): [3 T2419 ..] [SP FRAME TX] arp req,vif_idx:0 sender:[1c:79:2d:20:62:cb 192.168.3.4]receiver:[00:00:00:00:00:00 192.168.3.168]
06-03 15:32:55.015 W/ ( 0): [1 T1090 ..] [SP FRAME RX] arp rsp,vif_idx:0 sender:[e8:4a:54:14:69:48 192.168.3.29]receiver:[1c:79:2d:20:62:cb 192.168.3.4]
06-03 15:32:55.017 W/ ( 0): [3 T2419 ..] [SP FRAME TX] arp req,vif_idx:0 sender:[1c:79:2d:20:62:cb 192.168.3.4]receiver:[00:00:00:00:00:00 192.168.3.169]
06-03 15:32:55.019 W/ ( 0): [1 T1090 ..] [SP FRAME RX] arp rsp,vif_idx:0 sender:[92:f4:da:cb:73:43 192.168.3.32]receiver:[1c:79:2d:20:62:cb 192.168.3.4]
06-03 15:32:55.020 W/ ( 0): [3 T2419 ..] [SP FRAME TX] arp req,vif_idx:0 sender:[1c:79:2d:20:62:cb 192.168.3.4]receiver:[00:00:00:00:00:00 192.168.3.170]
06-03 15:32:55.022 W/ ( 0): [1 T1090 ..] [SP FRAME RX] arp rsp,vif_idx:0 sender:[b6:b0:0e:25:f7:84 192.168.3.34]receiver:[1c:79:2d:20:62:cb 192.168.3.4]
06-03 15:32:55.023 W/ ( 0): [3 T2419 ..] [SP FRAME TX] arp req,vif_idx:0 sender:[1c:79:2d:20:62:cb 192.168.3.4]receiver:[00:00:00:00:00:00 192.168.3.171]
06-03 15:32:55.025 W/ ( 0): [1 T1090 ..] [SP FRAME RX] arp rsp,vif_idx:0 sender:[7c:21:4a:9e:eb:6b 192.168.3.35]receiver:[1c:79:2d:20:62:cb 192.168.3.4]
06-03 15:32:55.027 W/ ( 0): [3 T2419 ..] [SP FRAME TX] arp req,vif_idx:0 sender:[1c:79:2d:20:62:cb 192.168.3.4]receiver:[00:00:00:00:00:00 192.168.3.172]
06-03 15:32:55.028 W/ ( 0): [1 T1090 ..] [SP FRAME RX] arp rsp,vif_idx:0 sender:[66:f6:b6:f4:ca:b9 192.168.3.37]receiver:[1c:79:2d:20:62:cb 192.168.3.4]
06-03 15:32:55.029 W/ ( 0): [3 T2419 ..] [SP FRAME TX] arp req,vif_idx:0 sender:[1c:79:2d:20:62:cb 192.168.3.4]receiver:[00:00:00:00:00:00 192.168.3.173]
06-03 15:32:55.031 W/ ( 0): [1 T1090 ..] [SP FRAME RX] arp rsp,vif_idx:0 sender:[d2:77:1b:43:ad:f1 192.168.3.38]receiver:[1c:79:2d:20:62:cb 192.168.3.4]
06-03 15:32:55.033 W/ ( 0): [3 T2419 ..] [SP FRAME TX] arp req,vif_idx:0 sender:[1c:79:2d:20:62:cb 192.168.3.4]receiver:[00:00:00:00:00:00 192.168.3.174]
06-03 15:32:55.034 W/ ( 0): [1 T1090 ..] [SP FRAME RX] arp rsp,vif_idx:0 sender:[e6:9c:e0:bd:0c:56 192.168.3.40]receiver:[1c:79:2d:20:62:cb 192.168.3.4]
06-03 15:32:55.036 W/ ( 0): [3 T2419 ..] [SP FRAME TX] arp req,vif_idx:0 sender:[1c:79:2d:20:62:cb 192.168.3.4]receiver:[00:00:00:00:00:00 192.168.3.175]
06-03 15:32:55.037 W/ ( 0): [1 T1090 ..] [SP FRAME RX] arp rsp,vif_idx:0 sender:[fa:75:02:63:13:18 192.168.3.41]receiver:[1c:79:2d:20:62:cb 192.168.3.4]
06-03 15:32:55.039 W/ ( 0): [3 T2419 ..] [SP FRAME TX] arp req,vif_idx:0 sender:[1c:79:2d:20:62:cb 192.168.3.4]receiver:[00:00:00:00:00:00 192.168.3.176]
06-03 15:32:55.040 W/ ( 0): [1 T1090 ..] [SP FRAME RX] arp rsp,vif_idx:0 sender:[78:46:5c:63:f5:35 192.168.3.42]receiver:[1c:79:2d:20:62:cb 192.168.3.4]
06-03 15:32:55.042 W/ ( 0): [3 T2419 ..] [SP FRAME TX] arp req,vif_idx:0 sender:[1c:79:2d:20:62:cb 192.168.3.4]receiver:[00:00:00:00:00:00 192.168.3.177]
06-03 15:32:55.043 W/ ( 0): [1 T1090 ..] [SP FRAME RX] arp rsp,vif_idx:0 sender:[8c:b8:7e:a1:38:99 192.168.3.43]receiver:[1c:79:2d:20:62:cb 192.168.3.4]
06-03 15:32:55.045 W/ ( 0): [3 T2419 ..] [SP FRAME TX] arp req,vif_idx:0 sender:[1c:79:2d:20:62:cb 192.168.3.4]receiver:[00:00:00:00:00:00 192.168.3.178]
06-03 15:32:55.046 W/ ( 0): [1 T1090 ..] [SP FRAME RX] arp rsp,vif_idx:0 sender:[86:c4:12:e3:5b:28 192.168.3.44]receiver:[1c:79:2d:20:62:cb 192.168.3.4]
06-03 15:32:55.048 W/ ( 0): [3 T2419 ..] [SP FRAME TX] arp req,vif_idx:0 sender:[1c:79:2d:20:62:cb 192.168.3.4]receiver:[00:00:00:00:00:00 192.168.3.179]
06-03 15:32:55.049 W/ ( 0): [1 T1090 ..] [SP FRAME RX] arp rsp,vif_idx:0 sender:[68:39:43:80:0a:5c 192.168.3.45]receiver:[1c:79:2d:20:62:cb 192.168.3.4]
06-03 15:32:55.051 W/ ( 0): [3 T2419 ..] [SP FRAME TX] arp req,vif_idx:0 sender:[1c:79:2d:20:62:cb 192.168.3.4]receiver:[00:00:00:00:00:00 192.168.3.180]
06-03 15:32:55.052 W/ ( 0): [1 T1090 ..] [SP FRAME RX] arp rsp,vif_idx:0 sender:[a8:59:5f:1a:94:92 192.168.3.46]receiver:[1c:79:2d:20:62:cb 192.168.3.4]
06-03 15:32:55.054 W/ ( 0): [3 T2419 ..] [SP FRAME TX] arp req,vif_idx:0 sender:[1c:79:2d:20:62:cb 192.168.3.4]receiver:[00:00:00:00:00:00 192.168.3.181]
06-03 15:32:55.055 W/ ( 0): [1 T1090 ..] [SP FRAME RX] arp rsp,vif_idx:0 sender:[b0:dc:ef:00:4c:09 192.168.3.49]receiver:[1c:79:2d:20:62:cb 192.168.3.4]
06-03 15:32:55.057 W/ ( 0): [3 T2419 ..] [SP FRAME TX] arp req,vif_idx:0 sender:[1c:79:2d:20:62:cb 192.168.3.4]receiver:[00:00:00:00:00:00 192.168.3.182]
06-03 15:32:55.058 W/ ( 0): [1 T1090 ..] [SP FRAME RX] arp rsp,vif_idx:0 sender:[e2:03:00:92:54:eb 192.168.3.50]receiver:[1c:79:2d:20:62:cb 192.168.3.4]
06-03 15:32:55.060 W/ ( 0): [3 T2419 ..] [SP FRAME TX] arp req,vif_idx:0 sender:[1c:79:2d:20:62:cb 192.168.3.4]receiver:[00:00:00:00:00:00 192.168.3.183]
06-03 15:32:55.061 W/ ( 0): [1 T1090 ..] [SP FRAME RX] arp rsp,vif_idx:0 sender:[62:6d:1d:75:89:1c 192.168.3.52]receiver:[1c:79:2d:20:62:cb 192.168.3.4]
06-03 15:32:55.063 W/ ( 0): [3 T2419 ..] [SP FRAME TX] arp req,vif_idx:0 sender:[1c:79:2d:20:62:cb 192.168.3.4]receiver:[00:00:00:00:00:00 192.168.3.184]
06-03 15:32:55.065 W/ ( 0): [1 T1090 ..] [SP FRAME RX] arp rsp,vif_idx:0 sender:[ac:74:b1:0c:ff:f8 192.168.3.53]receiver:[1c:79:2d:20:62:cb 192.168.3.4]
06-03 15:32:55.066 W/ ( 0): [3 T2419 ..] [SP FRAME TX] arp req,vif_idx:0 sender:[1c:79:2d:20:62:cb 192.168.3.4]receiver:[00:00:00:00:00:00 192.168.3.185]
06-03 15:32:55.068 W/ ( 0): [1 T1090 ..] [SP FRAME RX] arp rsp,vif_idx:0 sender:[22:53:1b:e9:95:aa 192.168.3.54]receiver:[1c:79:2d:20:62:cb 192.168.3.4]
06-03 15:32:55.069 W/ ( 0): [3 T2419 ..] [SP FRAME TX] arp req,vif_idx:0 sender:[1c:79:2d:20:62:cb 192.168.3.4]receiver:[00:00:00:00:00:00 192.168.3.186]
06-03 15:32:55.071 W/ ( 0): [1 T1090 ..] [SP FRAME RX] arp rsp,vif_idx:0 sender:[e2:b5:c5:bd:0b:9a 192.168.3.55]receiver:[1c:79:2d:20:62:cb 192.168.3.4]
06-03 15:32:55.072 W/ ( 0): [3 T2419 ..] [SP FRAME TX] arp req,vif_idx:0 sender:[1c:79:2d:20:62:cb 192.168.3.4]receiver:[00:00:00:00:00:00 192.168.3.187]
06-03 15:32:55.074 W/ ( 0): [1 T1090 ..] [SP FRAME RX] arp rsp,vif_idx:0 sender:[12:2c:8d:45:1c:5f 192.168.3.56]receiver:[1c:79:2d:20:62:cb 192.168.3.4]
06-03 15:32:55.076 W/ ( 0): [3 T2419 ..] [SP FRAME TX] arp req,vif_idx:0 sender:[1c:79:2d:20:62:cb 192.168.3.4]receiver:[00:00:00:00:00:00 192.168.3.188]
06-03 15:32:55.077 W/ ( 0): [1 T1090 ..] [SP FRAME RX] arp rsp,vif_idx:0 sender:[12:f0:2d:d7:03:70 192.168.3.57]receiver:[1c:79:2d:20:62:cb 192.168.3.4]
06-03 15:32:55.065 D/SntpClient( 736): request time failed: java.net.SocketTimeoutException: Poll timed out
06-03 15:32:55.066 D/TrafficStats( 736): tagSocket(426) with statsTag=0xffffff41, statsUid=-1
06-03 15:32:55.079 W/ ( 0): [3 T2419 ..] [SP FRAME TX] arp req,vif_idx:0 sender:[1c:79:2d:20:62:cb 192.168.3.4]receiver:[00:00:00:00:00:00 192.168.3.189]
06-03 15:32:55.080 W/ ( 0): [1 T1090 ..] [SP FRAME RX] arp rsp,vif_idx:0 sender:[ee:78:83:8f:63:7e 192.168.3.58]receiver:[1c:79:2d:20:62:cb 192.168.3.4]
06-03 15:32:55.082 W/ ( 0): [3 T2419 ..] [SP FRAME TX] arp req,vif_idx:0 sender:[1c:79:2d:20:62:cb 192.168.3.4]receiver:[00:00:00:00:00:00 192.168.3.190]
06-03 15:32:55.083 W/ ( 0): [1 T1090 ..] [SP FRAME RX] arp rsp,vif_idx:0 sender:[b0:dc:ef:33:76:83 192.168.3.59]receiver:[1c:79:2d:20:62:cb 192.168.3.4]
06-03 15:32:55.085 W/ ( 0): [3 T2419 ..] [SP FRAME TX] arp req,vif_idx:0 sender:[1c:79:2d:20:62:cb 192.168.3.4]receiver:[00:00:00:00:00:00 192.168.3.191]
06-03 15:32:55.086 W/ ( 0): [1 T1090 ..] [SP FRAME RX] arp rsp,vif_idx:0 sender:[ca:9c:d9:c3:26:8e 192.168.3.60]receiver:[1c:79:2d:20:62:cb 192.168.3.4]
06-03 15:32:55.088 W/ ( 0): [3 T2419 ..] [SP FRAME TX] arp req,vif_idx:0 sender:[1c:79:2d:20:62:cb 192.168.3.4]receiver:[00:00:00:00:00:00 192.168.3.192]
06-03 15:32:55.089 W/ ( 0): [1 T1090 ..] [SP FRAME RX] arp rsp,vif_idx:0 sender:[28:7b:11:70:51:1f 192.168.3.61]receiver:[1c:79:2d:20:62:cb 192.168.3.4]
06-03 15:32:55.091 W/ ( 0): [3 T2419 ..] [SP FRAME TX] arp req,vif_idx:0 sender:[1c:79:2d:20:62:cb 192.168.3.4]receiver:[00:00:00:00:00:00 192.168.3.193]
06-03 15:32:55.092 W/ ( 0): [1 T1090 ..] [SP FRAME RX] arp rsp,vif_idx:0 sender:[9a:2c:95:3c:db:cc 192.168.3.62]receiver:[1c:79:2d:20:62:cb 192.168.3.4]
06-03 15:32:55.094 W/ ( 0): [3 T2419 ..] [SP FRAME TX] arp req,vif_idx:0 sender:[1c:79:2d:20:62:cb 192.168.3.4]receiver:[00:00:00:00:00:00 192.168.3.194]
06-03 15:32:55.095 W/ ( 0): [1 T1090 ..] [SP FRAME RX] arp rsp,vif_idx:0 sender:[0a:5b:8b:eb:41:ed 192.168.3.63]receiver:[1c:79:2d:20:62:cb 192.168.3.4]
06-03 15:32:55.097 W/ ( 0): [3 T2419 ..] [SP FRAME TX] arp req,vif_idx:0 sender:[1c:79:2d:20:62:cb 192.168.3.4]receiver:[00:00:00:00:00:00 192.168.3.195]
06-03 15:32:55.098 W/ ( 0): [1 T1090 ..] [SP FRAME RX] arp rsp,vif_idx:0 sender:[a2:43:c3:b8:44:26 192.168.3.64]receiver:[1c:79:2d:20:62:cb 192.168.3.4]
06-03 15:32:55.100 W/ ( 0): [3 T2419 ..] [SP FRAME TX] arp req,vif_idx:0 sender:[1c:79:2d:20:62:cb 192.168.3.4]receiver:[00:00:00:00:00:00 192.168.3.196]
06-03 15:32:55.101 W/ ( 0): [1 T1090 ..] [SP FRAME RX] arp rsp,vif_idx:0 sender:[b0:be:83:7e:54:6d 192.168.3.65]receiver:[1c:79:2d:20:62:cb 192.168.3.4]
06-03 15:32:55.103 W/ ( 0): [3 T2419 ..] [SP FRAME TX] arp req,vif_idx:0 sender:[1c:79:2d:20:62:cb 192.168.3.4]receiver:[00:00:00:00:00:00 192.168.3.197]
06-03 15:32:55.104 W/ ( 0): [1 T1090 ..] [SP FRAME RX] arp rsp,vif_idx:0 sender:[e0:ba:ad:3a:be:9a 192.168.3.66]receiver:[1c:79:2d:20:62:cb 192.168.3.4]
06-03 15:32:55.106 W/ ( 0): [3 T2419 ..] [SP FRAME TX] arp req,vif_idx:0 sender:[1c:79:2d:20:62:cb 192.168.3.4]receiver:[00:00:00:00:00:00 192.168.3.198]
06-03 15:32:55.107 W/ ( 0): [1 T1090 ..] [SP FRAME RX] arp rsp,vif_idx:0 sender:[1e:46:04:55:bb:4a 192.168.3.67]receiver:[1c:79:2d:20:62:cb 192.168.3.4]
06-03 15:32:55.109 W/ ( 0): [3 T2419 ..] [SP FRAME TX] arp req,vif_idx:0 sender:[1c:79:2d:20:62:cb 192.168.3.4]receiver:[00:00:00:00:00:00 192.168.3.199]
06-03 15:32:55.111 W/ ( 0): [1 T1090 ..] [SP FRAME RX] arp rsp,vif_idx:0 sender:[de:5e:e1:c0:9b:62 192.168.3.68]receiver:[1c:79:2d:20:62:cb 192.168.3.4]
06-03 15:32:55.112 W/ ( 0): [3 T2419 ..] [SP FRAME TX] arp req,vif_idx:0 sender:[1c:79:2d:20:62:cb 192.168.3.4]receiver:[00:00:00:00:00:00 192.168.3.200]
06-03 15:32:55.114 W/ ( 0): [1 T1090 ..] [SP FRAME RX] arp rsp,vif_idx:0 sender:[0c:91:60:12:cd:8c 192.168.3.70]receiver:[1c:79:2d:20:62:cb 192.168.3.4]
06-03 15:32:55.102 D/AvrcpBrowsablePlayerConnector( 1168): Received a message: msg.what=2
06-03 15:32:55.102 V/AvrcpBrowsablePlayerConnector( 1168): Timed out waiting for players
06-03 15:32:55.103 I/AvrcpBrowsablePlayerConnector( 1168): Successfully connected to 0 browsable players.
06-03 15:32:55.103 I/MediaPlayerList( 1168): init: Browsable Player list size is 0
06-03 15:32:55.115 W/ ( 0): [3 T2419 ..] [SP FRAME TX] arp req,vif_idx:0 sender:[1c:79:2d:20:62:cb 192.168.3.4]receiver:[00:00:00:00:00:00 192.168.3.201]
06-03 15:32:55.117 W/ ( 0): [1 T1090 ..] [SP FRAME RX] arp rsp,vif_idx:0 sender:[c8:5e:a9:7a:90:04 192.168.3.71]receiver:[1c:79:2d:20:62:cb 192.168.3.4]
06-03 15:32:55.118 W/ ( 0): [3 T2419 ..] [SP FRAME TX] arp req,vif_idx:0 sender:[1c:79:2d:20:62:cb 192.168.3.4]receiver:[00:00:00:00:00:00 192.168.3.202]
06-03 15:32:55.120 W/ ( 0): [1 T1090 ..] [SP FRAME RX] arp rsp,vif_idx:0 sender:[46:18:42:ea:83:5f 192.168.3.72]receiver:[1c:79:2d:20:62:cb 192.168.3.4]
06-03 15:32:55.122 W/ ( 0): [3 T2419 ..] [SP FRAME TX] arp req,vif_idx:0 sender:[1c:79:2d:20:62:cb 192.168.3.4]receiver:[00:00:00:00:00:00 192.168.3.203]
06-03 15:32:55.123 W/ ( 0): [1 T1090 ..] [SP FRAME RX] arp rsp,vif_idx:0 sender:[38:d5:7a:df:34:e7 192.168.3.73]receiver:[1c:79:2d:20:62:cb 192.168.3.4]
06-03 15:32:55.125 W/ ( 0): [3 T2419 ..] [SP FRAME TX] arp req,vif_idx:0 sender:[1c:79:2d:20:62:cb 192.168.3.4]receiver:[00:00:00:00:00:00 192.168.3.204]
06-03 15:32:55.126 W/ ( 0): [1 T1090 ..] [SP FRAME RX] arp rsp,vif_idx:0 sender:[a0:29:42:9a:49:08 192.168.3.74]receiver:[1c:79:2d:20:62:cb 192.168.3.4]
06-03 15:32:55.128 W/ ( 0): [3 T2419 ..] [SP FRAME TX] arp req,vif_idx:0 sender:[1c:79:2d:20:62:cb 192.168.3.4]receiver:[00:00:00:00:00:00 192.168.3.205]
06-03 15:32:55.129 W/ ( 0): [1 T1090 ..] [SP FRAME RX] arp rsp,vif_idx:0 sender:[7c:2c:67:8b:02:64 192.168.3.78]receiver:[1c:79:2d:20:62:cb 192.168.3.4]
06-03 15:32:55.131 W/ ( 0): [3 T2419 ..] [SP FRAME TX] arp req,vif_idx:0 sender:[1c:79:2d:20:62:cb 192.168.3.4]receiver:[00:00:00:00:00:00 192.168.3.206]
06-03 15:32:55.132 W/ ( 0): [1 T1090 ..] [SP FRAME RX] arp rsp,vif_idx:0 sender:[12:79:fa:50:96:be 192.168.3.79]receiver:[1c:79:2d:20:62:cb 192.168.3.4]
06-03 15:32:55.134 W/ ( 0): [3 T2419 ..] [SP FRAME TX] arp req,vif_idx:0 sender:[1c:79:2d:20:62:cb 192.168.3.4]receiver:[00:00:00:00:00:00 192.168.3.207]
06-03 15:32:55.135 W/ ( 0): [1 T1090 ..] [SP FRAME RX] arp rsp,vif_idx:0 sender:[ca:38:f7:cf:6f:ff 192.168.3.82]receiver:[1c:79:2d:20:62:cb 192.168.3.4]
06-03 15:32:55.137 W/ ( 0): [3 T2419 ..] [SP FRAME TX] arp req,vif_idx:0 sender:[1c:79:2d:20:62:cb 192.168.3.4]receiver:[00:00:00:00:00:00 192.168.3.208]
06-03 15:32:55.138 W/ ( 0): [1 T1090 ..] [SP FRAME RX] arp rsp,vif_idx:0 sender:[54:d6:0d:ac:40:f5 192.168.3.83]receiver:[1c:79:2d:20:62:cb 192.168.3.4]
06-03 15:32:55.140 W/ ( 0): [3 T2419 ..] [SP FRAME TX] arp req,vif_idx:0 sender:[1c:79:2d:20:62:cb 192.168.3.4]receiver:[00:00:00:00:00:00 192.168.3.209]
06-03 15:32:55.141 W/ ( 0): [1 T1090 ..] [SP FRAME RX] arp rsp,vif_idx:0 sender:[c4:3d:1a:ea:21:62 192.168.3.142]receiver:[1c:79:2d:20:62:cb 192.168.3.4]
06-03 15:32:55.132 D/NearFieldManagerImpl( 2368): onReceive action get:android.net.conn.CONNECTIVITY_CHANGE
06-03 15:32:55.143 W/ ( 0): [3 T2419 ..] [SP FRAME TX] arp req,vif_idx:0 sender:[1c:79:2d:20:62:cb 192.168.3.4]receiver:[00:00:00:00:00:00 192.168.3.210]
06-03 15:32:55.144 W/ ( 0): [1 T1090 ..] [SP FRAME RX] arp rsp,vif_idx:0 sender:[08:9d:f4:3f:50:de 192.168.3.85]receiver:[1c:79:2d:20:62:cb 192.168.3.4]
06-03 15:32:55.133 W/efs.info.manager( 2368): network change: wifi
06-03 15:32:55.134 D/NearFieldUtils( 2368): getPreferredIpAddress exec
06-03 15:32:55.134 D/NearFieldUtils( 2368): getPreferredIpAddress by custom priority
06-03 15:32:55.134 D/NearFieldUtils( 2368): getIpByInterfaceSetting customIdnNetworkPriority:[]
06-03 15:32:55.134 D/NearFieldUtils( 2368): getPreferredIpAddress by default priority
06-03 15:32:55.146 W/ ( 0): [3 T2419 ..] [SP FRAME TX] arp req,vif_idx:0 sender:[1c:79:2d:20:62:cb 192.168.3.4]receiver:[00:00:00:00:00:00 192.168.3.211]
06-03 15:32:55.147 W/ ( 0): [1 T1090 ..] [SP FRAME RX] arp rsp,vif_idx:0 sender:[b0:dc:ef:00:ef:38 192.168.3.87]receiver:[1c:79:2d:20:62:cb 192.168.3.4]
06-03 15:32:55.149 W/ ( 0): [3 T2419 ..] [SP FRAME TX] arp req,vif_idx:0 sender:[1c:79:2d:20:62:cb 192.168.3.4]receiver:[00:00:00:00:00:00 192.168.3.212]
06-03 15:32:55.150 W/ ( 0): [1 T1090 ..] [SP FRAME RX] arp rsp,vif_idx:0 sender:[c4:3d:1a:ea:21:62 192.168.3.142]receiver:[1c:79:2d:20:62:cb 192.168.3.4]
06-03 15:32:55.152 W/ ( 0): [3 T2419 ..] [SP FRAME TX] arp req,vif_idx:0 sender:[1c:79:2d:20:62:cb 192.168.3.4]receiver:[00:00:00:00:00:00 192.168.3.213]
06-03 15:32:55.153 W/ ( 0): [1 T1090 ..] [SP FRAME RX] arp rsp,vif_idx:0 sender:[2a:7f:53:39:7b:19 192.168.3.88]receiver:[1c:79:2d:20:62:cb 192.168.3.4]
06-03 15:32:55.155 W/ ( 0): [3 T2419 ..] [SP FRAME TX] arp req,vif_idx:0 sender:[1c:79:2d:20:62:cb 192.168.3.4]receiver:[00:00:00:00:00:00 192.168.3.214]
06-03 15:32:55.157 W/ ( 0): [1 T1090 ..] [SP FRAME RX] arp rsp,vif_idx:0 sender:[0e:25:c9:09:12:b9 192.168.3.89]receiver:[1c:79:2d:20:62:cb 192.168.3.4]
06-03 15:32:55.145 D/NearFieldUtils( 2368): to get wlan0 ip address
06-03 15:32:55.145 D/NearFieldUtils( 2368): get wlan0 IP succeed.
06-03 15:32:55.145 E/NearFieldManagerImpl( 2368): notifyByPriority: interfaceNameInUse is null
06-03 15:32:55.145 D/NearFieldManagerImpl( 2368): handleConnectivityAction: notified by default
06-03 15:32:55.158 W/ ( 0): [3 T2419 ..] [SP FRAME TX] arp req,vif_idx:0 sender:[1c:79:2d:20:62:cb 192.168.3.4]receiver:[00:00:00:00:00:00 192.168.3.215]
06-03 15:32:55.160 W/ ( 0): [1 T1090 ..] [SP FRAME RX] arp rsp,vif_idx:0 sender:[c4:3d:1a:ea:21:62 192.168.3.142]receiver:[1c:79:2d:20:62:cb 192.168.3.4]
06-03 15:32:55.149 D/NearFieldUtils( 2368): to get wlan0 ip address
06-03 15:32:55.150 D/NearFieldUtils( 2368): get wlan0 IP succeed.
06-03 15:32:55.150 I/NearFieldManagerImpl( 2368): wlan Connected
06-03 15:32:55.150 I/HicomNf_java_to_c( 2368): notifyNetworkStateChanged with maskStr, networkType: 0, networkState: 0, mask:
06-03 15:32:55.150 I/HicomNfMainCtrlManager( 2368): NotifyNetworkStateChanged is called with networkState: 0
06-03 15:32:55.150 I/HicomNfMainCtrlManager( 2368): P2P and USB are both disconnected
06-03 15:32:55.150 I/HicomNfSecureManager( 2368): stop listening
06-03 15:32:55.150 I/HicomNfSecureManager( 2368): StopListening, m_sessionInfoLock out, before calling NSTACKX_DMsgClose 2
06-03 15:32:55.150 I/HicomNfSecureManager( 2368): StopListening, after calling NSTACKX_DMsgClose 2
06-03 15:32:55.161 W/ ( 0): [3 T2419 ..] [SP FRAME TX] arp req,vif_idx:0 sender:[1c:79:2d:20:62:cb 192.168.3.4]receiver:[00:00:00:00:00:00 192.168.3.216]
06-03 15:32:55.163 W/ ( 0): [1 T1090 ..] [SP FRAME RX] arp rsp,vif_idx:0 sender:[c4:3d:1a:ea:21:62 192.168.3.142]receiver:[1c:79:2d:20:62:cb 192.168.3.4]
06-03 15:32:55.153 I/HicomNf_java_to_c( 2368): notifyNetworkStateChanged with maskStr, networkType: 0, networkState: 1, mask: 255.255.254.0
06-03 15:32:55.153 I/HicomNfMainCtrlManager( 2368): NotifyNetworkStateChanged is called with networkState: 1
06-03 15:32:55.153 I/HicomNfSecureManager( 2368): StartListening, before calling NSTACKX_DMsgServer
06-03 15:32:55.153 I/nStackXDMsg( 2368): NSTACKX_DMsgServer:[1335] :msgReceiver is not NULL
06-03 15:32:55.154 D/nStackXDMsg( 2368): StartDMsgMainThread:[1274] :pthread_create
06-03 15:32:55.154 I/HicomNfSecureManager( 2368): StartListening, after calling NSTACKX_DMsgServer
06-03 15:32:55.154 I/HicomNfSecureManager( 2368): OnehopSecureCtrlManager: succeeded to StartListening with type 0
06-03 15:32:55.165 W/ ( 0): [3 T2419 ..] [SP FRAME TX] arp req,vif_idx:0 sender:[1c:79:2d:20:62:cb 192.168.3.4]receiver:[00:00:00:00:00:00 192.168.3.217]
06-03 15:32:55.166 W/ ( 0): [1 T1090 ..] [SP FRAME RX] arp rsp,vif_idx:0 sender:[c4:3d:1a:ea:21:62 192.168.3.142]receiver:[1c:79:2d:20:62:cb 192.168.3.4]
06-03 15:32:55.168 W/ ( 0): [3 T2419 ..] [SP FRAME TX] arp req,vif_idx:0 sender:[1c:79:2d:20:62:cb 192.168.3.4]receiver:[00:00:00:00:00:00 192.168.3.218]
06-03 15:32:55.169 W/ ( 0): [1 T1090 ..] [SP FRAME RX] arp rsp,vif_idx:0 sender:[c4:3d:1a:ea:21:62 192.168.3.142]receiver:[1c:79:2d:20:62:cb 192.168.3.4]
06-03 15:32:55.171 W/ ( 0): [3 T2419 ..] [SP FRAME TX] arp req,vif_idx:0 sender:[1c:79:2d:20:62:cb 192.168.3.4]receiver:[00:00:00:00:00:00 192.168.3.219]
06-03 15:32:55.172 W/ ( 0): [1 T1090 ..] [SP FRAME RX] arp rsp,vif_idx:0 sender:[c4:3d:1a:ea:21:62 192.168.3.142]receiver:[1c:79:2d:20:62:cb 192.168.3.4]
06-03 15:32:55.174 W/ ( 0): [3 T2419 ..] [SP FRAME TX] arp req,vif_idx:0 sender:[1c:79:2d:20:62:cb 192.168.3.4]receiver:[00:00:00:00:00:00 192.168.3.220]
06-03 15:32:55.175 W/ ( 0): [1 T1090 ..] [SP FRAME RX] arp rsp,vif_idx:0 sender:[c4:3d:1a:ea:21:62 192.168.3.142]receiver:[1c:79:2d:20:62:cb 192.168.3.4]
06-03 15:32:55.177 W/ ( 0): [3 T2419 ..] [SP FRAME TX] arp req,vif_idx:0 sender:[1c:79:2d:20:62:cb 192.168.3.4]receiver:[00:00:00:00:00:00 192.168.3.221]
06-03 15:32:55.178 W/ ( 0): [1 T1090 ..] [SP FRAME RX] arp rsp,vif_idx:0 sender:[c4:3d:1a:ea:21:62 192.168.3.142]receiver:[1c:79:2d:20:62:cb 192.168.3.4]
06-03 15:32:55.180 W/ ( 0): [3 T2419 ..] [SP FRAME TX] arp req,vif_idx:0 sender:[1c:79:2d:20:62:cb 192.168.3.4]receiver:[00:00:00:00:00:00 192.168.3.222]
06-03 15:32:55.181 W/ ( 0): [1 T1090 ..] [SP FRAME RX] arp rsp,vif_idx:0 sender:[c4:3d:1a:ea:21:62 192.168.3.142]receiver:[1c:79:2d:20:62:cb 192.168.3.4]
06-03 15:32:55.183 W/ ( 0): [3 T2419 ..] [SP FRAME TX] arp req,vif_idx:0 sender:[1c:79:2d:20:62:cb 192.168.3.4]receiver:[00:00:00:00:00:00 192.168.3.223]
06-03 15:32:55.184 W/ ( 0): [1 T1090 ..] [SP FRAME RX] arp rsp,vif_idx:0 sender:[fe:03:b9:3e:3b:a7 192.168.3.90]receiver:[1c:79:2d:20:62:cb 192.168.3.4]
06-03 15:32:55.186 W/ ( 0): [3 T2419 ..] [SP FRAME TX] arp req,vif_idx:0 sender:[1c:79:2d:20:62:cb 192.168.3.4]receiver:[00:00:00:00:00:00 192.168.3.224]
06-03 15:32:55.187 W/ ( 0): [1 T1090 ..] [SP FRAME RX] arp rsp,vif_idx:0 sender:[72:d4:c0:63:af:45 192.168.3.93]receiver:[1c:79:2d:20:62:cb 192.168.3.4]
06-03 15:32:55.189 W/ ( 0): [3 T2419 ..] [SP FRAME TX] arp req,vif_idx:0 sender:[1c:79:2d:20:62:cb 192.168.3.4]receiver:[00:00:00:00:00:00 192.168.3.225]
06-03 15:32:55.190 W/ ( 0): [1 T1090 ..] [SP FRAME RX] arp rsp,vif_idx:0 sender:[dc:46:28:e5:1c:e9 192.168.3.91]receiver:[1c:79:2d:20:62:cb 192.168.3.4]
06-03 15:32:55.192 W/ ( 0): [3 T2419 ..] [SP FRAME TX] arp req,vif_idx:0 sender:[1c:79:2d:20:62:cb 192.168.3.4]receiver:[00:00:00:00:00:00 192.168.3.226]
06-03 15:32:55.193 W/ ( 0): [1 T1090 ..] [SP FRAME RX] arp rsp,vif_idx:0 sender:[dc:46:28:8c:43:3f 192.168.3.98]receiver:[1c:79:2d:20:62:cb 192.168.3.4]
06-03 15:32:55.195 W/ ( 0): [3 T2419 ..] [SP FRAME TX] arp req,vif_idx:0 sender:[1c:79:2d:20:62:cb 192.168.3.4]receiver:[00:00:00:00:00:00 192.168.3.227]
06-03 15:32:55.196 W/ ( 0): [1 T1090 ..] [SP FRAME RX] arp rsp,vif_idx:0 sender:[76:8b:05:2a:8a:ab 192.168.3.94]receiver:[1c:79:2d:20:62:cb 192.168.3.4]
06-03 15:32:55.198 W/ ( 0): [3 T2419 ..] [SP FRAME TX] arp req,vif_idx:0 sender:[1c:79:2d:20:62:cb 192.168.3.4]receiver:[00:00:00:00:00:00 192.168.3.228]
06-03 15:32:55.200 W/ ( 0): [1 T1090 ..] [SP FRAME RX] arp rsp,vif_idx:0 sender:[14:75:5b:3d:38:c1 192.168.3.95]receiver:[1c:79:2d:20:62:cb 192.168.3.4]
06-03 15:32:55.201 W/ ( 0): [3 T2419 ..] [SP FRAME TX] arp req,vif_idx:0 sender:[1c:79:2d:20:62:cb 192.168.3.4]receiver:[00:00:00:00:00:00 192.168.3.229]
06-03 15:32:55.203 W/ ( 0): [1 T1090 ..] [SP FRAME RX] arp rsp,vif_idx:0 sender:[7a:fb:15:bf:d0:04 192.168.3.99]receiver:[1c:79:2d:20:62:cb 192.168.3.4]
06-03 15:32:55.204 W/ ( 0): [3 T2419 ..] [SP FRAME TX] arp req,vif_idx:0 sender:[1c:79:2d:20:62:cb 192.168.3.4]receiver:[00:00:00:00:00:00 192.168.3.230]
06-03 15:32:55.206 W/ ( 0): [1 T1090 ..] [SP FRAME RX] arp rsp,vif_idx:0 sender:[c4:3d:1a:ea:21:62 192.168.3.142]receiver:[1c:79:2d:20:62:cb 192.168.3.4]
06-03 15:32:55.207 W/ ( 0): [3 T2419 ..] [SP FRAME TX] arp req,vif_idx:0 sender:[1c:79:2d:20:62:cb 192.168.3.4]receiver:[00:00:00:00:00:00 192.168.3.231]
06-03 15:32:55.209 W/ ( 0): [1 T1090 ..] [SP FRAME RX] arp rsp,vif_idx:0 sender:[9c:2f:9d:b7:47:a3 192.168.3.101]receiver:[1c:79:2d:20:62:cb 192.168.3.4]
06-03 15:32:55.210 W/ ( 0): [3 T2419 ..] [SP FRAME TX] arp req,vif_idx:0 sender:[1c:79:2d:20:62:cb 192.168.3.4]receiver:[00:00:00:00:00:00 192.168.3.232]
06-03 15:32:55.212 W/ ( 0): [1 T1090 ..] [SP FRAME RX] arp rsp,vif_idx:0 sender:[20:0b:74:64:d4:e2 192.168.3.102]receiver:[1c:79:2d:20:62:cb 192.168.3.4]
06-03 15:32:55.214 W/ ( 0): [3 T2419 ..] [SP FRAME TX] arp req,vif_idx:0 sender:[1c:79:2d:20:62:cb 192.168.3.4]receiver:[00:00:00:00:00:00 192.168.3.233]
06-03 15:32:55.215 W/ ( 0): [1 T1090 ..] [SP FRAME RX] arp rsp,vif_idx:0 sender:[c4:3d:1a:ea:21:62 192.168.3.142]receiver:[1c:79:2d:20:62:cb 192.168.3.4]
06-03 15:32:55.217 W/ ( 0): [3 T2419 ..] [SP FRAME TX] arp req,vif_idx:0 sender:[1c:79:2d:20:62:cb 192.168.3.4]receiver:[00:00:00:00:00:00 192.168.3.234]
06-03 15:32:55.218 W/ ( 0): [1 T1090 ..] [SP FRAME RX] arp rsp,vif_idx:0 sender:[8a:21:f9:5a:4b:26 192.168.3.103]receiver:[1c:79:2d:20:62:cb 192.168.3.4]
06-03 15:32:55.220 W/ ( 0): [3 T2419 ..] [SP FRAME TX] arp req,vif_idx:0 sender:[1c:79:2d:20:62:cb 192.168.3.4]receiver:[00:00:00:00:00:00 192.168.3.235]
06-03 15:32:55.221 W/ ( 0): [1 T1090 ..] [SP FRAME RX] arp rsp,vif_idx:0 sender:[3e:24:08:0e:6c:75 192.168.3.105]receiver:[1c:79:2d:20:62:cb 192.168.3.4]
06-03 15:32:55.223 W/ ( 0): [3 T2419 ..] [SP FRAME TX] arp req,vif_idx:0 sender:[1c:79:2d:20:62:cb 192.168.3.4]receiver:[00:00:00:00:00:00 192.168.3.236]
06-03 15:32:55.224 W/ ( 0): [1 T1090 ..] [SP FRAME RX] arp rsp,vif_idx:0 sender:[02:2b:a4:18:33:f6 192.168.3.106]receiver:[1c:79:2d:20:62:cb 192.168.3.4]
06-03 15:32:55.226 W/ ( 0): [3 T2419 ..] [SP FRAME TX] arp req,vif_idx:0 sender:[1c:79:2d:20:62:cb 192.168.3.4]receiver:[00:00:00:00:00:00 192.168.3.237]
06-03 15:32:55.227 W/ ( 0): [1 T1090 ..] [SP FRAME RX] arp rsp,vif_idx:0 sender:[0a:42:c7:d0:ed:1d 192.168.3.107]receiver:[1c:79:2d:20:62:cb 192.168.3.4]
06-03 15:32:55.229 W/ ( 0): [3 T2419 ..] [SP FRAME TX] arp req,vif_idx:0 sender:[1c:79:2d:20:62:cb 192.168.3.4]receiver:[00:00:00:00:00:00 192.168.3.238]
06-03 15:32:55.230 W/ ( 0): [1 T1090 ..] [SP FRAME RX] arp rsp,vif_idx:0 sender:[c4:3d:1a:ea:21:62 192.168.3.142]receiver:[1c:79:2d:20:62:cb 192.168.3.4]
06-03 15:32:55.232 W/ ( 0): [3 T2419 ..] [SP FRAME TX] arp req,vif_idx:0 sender:[1c:79:2d:20:62:cb 192.168.3.4]receiver:[00:00:00:00:00:00 192.168.3.239]
06-03 15:32:55.233 W/ ( 0): [1 T1090 ..] [SP FRAME RX] arp rsp,vif_idx:0 sender:[fc:e2:6c:07:50:41 192.168.3.108]receiver:[1c:79:2d:20:62:cb 192.168.3.4]
06-03 15:32:55.235 W/ ( 0): [3 T2419 ..] [SP FRAME TX] arp req,vif_idx:0 sender:[1c:79:2d:20:62:cb 192.168.3.4]receiver:[00:00:00:00:00:00 192.168.3.240]
06-03 15:32:55.236 W/ ( 0): [1 T1090 ..] [SP FRAME RX] arp rsp,vif_idx:0 sender:[3a:ca:16:89:53:47 192.168.3.109]receiver:[1c:79:2d:20:62:cb 192.168.3.4]
06-03 15:32:55.238 W/ ( 0): [3 T2419 ..] [SP FRAME TX] arp req,vif_idx:0 sender:[1c:79:2d:20:62:cb 192.168.3.4]receiver:[00:00:00:00:00:00 192.168.3.241]
06-03 15:32:55.239 W/ ( 0): [1 T1090 ..] [SP FRAME RX] arp rsp,vif_idx:0 sender:[e0:8f:4c:0f:1a:95 192.168.3.110]receiver:[1c:79:2d:20:62:cb 192.168.3.4]
06-03 15:32:55.241 W/ ( 0): [3 T2419 ..] [SP FRAME TX] arp req,vif_idx:0 sender:[1c:79:2d:20:62:cb 192.168.3.4]receiver:[00:00:00:00:00:00 192.168.3.242]
06-03 15:32:55.243 W/ ( 0): [1 T1090 ..] [SP FRAME RX] arp rsp,vif_idx:0 sender:[e0:2b:e9:8a:0e:17 192.168.3.112]receiver:[1c:79:2d:20:62:cb 192.168.3.4]
06-03 15:32:55.244 W/ ( 0): [3 T2419 ..] [SP FRAME TX] arp req,vif_idx:0 sender:[1c:79:2d:20:62:cb 192.168.3.4]receiver:[00:00:00:00:00:00 192.168.3.243]
06-03 15:32:55.246 W/ ( 0): [1 T1090 ..] [SP FRAME RX] arp rsp,vif_idx:0 sender:[92:db:66:cf:2c:a6 192.168.3.113]receiver:[1c:79:2d:20:62:cb 192.168.3.4]
06-03 15:32:55.247 W/ ( 0): [3 T2419 ..] [SP FRAME TX] arp req,vif_idx:0 sender:[1c:79:2d:20:62:cb 192.168.3.4]receiver:[00:00:00:00:00:00 192.168.3.244]
06-03 15:32:55.249 W/ ( 0): [1 T1090 ..] [SP FRAME RX] arp rsp,vif_idx:0 sender:[dc:97:ba:5d:da:b8 192.168.3.114]receiver:[1c:79:2d:20:62:cb 192.168.3.4]
06-03 15:32:55.251 W/ ( 0): [3 T2419 ..] [SP FRAME TX] arp req,vif_idx:0 sender:[1c:79:2d:20:62:cb 192.168.3.4]receiver:[00:00:00:00:00:00 192.168.3.245]
06-03 15:32:55.252 W/ ( 0): [1 T1090 ..] [SP FRAME RX] arp rsp,vif_idx:0 sender:[de:1c:02:1c:5c:c0 192.168.3.115]receiver:[1c:79:2d:20:62:cb 192.168.3.4]
06-03 15:32:55.254 W/ ( 0): [3 T2419 ..] [SP FRAME TX] arp req,vif_idx:0 sender:[1c:79:2d:20:62:cb 192.168.3.4]receiver:[00:00:00:00:00:00 192.168.3.246]
06-03 15:32:55.255 W/ ( 0): [1 T1090 ..] [SP FRAME RX] arp rsp,vif_idx:0 sender:[7c:21:4a:ca:99:19 192.168.3.116]receiver:[1c:79:2d:20:62:cb 192.168.3.4]
06-03 15:32:55.257 W/ ( 0): [3 T2419 ..] [SP FRAME TX] arp req,vif_idx:0 sender:[1c:79:2d:20:62:cb 192.168.3.4]receiver:[00:00:00:00:00:00 192.168.3.247]
06-03 15:32:55.258 W/ ( 0): [1 T1090 ..] [SP FRAME RX] arp rsp,vif_idx:0 sender:[1a:01:08:c1:b7:a5 192.168.3.117]receiver:[1c:79:2d:20:62:cb 192.168.3.4]
06-03 15:32:55.260 W/ ( 0): [0 T2419 ..] [SP FRAME TX] arp req,vif_idx:0 sender:[1c:79:2d:20:62:cb 192.168.3.4]receiver:[00:00:00:00:00:00 192.168.3.248]
06-03 15:32:55.261 W/ ( 0): [1 T1090 ..] [SP FRAME RX] arp rsp,vif_idx:0 sender:[46:6e:34:82:e0:0a 192.168.3.118]receiver:[1c:79:2d:20:62:cb 192.168.3.4]
06-03 15:32:55.263 W/ ( 0): [0 T2419 ..] [SP FRAME TX] arp req,vif_idx:0 sender:[1c:79:2d:20:62:cb 192.168.3.4]receiver:[00:00:00:00:00:00 192.168.3.249]
06-03 15:32:55.264 W/ ( 0): [1 T1090 ..] [SP FRAME RX] arp rsp,vif_idx:0 sender:[c2:98:d1:34:09:c3 192.168.3.119]receiver:[1c:79:2d:20:62:cb 192.168.3.4]
06-03 15:32:55.266 W/ ( 0): [0 T2419 ..] [SP FRAME TX] arp req,vif_idx:0 sender:[1c:79:2d:20:62:cb 192.168.3.4]receiver:[00:00:00:00:00:00 192.168.3.250]
06-03 15:32:55.267 W/ ( 0): [1 T1090 ..] [SP FRAME RX] arp rsp,vif_idx:0 sender:[c4:3d:1a:ea:21:62 192.168.3.142]receiver:[1c:79:2d:20:62:cb 192.168.3.4]
06-03 15:32:55.269 W/ ( 0): [0 T2419 ..] [SP FRAME TX] arp req,vif_idx:0 sender:[1c:79:2d:20:62:cb 192.168.3.4]receiver:[00:00:00:00:00:00 192.168.3.251]
06-03 15:32:55.270 W/ ( 0): [1 T1090 ..] [SP FRAME RX] arp rsp,vif_idx:0 sender:[a4:cf:99:78:f4:bf 192.168.3.120]receiver:[1c:79:2d:20:62:cb 192.168.3.4]
06-03 15:32:55.272 W/ ( 0): [0 T2419 ..] [SP FRAME TX] arp req,vif_idx:0 sender:[1c:79:2d:20:62:cb 192.168.3.4]receiver:[00:00:00:00:00:00 192.168.3.252]
06-03 15:32:55.260 I/BLE_Service( 960): mStartDiscoveryRunnable, return for nonGTV or usersetup finished
06-03 15:32:55.273 W/ ( 0): [1 T1090 ..] [SP FRAME RX] arp rsp,vif_idx:0 sender:[c4:3d:1a:ea:21:62 192.168.3.142]receiver:[1c:79:2d:20:62:cb 192.168.3.4]
06-03 15:32:55.275 W/ ( 0): [0 T2419 ..] [SP FRAME TX] arp req,vif_idx:0 sender:[1c:79:2d:20:62:cb 192.168.3.4]receiver:[00:00:00:00:00:00 192.168.3.253]
06-03 15:32:55.276 W/ ( 0): [1 T1090 ..] [SP FRAME RX] arp rsp,vif_idx:0 sender:[c4:3d:1a:ea:21:62 192.168.3.142]receiver:[1c:79:2d:20:62:cb 192.168.3.4]
06-03 15:32:55.278 W/ ( 0): [0 T2419 ..] [SP FRAME TX] arp req,vif_idx:0 sender:[1c:79:2d:20:62:cb 192.168.3.4]receiver:[00:00:00:00:00:00 192.168.3.254]
06-03 15:32:55.279 W/ ( 0): [1 T1090 ..] [SP FRAME RX] arp rsp,vif_idx:0 sender:[de:b8:c9:3d:c6:5d 192.168.3.122]receiver:[1c:79:2d:20:62:cb 192.168.3.4]
06-03 15:32:55.280 W/ ( 0): [1 T1090 ..] [SP FRAME RX] arp rsp,vif_idx:0 sender:[c4:3d:1a:ea:21:62 192.168.3.142]receiver:[1c:79:2d:20:62:cb 192.168.3.4]
06-03 15:32:55.280 W/ ( 0): [1 T1090 ..] [SP FRAME RX] arp rsp,vif_idx:0 sender:[c4:3d:1a:ea:21:62 192.168.3.142]receiver:[1c:79:2d:20:62:cb 192.168.3.4]
06-03 15:32:55.280 W/ ( 0): [1 T1090 ..] [SP FRAME RX] arp rsp,vif_idx:0 sender:[e4:b0:63:93:17:70 192.168.3.124]receiver:[1c:79:2d:20:62:cb 192.168.3.4]
06-03 15:32:55.280 W/ ( 0): [1 T1090 ..] [SP FRAME RX] arp rsp,vif_idx:0 sender:[20:57:9e:67:7f:db 192.168.3.125]receiver:[1c:79:2d:20:62:cb 192.168.3.4]
06-03 15:32:55.280 W/ ( 0): [1 T1090 ..] [SP FRAME RX] arp rsp,vif_idx:0 sender:[98:f1:12:30:b3:31 192.168.3.126]receiver:[1c:79:2d:20:62:cb 192.168.3.4]
06-03 15:32:55.280 W/ ( 0): [1 T1090 ..] [SP FRAME RX] arp rsp,vif_idx:0 sender:[c2:a4:f5:2e:7c:08 192.168.3.127]receiver:[1c:79:2d:20:62:cb 192.168.3.4]
06-03 15:32:55.280 W/ ( 0): [1 T1090 ..] [SP FRAME RX] arp rsp,vif_idx:0 sender:[c4:3d:1a:ea:21:62 192.168.3.142]receiver:[1c:79:2d:20:62:cb 192.168.3.4]
06-03 15:32:55.293 W/ ( 0): [1 T1090 ..] [SP FRAME RX] arp rsp,vif_idx:0 sender:[f0:18:98:83:27:e9 192.168.3.130]receiver:[1c:79:2d:20:62:cb 192.168.3.4]
06-03 15:32:55.295 W/ ( 0): [1 T1090 ..] [SP FRAME RX] arp rsp,vif_idx:0 sender:[c4:3d:1a:ea:21:62 192.168.3.142]receiver:[1c:79:2d:20:62:cb 192.168.3.4]
06-03 15:32:55.296 W/ ( 0): [1 T1090 ..] [SP FRAME RX] arp rsp,vif_idx:0 sender:[de:3c:61:93:ca:d0 192.168.3.131]receiver:[1c:79:2d:20:62:cb 192.168.3.4]
06-03 15:32:55.298 W/ ( 0): [1 T1090 ..] [SP FRAME RX] arp rsp,vif_idx:0 sender:[ba:99:f6:fc:ac:38 192.168.3.132]receiver:[1c:79:2d:20:62:cb 192.168.3.4]
06-03 15:32:55.300 W/ ( 0): [1 T1090 ..] [SP FRAME RX] arp rsp,vif_idx:0 sender:[c4:3d:1a:ea:21:62 192.168.3.142]receiver:[1c:79:2d:20:62:cb 192.168.3.4]
06-03 15:32:55.301 W/ ( 0): [1 T1090 ..] [SP FRAME RX] arp rsp,vif_idx:0 sender:[f4:0f:24:13:4a:2f 192.168.3.135]receiver:[1c:79:2d:20:62:cb 192.168.3.4]
06-03 15:32:55.303 W/ ( 0): [1 T1090 ..] [SP FRAME RX] arp rsp,vif_idx:0 sender:[c4:3d:1a:ea:21:62 192.168.3.142]receiver:[1c:79:2d:20:62:cb 192.168.3.4]
06-03 15:32:55.304 W/ ( 0): [1 T1090 ..] [SP FRAME RX] arp rsp,vif_idx:0 sender:[02:fe:15:17:79:f9 192.168.3.136]receiver:[1c:79:2d:20:62:cb 192.168.3.4]
06-03 15:32:55.306 W/ ( 0): [1 T1090 ..] [SP FRAME RX] arp rsp,vif_idx:0 sender:[c4:3d:1a:ea:21:62 192.168.3.142]receiver:[1c:79:2d:20:62:cb 192.168.3.4]
06-03 15:32:55.307 W/ ( 0): [1 T1090 ..] [SP FRAME RX] arp rsp,vif_idx:0 sender:[c4:3d:1a:ea:21:62 192.168.3.142]receiver:[1c:79:2d:20:62:cb 192.168.3.4]
06-03 15:32:55.309 W/ ( 0): [1 T1090 ..] [SP FRAME RX] arp rsp,vif_idx:0 sender:[8c:f8:c5:9d:89:0b 192.168.3.138]receiver:[1c:79:2d:20:62:cb 192.168.3.4]
06-03 15:32:55.310 W/ ( 0): [1 T1090 ..] [SP FRAME RX] arp rsp,vif_idx:0 sender:[c4:3d:1a:ea:21:62 192.168.3.142]receiver:[1c:79:2d:20:62:cb 192.168.3.4]
06-03 15:32:55.312 W/ ( 0): [1 T1090 ..] [SP FRAME RX] arp rsp,vif_idx:0 sender:[c4:3d:1a:ea:21:62 192.168.3.142]receiver:[1c:79:2d:20:62:cb 192.168.3.4]
06-03 15:32:55.313 W/ ( 0): [1 T1090 ..] [SP FRAME RX] arp rsp,vif_idx:0 sender:[c4:3d:1a:ea:21:62 192.168.3.142]receiver:[1c:79:2d:20:62:cb 192.168.3.4]
06-03 15:32:55.315 W/ ( 0): [1 T1090 ..] [SP FRAME RX] arp rsp,vif_idx:0 sender:[c4:3d:1a:ea:21:62 192.168.3.142]receiver:[1c:79:2d:20:62:cb 192.168.3.4]
06-03 15:32:55.316 W/ ( 0): [1 T1090 ..] [SP FRAME RX] arp rsp,vif_idx:0 sender:[b4:2f:03:16:18:c0 192.168.3.141]receiver:[1c:79:2d:20:62:cb 192.168.3.4]
06-03 15:32:55.318 W/ ( 0): [1 T1090 ..] [SP FRAME RX] arp rsp,vif_idx:0 sender:[c4:3d:1a:ea:21:62 192.168.3.142]receiver:[1c:79:2d:20:62:cb 192.168.3.4]
06-03 15:32:55.320 W/ ( 0): [1 T1090 ..] [SP FRAME RX] arp rsp,vif_idx:0 sender:[c4:3d:1a:ea:21:62 192.168.3.142]receiver:[1c:79:2d:20:62:cb 192.168.3.4]
06-03 15:32:55.321 W/ ( 0): [1 T1090 ..] [SP FRAME RX] arp rsp,vif_idx:0 sender:[28:7b:11:70:68:8f 192.168.3.143]receiver:[1c:79:2d:20:62:cb 192.168.3.4]
06-03 15:32:55.323 W/ ( 0): [1 T1090 ..] [SP FRAME RX] arp rsp,vif_idx:0 sender:[c4:3d:1a:ea:21:62 192.168.3.142]receiver:[1c:79:2d:20:62:cb 192.168.3.4]
06-03 15:32:55.324 W/ ( 0): [1 T1090 ..] [SP FRAME RX] arp rsp,vif_idx:0 sender:[50:eb:71:60:55:18 192.168.3.144]receiver:[1c:79:2d:20:62:cb 192.168.3.4]
06-03 15:32:55.326 W/ ( 0): [1 T1090 ..] [SP FRAME RX] arp rsp,vif_idx:0 sender:[42:b8:8f:60:49:b1 192.168.3.145]receiver:[1c:79:2d:20:62:cb 192.168.3.4]
06-03 15:32:55.327 W/ ( 0): [1 T1090 ..] [SP FRAME RX] arp req,vif_idx:0 sender:[16:8e:6e:17:dc:41 192.168.3.176]receiver:[00:00:00:00:00:00 192.168.3.4]
06-03 15:32:55.329 W/ ( 0): [1 T1090 ..] [SP FRAME TX] arp rsp,vif_idx:0 sender:[1c:79:2d:20:62:cb 192.168.3.4]receiver:[16:8e:6e:17:dc:41 192.168.3.176]
06-03 15:32:55.330 W/ ( 0): [1 T1090 ..] [SP FRAME RX] arp rsp,vif_idx:0 sender:[a6:b5:32:b5:93:dc 192.168.3.148]receiver:[1c:79:2d:20:62:cb 192.168.3.4]
06-03 15:32:55.332 W/ ( 0): [1 T1090 ..] [SP FRAME RX] arp rsp,vif_idx:0 sender:[52:4b:ae:fe:4e:2b 192.168.3.150]receiver:[1c:79:2d:20:62:cb 192.168.3.4]
06-03 15:32:55.334 W/ ( 0): [1 T1090 ..] [SP FRAME RX] arp rsp,vif_idx:0 sender:[c4:3d:1a:ea:21:62 192.168.3.142]receiver:[1c:79:2d:20:62:cb 192.168.3.4]
06-03 15:32:55.335 W/ ( 0): [1 T1090 ..] [SP FRAME RX] arp rsp,vif_idx:0 sender:[80:38:fb:64:b6:30 192.168.3.153]receiver:[1c:79:2d:20:62:cb 192.168.3.4]
06-03 15:32:55.336 W/ ( 0): [1 T1090 ..] [SP FRAME RX] arp rsp,vif_idx:0 sender:[4e:86:42:b2:61:af 192.168.3.154]receiver:[1c:79:2d:20:62:cb 192.168.3.4]
06-03 15:32:55.338 W/ ( 0): [1 T1090 ..] [SP FRAME RX] arp rsp,vif_idx:0 sender:[7e:4e:0f:66:15:58 192.168.3.155]receiver:[1c:79:2d:20:62:cb 192.168.3.4]
06-03 15:32:55.340 W/ ( 0): [1 T1090 ..] [SP FRAME RX] arp rsp,vif_idx:0 sender:[1c:79:2d:23:39:4b 192.168.3.156]receiver:[1c:79:2d:20:62:cb 192.168.3.4]
06-03 15:32:55.341 W/ ( 0): [1 T1090 ..] [SP FRAME RX] arp rsp,vif_idx:0 sender:[c4:3d:1a:ea:21:62 192.168.3.142]receiver:[1c:79:2d:20:62:cb 192.168.3.4]
06-03 15:32:55.343 W/ ( 0): [1 T1090 ..] [SP FRAME RX] arp rsp,vif_idx:0 sender:[1e:09:e1:3b:1d:3b 192.168.3.158]receiver:[1c:79:2d:20:62:cb 192.168.3.4]
06-03 15:32:55.344 W/ ( 0): [1 T1090 ..] [SP FRAME RX] arp rsp,vif_idx:0 sender:[98:bd:80:21:7e:4c 192.168.3.159]receiver:[1c:79:2d:20:62:cb 192.168.3.4]
06-03 15:32:55.346 W/ ( 0): [1 T1090 ..] [SP FRAME RX] arp rsp,vif_idx:0 sender:[e8:4a:54:20:3c:49 192.168.3.160]receiver:[1c:79:2d:20:62:cb 192.168.3.4]
06-03 15:32:55.347 W/ ( 0): [1 T1090 ..] [SP FRAME RX] arp rsp,vif_idx:0 sender:[c4:3d:1a:ea:21:62 192.168.3.142]receiver:[1c:79:2d:20:62:cb 192.168.3.4]
06-03 15:32:55.349 W/ ( 0): [1 T1090 ..] [SP FRAME RX] arp rsp,vif_idx:0 sender:[c4:3d:1a:ea:21:62 192.168.3.142]receiver:[1c:79:2d:20:62:cb 192.168.3.4]
06-03 15:32:55.350 W/ ( 0): [1 T1090 ..] [SP FRAME RX] arp rsp,vif_idx:0 sender:[b2:33:fc:c9:ef:d5 192.168.3.161]receiver:[1c:79:2d:20:62:cb 192.168.3.4]
06-03 15:32:55.352 W/ ( 0): [1 T1090 ..] [SP FRAME RX] arp rsp,vif_idx:0 sender:[c4:3d:1a:ea:21:62 192.168.3.142]receiver:[1c:79:2d:20:62:cb 192.168.3.4]
06-03 15:32:55.353 W/ ( 0): [1 T1090 ..] [SP FRAME RX] arp rsp,vif_idx:0 sender:[c4:3d:1a:ea:21:62 192.168.3.142]receiver:[1c:79:2d:20:62:cb 192.168.3.4]
06-03 15:32:55.355 W/ ( 0): [1 T1090 ..] [SP FRAME RX] arp rsp,vif_idx:0 sender:[82:d8:26:78:cd:e3 192.168.3.162]receiver:[1c:79:2d:20:62:cb 192.168.3.4]
06-03 15:32:55.356 W/ ( 0): [1 T1090 ..] [SP FRAME RX] arp rsp,vif_idx:0 sender:[c4:3d:1a:ea:21:62 192.168.3.142]receiver:[1c:79:2d:20:62:cb 192.168.3.4]
06-03 15:32:55.358 W/ ( 0): [1 T1090 ..] [SP FRAME RX] arp rsp,vif_idx:0 sender:[3e:40:2a:38:15:97 192.168.3.163]receiver:[1c:79:2d:20:62:cb 192.168.3.4]
06-03 15:32:55.360 W/ ( 0): [1 T1090 ..] [SP FRAME RX] arp rsp,vif_idx:0 sender:[c4:3d:1a:ea:21:62 192.168.3.142]receiver:[1c:79:2d:20:62:cb 192.168.3.4]
06-03 15:32:55.361 W/ ( 0): [1 T1090 ..] [SP FRAME RX] arp rsp,vif_idx:0 sender:[1c:c1:0c:b8:67:21 192.168.3.165]receiver:[1c:79:2d:20:62:cb 192.168.3.4]
06-03 15:32:55.363 W/ ( 0): [1 T1090 ..] [SP FRAME RX] arp rsp,vif_idx:0 sender:[c4:3d:1a:ea:21:62 192.168.3.142]receiver:[1c:79:2d:20:62:cb 192.168.3.4]
06-03 15:32:55.364 W/ ( 0): [1 T1090 ..] [SP FRAME RX] arp rsp,vif_idx:0 sender:[ea:e6:74:53:1a:30 192.168.3.167]receiver:[1c:79:2d:20:62:cb 192.168.3.4]
06-03 15:32:55.366 W/ ( 0): [1 T1090 ..] [SP FRAME RX] arp rsp,vif_idx:0 sender:[c4:3d:1a:ea:21:62 192.168.3.142]receiver:[1c:79:2d:20:62:cb 192.168.3.4]
06-03 15:32:55.367 W/ ( 0): [1 T1090 ..] [SP FRAME RX] arp rsp,vif_idx:0 sender:[c4:3d:1a:ea:21:62 192.168.3.142]receiver:[1c:79:2d:20:62:cb 192.168.3.4]
06-03 15:32:55.369 W/ ( 0): [1 T1090 ..] [SP FRAME RX] arp rsp,vif_idx:0 sender:[c4:3d:1a:ea:21:62 192.168.3.142]receiver:[1c:79:2d:20:62:cb 192.168.3.4]
06-03 15:32:55.370 W/ ( 0): [1 T1090 ..] [SP FRAME RX] arp rsp,vif_idx:0 sender:[fe:dd:69:2a:75:df 192.168.3.168]receiver:[1c:79:2d:20:62:cb 192.168.3.4]
06-03 15:32:55.372 W/ ( 0): [1 T1090 ..] [SP FRAME RX] arp rsp,vif_idx:0 sender:[1c:79:2d:20:62:83 192.168.3.169]receiver:[1c:79:2d:20:62:cb 192.168.3.4]
06-03 15:32:55.373 W/ ( 0): [1 T1090 ..] [SP FRAME RX] arp rsp,vif_idx:0 sender:[b0:dc:ef:37:9e:ed 192.168.3.170]receiver:[1c:79:2d:20:62:cb 192.168.3.4]
06-03 15:32:55.375 W/ ( 0): [1 T1090 ..] [SP FRAME RX] arp rsp,vif_idx:0 sender:[c4:3d:1a:ea:21:62 192.168.3.142]receiver:[1c:79:2d:20:62:cb 192.168.3.4]
06-03 15:32:55.376 W/ ( 0): [1 T1090 ..] [SP FRAME RX] arp rsp,vif_idx:0 sender:[c4:3d:1a:ea:21:62 192.168.3.142]receiver:[1c:79:2d:20:62:cb 192.168.3.4]
06-03 15:32:55.378 W/ ( 0): [1 T1090 ..] [SP FRAME RX] arp rsp,vif_idx:0 sender:[0c:91:60:12:cd:fc 192.168.3.171]receiver:[1c:79:2d:20:62:cb 192.168.3.4]
06-03 15:32:55.380 W/ ( 0): [1 T1090 ..] [SP FRAME RX] arp rsp,vif_idx:0 sender:[54:92:09:3f:ed:bb 192.168.3.172]receiver:[1c:79:2d:20:62:cb 192.168.3.4]
06-03 15:32:55.381 W/ ( 0): [1 T1090 ..] [SP FRAME RX] arp req,vif_idx:0 sender:[0c:91:60:12:cd:fc 192.168.3.171]receiver:[00:00:00:00:00:00 192.168.3.4]
06-03 15:32:55.383 W/ ( 0): [1 T1090 ..] [SP FRAME TX] arp rsp,vif_idx:0 sender:[1c:79:2d:20:62:cb 192.168.3.4]receiver:[0c:91:60:12:cd:fc 192.168.3.171]
06-03 15:32:55.384 W/ ( 0): [1 T1090 ..] [SP FRAME RX] arp rsp,vif_idx:0 sender:[c4:3d:1a:ea:21:62 192.168.3.142]receiver:[1c:79:2d:20:62:cb 192.168.3.4]
06-03 15:32:55.386 W/ ( 0): [1 T1090 ..] [SP FRAME RX] arp rsp,vif_idx:0 sender:[ca:0f:e5:bf:3b:95 192.168.3.173]receiver:[1c:79:2d:20:62:cb 192.168.3.4]
06-03 15:32:55.387 W/ ( 0): [1 T1090 ..] [SP FRAME RX] arp rsp,vif_idx:0 sender:[c4:3d:1a:ea:21:62 192.168.3.142]receiver:[1c:79:2d:20:62:cb 192.168.3.4]
06-03 15:32:55.389 W/ ( 0): [1 T1090 ..] [SP FRAME RX] arp rsp,vif_idx:0 sender:[c4:3d:1a:ea:21:62 192.168.3.142]receiver:[1c:79:2d:20:62:cb 192.168.3.4]
06-03 15:32:55.390 W/ ( 0): [1 T1090 ..] [SP FRAME RX] arp rsp,vif_idx:0 sender:[c4:3d:1a:ea:21:62 192.168.3.142]receiver:[1c:79:2d:20:62:cb 192.168.3.4]
06-03 15:32:55.392 W/ ( 0): [1 T1090 ..] [SP FRAME RX] arp rsp,vif_idx:0 sender:[c4:3d:1a:ea:21:62 192.168.3.142]receiver:[1c:79:2d:20:62:cb 192.168.3.4]
06-03 15:32:55.393 W/ ( 0): [1 T1090 ..] [SP FRAME RX] arp rsp,vif_idx:0 sender:[74:3a:f4:ec:bc:b5 192.168.3.174]receiver:[1c:79:2d:20:62:cb 192.168.3.4]
06-03 15:32:55.395 W/ ( 0): [1 T1090 ..] [SP FRAME RX] arp rsp,vif_idx:0 sender:[c4:3d:1a:ea:21:62 192.168.3.142]receiver:[1c:79:2d:20:62:cb 192.168.3.4]
06-03 15:32:55.396 W/ ( 0): [1 T1090 ..] [SP FRAME RX] arp rsp,vif_idx:0 sender:[2e:6a:3b:b3:ad:e6 192.168.3.175]receiver:[1c:79:2d:20:62:cb 192.168.3.4]
06-03 15:32:55.398 W/ ( 0): [1 T1090 ..] [SP FRAME RX] arp rsp,vif_idx:0 sender:[16:8e:6e:17:dc:41 192.168.3.176]receiver:[1c:79:2d:20:62:cb 192.168.3.4]
06-03 15:32:55.399 W/ ( 0): [1 T1090 ..] [SP FRAME RX] arp rsp,vif_idx:0 sender:[c4:3d:1a:ea:21:62 192.168.3.142]receiver:[1c:79:2d:20:62:cb 192.168.3.4]
06-03 15:32:55.401 W/ ( 0): [1 T1090 ..] [SP FRAME RX] arp rsp,vif_idx:0 sender:[c4:3d:1a:ea:21:62 192.168.3.142]receiver:[1c:79:2d:20:62:cb 192.168.3.4]
06-03 15:32:55.403 W/ ( 0): [1 T1090 ..] [SP FRAME RX] arp rsp,vif_idx:0 sender:[52:8f:53:43:96:99 192.168.3.177]receiver:[1c:79:2d:20:62:cb 192.168.3.4]
06-03 15:32:55.404 W/ ( 0): [1 T1090 ..] [SP FRAME RX] arp rsp,vif_idx:0 sender:[c4:3d:1a:ea:21:62 192.168.3.142]receiver:[1c:79:2d:20:62:cb 192.168.3.4]
06-03 15:32:55.406 W/ ( 0): [1 T1090 ..] [SP FRAME RX] arp rsp,vif_idx:0 sender:[c4:3d:1a:ea:21:62 192.168.3.142]receiver:[1c:79:2d:20:62:cb 192.168.3.4]
06-03 15:32:55.407 W/ ( 0): [1 T1090 ..] [SP FRAME RX] arp rsp,vif_idx:0 sender:[06:ec:75:2b:af:95 192.168.3.178]receiver:[1c:79:2d:20:62:cb 192.168.3.4]
06-03 15:32:55.409 W/ ( 0): [1 T1090 ..] [SP FRAME RX] arp rsp,vif_idx:0 sender:[c4:3d:1a:ea:21:62 192.168.3.142]receiver:[1c:79:2d:20:62:cb 192.168.3.4]
06-03 15:32:55.410 W/ ( 0): [1 T1090 ..] [SP FRAME RX] arp rsp,vif_idx:0 sender:[c4:3d:1a:ea:21:62 192.168.3.142]receiver:[1c:79:2d:20:62:cb 192.168.3.4]
06-03 15:32:55.412 W/ ( 0): [1 T1090 ..] [SP FRAME RX] arp rsp,vif_idx:0 sender:[c4:3d:1a:ea:21:62 192.168.3.142]receiver:[1c:79:2d:20:62:cb 192.168.3.4]
06-03 15:32:55.413 W/ ( 0): [1 T1090 ..] [SP FRAME RX] arp rsp,vif_idx:0 sender:[e6:6e:3e:02:16:7f 192.168.3.180]receiver:[1c:79:2d:20:62:cb 192.168.3.4]
06-03 15:32:55.415 W/ ( 0): [1 T1090 ..] [SP FRAME RX] arp rsp,vif_idx:0 sender:[c4:3d:1a:ea:21:62 192.168.3.142]receiver:[1c:79:2d:20:62:cb 192.168.3.4]
06-03 15:32:55.416 W/ ( 0): [1 T1090 ..] [SP FRAME RX] arp rsp,vif_idx:0 sender:[68:34:21:0a:65:7c 192.168.3.181]receiver:[1c:79:2d:20:62:cb 192.168.3.4]
06-03 15:32:55.418 W/ ( 0): [1 T1090 ..] [SP FRAME RX] arp rsp,vif_idx:0 sender:[4a:ed:2e:27:67:2f 192.168.3.182]receiver:[1c:79:2d:20:62:cb 192.168.3.4]
06-03 15:32:55.420 W/ ( 0): [1 T1090 ..] [SP FRAME RX] arp rsp,vif_idx:0 sender:[c4:3d:1a:ea:21:62 192.168.3.142]receiver:[1c:79:2d:20:62:cb 192.168.3.4]
06-03 15:32:55.421 W/ ( 0): [1 T1090 ..] [SP FRAME RX] arp rsp,vif_idx:0 sender:[1a:c7:63:a3:06:ca 192.168.3.184]receiver:[1c:79:2d:20:62:cb 192.168.3.4]
06-03 15:32:55.423 W/ ( 0): [1 T1090 ..] [SP FRAME RX] arp rsp,vif_idx:0 sender:[c4:3d:1a:ea:21:62 192.168.3.142]receiver:[1c:79:2d:20:62:cb 192.168.3.4]
06-03 15:32:55.424 W/ ( 0): [1 T1090 ..] [SP FRAME RX] arp rsp,vif_idx:0 sender:[c4:3d:1a:ea:21:62 192.168.3.142]receiver:[1c:79:2d:20:62:cb 192.168.3.4]
06-03 15:32:55.426 W/ ( 0): [1 T1090 ..] [SP FRAME RX] arp req,vif_idx:0 sender:[16:46:24:e0:db:a7 192.168.3.18]receiver:[00:00:00:00:00:00 192.168.3.4]
06-03 15:32:55.427 W/ ( 0): [1 T1090 ..] [SP FRAME TX] arp rsp,vif_idx:0 sender:[1c:79:2d:20:62:cb 192.168.3.4]receiver:[16:46:24:e0:db:a7 192.168.3.18]
06-03 15:32:55.429 W/ ( 0): [1 T1090 ..] [SP FRAME RX] arp rsp,vif_idx:0 sender:[c4:3d:1a:ea:21:62 192.168.3.142]receiver:[1c:79:2d:20:62:cb 192.168.3.4]
06-03 15:32:55.430 W/ ( 0): [1 T1090 ..] [SP FRAME RX] arp rsp,vif_idx:0 sender:[f4:d1:08:0f:dd:13 192.168.3.185]receiver:[1c:79:2d:20:62:cb 192.168.3.4]
06-03 15:32:55.432 W/ ( 0): [1 T1090 ..] [SP FRAME RX] arp rsp,vif_idx:0 sender:[52:7f:c8:01:a6:83 192.168.3.187]receiver:[1c:79:2d:20:62:cb 192.168.3.4]
06-03 15:32:55.433 W/ ( 0): [1 T1090 ..] [SP FRAME RX] arp rsp,vif_idx:0 sender:[c4:3d:1a:ea:21:62 192.168.3.142]receiver:[1c:79:2d:20:62:cb 192.168.3.4]
06-03 15:32:55.435 W/ ( 0): [1 T1090 ..] [SP FRAME RX] arp rsp,vif_idx:0 sender:[96:c4:6d:6e:38:33 192.168.3.188]receiver:[1c:79:2d:20:62:cb 192.168.3.4]
06-03 15:32:55.436 W/ ( 0): [1 T1090 ..] [SP FRAME RX] arp rsp,vif_idx:0 sender:[c4:3d:1a:ea:21:62 192.168.3.142]receiver:[1c:79:2d:20:62:cb 192.168.3.4]
06-03 15:32:55.426 D/HiSight-SinkService( 2115): setDiscoverable true
06-03 15:32:55.426 D/HiSight-Discovery( 2115): set deviceInfo type:46
06-03 15:32:55.426 D/HiSight-Discovery( 2115): startAdvertise 3
