06-03 15:32:44.404 D/ActivityManagerTiming( 736): OnBootPhase_1000_com.android.server.ondevicepersonalization.OnDevicePersonalizationSystemService$Lifecycle
06-03 15:32:44.404 V/ActivityManagerTiming( 736): OnBootPhase_1000_com.android.server.ondevicepersonalization.OnDevicePersonalizationSystemService$Lifecycle took to complete: 0ms
06-03 15:32:44.404 D/ActivityManagerTiming( 736): OnBootPhase_1000_com.android.server.autofill.AutofillManagerService
06-03 15:32:44.404 V/ActivityManagerTiming( 736): OnBootPhase_1000_com.android.server.autofill.AutofillManagerService took to complete: 0ms
06-03 15:32:44.404 D/ActivityManagerTiming( 736): OnBootPhase_1000_com.android.server.clipboard.ClipboardService
06-03 15:32:44.404 V/ActivityManagerTiming( 736): OnBootPhase_1000_com.android.server.clipboard.ClipboardService took to complete: 0ms
06-03 15:32:44.404 D/ActivityManagerTiming( 736): OnBootPhase_1000_com.android.server.appbinding.AppBindingService$Lifecycle
06-03 15:32:44.404 V/ActivityManagerTiming( 736): OnBootPhase_1000_com.android.server.appbinding.AppBindingService$Lifecycle took to complete: 0ms
06-03 15:32:44.404 D/ActivityManagerTiming( 736): OnBootPhase_1000_com.android.server.tracing.TracingServiceProxy
06-03 15:32:44.404 V/ActivityManagerTiming( 736): OnBootPhase_1000_com.android.server.tracing.TracingServiceProxy took to complete: 0ms
06-03 15:32:44.404 D/ActivityManagerTiming( 736): OnBootPhase_1000_com.android.server.policy.PermissionPolicyService
06-03 15:32:44.404 V/ActivityManagerTiming( 736): OnBootPhase_1000_com.android.server.policy.PermissionPolicyService took to complete: 0ms
06-03 15:32:44.404 D/ActivityManagerTiming( 736): OnBootPhase_1000_com.android.server.pm.StagingManager$Lifecycle
06-03 15:32:44.406 D/xm_audio( 478): adev_get_parameters
06-03 15:32:44.407 V/ActivityManagerTiming( 736): OnBootPhase_1000_com.android.server.pm.StagingManager$Lifecycle took to complete: 3ms
06-03 15:32:44.407 D/ActivityManagerTiming( 736): OnBootPhase_1000_com.android.server.app.GameManagerService$Lifecycle
06-03 15:32:44.407 I/HdmiControlService( 736): bootCompleted
06-03 15:32:44.407 D/GameManagerService( 736): onBootCompleted
06-03 15:32:44.418 I/[0 T435 ..] AidlLazyServiceRegistrar( 0): Process has 1 (of 1 available) client(s) in use after notification apexservice has clients: 1
06-03 15:32:44.418 I/[2 T436 ..] apexd( 0): markBootCompleted() received by ApexService
06-03 15:32:44.419 I/[0 T435 ..] AidlLazyServiceRegistrar( 0): Shutdown prevented by forcePersist override flag.
06-03 15:32:44.408 V/GameManagerService( 736): Game loading power mode OFF (game manager service start/restart)
06-03 15:32:44.408 I/libperfmgr( 489): Hint type not present in actions: GAME_LOADING
06-03 15:32:44.408 I/android.hardware.power-service.libperfmgr( 489): Power mode GAME_LOADING isModeSupported: 0
06-03 15:32:44.408 V/GameManagerService( 736): Game power mode OFF (game manager service start/restart)
06-03 15:32:44.409 I/libperfmgr( 489): Hint type not present in actions: GAME
06-03 15:32:44.409 I/android.hardware.power-service.libperfmgr( 489): Power mode GAME isModeSupported: 0
06-03 15:32:44.409 I/WifiHAL ( 512): found interface wlan0
06-03 15:32:44.409 D/WifiHAL ( 512): error code -95 mapped to -3
06-03 15:32:44.409 E/WifiHAL ( 512): failed to set scanning mac OUI; result = -3
06-03 15:32:44.409 V/ActivityManagerTiming( 736): OnBootPhase_1000_com.android.server.app.GameManagerService$Lifecycle took to complete: 2ms
06-03 15:32:44.409 D/ActivityManagerTiming( 736): OnBootPhase_1000_com.android.safetycenter.SafetyCenterService
06-03 15:32:44.409 V/ActivityManagerTiming( 736): OnBootPhase_1000_com.android.safetycenter.SafetyCenterService took to complete: 0ms
06-03 15:32:44.409 D/ActivityManagerTiming( 736): OnBootPhase_1000_com.android.server.appsearch.AppSearchModule$Lifecycle
06-03 15:32:44.410 E/WifiChipAidlImpl( 736): getUsableChannels failed with service-specific exception: android.os.ServiceSpecificException: (code 4)
06-03 15:32:44.410 V/ActivityManagerTiming( 736): OnBootPhase_1000_com.android.server.appsearch.AppSearchModule$Lifecycle took to complete: 0ms
06-03 15:32:44.410 D/ActivityManagerTiming( 736): OnBootPhase_1000_com.android.server.media.MediaCommunicationService
06-03 15:32:44.410 V/ActivityManagerTiming( 736): OnBootPhase_1000_com.android.server.media.MediaCommunicationService took to complete: 0ms
06-03 15:32:44.410 D/ActivityManagerTiming( 736): OnBootPhase_1000_com.android.server.compat.overrides.AppCompatOverridesService$Lifecycle
06-03 15:32:44.410 V/ActivityManagerTiming( 736): OnBootPhase_1000_com.android.server.compat.overrides.AppCompatOverridesService$Lifecycle took to complete: 0ms
06-03 15:32:44.410 D/ActivityManagerTiming( 736): OnBootPhase_1000_com.android.server.healthconnect.HealthConnectManagerService
06-03 15:32:44.410 V/ActivityManagerTiming( 736): OnBootPhase_1000_com.android.server.healthconnect.HealthConnectManagerService took to complete: 0ms
06-03 15:32:44.410 D/ActivityManagerTiming( 736): OnBootPhase_1000_com.android.server.devicelock.DeviceLockService
06-03 15:32:44.410 D/DeviceLockService( 736): onBootPhase: 1000
06-03 15:32:44.410 V/ActivityManagerTiming( 736): OnBootPhase_1000_com.android.server.devicelock.DeviceLockService took to complete: 0ms
06-03 15:32:44.410 V/ActivityManagerTiming( 736): OnBootPhase_1000 took to complete: 90ms
06-03 15:32:44.410 V/ActivityManagerTiming( 736): TotalBootTime took to complete: 11022ms
06-03 15:32:44.410 D/SystemServerInitThreadPool( 736): Shutdown requested
06-03 15:32:44.410 D/SystemServerTiming( 736): WaitInitThreadPoolShutdown
06-03 15:32:44.411 E/ApConfigUtil( 736): Malformed channel value detected: java.lang.NumberFormatException: For input string: ""
06-03 15:32:44.412 D/SystemServerInitThreadPool( 736): Shutdown successful
06-03 15:32:44.412 V/SystemServerTiming( 736): WaitInitThreadPoolShutdown took to complete: 2ms
06-03 15:32:44.412 I/WifiHAL ( 512): found interface wlan0
06-03 15:32:44.412 D/WifiHAL ( 512): error code -95 mapped to -3
06-03 15:32:44.412 E/WifiHAL ( 512): failed to set scanning mac OUI; result = -3
06-03 15:32:44.413 E/WifiChipAidlImpl( 736): getUsableChannels failed with service-specific exception: android.os.ServiceSpecificException: (code 4)
06-03 15:32:44.414 D/xm_audio( 478): adev_get_parameters
06-03 15:32:44.415 I/WifiHAL ( 512): found interface wlan0
06-03 15:32:44.415 D/WifiHAL ( 512): error code -95 mapped to -3
06-03 15:32:44.415 E/WifiHAL ( 512): failed to set scanning mac OUI; result = -3
06-03 15:32:44.416 E/WifiChipAidlImpl( 736): getUsableChannels failed with service-specific exception: android.os.ServiceSpecificException: (code 4)
06-03 15:32:44.416 D/xm_audio( 478): adev_get_parameters
06-03 15:32:44.417 E/ApConfigUtil( 736): Malformed channel value detected: java.lang.NumberFormatException: For input string: ""
06-03 15:32:44.419 I/ActivityManager( 736): User 0 state changed from BOOTING to RUNNING_LOCKED
06-03 15:32:44.420 I/WifiHAL ( 512): found interface wlan0
06-03 15:32:44.420 D/WifiHAL ( 512): error code -95 mapped to -3
06-03 15:32:44.420 E/WifiHAL ( 512): failed to set scanning mac OUI; result = -3
06-03 15:32:44.421 E/WifiChipAidlImpl( 736): getUsableChannels failed with service-specific exception: android.os.ServiceSpecificException: (code 4)
06-03 15:32:44.423 D/xm_audio( 478): adev_get_parameters
06-03 15:32:44.424 I/WifiHAL ( 512): found interface wlan0
06-03 15:32:44.424 D/WifiHAL ( 512): error code -95 mapped to -3
06-03 15:32:44.424 E/WifiHAL ( 512): failed to set scanning mac OUI; result = -3
06-03 15:32:44.426 I/LockSettingsService( 736): Unwrapping synthetic password for unsecured user 0
06-03 15:32:44.420 I/rainbow_flow( 612): type=1400 audit(0.0:693): avc: denied { ioctl } for path="/dev/spidev1.0" dev="tmpfs" ino=543 ioctlcmd=0x6b00 scontext=u:r:init:s0 tcontext=u:object_r:device:s0 tclass=chr_file permissive=1
06-03 15:32:44.428 E/WifiChipAidlImpl( 736): getUsableChannels failed with service-specific exception: android.os.ServiceSpecificException: (code 4)
06-03 15:32:44.430 E/ApConfigUtil( 736): Malformed channel value detected: java.lang.NumberFormatException: For input string: ""
06-03 15:32:44.431 I/WifiHAL ( 512): found interface wlan0
06-03 15:32:44.431 D/WifiHAL ( 512): error code -95 mapped to -3
06-03 15:32:44.431 E/WifiHAL ( 512): failed to set scanning mac OUI; result = -3
06-03 15:32:44.431 E/WifiChipAidlImpl( 736): getUsableChannels failed with service-specific exception: android.os.ServiceSpecificException: (code 4)
06-03 15:32:44.432 E/ApConfigUtil( 736): Malformed channel value detected: java.lang.NumberFormatException: For input string: ""
06-03 15:32:44.433 I/WifiHAL ( 512): found interface wlan0
06-03 15:32:44.433 D/WifiHAL ( 512): error code -95 mapped to -3
06-03 15:32:44.433 E/WifiHAL ( 512): failed to set scanning mac OUI; result = -3
06-03 15:32:44.433 E/WifiChipAidlImpl( 736): getUsableChannels failed with service-specific exception: android.os.ServiceSpecificException: (code 4)
06-03 15:32:44.434 E/ApConfigUtil( 736): Malformed channel value detected: java.lang.NumberFormatException: For input string: ""
06-03 15:32:44.434 D/WifiNetworkFactory( 736): got request NetworkRequest [ REQUEST id=22, [ Capabilities: INTERNET&NOT_RESTRICTED&TRUSTED&NOT_VCN_MANAGED Uid: 10052 RequestorUid: 10052 RequestorPkg: com.android.systemui UnderlyingNetworks: Null] ]
06-03 15:32:44.435 D/WifiConnectivityHelper( 736): Firmware supported feature set: 19d8108fa000019
06-03 15:32:44.435 D/WifiConnectivityHelper( 736): Firmware roaming is not supported
06-03 15:32:44.435 I/WifiHAL ( 512): call wifi_get_link_stats handler
06-03 15:32:44.435 I/WifiHAL ( 512): Creating message to get link statistics; iface = 16
06-03 15:32:44.435 D/WifiHAL ( 512): error code -95 mapped to -3
06-03 15:32:44.437 E/WifiStaIfaceAidlImpl( 736): getLinkLayerStats failed with service-specific exception: android.os.ServiceSpecificException: (code 4)
06-03 15:32:44.439 E/WifiScoringParams( 736): Invalid frequency(-1), using 5G as default rssi array
06-03 15:32:44.440 D/xm_audio( 478): adev_get_parameters
06-03 15:32:44.442 D/WifiNetworkFactory( 736): got request NetworkRequest [ REQUEST id=7, [ Capabilities: INTERNET&NOT_RESTRICTED&TRUSTED&NOT_VCN_MANAGED Uid: 1000 RequestorUid: 1000 RequestorPkg: android UnderlyingNetworks: Null] ]
06-03 15:32:44.442 D/WifiNetworkFactory( 736): got request NetworkRequest [ REQUEST id=31, [ Capabilities: INTERNET&NOT_RESTRICTED&TRUSTED&NOT_VCN_MANAGED Uid: 10052 RequestorUid: 10052 RequestorPkg: com.android.systemui UnderlyingNetworks: Null] ]
06-03 15:32:44.442 D/WifiNetworkFactory( 736): got request NetworkRequest [ REQUEST id=26, [ Capabilities: INTERNET&NOT_RESTRICTED&TRUSTED&NOT_VCN_MANAGED Uid: 10052 RequestorUid: 10052 RequestorPkg: com.android.systemui UnderlyingNetworks: Null] ]
06-03 15:32:44.442 D/WifiNetworkFactory( 736): got request NetworkRequest [ REQUEST id=16, [ Capabilities: INTERNET&NOT_RESTRICTED&TRUSTED&NOT_VCN_MANAGED Uid: 1073 RequestorUid: 1073 RequestorPkg: com.android.networkstack UnderlyingNetworks: Null] ]
06-03 15:32:44.443 D/WifiNetworkFactory( 736): got request NetworkRequest [ REQUEST id=1, [ Capabilities: INTERNET&NOT_RESTRICTED&TRUSTED&NOT_VPN&NOT_VCN_MANAGED RequestorUid: 1000 RequestorPkg: android UnderlyingNetworks: Null] ]
06-03 15:32:44.443 D/WifiNetworkFactory( 736): got request NetworkRequest [ REQUEST id=24, [ Capabilities: INTERNET&NOT_RESTRICTED&TRUSTED&NOT_VCN_MANAGED Uid: 10052 RequestorUid: 10052 RequestorPkg: com.android.systemui UnderlyingNetworks: Null] ]
06-03 15:32:44.443 D/WifiNetworkFactory( 736): got request NetworkRequest [ REQUEST id=14, [ Capabilities: INTERNET&NOT_RESTRICTED&TRUSTED&NOT_VCN_MANAGED Uid: 1000 RequestorUid: 1000 RequestorPkg: android UnderlyingNetworks: Null] ]
06-03 15:32:44.443 D/UntrustedWifiNetworkFactory( 736): got request NetworkRequest [ REQUEST id=22, [ Capabilities: INTERNET&NOT_RESTRICTED&TRUSTED&NOT_VCN_MANAGED Uid: 10052 RequestorUid: 10052 RequestorPkg: com.android.systemui UnderlyingNetworks: Null] ]
06-03 15:32:44.443 D/UntrustedWifiNetworkFactory( 736): got request NetworkRequest [ REQUEST id=7, [ Capabilities: INTERNET&NOT_RESTRICTED&TRUSTED&NOT_VCN_MANAGED Uid: 1000 RequestorUid: 1000 RequestorPkg: android UnderlyingNetworks: Null] ]
06-03 15:32:44.443 D/UntrustedWifiNetworkFactory( 736): got request NetworkRequest [ REQUEST id=31, [ Capabilities: INTERNET&NOT_RESTRICTED&TRUSTED&NOT_VCN_MANAGED Uid: 10052 RequestorUid: 10052 RequestorPkg: com.android.systemui UnderlyingNetworks: Null] ]
06-03 15:32:44.443 D/UntrustedWifiNetworkFactory( 736): got request NetworkRequest [ REQUEST id=26, [ Capabilities: INTERNET&NOT_RESTRICTED&TRUSTED&NOT_VCN_MANAGED Uid: 10052 RequestorUid: 10052 RequestorPkg: com.android.systemui UnderlyingNetworks: Null] ]
06-03 15:32:44.443 D/UntrustedWifiNetworkFactory( 736): got request NetworkRequest [ REQUEST id=16, [ Capabilities: INTERNET&NOT_RESTRICTED&TRUSTED&NOT_VCN_MANAGED Uid: 1073 RequestorUid: 1073 RequestorPkg: com.android.networkstack UnderlyingNetworks: Null] ]
06-03 15:32:44.443 D/UntrustedWifiNetworkFactory( 736): got request NetworkRequest [ REQUEST id=1, [ Capabilities: INTERNET&NOT_RESTRICTED&TRUSTED&NOT_VPN&NOT_VCN_MANAGED RequestorUid: 1000 RequestorPkg: android UnderlyingNetworks: Null] ]
06-03 15:32:44.443 D/UntrustedWifiNetworkFactory( 736): got request NetworkRequest [ REQUEST id=24, [ Capabilities: INTERNET&NOT_RESTRICTED&TRUSTED&NOT_VCN_MANAGED Uid: 10052 RequestorUid: 10052 RequestorPkg: com.android.systemui UnderlyingNetworks: Null] ]
06-03 15:32:44.443 D/UntrustedWifiNetworkFactory( 736): got request NetworkRequest [ REQUEST id=14, [ Capabilities: INTERNET&NOT_RESTRICTED&TRUSTED&NOT_VCN_MANAGED Uid: 1000 RequestorUid: 1000 RequestorPkg: android UnderlyingNetworks: Null] ]
06-03 15:32:44.443 D/OemPaidWifiNetworkFactory( 736): got request NetworkRequest [ REQUEST id=22, [ Capabilities: INTERNET&NOT_RESTRICTED&TRUSTED&NOT_VCN_MANAGED Uid: 10052 RequestorUid: 10052 RequestorPkg: com.android.systemui UnderlyingNetworks: Null] ]
06-03 15:32:44.443 D/OemPaidWifiNetworkFactory( 736): got request NetworkRequest [ REQUEST id=7, [ Capabilities: INTERNET&NOT_RESTRICTED&TRUSTED&NOT_VCN_MANAGED Uid: 1000 RequestorUid: 1000 RequestorPkg: android UnderlyingNetworks: Null] ]
06-03 15:32:44.443 D/OemPaidWifiNetworkFactory( 736): got request NetworkRequest [ REQUEST id=31, [ Capabilities: INTERNET&NOT_RESTRICTED&TRUSTED&NOT_VCN_MANAGED Uid: 10052 RequestorUid: 10052 RequestorPkg: com.android.systemui UnderlyingNetworks: Null] ]
06-03 15:32:44.443 D/OemPaidWifiNetworkFactory( 736): got request NetworkRequest [ REQUEST id=26, [ Capabilities: INTERNET&NOT_RESTRICTED&TRUSTED&NOT_VCN_MANAGED Uid: 10052 RequestorUid: 10052 RequestorPkg: com.android.systemui UnderlyingNetworks: Null] ]
06-03 15:32:44.444 D/OemPaidWifiNetworkFactory( 736): got request NetworkRequest [ REQUEST id=16, [ Capabilities: INTERNET&NOT_RESTRICTED&TRUSTED&NOT_VCN_MANAGED Uid: 1073 RequestorUid: 1073 RequestorPkg: com.android.networkstack UnderlyingNetworks: Null] ]
06-03 15:32:44.444 D/OemPaidWifiNetworkFactory( 736): got request NetworkRequest [ REQUEST id=1, [ Capabilities: INTERNET&NOT_RESTRICTED&TRUSTED&NOT_VPN&NOT_VCN_MANAGED RequestorUid: 1000 RequestorPkg: android UnderlyingNetworks: Null] ]
06-03 15:32:44.444 D/OemPaidWifiNetworkFactory( 736): got request NetworkRequest [ REQUEST id=24, [ Capabilities: INTERNET&NOT_RESTRICTED&TRUSTED&NOT_VCN_MANAGED Uid: 10052 RequestorUid: 10052 RequestorPkg: com.android.systemui UnderlyingNetworks: Null] ]
06-03 15:32:44.444 D/OemPaidWifiNetworkFactory( 736): got request NetworkRequest [ REQUEST id=14, [ Capabilities: INTERNET&NOT_RESTRICTED&TRUSTED&NOT_VCN_MANAGED Uid: 1000 RequestorUid: 1000 RequestorPkg: android UnderlyingNetworks: Null] ]
06-03 15:32:44.444 D/MultiInternetWifiNetworkFactory( 736): got request NetworkRequest [ REQUEST id=22, [ Capabilities: INTERNET&NOT_RESTRICTED&TRUSTED&NOT_VCN_MANAGED Uid: 10052 RequestorUid: 10052 RequestorPkg: com.android.systemui UnderlyingNetworks: Null] ]
06-03 15:32:44.444 D/MultiInternetWifiNetworkFactory( 736): got request NetworkRequest [ REQUEST id=7, [ Capabilities: INTERNET&NOT_RESTRICTED&TRUSTED&NOT_VCN_MANAGED Uid: 1000 RequestorUid: 1000 RequestorPkg: android UnderlyingNetworks: Null] ]
06-03 15:32:44.444 D/MultiInternetWifiNetworkFactory( 736): got request NetworkRequest [ REQUEST id=31, [ Capabilities: INTERNET&NOT_RESTRICTED&TRUSTED&NOT_VCN_MANAGED Uid: 10052 RequestorUid: 10052 RequestorPkg: com.android.systemui UnderlyingNetworks: Null] ]
06-03 15:32:44.444 D/MultiInternetWifiNetworkFactory( 736): got request NetworkRequest [ REQUEST id=26, [ Capabilities: INTERNET&NOT_RESTRICTED&TRUSTED&NOT_VCN_MANAGED Uid: 10052 RequestorUid: 10052 RequestorPkg: com.android.systemui UnderlyingNetworks: Null] ]
06-03 15:32:44.444 D/MultiInternetWifiNetworkFactory( 736): got request NetworkRequest [ REQUEST id=16, [ Capabilities: INTERNET&NOT_RESTRICTED&TRUSTED&NOT_VCN_MANAGED Uid: 1073 RequestorUid: 1073 RequestorPkg: com.android.networkstack UnderlyingNetworks: Null] ]
06-03 15:32:44.445 D/MultiInternetWifiNetworkFactory( 736): got request NetworkRequest [ REQUEST id=1, [ Capabilities: INTERNET&NOT_RESTRICTED&TRUSTED&NOT_VPN&NOT_VCN_MANAGED RequestorUid: 1000 RequestorPkg: android UnderlyingNetworks: Null] ]
06-03 15:32:44.445 D/MultiInternetWifiNetworkFactory( 736): got request NetworkRequest [ REQUEST id=24, [ Capabilities: INTERNET&NOT_RESTRICTED&TRUSTED&NOT_VCN_MANAGED Uid: 10052 RequestorUid: 10052 RequestorPkg: com.android.systemui UnderlyingNetworks: Null] ]
06-03 15:32:44.445 D/MultiInternetWifiNetworkFactory( 736): got request NetworkRequest [ REQUEST id=14, [ Capabilities: INTERNET&NOT_RESTRICTED&TRUSTED&NOT_VCN_MANAGED Uid: 1000 RequestorUid: 1000 RequestorPkg: android UnderlyingNetworks: Null] ]
06-03 15:32:44.449 D/vold ( 251): fscrypt_unlock_user_key 0 serial=0
06-03 15:32:44.449 D/vold ( 251): Trying user CE key /data/misc/vold/user_keys/ce/0/current
06-03 15:32:44.451 D/vold ( 251): Successfully retrieved key
06-03 15:32:44.451 D/vold ( 251): Installed fscrypt key with ref 5f53fc4afa3bc809bec6a4edc70dfe56 to /data
06-03 15:32:44.451 D/vold ( 251): Added fscrypt-provisioning key for 5f53fc4afa3bc809bec6a4edc70dfe56 to session keyring
06-03 15:32:44.451 D/vold ( 251): Installed ce key for user 0
06-03 15:32:44.454 I/LockSettingsService( 736): Unlocked CE storage for unsecured user 0
06-03 15:32:44.454 D/WifiConfigStore( 736): Writing to stores completed in 5 ms.
06-03 15:32:44.454 D/SystemServerTiming( 736): finishUserUnlocking-0
06-03 15:32:44.454 D/ActivityManager( 736): Started unlocking user 0
06-03 15:32:44.454 D/ActivityManager( 736): Unlocking user 0 progress 0
06-03 15:32:44.454 D/ActivityManager( 736): Unlocking user 0 progress 5
06-03 15:32:44.455 V/SystemServerTiming( 736): finishUserUnlocking-0 took to complete: 1ms
06-03 15:32:44.455 D/SystemServerTiming( 736): UM.onBeforeUnlockUser-0
06-03 15:32:44.455 D/SystemServerTiming( 736): prepareUserData-0
06-03 15:32:44.456 D/vold ( 251): fscrypt_prepare_user_storage for volume null, user 0, serial 0, flags 2
06-03 15:32:44.456 D/vold ( 251): Preparing: /data/system_ce/0
06-03 15:32:44.457 I/vold ( 251): Verified that /data/system_ce/0 has the encryption policy 5f53fc4afa3bc809bec6a4edc70dfe56 v2 modes 1/4 flags 0xa
06-03 15:32:44.457 D/vold ( 251): Preparing: /data/vendor_ce/0
06-03 15:32:44.458 I/vold ( 251): Verified that /data/vendor_ce/0 has the encryption policy 5f53fc4afa3bc809bec6a4edc70dfe56 v2 modes 1/4 flags 0xa
06-03 15:32:44.458 D/vold ( 251): Preparing: /data/media/0
06-03 15:32:44.460 V/ActivityManagerTiming( 736): FinishBooting took to complete: 149ms
06-03 15:32:44.460 I/vold ( 251): Verified that /data/media/0 has the encryption policy 5f53fc4afa3bc809bec6a4edc70dfe56 v2 modes 1/4 flags 0xa
06-03 15:32:44.460 V/WindowManager( 736): app ------------- force_land :0
06-03 15:32:44.460 D/WifiConfigStore( 736): Writing to stores completed in 5 ms.
06-03 15:32:44.460 D/vold ( 251): Preparing: /data/misc_ce/0
06-03 15:32:44.461 I/vold ( 251): Verified that /data/misc_ce/0 has the encryption policy 5f53fc4afa3bc809bec6a4edc70dfe56 v2 modes 1/4 flags 0xa
06-03 15:32:44.461 D/vold ( 251): Preparing: /data/user/0
06-03 15:32:44.461 V/WindowManager( 736): app ------------- force_land :0
06-03 15:32:44.462 I/vold ( 251): Verified that /data/user/0 has the encryption policy 5f53fc4afa3bc809bec6a4edc70dfe56 v2 modes 1/4 flags 0xa
06-03 15:32:44.462 D/vold ( 251): Starting restorecon of /data/system_ce/0
06-03 15:32:44.463 D/ColorDisplayService( 736): setUp: currentUser=0
06-03 15:32:44.465 D/xm_audio( 478): adev_get_parameters
06-03 15:32:44.479 I/[2 T1399 ..] selinux( 0): SELinux: Skipping restorecon on directory(/data/system_ce/0)
06-03 15:32:44.468 D/vold ( 251): Finished restorecon of /data/system_ce/0
06-03 15:32:44.468 D/vold ( 251): Starting restorecon of /data/vendor_ce/0
06-03 15:32:44.468 D/xm_audio( 478): adev_get_parameters
06-03 15:32:44.472 D/InstantWifi( 736): Drop, size: 0
06-03 15:32:44.472 I/ActivityManager( 736): com.android.devicelockcontroller is exempt from freezer
06-03 15:32:44.472 D/CompatibilityChangeReporter( 736): Compat change id reported: 135634846; UID 10055; state: DISABLED
06-03 15:32:44.473 D/CompatibilityChangeReporter( 736): Compat change id reported: 177438394; UID 10055; state: DISABLED
06-03 15:32:44.473 D/CompatibilityChangeReporter( 736): Compat change id reported: 135772972; UID 10055; state: DISABLED
06-03 15:32:44.473 D/CompatibilityChangeReporter( 736): Compat change id reported: 135754954; UID 10055; state: ENABLED
06-03 15:32:44.473 D/vold ( 251): Finished restorecon of /data/vendor_ce/0
06-03 15:32:44.473 D/vold ( 251): Starting restorecon of /data/misc_ce/0
06-03 15:32:44.474 D/CompatibilityChangeReporter( 736): Compat change id reported: 143937733; UID 10055; state: ENABLED
06-03 15:32:44.485 I/[3 T1400 ..] selinux( 0): SELinux: Skipping restorecon on directory(/data/vendor_ce/0)
06-03 15:32:44.485 W/ ( 0): [1 T646 ..] [aml_cfg80211_scan 1812] n_channels:26,iftype:2
06-03 15:32:44.486 W/ ( 0): [1 T646 ..] [aml_send_scanu_req 2532] vif:0
06-03 15:32:44.486 W/ ( 0): [1 T646 ..] [aml_send_scanu_req 2563] len:13 ssid:DB-machines5G
06-03 15:32:44.487 W/ ( 0): [1 T646 ..] >>> aml_send_msg()
06-03 15:32:44.488 I/[0 T1400 ..] selinux( 0): SELinux: Skipping restorecon on directory(/data/misc_ce/0)
06-03 15:32:44.476 I/Zygote ( 467): Entering forkRepeatedly native zygote loop
06-03 15:32:44.478 D/xm_audio( 478): adev_get_parameters
06-03 15:32:44.490 W/ ( 0): [2 T1089 ..] ipc_sdio_host_msgack_handler 000000006fefd013
06-03 15:32:44.490 W/ ( 0): [2 T1089 ..] [aml_msgackind 2038] msg ack hostid=0xffffff801dbf6400
06-03 15:32:44.491 W/ ( 0): [2 T1089 ..] [cmd_mgr_llind 329] cmd tkn[21] flags:0008 result: -4 cmd:4096-SCANU_START_REQ - reqcfm( 0-none)
06-03 15:32:44.480 D/xm_audio( 478): adev_get_parameters
06-03 15:32:44.493 W/ ( 0): [2 T1089 ..] [cmd_complete 65] cmd tkn[21] flags:0000 result: -4 cmd:4096-SCANU_START_REQ - reqcfm( 0-none)
06-03 15:32:44.480 D/vold ( 251): Finished restorecon of /data/misc_ce/0
06-03 15:32:44.480 D/vold ( 251): /system/bin/vold_prepare_subdirs
06-03 15:32:44.480 D/vold ( 251): prepare
06-03 15:32:44.480 D/vold ( 251):
06-03 15:32:44.480 D/vold ( 251): 0
06-03 15:32:44.480 D/vold ( 251): 2
06-03 15:32:44.485 D/xm_audio( 478): adev_get_parameters
06-03 15:32:44.489 D/xm_audio( 478): adev_get_parameters
06-03 15:32:44.495 D/xm_audio( 478): adev_get_parameters
06-03 15:32:44.496 D/xm_audio( 478): adev_get_parameters
06-03 15:32:44.497 D/Zygote ( 467): Forked child process 1403
06-03 15:32:44.498 I/ActivityManager( 736): Start proc 1403:com.android.devicelockcontroller/u0a55 for broadcast {com.android.devicelockcontroller/com.android.devicelockcontroller.receivers.LockedBootCompletedReceiver}
06-03 15:32:44.502 D/xm_audio( 478): adev_get_parameters
06-03 15:32:44.504 D/xm_audio( 478): adev_get_parameters
06-03 15:32:44.515 E/ ( 0): [3 T164 ..] can't find node dmabuf_manage's config:secure_vdec_def_size_bytes
06-03 15:32:44.515 E/ ( 0): [3 T164 ..] set config failed dmabuf_manage.secure_vdec_def_size_bytes=16777216
06-03 15:32:44.504 I/Zygote ( 1403): seccomp disabled by setenforce 0
06-03 15:32:44.508 D/xm_audio( 478): adev_get_parameters
06-03 15:32:44.509 D/xm_audio( 478): adev_get_parameters
06-03 15:32:44.511 I/elockcontroller( 1403): Using CollectorTypeCC GC.
06-03 15:32:44.515 D/vold_prepare_subdirs( 1401): Setting up mode 771 uid 1000 gid 1000 context u:object_r:system_data_file:s0:c512,c768 on path: /data/user/0
06-03 15:32:44.517 D/vold_prepare_subdirs( 1401): Setting up mode 771 uid 1000 gid 1000 context u:object_r:sdk_sandbox_system_data_file:s0:c512,c768 on path: /data/misc_ce/0/sdksandbox
06-03 15:32:44.517 E/elockcontroller( 1403): Not starting debugger since process cannot load the jdwp agent.
06-03 15:32:44.518 D/vold_prepare_subdirs( 1401): Setting up mode 700 uid 0 gid 0 context u:object_r:vold_data_file:s0 on path: /data/misc_ce/0/vold
06-03 15:32:44.524 D/xm_audio( 478): adev_get_parameters
06-03 15:32:44.525 D/xm_audio( 478): adev_get_parameters
06-03 15:32:44.528 D/CompatibilityChangeReporter( 736): Compat change id reported: 168419799; UID 10055; state: DISABLED
06-03 15:32:44.529 D/CompatibilityChangeReporter( 736): Compat change id reported: 273564678; UID 10055; state: DISABLED
06-03 15:32:44.531 D/vold_prepare_subdirs( 1401): Setting up mode 700 uid 0 gid 0 context u:object_r:storaged_data_file:s0 on path: /data/misc_ce/0/storaged
06-03 15:32:44.532 D/CompatibilityChangeReporter( 736): Compat change id reported: 265195908; UID 10055; state: ENABLED
06-03 15:32:44.533 D/vold_prepare_subdirs( 1401): Setting up mode 700 uid 0 gid 0 context u:object_r:rollback_data_file:s0 on path: /data/misc_ce/0/rollback
06-03 15:32:44.534 D/xm_audio( 478): adev_get_parameters
06-03 15:32:44.534 D/vold_prepare_subdirs( 1401): Setting up mode 700 uid 0 gid 0 context u:object_r:apex_rollback_data_file:s0 on path: /data/misc_ce/0/apexrollback
06-03 15:32:44.535 D/xm_audio( 478): adev_get_parameters
06-03 15:32:44.535 D/vold_prepare_subdirs( 1401): Setting up mode 711 uid 0 gid 0 context u:object_r:apex_module_data_file:s0 on path: /data/misc_ce/0/apexdata
06-03 15:32:44.537 D/vold_prepare_subdirs( 1401): Setting up mode 771 uid 0 gid 1000 context u:object_r:apex_module_data_file:s0 on path: /data/misc_ce/0/apexdata/com.android.tethering
06-03 15:32:44.538 D/vold_prepare_subdirs( 1401): Setting up mode 771 uid 0 gid 1000 context u:object_r:apex_system_server_data_file:s0 on path: /data/misc_ce/0/apexdata/com.android.permission
06-03 15:32:44.538 D/xm_audio( 478): adev_get_parameters
06-03 15:32:44.539 D/vold_prepare_subdirs( 1401): Setting up mode 771 uid 0 gid 1000 context u:object_r:apex_module_data_file:s0 on path: /data/misc_ce/0/apexdata/com.android.scheduling
06-03 15:32:44.539 D/xm_audio( 478): adev_get_parameters
06-03 15:32:44.540 I/libperfmgr( 489): Hint type not present in actions: DISPLAY_UPDATE_IMMINENT
06-03 15:32:44.540 I/android.hardware.power-service.libperfmgr( 489): Power boost DISPLAY_UPDATE_IMMINENT isBoostSupported: 0
06-03 15:32:44.542 D/vold_prepare_subdirs( 1401): Setting up mode 771 uid 0 gid 1000 context u:object_r:apex_module_data_file:s0 on path: /data/misc_ce/0/apexdata/com.android.media.swcodec
06-03 15:32:44.543 D/xm_audio( 478): adev_get_parameters
06-03 15:32:44.543 D/vold_prepare_subdirs( 1401): Setting up mode 771 uid 0 gid 1000 context u:object_r:apex_module_data_file:s0 on path: /data/misc_ce/0/apexdata/com.android.ondevicepersonalization
06-03 15:32:44.544 D/CompatibilityChangeReporter( 1403): Compat change id reported: 171979766; UID 10055; state: ENABLED
06-03 15:32:44.544 D/CompatibilityChangeReporter( 1403): Compat change id reported: 242716250; UID 10055; state: ENABLED
06-03 15:32:44.545 D/vold_prepare_subdirs( 1401): Setting up mode 771 uid 0 gid 1000 context u:object_r:apex_module_data_file:s0 on path: /data/misc_ce/0/apexdata/com.android.extservices
06-03 15:32:44.545 D/xm_audio( 478): adev_get_parameters
06-03 15:32:44.546 D/vold_prepare_subdirs( 1401): Setting up mode 771 uid 0 gid 1000 context u:object_r:apex_module_data_file:s0 on path: /data/misc_ce/0/apexdata/com.android.neuralnetworks
06-03 15:32:44.548 W/AdbDebuggingManager( 736): Read failed with count -1
06-03 15:32:44.548 E/AdbDebuggingManager( 736): Caught an exception opening the socket: java.io.IOException: Connection refused
06-03 15:32:44.549 D/CompatibilityChangeReporter( 736): Compat change id reported: 170503758; UID 10055; state: ENABLED
06-03 15:32:44.550 D/vold_prepare_subdirs( 1401): Setting up mode 771 uid 0 gid 1000 context u:object_r:apex_module_data_file:s0 on path: /data/misc_ce/0/apexdata/com.android.resolv
06-03 15:32:44.550 D/xm_audio( 478): adev_get_parameters
06-03 15:32:44.551 D/vold_prepare_subdirs( 1401): Setting up mode 771 uid 0 gid 1000 context u:object_r:apex_module_data_file:s0 on path: /data/misc_ce/0/apexdata/com.android.mediaprovider
06-03 15:32:44.551 D/xm_audio( 478): adev_get_parameters
06-03 15:32:44.553 D/vold_prepare_subdirs( 1401): Setting up mode 771 uid 0 gid 1000 context u:object_r:apex_system_server_data_file:s0 on path: /data/misc_ce/0/apexdata/com.android.uwb
06-03 15:32:44.555 D/vold_prepare_subdirs( 1401): Setting up mode 771 uid 0 gid 1000 context u:object_r:apex_module_data_file:s0 on path: /data/misc_ce/0/apexdata/com.android.configinfrastructure
06-03 15:32:44.555 D/nativeloader( 1403): Configuring clns-shared-4 for other apk /system/framework/org.apache.http.legacy.jar. target_sdk_version=34, uses_libraries=ALL, library_path=/apex/com.android.devicelock/priv-app/DeviceLockController@UD2A.240505.001.W1/lib/arm:/system/lib:/system_ext/lib, permitted_path=/data:/mnt/expand:/data/user/0/com.android.devicelockcontroller:/apex/com.android.devicelock/priv-app/DeviceLockController@UD2A.240505.001.W1:/system/lib:/system_ext/lib
06-03 15:32:44.557 D/vold_prepare_subdirs( 1401): Setting up mode 771 uid 0 gid 1000 context u:object_r:apex_module_data_file:s0 on path: /data/misc_ce/0/apexdata/com.android.ipsec
06-03 15:32:44.559 D/vold_prepare_subdirs( 1401): Setting up mode 771 uid 0 gid 1000 context u:object_r:apex_system_server_data_file:s0 on path: /data/misc_ce/0/apexdata/com.android.wifi
06-03 15:32:44.560 D/CompatibilityChangeReporter( 736): Compat change id reported: 214016041; UID 1000; state: DISABLED
06-03 15:32:44.561 D/CompatibilityChangeReporter( 736): Compat change id reported: 214016041; UID 1000; state: ENABLED
06-03 15:32:44.561 D/vold_prepare_subdirs( 1401): Setting up mode 771 uid 0 gid 1000 context u:object_r:apex_module_data_file:s0 on path: /data/misc_ce/0/apexdata/com.android.adbd
06-03 15:32:44.562 D/vold_prepare_subdirs( 1401): Setting up mode 771 uid 0 gid 1000 context u:object_r:apex_module_data_file:s0 on path: /data/misc_ce/0/apexdata/com.android.conscrypt
06-03 15:32:44.563 I/ImeTracker( 736): com.android.tv.settings:a456318d: onRequestHide at ORIGIN_SERVER_HIDE_INPUT reason HIDE_UNSPECIFIED_WINDOW
06-03 15:32:44.563 I/ImeTracker( 736): com.android.tv.settings:a456318d: onCancelled at PHASE_SERVER_SHOULD_HIDE
06-03 15:32:44.564 D/vold_prepare_subdirs( 1401): Setting up mode 771 uid 0 gid 1000 context u:object_r:apex_module_data_file:s0 on path: /data/misc_ce/0/apexdata/com.android.art
06-03 15:32:44.566 D/vold_prepare_subdirs( 1401): Setting up mode 771 uid 0 gid 1000 context u:object_r:apex_module_data_file:s0 on path: /data/misc_ce/0/apexdata/com.android.adservices
06-03 15:32:44.568 D/vold_prepare_subdirs( 1401): Setting up mode 771 uid 0 gid 1000 context u:object_r:apex_system_server_data_file:s0 on path: /data/misc_ce/0/apexdata/com.android.appsearch
06-03 15:32:44.568 D/xm_audio( 478): adev_get_parameters
06-03 15:32:44.569 D/vold_prepare_subdirs( 1401): Setting up mode 771 uid 0 gid 1000 context u:object_r:apex_module_data_file:s0 on path: /data/misc_ce/0/apexdata/com.android.media
06-03 15:32:44.570 D/xm_audio( 478): adev_get_parameters
06-03 15:32:44.573 D/CompatibilityChangeReporter( 736): Compat change id reported: 135634846; UID 10040; state: DISABLED
06-03 15:32:44.574 D/CompatibilityChangeReporter( 736): Compat change id reported: 143937733; UID 10040; state: DISABLED
06-03 15:32:44.575 D/vold_prepare_subdirs( 1401): Setting up mode 771 uid 0 gid 1000 context u:object_r:apex_module_data_file:s0 on path: /data/misc_ce/0/apexdata/com.google.android.widevine
06-03 15:32:44.577 D/xm_audio( 478): adev_get_parameters
06-03 15:32:44.577 D/vold_prepare_subdirs( 1401): Setting up mode 771 uid 0 gid 1000 context u:object_r:apex_module_data_file:s0 on path: /data/misc_ce/0/apexdata/com.android.sdkext
06-03 15:32:44.578 D/vold_prepare_subdirs( 1401): Setting up mode 771 uid 0 gid 1000 context u:object_r:apex_module_data_file:s0 on path: /data/misc_ce/0/apexdata/com.android.os.statsd
06-03 15:32:44.579 D/xm_audio( 478): adev_get_parameters
06-03 15:32:44.580 D/vold_prepare_subdirs( 1401): Setting up mode 771 uid 0 gid 1000 context u:object_r:apex_module_data_file:s0 on path: /data/misc_ce/0/apexdata/com.android.rkpd
06-03 15:32:44.583 D/vold_prepare_subdirs( 1401): Setting up mode 771 uid 0 gid 1000 context u:object_r:apex_module_data_file:s0 on path: /data/misc_ce/0/apexdata/com.android.btservices
06-03 15:32:44.585 D/xm_audio( 478): adev_get_parameters
06-03 15:32:44.586 D/nativeloader( 1403): Configuring clns-shared-5 for other apk /apex/com.android.devicelock/priv-app/DeviceLockController@UD2A.240505.001.W1/DeviceLockController.apk. target_sdk_version=34, uses_libraries=, library_path=/apex/com.android.devicelock/priv-app/DeviceLockController@UD2A.240505.001.W1/lib/arm:/system/lib:/system_ext/lib, permitted_path=/data:/mnt/expand:/data/user/0/com.android.devicelockcontroller:/apex/com.android.devicelock/priv-app/DeviceLockController@UD2A.240505.001.W1:/system/lib:/system_ext/lib
06-03 15:32:44.586 D/xm_audio( 478): adev_get_parameters
06-03 15:32:44.587 D/vold_prepare_subdirs( 1401): Setting up mode 771 uid 0 gid 1000 context u:object_r:apex_module_data_file:s0 on path: /data/misc_ce/0/apexdata/com.android.virt
06-03 15:32:44.588 D/nativeloader( 1403): InitApexLibraries:
06-03 15:32:44.588 D/nativeloader( 1403): com_android_adservices: libhpke_jni.so:libtflite_support_classifiers_native.so
06-03 15:32:44.588 D/nativeloader( 1403): com_android_appsearch: libicing.so
06-03 15:32:44.588 D/nativeloader( 1403): com_android_art: libartservice.so
06-03 15:32:44.588 D/nativeloader( 1403): com_android_btservices: libbluetooth_jni.so
06-03 15:32:44.588 D/nativeloader( 1403): com_android_conscrypt: libjavacrypto.so
06-03 15:32:44.588 D/nativeloader( 1403): com_android_extservices: libhpke_jni.so:libtflite_support_classifiers_native.so
06-03 15:32:44.588 D/nativeloader( 1403): com_android_os_statsd: libstats_jni.so
06-03 15:32:44.588 D/nativeloader( 1403): com_android_tethering: libandroid_net_connectivity_com_android_net_module_util_jni.so:libcronet.114.0.5735.84.so:libframework-connectivity-jni.so:libframework-connectivity-tiramisu-jni.so:libservice-connectivity.so
06-03 15:32:44.588 D/nativeloader( 1403): com_android_uwb: libuwb_uci_jni_rust.so
06-03 15:32:44.588 D/nativeloader( 1403): com_android_virt: libvirtualizationservice_jni.so:libvirtualmachine_jni.so
06-03 15:32:44.589 I/vol.Events( 945): writeEvent level_changed STREAM_MUSIC 20
06-03 15:32:44.591 D/vold_prepare_subdirs( 1401): Setting up mode 771 uid 0 gid 1000 context u:object_r:apex_module_data_file:s0 on path: /data/misc_ce/0/apexdata/com.android.devicelock
06-03 15:32:44.593 D/vold_prepare_subdirs( 1401): Setting up mode 771 uid 0 gid 1000 context u:object_r:apex_module_data_file:s0 on path: /data/misc_ce/0/apexdata/com.android.healthfitness
06-03 15:32:44.600 D/Zygote ( 467): Forked child process 1421
06-03 15:32:44.600 D/vold_prepare_subdirs( 1401): Setting up mode 771 uid 0 gid 1000 context u:object_r:apex_module_data_file:s0 on path: /data/misc_ce/0/apexdata/com.amlogic.mediaextractor
06-03 15:32:44.602 I/ActivityManager( 736): Start proc 1421:com.sohu.inputmethod.sogou.tv/u0a40 for service {com.sohu.inputmethod.sogou.tv/com.sohu.inputmethod.sogou.tv.SogouIME}
06-03 15:32:44.603 D/vold_prepare_subdirs( 1401): Setting up mode 771 uid 0 gid 1000 context u:object_r:apex_module_data_file:s0 on path: /data/misc_ce/0/apexdata/com.android.apex.cts.shim
06-03 15:32:44.592 I/rainbow_flow( 612): type=1400 audit(0.0:694): avc: denied { ioctl } for path="/dev/spidev1.0" dev="tmpfs" ino=543 ioctlcmd=0x6b00 scontext=u:r:init:s0 tcontext=u:object_r:device:s0 tclass=chr_file permissive=1
06-03 15:32:44.606 D/vold_prepare_subdirs( 1401): Setting up mode 771 uid 0 gid 1000 context u:object_r:apex_module_data_file:s0 on path: /data/misc_ce/0/apexdata/com.android.i18n
06-03 15:32:44.608 D/xm_audio( 478): adev_get_parameters
06-03 15:32:44.610 D/vold_prepare_subdirs( 1401): Setting up mode 771 uid 0 gid 1000 context u:object_r:apex_module_data_file:s0 on path: /data/misc_ce/0/apexdata/com.android.runtime
06-03 15:32:44.612 D/vold_prepare_subdirs( 1401): Setting up mode 771 uid 0 gid 1000 context u:object_r:apex_module_data_file:s0 on path: /data/misc_ce/0/apexdata/com.android.vndk.v34
06-03 15:32:44.613 I/Zygote ( 1421): seccomp disabled by setenforce 0
06-03 15:32:44.613 D/xm_audio( 478): adev_get_parameters
06-03 15:32:44.616 I/bootstat( 1418): Service started: /system/bin/bootstat --record_boot_complete --record_boot_reason --record_time_since_factory_reset -l
06-03 15:32:44.619 D/xm_audio( 478): adev_get_parameters
06-03 15:32:44.621 D/xm_audio( 478): adev_get_parameters
06-03 15:32:44.621 I/method.sogou.tv( 1421): Using CollectorTypeCC GC.
06-03 15:32:44.624 W/bootstat( 1418): LogBootEvents, atomInfo not defined for events:last_boot_time_utc,build_date,ro.boottime.init.cold_boot_wait,boot_reason,system_boot_reason,time_since_last_boot
06-03 15:32:44.624 D/vold_prepare_subdirs( 1401): Setting up mode 771 uid 0 gid 1000 context u:object_r:apex_module_data_file:s0 on path: /data/misc_ce/0/apexdata/com.android.tzdata
06-03 15:32:44.627 D/xm_audio( 478): adev_get_parameters
06-03 15:32:44.630 D/xm_audio( 478): adev_get_parameters
06-03 15:32:44.630 D/vold_prepare_subdirs( 1401): Setting up mode 771 uid 0 gid 1000 context u:object_r:apex_module_data_file:s0 on path: /data/misc_ce/0/apexdata/sharedlibs
06-03 15:32:44.631 E/method.sogou.tv( 1421): Not starting debugger since process cannot load the jdwp agent.
06-03 15:32:44.636 D/xm_audio( 478): adev_get_parameters
06-03 15:32:44.638 D/vold_prepare_subdirs( 1401): Setting up mode 770 uid 1000 gid 2001 context u:object_r:checkin_data_file:s0:c512,c768 on path: /data/misc_ce/0/checkin
06-03 15:32:44.639 D/xm_audio( 478): adev_get_parameters
06-03 15:32:44.644 D/vold_prepare_subdirs( 1401): Setting up mode 700 uid 1000 gid 1000 context u:object_r:backup_data_file:s0 on path: /data/system_ce/0/backup
06-03 15:32:44.645 D/xm_audio( 478): adev_get_parameters
06-03 15:32:44.646 D/CompatibilityChangeReporter( 736): Compat change id reported: 168419799; UID 10040; state: DISABLED
06-03 15:32:44.647 D/CompatibilityChangeReporter( 736): Compat change id reported: 273564678; UID 10040; state: DISABLED
06-03 15:32:44.649 D/vold_prepare_subdirs( 1401): Setting up mode 700 uid 1000 gid 1000 context u:object_r:backup_data_file:s0 on path: /data/system_ce/0/backup_stage
06-03 15:32:44.651 D/CompatibilityChangeReporter( 736): Compat change id reported: 265195908; UID 10040; state: ENABLED
06-03 15:32:44.652 D/xm_audio( 478): adev_get_parameters
06-03 15:32:44.655 D/vold_prepare_subdirs( 1401): Setting up mode 700 uid 1000 gid 1000 context u:object_r:face_vendor_data_file:s0 on path: /data/vendor_ce/0/facedata
06-03 15:32:44.659 V/UserDataPreparer( 736): Found /data/user/0 with serial number 0
06-03 15:32:44.659 V/UserDataPreparer( 736): Found /data/system_ce/0 with serial number 0
06-03 15:32:44.659 D/UserDataPreparer( 736): Setting property: sys.user.0.ce_available=true
06-03 15:32:44.660 V/GraphicsEnvironment( 1403): Currently set values for:
06-03 15:32:44.661 V/GraphicsEnvironment( 1403): angle_gl_driver_selection_pkgs=[]
06-03 15:32:44.661 V/GraphicsEnvironment( 1403): angle_gl_driver_selection_values=[]
06-03 15:32:44.662 D/CompatibilityChangeReporter( 1421): Compat change id reported: 171979766; UID 10040; state: DISABLED
06-03 15:32:44.662 D/CompatibilityChangeReporter( 1421): Compat change id reported: 242716250; UID 10040; state: DISABLED
06-03 15:32:44.662 V/SystemServerTiming( 736): prepareUserData-0 took to complete: 207ms
06-03 15:32:44.662 D/SystemServerTiming( 736): reconcileAppsData-0
06-03 15:32:44.662 V/PackageManager( 736): reconcileAppsData for null u0 0x2 migrateAppData=false
06-03 15:32:44.665 D/CompatibilityChangeReporter( 736): Compat change id reported: 170503758; UID 10040; state: DISABLED
06-03 15:32:44.656 I/adbd ( 1419): type=1400 audit(0.0:695): avc: denied { read } for name="u:object_r:vendor_default_prop:s0" dev="tmpfs" ino=378 scontext=u:r:adbd:s0 tcontext=u:object_r:vendor_default_prop:s0 tclass=file permissive=1
06-03 15:32:44.656 I/adbd ( 1419): type=1400 audit(0.0:696): avc: denied { open } for path="/dev/__properties__/u:object_r:vendor_default_prop:s0" dev="tmpfs" ino=378 scontext=u:r:adbd:s0 tcontext=u:object_r:vendor_default_prop:s0 tclass=file permissive=1
06-03 15:32:44.656 I/adbd ( 1419): type=1400 audit(0.0:697): avc: denied { getattr } for path="/dev/__properties__/u:object_r:vendor_default_prop:s0" dev="tmpfs" ino=378 scontext=u:r:adbd:s0 tcontext=u:object_r:vendor_default_prop:s0 tclass=file permissive=1
06-03 15:32:44.656 I/adbd ( 1419): type=1400 audit(0.0:698): avc: denied { map } for path="/dev/__properties__/u:object_r:vendor_default_prop:s0" dev="tmpfs" ino=378 scontext=u:r:adbd:s0 tcontext=u:object_r:vendor_default_prop:s0 tclass=file permissive=1
06-03 15:32:44.666 D/xm_audio( 478): adev_get_parameters
06-03 15:32:44.666 W/NotificationHistory( 736): Attempted to add notif for locked/gone/disabled user 0
06-03 15:32:44.667 I/adbd ( 1419): persist.adb.watchdog set to ''
06-03 15:32:44.668 I/adbd ( 1419): persist.sys.test_harness set to ''
06-03 15:32:44.668 I/adbd ( 1419): adb watchdog timeout set to 600 seconds
06-03 15:32:44.668 D/xm_audio( 478): adev_get_parameters
06-03 15:32:44.664 I/rainbow_flow( 612): type=1400 audit(0.0:699): avc: denied { ioctl } for path="/dev/spidev1.0" dev="tmpfs" ino=543 ioctlcmd=0x6b00 scontext=u:r:init:s0 tcontext=u:object_r:device:s0 tclass=chr_file permissive=1
06-03 15:32:44.674 I/adbd ( 1419): Setup mdns on port= 5555
06-03 15:32:44.674 I/adbd ( 1419): adbd listening on tcp:5555
06-03 15:32:44.674 D/ApplicationLoaders( 1421): Returning zygote-cached class loader: /system/framework/android.test.base.jar
06-03 15:32:44.675 D/ApplicationLoaders( 1421): Returning zygote-cached class loader: /system/framework/android.hidl.manager-V1.0-java.jar
06-03 15:32:44.675 D/ApplicationLoaders( 1421): Returning zygote-cached class loader: /system/framework/android.hidl.base-V1.0-java.jar
06-03 15:32:44.675 I/adbd ( 1419): adbd listening on vsock:5555
06-03 15:32:44.675 I/adbd ( 1419): adbd mDNS service _adb._tcp registered: 1
06-03 15:32:44.675 I/adbd ( 1419): adbd started
06-03 15:32:44.675 I/adbd ( 1419): Waiting for persist.adb.tls_server.enable=1
06-03 15:32:44.680 V/GraphicsEnvironment( 1403): ANGLE GameManagerService for com.android.devicelockcontroller: false
06-03 15:32:44.680 V/GraphicsEnvironment( 1403): com.android.devicelockcontroller is not listed in per-application setting
06-03 15:32:44.681 V/GraphicsEnvironment( 1403): Neither updatable production driver nor prerelease driver is supported.
06-03 15:32:44.681 W/PackageManager( 736): Skipping preparing app data for com.android.configinfrastructure
06-03 15:32:44.681 W/PackageManager( 736): Skipping preparing app data for com.android.appsearch
06-03 15:32:44.682 W/PackageManager( 736): Skipping preparing app data for com.android.adservices
06-03 15:32:44.682 W/PackageManager( 736): Skipping preparing app data for com.android.scheduling
06-03 15:32:44.682 W/PackageManager( 736): Skipping preparing app data for com.google.android.widevine.nonupdatable
06-03 15:32:44.682 W/PackageManager( 736): Skipping preparing app data for com.android.permission
06-03 15:32:44.682 W/PackageManager( 736): Skipping preparing app data for com.android.art
06-03 15:32:44.682 W/PackageManager( 736): Skipping preparing app data for com.android.uwb
06-03 15:32:44.682 W/PackageManager( 736): Skipping preparing app data for com.android.tethering
06-03 15:32:44.682 W/PackageManager( 736): Skipping preparing app data for com.android.btservices
06-03 15:32:44.682 W/PackageManager( 736): Skipping preparing app data for com.android.media.swcodec
06-03 15:32:44.682 W/PackageManager( 736): Skipping preparing app data for com.android.conscrypt
06-03 15:32:44.683 W/PackageManager( 736): Skipping preparing app data for com.android.adbd
06-03 15:32:44.683 W/PackageManager( 736): Skipping preparing app data for com.android.i18n
06-03 15:32:44.683 W/PackageManager( 736): Skipping preparing app data for com.android.rkpd
06-03 15:32:44.683 W/PackageManager( 736): Skipping preparing app data for com.android.virt
06-03 15:32:44.683 W/PackageManager( 736): Skipping preparing app data for com.android.wifi
06-03 15:32:44.683 W/PackageManager( 736): Skipping preparing app data for com.android.runtime
06-03 15:32:44.683 W/PackageManager( 736): Skipping preparing app data for com.android.devicelock
06-03 15:32:44.683 W/PackageManager( 736): Skipping preparing app data for com.android.apex.cts.shim
06-03 15:32:44.683 W/PackageManager( 736): Skipping preparing app data for com.android.neuralnetworks
06-03 15:32:44.683 W/PackageManager( 736): Skipping preparing app data for com.android.healthfitness
06-03 15:32:44.683 W/PackageManager( 736): Skipping preparing app data for com.android.resolv
06-03 15:32:44.683 W/PackageManager( 736): Skipping preparing app data for com.android.sdkext
06-03 15:32:44.683 W/PackageManager( 736): Skipping preparing app data for com.android.tzdata
06-03 15:32:44.683 W/PackageManager( 736): Skipping preparing app data for com.android.vndk.v34
06-03 15:32:44.683 W/PackageManager( 736): Skipping preparing app data for com.android.os.statsd
06-03 15:32:44.683 W/PackageManager( 736): Skipping preparing app data for com.android.extservices
06-03 15:32:44.683 W/PackageManager( 736): Skipping preparing app data for com.amlogic.mediaextractor
06-03 15:32:44.684 W/PackageManager( 736): Skipping preparing app data for com.android.ipsec
06-03 15:32:44.684 W/PackageManager( 736): Skipping preparing app data for com.android.media
06-03 15:32:44.684 W/PackageManager( 736): Skipping preparing app data for com.android.sdksandbox
06-03 15:32:44.684 W/PackageManager( 736): Skipping preparing app data for com.android.mediaprovider
06-03 15:32:44.684 W/PackageManager( 736): Skipping preparing app data for com.android.ondevicepersonalization
06-03 15:32:44.690 D/xm_audio( 478): adev_get_parameters
06-03 15:32:44.692 D/xm_audio( 478): adev_get_parameters
06-03 15:32:44.696 D/nativeloader( 1421): Configuring clns-shared-4 for other apk /system/app/com.sohu.inputmethod.sogou.tv/com.sohu.inputmethod.sogou.tv.apk. target_sdk_version=28, uses_libraries=, library_path=/system/app/com.sohu.inputmethod.sogou.tv/lib/arm:/system/app/com.sohu.inputmethod.sogou.tv/com.sohu.inputmethod.sogou.tv.apk!/lib/armeabi-v7a:/system/lib:/system_ext/lib, permitted_path=/data:/mnt/expand:/data/user_de/0/com.sohu.inputmethod.sogou.tv:/system/app/com.sohu.inputmethod.sogou.tv:/system/lib:/system_ext/lib
06-03 15:32:44.697 E/perfetto( 1435): perfetto_cmd.cc:385 Could not open /data/misc/perfetto-configs/stopboottracetrigger.pbtxt (errno: 2, No such file or directory)
06-03 15:32:44.698 D/xm_audio( 478): adev_get_parameters
06-03 15:32:44.701 D/xm_audio( 478): adev_get_parameters
06-03 15:32:44.696 I/init ( 164): type=1400 audit(0.0:700): avc: denied { setattr } for name="paddr" dev="debugfs" ino=13324 scontext=u:r:vendor_init:s0 tcontext=u:object_r:aml_debugfs:s0 tclass=file permissive=1
06-03 15:32:44.700 I/init ( 164): type=1400 audit(0.0:701): avc: denied { integrity } for lockdown_reason="debugfs access" scontext=u:r:vendor_init:s0 tcontext=u:r:vendor_init:s0 tclass=lockdown permissive=1
06-03 15:32:44.707 D/xm_audio( 478): adev_get_parameters
06-03 15:32:44.707 I/DeviceLockControllerApplication( 1403): onCreate
06-03 15:32:44.708 D/xm_audio( 478): adev_get_parameters
06-03 15:32:44.714 D/xm_audio( 478): adev_get_parameters
06-03 15:32:44.716 D/xm_audio( 478): adev_get_parameters
06-03 15:32:44.716 I/DeviceStateControllerImpl( 1403): Starting state is 0
06-03 15:32:44.722 V/GraphicsEnvironment( 1421): Currently set values for:
06-03 15:32:44.722 V/GraphicsEnvironment( 1421): angle_gl_driver_selection_pkgs=[]
06-03 15:32:44.722 V/GraphicsEnvironment( 1421): angle_gl_driver_selection_values=[]
06-03 15:32:44.723 V/GraphicsEnvironment( 1421): ANGLE GameManagerService for com.sohu.inputmethod.sogou.tv: false
06-03 15:32:44.723 V/GraphicsEnvironment( 1421): com.sohu.inputmethod.sogou.tv is not listed in per-application setting
06-03 15:32:44.723 D/xm_audio( 478): adev_get_parameters
06-03 15:32:44.723 V/GraphicsEnvironment( 1421): Neither updatable production driver nor prerelease driver is supported.
06-03 15:32:44.725 D/xm_audio( 478): adev_get_parameters
06-03 15:32:44.725 I/UserRestrictionsPolicyHandler( 1403): Build type DEBUG = true
06-03 15:32:44.730 D/xm_audio( 478): adev_get_parameters
06-03 15:32:44.730 D/DevicePolicyControllerImpl( 1403): onStateChanged (0)
06-03 15:32:44.730 V/UserRestrictionsPolicyHandler( 1403): Setting restrictions for 0
06-03 15:32:44.731 D/CompatibilityChangeReporter( 1403): Compat change id reported: 183155436; UID 10055; state: ENABLED
06-03 15:32:44.731 D/xm_audio( 478): adev_get_parameters
