06-03 15:32:43.446 I/[1 T1325 ..] BTI( 0): BT set rf succeed!
06-03 15:32:43.446 I/[1 T1325 ..] BTI( 0): amlbt_sdio_char_write set rf num 0x2
06-03 15:32:43.446 I/[1 T1325 ..] BTI( 0): amlbt_sdio_fops_close BT closed
06-03 15:32:43.521 W/Looper ( 736): Slow dispatch took 1184ms main h=android.app.ActivityThread$H c=android.app.LoadedApk$ReceiverDispatcher$Args$$ExternalSyntheticLambda0@34260f1 m=0
06-03 15:32:43.574 D/CompatibilityChangeReporter( 736): Compat change id reported: 265464455; UID 1000; state: DISABLED
06-03 15:32:43.575 D/CompatibilityChangeReporter( 736): Compat change id reported: 265452344; UID 1000; state: DISABLED
06-03 15:32:43.575 D/CompatibilityChangeReporter( 736): Compat change id reported: 266124927; UID 1000; state: DISABLED
06-03 15:32:43.575 D/CompatibilityChangeReporter( 736): Compat change id reported: 265451093; UID 1000; state: DISABLED
06-03 15:32:43.576 D/CompatibilityChangeReporter( 736): Compat change id reported: 265456536; UID 1000; state: DISABLED
06-03 15:32:43.576 D/CompatibilityChangeReporter( 736): Compat change id reported: 255940284; UID 1000; state: DISABLED
06-03 15:32:43.577 D/CompatibilityChangeReporter( 736): Compat change id reported: 236283604; UID 1000; state: DISABLED
06-03 15:32:43.577 D/CompatibilityChangeReporter( 736): Compat change id reported: 263959004; UID 1000; state: DISABLED
06-03 15:32:43.577 D/CompatibilityChangeReporter( 736): Compat change id reported: 264304459; UID 1000; state: DISABLED
06-03 15:32:43.578 D/CompatibilityChangeReporter( 736): Compat change id reported: 264301586; UID 1000; state: DISABLED
06-03 15:32:43.578 D/CompatibilityChangeReporter( 736): Compat change id reported: 254631730; UID 1000; state: DISABLED
06-03 15:32:43.579 D/CompatibilityChangeReporter( 736): Compat change id reported: 273509367; UID 1000; state: DISABLED
06-03 15:32:43.579 D/CompatibilityChangeReporter( 736): Compat change id reported: 263259275; UID 1000; state: DISABLED
06-03 15:32:43.579 D/CompatibilityChangeReporter( 736): Compat change id reported: 174042980; UID 1000; state: DISABLED
06-03 15:32:43.580 D/CompatibilityChangeReporter( 736): Compat change id reported: 174042936; UID 1000; state: DISABLED
06-03 15:32:43.580 D/CompatibilityChangeReporter( 736): Compat change id reported: 181136395; UID 1000; state: DISABLED
06-03 15:32:43.618 D/AutofillManagerService( 736): Restriction did not change for user 0
06-03 15:32:43.630 I/ExplicitHealthCheckController( 736): Explicit health check service is connected ComponentInfo{android.ext.services/android.ext.services.watchdog.ExplicitHealthCheckServiceImpl}
06-03 15:32:43.630 I/ExplicitHealthCheckController( 736): Service initialized, syncing requests
06-03 15:32:43.630 V/NotificationAssistants( 736): 0 notification assistant service connected: ComponentInfo{android.ext.services/android.ext.services.notification.Assistant}
06-03 15:32:43.643 D/CompatibilityChangeReporter( 736): Compat change id reported: 194480991; UID 1000; state: ENABLED
06-03 15:32:43.653 D/CompatibilityChangeReporter( 736): Compat change id reported: 197654537; UID 1000; state: ENABLED
06-03 15:32:43.660 I/ActivityTaskManager( 736): START u0 {act=android.intent.action.MAIN cat=[android.intent.category.HOME] flg=0x10000100 cmp=com.android.tv.settings/.system.FallbackHome (has extras)} with LAUNCH_MULTIPLE from uid 0 (BAL_ALLOW_ALLOWLISTED_UID) result code=0
06-03 15:32:43.667 I/ActivityManager( 736): com.android.tv.settings is exempt from freezer
06-03 15:32:43.672 D/CompatibilityChangeReporter( 736): Compat change id reported: 135634846; UID 1000; state: DISABLED
06-03 15:32:43.688 D/SystemServerTiming( 736): getUserSwitchability-0
06-03 15:32:43.688 D/SystemServerTiming( 736): TM.isInCall
06-03 15:32:43.692 V/SystemServerTiming( 736): TM.isInCall took to complete: 4ms
06-03 15:32:43.692 D/SystemServerTiming( 736): hasUserRestriction-DISALLOW_USER_SWITCH
06-03 15:32:43.692 V/SystemServerTiming( 736): hasUserRestriction-DISALLOW_USER_SWITCH took to complete: 0ms
06-03 15:32:43.692 D/SystemServerTiming( 736): getInt-ALLOW_USER_SWITCHING_WHEN_SYSTEM_USER_LOCKED
06-03 15:32:43.692 V/SystemServerTiming( 736): getInt-ALLOW_USER_SWITCHING_WHEN_SYSTEM_USER_LOCKED took to complete: 0ms
06-03 15:32:43.692 D/SystemServerTiming( 736): isUserUnlocked-USER_SYSTEM
06-03 15:32:43.692 V/SystemServerTiming( 736): isUserUnlocked-USER_SYSTEM took to complete: 0ms
06-03 15:32:43.692 V/SystemServerTiming( 736): getUserSwitchability-0 took to complete: 4ms
06-03 15:32:43.693 I/ActivityManager( 736): Start proc 1328:com.android.tv.settings/1000 for top-activity {com.android.tv.settings/com.android.tv.settings.system.FallbackHome}
06-03 15:32:43.712 D/SystemServerTiming( 736): getUserSwitchability-0
06-03 15:32:43.712 D/SystemServerTiming( 736): TM.isInCall
06-03 15:32:43.712 V/SystemServerTiming( 736): TM.isInCall took to complete: 0ms
06-03 15:32:43.712 D/SystemServerTiming( 736): hasUserRestriction-DISALLOW_USER_SWITCH
06-03 15:32:43.712 V/SystemServerTiming( 736): hasUserRestriction-DISALLOW_USER_SWITCH took to complete: 0ms
06-03 15:32:43.713 D/SystemServerTiming( 736): getInt-ALLOW_USER_SWITCHING_WHEN_SYSTEM_USER_LOCKED
06-03 15:32:43.713 V/SystemServerTiming( 736): getInt-ALLOW_USER_SWITCHING_WHEN_SYSTEM_USER_LOCKED took to complete: 0ms
06-03 15:32:43.713 D/SystemServerTiming( 736): isUserUnlocked-USER_SYSTEM
06-03 15:32:43.713 V/SystemServerTiming( 736): isUserUnlocked-USER_SYSTEM took to complete: 0ms
06-03 15:32:43.713 V/SystemServerTiming( 736): getUserSwitchability-0 took to complete: 1ms
06-03 15:32:43.715 D/OomAdjuster( 736): Not killing cached processes
06-03 15:32:43.720 D/SystemServerTiming( 736): getUserSwitchability-0
06-03 15:32:43.720 D/SystemServerTiming( 736): TM.isInCall
06-03 15:32:43.722 V/SystemServerTiming( 736): TM.isInCall took to complete: 2ms
06-03 15:32:43.722 D/SystemServerTiming( 736): hasUserRestriction-DISALLOW_USER_SWITCH
06-03 15:32:43.722 V/SystemServerTiming( 736): hasUserRestriction-DISALLOW_USER_SWITCH took to complete: 0ms
06-03 15:32:43.722 D/SystemServerTiming( 736): getInt-ALLOW_USER_SWITCHING_WHEN_SYSTEM_USER_LOCKED
06-03 15:32:43.722 V/SystemServerTiming( 736): getInt-ALLOW_USER_SWITCHING_WHEN_SYSTEM_USER_LOCKED took to complete: 0ms
06-03 15:32:43.722 D/SystemServerTiming( 736): isUserUnlocked-USER_SYSTEM
06-03 15:32:43.722 V/SystemServerTiming( 736): isUserUnlocked-USER_SYSTEM took to complete: 0ms
06-03 15:32:43.722 V/SystemServerTiming( 736): getUserSwitchability-0 took to complete: 3ms
06-03 15:32:43.730 D/CompatibilityChangeReporter( 736): Compat change id reported: 168419799; UID 1000; state: DISABLED
06-03 15:32:43.730 D/CompatibilityChangeReporter( 736): Compat change id reported: 273564678; UID 1000; state: DISABLED
06-03 15:32:43.738 D/SystemServerTiming( 736): getUserSwitchability-0
06-03 15:32:43.738 D/SystemServerTiming( 736): TM.isInCall
06-03 15:32:43.744 V/SystemServerTiming( 736): TM.isInCall took to complete: 6ms
06-03 15:32:43.744 D/SystemServerTiming( 736): hasUserRestriction-DISALLOW_USER_SWITCH
06-03 15:32:43.744 V/SystemServerTiming( 736): hasUserRestriction-DISALLOW_USER_SWITCH took to complete: 0ms
06-03 15:32:43.744 D/SystemServerTiming( 736): getInt-ALLOW_USER_SWITCHING_WHEN_SYSTEM_USER_LOCKED
06-03 15:32:43.745 V/SystemServerTiming( 736): getInt-ALLOW_USER_SWITCHING_WHEN_SYSTEM_USER_LOCKED took to complete: 1ms
06-03 15:32:43.745 D/SystemServerTiming( 736): isUserUnlocked-USER_SYSTEM
06-03 15:32:43.745 V/SystemServerTiming( 736): isUserUnlocked-USER_SYSTEM took to complete: 0ms
06-03 15:32:43.745 V/SystemServerTiming( 736): getUserSwitchability-0 took to complete: 7ms
06-03 15:32:43.749 D/SystemServerTiming( 736): getUserSwitchability-0
06-03 15:32:43.749 D/SystemServerTiming( 736): TM.isInCall
06-03 15:32:43.750 V/SystemServerTiming( 736): TM.isInCall took to complete: 1ms
06-03 15:32:43.750 D/SystemServerTiming( 736): hasUserRestriction-DISALLOW_USER_SWITCH
06-03 15:32:43.750 V/SystemServerTiming( 736): hasUserRestriction-DISALLOW_USER_SWITCH took to complete: 0ms
06-03 15:32:43.750 D/SystemServerTiming( 736): getInt-ALLOW_USER_SWITCHING_WHEN_SYSTEM_USER_LOCKED
06-03 15:32:43.750 V/SystemServerTiming( 736): getInt-ALLOW_USER_SWITCHING_WHEN_SYSTEM_USER_LOCKED took to complete: 0ms
06-03 15:32:43.750 D/SystemServerTiming( 736): isUserUnlocked-USER_SYSTEM
06-03 15:32:43.750 V/SystemServerTiming( 736): isUserUnlocked-USER_SYSTEM took to complete: 0ms
06-03 15:32:43.750 V/SystemServerTiming( 736): getUserSwitchability-0 took to complete: 1ms
06-03 15:32:43.830 W/Looper ( 736): Slow dispatch took 197ms main h=android.app.ActivityThread$H c=android.app.LoadedApk$ReceiverDispatcher$Args$$ExternalSyntheticLambda0@824ebda m=0
06-03 15:32:43.838 I/PackageWatchdog( 736): Syncing health check requests for packages: {}
06-03 15:32:43.838 D/ExplicitHealthCheckController( 736): Getting health check supported packages
06-03 15:32:43.842 W/Looper ( 736): Drained
06-03 15:32:43.847 I/ExplicitHealthCheckController( 736): Explicit health check supported packages [PackageConfig{com.android.networkstack, 86400000}]
06-03 15:32:43.847 D/PackageWatchdog( 736): Received supported packages [PackageConfig{com.android.networkstack, 86400000}]
06-03 15:32:43.847 D/ExplicitHealthCheckController( 736): Getting health check requested packages
06-03 15:32:43.851 I/ExplicitHealthCheckController( 736): Explicit health check requested packages []
06-03 15:32:43.852 I/ExplicitHealthCheckController( 736): No more health check requests, unbinding...
06-03 15:32:43.858 I/ExplicitHealthCheckController( 736): Explicit health check service is unbound
06-03 15:32:43.872 W/BroadcastLoopers( 736): Found previously unknown looper Thread[BluetoothManagerService,5,main]
06-03 15:32:43.880 V/WindowManager( 736): app ------------- force_land :0
06-03 15:32:43.881 V/WindowManager( 736): app ------------- force_land :0
06-03 15:32:44.001 W/WindowManager( 736): [addWindow] title:com.android.tv.settings/com.android.tv.settings.system.FallbackHome
06-03 15:32:44.010 D/CoreBackPreview( 736): Window{697b751 u0 com.android.tv.settings/com.android.tv.settings.system.FallbackHome}: Setting back callback OnBackInvokedCallbackInfo{mCallback=android.window.IOnBackInvokedCallback$Stub$Proxy@ce6bb8e, mPriority=0, mIsAnimationCallback=false}
06-03 15:32:44.079 D/PackageManager( 736): Instant App installer not found with android.intent.action.INSTALL_INSTANT_APP_PACKAGE
06-03 15:32:44.079 D/PackageManager( 736): Clear ephemeral installer activity
06-03 15:32:44.112 D/ActivityManagerTiming( 736): FinishBooting
06-03 15:32:44.116 W/ContextImpl( 736): Calling a method in the system process without a qualified user: android.app.ContextImpl.startService:1899 com.android.server.wm.DisplayPolicy.lambda$focusChangedLw$5:2126 com.android.server.wm.DisplayPolicy.$r8$lambda$Znxk63oh-WzVnzo_WQefN7uxV48:0 com.android.server.wm.DisplayPolicy$$ExternalSyntheticLambda13.run:0 android.os.Handler.handleCallback:958
06-03 15:32:44.116 W/ActivityManager( 736): Unable to start service Intent { cmp=com.oranth.ledstatus/.LedStatusService } U=0: not found
06-03 15:32:44.123 D/CompatibilityChangeReporter( 736): Compat change id reported: 197654537; UID 1000; state: ENABLED --------- beginning of main
06-03 15:32:44.131 I/bt_btif ( 1168): packages/modules/Bluetooth/system/main/bte_logmsg.cc:115 LogMsg: *********************************************************
06-03 15:32:44.131 I/bt_btif ( 1168): packages/modules/Bluetooth/system/main/bte_logmsg.cc:115 LogMsg: btif_transfer_context event 11, len 16
06-03 15:32:44.131 D/bluetooth( 1168): packages/modules/Bluetooth/system/stack/gatt/gatt_api.cc:1441 GATT_Connect: Starting background connect gatt_if=5 address=xx:xx:xx:xx:c0:22
06-03 15:32:44.131 D/bluetooth( 1168): packages/modules/Bluetooth/system/stack/gatt/gatt_api.cc:1451 GATT_Connect: Adding to background connect to device:xx:xx:xx:xx:c0:22
06-03 15:32:44.131 D/bluetooth( 1168): packages/modules/Bluetooth/system/stack/gatt/connection_manager.cc:272 background_connect_add: app_id=5, address=xx:xx:xx:xx:c0:22
06-03 15:32:44.131 D/bluetooth( 1168): packages/modules/Bluetooth/system/main/shim/acl.cc:1491 AcceptLeConnectionFrom: AcceptLeConnectionFrom xx:xx:xx:xx:c0:22
06-03 15:32:44.131 D/bluetooth( 1168): packages/modules/Bluetooth/system/stack/gatt/gatt_api.cc:1480 GATT_Connect: p_tcb is null
06-03 15:32:44.131 D/bluetooth( 1168): packages/modules/Bluetooth/system/main/shim/acl.cc:1095 accept_le_connection_from: Allow Le connection from remote:e4:bb:d3:57:c0:22[PUBLIC_DEVICE_ADDRESS]
06-03 15:32:44.131 D/bluetooth( 1168): packages/modules/Bluetooth/system/stack/gatt/gatt_api.cc:1649 GATT_GetConnIdIfConnected: status=0
06-03 15:32:44.131 I/bt_bta_gattc( 1168): packages/modules/Bluetooth/system/bta/gatt/bta_gattc_act.cc:429 bta_gattc_init_bk_conn: Not a connected remote device yet
06-03 15:32:44.131 I/bluetooth( 1168): packages/modules/Bluetooth/system/gd/hci/le_address_manager.cc:178 register_client: Client registered
06-03 15:32:44.131 I/bluetooth( 1168): packages/modules/Bluetooth/system/gd/hci/le_address_manager.cc:265 ack_pause: Client already in paused state
06-03 15:32:44.133 I/bt_btif ( 1168): packages/modules/Bluetooth/system/main/bte_logmsg.cc:115 LogMsg: btif_hh_upstreams_evt: event=BTA_HH_ADD_DEV_EVT dereg = 0
06-03 15:32:44.133 W/bt_btif ( 1168): packages/modules/Bluetooth/system/main/bte_logmsg.cc:108 LogMsg: BTA_HH_ADD_DEV_EVT: status = 0, handle = 16
06-03 15:32:44.133 I/bt_btif_storage( 1168): packages/modules/Bluetooth/system/btif/src/btif_storage.cc:653 btif_storage_get_adapter_property: btif_storage_get_adapter_property service_mask:0x20100048
06-03 15:32:44.134 I/bluetooth( 1168): packages/modules/Bluetooth/system/gd/hci/le_address_manager.cc:596 OnCommandComplete: Received command complete with op_code LE_ADD_DEVICE_TO_FILTER_ACCEPT_LIST
06-03 15:32:44.134 I/bluetooth( 1168): packages/modules/Bluetooth/system/gd/hci/le_address_manager.cc:294 resume_registered_clients: Resuming registered clients
06-03 15:32:44.134 I/bt_btif ( 1168): packages/modules/Bluetooth/system/main/bte_logmsg.cc:112 LogMsg: operator(): HAL bt_hal_cbacks->adapter_properties_cb
06-03 15:32:44.136 I/bluetooth( 1168): packages/modules/Bluetooth/system/gd/hci/acl_manager/le_impl.h:878 update_connectability_state_after_armed: Le connection state machine armed state:ConnectabilityState::ARMED status:SUCCESS
06-03 15:32:44.136 I/ActivityTaskManager( 736): Displayed com.android.tv.settings/.system.FallbackHome for user 0: +543ms
06-03 15:32:44.137 D/WindowManager( 736): updateCecScreenStatus 0
06-03 15:32:44.137 V/WindowManager( 736): Sent Transition #0 createdAt=06-03 15:32:40.942
06-03 15:32:44.137 D/HDMI ( 736): setCecSettingIntValue name:cec_screen_state, value:0
06-03 15:32:44.137 V/WindowManager( 736): startWCT=WindowContainerTransaction { changes = {} hops = [] errorCallbackToken=null taskFragmentOrganizer=null }
06-03 15:32:44.137 V/WindowManager( 736): info=null
06-03 15:32:44.138 I/HDMI ( 736): screen state is changing to 0
06-03 15:32:44.141 D/xm_audio( 478): adev_get_parameters
06-03 15:32:44.144 D/PackageManager( 736): Instant App installer not found with android.intent.action.INSTALL_INSTANT_APP_PACKAGE
06-03 15:32:44.145 D/PackageManager( 736): Clear ephemeral installer activity
06-03 15:32:44.146 V/WindowManager( 736): Finish Transition #0: created at
06-03 15:32:40.942 collect-started=0.201ms request-sent=0.242ms started=44.11ms ready=2942.114ms sent=3182.153ms finished=3198.665ms
06-03 15:32:44.153 D/PackageManager( 736): Instant App installer not found with android.intent.action.INSTALL_INSTANT_APP_PACKAGE
06-03 15:32:44.153 D/PackageManager( 736): Clear ephemeral installer activity
06-03 15:32:44.155 D/xm_audio( 478): adev_get_parameters
06-03 15:32:44.156 D/PackageManager( 736): Instant App installer not found with android.intent.action.INSTALL_INSTANT_APP_PACKAGE
06-03 15:32:44.156 D/PackageManager( 736): Clear ephemeral installer activity
06-03 15:32:44.159 D/PackageManager( 736): Instant App installer not found with android.intent.action.INSTALL_INSTANT_APP_PACKAGE
06-03 15:32:44.159 D/PackageManager( 736): Clear ephemeral installer activity
06-03 15:32:44.165 D/PackageManager( 736): Instant App installer not found with android.intent.action.INSTALL_INSTANT_APP_PACKAGE
06-03 15:32:44.165 D/PackageManager( 736): Clear ephemeral installer activity
06-03 15:32:44.167 D/PackageManager( 736): Instant App installer not found with android.intent.action.INSTALL_INSTANT_APP_PACKAGE
06-03 15:32:44.167 D/PackageManager( 736): Clear ephemeral installer activity
06-03 15:32:44.175 D/ActivityThread( 1168): Loading provider com.android.bluetooth.opp: com.android.bluetooth.opp.BluetoothOppProvider
06-03 15:32:44.176 D/BootAnimation( 255): BootAnimationShownTiming End time: 23204ms
06-03 15:32:44.180 D/xm_audio( 478): adev_get_parameters
06-03 15:32:44.180 D/BtOppService( 1168): setBluetoothOppService(): set to: com.android.bluetooth.opp.BluetoothOppService@ba5e770
06-03 15:32:44.180 D/ActivityAttributionService( 1168): notifyActivityAttributionInfo UID=1002 packageName=com.android.bluetooth deviceAddress=no_active_device_address
06-03 15:32:44.180 I/bt_btif ( 1168): packages/modules/Bluetooth/system/btif/src/bluetooth.cc:829 get_profile_interface: get_profile_interface: id = activity_attribution
06-03 15:32:44.183 D/xm_audio( 478): adev_get_parameters
06-03 15:32:44.188 D/BluetoothPanServiceJni( 1168): initializeNative(L113): pan
06-03 15:32:44.188 I/bt_btif ( 1168): packages/modules/Bluetooth/system/btif/src/bluetooth.cc:829 get_profile_interface: get_profile_interface: id = pan
06-03 15:32:44.188 I/bt_btif ( 1168): packages/modules/Bluetooth/system/main/bte_logmsg.cc:115 LogMsg: stack_initialized = 1, btpan_cb.enabled:0
06-03 15:32:44.188 I/bt_btif ( 1168): packages/modules/Bluetooth/system/main/bte_logmsg.cc:115 LogMsg: jni_initialized = 1, btpan_cb.enabled:0
06-03 15:32:44.188 I/bt_btif ( 1168): packages/modules/Bluetooth/system/main/bte_logmsg.cc:115 LogMsg: Enabling PAN....
06-03 15:32:44.188 I/bt_btif ( 1168): packages/modules/Bluetooth/system/main/bte_logmsg.cc:112 LogMsg: bta_sys_event: Event 0xe0a
06-03 15:32:44.188 I/bt_l2cap( 1168): packages/modules/Bluetooth/system/stack/l2cap/l2c_api.cc:172 L2CA_Register: L2CAP Registered service classic PSM: 0x000f
06-03 15:32:44.188 I/bt_btm ( 1168): packages/modules/Bluetooth/system/main/bte_logmsg.cc:112 LogMsg: BTM_SetSecurityLevel : sec: 0x36
06-03 15:32:44.188 D/bt_btm_sec( 1168): packages/modules/Bluetooth/system/stack/btm/btm_sec.cc:557 BTM_SetSecurityLevel: [9]: id:0, is_orig:false psm:0x000f proto_id:0 chan_id:0 : sec:0x1086 service_name:[] (up to 21 chars saved)
06-03 15:32:44.188 I/bt_btif ( 1168): packages/modules/Bluetooth/system/main/bte_logmsg.cc:112 LogMsg: bta_pan_co_init
06-03 15:32:44.188 I/bt_btif ( 1168): packages/modules/Bluetooth/system/main/bte_logmsg.cc:115 LogMsg: btif_transfer_context event 0, len 12
06-03 15:32:44.188 I/bt_pan ( 1168): packages/modules/Bluetooth/system/main/bte_logmsg.cc:112 LogMsg: PAN_SetRole() called with role 0x5
06-03 15:32:44.188 I/bt_sdp ( 1168): packages/modules/Bluetooth/system/main/bte_logmsg.cc:115 LogMsg: SDP_CreateRecord ok, num_records:9
06-03 15:32:44.188 I/bt_sdp ( 1168): packages/modules/Bluetooth/system/main/bte_logmsg.cc:115 LogMsg: SDP_AddAttribute: handle:10008, id:0000, type:1, len:4, p_val:0xbcba1cfc, *p_val:00010008
06-03 15:32:44.188 I/bt_sdp ( 1168): packages/modules/Bluetooth/system/main/bte_logmsg.cc:115 LogMsg: SDP_AddAttribute: handle:10008, id:0001, type:6, len:3, p_val:0xc346ac28, *p_val:191116
06-03 15:32:44.188 I/bt_sdp ( 1168): packages/modules/Bluetooth/system/main/bte_logmsg.cc:115 LogMsg: SDP_AddAttribute: handle:10008, id:0004, type:6, len:24, p_val:0xbd62a3f6, *p_val:350619010009000F350E19000F0901003506090800090806
06-03 15:32:44.188 I/bt_sdp ( 1168): packages/modules/Bluetooth/system/main/bte_logmsg.cc:115 LogMsg: SDP_AddAttribute: handle:10008, id:0006, type:6, len:9, p_val:0xec401d18, *p_val:09656E09006A090100
06-03 15:32:44.188 I/bt_sdp ( 1168): packages/modules/Bluetooth/system/main/bte_logmsg.cc:115 LogMsg: SDP_AddAttribute: handle:10008, id:0009, type:6, len:8, p_val:0xec401d18, *p_val:3506191116090100
06-03 15:32:44.188 I/bt_sdp ( 1168): packages/modules/Bluetooth/system/main/bte_logmsg.cc:115 LogMsg: SDP_AddAttribute: handle:10008, id:0100, type:4, len:29, p_val:0xd07fbef0, *p_val:Android Network Access Point
06-03 15:32:44.188 I/bt_sdp ( 1168): packages/modules/Bluetooth/system/main/bte_logmsg.cc:115 LogMsg: SDP_AddAttribute: handle:10008, id:0101, type:4, len:4, p_val:0xbd57c12f, *p_val:NAP
06-03 15:32:44.188 I/bt_sdp ( 1168): packages/modules/Bluetooth/system/main/bte_logmsg.cc:115 LogMsg: SDP_AddAttribute: handle:10008, id:030A, type:1, len:2, p_val:0xbcba1d22, *p_val:0001
06-03 15:32:44.188 I/bt_sdp ( 1168): packages/modules/Bluetooth/system/main/bte_logmsg.cc:115 LogMsg: SDP_AddAttribute: handle:10008, id:030B, type:1, len:2, p_val:0xbcba1d28, *p_val:0005
06-03 15:32:44.188 I/bt_sdp ( 1168): packages/modules/Bluetooth/system/main/bte_logmsg.cc:115 LogMsg: SDP_AddAttribute: handle:10008, id:030C, type:1, len:4, p_val:0xbcba1d28, *p_val:001312D0
06-03 15:32:44.188 I/bt_sdp ( 1168): packages/modules/Bluetooth/system/main/bte_logmsg.cc:115 LogMsg: SDP_AddAttribute: handle:10008, id:0005, type:6, len:3, p_val:0xc346ac28, *p_val:191002
06-03 15:32:44.188 I/bt_bta_dm( 1168): packages/modules/Bluetooth/system/bta/dm/bta_dm_act.cc:3456 bta_dm_eir_update_uuid: EIR Adding UUID=0x1116 into extended inquiry response
06-03 15:32:44.189 I/bt_bta_dm( 1168): packages/modules/Bluetooth/system/bta/dm/bta_dm_act.cc:3155 bta_dm_set_eir: Generating extended inquiry response packet EIR
06-03 15:32:44.189 I/bt_btm ( 1168): packages/modules/Bluetooth/system/main/bte_logmsg.cc:112 LogMsg: Write Extended Inquiry Response to controller
06-03 15:32:44.189 D/bt_shim_hci( 1168): packages/modules/Bluetooth/system/main/shim/hci_layer.cc:367 transmit_command: Sending command WRITE_EXTENDED_INQUIRY_RESPONSE
06-03 15:32:44.189 I/bt_sdp ( 1168): packages/modules/Bluetooth/system/main/bte_logmsg.cc:115 LogMsg: SDP_CreateRecord ok, num_records:10
06-03 15:32:44.189 I/bt_sdp ( 1168): packages/modules/Bluetooth/system/main/bte_logmsg.cc:115 LogMsg: SDP_AddAttribute: handle:10009, id:0000, type:1, len:4, p_val:0xbcba1cfc, *p_val:00010009
06-03 15:32:44.189 I/bt_sdp ( 1168): packages/modules/Bluetooth/system/main/bte_logmsg.cc:115 LogMsg: SDP_AddAttribute: handle:10009, id:0001, type:6, len:3, p_val:0xc346ac28, *p_val:191115
06-03 15:32:44.189 I/bt_sdp ( 1168): packages/modules/Bluetooth/system/main/bte_logmsg.cc:115 LogMsg: SDP_AddAttribute: handle:10009, id:0004, type:6, len:24, p_val:0xbd62a3f6, *p_val:350619010009000F350E19000F0901003506090800090806
06-03 15:32:44.189 I/bt_sdp ( 1168): packages/modules/Bluetooth/system/main/bte_logmsg.cc:115 LogMsg: SDP_AddAttribute: handle:10009, id:0006, type:6, len:9, p_val:0xec4044f8, *p_val:09656E09006A090100
06-03 15:32:44.189 I/bt_sdp ( 1168): packages/modules/Bluetooth/system/main/bte_logmsg.cc:115 LogMsg: SDP_AddAttribute: handle:10009, id:0009, type:6, len:8, p_val:0xec4044f8, *p_val:3506191115090100
06-03 15:32:44.189 I/bt_sdp ( 1168): packages/modules/Bluetooth/system/main/bte_logmsg.cc:115 LogMsg: SDP_AddAttribute: handle:10009, id:0100, type:4, len:21, p_val:0xd07fcf10, *p_val:Android Network User
06-03 15:32:44.189 I/bt_sdp ( 1168): packages/modules/Bluetooth/system/main/bte_logmsg.cc:115 LogMsg: SDP_AddAttribute: handle:10009, id:0101, type:4, len:5, p_val:0xbd5f19c9, *p_val:PANU
06-03 15:32:44.189 I/bt_sdp ( 1168): packages/modules/Bluetooth/system/main/bte_logmsg.cc:115 LogMsg: SDP_AddAttribute: handle:10009, id:030A, type:1, len:2, p_val:0xbcba1d22, *p_val:0001
06-03 15:32:44.189 I/bt_sdp ( 1168): packages/modules/Bluetooth/system/main/bte_logmsg.cc:115 LogMsg: SDP_AddAttribute: handle:10009, id:0005, type:6, len:3, p_val:0xc346ac28, *p_val:191002
06-03 15:32:44.189 I/bt_bta_dm( 1168): packages/modules/Bluetooth/system/bta/dm/bta_dm_act.cc:3456 bta_dm_eir_update_uuid: EIR Adding UUID=0x1115 into extended inquiry response
06-03 15:32:44.189 I/bt_bta_dm( 1168): packages/modules/Bluetooth/system/bta/dm/bta_dm_act.cc:3155 bta_dm_set_eir: Generating extended inquiry response packet EIR
06-03 15:32:44.189 I/bt_btm ( 1168): packages/modules/Bluetooth/system/main/bte_logmsg.cc:112 LogMsg: Write Extended Inquiry Response to controller
06-03 15:32:44.189 I/bt_btif ( 1168): packages/modules/Bluetooth/system/main/bte_logmsg.cc:115 LogMsg: BTA_PAN_ENABLE_EVT
06-03 15:32:44.189 D/bt_shim_hci( 1168): packages/modules/Bluetooth/system/main/shim/hci_layer.cc:367 transmit_command: Sending command WRITE_EXTENDED_INQUIRY_RESPONSE
06-03 15:32:44.189 I/bt_pan ( 1168): packages/modules/Bluetooth/system/main/bte_logmsg.cc:112 LogMsg: PAN role set to: 5
06-03 15:32:44.189 I/bt_bta_dm( 1168): packages/modules/Bluetooth/system/bta/dm/bta_dm_act.cc:3456 bta_dm_eir_update_uuid: EIR Adding UUID=0x1116 into extended inquiry response
06-03 15:32:44.189 I/bt_bta_dm( 1168): packages/modules/Bluetooth/system/bta/dm/bta_dm_act.cc:3155 bta_dm_set_eir: Generating extended inquiry response packet EIR
06-03 15:32:44.189 I/bt_btm ( 1168): packages/modules/Bluetooth/system/main/bte_logmsg.cc:112 LogMsg: Write Extended Inquiry Response to controller
06-03 15:32:44.189 D/bt_shim_hci( 1168): packages/modules/Bluetooth/system/main/shim/hci_layer.cc:367 transmit_command: Sending command WRITE_EXTENDED_INQUIRY_RESPONSE
06-03 15:32:44.189 I/bt_bta_dm( 1168): packages/modules/Bluetooth/system/bta/dm/bta_dm_act.cc:3456 bta_dm_eir_update_uuid: EIR Adding UUID=0x1115 into extended inquiry response
06-03 15:32:44.189 I/bt_bta_dm( 1168): packages/modules/Bluetooth/system/bta/dm/bta_dm_act.cc:3155 bta_dm_set_eir: Generating extended inquiry response packet EIR
06-03 15:32:44.189 I/bt_btm ( 1168): packages/modules/Bluetooth/system/main/bte_logmsg.cc:112 LogMsg: Write Extended Inquiry Response to controller
06-03 15:32:44.189 D/bt_shim_hci( 1168): packages/modules/Bluetooth/system/main/shim/hci_layer.cc:367 transmit_command: Sending command WRITE_EXTENDED_INQUIRY_RESPONSE
06-03 15:32:44.189 I/bt_btif ( 1168): packages/modules/Bluetooth/system/main/bte_logmsg.cc:115 LogMsg: btif_transfer_context event 1, len 12
06-03 15:32:44.189 D/BluetoothPanServiceJni( 1168): control_state_callback(L60): state:0, local_role:3, ifname:bt-pan
06-03 15:32:44.190 W/system_server( 736): Long monitor contention with owner AudioService (897) at int com.android.server.audio.AudioService$VolumeStreamState.getIndex(int)(AudioService.java:8811) waiters=0 in java.util.Set com.android.server.audio.AudioService.getDeviceSetForStream(int) for 184ms
06-03 15:32:44.191 I/TetheringManager( 1168): registerTetheringEventCallback:com.android.bluetooth
06-03 15:32:44.192 D/BootAnimation( 255): BootAnimationStopTiming start time: 23220ms
06-03 15:32:44.192 I/TetheringManager( 1168): registerTetheringEventCallback caller:com.android.bluetooth
06-03 15:32:44.193 I/vol.Events( 945): writeEvent level_changed STREAM_RING 100
06-03 15:32:44.193 D/bt_shim_hci( 1168): packages/modules/Bluetooth/system/main/shim/hci_layer.cc:331 OnTransmitPacketCommandComplete: Received cmd complete for WRITE_EXTENDED_INQUIRY_RESPONSE
06-03 15:32:44.196 D/bt_shim_hci( 1168): packages/modules/Bluetooth/system/main/shim/hci_layer.cc:331 OnTransmitPacketCommandComplete: Received cmd complete for WRITE_EXTENDED_INQUIRY_RESPONSE
06-03 15:32:44.196 D/AvrcpVolumeManager( 1168): onAudioDevicesAdded: Not expecting device changed
06-03 15:32:44.197 I/libperfmgr( 489): Hint type not present in actions: EXPENSIVE_RENDERING
06-03 15:32:44.197 I/android.hardware.power-service.libperfmgr( 489): Power mode EXPENSIVE_RENDERING isModeSupported: 0
06-03 15:32:44.197 D/HeadsetPhoneState( 1168): sendDeviceStateChanged. mService=0 mSignal=0 mRoam=0 mBatteryCharge=3
06-03 15:32:44.198 D/xm_audio( 478): adev_get_parameters
06-03 15:32:44.198 D/CompatibilityChangeReporter( 1168): Compat change id reported: 150939131; UID 1002; state: ENABLED
06-03 15:32:44.199 D/bt_shim_hci( 1168): packages/modules/Bluetooth/system/main/shim/hci_layer.cc:331 OnTransmitPacketCommandComplete: Received cmd complete for WRITE_EXTENDED_INQUIRY_RESPONSE
06-03 15:32:44.199 D/AdapterProperties( 1168): onBluetoothReady, state=TURNING_ON, ScanMode=20
06-03 15:32:44.201 D/xm_audio( 478): adev_get_parameters
06-03 15:32:44.201 D/bt_shim_hci( 1168): packages/modules/Bluetooth/system/main/shim/hci_layer.cc:331 OnTransmitPacketCommandComplete: Received cmd complete for WRITE_EXTENDED_INQUIRY_RESPONSE
06-03 15:32:44.206 I/bt_btif ( 1168): packages/modules/Bluetooth/system/main/bte_logmsg.cc:112 LogMsg: btif_set_adapter_property type: 7, len 4, 0xd07fd3d4
06-03 15:32:44.206 I/bt_btif ( 1168): packages/modules/Bluetooth/system/main/bte_logmsg.cc:112 LogMsg: set property scan mode : 1
06-03 15:32:44.206 I/bt_btm ( 1168): packages/modules/Bluetooth/system/main/bte_logmsg.cc:112 LogMsg: BTM_SetDiscoverability
06-03 15:32:44.206 I/bt_btm ( 1168): packages/modules/Bluetooth/system/main/bte_logmsg.cc:112 LogMsg: btm_ble_set_discoverability mode=0x0 combined_mode=0x0
06-03 15:32:44.206 I/bt_btm ( 1168): packages/modules/Bluetooth/system/main/bte_logmsg.cc:112 LogMsg: evt_type=0x3 p-cb->evt_type=0x3
06-03 15:32:44.206 I/bt_btm ( 1168): packages/modules/Bluetooth/system/main/bte_logmsg.cc:112 LogMsg: BTM_SetDiscoverability: mode 0 [NonDisc-0, Lim-1, Gen-2]
06-03 15:32:44.206 D/bt_shim_hci( 1168): packages/modules/Bluetooth/system/main/shim/hci_layer.cc:367 transmit_command: Sending command WRITE_INQUIRY_SCAN_ACTIVITY
06-03 15:32:44.206 D/bt_shim_hci( 1168): packages/modules/Bluetooth/system/main/shim/hci_layer.cc:367 transmit_command: Sending command WRITE_SCAN_ENABLE
06-03 15:32:44.206 I/bt_btm ( 1168): packages/modules/Bluetooth/system/main/bte_logmsg.cc:112 LogMsg: BTM_SetConnectability page scan interval = (1024 * 0.625)ms
06-03 15:32:44.206 I/bt_btm ( 1168): packages/modules/Bluetooth/system/main/bte_logmsg.cc:112 LogMsg: btm_ble_set_connectability mode=0x0 combined_mode=0x1
06-03 15:32:44.206 I/bt_btm ( 1168): packages/modules/Bluetooth/system/main/bte_logmsg.cc:112 LogMsg: BTM_SetConnectability: mode 1 [NonConn-0, Conn-1]
06-03 15:32:44.207 D/bt_shim_hci( 1168): packages/modules/Bluetooth/system/main/shim/hci_layer.cc:367 transmit_command: Sending command WRITE_PAGE_SCAN_ACTIVITY
06-03 15:32:44.207 D/bt_shim_hci( 1168): packages/modules/Bluetooth/system/main/shim/hci_layer.cc:367 transmit_command: Sending command WRITE_SCAN_ENABLE
06-03 15:32:44.207 I/bt_btif ( 1168): packages/modules/Bluetooth/system/main/bte_logmsg.cc:112 LogMsg: type: 7, len 4, 0xd07fd3d4
06-03 15:32:44.207 I/bt_btif ( 1168): packages/modules/Bluetooth/system/main/bte_logmsg.cc:112 LogMsg: btif_set_adapter_property type: 9, len 4, 0xd07fd6d4
06-03 15:32:44.207 I/bt_btif ( 1168): packages/modules/Bluetooth/system/main/bte_logmsg.cc:112 LogMsg: type: 9, len 4, 0xd07fd6d4
06-03 15:32:44.207 D/BluetoothAdapterService( 1168): updateUuids() - Updating UUIDs for bonded devices
06-03 15:32:44.207 I/bt_btif ( 1168): packages/modules/Bluetooth/system/main/bte_logmsg.cc:112 LogMsg: operator(): HAL bt_hal_cbacks->adapter_properties_cb
06-03 15:32:44.209 D/bt_shim_hci( 1168): packages/modules/Bluetooth/system/main/shim/hci_layer.cc:331 OnTransmitPacketCommandComplete: Received cmd complete for WRITE_INQUIRY_SCAN_ACTIVITY
06-03 15:32:44.209 I/BluetoothAdapterService( 1168): initProfileServices: Initializing all bluetooth profile services
06-03 15:32:44.209 W/HeadsetClientService( 1168): getHeadsetClientService(): service is null
06-03 15:32:44.210 W/BluetoothMapService( 1168): getBluetoothMapService(): service is null
06-03 15:32:44.210 W/MapClientService( 1168): getMapClientService(): service is null
06-03 15:32:44.210 D/HidDeviceService( 1168): getHidDeviceService(): service is NULL
06-03 15:32:44.210 W/BluetoothPbapService( 1168): getBluetoothPbapService(): service is null
06-03 15:32:44.210 W/PbapClientService( 1168): getPbapClientService(): service is null
06-03 15:32:44.210 W/HapClientService( 1168): getHapClientService(): service is NULL
06-03 15:32:44.210 W/SapService( 1168): getSapService(): service is null
06-03 15:32:44.210 W/VolumeControlService( 1168): getVolumeControlService(): service is NULL
06-03 15:32:44.210 W/CsipSetCoordinatorService( 1168): getCsipSetCoordinatorService(): service is NULL
06-03 15:32:44.210 W/LeAudioService( 1168): getLeAudioService(): service is NULL
06-03 15:32:44.210 W/BassClientService( 1168): getBassClientService(): service is NULL
06-03 15:32:44.210 W/BatteryService( 1168): getBatteryService(): service is NULL
06-03 15:32:44.210 I/bt_btif ( 1168): packages/modules/Bluetooth/system/main/bte_logmsg.cc:112 LogMsg: btif_get_adapter_property 14
06-03 15:32:44.210 I/bt_btif ( 1168): packages/modules/Bluetooth/system/main/bte_logmsg.cc:112 LogMsg: btif_dm_get_adapter_property: type=0xe
06-03 15:32:44.211 I/bt_btif ( 1168): packages/modules/Bluetooth/system/main/bte_logmsg.cc:112 LogMsg: btif_get_adapter_property 16
06-03 15:32:44.211 I/bt_btif ( 1168): packages/modules/Bluetooth/system/main/bte_logmsg.cc:115 LogMsg: a2dp_offload.enable = 0
06-03 15:32:44.211 I/bt_btif ( 1168): packages/modules/Bluetooth/system/main/bte_logmsg.cc:115 LogMsg: btif_get_adapter_property Get buffer millis for A2DP software encoding
06-03 15:32:44.211 D/bt_shim_hci( 1168): packages/modules/Bluetooth/system/main/shim/hci_layer.cc:331 OnTransmitPacketCommandComplete: Received cmd complete for WRITE_SCAN_ENABLE
06-03 15:32:44.212 D/AdapterProperties( 1168): Scan Mode:21
06-03 15:32:44.212 I/bt_btif ( 1168): packages/modules/Bluetooth/system/main/bte_logmsg.cc:112 LogMsg: operator(): HAL bt_hal_cbacks->adapter_properties_cb
06-03 15:32:44.212 D/AdapterProperties( 1168): Discoverable Timeout:120
06-03 15:32:44.212 I/bt_btif ( 1168): packages/modules/Bluetooth/system/main/bte_logmsg.cc:112 LogMsg: operator(): HAL bt_hal_cbacks->adapter_properties_cb
06-03 15:32:44.212 D/AdapterProperties( 1168): mLocalIOCapability set to 1
06-03 15:32:44.212 I/bt_btif ( 1168): packages/modules/Bluetooth/system/main/bte_logmsg.cc:112 LogMsg: operator(): HAL bt_hal_cbacks->adapter_properties_cb
06-03 15:32:44.213 I/AdapterState( 1168): ON : entered
06-03 15:32:44.213 D/AdapterProperties( 1168): Setting state to ON
06-03 15:32:44.214 D/bt_shim_hci( 1168): packages/modules/Bluetooth/system/main/shim/hci_layer.cc:331 OnTransmitPacketCommandComplete: Received cmd complete for WRITE_PAGE_SCAN_ACTIVITY
06-03 15:32:44.214 D/BluetoothAdapterService( 1168): updateAdapterState() - Broadcasting state ON to 1 receivers.
06-03 15:32:44.214 D/BluetoothManagerService( 736): MESSAGE_BLUETOOTH_STATE_CHANGE: TURNING_ON > ON
06-03 15:32:44.214 D/BluetoothManagerService( 736): Broadcasting onBluetoothStateChange(true) to 13 receivers.
06-03 15:32:44.214 D/BluetoothHearingAid( 736): Binding service...
06-03 15:32:44.215 D/BluetoothManagerService( 736): Creating new ProfileServiceConnections object for profile: 21
06-03 15:32:44.216 D/bt_shim_hci( 1168): packages/modules/Bluetooth/system/main/shim/hci_layer.cc:331 OnTransmitPacketCommandComplete: Received cmd complete for WRITE_SCAN_ENABLE
06-03 15:32:44.217 D/CompatibilityChangeReporter( 736): Compat change id reported: 261072174; UID 1000; state: ENABLED
06-03 15:32:44.218 I/BluetoothCompanionManager( 1168): Companion device is null, type=0
06-03 15:32:44.219 D/BluetoothA2dp( 736): Binding service...
06-03 15:32:44.219 D/BluetoothManagerService( 736): Creating new ProfileServiceConnections object for profile: 2
06-03 15:32:44.220 I/BluetoothAdapterService( 1168): sendUuidsInternal: Received service discovery UUIDs for device XX:XX:XX:XX:C0:22
06-03 15:32:44.220 D/BluetoothAdapterService( 1168): index=0uuid=0000180f-0000-1000-8000-00805f9b34fb
06-03 15:32:44.220 D/BluetoothAdapterService( 1168): index=1uuid=00001812-0000-1000-8000-00805f9b34fb
06-03 15:32:44.220 I/BluetoothPhonePolicy( 1168): onUuidsDiscovered: discovered services for device XX:XX:XX:XX:C0:22
06-03 15:32:44.220 I/BluetoothPhonePolicy( 1168): processInitProfilePriorities() - device XX:XX:XX:XX:C0:22
06-03 15:32:44.220 W/LeAudioService( 1168): getLeAudioService(): service is NULL
06-03 15:32:44.220 W/CsipSetCoordinatorService( 1168): getCsipSetCoordinatorService(): service is NULL
06-03 15:32:44.220 W/VolumeControlService( 1168): getVolumeControlService(): service is NULL
06-03 15:32:44.220 W/HapClientService( 1168): getHapClientService(): service is NULL
06-03 15:32:44.220 W/BassClientService( 1168): getBassClientService(): service is NULL
06-03 15:32:44.220 W/BatteryService( 1168): getBatteryService(): service is NULL
06-03 15:32:44.220 V/BluetoothDatabase( 1168): getProfileConnectionPolicy: device XX:XX:XX:XX:C0:22 profile=HID_HOST, connectionPolicy=100
06-03 15:32:44.221 D/BluetoothLeAudioBroadcast( 736): Binding service...
06-03 15:32:44.221 W/BluetoothManagerService( 736): Cannot bind profile: 26, not in supported profiles list
06-03 15:32:44.221 D/BluetoothA2dp( 736): Binding service...
06-03 15:32:44.221 D/BluetoothA2dp( 736): Binding service...
06-03 15:32:44.221 D/BluetoothLeAudio( 736): Binding service...
06-03 15:32:44.222 W/BluetoothManagerService( 736): Cannot bind profile: 22, not in supported profiles list
06-03 15:32:44.222 D/BluetoothHearingAid( 736): Binding service...
06-03 15:32:44.222 D/BluetoothHearingAid( 736): Binding service...
06-03 15:32:44.222 D/BluetoothA2dpSink( 736): Binding service...
06-03 15:32:44.222 W/BluetoothManagerService( 736): Cannot bind profile: 11, not in supported profiles list
06-03 15:32:44.222 D/BluetoothLeAudio( 736): Binding service...
06-03 15:32:44.222 W/BluetoothManagerService( 736): Cannot bind profile: 22, not in supported profiles list
06-03 15:32:44.222 D/BluetoothLeAudio( 736): Binding service...
06-03 15:32:44.222 W/BluetoothManagerService( 736): Cannot bind profile: 22, not in supported profiles list
06-03 15:32:44.222 D/BluetoothHeadset( 736): Binding service...
06-03 15:32:44.222 D/BluetoothManagerService( 736): Creating new ProfileServiceConnections object for profile: 1
06-03 15:32:44.222 D/BluetoothHearingAid( 945): Binding service...
06-03 15:32:44.226 D/BluetoothManagerService( 736): Sending BLE State Change: TURNING_ON > ON
06-03 15:32:44.226 D/BluetoothManagerService( 736): Sending State Change: TURNING_ON > ON
06-03 15:32:44.244 W/[1 T284 .s] state_detect_cb( 0): stop bus detected state timer
06-03 15:32:44.236 D/ActiveDeviceManager( 1168): handleAdapterStateChanged: currentState=12
06-03 15:32:44.239 D/BluetoothAdapterService( 1168): isQuietModeEnabled() - Enabled = false
06-03 15:32:44.239 I/BluetoothPhonePolicy( 1168): autoConnect: Initiate auto connection on BT on...
06-03 15:32:44.239 D/BluetoothDatabase( 1168): getMostRecentlyConnectedA2dpDevice: Invalid address for device null
06-03 15:32:44.239 E/BluetoothPhonePolicy( 1168): autoConnect: most recently active a2dp device is null
06-03 15:32:44.239 D/BtOppService( 1168): start Socket Listeners
06-03 15:32:44.239 D/BtOppService( 1168): stopListeners: mServerSocket is null
06-03 15:32:44.240 D/ObexServerSockets( 1168): create(rfcomm = -2, l2capPsm = -2)
06-03 15:32:44.242 D/xm_audio( 478): adev_get_parameters
06-03 15:32:44.244 I/bt_btif_sock( 1168): packages/modules/Bluetooth/system/btif/src/btif_sock.cc:161 btif_sock_connection_logger: address=00:00:00:00:00:00, role=1, state=1
06-03 15:32:44.244 I/bt_btif_sock_rfcomm( 1168): packages/modules/Bluetooth/system/btif/src/btif_sock_rfc.cc:320 btsock_rfc_listen: Adding listening socket service_name: (null) - channel: -2
06-03 15:32:44.244 I/bt_btm ( 1168): packages/modules/Bluetooth/system/main/bte_logmsg.cc:115 LogMsg: BTM_AllocateSCN
06-03 15:32:44.245 I/bt_btif ( 1168): packages/modules/Bluetooth/system/main/bte_logmsg.cc:115 LogMsg: is_service_uuid_valid==false - don't set SDP-record, just start the RFCOMM server
06-03 15:32:44.245 I/bt_rfcomm( 1168): packages/modules/Bluetooth/system/main/bte_logmsg.cc:115 LogMsg: port_allocate_port: rfc_cb.port.port[13]:0xbdda0c50 chosen, last_port_index:13, bd_addr=ff:ff:ff:ff:ff:ff
06-03 15:32:44.245 I/bt_stack( 1168): [INFO:port_api.cc(220)] RFCOMM_CreateConnectionWithSecurity: bd_addr=ff:ff:ff:ff:ff:ff, scn=4, is_server=1, mtu=990, uuid=000000, dlci=8, signal_state=0x0b, p_port=0xbdda0c50
06-03 15:32:44.245 I/bt_rfcomm( 1168): packages/modules/Bluetooth/system/main/bte_logmsg.cc:112 LogMsg: PORT_SetEventCallback() handle:14
06-03 15:32:44.245 I/bt_rfcomm( 1168): packages/modules/Bluetooth/system/main/bte_logmsg.cc:112 LogMsg: PORT_SetEventMask() handle:14 mask:0x30005
06-03 15:32:44.245 I/bt_rfcomm( 1168): packages/modules/Bluetooth/system/main/bte_logmsg.cc:112 LogMsg: PORT_GetState() handle:14
06-03 15:32:44.245 I/bt_rfcomm( 1168): packages/modules/Bluetooth/system/main/bte_logmsg.cc:112 LogMsg: PORT_SetState() handle:14
06-03 15:32:44.245 I/bt_rfcomm( 1168): packages/modules/Bluetooth/system/main/bte_logmsg.cc:112 LogMsg: PORT_SetState() handle:14 FC_TYPE:0xc
06-03 15:32:44.245 I/bt_btif_sock( 1168): packages/modules/Bluetooth/system/btif/src/btif_sock.cc:161 btif_sock_connection_logger: address=00:00:00:00:00:00, role=1, state=1
06-03 15:32:44.245 I/bt_rfcomm( 1168): packages/modules/Bluetooth/system/main/bte_logmsg.cc:112 LogMsg: PORT_SetDataCOCallback() handle:14 cb 0xbd87a4d5
06-03 15:32:44.246 D/BluetoothAdapter( 1168): listenUsingInsecureL2capOn: port=-2
06-03 15:32:44.248 D/xm_audio( 478): adev_get_parameters
06-03 15:32:44.253 I/bt_btif_sock( 1168): packages/modules/Bluetooth/system/btif/src/btif_sock.cc:161 btif_sock_connection_logger: address=00:00:00:00:00:00, role=1, state=1
06-03 15:32:44.256 D/LocalBluetoothProfileManager( 945): Adding local A2DP profile
06-03 15:32:44.258 I/bluetooth( 1168): packages/modules/Bluetooth/system/btif/src/btif_sock_l2cap.cc:332 btsock_l2cap_alloc_l: Allocated l2cap socket structure socket_id:1
06-03 15:32:44.259 I/bt_btif ( 1168): packages/modules/Bluetooth/system/main/bte_logmsg.cc:115 LogMsg: Received PSM: 0x1001
06-03 15:32:44.259 I/bt_l2cap( 1168): packages/modules/Bluetooth/system/stack/l2cap/l2c_api.cc:172 L2CA_Register: L2CAP Registered service classic PSM: 0x1001
06-03 15:32:44.259 I/bt_btm ( 1168): packages/modules/Bluetooth/system/main/bte_logmsg.cc:112 LogMsg: BTM_SetSecurityLevel : sec: 0x0
06-03 15:32:44.259 D/bt_btm_sec( 1168): packages/modules/Bluetooth/system/stack/btm/btm_sec.cc:557 BTM_SetSecurityLevel: [10]: id:0, is_orig:false psm:0x1001 proto_id:0 chan_id:0 : sec:0x80 service_name:[] (up to 21 chars saved)
06-03 15:32:44.259 I/bt_btif_sock( 1168): packages/modules/Bluetooth/system/btif/src/btif_sock.cc:161 btif_sock_connection_logger: address=00:00:00:00:00:00, role=1, state=1
06-03 15:32:44.259 I/bluetooth( 1168): packages/modules/Bluetooth/system/btif/src/btif_sock_l2cap.cc:357 send_app_psm_or_chan_l: Sending l2cap socket socket_id:1 channel:4097
06-03 15:32:44.259 D/BluetoothAdapter( 1168): listenUsingInsecureL2capOn: set assigned channel to 4097
06-03 15:32:44.259 D/ObexServerSockets( 1168): Succeed to create listening sockets
06-03 15:32:44.259 D/ObexServerSockets0( 1168): startAccept()
06-03 15:32:44.260 D/BluetoothA2dp( 945): Binding service...
06-03 15:32:44.260 D/BluetoothSdpJni( 1168): sdpCreateOppOpsRecordNative
06-03 15:32:44.260 I/bt_btif ( 1168): packages/modules/Bluetooth/system/main/bte_logmsg.cc:115 LogMsg: create_sdp_record() handle = 0x00000000
06-03 15:32:44.260 D/BluetoothSdpJni( 1168): SDP Create record success - handle: 0
06-03 15:32:44.260 I/bt_btif ( 1168): packages/modules/Bluetooth/system/main/bte_logmsg.cc:115 LogMsg: Sdp Server on_create_record_event
06-03 15:32:44.261 I/bt_sdp ( 1168): packages/modules/Bluetooth/system/main/bte_logmsg.cc:115 LogMsg: SDP_CreateRecord ok, num_records:11
06-03 15:32:44.261 I/bt_sdp ( 1168): packages/modules/Bluetooth/system/main/bte_logmsg.cc:115 LogMsg: SDP_AddAttribute: handle:1000A, id:0000, type:1, len:4, p_val:0xbcba1d7c, *p_val:0001000A
06-03 15:32:44.261 I/bt_sdp ( 1168): packages/modules/Bluetooth/system/main/bte_logmsg.cc:115 LogMsg: SDP_AddAttribute: handle:1000A, id:0001, type:6, len:3, p_val:0xc346ac28, *p_val:191105
06-03 15:32:44.261 I/bt_sdp ( 1168): packages/modules/Bluetooth/system/main/bte_logmsg.cc:115 LogMsg: SDP_AddAttribute: handle:1000A, id:0004, type:6, len:17, p_val:0xc346ac28, *p_val:3503190100350519000308043503190008
06-03 15:32:44.261 I/bt_sdp ( 1168): packages/modules/Bluetooth/system/main/bte_logmsg.cc:115 LogMsg: SDP_AddAttribute: handle:1000A, id:0100, type:4, len:17, p_val:0xec5869e4, *p_val:OBEX Object Push
06-03 15:32:44.261 I/bt_sdp ( 1168): packages/modules/Bluetooth/system/main/bte_logmsg.cc:115 LogMsg: SDP_AddAttribute: handle:1000A, id:0009, type:6, len:8, p_val:0xec4044f8, *p_val:3506191105090102
06-03 15:32:44.261 I/bt_sdp ( 1168): packages/modules/Bluetooth/system/main/bte_logmsg.cc:115 LogMsg: SDP_AddAttribute: handle:1000A, id:0303, type:6, len:10, p_val:0xc346ac28, *p_val:080108020803080408FF
06-03 15:32:44.261 I/bt_sdp ( 1168): packages/modules/Bluetooth/system/main/bte_logmsg.cc:115 LogMsg: SDP_AddAttribute: handle:1000A, id:0200, type:1, len:2, p_val:0xbcba1dec, *p_val:1001
06-03 15:32:44.261 I/bt_sdp ( 1168): packages/modules/Bluetooth/system/main/bte_logmsg.cc:115 LogMsg: SDP_AddAttribute: handle:1000A, id:0005, type:6, len:3, p_val:0xc346ac28, *p_val:191002
06-03 15:32:44.261 D/bt_shim_hci( 1168): packages/modules/Bluetooth/system/main/shim/hci_layer.cc:367 transmit_command: Sending command WRITE_CLASS_OF_DEVICE
06-03 15:32:44.261 D/ObexServerSockets0( 1168): Accepting socket connection...
06-03 15:32:44.261 I/bt_bta_dm( 1168): packages/modules/Bluetooth/system/bta/dm/bta_dm_act.cc:3456 bta_dm_eir_update_uuid: EIR Adding UUID=0x1105 into extended inquiry response
06-03 15:32:44.261 I/bt_bta_dm( 1168): packages/modules/Bluetooth/system/bta/dm/bta_dm_act.cc:3155 bta_dm_set_eir: Generating extended inquiry response packet EIR
06-03 15:32:44.261 D/BluetoothSocket( 1168): accept(), timeout (ms):-1
06-03 15:32:44.261 I/bt_btm ( 1168): packages/modules/Bluetooth/system/main/bte_logmsg.cc:112 LogMsg: Write Extended Inquiry Response to controller
06-03 15:32:44.261 D/bt_shim_hci( 1168): packages/modules/Bluetooth/system/main/shim/hci_layer.cc:367 transmit_command: Sending command WRITE_EXTENDED_INQUIRY_RESPONSE
06-03 15:32:44.261 I/bt_btif ( 1168): packages/modules/Bluetooth/system/main/bte_logmsg.cc:115 LogMsg: add_opps_sdp(): SDP Registered (handle 0x0001000a)
06-03 15:32:44.261 I/bt_btif ( 1168): packages/modules/Bluetooth/system/main/bte_logmsg.cc:115 LogMsg: btif_enable_service: current services:0x20100048
06-03 15:32:44.261 I/bt_btif ( 1168): packages/modules/Bluetooth/system/main/bte_logmsg.cc:115 LogMsg: btif_in_execute_service_request service_id: 255
06-03 15:32:44.261 E/bt_btif ( 1168): packages/modules/Bluetooth/system/main/bte_logmsg.cc:105 LogMsg: toggleProfile: Unknown service 255 being enabled
06-03 15:32:44.261 D/BtOppService( 1168): mOppSdpHandle :0
06-03 15:32:44.262 D/xm_audio( 478): adev_get_parameters
06-03 15:32:44.262 D/ObexServerSockets0( 1168): Accepting socket connection...
06-03 15:32:44.262 D/BluetoothSocket( 1168): accept(), timeout (ms):-1
06-03 15:32:44.264 D/bt_shim_hci( 1168): packages/modules/Bluetooth/system/main/shim/hci_layer.cc:331 OnTransmitPacketCommandComplete: Received cmd complete for WRITE_CLASS_OF_DEVICE
06-03 15:32:44.265 D/LocalBluetoothProfileManager( 945): Adding local HEADSET profile
06-03 15:32:44.265 D/xm_audio( 478): adev_get_parameters
06-03 15:32:44.266 D/bt_shim_hci( 1168): packages/modules/Bluetooth/system/main/shim/hci_layer.cc:331 OnTransmitPacketCommandComplete: Received cmd complete for WRITE_EXTENDED_INQUIRY_RESPONSE
06-03 15:32:44.267 D/BluetoothHeadset( 945): Binding service...
06-03 15:32:44.268 D/LocalBluetoothProfileManager( 945): Adding local OPP profile
06-03 15:32:44.268 D/LocalBluetoothProfileManager( 945): Adding local HID_HOST profile
06-03 15:32:44.269 D/BluetoothHidHost( 945): Binding service...
06-03 15:32:44.270 D/BluetoothManagerService( 736): Creating new ProfileServiceConnections object for profile: 4
06-03 15:32:44.273 D/xm_audio( 478): adev_get_parameters
06-03 15:32:44.273 D/LocalBluetoothProfileManager( 945): Adding local PAN profile
06-03 15:32:44.274 D/xm_audio( 478): adev_get_parameters
06-03 15:32:44.274 D/BluetoothPan( 945): Binding service...
06-03 15:32:44.275 D/BluetoothManagerService( 736): Creating new ProfileServiceConnections object for profile: 5
06-03 15:32:44.279 D/xm_audio( 478): adev_get_parameters
06-03 15:32:44.281 D/xm_audio( 478): adev_get_parameters
06-03 15:32:44.285 D/xm_audio( 478): adev_get_parameters
06-03 15:32:44.286 D/xm_audio( 478): adev_get_parameters
06-03 15:32:44.292 D/LocalBluetoothProfileManager( 945): Current Profiles[]
06-03 15:32:44.292 D/xm_audio( 478): adev_get_parameters
06-03 15:32:44.292 D/LocalBluetoothProfileManager( 945): New Profiles[HID]
06-03 15:32:44.292 D/CachedBluetoothDevice( 945): updating profiles for XX:XX:XX:XX:C0:22
06-03 15:32:44.293 D/xm_audio( 478): adev_get_parameters
06-03 15:32:44.295 D/BluetoothAdapter( 945): getActiveDevices(profile= A2DP)
06-03 15:32:44.297 I/BluetoothAdapterService( 1168): getActiveDevices: A2dp device: null
06-03 15:32:44.297 D/BluetoothAdapter( 945): getActiveDevices(profile= HEADSET)
06-03 15:32:44.299 D/xm_audio( 478): adev_get_parameters
06-03 15:32:44.299 I/BluetoothAdapterService( 1168): getActiveDevices: Headset device: null
06-03 15:32:44.299 D/BluetoothAdapter( 945): getActiveDevices(profile= HEARING_AID)
06-03 15:32:44.300 D/xm_audio( 478): adev_get_parameters
06-03 15:32:44.301 I/BluetoothAdapterService( 1168): getActiveDevices: Hearing Aid devices: Left[null] - Right[null]
06-03 15:32:44.314 I/[2 T70 ..] binder( 0): undelivered transaction 31229, process died.
