06-03 15:33:05.005 I/SdkSandboxManager( 736): Reconciling sdk data package directories for 0
06-03 15:33:05.013 D/bluetooth( 1168): packages/modules/Bluetooth/system/gd/hci/le_scanning_reassembler.cc:64 ProcessAdvertisingReport: Dropping repeated legacy advertising data
06-03 15:33:05.031 D/bluetooth( 1168): packages/modules/Bluetooth/system/gd/hci/le_scanning_reassembler.cc:64 ProcessAdvertisingReport: Dropping repeated legacy advertising data
06-03 15:33:05.045 I/SogouIME( 1421): onKeyDown: keyoCode=22
06-03 15:33:05.045 I/DefaultIMS( 1421): onKeyDown: keyoCode=22
06-03 15:33:05.046 E/SecondScreen( 1542): FirstScreenLayoutView dispatchKeyEvent 22
06-03 15:33:05.055 D/bluetooth( 1168): packages/modules/Bluetooth/system/gd/hci/le_scanning_reassembler.cc:64 ProcessAdvertisingReport: Dropping repeated legacy advertising data
06-03 15:33:05.059 E/PersistableBundle( 533): Failed at frameworks/native/libs/binder/PersistableBundle.cpp:160 (erase)
06-03 15:33:05.060 I/audio_hw_hal_primary( 478): out_update_source_metadata_v7() line 2013 usage:1 content_type:2
06-03 15:33:05.081 D/bluetooth( 1168): packages/modules/Bluetooth/system/gd/hci/le_scanning_reassembler.cc:64 ProcessAdvertisingReport: Dropping repeated legacy advertising data
06-03 15:33:05.089 D/BufferPoolAccessor2.0( 736): bufferpool2 0xb849e868 : 0(0 size) total buffers - 0(0 size) used buffers - 2/7 (recycle/alloc) - 5/42 (fetch/transfer)
06-03 15:33:05.089 D/BufferPoolAccessor2.0( 736): evictor expired: 1, evicted: 1
06-03 15:33:05.090 D/BufferPoolAccessor2.0( 647): evictor expired: 6, evicted: 0
06-03 15:33:05.093 D/SntpClient( 736): request time failed: java.net.SocketTimeoutException: Poll timed out
06-03 15:33:05.094 D/TrafficStats( 736): tagSocket(426) with statsTag=0xffffff41, statsUid=-1
06-03 15:33:05.095 I/SogouIME( 1421): onKeyDown: keyoCode=22
06-03 15:33:05.095 I/DefaultIMS( 1421): onKeyDown: keyoCode=22
06-03 15:33:05.096 E/SecondScreen( 1542): FirstScreenLayoutView dispatchKeyEvent 22
06-03 15:33:05.102 E/PersistableBundle( 533): Failed at frameworks/native/libs/binder/PersistableBundle.cpp:160 (erase)
06-03 15:33:05.102 E/PersistableBundle( 533): Failed at frameworks/native/libs/binder/PersistableBundle.cpp:160 (erase)
06-03 15:33:05.102 I/audio_hw_hal_primary( 478): out_update_source_metadata_v7() line 2013 usage:1 content_type:2
06-03 15:33:05.104 D/bluetooth( 1168): packages/modules/Bluetooth/system/gd/hci/le_scanning_reassembler.cc:64 ProcessAdvertisingReport: Dropping repeated legacy advertising data
06-03 15:33:05.105 D/bluetooth( 1168): packages/modules/Bluetooth/system/gd/hci/le_scanning_reassembler.cc:64 ProcessAdvertisingReport: Dropping repeated legacy advertising data
06-03 15:33:05.134 D/bluetooth( 1168): packages/modules/Bluetooth/system/gd/hci/le_scanning_reassembler.cc:64 ProcessAdvertisingReport: Dropping repeated legacy advertising data
06-03 15:33:05.137 D/bluetooth( 1168): packages/modules/Bluetooth/system/gd/hci/le_scanning_reassembler.cc:64 ProcessAdvertisingReport: Dropping repeated legacy advertising data
06-03 15:33:05.145 E/PersistableBundle( 533): Failed at frameworks/native/libs/binder/PersistableBundle.cpp:160 (erase)
06-03 15:33:05.145 I/audio_hw_hal_primary( 478): out_update_source_metadata_v7() line 2013 usage:1 content_type:2
06-03 15:33:05.146 I/SogouIME( 1421): onKeyDown: keyoCode=22
06-03 15:33:05.147 I/DefaultIMS( 1421): onKeyDown: keyoCode=22
06-03 15:33:05.147 E/SecondScreen( 1542): FirstScreenLayoutView dispatchKeyEvent 22
06-03 15:33:05.154 D/bluetooth( 1168): packages/modules/Bluetooth/system/gd/hci/le_scanning_reassembler.cc:64 ProcessAdvertisingReport: Dropping repeated legacy advertising data
06-03 15:33:05.160 D/bluetooth( 1168): packages/modules/Bluetooth/system/gd/hci/le_scanning_reassembler.cc:64 ProcessAdvertisingReport: Dropping repeated legacy advertising data
06-03 15:33:05.165 D/bluetooth( 1168): packages/modules/Bluetooth/system/gd/hci/le_scanning_reassembler.cc:64 ProcessAdvertisingReport: Dropping repeated legacy advertising data
06-03 15:33:05.167 D/bluetooth( 1168): packages/modules/Bluetooth/system/gd/hci/le_scanning_reassembler.cc:64 ProcessAdvertisingReport: Dropping repeated legacy advertising data
06-03 15:33:05.192 D/bluetooth( 1168): packages/modules/Bluetooth/system/gd/hci/le_scanning_reassembler.cc:64 ProcessAdvertisingReport: Dropping repeated legacy advertising data
06-03 15:33:05.196 I/SogouIME( 1421): onKeyDown: keyoCode=22
06-03 15:33:05.196 I/DefaultIMS( 1421): onKeyDown: keyoCode=22
06-03 15:33:05.197 E/SecondScreen( 1542): FirstScreenLayoutView dispatchKeyEvent 22
06-03 15:33:05.206 D/bluetooth( 1168): packages/modules/Bluetooth/system/gd/hci/le_scanning_reassembler.cc:64 ProcessAdvertisingReport: Dropping repeated legacy advertising data
06-03 15:33:05.213 D/bluetooth( 1168): packages/modules/Bluetooth/system/gd/hci/le_scanning_reassembler.cc:64 ProcessAdvertisingReport: Dropping repeated legacy advertising data
06-03 15:33:05.232 D/bluetooth( 1168): packages/modules/Bluetooth/system/gd/hci/le_scanning_reassembler.cc:64 ProcessAdvertisingReport: Dropping repeated legacy advertising data
06-03 15:33:05.238 D/bluetooth( 1168): packages/modules/Bluetooth/system/gd/hci/le_scanning_reassembler.cc:64 ProcessAdvertisingReport: Dropping repeated legacy advertising data
06-03 15:33:05.247 I/SogouIME( 1421): onKeyDown: keyoCode=22
06-03 15:33:05.247 I/DefaultIMS( 1421): onKeyDown: keyoCode=22
06-03 15:33:05.248 E/SecondScreen( 1542): FirstScreenLayoutView dispatchKeyEvent 22
06-03 15:33:05.253 I/keystore2( 287): system/security/keystore2/src/watchdog.rs:319 - Watchdog thread idle -> terminating. Have a great day.
06-03 15:33:05.267 D/bluetooth( 1168): packages/modules/Bluetooth/system/gd/hci/le_scanning_reassembler.cc:64 ProcessAdvertisingReport: Dropping repeated legacy advertising data
06-03 15:33:05.272 D/bluetooth( 1168): packages/modules/Bluetooth/system/gd/hci/le_scanning_reassembler.cc:64 ProcessAdvertisingReport: Dropping repeated legacy advertising data
06-03 15:33:05.297 I/SogouIME( 1421): onKeyDown: keyoCode=22
06-03 15:33:05.298 I/DefaultIMS( 1421): onKeyDown: keyoCode=22
06-03 15:33:05.298 E/SecondScreen( 1542): FirstScreenLayoutView dispatchKeyEvent 22
06-03 15:33:05.303 D/bluetooth( 1168): packages/modules/Bluetooth/system/gd/hci/le_scanning_reassembler.cc:64 ProcessAdvertisingReport: Dropping repeated legacy advertising data
06-03 15:33:05.315 E/PersistableBundle( 533): Failed at frameworks/native/libs/binder/PersistableBundle.cpp:160 (erase)
06-03 15:33:05.316 I/audio_hw_hal_primary( 478): out_update_source_metadata_v7() line 2013 usage:1 content_type:2
06-03 15:33:05.336 D/bluetooth( 1168): packages/modules/Bluetooth/system/gd/hci/le_scanning_reassembler.cc:64 ProcessAdvertisingReport: Dropping repeated legacy advertising data
06-03 15:33:05.338 D/bluetooth( 1168): packages/modules/Bluetooth/system/gd/hci/le_scanning_reassembler.cc:64 ProcessAdvertisingReport: Dropping repeated legacy advertising data
06-03 15:33:05.345 D/bluetooth( 1168): packages/modules/Bluetooth/system/gd/hci/le_scanning_reassembler.cc:64 ProcessAdvertisingReport: Dropping repeated legacy advertising data
06-03 15:33:05.348 I/SogouIME( 1421): onKeyDown: keyoCode=22
06-03 15:33:05.348 I/DefaultIMS( 1421): onKeyDown: keyoCode=22
06-03 15:33:05.348 E/SecondScreen( 1542): FirstScreenLayoutView dispatchKeyEvent 22
06-03 15:33:05.358 E/PersistableBundle( 533): Failed at frameworks/native/libs/binder/PersistableBundle.cpp:160 (erase)
06-03 15:33:05.358 E/PersistableBundle( 533): Failed at frameworks/native/libs/binder/PersistableBundle.cpp:160 (erase)
06-03 15:33:05.358 I/audio_hw_hal_primary( 478): out_update_source_metadata_v7() line 2013 usage:1 content_type:2
06-03 15:33:05.370 D/bluetooth( 1168): packages/modules/Bluetooth/system/gd/hci/le_scanning_reassembler.cc:64 ProcessAdvertisingReport: Dropping repeated legacy advertising data
06-03 15:33:05.382 D/bluetooth( 1168): packages/modules/Bluetooth/system/gd/hci/le_scanning_reassembler.cc:64 ProcessAdvertisingReport: Dropping repeated legacy advertising data
06-03 15:33:05.398 I/SogouIME( 1421): onKeyDown: keyoCode=22
06-03 15:33:05.398 I/DefaultIMS( 1421): onKeyDown: keyoCode=22
06-03 15:33:05.399 E/SecondScreen( 1542): FirstScreenLayoutView dispatchKeyEvent 22
06-03 15:33:05.401 D/bluetooth( 1168): packages/modules/Bluetooth/system/gd/hci/le_scanning_reassembler.cc:64 ProcessAdvertisingReport: Dropping repeated legacy advertising data
06-03 15:33:05.401 E/PersistableBundle( 533): Failed at frameworks/native/libs/binder/PersistableBundle.cpp:160 (erase)
06-03 15:33:05.401 E/PersistableBundle( 533): Failed at frameworks/native/libs/binder/PersistableBundle.cpp:160 (erase)
06-03 15:33:05.402 D/bluetooth( 1168): packages/modules/Bluetooth/system/gd/hci/le_scanning_reassembler.cc:64 ProcessAdvertisingReport: Dropping repeated legacy advertising data
06-03 15:33:05.402 I/audio_hw_hal_primary( 478): out_update_source_metadata_v7() line 2013 usage:1 content_type:2
06-03 15:33:05.440 D/bluetooth( 1168): packages/modules/Bluetooth/system/gd/hci/le_scanning_reassembler.cc:64 ProcessAdvertisingReport: Dropping repeated legacy advertising data
06-03 15:33:05.443 E/PersistableBundle( 533): Failed at frameworks/native/libs/binder/PersistableBundle.cpp:160 (erase)
06-03 15:33:05.444 I/audio_hw_hal_primary( 478): out_update_source_metadata_v7() line 2013 usage:1 content_type:2
06-03 15:33:05.447 D/bluetooth( 1168): packages/modules/Bluetooth/system/gd/hci/le_scanning_reassembler.cc:64 ProcessAdvertisingReport: Dropping repeated legacy advertising data
06-03 15:33:05.449 I/SogouIME( 1421): onKeyDown: keyoCode=22
06-03 15:33:05.449 I/DefaultIMS( 1421): onKeyDown: keyoCode=22
06-03 15:33:05.450 E/SecondScreen( 1542): FirstScreenLayoutView dispatchKeyEvent 22
06-03 15:33:05.479 W/oid.tv.settings( 1328): Cleared Reference was only reachable from finalizer (only reported once)
06-03 15:33:05.499 I/SogouIME( 1421): onKeyDown: keyoCode=22
06-03 15:33:05.499 I/DefaultIMS( 1421): onKeyDown: keyoCode=22
06-03 15:33:05.500 E/SecondScreen( 1542): FirstScreenLayoutView dispatchKeyEvent 22
06-03 15:33:05.504 D/bluetooth( 1168): packages/modules/Bluetooth/system/gd/hci/le_scanning_reassembler.cc:64 ProcessAdvertisingReport: Dropping repeated legacy advertising data
06-03 15:33:05.548 D/bluetooth( 1168): packages/modules/Bluetooth/system/gd/hci/le_scanning_reassembler.cc:64 ProcessAdvertisingReport: Dropping repeated legacy advertising data
06-03 15:33:05.550 I/SogouIME( 1421): onKeyDown: keyoCode=22
06-03 15:33:05.551 I/DefaultIMS( 1421): onKeyDown: keyoCode=22
06-03 15:33:05.551 E/SecondScreen( 1542): FirstScreenLayoutView dispatchKeyEvent 22
06-03 15:33:05.577 D/bluetooth( 1168): packages/modules/Bluetooth/system/gd/hci/le_scanning_reassembler.cc:64 ProcessAdvertisingReport: Dropping repeated legacy advertising data
06-03 15:33:05.600 I/SogouIME( 1421): onKeyDown: keyoCode=22
06-03 15:33:05.600 I/DefaultIMS( 1421): onKeyDown: keyoCode=22
06-03 15:33:05.601 E/SecondScreen( 1542): FirstScreenLayoutView dispatchKeyEvent 22
06-03 15:33:05.614 E/PersistableBundle( 533): Failed at frameworks/native/libs/binder/PersistableBundle.cpp:160 (erase)
06-03 15:33:05.614 I/audio_hw_hal_primary( 478): out_update_source_metadata_v7() line 2013 usage:1 content_type:2
06-03 15:33:05.638 D/bluetooth( 1168): packages/modules/Bluetooth/system/gd/hci/le_scanning_reassembler.cc:64 ProcessAdvertisingReport: Dropping repeated legacy advertising data
06-03 15:33:05.652 I/SogouIME( 1421): onKeyDown: keyoCode=22
06-03 15:33:05.652 I/DefaultIMS( 1421): onKeyDown: keyoCode=22
06-03 15:33:05.652 E/SecondScreen( 1542): FirstScreenLayoutView dispatchKeyEvent 22
06-03 15:33:05.656 D/bluetooth( 1168): packages/modules/Bluetooth/system/gd/hci/le_scanning_reassembler.cc:64 ProcessAdvertisingReport: Dropping repeated legacy advertising data
06-03 15:33:05.656 E/PersistableBundle( 533): Failed at frameworks/native/libs/binder/PersistableBundle.cpp:160 (erase)
06-03 15:33:05.656 E/PersistableBundle( 533): Failed at frameworks/native/libs/binder/PersistableBundle.cpp:160 (erase)
06-03 15:33:05.657 I/audio_hw_hal_primary( 478): out_update_source_metadata_v7() line 2013 usage:1 content_type:2
06-03 15:33:05.665 D/bluetooth( 1168): packages/modules/Bluetooth/system/gd/hci/le_scanning_reassembler.cc:64 ProcessAdvertisingReport: Dropping repeated legacy advertising data
06-03 15:33:05.699 I/audio_hw_hal_stream( 478): aml_stream_out_info_print: out:0xef5c2b30, stream_type:pcm, sync_mode:non tunnel, input_size:1662976 bytes
06-03 15:33:05.699 I/audio_hw_hal_stream( 478): aml_stream_out_info_print: last_time:44682 ms (sec:44, nsec:682256812), last_position:8460 ms (406096), cur_time:44724 ms (sec:44, nsec:724423395), cur_position:8503 ms (408144)
06-03 15:33:05.699 I/audio_hw_hal_stream( 478): aml_stream_out_info_print: time_gap:42 ms (thr:100 ms), position_gap:42 ms, delay:158 ms, jitter: Position gap is ahead of system time gap by 0 ms (thr:100 ms)
06-03 15:33:05.699 E/PersistableBundle( 533): Failed at frameworks/native/libs/binder/PersistableBundle.cpp:160 (erase)
06-03 15:33:05.700 I/audio_hw_hal_primary( 478): out_update_source_metadata_v7() line 2013 usage:1 content_type:2
06-03 15:33:05.702 I/SogouIME( 1421): onKeyDown: keyoCode=22
06-03 15:33:05.702 I/DefaultIMS( 1421): onKeyDown: keyoCode=22
06-03 15:33:05.702 E/SecondScreen( 1542): FirstScreenLayoutView dispatchKeyEvent 22
06-03 15:33:05.717 D/bluetooth( 1168): packages/modules/Bluetooth/system/gd/hci/le_scanning_reassembler.cc:64 ProcessAdvertisingReport: Dropping repeated legacy advertising data
06-03 15:33:05.753 I/SogouIME( 1421): onKeyDown: keyoCode=22
06-03 15:33:05.753 I/DefaultIMS( 1421): onKeyDown: keyoCode=22
06-03 15:33:05.754 E/SecondScreen( 1542): FirstScreenLayoutView dispatchKeyEvent 22
06-03 15:33:05.764 D/bluetooth( 1168): packages/modules/Bluetooth/system/gd/hci/le_scanning_reassembler.cc:64 ProcessAdvertisingReport: Dropping repeated legacy advertising data
06-03 15:33:05.766 D/bluetooth( 1168): packages/modules/Bluetooth/system/gd/hci/le_scanning_reassembler.cc:64 ProcessAdvertisingReport: Dropping repeated legacy advertising data
06-03 15:33:05.791 D/bluetooth( 1168): packages/modules/Bluetooth/system/gd/hci/le_scanning_reassembler.cc:64 ProcessAdvertisingReport: Dropping repeated legacy advertising data
06-03 15:33:05.800 D/bluetooth( 1168): packages/modules/Bluetooth/system/gd/hci/le_scanning_reassembler.cc:64 ProcessAdvertisingReport: Dropping repeated legacy advertising data
06-03 15:33:05.804 I/SogouIME( 1421): onKeyDown: keyoCode=22
06-03 15:33:05.804 I/DefaultIMS( 1421): onKeyDown: keyoCode=22
06-03 15:33:05.804 E/SecondScreen( 1542): FirstScreenLayoutView dispatchKeyEvent 22
06-03 15:33:05.822 D/bluetooth( 1168): packages/modules/Bluetooth/system/gd/hci/le_scanning_reassembler.cc:64 ProcessAdvertisingReport: Dropping repeated legacy advertising data
06-03 15:33:05.831 D/bluetooth( 1168): packages/modules/Bluetooth/system/gd/hci/le_scanning_reassembler.cc:64 ProcessAdvertisingReport: Dropping repeated legacy advertising data
06-03 15:33:05.840 D/bluetooth( 1168): packages/modules/Bluetooth/system/gd/hci/le_scanning_reassembler.cc:64 ProcessAdvertisingReport: Dropping repeated legacy advertising data
06-03 15:33:05.852 D/bluetooth( 1168): packages/modules/Bluetooth/system/gd/hci/le_scanning_reassembler.cc:64 ProcessAdvertisingReport: Dropping repeated legacy advertising data
06-03 15:33:05.855 I/SogouIME( 1421): onKeyDown: keyoCode=22
06-03 15:33:05.855 I/DefaultIMS( 1421): onKeyDown: keyoCode=22
06-03 15:33:05.855 E/SecondScreen( 1542): FirstScreenLayoutView dispatchKeyEvent 22
06-03 15:33:05.870 E/PersistableBundle( 533): Failed at frameworks/native/libs/binder/PersistableBundle.cpp:160 (erase)
06-03 15:33:05.870 I/audio_hw_hal_primary( 478): out_update_source_metadata_v7() line 2013 usage:1 content_type:2
06-03 15:33:05.899 D/bluetooth( 1168): packages/modules/Bluetooth/system/gd/hci/le_scanning_reassembler.cc:64 ProcessAdvertisingReport: Dropping repeated legacy advertising data
06-03 15:33:05.905 I/SogouIME( 1421): onKeyDown: keyoCode=22
06-03 15:33:05.905 I/DefaultIMS( 1421): onKeyDown: keyoCode=22
06-03 15:33:05.906 E/SecondScreen( 1542): FirstScreenLayoutView dispatchKeyEvent 22
06-03 15:33:05.912 D/bluetooth( 1168): packages/modules/Bluetooth/system/gd/hci/le_scanning_reassembler.cc:64 ProcessAdvertisingReport: Dropping repeated legacy advertising data
06-03 15:33:05.913 E/PersistableBundle( 533): Failed at frameworks/native/libs/binder/PersistableBundle.cpp:160 (erase)
06-03 15:33:05.913 E/PersistableBundle( 533): Failed at frameworks/native/libs/binder/PersistableBundle.cpp:160 (erase)
06-03 15:33:05.913 I/audio_hw_hal_primary( 478): out_update_source_metadata_v7() line 2013 usage:1 content_type:2
06-03 15:33:05.925 D/bluetooth( 1168): packages/modules/Bluetooth/system/gd/hci/le_scanning_reassembler.cc:64 ProcessAdvertisingReport: Dropping repeated legacy advertising data
06-03 15:33:05.942 D/bluetooth( 1168): packages/modules/Bluetooth/system/gd/hci/le_scanning_reassembler.cc:64 ProcessAdvertisingReport: Dropping repeated legacy advertising data
06-03 15:33:05.955 E/PersistableBundle( 533): Failed at frameworks/native/libs/binder/PersistableBundle.cpp:160 (erase)
06-03 15:33:05.955 E/PersistableBundle( 533): Failed at frameworks/native/libs/binder/PersistableBundle.cpp:160 (erase)
06-03 15:33:05.956 I/audio_hw_hal_primary( 478): out_update_source_metadata_v7() line 2013 usage:1 content_type:2
06-03 15:33:05.956 I/SogouIME( 1421): onKeyDown: keyoCode=22
06-03 15:33:05.956 I/DefaultIMS( 1421): onKeyDown: keyoCode=22
06-03 15:33:05.957 E/SecondScreen( 1542): FirstScreenLayoutView dispatchKeyEvent 22
06-03 15:33:05.981 D/bluetooth( 1168): packages/modules/Bluetooth/system/gd/hci/le_scanning_reassembler.cc:64 ProcessAdvertisingReport: Dropping repeated legacy advertising data
06-03 15:33:05.998 E/PersistableBundle( 533): Failed at frameworks/native/libs/binder/PersistableBundle.cpp:160 (erase)
06-03 15:33:05.998 I/audio_hw_hal_primary( 478): out_update_source_metadata_v7() line 2013 usage:1 content_type:2
06-03 15:33:05.999 D/bluetooth( 1168): packages/modules/Bluetooth/system/gd/hci/le_scanning_reassembler.cc:64 ProcessAdvertisingReport: Dropping repeated legacy advertising data
06-03 15:33:06.002 D/bluetooth( 1168): packages/modules/Bluetooth/system/gd/hci/le_scanning_reassembler.cc:64 ProcessAdvertisingReport: Dropping repeated legacy advertising data
06-03 15:33:06.003 D/bluetooth( 1168): packages/modules/Bluetooth/system/gd/hci/le_scanning_reassembler.cc:64 ProcessAdvertisingReport: Dropping repeated legacy advertising data
06-03 15:33:06.007 I/SogouIME( 1421): onKeyDown: keyoCode=22
06-03 15:33:06.007 I/DefaultIMS( 1421): onKeyDown: keyoCode=22
06-03 15:33:06.007 E/SecondScreen( 1542): FirstScreenLayoutView dispatchKeyEvent 22
06-03 15:33:06.022 D/bluetooth( 1168): packages/modules/Bluetooth/system/gd/hci/le_scanning_reassembler.cc:64 ProcessAdvertisingReport: Dropping repeated legacy advertising data
06-03 15:33:06.025 D/bluetooth( 1168): packages/modules/Bluetooth/system/gd/hci/le_scanning_reassembler.cc:64 ProcessAdvertisingReport: Dropping repeated legacy advertising data
06-03 15:33:06.031 D/bluetooth( 1168): packages/modules/Bluetooth/system/gd/hci/le_scanning_reassembler.cc:64 ProcessAdvertisingReport: Dropping repeated legacy advertising data
06-03 15:33:06.042 D/bluetooth( 1168): packages/modules/Bluetooth/system/gd/hci/le_scanning_reassembler.cc:64 ProcessAdvertisingReport: Dropping repeated legacy advertising data
06-03 15:33:06.057 I/SogouIME( 1421): onKeyDown: keyoCode=22
06-03 15:33:06.057 I/DefaultIMS( 1421): onKeyDown: keyoCode=22
06-03 15:33:06.057 E/SecondScreen( 1542): FirstScreenLayoutView dispatchKeyEvent 22
06-03 15:33:06.080 D/bluetooth( 1168): packages/modules/Bluetooth/system/gd/hci/le_scanning_reassembler.cc:64 ProcessAdvertisingReport: Dropping repeated legacy advertising data
06-03 15:33:06.089 D/BufferPoolAccessor2.0( 736): bufferpool2 0xb84a8288 : 0(0 size) total buffers - 0(0 size) used buffers - 2/7 (recycle/alloc) - 5/60 (fetch/transfer)
06-03 15:33:06.089 D/BufferPoolAccessor2.0( 736): bufferpool2 0xb8491068 : 0(0 size) total buffers - 0(0 size) used buffers - 2/7 (recycle/alloc) - 5/50 (fetch/transfer)
06-03 15:33:06.089 D/BufferPoolAccessor2.0( 736): evictor expired: 8, evicted: 2
06-03 15:33:06.090 D/BufferPoolAccessor2.0( 647): bufferpool2 0xee782668 : 0(0 size) total buffers - 0(0 size) used buffers - 24/28 (recycle/alloc) - 4/27 (fetch/transfer)
06-03 15:33:06.090 D/BufferPoolAccessor2.0( 647): bufferpool2 0xee782e48 : 0(0 size) total buffers - 0(0 size) used buffers - 21/23 (recycle/alloc) - 2/22 (fetch/transfer)
06-03 15:33:06.090 D/BufferPoolAccessor2.0( 647): bufferpool2 0xee7806e8 : 0(0 size) total buffers - 0(0 size) used buffers - 16/19 (recycle/alloc) - 3/18 (fetch/transfer)
06-03 15:33:06.090 D/BufferPoolAccessor2.0( 647): evictor expired: 3, evicted: 3
06-03 15:33:06.102 D/bluetooth( 1168): packages/modules/Bluetooth/system/gd/hci/le_scanning_reassembler.cc:64 ProcessAdvertisingReport: Dropping repeated legacy advertising data
06-03 15:33:06.107 I/SogouIME( 1421): onKeyDown: keyoCode=22
06-03 15:33:06.107 I/DefaultIMS( 1421): onKeyDown: keyoCode=22
06-03 15:33:06.107 E/SecondScreen( 1542): FirstScreenLayoutView dispatchKeyEvent 22
06-03 15:33:06.116 D/bluetooth( 1168): packages/modules/Bluetooth/system/gd/hci/le_scanning_reassembler.cc:64 ProcessAdvertisingReport: Dropping repeated legacy advertising data
06-03 15:33:06.117 D/bluetooth( 1168): packages/modules/Bluetooth/system/gd/hci/le_scanning_reassembler.cc:64 ProcessAdvertisingReport: Dropping repeated legacy advertising data
06-03 15:33:06.126 E/PersistableBundle( 533): Failed at frameworks/native/libs/binder/PersistableBundle.cpp:160 (erase)
06-03 15:33:06.126 I/audio_hw_hal_primary( 478): out_update_source_metadata_v7() line 2013 usage:1 content_type:2
06-03 15:33:06.149 D/bluetooth( 1168): packages/modules/Bluetooth/system/gd/hci/le_scanning_reassembler.cc:64 ProcessAdvertisingReport: Dropping repeated legacy advertising data
06-03 15:33:06.159 I/SogouIME( 1421): onKeyDown: keyoCode=22
06-03 15:33:06.159 I/DefaultIMS( 1421): onKeyDown: keyoCode=22
06-03 15:33:06.160 E/SecondScreen( 1542): FirstScreenLayoutView dispatchKeyEvent 22
06-03 15:33:06.168 E/PersistableBundle( 533): Failed at frameworks/native/libs/binder/PersistableBundle.cpp:160 (erase)
06-03 15:33:06.169 I/audio_hw_hal_primary( 478): out_update_source_metadata_v7() line 2013 usage:1 content_type:2
06-03 15:33:06.191 D/bluetooth( 1168): packages/modules/Bluetooth/system/gd/hci/le_scanning_reassembler.cc:64 ProcessAdvertisingReport: Dropping repeated legacy advertising data
06-03 15:33:06.200 D/bluetooth( 1168): packages/modules/Bluetooth/system/gd/hci/le_scanning_reassembler.cc:64 ProcessAdvertisingReport: Dropping repeated legacy advertising data
06-03 15:33:06.207 D/bluetooth( 1168): packages/modules/Bluetooth/system/gd/hci/le_scanning_reassembler.cc:64 ProcessAdvertisingReport: Dropping repeated legacy advertising data
06-03 15:33:06.209 I/SogouIME( 1421): onKeyDown: keyoCode=22
06-03 15:33:06.209 I/DefaultIMS( 1421): onKeyDown: keyoCode=22
06-03 15:33:06.209 E/SecondScreen( 1542): FirstScreenLayoutView dispatchKeyEvent 22
06-03 15:33:06.211 D/bluetooth( 1168): packages/modules/Bluetooth/system/gd/hci/le_scanning_reassembler.cc:64 ProcessAdvertisingReport: Dropping repeated legacy advertising data
06-03 15:33:06.217 D/bluetooth( 1168): packages/modules/Bluetooth/system/gd/hci/le_scanning_reassembler.cc:64 ProcessAdvertisingReport: Dropping repeated legacy advertising data
06-03 15:33:06.226 D/bluetooth( 1168): packages/modules/Bluetooth/system/gd/hci/le_scanning_reassembler.cc:64 ProcessAdvertisingReport: Dropping repeated legacy advertising data
06-03 15:33:06.254 I/audio_hw_hal_primary( 478): [audiohal_get_latency:1333] io 13: out:0xef5c2b30 frames:1152 rate:48000 whole_latency:24 alsa_latency:24
06-03 15:33:06.259 I/SogouIME( 1421): onKeyDown: keyoCode=22
06-03 15:33:06.259 I/DefaultIMS( 1421): onKeyDown: keyoCode=22
06-03 15:33:06.259 E/SecondScreen( 1542): FirstScreenLayoutView dispatchKeyEvent 22
06-03 15:33:06.276 I/WifiHAL ( 512): call wifi_get_link_stats handler
06-03 15:33:06.276 I/WifiHAL ( 512): Creating message to get link statistics; iface = 16
06-03 15:33:06.276 D/WifiHAL ( 512): error code -95 mapped to -3
06-03 15:33:06.276 E/WifiStaIfaceAidlImpl( 736): getLinkLayerStats failed with service-specific exception: android.os.ServiceSpecificException: (code 4)
06-03 15:33:06.297 D/bluetooth( 1168): packages/modules/Bluetooth/system/gd/hci/le_scanning_reassembler.cc:64 ProcessAdvertisingReport: Dropping repeated legacy advertising data
06-03 15:33:06.308 D/bluetooth( 1168): packages/modules/Bluetooth/system/gd/hci/le_scanning_reassembler.cc:64 ProcessAdvertisingReport: Dropping repeated legacy advertising data
06-03 15:33:06.308 I/SogouIME( 1421): onKeyDown: keyoCode=22
06-03 15:33:06.308 I/DefaultIMS( 1421): onKeyDown: keyoCode=22
06-03 15:33:06.309 E/SecondScreen( 1542): FirstScreenLayoutView dispatchKeyEvent 22
06-03 15:33:06.315 D/bluetooth( 1168): packages/modules/Bluetooth/system/gd/hci/le_scanning_reassembler.cc:64 ProcessAdvertisingReport: Dropping repeated legacy advertising data
06-03 15:33:06.316 D/bluetooth( 1168): packages/modules/Bluetooth/system/gd/hci/le_scanning_reassembler.cc:64 ProcessAdvertisingReport: Dropping repeated legacy advertising data
06-03 15:33:06.318 D/bluetooth( 1168): packages/modules/Bluetooth/system/gd/hci/le_scanning_reassembler.cc:64 ProcessAdvertisingReport: Dropping repeated legacy advertising data
06-03 15:33:06.325 D/OomAdjuster( 736): Not killing cached processes
06-03 15:33:06.337 D/bluetooth( 1168): packages/modules/Bluetooth/system/gd/hci/le_scanning_reassembler.cc:64 ProcessAdvertisingReport: Dropping repeated legacy advertising data
06-03 15:33:06.352 D/bluetooth( 1168): packages/modules/Bluetooth/system/gd/hci/le_scanning_reassembler.cc:64 ProcessAdvertisingReport: Dropping repeated legacy advertising data
06-03 15:33:06.361 I/SogouIME( 1421): onKeyDown: keyoCode=22
06-03 15:33:06.361 I/DefaultIMS( 1421): onKeyDown: keyoCode=22
06-03 15:33:06.363 E/SecondScreen( 1542): FirstScreenLayoutView dispatchKeyEvent 22
06-03 15:33:06.373 D/bluetooth( 1168): packages/modules/Bluetooth/system/gd/hci/le_scanning_reassembler.cc:64 ProcessAdvertisingReport: Dropping repeated legacy advertising data
06-03 15:33:06.409 I/SogouIME( 1421): onKeyDown: keyoCode=22
06-03 15:33:06.409 I/DefaultIMS( 1421): onKeyDown: keyoCode=22
06-03 15:33:06.409 E/SecondScreen( 1542): FirstScreenLayoutView dispatchKeyEvent 22
06-03 15:33:06.424 E/PersistableBundle( 533): Failed at frameworks/native/libs/binder/PersistableBundle.cpp:160 (erase)
06-03 15:33:06.425 I/audio_hw_hal_primary( 478): out_update_source_metadata_v7() line 2013 usage:1 content_type:2
06-03 15:33:06.438 D/bluetooth( 1168): packages/modules/Bluetooth/system/gd/hci/le_scanning_reassembler.cc:64 ProcessAdvertisingReport: Dropping repeated legacy advertising data
06-03 15:33:06.444 D/bluetooth( 1168): packages/modules/Bluetooth/system/gd/hci/le_scanning_reassembler.cc:64 ProcessAdvertisingReport: Dropping repeated legacy advertising data
06-03 15:33:06.461 D/bluetooth( 1168): packages/modules/Bluetooth/system/gd/hci/le_scanning_reassembler.cc:64 ProcessAdvertisingReport: Dropping repeated legacy advertising data
06-03 15:33:06.462 I/SogouIME( 1421): onKeyDown: keyoCode=22
06-03 15:33:06.462 I/DefaultIMS( 1421): onKeyDown: keyoCode=22
06-03 15:33:06.462 E/SecondScreen( 1542): FirstScreenLayoutView dispatchKeyEvent 22
06-03 15:33:06.467 E/PersistableBundle( 533): Failed at frameworks/native/libs/binder/PersistableBundle.cpp:160 (erase)
06-03 15:33:06.467 E/PersistableBundle( 533): Failed at frameworks/native/libs/binder/PersistableBundle.cpp:160 (erase)
06-03 15:33:06.468 I/audio_hw_hal_primary( 478): out_update_source_metadata_v7() line 2013 usage:1 content_type:2
06-03 15:33:06.489 D/bluetooth( 1168): packages/modules/Bluetooth/system/gd/hci/le_scanning_reassembler.cc:64 ProcessAdvertisingReport: Dropping repeated legacy advertising data
06-03 15:33:06.504 D/bluetooth( 1168): packages/modules/Bluetooth/system/gd/hci/le_scanning_reassembler.cc:64 ProcessAdvertisingReport: Dropping repeated legacy advertising data
06-03 15:33:06.510 E/PersistableBundle( 533): Failed at frameworks/native/libs/binder/PersistableBundle.cpp:160 (erase)
06-03 15:33:06.510 E/PersistableBundle( 533): Failed at frameworks/native/libs/binder/PersistableBundle.cpp:160 (erase)
06-03 15:33:06.511 I/audio_hw_hal_primary( 478): out_update_source_metadata_v7() line 2013 usage:1 content_type:2
06-03 15:33:06.511 I/SogouIME( 1421): onKeyDown: keyoCode=22
06-03 15:33:06.511 I/DefaultIMS( 1421): onKeyDown: keyoCode=22
06-03 15:33:06.511 E/SecondScreen( 1542): FirstScreenLayoutView dispatchKeyEvent 22
06-03 15:33:06.516 D/bluetooth( 1168): packages/modules/Bluetooth/system/gd/hci/le_scanning_reassembler.cc:64 ProcessAdvertisingReport: Dropping repeated legacy advertising data
06-03 15:33:06.519 D/bluetooth( 1168): packages/modules/Bluetooth/system/gd/hci/le_scanning_reassembler.cc:64 ProcessAdvertisingReport: Dropping repeated legacy advertising data
06-03 15:33:06.527 D/bluetooth( 1168): packages/modules/Bluetooth/system/gd/hci/le_scanning_reassembler.cc:64 ProcessAdvertisingReport: Dropping repeated legacy advertising data
06-03 15:33:06.552 E/PersistableBundle( 533): Failed at frameworks/native/libs/binder/PersistableBundle.cpp:160 (erase)
06-03 15:33:06.553 I/audio_hw_hal_primary( 478): out_update_source_metadata_v7() line 2013 usage:1 content_type:2
06-03 15:33:06.562 I/SogouIME( 1421): onKeyDown: keyoCode=22
06-03 15:33:06.562 I/DefaultIMS( 1421): onKeyDown: keyoCode=22
06-03 15:33:06.562 D/bluetooth( 1168): packages/modules/Bluetooth/system/gd/hci/le_scanning_reassembler.cc:64 ProcessAdvertisingReport: Dropping repeated legacy advertising data
06-03 15:33:06.562 E/SecondScreen( 1542): FirstScreenLayoutView dispatchKeyEvent 22
06-03 15:33:06.563 D/bluetooth( 1168): packages/modules/Bluetooth/system/gd/hci/le_scanning_reassembler.cc:64 ProcessAdvertisingReport: Dropping repeated legacy advertising data
06-03 15:33:06.609 D/bluetooth( 1168): packages/modules/Bluetooth/system/gd/hci/le_scanning_reassembler.cc:64 ProcessAdvertisingReport: Dropping repeated legacy advertising data
06-03 15:33:06.611 I/SogouIME( 1421): onKeyDown: keyoCode=22
06-03 15:33:06.611 I/DefaultIMS( 1421): onKeyDown: keyoCode=22
06-03 15:33:06.612 E/SecondScreen( 1542): FirstScreenLayoutView dispatchKeyEvent 22
06-03 15:33:06.619 D/bluetooth( 1168): packages/modules/Bluetooth/system/gd/hci/le_scanning_reassembler.cc:64 ProcessAdvertisingReport: Dropping repeated legacy advertising data
06-03 15:33:06.640 D/bluetooth( 1168): packages/modules/Bluetooth/system/gd/hci/le_scanning_reassembler.cc:64 ProcessAdvertisingReport: Dropping repeated legacy advertising data
06-03 15:33:06.663 I/SogouIME( 1421): onKeyDown: keyoCode=22
06-03 15:33:06.663 I/DefaultIMS( 1421): onKeyDown: keyoCode=22
06-03 15:33:06.664 E/SecondScreen( 1542): FirstScreenLayoutView dispatchKeyEvent 22
06-03 15:33:06.667 D/bluetooth( 1168): packages/modules/Bluetooth/system/gd/hci/le_scanning_reassembler.cc:64 ProcessAdvertisingReport: Dropping repeated legacy advertising data
06-03 15:33:06.680 E/PersistableBundle( 533): Failed at frameworks/native/libs/binder/PersistableBundle.cpp:160 (erase)
06-03 15:33:06.681 I/audio_hw_hal_primary( 478): out_update_source_metadata_v7() line 2013 usage:1 content_type:2
06-03 15:33:06.695 D/bluetooth( 1168): packages/modules/Bluetooth/system/gd/hci/le_scanning_reassembler.cc:64 ProcessAdvertisingReport: Dropping repeated legacy advertising data
06-03 15:33:06.700 D/bluetooth( 1168): packages/modules/Bluetooth/system/gd/hci/le_scanning_reassembler.cc:64 ProcessAdvertisingReport: Dropping repeated legacy advertising data
06-03 15:33:06.713 I/SogouIME( 1421): onKeyDown: keyoCode=22
06-03 15:33:06.713 I/DefaultIMS( 1421): onKeyDown: keyoCode=22
06-03 15:33:06.713 D/bluetooth( 1168): packages/modules/Bluetooth/system/gd/hci/le_scanning_reassembler.cc:64 ProcessAdvertisingReport: Dropping repeated legacy advertising data
06-03 15:33:06.714 E/SecondScreen( 1542): FirstScreenLayoutView dispatchKeyEvent 22
06-03 15:33:06.723 E/PersistableBundle( 533): Failed at frameworks/native/libs/binder/PersistableBundle.cpp:160 (erase)
06-03 15:33:06.723 E/PersistableBundle( 533): Failed at frameworks/native/libs/binder/PersistableBundle.cpp:160 (erase)
06-03 15:33:06.725 I/audio_hw_hal_primary( 478): out_update_source_metadata_v7() line 2013 usage:1 content_type:2
06-03 15:33:06.733 D/bluetooth( 1168): packages/modules/Bluetooth/system/gd/hci/le_scanning_reassembler.cc:64 ProcessAdvertisingReport: Dropping repeated legacy advertising data
06-03 15:33:06.762 D/bluetooth( 1168): packages/modules/Bluetooth/system/gd/hci/le_scanning_reassembler.cc:64 ProcessAdvertisingReport: Dropping repeated legacy advertising data
06-03 15:33:06.765 I/SogouIME( 1421): onKeyDown: keyoCode=22
06-03 15:33:06.765 I/DefaultIMS( 1421): onKeyDown: keyoCode=22
06-03 15:33:06.765 E/SecondScreen( 1542): FirstScreenLayoutView dispatchKeyEvent 22
06-03 15:33:06.766 E/PersistableBundle( 533): Failed at frameworks/native/libs/binder/PersistableBundle.cpp:160 (erase)
06-03 15:33:06.766 E/PersistableBundle( 533): Failed at frameworks/native/libs/binder/PersistableBundle.cpp:160 (erase)
06-03 15:33:06.766 I/audio_hw_hal_primary( 478): out_update_source_metadata_v7() line 2013 usage:1 content_type:2
06-03 15:33:06.776 D/bluetooth( 1168): packages/modules/Bluetooth/system/gd/hci/le_scanning_reassembler.cc:64 ProcessAdvertisingReport: Dropping repeated legacy advertising data
06-03 15:33:06.808 D/bluetooth( 1168): packages/modules/Bluetooth/system/gd/hci/le_scanning_reassembler.cc:64 ProcessAdvertisingReport: Dropping repeated legacy advertising data
06-03 15:33:06.809 E/PersistableBundle( 533): Failed at frameworks/native/libs/binder/PersistableBundle.cpp:160 (erase)
06-03 15:33:06.809 I/audio_hw_hal_primary( 478): out_update_source_metadata_v7() line 2013 usage:1 content_type:2
06-03 15:33:06.814 I/SogouIME( 1421): onKeyDown: keyoCode=22
06-03 15:33:06.814 I/DefaultIMS( 1421): onKeyDown: keyoCode=22
06-03 15:33:06.815 D/bluetooth( 1168): packages/modules/Bluetooth/system/gd/hci/le_scanning_reassembler.cc:64 ProcessAdvertisingReport: Dropping repeated legacy advertising data
06-03 15:33:06.816 E/SecondScreen( 1542): FirstScreenLayoutView dispatchKeyEvent 22
06-03 15:33:06.845 D/bluetooth( 1168): packages/modules/Bluetooth/system/gd/hci/le_scanning_reassembler.cc:64 ProcessAdvertisingReport: Dropping repeated legacy advertising data
06-03 15:33:06.854 D/bluetooth( 1168): packages/modules/Bluetooth/system/gd/hci/le_scanning_reassembler.cc:64 ProcessAdvertisingReport: Dropping repeated legacy advertising data
06-03 15:33:06.866 I/SogouIME( 1421): onKeyDown: keyoCode=22
06-03 15:33:06.866 I/DefaultIMS( 1421): onKeyDown: keyoCode=22
06-03 15:33:06.866 E/SecondScreen( 1542): FirstScreenLayoutView dispatchKeyEvent 22
06-03 15:33:06.872 D/bluetooth( 1168): packages/modules/Bluetooth/system/gd/hci/le_scanning_reassembler.cc:64 ProcessAdvertisingReport: Dropping repeated legacy advertising data
06-03 15:33:06.879 D/bluetooth( 1168): packages/modules/Bluetooth/system/gd/hci/le_scanning_reassembler.cc:64 ProcessAdvertisingReport: Dropping repeated legacy advertising data
06-03 15:33:06.909 D/bluetooth( 1168): packages/modules/Bluetooth/system/gd/hci/le_scanning_reassembler.cc:64 ProcessAdvertisingReport: Dropping repeated legacy advertising data
06-03 15:33:06.912 D/bluetooth( 1168): packages/modules/Bluetooth/system/gd/hci/le_scanning_reassembler.cc:64 ProcessAdvertisingReport: Dropping repeated legacy advertising data
06-03 15:33:06.916 I/SogouIME( 1421): onKeyDown: keyoCode=22
06-03 15:33:06.916 I/DefaultIMS( 1421): onKeyDown: keyoCode=22
06-03 15:33:06.917 E/SecondScreen( 1542): FirstScreenLayoutView dispatchKeyEvent 22
06-03 15:33:06.920 D/bluetooth( 1168): packages/modules/Bluetooth/system/gd/hci/le_scanning_reassembler.cc:64 ProcessAdvertisingReport: Dropping repeated legacy advertising data
06-03 15:33:06.947 D/bluetooth( 1168): packages/modules/Bluetooth/system/gd/hci/le_scanning_reassembler.cc:64 ProcessAdvertisingReport: Dropping repeated legacy advertising data
06-03 15:33:06.949 D/bluetooth( 1168): packages/modules/Bluetooth/system/gd/hci/le_scanning_reassembler.cc:64 ProcessAdvertisingReport: Dropping repeated legacy advertising data
06-03 15:33:06.958 D/bluetooth( 1168): packages/modules/Bluetooth/system/gd/hci/le_scanning_reassembler.cc:64 ProcessAdvertisingReport: Dropping repeated legacy advertising data
06-03 15:33:06.967 I/SogouIME( 1421): onKeyDown: keyoCode=22
06-03 15:33:06.968 I/DefaultIMS( 1421): onKeyDown: keyoCode=22
06-03 15:33:06.968 E/SecondScreen( 1542): FirstScreenLayoutView dispatchKeyEvent 22
06-03 15:33:06.971 D/bluetooth( 1168): packages/modules/Bluetooth/system/gd/hci/le_scanning_reassembler.cc:64 ProcessAdvertisingReport: Dropping repeated legacy advertising data
06-03 15:33:06.976 D/bluetooth( 1168): packages/modules/Bluetooth/system/gd/hci/le_scanning_reassembler.cc:64 ProcessAdvertisingReport: Dropping repeated legacy advertising data
06-03 15:33:06.979 E/PersistableBundle( 533): Failed at frameworks/native/libs/binder/PersistableBundle.cpp:160 (erase)
06-03 15:33:06.980 I/audio_hw_hal_primary( 478): out_update_source_metadata_v7() line 2013 usage:1 content_type:2
06-03 15:33:06.983 D/bluetooth( 1168): packages/modules/Bluetooth/system/gd/hci/le_scanning_reassembler.cc:64 ProcessAdvertisingReport: Dropping repeated legacy advertising data
06-03 15:33:07.011 D/bluetooth( 1168): packages/modules/Bluetooth/system/gd/hci/le_scanning_reassembler.cc:64 ProcessAdvertisingReport: Dropping repeated legacy advertising data
06-03 15:33:07.017 I/SogouIME( 1421): onKeyDown: keyoCode=22
06-03 15:33:07.017 I/DefaultIMS( 1421): onKeyDown: keyoCode=22
06-03 15:33:07.018 E/SecondScreen( 1542): FirstScreenLayoutView dispatchKeyEvent 22
06-03 15:33:07.022 E/PersistableBundle( 533): Failed at frameworks/native/libs/binder/PersistableBundle.cpp:160 (erase)
06-03 15:33:07.022 E/PersistableBundle( 533): Failed at frameworks/native/libs/binder/PersistableBundle.cpp:160 (erase)
06-03 15:33:07.023 I/audio_hw_hal_primary( 478): out_update_source_metadata_v7() line 2013 usage:1 content_type:2
06-03 15:33:07.023 D/bluetooth( 1168): packages/modules/Bluetooth/system/gd/hci/le_scanning_reassembler.cc:64 ProcessAdvertisingReport: Dropping repeated legacy advertising data
06-03 15:33:07.028 D/bluetooth( 1168): packages/modules/Bluetooth/system/gd/hci/le_scanning_reassembler.cc:64 ProcessAdvertisingReport: Dropping repeated legacy advertising data
06-03 15:33:07.035 D/bluetooth( 1168): packages/modules/Bluetooth/system/gd/hci/le_scanning_reassembler.cc:64 ProcessAdvertisingReport: Dropping repeated legacy advertising data
06-03 15:33:07.055 D/bluetooth( 1168): packages/modules/Bluetooth/system/gd/hci/le_scanning_reassembler.cc:64 ProcessAdvertisingReport: Dropping repeated legacy advertising data
06-03 15:33:07.061 D/bluetooth( 1168): packages/modules/Bluetooth/system/gd/hci/le_scanning_reassembler.cc:64 ProcessAdvertisingReport: Dropping repeated legacy advertising data
06-03 15:33:07.064 E/PersistableBundle( 533): Failed at frameworks/native/libs/binder/PersistableBundle.cpp:160 (erase)
06-03 15:33:07.065 I/audio_hw_hal_primary( 478): out_update_source_metadata_v7() line 2013 usage:1 content_type:2
06-03 15:33:07.068 D/bluetooth( 1168): packages/modules/Bluetooth/system/gd/hci/le_scanning_reassembler.cc:64 ProcessAdvertisingReport: Dropping repeated legacy advertising data
06-03 15:33:07.070 I/SogouIME( 1421): onKeyDown: keyoCode=22
06-03 15:33:07.070 I/DefaultIMS( 1421): onKeyDown: keyoCode=22
06-03 15:33:07.070 E/SecondScreen( 1542): FirstScreenLayoutView dispatchKeyEvent 22
06-03 15:33:07.079 D/bluetooth( 1168): packages/modules/Bluetooth/system/gd/hci/le_scanning_reassembler.cc:64 ProcessAdvertisingReport: Dropping repeated legacy advertising data
06-03 15:33:07.115 D/bluetooth( 1168): packages/modules/Bluetooth/system/gd/hci/le_scanning_reassembler.cc:64 ProcessAdvertisingReport: Dropping repeated legacy advertising data
06-03 15:33:07.119 I/SogouIME( 1421): onKeyDown: keyoCode=22
06-03 15:33:07.119 I/DefaultIMS( 1421): onKeyDown: keyoCode=22
06-03 15:33:07.120 E/SecondScreen( 1542): FirstScreenLayoutView dispatchKeyEvent 22
06-03 15:33:07.136 D/bluetooth( 1168): packages/modules/Bluetooth/system/gd/hci/le_scanning_reassembler.cc:64 ProcessAdvertisingReport: Dropping repeated legacy advertising data
06-03 15:33:07.159 D/bluetooth( 1168): packages/modules/Bluetooth/system/gd/hci/le_scanning_reassembler.cc:64 ProcessAdvertisingReport: Dropping repeated legacy advertising data
06-03 15:33:07.160 D/bluetooth( 1168): packages/modules/Bluetooth/system/gd/hci/le_scanning_reassembler.cc:64 ProcessAdvertisingReport: Dropping repeated legacy advertising data
06-03 15:33:07.172 I/SogouIME( 1421): onKeyDown: keyoCode=22
06-03 15:33:07.172 I/DefaultIMS( 1421): onKeyDown: keyoCode=22
06-03 15:33:07.172 E/SecondScreen( 1542): FirstScreenLayoutView dispatchKeyEvent 22
06-03 15:33:07.174 D/bluetooth( 1168): packages/modules/Bluetooth/system/gd/hci/le_scanning_reassembler.cc:64 ProcessAdvertisingReport: Dropping repeated legacy advertising data
06-03 15:33:07.179 D/bluetooth( 1168): packages/modules/Bluetooth/system/gd/hci/le_scanning_reassembler.cc:64 ProcessAdvertisingReport: Dropping repeated legacy advertising data
06-03 15:33:07.204 D/bluetooth( 1168): packages/modules/Bluetooth/system/gd/hci/le_scanning_reassembler.cc:64 ProcessAdvertisingReport: Dropping repeated legacy advertising data
06-03 15:33:07.220 I/SogouIME( 1421): onKeyDown: keyoCode=22
06-03 15:33:07.220 I/DefaultIMS( 1421): onKeyDown: keyoCode=22
06-03 15:33:07.221 E/SecondScreen( 1542): FirstScreenLayoutView dispatchKeyEvent 22
06-03 15:33:07.235 E/PersistableBundle( 533): Failed at frameworks/native/libs/binder/PersistableBundle.cpp:160 (erase)
06-03 15:33:07.236 I/audio_hw_hal_primary( 478): out_update_source_metadata_v7() line 2013 usage:1 content_type:2
06-03 15:33:07.238 D/bluetooth( 1168): packages/modules/Bluetooth/system/gd/hci/le_scanning_reassembler.cc:64 ProcessAdvertisingReport: Dropping repeated legacy advertising data
06-03 15:33:07.259 D/bluetooth( 1168): packages/modules/Bluetooth/system/gd/hci/le_scanning_reassembler.cc:64 ProcessAdvertisingReport: Dropping repeated legacy advertising data
06-03 15:33:07.272 I/SogouIME( 1421): onKeyDown: keyoCode=22
06-03 15:33:07.272 I/DefaultIMS( 1421): onKeyDown: keyoCode=22
06-03 15:33:07.272 D/bluetooth( 1168): packages/modules/Bluetooth/system/gd/hci/le_scanning_reassembler.cc:64 ProcessAdvertisingReport: Dropping repeated legacy advertising data
06-03 15:33:07.273 E/SecondScreen( 1542): FirstScreenLayoutView dispatchKeyEvent 22
06-03 15:33:07.276 D/bluetooth( 1168): packages/modules/Bluetooth/system/gd/hci/le_scanning_reassembler.cc:64 ProcessAdvertisingReport: Dropping repeated legacy advertising data
06-03 15:33:07.278 E/PersistableBundle( 533): Failed at frameworks/native/libs/binder/PersistableBundle.cpp:160 (erase)
06-03 15:33:07.278 E/PersistableBundle( 533): Failed at frameworks/native/libs/binder/PersistableBundle.cpp:160 (erase)
06-03 15:33:07.278 I/audio_hw_hal_primary( 478): out_update_source_metadata_v7() line 2013 usage:1 content_type:2
06-03 15:33:07.282 D/bluetooth( 1168): packages/modules/Bluetooth/system/gd/hci/le_scanning_reassembler.cc:64 ProcessAdvertisingReport: Dropping repeated legacy advertising data
06-03 15:33:07.284 D/bluetooth( 1168): packages/modules/Bluetooth/system/gd/hci/le_scanning_reassembler.cc:64 ProcessAdvertisingReport: Dropping repeated legacy advertising data
06-03 15:33:07.293 D/bluetooth( 1168): packages/modules/Bluetooth/system/gd/hci/le_scanning_reassembler.cc:64 ProcessAdvertisingReport: Dropping repeated legacy advertising data
06-03 15:33:07.295 D/bluetooth( 1168): packages/modules/Bluetooth/system/gd/hci/le_scanning_reassembler.cc:64 ProcessAdvertisingReport: Dropping repeated legacy advertising data
06-03 15:33:07.305 D/bluetooth( 1168): packages/modules/Bluetooth/system/gd/hci/le_scanning_reassembler.cc:64 ProcessAdvertisingReport: Dropping repeated legacy advertising data
06-03 15:33:07.320 E/PersistableBundle( 533): Failed at frameworks/native/libs/binder/PersistableBundle.cpp:160 (erase)
06-03 15:33:07.321 I/audio_hw_hal_primary( 478): out_update_source_metadata_v7() line 2013 usage:1 content_type:2
06-03 15:33:07.322 I/SogouIME( 1421): onKeyDown: keyoCode=22
06-03 15:33:07.322 I/DefaultIMS( 1421): onKeyDown: keyoCode=22
06-03 15:33:07.323 E/SecondScreen( 1542): FirstScreenLayoutView dispatchKeyEvent 22
06-03 15:33:07.325 D/bluetooth( 1168): packages/modules/Bluetooth/system/gd/hci/le_scanning_reassembler.cc:64 ProcessAdvertisingReport: Dropping repeated legacy advertising data
06-03 15:33:07.337 D/bluetooth( 1168): packages/modules/Bluetooth/system/gd/hci/le_scanning_reassembler.cc:64 ProcessAdvertisingReport: Dropping repeated legacy advertising data
06-03 15:33:07.342 D/bluetooth( 1168): packages/modules/Bluetooth/system/gd/hci/le_scanning_reassembler.cc:64 ProcessAdvertisingReport: Dropping repeated legacy advertising data
06-03 15:33:07.372 D/bluetooth( 1168): packages/modules/Bluetooth/system/gd/hci/le_scanning_reassembler.cc:64 ProcessAdvertisingReport: Dropping repeated legacy advertising data
06-03 15:33:07.374 I/SogouIME( 1421): onKeyDown: keyoCode=22
06-03 15:33:07.374 I/DefaultIMS( 1421): onKeyDown: keyoCode=22
06-03 15:33:07.374 E/SecondScreen( 1542): FirstScreenLayoutView dispatchKeyEvent 22
06-03 15:33:07.382 D/bluetooth( 1168): packages/modules/Bluetooth/system/gd/hci/le_scanning_reassembler.cc:64 ProcessAdvertisingReport: Dropping repeated legacy advertising data
06-03 15:33:07.384 D/bluetooth( 1168): packages/modules/Bluetooth/system/gd/hci/le_scanning_reassembler.cc:64 ProcessAdvertisingReport: Dropping repeated legacy advertising data
06-03 15:33:07.385 D/bluetooth( 1168): packages/modules/Bluetooth/system/gd/hci/le_scanning_reassembler.cc:64 ProcessAdvertisingReport: Dropping repeated legacy advertising data
06-03 15:33:07.408 D/bluetooth( 1168): packages/modules/Bluetooth/system/gd/hci/le_scanning_reassembler.cc:64 ProcessAdvertisingReport: Dropping repeated legacy advertising data
06-03 15:33:07.424 I/SogouIME( 1421): onKeyDown: keyoCode=22
06-03 15:33:07.424 I/DefaultIMS( 1421): onKeyDown: keyoCode=22
06-03 15:33:07.424 E/SecondScreen( 1542): FirstScreenLayoutView dispatchKeyEvent 22
06-03 15:33:07.430 D/bluetooth( 1168): packages/modules/Bluetooth/system/gd/hci/le_scanning_reassembler.cc:64 ProcessAdvertisingReport: Dropping repeated legacy advertising data
06-03 15:33:07.438 D/bluetooth( 1168): packages/modules/Bluetooth/system/gd/hci/le_scanning_reassembler.cc:64 ProcessAdvertisingReport: Dropping repeated legacy advertising data
06-03 15:33:07.451 D/bluetooth( 1168): packages/modules/Bluetooth/system/gd/hci/le_scanning_reassembler.cc:64 ProcessAdvertisingReport: Dropping repeated legacy advertising data
06-03 15:33:07.455 D/bluetooth( 1168): packages/modules/Bluetooth/system/gd/hci/le_scanning_reassembler.cc:64 ProcessAdvertisingReport: Dropping repeated legacy advertising data
06-03 15:33:07.468 D/bluetooth( 1168): packages/modules/Bluetooth/system/gd/hci/le_scanning_reassembler.cc:64 ProcessAdvertisingReport: Dropping repeated legacy advertising data
06-03 15:33:07.475 I/SogouIME( 1421): onKeyDown: keyoCode=22
06-03 15:33:07.475 I/DefaultIMS( 1421): onKeyDown: keyoCode=22
06-03 15:33:07.476 D/bluetooth( 1168): packages/modules/Bluetooth/system/gd/hci/le_scanning_reassembler.cc:64 ProcessAdvertisingReport: Dropping repeated legacy advertising data
06-03 15:33:07.476 E/SecondScreen( 1542): FirstScreenLayoutView dispatchKeyEvent 22
06-03 15:33:07.485 D/bluetooth( 1168): packages/modules/Bluetooth/system/gd/hci/le_scanning_reassembler.cc:64 ProcessAdvertisingReport: Dropping repeated legacy advertising data
06-03 15:33:07.491 E/PersistableBundle( 533): Failed at frameworks/native/libs/binder/PersistableBundle.cpp:160 (erase)
06-03 15:33:07.492 I/audio_hw_hal_primary( 478): out_update_source_metadata_v7() line 2013 usage:1 content_type:2
06-03 15:33:07.506 D/bluetooth( 1168): packages/modules/Bluetooth/system/gd/hci/le_scanning_reassembler.cc:64 ProcessAdvertisingReport: Dropping repeated legacy advertising data
06-03 15:33:07.517 D/bluetooth( 1168): packages/modules/Bluetooth/system/gd/hci/le_scanning_reassembler.cc:64 ProcessAdvertisingReport: Dropping repeated legacy advertising data
06-03 15:33:07.525 I/SogouIME( 1421): onKeyDown: keyoCode=22
06-03 15:33:07.525 I/DefaultIMS( 1421): onKeyDown: keyoCode=22
06-03 15:33:07.525 E/SecondScreen( 1542): FirstScreenLayoutView dispatchKeyEvent 22
06-03 15:33:07.534 E/PersistableBundle( 533): Failed at frameworks/native/libs/binder/PersistableBundle.cpp:160 (erase)
06-03 15:33:07.534 E/PersistableBundle( 533): Failed at frameworks/native/libs/binder/PersistableBundle.cpp:160 (erase)
06-03 15:33:07.535 D/bluetooth( 1168): packages/modules/Bluetooth/system/gd/hci/le_scanning_reassembler.cc:64 ProcessAdvertisingReport: Dropping repeated legacy advertising data
06-03 15:33:07.535 I/audio_hw_hal_primary( 478): out_update_source_metadata_v7() line 2013 usage:1 content_type:2
06-03 15:33:07.545 D/bluetooth( 1168): packages/modules/Bluetooth/system/gd/hci/le_scanning_reassembler.cc:64 ProcessAdvertisingReport: Dropping repeated legacy advertising data
06-03 15:33:07.550 D/bluetooth( 1168): packages/modules/Bluetooth/system/gd/hci/le_scanning_reassembler.cc:64 ProcessAdvertisingReport: Dropping repeated legacy advertising data
