06-03 15:32:39.326 D/SystemServerTiming( 736): OnBootPhase_600_com.android.server.scheduling.RebootReadinessManagerService$Lifecycle
06-03 15:32:39.326 V/SystemServerTiming( 736): OnBootPhase_600_com.android.server.scheduling.RebootReadinessManagerService$Lifecycle took to complete: 0ms
06-03 15:32:39.326 D/SystemServerTiming( 736): OnBootPhase_600_com.android.server.stats.pull.StatsPullAtomService
06-03 15:32:39.326 V/SystemServerTiming( 736): OnBootPhase_600_com.android.server.stats.pull.StatsPullAtomService took to complete: 0ms
06-03 15:32:39.326 D/SystemServerTiming( 736): OnBootPhase_600_com.android.server.stats.bootstrap.StatsBootstrapAtomService$Lifecycle
06-03 15:32:39.326 V/SystemServerTiming( 736): OnBootPhase_600_com.android.server.stats.bootstrap.StatsBootstrapAtomService$Lifecycle took to complete: 0ms
06-03 15:32:39.326 D/SystemServerTiming( 736): OnBootPhase_600_com.android.server.incident.IncidentCompanionService
06-03 15:32:39.326 V/SystemServerTiming( 736): OnBootPhase_600_com.android.server.incident.IncidentCompanionService took to complete: 0ms
06-03 15:32:39.326 D/SystemServerTiming( 736): OnBootPhase_600_com.android.server.sdksandbox.SdkSandboxManagerService$Lifecycle
06-03 15:32:39.326 V/SystemServerTiming( 736): OnBootPhase_600_com.android.server.sdksandbox.SdkSandboxManagerService$Lifecycle took to complete: 0ms
06-03 15:32:39.326 D/SystemServerTiming( 736): OnBootPhase_600_com.android.server.adservices.AdServicesManagerService$Lifecycle
06-03 15:32:39.326 V/SystemServerTiming( 736): OnBootPhase_600_com.android.server.adservices.AdServicesManagerService$Lifecycle took to complete: 0ms
06-03 15:32:39.326 D/SystemServerTiming( 736): OnBootPhase_600_com.android.server.ondevicepersonalization.OnDevicePersonalizationSystemService$Lifecycle
06-03 15:32:39.326 V/SystemServerTiming( 736): OnBootPhase_600_com.android.server.ondevicepersonalization.OnDevicePersonalizationSystemService$Lifecycle took to complete: 0ms
06-03 15:32:39.326 D/SystemServerTiming( 736): OnBootPhase_600_com.android.server.autofill.AutofillManagerService
06-03 15:32:39.328 V/SystemServerTiming( 736): OnBootPhase_600_com.android.server.autofill.AutofillManagerService took to complete: 1ms
06-03 15:32:39.329 D/SystemServerTiming( 736): OnBootPhase_600_com.android.server.clipboard.ClipboardService
06-03 15:32:39.329 V/SystemServerTiming( 736): OnBootPhase_600_com.android.server.clipboard.ClipboardService took to complete: 0ms
06-03 15:32:39.329 D/SystemServerTiming( 736): OnBootPhase_600_com.android.server.appbinding.AppBindingService$Lifecycle
06-03 15:32:39.329 V/SystemServerTiming( 736): OnBootPhase_600_com.android.server.appbinding.AppBindingService$Lifecycle took to complete: 0ms
06-03 15:32:39.329 D/SystemServerTiming( 736): OnBootPhase_600_com.android.server.tracing.TracingServiceProxy
06-03 15:32:39.329 V/SystemServerTiming( 736): OnBootPhase_600_com.android.server.tracing.TracingServiceProxy took to complete: 0ms
06-03 15:32:39.329 D/SystemServerTiming( 736): OnBootPhase_600_com.android.server.policy.PermissionPolicyService
06-03 15:32:39.329 V/SystemServerTiming( 736): OnBootPhase_600_com.android.server.policy.PermissionPolicyService took to complete: 0ms
06-03 15:32:39.329 D/SystemServerTiming( 736): OnBootPhase_600_com.android.server.pm.StagingManager$Lifecycle
06-03 15:32:39.329 V/SystemServerTiming( 736): OnBootPhase_600_com.android.server.pm.StagingManager$Lifecycle took to complete: 0ms
06-03 15:32:39.329 D/SystemServerTiming( 736): OnBootPhase_600_com.android.server.app.GameManagerService$Lifecycle
06-03 15:32:39.329 V/SystemServerTiming( 736): OnBootPhase_600_com.android.server.app.GameManagerService$Lifecycle took to complete: 0ms
06-03 15:32:39.329 D/SystemServerTiming( 736): OnBootPhase_600_com.android.safetycenter.SafetyCenterService
06-03 15:32:39.329 V/SystemServerTiming( 736): OnBootPhase_600_com.android.safetycenter.SafetyCenterService took to complete: 0ms
06-03 15:32:39.329 D/SystemServerTiming( 736): OnBootPhase_600_com.android.server.appsearch.AppSearchModule$Lifecycle
06-03 15:32:39.329 V/SystemServerTiming( 736): OnBootPhase_600_com.android.server.appsearch.AppSearchModule$Lifecycle took to complete: 0ms
06-03 15:32:39.329 D/SystemServerTiming( 736): OnBootPhase_600_com.android.server.media.MediaCommunicationService
06-03 15:32:39.329 V/SystemServerTiming( 736): OnBootPhase_600_com.android.server.media.MediaCommunicationService took to complete: 0ms
06-03 15:32:39.329 D/SystemServerTiming( 736): OnBootPhase_600_com.android.server.compat.overrides.AppCompatOverridesService$Lifecycle
06-03 15:32:39.329 V/SystemServerTiming( 736): OnBootPhase_600_com.android.server.compat.overrides.AppCompatOverridesService$Lifecycle took to complete: 0ms
06-03 15:32:39.329 D/SystemServerTiming( 736): OnBootPhase_600_com.android.server.healthconnect.HealthConnectManagerService
06-03 15:32:39.329 V/SystemServerTiming( 736): OnBootPhase_600_com.android.server.healthconnect.HealthConnectManagerService took to complete: 0ms
06-03 15:32:39.329 D/SystemServerTiming( 736): OnBootPhase_600_com.android.server.devicelock.DeviceLockService
06-03 15:32:39.330 D/DeviceLockService( 736): onBootPhase: 600
06-03 15:32:39.330 V/SystemServerTiming( 736): OnBootPhase_600_com.android.server.devicelock.DeviceLockService took to complete: 0ms
06-03 15:32:39.330 V/SystemServerTiming( 736): OnBootPhase_600 took to complete: 325ms
06-03 15:32:39.330 V/SystemServerTiming( 736): PhaseThirdPartyAppsCanStart took to complete: 325ms
06-03 15:32:39.330 D/SystemServerTiming( 736): StartNetworkStack
06-03 15:32:39.338 D/CompatibilityChangeReporter( 736): Compat change id reported: 135634846; UID 1073; state: DISABLED
06-03 15:32:39.341 V/SystemServerTiming( 736): StartNetworkStack took to complete: 11ms
06-03 15:32:39.341 D/SystemServerTiming( 736): StartTethering
06-03 15:32:39.345 V/SystemServerTiming( 736): StartTethering took to complete: 4ms
06-03 15:32:39.345 D/SystemServerTiming( 736): MakeCountryDetectionServiceReady
06-03 15:32:39.346 V/SystemServerTiming( 736): MakeCountryDetectionServiceReady took to complete: 0ms
06-03 15:32:39.346 D/SystemServerTiming( 736): MakeNetworkTimeUpdateReady
06-03 15:32:39.349 V/SystemServerTiming( 736): MakeNetworkTimeUpdateReady took to complete: 3ms
06-03 15:32:39.349 D/SystemServerTiming( 736): MakeInputManagerServiceReady
06-03 15:32:39.351 D/StatsPullAtomService( 736): Registering NetworkStats pullers with statsd
06-03 15:32:39.357 V/WindowManagerShell( 945): Adding init callback for DefaultTransitionHandler
06-03 15:32:39.357 V/WindowManagerShell( 945): addHandler: Default
06-03 15:32:39.357 V/WindowManagerShell( 945): addHandler: Remote
06-03 15:32:39.357 V/WindowManagerShell( 945): Adding init callback for Transitions
06-03 15:32:39.365 V/WindowManagerShell( 945): Adding init callback for FullscreenTaskListener
06-03 15:32:39.384 I/ ( 0): [3 T557 ..] sectoin 20, size 262144
06-03 15:32:39.378 V/SystemServerTiming( 736): MakeInputManagerServiceReady took to complete: 29ms
06-03 15:32:39.378 D/SystemServerTiming( 736): MakeTelephonyRegistryReady
06-03 15:32:39.378 V/SystemServerTiming( 736): MakeTelephonyRegistryReady took to complete: 0ms
06-03 15:32:39.378 D/SystemServerTiming( 736): MakeMediaRouterServiceReady
06-03 15:32:39.379 I/MR2ServiceImpl( 736): switchUser | user: 0
06-03 15:32:39.379 V/SystemServerTiming( 736): MakeMediaRouterServiceReady took to complete: 1ms
06-03 15:32:39.379 D/SystemServerTiming( 736): IncidentDaemonReady
06-03 15:32:39.380 V/SystemServerTiming( 736): IncidentDaemonReady took to complete: 1ms
06-03 15:32:39.380 D/SystemServerTiming( 736): MakeIncrementalServiceReady
06-03 15:32:39.380 V/SystemServerTiming( 736): MakeIncrementalServiceReady took to complete: 0ms
06-03 15:32:39.380 D/SystemServerTiming( 736): OdsignStatsLogger
06-03 15:32:39.383 V/SystemServerTiming( 736): OdsignStatsLogger took to complete: 3ms
06-03 15:32:39.383 D/SystemServerTiming( 736): getCurrentUser
06-03 15:32:39.383 I/ActivityManager( 736): Current user:0
06-03 15:32:39.383 V/SystemServerTiming( 736): getCurrentUser took to complete: 0ms
06-03 15:32:39.383 D/SystemServerTiming( 736): ActivityManagerStartApps
06-03 15:32:39.385 D/SystemServerTimingAsync( 736): ssm.StartUser-0
06-03 15:32:39.385 I/SystemServiceManager( 736): Calling onStartUser 0
06-03 15:32:39.385 D/SystemServerTimingAsync( 736): ssm.onStartUser-0_com.android.server.security.FileIntegrityService
06-03 15:32:39.385 V/SystemServerTimingAsync( 736): ssm.onStartUser-0_com.android.server.security.FileIntegrityService took to complete: 0ms
06-03 15:32:39.385 D/SystemServerTimingAsync( 736): ssm.onStartUser-0_com.android.server.pm.Installer
06-03 15:32:39.385 V/SystemServerTimingAsync( 736): ssm.onStartUser-0_com.android.server.pm.Installer took to complete: 0ms
06-03 15:32:39.385 D/SystemServerTimingAsync( 736): ssm.onStartUser-0_com.android.server.os.DeviceIdentifiersPolicyService
06-03 15:32:39.385 V/SystemServerTimingAsync( 736): ssm.onStartUser-0_com.android.server.os.DeviceIdentifiersPolicyService took to complete: 0ms
06-03 15:32:39.385 D/SystemServerTimingAsync( 736): ssm.onStartUser-0_com.android.server.flags.FeatureFlagsService
06-03 15:32:39.385 V/SystemServerTimingAsync( 736): ssm.onStartUser-0_com.android.server.flags.FeatureFlagsService took to complete: 0ms
06-03 15:32:39.385 D/SystemServerTimingAsync( 736): ssm.onStartUser-0_com.android.server.uri.UriGrantsManagerService$Lifecycle
06-03 15:32:39.385 V/SystemServerTimingAsync( 736): ssm.onStartUser-0_com.android.server.uri.UriGrantsManagerService$Lifecycle took to complete: 0ms
06-03 15:32:39.385 D/SystemServerTimingAsync( 736): ssm.onStartUser-0_com.android.server.powerstats.PowerStatsService
06-03 15:32:39.385 V/SystemServerTimingAsync( 736): ssm.onStartUser-0_com.android.server.powerstats.PowerStatsService took to complete: 0ms
06-03 15:32:39.385 D/SystemServerTimingAsync( 736): ssm.onStartUser-0_com.android.server.permission.access.AccessCheckingService
06-03 15:32:39.385 V/SystemServerTimingAsync( 736): ssm.onStartUser-0_com.android.server.permission.access.AccessCheckingService took to complete: 0ms
06-03 15:32:39.385 D/SystemServerTimingAsync( 736): ssm.onStartUser-0_com.android.server.wm.ActivityTaskManagerService$Lifecycle
06-03 15:32:39.385 V/SystemServerTimingAsync( 736): ssm.onStartUser-0_com.android.server.wm.ActivityTaskManagerService$Lifecycle took to complete: 0ms
06-03 15:32:39.385 D/SystemServerTimingAsync( 736): ssm.onStartUser-0_com.android.server.am.ActivityManagerService$Lifecycle
06-03 15:32:39.385 V/SystemServerTimingAsync( 736): ssm.onStartUser-0_com.android.server.am.ActivityManagerService$Lifecycle took to complete: 0ms
06-03 15:32:39.385 D/SystemServerTimingAsync( 736): ssm.onStartUser-0_com.android.server.pm.DataLoaderManagerService
06-03 15:32:39.385 V/SystemServerTimingAsync( 736): ssm.onStartUser-0_com.android.server.pm.DataLoaderManagerService took to complete: 0ms
06-03 15:32:39.385 D/SystemServerTimingAsync( 736): ssm.onStartUser-0_com.android.server.power.PowerManagerService
06-03 15:32:39.385 V/SystemServerTimingAsync( 736): ssm.onStartUser-0_com.android.server.power.PowerManagerService took to complete: 0ms
06-03 15:32:39.385 D/SystemServerTimingAsync( 736): ssm.onStartUser-0_com.android.server.power.ThermalManagerService
06-03 15:32:39.385 V/SystemServerTimingAsync( 736): ssm.onStartUser-0_com.android.server.power.ThermalManagerService took to complete: 0ms
06-03 15:32:39.385 D/SystemServerTimingAsync( 736): ssm.onStartUser-0_com.android.server.power.hint.HintManagerService
06-03 15:32:39.385 V/SystemServerTimingAsync( 736): ssm.onStartUser-0_com.android.server.power.hint.HintManagerService took to complete: 0ms
06-03 15:32:39.386 D/SystemServerTimingAsync( 736): ssm.onStartUser-0_com.android.server.recoverysystem.RecoverySystemService$Lifecycle
06-03 15:32:39.386 V/SystemServerTimingAsync( 736): ssm.onStartUser-0_com.android.server.recoverysystem.RecoverySystemService$Lifecycle took to complete: 0ms
06-03 15:32:39.386 D/SystemServerTimingAsync( 736): ssm.onStartUser-0_com.android.server.lights.LightsService
06-03 15:32:39.386 V/SystemServerTimingAsync( 736): ssm.onStartUser-0_com.android.server.lights.LightsService took to complete: 0ms
06-03 15:32:39.386 D/SystemServerTimingAsync( 736): ssm.onStartUser-0_com.android.server.display.DisplayManagerService
06-03 15:32:39.386 V/SystemServerTimingAsync( 736): ssm.onStartUser-0_com.android.server.display.DisplayManagerService took to complete: 0ms
06-03 15:32:39.386 D/SystemServerTimingAsync( 736): ssm.onStartUser-0_com.android.server.pm.verify.domain.DomainVerificationService
06-03 15:32:39.386 V/SystemServerTimingAsync( 736): ssm.onStartUser-0_com.android.server.pm.verify.domain.DomainVerificationService took to complete: 0ms
06-03 15:32:39.386 D/SystemServerTimingAsync( 736): ssm.onStartUser-0_com.android.server.pm.PackageInstallerService$Lifecycle
06-03 15:32:39.386 V/SystemServerTimingAsync( 736): ssm.onStartUser-0_com.android.server.pm.PackageInstallerService$Lifecycle took to complete: 0ms
06-03 15:32:39.386 D/SystemServerTimingAsync( 736): ssm.onStartUser-0_com.android.server.pm.UserManagerService$LifeCycle
06-03 15:32:39.386 V/SystemServerTimingAsync( 736): ssm.onStartUser-0_com.android.server.pm.UserManagerService$LifeCycle took to complete: 0ms
06-03 15:32:39.386 D/SystemServerTimingAsync( 736): ssm.onStartUser-0_com.android.server.om.OverlayManagerService
06-03 15:32:39.391 V/WindowManagerShell( 945): Adding init callback for ActivityEmbeddingController
06-03 15:32:39.400 W/[3 T557 ..] aml_download_wifi_fw_img(1205)( 0): img len 0x40000, start download fw
06-03 15:32:39.401 D/CompatibilityChangeReporter( 736): Compat change id reported: 161145287; UID 10052; state: ENABLED
06-03 15:32:39.413 W/ ( 0): [2 T557 ..] Host HAL: write ICCM SUCCESS!!!!
06-03 15:32:39.405 W/ActivityManager( 736): Slow operation: 67ms so far, now at startProcess: returned from zygote!
06-03 15:32:39.406 W/ActivityManager( 736): Slow operation: 71ms so far, now at startProcess: done updating battery stats
06-03 15:32:39.407 W/ActivityManager( 736): Slow operation: 72ms so far, now at startProcess: building log message
06-03 15:32:39.407 I/ActivityManager( 736): Start proc 1045:com.android.networkstack.process/1073 for service {com.android.networkstack/com.android.server.NetworkStackService}
06-03 15:32:39.407 W/ActivityManager( 736): Slow operation: 72ms so far, now at startProcess: starting to update pids map
06-03 15:32:39.408 W/ActivityManager( 736): Slow operation: 73ms so far, now at startProcess: done updating pids map
06-03 15:32:39.421 W/[2 T557 ..] aml_download_wifi_fw_img(1260)( 0): dccm img len 0x40000, start download dccm
06-03 15:32:39.412 V/WindowManagerShell( 945): Adding init callback for StartingWindowController
06-03 15:32:39.412 V/WindowManagerShell( 945): Adding init callback for ProtoLogController
06-03 15:32:39.432 W/ ( 0): [1 T557 ..] Host HAL: write DCCM SUCCESS!!!!
06-03 15:32:39.432 W/ ( 0): [1 T557 ..] >>> aml_ipc_init()
06-03 15:32:39.433 W/ ( 0): [1 T557 ..] >>> aml_cmd_mgr_init()
06-03 15:32:39.433 W/ ( 0): [1 T557 ..] >>> aml_elems_allocs()
06-03 15:32:39.434 I/ ( 0): [1 T557 ..] sectoin 11, size 1111588
06-03 15:32:39.428 V/WindowManagerShell( 945): Adding init callback for TvPipTransition
06-03 15:32:39.461 D/GameManagerService( 736): User ID '0' does not have a Game Mode selected for package: 'com.android.networkstack'
06-03 15:32:39.461 D/CompatibilityChangeReporter( 736): Compat change id reported: 168419799; UID 1073; state: DISABLED
06-03 15:32:39.462 D/CompatibilityChangeReporter( 736): Compat change id reported: 273564678; UID 1073; state: DISABLED
06-03 15:32:39.466 D/CompatibilityChangeReporter( 736): Compat change id reported: 265195908; UID 1073; state: ENABLED
06-03 15:32:39.474 D/WindowManagerShell( 945): TvPipActionsProvider: onMediaActionsChanged()
06-03 15:32:39.474 D/WindowManagerShell( 945): TvPipActionsProvider: replaceCustomActions, count: 0
06-03 15:32:39.474 D/WindowManagerShell( 945): TvPipMenuController: setDelegate(), delegate=com.android.wm.shell.pip.tv.TvPipController@ab1924d
06-03 15:32:39.475 V/WindowManagerShell( 945): Adding init callback for TvPipController
06-03 15:32:39.475 V/WindowManagerShell( 945): Adding init callback for KeyguardTransitionHandler
06-03 15:32:39.494 W/SystemServiceManager( 736): Service com.android.server.om.OverlayManagerService took 108 ms in onStartUser-0
06-03 15:32:39.494 V/SystemServerTimingAsync( 736): ssm.onStartUser-0_com.android.server.om.OverlayManagerService took to complete: 108ms
06-03 15:32:39.494 D/SystemServerTimingAsync( 736): ssm.onStartUser-0_com.android.server.resources.ResourcesManagerService
06-03 15:32:39.494 V/SystemServerTimingAsync( 736): ssm.onStartUser-0_com.android.server.resources.ResourcesManagerService took to complete: 0ms
06-03 15:32:39.494 D/SystemServerTimingAsync( 736): ssm.onStartUser-0_com.android.server.sensorprivacy.SensorPrivacyService
06-03 15:32:39.495 V/WindowManagerShell( 945): Adding init callback for BackAnimationController
06-03 15:32:39.505 V/WindowManagerShell( 945): Initializing Shell Components: 18
06-03 15:32:39.510 D/CompatibilityChangeReporter( 736): Compat change id reported: 265464455; UID 10052; state: DISABLED
06-03 15:32:39.510 D/CompatibilityChangeReporter( 736): Compat change id reported: 265452344; UID 10052; state: DISABLED
06-03 15:32:39.510 D/CompatibilityChangeReporter( 736): Compat change id reported: 266124927; UID 10052; state: DISABLED
06-03 15:32:39.511 D/CompatibilityChangeReporter( 736): Compat change id reported: 265451093; UID 10052; state: DISABLED
06-03 15:32:39.511 D/CompatibilityChangeReporter( 736): Compat change id reported: 265456536; UID 10052; state: DISABLED
06-03 15:32:39.511 D/CompatibilityChangeReporter( 736): Compat change id reported: 255940284; UID 10052; state: DISABLED
06-03 15:32:39.512 D/CompatibilityChangeReporter( 736): Compat change id reported: 236283604; UID 10052; state: DISABLED
06-03 15:32:39.513 D/CompatibilityChangeReporter( 736): Compat change id reported: 263959004; UID 10052; state: DISABLED
06-03 15:32:39.513 D/CompatibilityChangeReporter( 736): Compat change id reported: 264304459; UID 10052; state: DISABLED
06-03 15:32:39.513 D/CompatibilityChangeReporter( 736): Compat change id reported: 264301586; UID 10052; state: DISABLED
06-03 15:32:39.514 D/CompatibilityChangeReporter( 736): Compat change id reported: 254631730; UID 10052; state: DISABLED
06-03 15:32:39.514 D/CompatibilityChangeReporter( 736): Compat change id reported: 273509367; UID 10052; state: DISABLED
06-03 15:32:39.515 D/CompatibilityChangeReporter( 736): Compat change id reported: 263259275; UID 10052; state: DISABLED
06-03 15:32:39.515 D/CompatibilityChangeReporter( 736): Compat change id reported: 174042980; UID 10052; state: DISABLED
06-03 15:32:39.515 D/CompatibilityChangeReporter( 736): Compat change id reported: 174042936; UID 10052; state: DISABLED
06-03 15:32:39.517 D/CompatibilityChangeReporter( 736): Compat change id reported: 181136395; UID 10052; state: DISABLED
06-03 15:32:39.527 D/CompatibilityChangeReporter( 736): Compat change id reported: 194480991; UID 10052; state: ENABLED
06-03 15:32:39.530 W/ActivityTaskManager( 736): startActivity called from non-Activity context; forcing Intent.FLAG_ACTIVITY_NEW_TASK for: Intent { flg=0x840000 cmp=com.android.systemui/.sensorprivacy.television.TvSensorPrivacyChangedActivity (has extras) }
06-03 15:32:39.536 D/CompatibilityChangeReporter( 736): Compat change id reported: 184838306; UID 10052; state: DISABLED
06-03 15:32:39.537 D/CompatibilityChangeReporter( 736): Compat change id reported: 185004937; UID 10052; state: DISABLED
06-03 15:32:39.541 D/CompatibilityChangeReporter( 736): Compat change id reported: 197654537; UID 10052; state: ENABLED
06-03 15:32:39.541 D/HDMI ( 736): Process pid:960 is calling addHotplugEventListener
06-03 15:32:39.548 I/ActivityTaskManager( 736): START u0 {flg=0x840000 cmp=com.android.systemui/.sensorprivacy.television.TvSensorPrivacyChangedActivity (has extras)} with LAUNCH_SINGLE_TOP from uid 1000 (BAL_ALLOW_ALLOWLISTED_UID) result code=0
06-03 15:32:39.555 W/ActivityTaskManager( 736): startActivity called from non-Activity context; forcing Intent.FLAG_ACTIVITY_NEW_TASK for: Intent { flg=0x840000 cmp=com.android.systemui/.sensorprivacy.television.TvSensorPrivacyChangedActivity (has extras) }
06-03 15:32:39.561 I/ActivityTaskManager( 736): START u0 {flg=0x840000 cmp=com.android.systemui/.sensorprivacy.television.TvSensorPrivacyChangedActivity (has extras)} with LAUNCH_SINGLE_TOP from uid 1000 (BAL_ALLOW_ALLOWLISTED_UID) result code=3
06-03 15:32:39.562 V/WindowManagerShell( 945): DisplayChangeController init took 57ms
06-03 15:32:39.565 W/ActivityTaskManager( 736): startActivity called from non-Activity context; forcing Intent.FLAG_ACTIVITY_NEW_TASK for: Intent { flg=0x840000 cmp=com.android.systemui/.sensorprivacy.television.TvSensorPrivacyChangedActivity (has extras) }
06-03 15:32:39.568 I/ActivityTaskManager( 736): START u0 {flg=0x840000 cmp=com.android.systemui/.sensorprivacy.television.TvSensorPrivacyChangedActivity (has extras)} with LAUNCH_SINGLE_TOP from uid 1000 (BAL_ALLOW_ALLOWLISTED_UID) result code=3
06-03 15:32:39.569 V/WindowManagerShell( 945): DisplayController init took 7ms
06-03 15:32:39.595 W/ActivityTaskManager( 736): startActivity called from non-Activity context; forcing Intent.FLAG_ACTIVITY_NEW_TASK for: Intent { flg=0x840000 cmp=com.android.systemui/.sensorprivacy.television.TvSensorPrivacyChangedActivity (has extras) }
06-03 15:32:39.598 D/CountryDetector( 736): Using custom country detector class: com.android.server.location.ComprehensiveCountryDetector
06-03 15:32:39.598 E/CountryDetector( 736): Could not instantiate the custom country detector class
06-03 15:32:39.598 D/CountryDetector( 736): Using default country detector
06-03 15:32:39.603 I/ActivityTaskManager( 736): START u0 {flg=0x840000 cmp=com.android.systemui/.sensorprivacy.television.TvSensorPrivacyChangedActivity (has extras)} with LAUNCH_SINGLE_TOP from uid 1000 (BAL_ALLOW_ALLOWLISTED_UID) result code=3
06-03 15:32:39.604 W/SystemServiceManager( 736): Service com.android.server.sensorprivacy.SensorPrivacyService took 109 ms in onStartUser-0
06-03 15:32:39.604 V/SystemServerTimingAsync( 736): ssm.onStartUser-0_com.android.server.sensorprivacy.SensorPrivacyService took to complete: 109ms
06-03 15:32:39.604 D/SystemServerTimingAsync( 736): ssm.onStartUser-0_com.android.server.sensors.SensorService
06-03 15:32:39.604 V/SystemServerTimingAsync( 736): ssm.onStartUser-0_com.android.server.sensors.SensorService took to complete: 0ms
06-03 15:32:39.604 D/SystemServerTimingAsync( 736): ssm.onStartUser-0_com.android.server.SystemConfigService
06-03 15:32:39.604 V/SystemServerTimingAsync( 736): ssm.onStartUser-0_com.android.server.SystemConfigService took to complete: 0ms
06-03 15:32:39.604 D/SystemServerTimingAsync( 736): ssm.onStartUser-0_com.android.server.BatteryService
06-03 15:32:39.604 V/SystemServerTimingAsync( 736): ssm.onStartUser-0_com.android.server.BatteryService took to complete: 0ms
06-03 15:32:39.604 D/SystemServerTimingAsync( 736): ssm.onStartUser-0_com.android.server.usage.UsageStatsService
06-03 15:32:39.604 V/SystemServerTimingAsync( 736): ssm.onStartUser-0_com.android.server.usage.UsageStatsService took to complete: 0ms
06-03 15:32:39.604 D/SystemServerTimingAsync( 736): ssm.onStartUser-0_com.android.server.webkit.WebViewUpdateService
06-03 15:32:39.604 V/SystemServerTimingAsync( 736): ssm.onStartUser-0_com.android.server.webkit.WebViewUpdateService took to complete: 0ms
06-03 15:32:39.604 D/SystemServerTimingAsync( 736): ssm.onStartUser-0_com.android.server.CachedDeviceStateService
06-03 15:32:39.604 V/SystemServerTimingAsync( 736): ssm.onStartUser-0_com.android.server.CachedDeviceStateService took to complete: 0ms
06-03 15:32:39.604 D/SystemServerTimingAsync( 736): ssm.onStartUser-0_com.android.server.BinderCallsStatsService$LifeCycle
06-03 15:32:39.604 V/SystemServerTimingAsync( 736): ssm.onStartUser-0_com.android.server.BinderCallsStatsService$LifeCycle took to complete: 0ms
06-03 15:32:39.604 D/SystemServerTimingAsync( 736): ssm.onStartUser-0_com.android.server.LooperStatsService$Lifecycle
06-03 15:32:39.604 V/SystemServerTimingAsync( 736): ssm.onStartUser-0_com.android.server.LooperStatsService$Lifecycle took to complete: 0ms
06-03 15:32:39.604 D/SystemServerTimingAsync( 736): ssm.onStartUser-0_com.android.server.rollback.RollbackManagerService
06-03 15:32:39.604 V/SystemServerTimingAsync( 736): ssm.onStartUser-0_com.android.server.rollback.RollbackManagerService took to complete: 0ms
06-03 15:32:39.604 D/SystemServerTimingAsync( 736): ssm.onStartUser-0_com.android.server.os.NativeTombstoneManagerService
06-03 15:32:39.604 V/SystemServerTimingAsync( 736): ssm.onStartUser-0_com.android.server.os.NativeTombstoneManagerService took to complete: 0ms
06-03 15:32:39.604 D/SystemServerTimingAsync( 736): ssm.onStartUser-0_com.android.server.os.BugreportManagerService
06-03 15:32:39.604 V/SystemServerTimingAsync( 736): ssm.onStartUser-0_com.android.server.os.BugreportManagerService took to complete: 0ms
06-03 15:32:39.604 D/SystemServerTimingAsync( 736): ssm.onStartUser-0_com.android.server.gpu.GpuService
06-03 15:32:39.604 V/SystemServerTimingAsync( 736): ssm.onStartUser-0_com.android.server.gpu.GpuService took to complete: 0ms
06-03 15:32:39.604 D/SystemServerTimingAsync( 736): ssm.onStartUser-0_com.android.server.security.rkp.RemoteProvisioningService
06-03 15:32:39.604 V/SystemServerTimingAsync( 736): ssm.onStartUser-0_com.android.server.security.rkp.RemoteProvisioningService took to complete: 0ms
06-03 15:32:39.604 D/SystemServerTimingAsync( 736): ssm.onStartUser-0_com.android.server.cpu.CpuMonitorService
06-03 15:32:39.604 V/SystemServerTimingAsync( 736): ssm.onStartUser-0_com.android.server.cpu.CpuMonitorService took to complete: 0ms
06-03 15:32:39.604 D/SystemServerTimingAsync( 736): ssm.onStartUser-0_com.android.server.security.KeyChainSystemService
06-03 15:32:39.604 V/SystemServerTimingAsync( 736): ssm.onStartUser-0_com.android.server.security.KeyChainSystemService took to complete: 0ms
06-03 15:32:39.604 D/SystemServerTimingAsync( 736): ssm.onStartUser-0_com.android.server.BinaryTransparencyService
06-03 15:32:39.605 V/WindowManagerShell( 945): DisplayInsetsController init took 36ms
06-03 15:32:39.606 V/WindowManagerShell( 945): DisplayImeController init took 1ms
06-03 15:32:39.606 V/WindowManagerShell( 945): Adding dump callback for ShellController
06-03 15:32:39.606 V/WindowManagerShell( 945): ShellController init took 0ms
06-03 15:32:39.607 V/WindowManagerShell( 945): Adding external interface from DragAndDropController with key extra_shell_drag_and_drop
06-03 15:32:39.607 V/WindowManagerShell( 945): Adding dump callback for DragAndDropController
06-03 15:32:39.607 V/WindowManagerShell( 945): DragAndDropController init took 1ms
06-03 15:32:39.607 V/WindowManagerShell( 945): Adding command class compatui for CompatUIShellCommandHandler
06-03 15:32:39.607 V/WindowManagerShell( 945): CompatUIController init took 0ms
06-03 15:32:39.609 V/WindowManagerShell( 945): Adding dump callback for ShellTaskOrganizer
06-03 15:32:39.609 V/SystemServerTimingAsync( 736): ssm.onStartUser-0_com.android.server.BinaryTransparencyService took to complete: 0ms
06-03 15:32:39.609 D/SystemServerTimingAsync( 736): ssm.onStartUser-0_com.android.server.accounts.AccountManagerService$Lifecycle
06-03 15:32:39.609 V/SystemServerTimingAsync( 736): ssm.onStartUser-0_com.android.server.accounts.AccountManagerService$Lifecycle took to complete: 0ms
06-03 15:32:39.609 D/SystemServerTimingAsync( 736): ssm.onStartUser-0_com.android.server.content.ContentService$Lifecycle
06-03 15:32:39.610 V/SystemServerTimingAsync( 736): ssm.onStartUser-0_com.android.server.content.ContentService$Lifecycle took to complete: 1ms
06-03 15:32:39.610 D/SystemServerTimingAsync( 736): ssm.onStartUser-0_com.android.server.deviceconfig.DeviceConfigInit$Lifecycle
06-03 15:32:39.610 V/SystemServerTimingAsync( 736): ssm.onStartUser-0_com.android.server.deviceconfig.DeviceConfigInit$Lifecycle took to complete: 0ms
06-03 15:32:39.610 D/SystemServerTimingAsync( 736): ssm.onStartUser-0_com.android.server.DropBoxManagerService
06-03 15:32:39.610 V/SystemServerTimingAsync( 736): ssm.onStartUser-0_com.android.server.DropBoxManagerService took to complete: 0ms
06-03 15:32:39.610 D/SystemServerTimingAsync( 736): ssm.onStartUser-0_com.android.role.RoleService
06-03 15:32:39.621 V/WindowManagerShell( 945): ShellTaskOrganizer init took 13ms
06-03 15:32:39.626 D/CompatibilityChangeReporter( 736): Compat change id reported: 135634846; UID 10059; state: DISABLED
06-03 15:32:39.626 D/CompatibilityChangeReporter( 736): Compat change id reported: 177438394; UID 10059; state: DISABLED
06-03 15:32:39.626 D/CompatibilityChangeReporter( 736): Compat change id reported: 135772972; UID 10059; state: DISABLED
06-03 15:32:39.626 D/CompatibilityChangeReporter( 736): Compat change id reported: 135754954; UID 10059; state: ENABLED
06-03 15:32:39.627 D/CompatibilityChangeReporter( 736): Compat change id reported: 143937733; UID 10059; state: ENABLED
06-03 15:32:39.641 I/ActivityManager( 736): Start proc 1070:com.android.permissioncontroller/u0a59 for service {com.android.permissioncontroller/com.android.permissioncontroller.role.service.RoleControllerServiceImpl}
06-03 15:32:39.648 V/WindowManagerShell( 945): DefaultTransitionHandler init took 27ms
06-03 15:32:39.649 V/WindowManagerShell( 945): Adding external interface from Transitions with key extra_shell_shell_transitions
06-03 15:32:39.653 D/CompatibilityChangeReporter( 736): Compat change id reported: 253665015; UID 1073; state: ENABLED
06-03 15:32:39.654 D/CompatibilityChangeReporter( 736): Compat change id reported: 194532703; UID 1073; state: ENABLED
06-03 15:32:39.672 V/WindowManagerShell( 945): Adding command class transitions for Transitions
06-03 15:32:39.672 V/WindowManagerShell( 945): Transitions init took 24ms
06-03 15:32:39.672 V/WindowManagerShell( 945): FullscreenTaskListener init took 0ms
06-03 15:32:39.673 V/WindowManagerShell( 945): addHandler: ActivityEmbeddingController
06-03 15:32:39.673 V/WindowManagerShell( 945): ActivityEmbeddingController init took 1ms
06-03 15:32:39.673 V/WindowManagerShell( 945): Adding external interface from StartingWindowController with key extra_shell_starting_window
06-03 15:32:39.673 V/WindowManagerShell( 945): StartingWindowController init took 0ms
06-03 15:32:39.673 V/WindowManagerShell( 945): Adding command class protolog for ProtoLogController
06-03 15:32:39.673 V/WindowManagerShell( 945): ProtoLogController init took 0ms
06-03 15:32:39.673 V/WindowManagerShell( 945): addHandler: TvPipTransition
06-03 15:32:39.673 V/WindowManagerShell( 945): TvPipTransition init took 0ms
06-03 15:32:39.679 V/WindowManagerShell( 945): TvPipController init took 6ms
06-03 15:32:39.679 V/WindowManagerShell( 945): addHandler: KeyguardTransitionHandler
06-03 15:32:39.679 V/WindowManagerShell( 945): KeyguardTransitionHandler init took 0ms
06-03 15:32:39.685 D/ShellBackPreview( 945): Back animation enabled=false
06-03 15:32:39.686 V/WindowManagerShell( 945): Adding external interface from BackAnimationController with key extra_shell_back_animation
06-03 15:32:39.692 V/WindowManagerShell( 945): BackAnimationController init took 13ms
06-03 15:32:39.692 W/Looper ( 945): Slow dispatch took 192ms wmshell.main h=android.os.Handler c=com.android.wm.shell.common.ShellExecutor$$ExternalSyntheticLambda0@a6d4626 m=0
06-03 15:32:39.692 V/ShellDragAndDrop( 945): Display added: 0
06-03 15:32:39.692 D/GameManagerService( 736): User ID '0' does not have a Game Mode selected for package: 'com.android.permissioncontroller'
06-03 15:32:39.693 D/CompatibilityChangeReporter( 736): Compat change id reported: 168419799; UID 10059; state: DISABLED
06-03 15:32:39.693 D/CompatibilityChangeReporter( 736): Compat change id reported: 273564678; UID 10059; state: DISABLED
06-03 15:32:39.723 D/CompatibilityChangeReporter( 736): Compat change id reported: 170503758; UID 10059; state: ENABLED
06-03 15:32:39.725 D/CompatibilityChangeReporter( 736): Compat change id reported: 265195908; UID 10059; state: ENABLED
06-03 15:32:39.739 I/ ( 0): [2 T557 ..] sectoin 26, size 384640
06-03 15:32:39.739 W/ ( 0): [2 T557 ..] aml_pci_platform_enable(2493) irq_flag=0x418 irq=69
06-03 15:32:39.740 W/ ( 0): [2 T557 ..] aml_pci_platform_enable(2495) request_irq ret=0
06-03 15:32:39.741 W/ ( 0): [2 T557 ..] aml_sdio_platform_on 1990 end
06-03 15:32:39.729 D/CompatibilityChangeReporter( 736): Compat change id reported: 171306433; UID 1000; state: ENABLED
06-03 15:32:39.741 W/[2 T557 ..] aml_cfg80211_init( 0): 6583
06-03 15:32:39.742 W/ ( 0): [2 T557 ..] >>> aml_send_reset()
06-03 15:32:39.742 W/[2 T557 ..] aml_send_reset( 0): 558
06-03 15:32:39.743 W/ ( 0): [2 T557 ..] >>> aml_send_msg()
06-03 15:32:39.744 W/ ( 0): [2 T1089 ..] ipc_sdio_host_msgack_handler 000000009dfacf17
06-03 15:32:39.744 W/ ( 0): [2 T1089 ..] [aml_msgackind 2038] msg ack hostid=0xffffff804a2e8a80
06-03 15:32:39.745 W/ ( 0): [2 T1089 ..] [cmd_mgr_llind 329] cmd tkn[0] flags:001a result: -4 cmd: 0-MM_RESET_REQ - reqcfm( 1-MM_RESET_CFM)
06-03 15:32:39.732 W/WindowManager( 736): [addWindow] title:ShellDropTarget
06-03 15:32:39.747 W/ ( 0): [2 T1089 ..] [cmd_mgr_msgind 409] cmd tkn[0] flags:0012 result: -4 cmd: 0-MM_RESET_REQ - reqcfm( 1-MM_RESET_CFM)
06-03 15:32:39.748 W/ ( 0): [2 T1089 ..] [cmd_complete 65] cmd tkn[0] flags:0002 result: -4 cmd: 0-MM_RESET_REQ - reqcfm( 1-MM_RESET_CFM)
06-03 15:32:39.736 D/GameManagerService( 736): User ID '0' does not have a Game Mode selected for package: 'com.android.systemui'
06-03 15:32:39.750 W/ ( 0): [3 T557 ..] >>> aml_send_version_req()
06-03 15:32:39.751 W/ ( 0): [3 T557 ..] >>> aml_send_msg()
06-03 15:32:39.752 W/ ( 0): [2 T1089 ..] ipc_sdio_host_msgack_handler 00000000d304b51b
06-03 15:32:39.752 W/ ( 0): [2 T1089 ..] [aml_msgackind 2038] msg ack hostid=0xffffff8051c86580
06-03 15:32:39.753 W/ ( 0): [2 T1089 ..] [cmd_mgr_llind 329] cmd tkn[1] flags:001a result: -4 cmd: 4-MM_VERSION_REQ - reqcfm( 5-MM_VERSION_CFM)
06-03 15:32:39.755 W/ ( 0): [2 T1089 ..] [cmd_mgr_msgind 409] cmd tkn[1] flags:0012 result: -4 cmd: 4-MM_VERSION_REQ - reqcfm( 5-MM_VERSION_CFM)
06-03 15:32:39.756 W/ ( 0): [2 T1089 ..] [cmd_complete 65] cmd tkn[1] flags:0002 result: -4 cmd: 4-MM_VERSION_REQ - reqcfm( 5-MM_VERSION_CFM)
06-03 15:32:39.758 W/ ( 0): [0 T557 ..] >>> aml_set_vers()
06-03 15:32:39.759 I/ ( 0): [0 T557 ..] ieee80211 phy0: PHY features: [NSS=2][CHBW=80][LDPC][VHT][HE][BFMEE][MUMIMORX]
06-03 15:32:39.760 I/ ( 0): [0 T557 ..] ieee80211 phy0: FW features: [BCN][RADAR][PS][UAPSD][AMPDU][AMSDU][P2P][P2P_GO][UMAC][VHT][HE][BFMEE][WAPI][MFP][MU_MIMO_RX][TDLS][TWT][FTM_INIT][FAKE_FTM_RSP]
06-03 15:32:39.762 W/ ( 0): [0 T557 ..] >>> aml_send_me_config_req()
06-03 15:32:39.762 I/ ( 0): [0 T557 ..] ieee80211 phy0: HT supp 1, VHT supp 1, HE supp 1
06-03 15:32:39.764 W/ ( 0): [0 T557 ..] >>> aml_send_msg()
06-03 15:32:39.764 W/ ( 0): [2 T1089 ..] ipc_sdio_host_msgack_handler 00000000a81aa966
06-03 15:32:39.765 W/ ( 0): [2 T1089 ..] [aml_msgackind 2038] msg ack hostid=0xffffff8051caa000
06-03 15:32:39.755 W/Looper ( 945): Slow delivery took 86ms wmshell.main h=android.os.Handler c=com.android.wm.shell.draganddrop.DragAndDropController$$ExternalSyntheticLambda0@1873994 m=0
06-03 15:32:39.755 W/Looper ( 945): Slow dispatch took 63ms wmshell.main h=android.os.Handler c=com.android.wm.shell.draganddrop.DragAndDropController$$ExternalSyntheticLambda0@1873994 m=0
06-03 15:32:39.756 D/WindowManagerShell( 945): TvPipController: onImeVisibilityChanged(), visible=false, height=0
06-03 15:32:39.765 W/ ( 0): [2 T1089 ..] [cmd_mgr_llind 329] cmd tkn[2] flags:001a result: -4 cmd:5120-ME_CONFIG_REQ - reqcfm(5121-ME_CONFIG_CFM)
06-03 15:32:39.767 W/ ( 0): [2 T1089 ..] [cmd_mgr_msgind 409] cmd tkn[2] flags:0012 result: -4 cmd:5120-ME_CONFIG_REQ - reqcfm(5121-ME_CONFIG_CFM)
06-03 15:32:39.769 W/ ( 0): [2 T1089 ..] [cmd_complete 65] cmd tkn[2] flags:0002 result: -4 cmd:5120-ME_CONFIG_REQ - reqcfm(5121-ME_CONFIG_CFM)
06-03 15:32:39.758 D/CoreBackPreview( 736): Window{e5620ed u0 ShellDropTarget}: Setting back callback OnBackInvokedCallbackInfo{mCallback=android.window.IOnBackInvokedCallback$Stub$Proxy@319de9c, mPriority=0, mIsAnimationCallback=false}
06-03 15:32:39.771 W/ ( 0): [1 T557 ..] >>> aml_send_extcapab_req()
06-03 15:32:39.771 W/ ( 0): [1 T557 ..] >>> aml_send_msg()
06-03 15:32:39.772 W/ ( 0): [2 T1089 ..] ipc_sdio_host_msgack_handler 000000004c95fb54
06-03 15:32:39.773 W/ ( 0): [2 T1089 ..] [aml_msgackind 2038] msg ack hostid=0xffffff804ebe3d80
06-03 15:32:39.773 W/ ( 0): [2 T1089 ..] [cmd_mgr_llind 329] cmd tkn[3] flags:0008 result: -4 cmd: 105-MM_EXT_CAPAB - reqcfm(1023-none)
06-03 15:32:39.775 W/ ( 0): [2 T1089 ..] [cmd_complete 65] cmd tkn[3] flags:0000 result: -4 cmd: 105-MM_EXT_CAPAB - reqcfm(1023-none)
06-03 15:32:39.777 W/ ( 0): [0 T557 ..] [aml_reg_notifier 6037] initiator=0, hint_type=0, alpha=00, region=0
06-03 15:32:39.778 W/ ( 0): [0 T557 ..] >>> aml_send_me_chan_config_req()
06-03 15:32:39.779 W/ ( 0): [0 T557 ..] >>> aml_send_msg()
06-03 15:32:39.779 W/ ( 0): [2 T1089 ..] ipc_sdio_host_msgack_handler 00000000a81aa966
06-03 15:32:39.780 W/ ( 0): [2 T1089 ..] [aml_msgackind 2038] msg ack hostid=0xffffff8051caa000
06-03 15:32:39.781 W/ ( 0): [2 T1089 ..] [cmd_mgr_llind 329] cmd tkn[4] flags:001a result: -4 cmd:5122-ME_CHAN_CONFIG_REQ - reqcfm(5123-ME_CHAN_CONFIG_CFM)
06-03 15:32:39.783 W/ ( 0): [2 T1089 ..] [cmd_mgr_msgind 409] cmd tkn[4] flags:0012 result: -4 cmd:5122-ME_CHAN_CONFIG_REQ - reqcfm(5123-ME_CHAN_CONFIG_CFM)
06-03 15:32:39.784 W/ ( 0): [2 T1089 ..] [cmd_complete 65] cmd tkn[4] flags:0002 result: -4 cmd:5122-ME_CHAN_CONFIG_REQ - reqcfm(5123-ME_CHAN_CONFIG_CFM)
06-03 15:32:39.786 W/ ( 0): [3 T557 ..] [aml_wq_init 162] workqueue init
06-03 15:32:39.788 W/ ( 0): [2 T557 ..] [aml_send_sync_trace 4388] sync token[32996]
06-03 15:32:39.788 W/ ( 0): [2 T557 ..] >>> aml_send_msg()
06-03 15:32:39.789 F/[2 T557 ..] aml_send_msg( 0): bypassing (AML_DEV_RESTARTING set) 0x00
06-03 15:32:39.790 W/ ( 0): [2 T557 ..] [aml_trace_buf_init 1015] trace mutex init
06-03 15:32:39.790 W/ ( 0): [2 T557 ..] [recy_dbg][aml_recy_init 745] recovery func init
06-03 15:32:39.791 W/ ( 0): [2 T557 ..] >>> aml_send_me_chan_config_req()
06-03 15:32:39.793 W/ ( 0): [2 T557 ..] >>> aml_send_msg()
06-03 15:32:39.793 W/ ( 0): [2 T1089 ..] ipc_sdio_host_msgack_handler 00000000b99d6150
06-03 15:32:39.794 W/ ( 0): [2 T1089 ..] [aml_msgackind 2038] msg ack hostid=0xffffff8051c5e100
06-03 15:32:39.795 W/ ( 0): [2 T1089 ..] [cmd_mgr_llind 329] cmd tkn[5] flags:001a result: -4 cmd:5122-ME_CHAN_CONFIG_REQ - reqcfm(5123-ME_CHAN_CONFIG_CFM)
06-03 15:32:39.797 W/ ( 0): [2 T1089 ..] [cmd_mgr_msgind 409] cmd tkn[5] flags:0012 result: -4 cmd:5122-ME_CHAN_CONFIG_REQ - reqcfm(5123-ME_CHAN_CONFIG_CFM)
06-03 15:32:39.798 W/ ( 0): [2 T1089 ..] [cmd_complete 65] cmd tkn[5] flags:0002 result: -4 cmd:5122-ME_CHAN_CONFIG_REQ - reqcfm(5123-ME_CHAN_CONFIG_CFM)
06-03 15:32:39.802 W/ ( 0): [2 T557 ..] >>> aml_send_msg()
06-03 15:32:39.802 W/ ( 0): [2 T1089 ..] ipc_sdio_host_msgack_handler 00000000b56d9269
06-03 15:32:39.802 W/ ( 0): [2 T1089 ..] [aml_msgackind 2038] msg ack hostid=0xffffff8051c5e000
06-03 15:32:39.803 W/ ( 0): [2 T1089 ..] [cmd_mgr_llind 329] cmd tkn[6] flags:001a result: -4 cmd: 105-MM_SUB_READ_EFUSE - reqcfm(16391-unknown)
06-03 15:32:39.805 W/ ( 0): [2 T1089 ..] [cmd_mgr_msgind 409] cmd tkn[6] flags:0012 result: -4 cmd: 105-MM_SUB_READ_EFUSE - reqcfm(16391-unknown)
06-03 15:32:39.806 W/ ( 0): [2 T1089 ..] [cmd_complete 65] cmd tkn[6] flags:0002 result: -4 cmd: 105-MM_SUB_READ_EFUSE - reqcfm(16391-unknown)
06-03 15:32:39.808 W/[0 T557 ..] read_efuse( 0): value = 40109969
06-03 15:32:39.809 W/ ( 0): [2 T1089 ..] fmac efuse read: address:0x8 value:0x40109969
06-03 15:32:39.809 W/ ( 0): [0 T557 ..] >>> aml_send_msg()
06-03 15:32:39.810 W/ ( 0): [2 T1089 ..] ipc_sdio_host_msgack_handler 0000000052e7ba43
06-03 15:32:39.811 W/ ( 0): [2 T1089 ..] [aml_msgackind 2038] msg ack hostid=0xffffff8051cd7600
06-03 15:32:39.812 W/ ( 0): [2 T1089 ..] [cmd_mgr_llind 329] cmd tkn[7] flags:001a result: -4 cmd: 105-MM_SUB_READ_EFUSE - reqcfm(16391-unknown)
06-03 15:32:39.814 W/ ( 0): [2 T1089 ..] [cmd_mgr_msgind 409] cmd tkn[7] flags:0012 result: -4 cmd: 105-MM_SUB_READ_EFUSE - reqcfm(16391-unknown)
06-03 15:32:39.815 W/ ( 0): [2 T1089 ..] [cmd_complete 65] cmd tkn[7] flags:0002 result: -4 cmd: 105-MM_SUB_READ_EFUSE - reqcfm(16391-unknown)
06-03 15:32:39.817 W/[1 T557 ..] read_efuse( 0): value = 7fff1218
06-03 15:32:39.803 W/Looper ( 945): Slow dispatch took 46ms wmshell.main h=android.view.Choreographer$FrameHandler c=android.view.Choreographer$FrameDisplayEventReceiver@4c9bedd m=0
06-03 15:32:39.817 W/ ( 0): [2 T1089 ..] fmac efuse read: address:0x9 value:0x7FFF1218
06-03 15:32:39.806 D/CompatibilityChangeReporter( 736): Compat change id reported: 161145287; UID 1073; state: ENABLED
06-03 15:32:39.817 W/ ( 0): [1 T557 ..] [aml_cfg_get_chipid 167] get_chipid from efuse:121840109969
06-03 15:32:39.818 W/ ( 0): [1 T557 ..] >>> aml_send_msg()
06-03 15:32:39.820 W/ ( 0): [2 T1089 ..] ipc_sdio_host_msgack_handler 00000000a483f89b
06-03 15:32:39.820 W/ ( 0): [2 T1089 ..] [aml_msgackind 2038] msg ack hostid=0xffffff804ebe3280
06-03 15:32:39.821 W/ ( 0): [2 T1089 ..] [cmd_mgr_llind 329] cmd tkn[8] flags:001a result: -4 cmd: 105-MM_SUB_READ_EFUSE - reqcfm(16391-unknown)
06-03 15:32:39.823 W/ ( 0): [2 T1089 ..] [cmd_mgr_msgind 409] cmd tkn[8] flags:0012 result: -4 cmd: 105-MM_SUB_READ_EFUSE - reqcfm(16391-unknown)
06-03 15:32:39.825 W/ ( 0): [2 T1089 ..] [cmd_complete 65] cmd tkn[8] flags:0002 result: -4 cmd: 105-MM_SUB_READ_EFUSE - reqcfm(16391-unknown)
06-03 15:32:39.826 W/[1 T557 ..] read_efuse( 0): value = 1ffff
06-03 15:32:39.826 W/ ( 0): [2 T1089 ..] fmac efuse read: address:0x7 value:0x1FFFF
06-03 15:32:39.827 W/ ( 0): [1 T557 ..] >>> aml_send_msg()
06-03 15:32:39.828 W/ ( 0): [2 T1089 ..] ipc_sdio_host_msgack_handler 00000000a483f89b
06-03 15:32:39.829 W/ ( 0): [2 T1089 ..] [aml_msgackind 2038] msg ack hostid=0xffffff804ebe3280
06-03 15:32:39.830 W/ ( 0): [2 T1089 ..] [cmd_mgr_llind 329] cmd tkn[9] flags:001a result: -4 cmd: 105-MM_SUB_READ_EFUSE - reqcfm(16391-unknown)
06-03 15:32:39.832 W/ ( 0): [2 T1089 ..] [cmd_mgr_msgind 409] cmd tkn[9] flags:0012 result: -4 cmd: 105-MM_SUB_READ_EFUSE - reqcfm(16391-unknown)
06-03 15:32:39.833 W/ ( 0): [2 T1089 ..] [cmd_complete 65] cmd tkn[9] flags:0002 result: -4 cmd: 105-MM_SUB_READ_EFUSE - reqcfm(16391-unknown)
06-03 15:32:39.835 W/[1 T557 ..] read_efuse( 0): value = 2d2062cb
06-03 15:32:39.835 W/ ( 0): [2 T1089 ..] fmac efuse read: address:0x1 value:0x2D2062CB
06-03 15:32:39.835 W/ ( 0): [1 T557 ..] >>> aml_send_msg()
06-03 15:32:39.838 W/ ( 0): [2 T1089 ..] ipc_sdio_host_msgack_handler 00000000bb6d4ee3
06-03 15:32:39.838 W/ ( 0): [2 T1089 ..] [aml_msgackind 2038] msg ack hostid=0xffffff804ebe3100
06-03 15:32:39.839 W/ ( 0): [2 T1089 ..] [cmd_mgr_llind 329] cmd tkn[10] flags:001a result: -4 cmd: 105-MM_SUB_READ_EFUSE - reqcfm(16391-unknown)
06-03 15:32:39.841 W/ ( 0): [2 T1089 ..] [cmd_mgr_msgind 409] cmd tkn[10] flags:0012 result: -4 cmd: 105-MM_SUB_READ_EFUSE - reqcfm(16391-unknown)
06-03 15:32:39.842 W/ ( 0): [2 T1089 ..] [cmd_complete 65] cmd tkn[10] flags:0002 result: -4 cmd: 105-MM_SUB_READ_EFUSE - reqcfm(16391-unknown)
06-03 15:32:39.844 W/[1 T557 ..] read_efuse( 0): value = 1c79
06-03 15:32:39.844 W/ ( 0): [2 T1089 ..] fmac efuse read: address:0x2 value:0x1C79
06-03 15:32:39.844 W/ ( 0): [1 T557 ..] [aml_cfg_to_file 273] get mac address from efuse is:1c:79:2d:20:62:cb
06-03 15:32:39.845 W/ ( 0): [1 T557 ..] [aml_cfg_to_file 303] vif0 mac address:1c:79:2d:20:62:cb, vif1 mac address: 1e:79:2d:20:62:cb, vif2 mac address: 1e:79:2d:20:62:ca
06-03 15:32:39.848 W/ ( 0): [1 T557 ..] [aml_interface_add 1454] vif index=0, type=2
06-03 15:32:39.849 W/ ( 0): [1 T557 ..] set_scan_hang, flag:0, [aml_interface_add 1494]
06-03 15:32:39.856 W/Looper ( 945): Drained
06-03 15:32:39.998 W/ ( 0): [3 T557 ..] [aml_rps_map_set 46] set rps_cpus as [0]
06-03 15:32:39.998 W/ ( 0): [3 T557 ..] [aml_rps_map_set 46] set rps_cpus as [0]
06-03 15:32:40.011 W/ ( 0): [3 T557 ..] [aml_rps_map_set 46] set rps_cpus as [0]
06-03 15:32:40.011 W/ ( 0): [3 T557 ..] [aml_rps_map_set 46] set rps_cpus as [0]
06-03 15:32:40.012 I/ ( 0): [3 T557 ..] new interface create wlan0 success
06-03 15:32:40.013 W/ ( 0): [3 T557 ..] [aml_interface_add 1454] vif index=1, type=2
06-03 15:32:40.023 W/ ( 0): [3 T557 ..] set_scan_hang, flag:0, [aml_interface_add 1494]
06-03 15:32:40.026 D/CompatibilityChangeReporter( 736): Compat change id reported: 182478738; UID 1073; state: ENABLED
06-03 15:32:40.097 D/CompatibilityChangeReporter( 736): Compat change id reported: 157233955; UID 10052; state: ENABLED
06-03 15:32:40.140 W/ ( 0): [3 T557 ..] [aml_rps_map_set 46] set rps_cpus as [0]
06-03 15:32:40.140 W/ ( 0): [3 T557 ..] [aml_rps_map_set 46] set rps_cpus as [0]
06-03 15:32:40.141 W/ ( 0): [3 T557 ..] [aml_rps_map_set 46] set rps_cpus as [0]
06-03 15:32:40.142 W/ ( 0): [3 T557 ..] [aml_rps_map_set 46] set rps_cpus as [0]
06-03 15:32:40.144 I/ ( 0): [3 T557 ..] new interface create p2p0 success
06-03 15:32:40.144 W/ ( 0): [3 T557 ..] [aml_interface_add 1454] vif index=2, type=2
06-03 15:32:40.145 W/ ( 0): [3 T557 ..] set_scan_hang, flag:0, [aml_interface_add 1494]
06-03 15:32:40.192 W/ ( 0): [0 T557 ..] [aml_rps_map_set 46] set rps_cpus as [0]
06-03 15:32:40.192 W/ ( 0): [0 T557 ..] [aml_rps_map_set 46] set rps_cpus as [0]
06-03 15:32:40.193 W/ ( 0): [0 T557 ..] [aml_rps_map_set 46] set rps_cpus as [0]
06-03 15:32:40.193 W/ ( 0): [0 T557 ..] [aml_rps_map_set 46] set rps_cpus as [0]
06-03 15:32:40.194 I/ ( 0): [0 T557 ..] new interface create ap0 success
06-03 15:32:40.195 W/ ( 0): [0 T557 ..] >>> aml_send_msg()
06-03 15:32:40.196 I/[3 T435 ..] AidlLazyServiceRegistrar( 0): Process has 0 (of 1 available) client(s) in use after notification apexservice has clients: 0
06-03 15:32:40.197 I/[3 T435 ..] AidlLazyServiceRegistrar( 0): Shutdown prevented by forcePersist override flag.
06-03 15:32:40.200 W/ ( 0): [2 T1089 ..] ipc_sdio_host_msgack_handler 00000000a81aa966
06-03 15:32:40.200 W/ ( 0): [2 T1089 ..] [aml_msgackind 2038] msg ack hostid=0xffffff8051caa000
06-03 15:32:40.201 W/ ( 0): [2 T1089 ..] [cmd_mgr_llind 329] cmd tkn[11] flags:0008 result: -4 cmd: 105-MM_SUB_SET_TEMP_START - reqcfm(1023-none)
06-03 15:32:40.202 W/ ( 0): [2 T1089 ..] [cmd_complete 65] cmd tkn[11] flags:0000 result: -4 cmd: 105-MM_SUB_SET_TEMP_START - reqcfm(1023-none)
06-03 15:32:40.204 W/ ( 0): [0 T557 ..] [aml_log_nl_init 1183] aml trace netlink init OK!
06-03 15:32:40.193 I/android.hardware.wifi-service.droidlogic( 512): check loading wifi driver is ok...
06-03 15:32:40.193 W/android.hardware.wifi-service.droidlogic( 512): driver loaded
06-03 15:32:40.195 I/android.hardware.wifi-service.droidlogic( 512): After driver loaded, wifi_name:aml_w2_s
06-03 15:32:40.196 I/android.hardware.wifi-service.droidlogic( 512): Even /data/vendor/wifi/wpa/wpa_supplicant.conf exists, still overwrite it.
06-03 15:32:40.197 I/android.hardware.wifi-service.droidlogic( 512): Migrated conf file from /vendor/etc/wifi/unbcm_supplicant.conf to /data/vendor/wifi/wpa/wpa_supplicant.conf: Operation not permitted
06-03 15:32:40.200 I/android.hardware.wifi-service.droidlogic( 512): Even /data/vendor/wifi/wpa/p2p_supplicant.conf exists, still overwrite it.
06-03 15:32:40.200 I/android.hardware.wifi-service.droidlogic( 512): Migrated conf file from /vendor/etc/wifi/p2p_supplicant.conf to /data/vendor/wifi/wpa/p2p_supplicant.conf: Read-only file system
06-03 15:32:40.200 I/android.hardware.wifi-service.droidlogic( 512): no bcm and uwe wifi ,need use p2p0 with p2p interface
06-03 15:32:40.202 I/android.hardware.wifi-service.droidlogic( 512): Wifi HAL started
06-03 15:32:40.242 W/android.hardware.wifi-service.droidlogic( 512): No active wlan interfaces in use! Using default
06-03 15:32:40.242 E/android.hardware.wifi-service.droidlogic( 512): Unknown iface name: wlan0
06-03 15:32:40.242 E/android.hardware.wifi-service.droidlogic( 512): Unknown iface name: wlan0
06-03 15:32:40.249 W/android.hardware.wifi-service.droidlogic( 512): No active wlan interfaces in use! Using default
06-03 15:32:40.249 E/android.hardware.wifi-service.droidlogic( 512): Unknown iface name: wlan0
06-03 15:32:40.249 E/android.hardware.wifi-service.droidlogic( 512): Unknown iface name: wlan0
06-03 15:32:40.268 W/ ( 0): [2 T557 ..] >>> aml_open()
06-03 15:32:40.268 W/ ( 0): [2 T557 ..] [recy_dbg][aml_recy_flags_set 57] set flags(0x200), new flags(0x200)
06-03 15:32:40.268 W/ ( 0): [2 T557 ..] >>> aml_send_start()
06-03 15:32:40.270 W/ ( 0): [2 T557 ..] >>> aml_send_msg()
06-03 15:32:40.272 W/ ( 0): [2 T1089 ..] ipc_sdio_host_msgack_handler 000000002b5c8f16
06-03 15:32:40.272 W/ ( 0): [2 T1089 ..] [aml_msgackind 2038] msg ack hostid=0xffffff8051e1d880
06-03 15:32:40.273 W/ ( 0): [2 T1089 ..] [cmd_mgr_llind 329] cmd tkn[12] flags:001a result: -4 cmd: 2-MM_START_REQ - reqcfm( 3-MM_START_CFM)
06-03 15:32:40.275 W/ ( 0): [2 T1089 ..] [cmd_mgr_msgind 409] cmd tkn[12] flags:0012 result: -4 cmd: 2-MM_START_REQ - reqcfm( 3-MM_START_CFM)
06-03 15:32:40.277 W/ ( 0): [2 T1089 ..] [cmd_complete 65] cmd tkn[12] flags:0002 result: -4 cmd: 2-MM_START_REQ - reqcfm( 3-MM_START_CFM)
06-03 15:32:40.279 W/ ( 0): [2 T557 ..] >>> aml_send_add_if()
06-03 15:32:40.279 W/ ( 0): [2 T557 ..] >>> aml_send_msg()
06-03 15:32:40.281 W/ ( 0): [2 T1089 ..] ipc_sdio_host_msgack_handler 000000002b5c8f16
06-03 15:32:40.281 W/ ( 0): [2 T1089 ..] [aml_msgackind 2038] msg ack hostid=0xffffff8051e1d880
