06-03 15:32:50.093 V/SystemServerTimingAsync( 736): ssm.onCompletedEventUser-0_{|Unlocked|}_com.android.server.smartspace.SmartspaceManagerService took to complete: 0ms
06-03 15:32:50.093 D/SystemServerTimingAsync( 736): ssm.onCompletedEventUser-0_{|Unlocked|}_com.android.server.graphics.fonts.FontManagerService$Lifecycle
06-03 15:32:50.093 V/SystemServerTimingAsync( 736): ssm.onCompletedEventUser-0_{|Unlocked|}_com.android.server.graphics.fonts.FontManagerService$Lifecycle took to complete: 0ms
06-03 15:32:50.093 D/SystemServerTimingAsync( 736): ssm.onCompletedEventUser-0_{|Unlocked|}_com.android.server.textservices.TextServicesManagerService$Lifecycle
06-03 15:32:50.093 V/SystemServerTimingAsync( 736): ssm.onCompletedEventUser-0_{|Unlocked|}_com.android.server.textservices.TextServicesManagerService$Lifecycle took to complete: 0ms
06-03 15:32:50.093 D/SystemServerTimingAsync( 736): ssm.onCompletedEventUser-0_{|Unlocked|}_com.android.server.textclassifier.TextClassificationManagerService$Lifecycle
06-03 15:32:50.093 V/SystemServerTimingAsync( 736): ssm.onCompletedEventUser-0_{|Unlocked|}_com.android.server.textclassifier.TextClassificationManagerService$Lifecycle took to complete: 0ms
06-03 15:32:50.093 D/SystemServerTimingAsync( 736): ssm.onCompletedEventUser-0_{|Unlocked|}_com.android.server.NetworkScoreService$Lifecycle
06-03 15:32:50.093 V/SystemServerTimingAsync( 736): ssm.onCompletedEventUser-0_{|Unlocked|}_com.android.server.NetworkScoreService$Lifecycle took to complete: 0ms
06-03 15:32:50.093 D/SystemServerTimingAsync( 736): ssm.onCompletedEventUser-0_{|Unlocked|}_com.android.server.NetworkStatsServiceInitializer
06-03 15:32:50.094 V/SystemServerTimingAsync( 736): ssm.onCompletedEventUser-0_{|Unlocked|}_com.android.server.NetworkStatsServiceInitializer took to complete: 0ms
06-03 15:32:50.094 D/SystemServerTimingAsync( 736): ssm.onCompletedEventUser-0_{|Unlocked|}_com.android.server.wifi.WifiService
06-03 15:32:50.094 V/SystemServerTimingAsync( 736): ssm.onCompletedEventUser-0_{|Unlocked|}_com.android.server.wifi.WifiService took to complete: 0ms
06-03 15:32:50.094 D/SystemServerTimingAsync( 736): ssm.onCompletedEventUser-0_{|Unlocked|}_com.android.server.wifi.scanner.WifiScanningService
06-03 15:32:50.094 V/SystemServerTimingAsync( 736): ssm.onCompletedEventUser-0_{|Unlocked|}_com.android.server.wifi.scanner.WifiScanningService took to complete: 0ms
06-03 15:32:50.094 D/SystemServerTimingAsync( 736): ssm.onCompletedEventUser-0_{|Unlocked|}_com.android.server.wifi.p2p.WifiP2pService
06-03 15:32:50.094 V/SystemServerTimingAsync( 736): ssm.onCompletedEventUser-0_{|Unlocked|}_com.android.server.wifi.p2p.WifiP2pService took to complete: 0ms
06-03 15:32:50.094 D/SystemServerTimingAsync( 736): ssm.onCompletedEventUser-0_{|Unlocked|}_com.android.server.ConnectivityServiceInitializer
06-03 15:32:50.094 V/SystemServerTimingAsync( 736): ssm.onCompletedEventUser-0_{|Unlocked|}_com.android.server.ConnectivityServiceInitializer took to complete: 0ms
06-03 15:32:50.094 D/SystemServerTimingAsync( 736): ssm.onCompletedEventUser-0_{|Unlocked|}_com.android.server.notification.NotificationManagerService
06-03 15:32:50.094 V/SystemServerTimingAsync( 736): ssm.onCompletedEventUser-0_{|Unlocked|}_com.android.server.notification.NotificationManagerService took to complete: 0ms
06-03 15:32:50.094 D/SystemServerTimingAsync( 736): ssm.onCompletedEventUser-0_{|Unlocked|}_com.android.server.storage.DeviceStorageMonitorService
06-03 15:32:50.094 V/SystemServerTimingAsync( 736): ssm.onCompletedEventUser-0_{|Unlocked|}_com.android.server.storage.DeviceStorageMonitorService took to complete: 0ms
06-03 15:32:50.094 D/SystemServerTimingAsync( 736): ssm.onCompletedEventUser-0_{|Unlocked|}_com.android.server.timedetector.TimeDetectorService$Lifecycle
06-03 15:32:50.094 V/SystemServerTimingAsync( 736): ssm.onCompletedEventUser-0_{|Unlocked|}_com.android.server.timedetector.TimeDetectorService$Lifecycle took to complete: 0ms
06-03 15:32:50.094 D/SystemServerTimingAsync( 736): ssm.onCompletedEventUser-0_{|Unlocked|}_com.android.server.location.LocationManagerService$Lifecycle
06-03 15:32:50.094 V/SystemServerTimingAsync( 736): ssm.onCompletedEventUser-0_{|Unlocked|}_com.android.server.location.LocationManagerService$Lifecycle took to complete: 0ms
06-03 15:32:50.094 D/SystemServerTimingAsync( 736): ssm.onCompletedEventUser-0_{|Unlocked|}_com.android.server.timezonedetector.TimeZoneDetectorService$Lifecycle
06-03 15:32:50.094 V/SystemServerTimingAsync( 736): ssm.onCompletedEventUser-0_{|Unlocked|}_com.android.server.timezonedetector.TimeZoneDetectorService$Lifecycle took to complete: 0ms
06-03 15:32:50.094 D/SystemServerTimingAsync( 736): ssm.onCompletedEventUser-0_{|Unlocked|}_com.android.server.location.altitude.AltitudeService$Lifecycle
06-03 15:32:50.094 V/SystemServerTimingAsync( 736): ssm.onCompletedEventUser-0_{|Unlocked|}_com.android.server.location.altitude.AltitudeService$Lifecycle took to complete: 0ms
06-03 15:32:50.094 D/SystemServerTimingAsync( 736): ssm.onCompletedEventUser-0_{|Unlocked|}_com.android.server.timezonedetector.location.LocationTimeZoneManagerService$Lifecycle
06-03 15:32:50.094 V/SystemServerTimingAsync( 736): ssm.onCompletedEventUser-0_{|Unlocked|}_com.android.server.timezonedetector.location.LocationTimeZoneManagerService$Lifecycle took to complete: 0ms
06-03 15:32:50.094 D/SystemServerTimingAsync( 736): ssm.onCompletedEventUser-0_{|Unlocked|}_com.android.server.search.SearchManagerService$Lifecycle
06-03 15:32:50.094 V/SystemServerTimingAsync( 736): ssm.onCompletedEventUser-0_{|Unlocked|}_com.android.server.search.SearchManagerService$Lifecycle took to complete: 0ms
06-03 15:32:50.094 D/SystemServerTimingAsync( 736): ssm.onCompletedEventUser-0_{|Unlocked|}_com.android.server.wallpaper.WallpaperManagerService$Lifecycle
06-03 15:32:50.094 V/SystemServerTimingAsync( 736): ssm.onCompletedEventUser-0_{|Unlocked|}_com.android.server.wallpaper.WallpaperManagerService$Lifecycle took to complete: 0ms
06-03 15:32:50.094 D/SystemServerTimingAsync( 736): ssm.onCompletedEventUser-0_{|Unlocked|}_com.android.server.wallpapereffectsgeneration.WallpaperEffectsGenerationManagerService
06-03 15:32:50.094 V/SystemServerTimingAsync( 736): ssm.onCompletedEventUser-0_{|Unlocked|}_com.android.server.wallpapereffectsgeneration.WallpaperEffectsGenerationManagerService took to complete: 0ms
06-03 15:32:50.094 D/SystemServerTimingAsync( 736): ssm.onCompletedEventUser-0_{|Unlocked|}_com.android.server.audio.AudioService$Lifecycle
06-03 15:32:50.094 V/SystemServerTimingAsync( 736): ssm.onCompletedEventUser-0_{|Unlocked|}_com.android.server.audio.AudioService$Lifecycle took to complete: 0ms
06-03 15:32:50.095 D/SystemServerTimingAsync( 736): ssm.onCompletedEventUser-0_{|Unlocked|}_com.android.server.soundtrigger_middleware.SoundTriggerMiddlewareService$Lifecycle
06-03 15:32:50.095 V/SystemServerTimingAsync( 736): ssm.onCompletedEventUser-0_{|Unlocked|}_com.android.server.soundtrigger_middleware.SoundTriggerMiddlewareService$Lifecycle took to complete: 0ms
06-03 15:32:50.095 D/SystemServerTimingAsync( 736): ssm.onCompletedEventUser-0_{|Unlocked|}_com.android.server.adb.AdbService$Lifecycle
06-03 15:32:50.095 V/SystemServerTimingAsync( 736): ssm.onCompletedEventUser-0_{|Unlocked|}_com.android.server.adb.AdbService$Lifecycle took to complete: 0ms
06-03 15:32:50.095 D/SystemServerTimingAsync( 736): ssm.onCompletedEventUser-0_{|Unlocked|}_com.android.server.usb.UsbService$Lifecycle
06-03 15:32:50.095 V/SystemServerTimingAsync( 736): ssm.onCompletedEventUser-0_{|Unlocked|}_com.android.server.usb.UsbService$Lifecycle took to complete: 0ms
06-03 15:32:50.095 D/SystemServerTimingAsync( 736): ssm.onCompletedEventUser-0_{|Unlocked|}_com.android.server.twilight.TwilightService
06-03 15:32:50.095 V/SystemServerTimingAsync( 736): ssm.onCompletedEventUser-0_{|Unlocked|}_com.android.server.twilight.TwilightService took to complete: 0ms
06-03 15:32:50.095 D/SystemServerTimingAsync( 736): ssm.onCompletedEventUser-0_{|Unlocked|}_com.android.server.display.color.ColorDisplayService
06-03 15:32:50.095 V/SystemServerTimingAsync( 736): ssm.onCompletedEventUser-0_{|Unlocked|}_com.android.server.display.color.ColorDisplayService took to complete: 0ms
06-03 15:32:50.095 D/SystemServerTimingAsync( 736): ssm.onCompletedEventUser-0_{|Unlocked|}_com.android.server.job.JobSchedulerService
06-03 15:32:50.095 D/SystemServerTimingAsync( 736): ssm.onCompletedEventUser-0_{|Unlocked|}_com.android.server.os.DeviceIdentifiersPolicyService
06-03 15:32:50.095 V/SystemServerTimingAsync( 736): ssm.onCompletedEventUser-0_{|Unlocked|}_com.android.server.os.DeviceIdentifiersPolicyService took to complete: 0ms
06-03 15:32:50.095 D/SystemServerTimingAsync( 736): ssm.onCompletedEventUser-0_{|Unlocked|}_com.android.server.soundtrigger.SoundTriggerService
06-03 15:32:50.095 V/SystemServerTimingAsync( 736): ssm.onCompletedEventUser-0_{|Unlocked|}_com.android.server.soundtrigger.SoundTriggerService took to complete: 0ms
06-03 15:32:50.102 I/okhttp.OkHttpClient( 1494): --> POST http://tyapi.qun7.com/v1/core/launcherota (527-byte body)
06-03 15:32:50.104 I/okhttp.OkHttpClient( 1494): --> POST http://tymsgapi.qun7.com/v1/core/logip (594-byte body)
06-03 15:32:50.107 I/okhttp.OkHttpClient( 1494): --> POST http://tymsgapi.qun7.com/v1/core/rom (527-byte body)
06-03 15:32:50.113 I/resolv ( 466): GetAddrInfoHandler::run: {100 786532 100 983140 1000 0}
06-03 15:32:50.118 I/resolv ( 466): GetAddrInfoHandler::run: {100 786532 100 983140 1000 0}
06-03 15:32:50.120 I/resolv ( 466): GetAddrInfoHandler::run: {100 786532 100 983140 1000 0}
06-03 15:32:50.123 D/getEthernetMacAddr( 1494): getEthernetMacAddr use eth0
06-03 15:32:50.125 I/resolv ( 466): res_nmkquery: (QUERY, IN, A)
06-03 15:32:50.125 I/okhttp.OkHttpClient( 1494): --> POST http://tymsgapi.qun7.com/v1/core/appupdate (2308-byte body)
06-03 15:32:50.125 I/resolv ( 466): res_nmkquery: (QUERY, IN, A)
06-03 15:32:50.126 I/resolv ( 466): res_nmkquery: (QUERY, IN, A)
06-03 15:32:50.127 I/resolv ( 466): resolv_cache_lookup: Waiting for previous request
06-03 15:32:50.129 D/CompatibilityChangeReporter( 2081): Compat change id reported: 263076149; UID 10027; state: DISABLED
06-03 15:32:50.133 D/CompatibilityChangeReporter( 1988): Compat change id reported: 263076149; UID 10066; state: ENABLED
06-03 15:32:50.136 D/CompatibilityChangeReporter( 1403): Compat change id reported: 263076149; UID 10055; state: ENABLED
06-03 15:32:50.137 I/resolv ( 466): GetAddrInfoHandler::run: {100 786532 100 983140 1000 0}
06-03 15:32:50.138 E/TaskWorkerFactory( 1403): Cannot create worker: com.android.devicelockcontroller.provision.worker.DeviceCheckInWorker
06-03 15:32:50.138 E/TaskWorkerFactory( 1403): java.lang.NoSuchMethodException: com.android.devicelockcontroller.provision.worker.DeviceCheckInWorker. [class android.content.Context, class androidx.work.WorkerParameters, interface com.google.common.util.concurrent.ListeningExecutorService]
06-03 15:32:50.138 E/TaskWorkerFactory( 1403): at java.lang.Class.getConstructor0(Class.java:3325)
06-03 15:32:50.138 E/TaskWorkerFactory( 1403): at java.lang.Class.getDeclaredConstructor(Class.java:3063)
06-03 15:32:50.138 E/TaskWorkerFactory( 1403): at com.android.devicelockcontroller.policy.TaskWorkerFactory.createWorker(TaskWorkerFactory.java:53)
06-03 15:32:50.138 E/TaskWorkerFactory( 1403): at androidx.work.DelegatingWorkerFactory.createWorker(DelegatingWorkerFactory.java:71)
06-03 15:32:50.138 E/TaskWorkerFactory( 1403): at androidx.work.WorkerFactory.createWorkerWithDefaultFallback(WorkerFactory.java:82)
06-03 15:32:50.138 E/TaskWorkerFactory( 1403): at androidx.work.impl.WorkerWrapper.runWorker(WorkerWrapper.java:240)
06-03 15:32:50.138 E/TaskWorkerFactory( 1403): at androidx.work.impl.WorkerWrapper.run(WorkerWrapper.java:142)
06-03 15:32:50.138 E/TaskWorkerFactory( 1403): at androidx.work.impl.utils.SerialExecutorImpl$Task.run(SerialExecutorImpl.java:96)
06-03 15:32:50.138 E/TaskWorkerFactory( 1403): at java.util.concurrent.ThreadPoolExecutor.runWorker(ThreadPoolExecutor.java:1145)
06-03 15:32:50.138 E/TaskWorkerFactory( 1403): at java.util.concurrent.ThreadPoolExecutor$Worker.run(ThreadPoolExecutor.java:644)
06-03 15:32:50.138 E/TaskWorkerFactory( 1403): at java.lang.Thread.run(Thread.java:1012)
06-03 15:32:50.140 D/DeviceCheckInClient( 1403): Creating instance for com.android.devicelockcontroller.debug.DeviceCheckInClientDebug
06-03 15:32:50.144 I/resolv ( 466): res_nmkquery: (QUERY, IN, A)
06-03 15:32:50.144 I/resolv ( 466): resolv_cache_lookup: Waiting for previous request
06-03 15:32:50.166 I/CheckInWorker( 1403): perform check-in request
06-03 15:32:50.169 D/CompatibilityChangeReporter( 945): Compat change id reported: 186082280; UID 10052; state: ENABLED
06-03 15:32:50.177 E/HigherBroadcastServer( 1494): {"bluetoothBoot":false,"bluetoothController":false,"bluetoothMac":"1C:79:2D:20:62:CC","deviceModel":"DBBOX-A3","deviceModelNumber":"H5P464","deviceName":"客厅的当贝盒子","findController":1,"hostName":"192.168.3.4","inetAddress":"192.168.3.4","mac":"20:02:FE:19:C2:3F","port":6689,"romCode":5007,"romVersion":"5.0.0.7","wifiMac":"1C:79:2D:20:62:CB","deviceId":"b6cd0df3116ba91b1960e4323e447386","sn":"DZOH5P8251918256"}
06-03 15:32:50.177 W/NsdServiceInfo( 1494): Key lengths > 9 are discouraged: deviceModel
06-03 15:32:50.177 W/NsdServiceInfo( 1494): Key lengths > 9 are discouraged: deviceModelNumber
06-03 15:32:50.177 W/NsdServiceInfo( 1494): Key lengths > 9 are discouraged: deviceName
06-03 15:32:50.177 W/NsdServiceInfo( 1494): Key lengths > 9 are discouraged: romVersion
06-03 15:32:50.177 W/NsdServiceInfo( 1494): Key lengths > 9 are discouraged: findController
06-03 15:32:50.178 W/CheckInWorker( 1403): CheckIn failed. No device identifier available!
06-03 15:32:50.180 I/WM-WorkerWrapper( 1403): Worker result FAILURE for Work [ id=c838d088-9bdd-42dd-b291-7969e7ee2976, tags={ com.android.devicelockcontroller.provision.worker.DeviceCheckInWorker } ]
06-03 15:32:50.195 I/[1 T236 ..] servicemanager( 0): Notifying apexservice they don't (previously: do) have clients when we now have no record of a client
06-03 15:32:50.184 D/PackageManager( 736): Instant App installer not found with android.intent.action.INSTALL_INSTANT_APP_PACKAGE
06-03 15:32:50.184 D/PackageManager( 736): Clear ephemeral installer activity
06-03 15:32:50.188 I/serviceDiscovery( 736): [MdnsSocketProvider] Start monitoring sockets.
06-03 15:32:50.197 I/[1 T236 ..] servicemanager( 0): Unregistering apexservice
06-03 15:32:50.197 I/[1 T236 ..] BpBinder( 0): onLastStrongRef automatically unlinking death recipients:
06-03 15:32:50.202 W/[0 T766 ..] printk( 0): binder:340_4: 162 output lines suppressed due to ratelimiting
06-03 15:32:50.189 I/TetheringManager( 736): registerTetheringEventCallback caller:android
06-03 15:32:50.190 I/serviceDiscovery( 736): [MdnsAdvertiser] Adding service name: 192.168.3.4, type: _db_controller._tcp, hostAddresses: /192.168.3.4, port: 6689, network: null, txtRecord: deviceModel=DBBOX-A3romVersion=5.0.0.7findController=1sn=DZOH5P8251918256mac=20:02:FE:19:C2:3F deviceName=客厅的当贝盒子)deviceId=b6cd0df3116ba91b1960e4323e447386deviceModelNumber=H5P464 romCode=5007 with ID 2 and subtype null
06-03 15:32:50.193 D/ConnectivityService( 736): NetReassign [no changes] [c 0] [a 1] [i 3]
06-03 15:32:50.203 D/TrafficStats( 736): tagSocket(459) with statsTag=0xffffffff, statsUid=-1
06-03 15:32:50.209 I/WM-WorkerWrapper( 2081): Worker result SUCCESS for Work [ id=f1d0364d-995b-472c-96f2-f7ec262746b6, tags={ com.android.statementservice.domain.worker.RetryRequestWorker } ]
06-03 15:32:50.223 I/DrmHalHidl( 1988): No hidl drm factories found
06-03 15:32:50.224 I/hwservicemanager( 237): getTransport: Cannot find entry android.hardware.drm@1.0::IDrmFactory/default in either framework or device VINTF manifest.
06-03 15:32:50.224 E/DrmHalHidl( 1988): Failed to find passthrough drm factories
06-03 15:32:50.226 I/DrmUtils( 1988): found IDrmFactory. Instance name:[android.hardware.drm.IDrmFactory/clearkey]
06-03 15:32:50.227 I/DrmUtils( 1988): found IDrmFactory. Instance name:[android.hardware.drm.IDrmFactory/widevine]
06-03 15:32:50.229 I/WVCdm-DrmFactory( 527): [app][com.android.rkpdapp] calling virtual ::ndk::ScopedAStatus wvdrm::hardware::drm::widevine::WVDrmFactory::createDrmPlugin(const Uuid &, const string &, std::shared_ptr< ::aidl::android::hardware::drm::IDrmPlugin> *)
06-03 15:32:50.229 D/WVCdm ( 527): Instantiating CDM metrics queue
06-03 15:32:50.229 D/WVCdm ( 527): Instantiating CDM.
06-03 15:32:50.231 D/WVCdm ( 527): [cdm_engine.cpp(581):QueryStatus] security_level = Default, query_token = WidevineCdmVersion
06-03 15:32:50.237 I/WVCdm ( 527): [file_utils.cpp(38):Exists] stat failed: ENOENT
06-03 15:32:50.237 I/WVCdm ( 527): [oemcrypto_adapter_dynamic.cpp(783):Initialize] Level 3 Build Info (v18): {"soc_vendor":"L3_34136","soc_model":"ARM 32 bit","ta_ver":"18.1.0+May 15 2024_23:17:25_","uses_opk":false,"tee_os":"none","tee_os_ver":"0.0.0","form_factor":"L3","implementer":"Widevine","fused":false}
06-03 15:32:50.237 I/WVCdm ( 527): [(0):] Level3 Library 34136 May 15 2024 23:17:25
06-03 15:32:50.270 I/resolv ( 466): res_nsend: used send_dg 347 terrno: 0
06-03 15:32:50.270 I/resolv ( 466): doQuery: rcode=0, ancount=1, return value=347
06-03 15:32:50.271 I/resolv ( 466): res_nsend: used send_dg 344 terrno: 0
06-03 15:32:50.271 I/resolv ( 466): doQuery: rcode=0, ancount=1, return value=344
06-03 15:32:50.271 I/resolv ( 466): resolv_cache_lookup: FOUND IN CACHE entry=0xf4645370
06-03 15:32:50.271 I/resolv ( 466): doQuery: rcode=0, ancount=1, return value=347
06-03 15:32:50.271 I/resolv ( 466): resolv_cache_lookup: FOUND IN CACHE entry=0xf4645370
06-03 15:32:50.271 I/resolv ( 466): doQuery: rcode=0, ancount=1, return value=347
06-03 15:32:50.274 D/TrafficStats( 1494): tagSocket(96) with statsTag=0xffffffff, statsUid=-1
06-03 15:32:50.274 D/TrafficStats( 1494): tagSocket(97) with statsTag=0xffffffff, statsUid=-1
06-03 15:32:50.275 D/TrafficStats( 1494): tagSocket(94) with statsTag=0xffffffff, statsUid=-1
06-03 15:32:50.275 D/TrafficStats( 1494): tagSocket(100) with statsTag=0xffffffff, statsUid=-1
06-03 15:32:50.281 I/WVCdm ( 527): [oemcrypto_adapter_dynamic.cpp(797):Initialize] L3 Initialized. Trying L1.
06-03 15:32:50.281 W/WVCdm ( 527): [oemcrypto_adapter_dynamic.cpp(810):Initialize] Could not load oemcrypto from path liboemcrypto.so. dlopen failed: library "liboemcrypto.so" not found
06-03 15:32:50.282 W/WVCdm ( 527): [oemcrypto_adapter_dynamic.cpp(814):Initialize] Could not load oemcrypto. Falling back to L3.
06-03 15:32:50.282 E/WVCdm ( 527): [oemcrypto_adapter_dynamic.cpp(1271):ValidateOrInstallL1KeyboxOrCert] L1 not initialized. Falling back to L3
06-03 15:32:50.282 I/WVCdm ( 527): [file_utils.cpp(38):Exists] stat failed: ENOENT
06-03 15:32:50.282 W/WVCdm ( 527): [oemcrypto_adapter_dynamic.cpp(1470):OEMCrypto_InitializeAndCheckKeybox] Keybox error: 25. Falling back to L3.
06-03 15:32:50.282 I/WVCdm ( 527): [oemcrypto_adapter_dynamic.cpp(846):Level1Terminate] L1 Terminate not needed
06-03 15:32:50.282 D/WVCdm ( 527): [crypto_session.cpp(472):CacheVersion] OEMCrypto version (default security level): 18.1
06-03 15:32:50.282 D/WVCdm ( 527): [crypto_session.cpp(481):CacheVersion] OEMCrypto version (L3 security level): 18.1
06-03 15:32:50.284 D/WVCdm ( 527): [cdm_engine.cpp(581):QueryStatus] security_level = Default, query_token = ProvisioningModel
06-03 15:32:50.286 I/RkpdWidevine( 1988): Not a WV provisioning 4.0 device. No provisioning required.
06-03 15:32:50.287 D/statsd_drm( 635): statsd_mediadrm skipping empty entry
06-03 15:32:50.289 I/WVCdm ( 527): [(0):] L3 Terminate.
06-03 15:32:50.289 I/WM-WorkerWrapper( 1988): Worker result SUCCESS for Work [ id=68804060-f5d3-4eb5-a30e-2d9eb139e7f6, tags={ com.android.rkpdapp.provisioner.WidevineProvisioner, WidevineProvisioner } ]
06-03 15:32:50.298 W/JobScheduler( 736): Job didn't exist in JobStore: 66d4044 #u0a66/51 com.android.rkpdapp/androidx.work.impl.background.systemjob.SystemJobService
06-03 15:32:50.313 D/AppListModel( 1542): requestAppFilterList: success
06-03 15:32:50.313 D/AppListModel( 1542): updateList
06-03 15:32:50.313 D/AppListModel( 1542): updateList: resetAppList
06-03 15:32:50.334 D/AppManager( 1542): checkLocalAppsIsValid:
06-03 15:32:50.337 I/okhttp.OkHttpClient( 1494): <-- 200 OK http://tymsgapi.qun7.com/v1/core/logip (233ms, 81-byte body)
06-03 15:32:50.340 I/SendAliveManager( 1421): doWhenNetworkStateChanged
06-03 15:32:50.343 I/HttpUtil( 1494): success
06-03 15:32:50.346 E/StartupService( 2115): onConnected:
06-03 15:32:50.347 I/okhttp.OkHttpClient( 1494): <-- 200 OK http://tymsgapi.qun7.com/v1/core/rom (239ms, unknown-length body)
06-03 15:32:50.351 E/ccc ( 1494): cccccc requestOtaInfo result BaseResponse{message='success', data=OtaUpdateBean{downloadId='3859', updateType=1, romVersionName='5.0.0.7', romCode=66666, current=0, romMd5v='e5fc8d9a29132ffd8efdc3842c3c35a5', romLength=1107791189, romSize='1.0 GB', downUrl='http://dl.qun7.com/H5/H5Pro/5.0.0.6-20250530-wsyv%20/user_H5P_S905X5M_20250529_3-ota.zip', reUrl='http://dl.v5tv.com/H5/H5Pro/5.0.0.6-20250530-wsyv%20/user_H5P_S905X5M_20250529_3-ota.zip', reUrl2='http://dl.tymcdn.com/H5/H5Pro/5.0.0.6-20250530-wsyv%20/user_H5P_S905X5M_20250529_3-ota.zip', tempUrl='null', remark='30号早上9点配置OTA升级
06-03 15:32:50.351 E/ccc ( 1494): 固件时间:29号晚上10点
06-03 15:32:50.351 E/ccc ( 1494): 更新信息:
06-03 15:32:50.351 E/ccc ( 1494): user_H5P_S905X5M_20250529_3
06-03 15:32:50.351 E/ccc ( 1494): 链接: https://pan.baidu.com/s/13dvHYrF9ktJxYMb1qkA6TA?pwd=wsyv 提取码: wsyv
06-03 15:32:50.351 E/ccc ( 1494): 1.修复深度清理卡死log异常 对应Redmine bug 10
06-03 15:32:50.351 E/ccc ( 1494): 2.47981 47937对应相关禅道bug
06-03 15:32:50.351 E/ccc ( 1494): 对应Redmine bug #29 #19 #78 #52 #27 #26
06-03 15:32:50.351 E/ccc ( 1494): 加油,各位老表,干完今天回家过端午', status=idle, progress=0.0, filterMac=[], localPath='null', popup=1, isPaused=false, cancelled=false, extraInfo='null'}, code=0}
06-03 15:32:50.369 W/[3 T1494 ..] audit( 0): audit_lost=128 audit_rate_limit=5 audit_backlog_limit=64
06-03 15:32:50.369 E/[3 T1494 ..] audit( 0): rate limit exceeded
06-03 15:32:50.354 E/ccc ( 1494): cccccc com.dangbei.haqusetting not connect
06-03 15:32:50.354 E/ccc ( 1494): cccccc updateHelper 通知更新
06-03 15:32:50.354 E/ccc ( 1494): cccccc OtaUpdateHelper 普通更新 1
06-03 15:32:50.359 I/okhttp.OkHttpClient( 1494): <-- 200 OK http://tymsgapi.qun7.com/v1/core/appupdate (233ms, unknown-length body)
06-03 15:32:50.362 E/hq ( 1542): ErrorCoroutineExceptionHandler:::runTry error:com.dangbei.leard.base.proider.error.EmptyApiException: 数据为空 from=requestMessageDialog from=requestMessageDialog
06-03 15:32:50.388 I/Receiver( 1741): ----------netConnectInitSDK--------------
06-03 15:32:50.390 D/RockyNetMessageUtil( 1741): initTipsList tipEntity = TipEntity{movieType=[我想看喜剧片, 动作片, 枪战片], movie=[庆余年, 误杀, 美丽人生, 爆笑虫子, 哪吒, 小猪佩奇, 胡歌的电视剧, 张艺谋导演的电影, 切换到1080P, 收藏], appController=[打开当贝市场, 下载哈趣影视, 爱奇艺, 卸载腾讯视频], weather=[今天的天气, 未来五天的天气, 杭州天气怎么样, 明天下不下雨], music=[我要听歌, 周杰伦的歌, 上一首, 下一首, 快进一分钟, 暂停], liveAppDownload='非常抱歉,根据监管部门政策管理要求,暂不提供相应服务。', subscreen=null, wakeUpVoiceResponse=[ProbabilityEntity{word='在呢', probability=30}, ProbabilityEntity{word='我在', probability=35}, ProbabilityEntity{word='你说', probability=15}, ProbabilityEntity{word='来啦', probability=20}], unrecognizedVoiceResponse=[ProbabilityEntity{word='可以再说一遍么', probability=45}, ProbabilityEntity{word='可以说的详细一点么', probability=30}, ProbabilityEntity{word='请问有什么可以帮您', probability=25}], notUnderstandVoiceResponse=[ProbabilityEntity{word='换个说法试试吧', probability=100}]} isRequestTipSuccess = false
06-03 15:32:50.393 D/RockyNetMessageUtil( 1741): initMediaControlPage pageEntity = PageEntity{list=[ContentEntity{packageName='com.dangbei.leard.leradlauncher', activityName='FilmDetailActivity'}, ContentEntity{packageName='com.dangbei.leard.leradlauncher', activityName='FullScreenDetailActivity'}, ContentEntity{packageName='com.dangbei.leard.leradlauncher', activityName='TencentSportActivity'}, ContentEntity{packageName='com.dangbei.leradVideoPlugins', activityName='FilmDetailActivity'}, ContentEntity{packageName='com.dangbei.leradVideoPlugins', activityName='FullScreenDetailActivity'}, ContentEntity{packageName='com.dangbei.leradVideoPlugins', activityName='TencentSportActivity'}, ContentEntity{packageName='com.dangbei.leradVideoPlugins', activityName='ShortPlayActivity'}, ContentEntity{packageName='com.dangbei.hqmedia', activityName='FilmDetailActivity'}, ContentEntity{packageName='com.dangbei.hqmedia', activityName='FullScreenDetailActivity'}, ContentEntity{packageName='com.dangbei.leradVideoPlugins', activityName='MangoMediaActivity'}, ContentEntity{packageName='com.dangbei.leradVideoPlugins', activityName='VcinemaActivity'}]} isRequestPageControlSuccess = false
06-03 15:32:50.394 D/XHttpObservable( 1741): handleRequest: start https://tyapi.qun7.com/v1/voice/getsoundshowmsg ,,, isCache = false
06-03 15:32:50.396 D/aaa ( 1544): WiFi is connect
06-03 15:32:50.398 W/System.err( 2115): java.lang.NullPointerException: Attempt to invoke virtual method 'byte[] java.net.NetworkInterface.getHardwareAddress()' on a null object reference
06-03 15:32:50.399 W/System.err( 2115): at b.f.f.y.g.b(Unknown Source:11)
06-03 15:32:50.399 W/System.err( 2115): at b.d.a.a.p.c0(Unknown Source:2)
06-03 15:32:50.399 W/System.err( 2115): at b.f.f.w.b.(:16)
06-03 15:32:50.399 W/System.err( 2115): at com.dangbei.screencast.startup.StartupService.w(:2)
06-03 15:32:50.399 W/System.err( 2115): at b.f.f.h.g.b.run(:6)
06-03 15:32:50.399 W/System.err( 2115): at b.d.a.a.n.a(Unknown Source:10)
06-03 15:32:50.399 W/System.err( 2115): at b.f.f.h.g.j.onReceive(Unknown Source:20)
06-03 15:32:50.399 W/System.err( 2115): at android.app.LoadedApk$ReceiverDispatcher$Args.lambda$getRunnable$0(LoadedApk.java:1811)
06-03 15:32:50.399 W/System.err( 2115): at android.app.LoadedApk$ReceiverDispatcher$Args.$r8$lambda$gDuJqgxY6Zb-ifyeubKeivTLAwk(Unknown Source:0)
06-03 15:32:50.399 W/System.err( 2115): at android.app.LoadedApk$ReceiverDispatcher$Args$$ExternalSyntheticLambda0.run(Unknown Source:2)
06-03 15:32:50.399 W/System.err( 2115): at android.os.Handler.handleCallback(Handler.java:958)
06-03 15:32:50.399 W/System.err( 2115): at android.os.Handler.dispatchMessage(Handler.java:99)
06-03 15:32:50.399 W/System.err( 2115): at android.os.Looper.loopOnce(Looper.java:205)
06-03 15:32:50.399 W/System.err( 2115): at android.os.Looper.loop(Looper.java:294)
06-03 15:32:50.399 W/System.err( 2115): at android.app.ActivityThread.main(ActivityThread.java:8255)
06-03 15:32:50.399 W/System.err( 2115): at java.lang.reflect.Method.invoke(Native Method)
06-03 15:32:50.399 W/System.err( 2115): at com.android.internal.os.RuntimeInit$MethodAndArgsCaller.run(RuntimeInit.java:552)
06-03 15:32:50.399 W/System.err( 2115): at com.android.internal.os.ZygoteInit.main(ZygoteInit.java:978)
06-03 15:32:50.400 D/aaa ( 1544): WiFi is connect
06-03 15:32:50.403 D/XHttpObservable( 1741): handleRequest: start https://tyapi.qun7.com/v1/voice/getResponseControlPage ,,, isCache = false
06-03 15:32:50.422 W/efs.info.manager( 2115): network change: wifi
06-03 15:32:50.468 I/okhttp.OkHttpClient( 1494): <-- 200 OK http://tyapi.qun7.com/v1/core/launcherota (366ms, unknown-length body)
06-03 15:32:50.471 E/ccc ( 1494): cccccc launcher ota response is BaseResponse{message='success', data=UpgradeInfoEntity{contentLength=0, versionName='', versionCode=0, remark='', list=[]}, code=0}
06-03 15:32:50.471 W/System.err( 1494): java.lang.IndexOutOfBoundsException: Index 0 out of bounds for length 0
06-03 15:32:50.472 W/System.err( 1494): at jdk.internal.util.Preconditions.outOfBounds(Preconditions.java:64)
06-03 15:32:50.472 W/System.err( 1494): at jdk.internal.util.Preconditions.outOfBoundsCheckIndex(Preconditions.java:70)
06-03 15:32:50.472 W/System.err( 1494): at jdk.internal.util.Preconditions.checkIndex(Preconditions.java:266)
06-03 15:32:50.472 W/System.err( 1494): at java.util.Objects.checkIndex(Objects.java:359)
06-03 15:32:50.472 W/System.err( 1494): at java.util.ArrayList.get(ArrayList.java:434)
06-03 15:32:50.472 W/System.err( 1494): at com.dangbei.etna.update.launcher.LauncherUpdateHelper$requestLauncherUpdateInfo$1$2.invoke(LauncherUpdateHelper.kt:198)
06-03 15:32:50.472 W/System.err( 1494): at com.dangbei.etna.update.launcher.LauncherUpdateHelper$requestLauncherUpdateInfo$1$2.invoke(LauncherUpdateHelper.kt:189)
06-03 15:32:50.472 W/System.err( 1494): at com.etna.haqu.support.ext.FlowExtKt$safeCollect$3.emit(FlowExt.kt:52)
06-03 15:32:50.472 W/System.err( 1494): at kotlinx.coroutines.flow.FlowKt__ErrorsKt$catchImpl$2.emit(Errors.kt:158)
06-03 15:32:50.472 W/System.err( 1494): at kotlinx.coroutines.flow.FlowKt__ChannelsKt.emitAllImpl$FlowKt__ChannelsKt(Channels.kt:62)
06-03 15:32:50.472 W/System.err( 1494): at kotlinx.coroutines.flow.FlowKt__ChannelsKt.access$emitAllImpl$FlowKt__ChannelsKt(Channels.kt:1)
06-03 15:32:50.472 W/System.err( 1494): at kotlinx.coroutines.flow.FlowKt__ChannelsKt$emitAllImpl$1.invokeSuspend(Unknown Source:14)
06-03 15:32:50.472 W/System.err( 1494): at kotlin.coroutines.jvm.internal.BaseContinuationImpl.resumeWith(ContinuationImpl.kt:33)
06-03 15:32:50.472 W/System.err( 1494): at kotlinx.coroutines.DispatchedTask.run(DispatchedTask.kt:106)
06-03 15:32:50.472 W/System.err( 1494): at android.os.Handler.handleCallback(Handler.java:958)
06-03 15:32:50.472 W/System.err( 1494): at android.os.Handler.dispatchMessage(Handler.java:99)
06-03 15:32:50.472 W/System.err( 1494): at android.os.Looper.loopOnce(Looper.java:205)
06-03 15:32:50.472 W/System.err( 1494): at android.os.Looper.loop(Looper.java:294)
06-03 15:32:50.472 W/System.err( 1494): at android.app.ActivityThread.main(ActivityThread.java:8255)
06-03 15:32:50.472 W/System.err( 1494): at java.lang.reflect.Method.invoke(Native Method)
06-03 15:32:50.472 W/System.err( 1494): at com.android.internal.os.RuntimeInit$MethodAndArgsCaller.run(RuntimeInit.java:552)
06-03 15:32:50.472 W/System.err( 1494): at com.android.internal.os.ZygoteInit.main(ZygoteInit.java:978)
06-03 15:32:50.473 E/ccc ( 1494): cccccc com.dangbei.haqusetting not connect
06-03 15:32:50.473 E/ccc ( 1494): cccccc updateHelper 通知更新
06-03 15:32:50.491 E/hq ( 1542): WeatherRefresh:::请求网络地址后,更新的地理位置为:101280601
06-03 15:32:50.496 I/resolv ( 466): GetAddrInfoHandler::run: {100 786532 100 983140 1000 0}
06-03 15:32:50.497 I/resolv ( 466): GetAddrInfoHandler::run: {100 786532 100 983140 1000 0}
06-03 15:32:50.502 I/resolv ( 466): GetAddrInfoHandler::run: {100 786532 100 983140 1000 0}
06-03 15:32:50.503 I/resolv ( 466): GetAddrInfoHandler::run: {100 786532 100 983140 1000 0}
06-03 15:32:50.504 I/resolv ( 466): res_nmkquery: (QUERY, IN, A)
06-03 15:32:50.509 I/resolv ( 466): res_nmkquery: (QUERY, IN, A)
06-03 15:32:50.515 E/SecondScreen( 1542): isShowSecondScreen()=0 getCurrentPageState()=com.monster.gamma.core.LoadService@a82b4e6
06-03 15:32:50.520 I/resolv ( 466): res_nsend: used send_dg 504 terrno: 0
06-03 15:32:50.520 I/resolv ( 466): res_nmkquery: (QUERY, IN, A)
06-03 15:32:50.520 I/resolv ( 466): resolv_cache_lookup: FOUND IN CACHE entry=0xf4680fd0
06-03 15:32:50.520 I/resolv ( 466): doQuery: rcode=0, ancount=17, return value=504
06-03 15:32:50.520 I/resolv ( 466): doQuery: rcode=0, ancount=17, return value=504
06-03 15:32:50.525 D/TrafficStats( 1542): tagSocket(157) with statsTag=0xffffffff, statsUid=-1
06-03 15:32:50.527 D/TrafficStats( 1542): tagSocket(176) with statsTag=0xffffffff, statsUid=-1
06-03 15:32:50.529 I/resolv ( 466): res_nmkquery: (QUERY, IN, A)
06-03 15:32:50.529 I/resolv ( 466): resolv_cache_lookup: FOUND IN CACHE entry=0xf4680fd0
06-03 15:32:50.529 I/resolv ( 466): doQuery: rcode=0, ancount=17, return value=504
06-03 15:32:50.530 I/resolv ( 466): resolv_cache_lookup: FOUND IN CACHE entry=0xf4680fd0
06-03 15:32:50.530 I/resolv ( 466): doQuery: rcode=0, ancount=17, return value=504
06-03 15:32:50.545 D/TrafficStats( 1542): tagSocket(133) with statsTag=0xffffffff, statsUid=-1
06-03 15:32:50.546 D/TrafficStats( 1542): tagSocket(158) with statsTag=0xffffffff, statsUid=-1
06-03 15:32:50.556 I/resolv ( 466): GetAddrInfoHandler::run: {100 786532 100 983140 1000 0}
06-03 15:32:50.557 I/resolv ( 466): GetAddrInfoHandler::run: {100 786532 100 983140 1000 0}
06-03 15:32:50.564 I/resolv ( 466): GetAddrInfoHandler::run: {100 786532 100 983140 1000 0}
06-03 15:32:50.570 I/resolv ( 466): res_nmkquery: (QUERY, IN, A)
06-03 15:32:50.570 I/resolv ( 466): resolv_cache_lookup: FOUND IN CACHE entry=0xf4680fd0
06-03 15:32:50.570 I/resolv ( 466): doQuery: rcode=0, ancount=17, return value=504
06-03 15:32:50.576 D/TrafficStats( 1542): tagSocket(141) with statsTag=0xffffffff, statsUid=-1
06-03 15:32:50.577 I/resolv ( 466): res_nmkquery: (QUERY, IN, A)
06-03 15:32:50.577 I/resolv ( 466): resolv_cache_lookup: FOUND IN CACHE entry=0xf4642d60
06-03 15:32:50.577 I/resolv ( 466): doQuery: rcode=0, ancount=1, return value=344
06-03 15:32:50.580 D/TrafficStats( 1741): tagSocket(186) with statsTag=0xffffffff, statsUid=-1
06-03 15:32:50.589 I/dangbei ad sdk( 1542): AdSplashView::show offline ad
06-03 15:32:50.600 I/resolv ( 466): res_nmkquery: (QUERY, IN, A)
06-03 15:32:50.600 I/resolv ( 466): resolv_cache_lookup: FOUND IN CACHE entry=0xf4642d60
06-03 15:32:50.600 I/resolv ( 466): doQuery: rcode=0, ancount=1, return value=344
06-03 15:32:50.601 D/TrafficStats( 1741): tagSocket(187) with statsTag=0xffffffff, statsUid=-1
06-03 15:32:50.643 E/hq ( 1542): WeatherRefresh:::请求网络地址后,更新的地理位置为:101280601
06-03 15:32:50.676 D/TrafficStats( 1542): tagSocket(145) with statsTag=0xffffffff, statsUid=-1
06-03 15:32:50.686 D/TrafficStats( 1542): tagSocket(125) with statsTag=0xffffffff, statsUid=-1
06-03 15:32:50.689 D/TrafficStats( 1542): tagSocket(79) with statsTag=0xffffffff, statsUid=-1
06-03 15:32:50.702 E/martin ( 1542): 组件:2025-06-03
06-03 15:32:50.705 E/weatherWidget( 1542): dataChange:Tue Jun 03 15:32:50 GMT+08:00 2025
06-03 15:32:50.706 I/d.leradlauncher( 1542): Background young concurrent copying GC freed 87429(4239KB) AllocSpace objects, 15(1588KB) LOS objects, 0% free, 13MB/13MB, paused 1.100ms,110us total 357.374ms
06-03 15:32:50.722 D/TrafficStats( 1542): tagSocket(147) with statsTag=0xffffffff, statsUid=-1
06-03 15:32:50.727 D/AppManager( 1542): checkLocalAppsIsValid: success
06-03 15:32:50.730 D/TrafficStats( 1542): tagSocket(141) with statsTag=0xffffffff, statsUid=-1
06-03 15:32:50.764 E/hq ( 1542): 当小贝:::message list add complete data.messageList:[]
06-03 15:32:50.764 E/hq ( 1542): data.tabList=[]
06-03 15:32:50.764 I/hq ( 1542): 当小贝:::showMessage from=requestGetMessageRemind
06-03 15:32:50.765 I/hq ( 1542): 当小贝:::showMessage 没有消息需要显示
06-03 15:32:50.767 D/TrafficStats( 1542): tagSocket(145) with statsTag=0xffffffff, statsUid=-1
06-03 15:32:50.773 D/TrafficStats( 1542): tagSocket(122) with statsTag=0xffffffff, statsUid=-1
06-03 15:32:50.788 D/TrafficStats( 1542): tagSocket(138) with statsTag=0xffffffff, statsUid=-1
06-03 15:32:50.822 D/TrafficStats( 1542): tagSocket(141) with statsTag=0xffffffff, statsUid=-1
06-03 15:32:50.824 D/TrafficStats( 1542): tagSocket(149) with statsTag=0xffffffff, statsUid=-1
06-03 15:32:50.866 D/TrafficStats( 1542): tagSocket(124) with statsTag=0xffffffff, statsUid=-1
06-03 15:32:50.872 D/TrafficStats( 1542): tagSocket(125) with statsTag=0xffffffff, statsUid=-1
06-03 15:32:50.873 D/TrafficStats( 1542): tagSocket(138) with statsTag=0xffffffff, statsUid=-1
06-03 15:32:50.878 D/XHttpObservable( 1741): createNetWorkObservable subscribe: MediaControlEntity{code=0, data=PageEntity{list=[ContentEntity{packageName='com.dangbei.leard.leradlauncher', activityName='FilmDetailActivity'}, ContentEntity{packageName='com.dangbei.leard.leradlauncher', activityName='FullScreenDetailActivity'}, ContentEntity{packageName='com.dangbei.leard.leradlauncher', activityName='TencentSportActivity'}, ContentEntity{packageName='com.dangbei.leradVideoPlugins', activityName='FilmDetailActivity'}, ContentEntity{packageName='com.dangbei.leradVideoPlugins', activityName='FullScreenDetailActivity'}, ContentEntity{packageName='com.dangbei.leradVideoPlugins', activityName='TencentSportActivity'}, ContentEntity{packageName='com.dangbei.leradVideoPlugins', activityName='ShortPlayActivity'}, ContentEntity{packageName='com.dangbei.hqmedia', activityName='FilmDetailActivity'}, ContentEntity{packageName='com.dangbei.hqmedia', activityName='FullScreenDetailActivity'}, ContentEntity{packageName='com.dangbei.leradVideoPlugins', activityName='MangoMediaActivity'}, ContentEntity{packageName='com.dangbei.leradVideoPlugins', activityName='VcinemaActivity'}]}, message='success'} ,,, isDisposed = false
06-03 15:32:50.894 D/XHttpObservable( 1741): createNetWorkObservable subscribe: ShowMessageEntity{code=0, data=TipEntity{movieType=[我想看喜剧片, 动作片, 枪战片], movie=[庆余年, 误杀, 美丽人生, 爆笑虫子, 哪吒, 小猪佩奇, 胡歌的电视剧, 张艺谋导演的电影, 切换到1080P, 收藏], appController=[打开当贝市场, 下载哈趣影视, 爱奇艺, 卸载腾讯视频], weather=[今天的天气, 未来五天的天气, 杭州天气怎么样, 明天下不下雨], music=[我要听歌, 周杰伦的歌, 上一首, 下一首, 快进一分钟, 暂停], liveAppDownload='非常抱歉,根据监管部门政策管理要求,暂不提供相应服务。', subscreen=null, wakeUpVoiceResponse=[ProbabilityEntity{word='在呢', probability=30}, ProbabilityEntity{word='我在', probability=35}, ProbabilityEntity{word='你说', probability=15}, ProbabilityEntity{word='来啦', probability=20}], unrecognizedVoiceResponse=[ProbabilityEntity{word='可以再说一遍么', probability=45}, ProbabilityEntity{word='可以说的详细一点么', probability=30}, ProbabilityEntity{word='请问有什么可以帮您', probability=25}], notUnderstandVoiceResponse=[ProbabilityEntity{word='换个说法试试吧', probability=100}]}, message='success'} ,,, isDisposed = false
06-03 15:32:50.895 D/TrafficStats( 1542): tagSocket(141) with statsTag=0xffffffff, statsUid=-1
06-03 15:32:50.896 I/d.leradlauncher( 1542): Background concurrent copying GC freed 107995(5638KB) AllocSpace objects, 14(1568KB) LOS objects, 49% free, 9442KB/18MB, paused 341us,193us total 187.504ms
06-03 15:32:50.918 D/TrafficStats( 1542): tagSocket(147) with statsTag=0xffffffff, statsUid=-1
06-03 15:32:50.944 D/TrafficStats( 1542): tagSocket(124) with statsTag=0xffffffff, statsUid=-1
06-03 15:32:51.095 I/serviceDiscovery( 736): [MdnsAdvertiser.wlan0] Probing finished for service 2
06-03 15:32:51.097 D/LanCommander( 1494): com.dangbei.andes.bean.RegistrationData@6ed1d18----------------onServiceRegistered
06-03 15:32:51.101 D/TrafficStats( 1542): tagSocket(124) with statsTag=0xffffffff, statsUid=-1
06-03 15:32:51.112 D/TrafficStats( 1542): tagSocket(153) with statsTag=0xffffffff, statsUid=-1
06-03 15:32:51.130 W/ ( 0): [1 T1089 ..] traffic busy!!
06-03 15:32:51.250 I/WifiHAL ( 512): call wifi_get_link_stats handler
06-03 15:32:51.250 I/WifiHAL ( 512): Creating message to get link statistics; iface = 16
06-03 15:32:51.250 D/WifiHAL ( 512): error code -95 mapped to -3
06-03 15:32:51.250 E/WifiStaIfaceAidlImpl( 736): getLinkLayerStats failed with service-specific exception: android.os.ServiceSpecificException: (code 4)
06-03 15:32:51.259 D/InstantWifi( 736): Receive Wifi is connected, freq = 5745 and currentNetworkId : 0, wifiinfo = SSID: , BSSID: 02:00:00:00:00:00, MAC: 02:00:00:00:00:00, IP: /192.168.3.4, Security type: 2, Supplicant state: COMPLETED, Wi-Fi standard: 6, RSSI: -58, Link speed: 1200Mbps, Tx Link speed: 1200Mbps, Max Supported Tx Link speed: 1200Mbps, Rx Link speed: 6Mbps, Max Supported Rx Link speed: 1200Mbps, Frequency: 5745MHz, Net ID: -1, Metered hint: false, score: 60, isUsable: true, CarrierMerged: false, SubscriptionId: -1, IsPrimary: 1, Trusted: true, Restricted: false, Ephemeral: false, OEM paid: false, OEM private: false, OSU AP: false, FQDN: , Provider friendly name: , Requesting package name: MLO Information: , Is TID-To-Link negotiation supported by the AP: false, AP MLD Address: , AP MLO Link Id: , AP MLO Affiliated links:
06-03 15:32:51.612 I/d.leradlauncher( 1542): Background concurrent copying GC freed 36485(1917KB) AllocSpace objects, 149(3920KB) LOS objects, 49% free, 17MB/35MB, paused 273us,161us total 193.793ms
06-03 15:32:52.274 I/resolv ( 466): GetAddrInfoHandler::run: {100 100 100 983140 10043 0}
06-03 15:32:52.275 I/resolv ( 466): res_nmkquery: (QUERY, IN, A)
06-03 15:32:52.283 I/resolv ( 466): res_nsend: used send_dg 504 terrno: 0
06-03 15:32:52.283 I/resolv ( 466): doQuery: rcode=0, ancount=6, return value=504
06-03 15:32:52.285 D/TrafficStats( 2115): tagSocket(159) with statsTag=0xffffffff, statsUid=-1
06-03 15:32:52.422 E/hq ( 1542): Etna:::sendInspectLauncherUpdate
06-03 15:32:52.427 E/ccc ( 1494): cccccc SystemUpdateHelper launcherUpdate {"launcherCodeLocal":102941,"launcherCodeNet":0,"launcherVersionLocal":"2.9.4.1","launcherVersionNet":"","otaCodeLocal":0,"otaCodeNet":0,"remoteNeedUpdate":false,"updateType":""}
06-03 15:32:52.430 D/etnaManager( 1542): 不需要更新桌面
06-03 15:32:52.494 D/ProfileInstaller( 1542): Installing profile for com.dangbei.leard.leradlauncher
06-03 15:32:52.512 D/CompatibilityChangeReporter( 1905): Compat change id reported: 253665015; UID 10016; state: ENABLED
06-03 15:32:52.513 D/CompatibilityChangeReporter( 1905): Compat change id reported: 194532703; UID 10016; state: ENABLED
06-03 15:32:52.515 D/CompatibilityChangeReporter( 736): Compat change id reported: 253665015; UID 10016; state: ENABLED
06-03 15:32:52.515 D/CompatibilityChangeReporter( 736): Compat change id reported: 194532703; UID 10016; state: ENABLED
06-03 15:32:52.581 E/hq ( 1542): ErrorCoroutineExceptionHandler:::runTry error:com.dangbei.leard.base.proider.error.EmptyApiException: 数据为空 from=requestMessageDialog from=requestMessageDialog
06-03 15:32:52.693 I/[2 T70 ..] VCC5V( 0): disabling
06-03 15:32:54.091 W/BroadcastLoopers( 736): Found previously unknown looper Thread[PackageManager,5,main]
06-03 15:32:54.101 W/Searchables( 736): No global search activity found
06-03 15:32:54.106 I/RoleService( 736): Granting default roles...
06-03 15:32:54.112 V/MediaPlayerList( 1168): mPackageChangedBroadcastReceiver: action: android.intent.action.PACKAGE_CHANGED
06-03 15:32:54.118 D/OomAdjuster( 736): Not killing cached processes
06-03 15:32:54.118 I/InputReader( 736): Reconfiguring input devices, changes=KEYBOARD_LAYOUTS
06-03 15:32:54.125 W/Role ( 1070): Cannot get ApplicationInfo for default holder: com.android.messaging
06-03 15:32:54.134 W/Role ( 1070): Cannot get ApplicationInfo for default holder: com.android.tv.frameworkpackagestubs
06-03 15:32:54.142 V/MediaPlayerList( 1168): mPackageChangedBroadcastReceiver: action: android.intent.action.PACKAGE_CHANGED
06-03 15:32:54.143 W/BroadcastLoopers( 736): Found previously unknown looper Thread[android.bg,5,main]
06-03 15:32:54.144 I/InputReader( 736): Reconfiguring input devices, changes=KEYBOARD_LAYOUTS
06-03 15:32:54.145 I/PermissionControllerServiceImpl( 1070): Updating user sensitive for uid 1002
06-03 15:32:54.150 I/PermissionControllerServiceImpl( 1070): Updating user sensitive for uid 10055
06-03 15:32:54.155 W/VoiceInteractionManager( 736): no available voice recognition services found for user 0
06-03 15:32:54.157 W/Searchables( 736): No global search activity found
06-03 15:32:54.161 W/VoiceInteractionManager( 736): no available voice recognition services found for user 0
06-03 15:32:54.174 E/DocumentManagerRoleBehavior( 1070): There should be exactly one documenter; found 0: matches=[]
06-03 15:32:54.176 W/Role ( 1070): Cannot get ApplicationInfo for default holder: com.android.gallery3d
06-03 15:32:54.236 W/BroadcastLoopers( 736): Found previously unknown looper Thread[appscheduling.default,5,main]
06-03 15:32:54.255 I/WifiHAL ( 512): call wifi_get_link_stats handler
06-03 15:32:54.255 I/WifiHAL ( 512): Creating message to get link statistics; iface = 16
06-03 15:32:54.255 D/WifiHAL ( 512): error code -95 mapped to -3
06-03 15:32:54.255 E/WifiStaIfaceAidlImpl( 736): getLinkLayerStats failed with service-specific exception: android.os.ServiceSpecificException: (code 4)
06-03 15:32:54.257 D/CompatibilityChangeReporter( 736): Compat change id reported: 161145287; UID 10059; state: ENABLED
06-03 15:32:54.325 W/TelephonyPermissions( 736): reportAccessDeniedToReadIdentifiers:com.dangbei.screencast:getSerial:-1
06-03 15:32:54.368 I/efs.config( 2115): No update is required, less than 8h since the last update
06-03 15:32:54.368 V/NFC ( 2115): this device does not have NFC support
06-03 15:32:54.386 I/bluetooth( 1168): packages/modules/Bluetooth/system/gd/metrics/metrics_state.cc:177 AddStateChangedEvent: LEConnectionMetricsRemoteDevice: Transaction State 0x00000002, Connection Type 0x00000001, Origin Type 0x00000001
06-03 15:32:54.386 I/bluetooth( 1168): packages/modules/Bluetooth/system/gd/metrics/metrics_state.cc:58 AddStateChangedEvent: LEConnectionMetricState: Origin Type: 0x00000001, Connection Type: 0x00000001, Transaction State: 0x00000002
06-03 15:32:54.386 I/bluetooth( 1168): packages/modules/Bluetooth/system/gd/metrics/metrics_state.cc:161 UploadLEConnectionSession: LEConnectionMetricsRemoteDevice: The session is uploaded for xx:xx:xx:xx:c0:22
06-03 15:32:54.386 D/bluetooth( 1168): packages/modules/Bluetooth/system/main/shim/acl.cc:1722 OnLeConnectSuccess: Connection address is not rpa addr:e4:bb:d3:57:c0:22[PUBLIC_DEVICE_ADDRESS]
06-03 15:32:54.386 D/bluetooth( 1168): packages/modules/Bluetooth/system/main/shim/acl.cc:1750 OnLeConnectSuccess: Connection successful le remote:e4:bb:d3:57:c0:22[PUBLIC_DEVICE_ADDRESS] handle:16 initiator:local
06-03 15:32:54.386 I/bluetooth( 1168): packages/modules/Bluetooth/system/stack/gatt/connection_manager.cc:438 on_connection_complete: Le connection completed to device:xx:xx:xx:xx:c0:22
06-03 15:32:54.386 D/bluetooth( 1168): packages/modules/Bluetooth/system/stack/gatt/connection_manager.cc:427 remove_all_clients_with_pending_connections: address=xx:xx:xx:xx:c0:22
06-03 15:32:54.386 I/bluetooth( 1168): packages/modules/Bluetooth/system/gd/hci/le_address_manager.cc:265 ack_pause: Client already in paused state
06-03 15:32:54.386 I/bluetooth( 1168): packages/modules/Bluetooth/system/stack/gatt/connection_manager.cc:438 on_connection_complete: Le connection completed to device:xx:xx:xx:xx:c0:22
06-03 15:32:54.387 D/bluetooth( 1168): packages/modules/Bluetooth/system/stack/gatt/connection_manager.cc:427 remove_all_clients_with_pending_connections: address=xx:xx:xx:xx:c0:22
06-03 15:32:54.387 I/bt_btm_ble( 1168): packages/modules/Bluetooth/system/stack/btm/btm_ble.cc:1730 btm_ble_connected: Updating device record timestamp for existing ble connection
06-03 15:32:54.387 I/bt_l2cap( 1168): packages/modules/Bluetooth/system/main/bte_logmsg.cc:112 LogMsg: l2c_ble_link_adjust_allocation num_hipri: 0 num_lowpri: 1 low_quota: 2 round_robin_quota: 0 qq: 2
06-03 15:32:54.387 I/bt_l2cap( 1168): packages/modules/Bluetooth/system/main/bte_logmsg.cc:112 LogMsg: l2c_ble_link_adjust_allocation LCB 0 Priority: 0 XmitQuota: 2
06-03 15:32:54.387 I/bt_l2cap( 1168): packages/modules/Bluetooth/system/main/bte_logmsg.cc:112 LogMsg: SentNotAcked: 0 RRUnacked: 0
06-03 15:32:54.387 D/l2c_utils( 1168): packages/modules/Bluetooth/system/stack/l2cap/l2c_utils.cc:1355 l2cu_allocate_ccb: is_dynamic = 0, cid 0x0000
06-03 15:32:54.387 D/l2c_link( 1168): packages/modules/Bluetooth/system/stack/l2cap/l2c_link.cc:764 l2c_link_adjust_chnl_allocation: CID:0x0040 FCR Mode:0 Priority:2 TxDataRate:1 RxDataRate:1 Quota:200
06-03 15:32:54.387 D/btm_acl ( 1168): packages/modules/Bluetooth/system/stack/acl/btm_acl.cc:463 btm_acl_created: Created new ACL connection peer:xx:xx:xx:xx:c0:22 role:central handle:0x0010 transport:BT_TRANSPORT_LE
06-03 15:32:54.387 I/bt_btm ( 1168): packages/modules/Bluetooth/system/main/bte_logmsg.cc:115 LogMsg: BTM_GetRemoteDeviceName
06-03 15:32:54.387 I/bt_btif ( 1168): packages/modules/Bluetooth/system/main/bte_logmsg.cc:115 LogMsg: BTM_GetRemoteDeviceName, NV name = Dangbei
06-03 15:32:54.388 I/bt_btif ( 1168): packages/modules/Bluetooth/system/main/bte_logmsg.cc:115 LogMsg: btm_iot_save_remote_properties cod retrieved from storage is 0x00050c
06-03 15:32:54.388 D/bt_btm_ble( 1168): packages/modules/Bluetooth/system/stack/btm/btm_ble.cc:544 BTM_ReadDevInfo: Determining device_type:BLE addr_type:public
06-03 15:32:54.388 D/bt_shim_hci( 1168): packages/modules/Bluetooth/system/main/shim/hci_layer.cc:367 transmit_command: Sending command LE_READ_REMOTE_FEATURES
06-03 15:32:54.388 D/bt_btm_ble( 1168): packages/modules/Bluetooth/system/stack/btm/btm_ble_gap.cc:3507 btm_ble_update_mode_operation: gd_acl enabled so skip background connection logic
06-03 15:32:54.388 D/bt_btm_ble( 1168): packages/modules/Bluetooth/system/stack/btm/btm_ble_gap.cc:3518 btm_ble_update_mode_operation: Resuming le background connections
06-03 15:32:54.388 D/bluetooth( 1168): packages/modules/Bluetooth/system/stack/btm/btm_ble_bgconn.cc:155 btm_ble_resume_bg_conn: Gd acl_manager handles sync of background connections
06-03 15:32:54.390 I/bluetooth( 1168): packages/modules/Bluetooth/system/gd/hci/le_address_manager.cc:596 OnCommandComplete: Received command complete with op_code LE_REMOVE_DEVICE_FROM_FILTER_ACCEPT_LIST
06-03 15:32:54.390 I/bluetooth( 1168): packages/modules/Bluetooth/system/gd/hci/le_address_manager.cc:294 resume_registered_clients: Resuming registered clients
06-03 15:32:54.392 D/bt_shim_hci( 1168): packages/modules/Bluetooth/system/main/shim/hci_layer.cc:341 OnTransmitPacketStatus: Received cmd status SUCCESS for LE_READ_REMOTE_FEATURES
06-03 15:32:54.451 E/btm_sco ( 1168): packages/modules/Bluetooth/system/stack/btm/btm_sco.cc:1137 btm_sco_on_disconnected: Unable to find sco connection
06-03 15:32:54.451 I/bluetooth( 1168): packages/modules/Bluetooth/system/gd/hci/acl_manager/le_impl.h:673 on_le_disconnect: re-add device to connect list
06-03 15:32:54.451 I/btm_acl ( 1168): packages/modules/Bluetooth/system/stack/acl/btm_acl.cc:2740 btm_acl_iso_disconnected: ISO disconnection from GD, handle: 0x10, reason: 0x3e
