06-03 15:32:41.833 D/SystemServerTimingAsync( 736): ssm.onStartUser-0_com.android.server.pm.ShortcutService$Lifecycle
06-03 15:32:41.833 V/SystemServerTimingAsync( 736): ssm.onStartUser-0_com.android.server.pm.ShortcutService$Lifecycle took to complete: 0ms
06-03 15:32:41.833 D/SystemServerTimingAsync( 736): ssm.onStartUser-0_com.android.server.pm.LauncherAppsService
06-03 15:32:41.833 V/SystemServerTimingAsync( 736): ssm.onStartUser-0_com.android.server.pm.LauncherAppsService took to complete: 0ms
06-03 15:32:41.833 D/SystemServerTimingAsync( 736): ssm.onStartUser-0_com.android.server.pm.CrossProfileAppsService
06-03 15:32:41.833 V/SystemServerTimingAsync( 736): ssm.onStartUser-0_com.android.server.pm.CrossProfileAppsService took to complete: 0ms
06-03 15:32:41.833 D/SystemServerTimingAsync( 736): ssm.onStartUser-0_com.android.server.people.PeopleService
06-03 15:32:41.833 V/SystemServerTimingAsync( 736): ssm.onStartUser-0_com.android.server.people.PeopleService took to complete: 0ms
06-03 15:32:41.833 D/SystemServerTimingAsync( 736): ssm.onStartUser-0_com.android.server.media.metrics.MediaMetricsManagerService
06-03 15:32:41.833 V/SystemServerTimingAsync( 736): ssm.onStartUser-0_com.android.server.media.metrics.MediaMetricsManagerService took to complete: 0ms
06-03 15:32:41.833 D/SystemServerTimingAsync( 736): ssm.onStartUser-0_com.android.server.pm.BackgroundInstallControlService
06-03 15:32:41.833 V/SystemServerTimingAsync( 736): ssm.onStartUser-0_com.android.server.pm.BackgroundInstallControlService took to complete: 0ms
06-03 15:32:41.833 D/SystemServerTimingAsync( 736): ssm.onStartUser-0_com.android.server.media.projection.MediaProjectionManagerService
06-03 15:32:41.833 V/SystemServerTimingAsync( 736): ssm.onStartUser-0_com.android.server.media.projection.MediaProjectionManagerService took to complete: 0ms
06-03 15:32:41.833 D/SystemServerTimingAsync( 736): ssm.onStartUser-0_com.android.server.slice.SliceManagerService$Lifecycle
06-03 15:32:41.833 V/SystemServerTimingAsync( 736): ssm.onStartUser-0_com.android.server.slice.SliceManagerService$Lifecycle took to complete: 0ms
06-03 15:32:41.833 D/SystemServerTimingAsync( 736): ssm.onStartUser-0_com.android.server.stats.StatsCompanion$Lifecycle
06-03 15:32:41.833 V/SystemServerTimingAsync( 736): ssm.onStartUser-0_com.android.server.stats.StatsCompanion$Lifecycle took to complete: 0ms
06-03 15:32:41.833 D/SystemServerTimingAsync( 736): ssm.onStartUser-0_com.android.server.scheduling.RebootReadinessManagerService$Lifecycle
06-03 15:32:41.833 V/SystemServerTimingAsync( 736): ssm.onStartUser-0_com.android.server.scheduling.RebootReadinessManagerService$Lifecycle took to complete: 0ms
06-03 15:32:41.833 D/SystemServerTimingAsync( 736): ssm.onStartUser-0_com.android.server.stats.pull.StatsPullAtomService
06-03 15:32:41.833 V/SystemServerTimingAsync( 736): ssm.onStartUser-0_com.android.server.stats.pull.StatsPullAtomService took to complete: 0ms
06-03 15:32:41.833 D/SystemServerTimingAsync( 736): ssm.onStartUser-0_com.android.server.stats.bootstrap.StatsBootstrapAtomService$Lifecycle
06-03 15:32:41.833 V/SystemServerTimingAsync( 736): ssm.onStartUser-0_com.android.server.stats.bootstrap.StatsBootstrapAtomService$Lifecycle took to complete: 0ms
06-03 15:32:41.833 D/SystemServerTimingAsync( 736): ssm.onStartUser-0_com.android.server.incident.IncidentCompanionService
06-03 15:32:41.833 V/SystemServerTimingAsync( 736): ssm.onStartUser-0_com.android.server.incident.IncidentCompanionService took to complete: 0ms
06-03 15:32:41.833 D/SystemServerTimingAsync( 736): ssm.onStartUser-0_com.android.server.sdksandbox.SdkSandboxManagerService$Lifecycle
06-03 15:32:41.834 V/SystemServerTimingAsync( 736): ssm.onStartUser-0_com.android.server.sdksandbox.SdkSandboxManagerService$Lifecycle took to complete: 0ms
06-03 15:32:41.834 D/SystemServerTimingAsync( 736): ssm.onStartUser-0_com.android.server.adservices.AdServicesManagerService$Lifecycle
06-03 15:32:41.834 V/SystemServerTimingAsync( 736): ssm.onStartUser-0_com.android.server.adservices.AdServicesManagerService$Lifecycle took to complete: 0ms
06-03 15:32:41.834 D/SystemServerTimingAsync( 736): ssm.onStartUser-0_com.android.server.ondevicepersonalization.OnDevicePersonalizationSystemService$Lifecycle
06-03 15:32:41.834 V/SystemServerTimingAsync( 736): ssm.onStartUser-0_com.android.server.ondevicepersonalization.OnDevicePersonalizationSystemService$Lifecycle took to complete: 0ms
06-03 15:32:41.834 D/SystemServerTimingAsync( 736): ssm.onStartUser-0_com.android.server.autofill.AutofillManagerService
06-03 15:32:41.834 V/SystemServerTimingAsync( 736): ssm.onStartUser-0_com.android.server.autofill.AutofillManagerService took to complete: 0ms
06-03 15:32:41.834 D/SystemServerTimingAsync( 736): ssm.onStartUser-0_com.android.server.clipboard.ClipboardService
06-03 15:32:41.834 V/SystemServerTimingAsync( 736): ssm.onStartUser-0_com.android.server.clipboard.ClipboardService took to complete: 0ms
06-03 15:32:41.834 D/SystemServerTimingAsync( 736): ssm.onStartUser-0_com.android.server.appbinding.AppBindingService$Lifecycle
06-03 15:32:41.834 W/AppBindingService( 736): [Default SMS app] u0 Target package not found
06-03 15:32:41.834 V/SystemServerTimingAsync( 736): ssm.onStartUser-0_com.android.server.appbinding.AppBindingService$Lifecycle took to complete: 0ms
06-03 15:32:41.834 D/SystemServerTimingAsync( 736): ssm.onStartUser-0_com.android.server.tracing.TracingServiceProxy
06-03 15:32:41.834 V/SystemServerTimingAsync( 736): ssm.onStartUser-0_com.android.server.tracing.TracingServiceProxy took to complete: 0ms
06-03 15:32:41.834 D/SystemServerTimingAsync( 736): ssm.onStartUser-0_com.android.server.policy.PermissionPolicyService
06-03 15:32:41.834 V/SystemServerTimingAsync( 736): ssm.onStartUser-0_com.android.server.policy.PermissionPolicyService took to complete: 0ms
06-03 15:32:41.835 D/SystemServerTimingAsync( 736): ssm.onStartUser-0_com.android.server.pm.StagingManager$Lifecycle
06-03 15:32:41.835 V/SystemServerTimingAsync( 736): ssm.onStartUser-0_com.android.server.pm.StagingManager$Lifecycle took to complete: 0ms
06-03 15:32:41.836 D/SystemServerTimingAsync( 736): ssm.onStartUser-0_com.android.server.app.GameManagerService$Lifecycle
06-03 15:32:41.836 D/GameManagerService( 736): Starting user 0
06-03 15:32:41.840 V/SystemServerTimingAsync( 736): ssm.onStartUser-0_com.android.server.app.GameManagerService$Lifecycle took to complete: 4ms
06-03 15:32:41.840 D/SystemServerTimingAsync( 736): ssm.onStartUser-0_com.android.safetycenter.SafetyCenterService
06-03 15:32:41.840 V/SystemServerTimingAsync( 736): ssm.onStartUser-0_com.android.safetycenter.SafetyCenterService took to complete: 0ms
06-03 15:32:41.840 D/SystemServerTimingAsync( 736): ssm.onStartUser-0_com.android.server.appsearch.AppSearchModule$Lifecycle
06-03 15:32:41.840 V/SystemServerTimingAsync( 736): ssm.onStartUser-0_com.android.server.appsearch.AppSearchModule$Lifecycle took to complete: 0ms
06-03 15:32:41.840 D/SystemServerTimingAsync( 736): ssm.onStartUser-0_com.android.server.media.MediaCommunicationService
06-03 15:32:41.840 V/SystemServerTimingAsync( 736): ssm.onStartUser-0_com.android.server.media.MediaCommunicationService took to complete: 0ms
06-03 15:32:41.840 D/SystemServerTimingAsync( 736): ssm.onStartUser-0_com.android.server.compat.overrides.AppCompatOverridesService$Lifecycle
06-03 15:32:41.840 V/SystemServerTimingAsync( 736): ssm.onStartUser-0_com.android.server.compat.overrides.AppCompatOverridesService$Lifecycle took to complete: 0ms
06-03 15:32:41.841 D/SystemServerTimingAsync( 736): ssm.onStartUser-0_com.android.server.healthconnect.HealthConnectManagerService
06-03 15:32:41.841 V/SystemServerTimingAsync( 736): ssm.onStartUser-0_com.android.server.healthconnect.HealthConnectManagerService took to complete: 0ms
06-03 15:32:41.841 D/SystemServerTimingAsync( 736): ssm.onStartUser-0_com.android.server.devicelock.DeviceLockService
06-03 15:32:41.841 V/SystemServerTimingAsync( 736): ssm.onStartUser-0_com.android.server.devicelock.DeviceLockService took to complete: 0ms
06-03 15:32:41.841 V/SystemServerTimingAsync( 736): ssm.StartUser-0 took to complete: 2456ms
06-03 15:32:41.841 D/SystemServerTiming( 736): startPersistentApps
06-03 15:32:41.843 D/CompatibilityChangeReporter( 736): Compat change id reported: 135634846; UID 1068; state: DISABLED
06-03 15:32:41.845 V/SystemServerTiming( 736): startPersistentApps took to complete: 4ms
06-03 15:32:41.845 D/SystemServerTiming( 736): startHomeOnAllDisplays
06-03 15:32:41.846 D/WindowManager( 736): ThemeHomeDelay: Home launch was deferred.
06-03 15:32:41.846 V/SystemServerTiming( 736): startHomeOnAllDisplays took to complete: 1ms
06-03 15:32:41.846 D/SystemServerTiming( 736): showSystemReadyErrorDialogs
06-03 15:32:41.966 E/Build ( 736): Vendor interface is incompatible, error=1
06-03 15:32:41.967 E/ActivityTaskManager( 736): Build fingerprint is not consistent, warning user
06-03 15:32:41.967 V/SystemServerTiming( 736): showSystemReadyErrorDialogs took to complete: 121ms
06-03 15:32:41.967 D/SystemServerTiming( 736): sendUserStartBroadcast
06-03 15:32:41.969 V/SystemServerTiming( 736): sendUserStartBroadcast took to complete: 2ms
06-03 15:32:41.969 D/SystemServerTiming( 736): resumeTopActivities
06-03 15:32:41.970 D/WindowManager( 736): ThemeHomeDelay: Home launch was deferred.
06-03 15:32:41.970 V/SystemServerTiming( 736): resumeTopActivities took to complete: 1ms
06-03 15:32:41.970 D/SystemServerTiming( 736): sendUserSwitchBroadcasts
06-03 15:32:41.971 V/SystemServerTiming( 736): sendUserSwitchBroadcasts took to complete: 1ms
06-03 15:32:41.971 D/SystemServerTiming( 736): setBinderProxies
06-03 15:32:41.973 V/SystemServerTiming( 736): setBinderProxies took to complete: 1ms
06-03 15:32:41.973 V/SystemServerTiming( 736): ActivityManagerStartApps took to complete: 2590ms
06-03 15:32:41.973 D/SystemServerTiming( 736): componentAlias
06-03 15:32:41.973 D/ComponentAliasResolver( 736): Compat listener set.
06-03 15:32:41.974 V/SystemServerTiming( 736): componentAlias took to complete: 1ms
06-03 15:32:41.974 V/SystemServerTiming( 736): PhaseActivityManagerReady took to complete: 3667ms
06-03 15:32:41.974 D/SystemServerTiming( 736): LockSettingsThirdPartyAppsStarted
06-03 15:32:41.974 V/SystemServerTiming( 736): LockSettingsThirdPartyAppsStarted took to complete: 0ms
06-03 15:32:41.974 D/SystemServerTiming( 736): StartSystemUI
06-03 15:32:41.980 D/CompatibilityChangeReporter( 736): Compat change id reported: 168419799; UID 1002; state: DISABLED
06-03 15:32:41.980 D/CompatibilityChangeReporter( 736): Compat change id reported: 273564678; UID 1002; state: DISABLED
06-03 15:32:41.980 V/SystemUIBootTiming( 945): StartServices com.android.systemui.SliceBroadcastRelayHandler took to complete: 0ms
06-03 15:32:41.986 W/ActivityManager( 736): Slow operation: 143ms so far, now at startProcess: done updating battery stats
06-03 15:32:41.987 W/ActivityManager( 736): Slow operation: 144ms so far, now at startProcess: building log message
06-03 15:32:41.987 I/ActivityManager( 736): Start proc 1175:com.android.se/1068 for added application com.android.se
06-03 15:32:41.987 W/ActivityManager( 736): Slow operation: 144ms so far, now at startProcess: starting to update pids map
06-03 15:32:41.987 W/ActivityManager( 736): Slow operation: 144ms so far, now at startProcess: done updating pids map
06-03 15:32:41.989 D/CompatibilityChangeReporter( 736): Compat change id reported: 265195908; UID 1002; state: ENABLED
06-03 15:32:41.990 D/CompatibilityChangeReporter( 736): Compat change id reported: 168419799; UID 1068; state: DISABLED
06-03 15:32:41.991 D/CompatibilityChangeReporter( 736): Compat change id reported: 273564678; UID 1068; state: DISABLED
06-03 15:32:41.994 D/CompatibilityChangeReporter( 736): Compat change id reported: 265195908; UID 1068; state: ENABLED
06-03 15:32:42.007 D/CompatibilityChangeReporter( 736): Compat change id reported: 218533173; UID 10039; state: DISABLED
06-03 15:32:42.011 D/CompatibilityChangeReporter( 736): Compat change id reported: 262645982; UID 10039; state: DISABLED
06-03 15:32:42.013 D/CompatibilityChangeReporter( 736): Compat change id reported: 218533173; UID 10056; state: DISABLED
06-03 15:32:42.013 D/CompatibilityChangeReporter( 736): Compat change id reported: 262645982; UID 10056; state: DISABLED
06-03 15:32:42.014 D/CompatibilityChangeReporter( 736): Compat change id reported: 218533173; UID 10060; state: ENABLED
06-03 15:32:42.015 D/CompatibilityChangeReporter( 736): Compat change id reported: 262645982; UID 10060; state: ENABLED
06-03 15:32:42.015 D/CompatibilityChangeReporter( 736): Compat change id reported: 218533173; UID 10068; state: ENABLED
06-03 15:32:42.016 D/CompatibilityChangeReporter( 736): Compat change id reported: 262645982; UID 10068; state: ENABLED
06-03 15:32:42.017 W/ActivityManager( 736): Unable to start service Intent { flg=0x100 cmp=com.droidlogic/.StubKeyguardService } U=0: not found
06-03 15:32:42.017 V/SystemServerTiming( 736): StartSystemUI took to complete: 43ms
06-03 15:32:42.017 D/CompatibilityChangeReporter( 736): Compat change id reported: 218533173; UID 10063; state: ENABLED
06-03 15:32:42.017 D/CompatibilityChangeReporter( 736): Compat change id reported: 262645982; UID 10063; state: ENABLED
06-03 15:32:42.018 D/CompatibilityChangeReporter( 736): Compat change id reported: 218533173; UID 10016; state: ENABLED
06-03 15:32:42.018 D/CompatibilityChangeReporter( 736): Compat change id reported: 262645982; UID 10016; state: ENABLED
06-03 15:32:42.019 D/CompatibilityChangeReporter( 736): Compat change id reported: 218533173; UID 10017; state: ENABLED
06-03 15:32:42.020 D/CompatibilityChangeReporter( 736): Compat change id reported: 262645982; UID 10017; state: ENABLED
06-03 15:32:42.020 D/CompatibilityChangeReporter( 736): Compat change id reported: 218533173; UID 10064; state: ENABLED
06-03 15:32:42.021 D/CompatibilityChangeReporter( 736): Compat change id reported: 262645982; UID 10064; state: ENABLED
06-03 15:32:42.021 V/SystemServerTiming( 736): startOtherServices took to complete: 5869ms
06-03 15:32:42.021 D/SystemServerTiming( 736): startApexServices
06-03 15:32:42.022 D/SystemServerTiming( 736): starting com.android.server.scheduling.RebootReadinessManagerService$Lifecycle
06-03 15:32:42.022 D/CompatibilityChangeReporter( 736): Compat change id reported: 218533173; UID 10067; state: ENABLED
06-03 15:32:42.022 I/SystemServiceManager( 736): Starting com.android.server.scheduling.RebootReadinessManagerService$Lifecycle
06-03 15:32:42.022 I/SystemServiceManager( 736): Not starting an already started service com.android.server.scheduling.RebootReadinessManagerService$Lifecycle
06-03 15:32:42.022 V/SystemServerTiming( 736): starting com.android.server.scheduling.RebootReadinessManagerService$Lifecycle took to complete: 0ms
06-03 15:32:42.022 V/SystemServerTiming( 736): startApexServices took to complete: 1ms
06-03 15:32:42.022 D/SystemServerTiming( 736): UpdateWatchdogTimeout
06-03 15:32:42.022 D/CompatibilityChangeReporter( 736): Compat change id reported: 262645982; UID 10067; state: ENABLED
06-03 15:32:42.022 I/Watchdog( 736): Watchdog timeout updated to 60000 millis
06-03 15:32:42.023 D/CompatibilityChangeReporter( 736): Compat change id reported: 218533173; UID 10040; state: DISABLED
06-03 15:32:42.023 V/SystemServerTiming( 736): UpdateWatchdogTimeout took to complete: 1ms
06-03 15:32:42.023 V/SystemServerTiming( 736): StartServices took to complete: 7802ms
06-03 15:32:42.023 D/CompatibilityChangeReporter( 736): Compat change id reported: 262645982; UID 10040; state: DISABLED
06-03 15:32:42.025 D/CompatibilityChangeReporter( 736): Compat change id reported: 218533173; UID 10007; state: ENABLED
06-03 15:32:42.026 D/CompatibilityChangeReporter( 736): Compat change id reported: 262645982; UID 10007; state: ENABLED
06-03 15:32:42.027 D/CompatibilityChangeReporter( 736): Compat change id reported: 218533173; UID 10019; state: ENABLED
06-03 15:32:42.029 D/CompatibilityChangeReporter( 736): Compat change id reported: 262645982; UID 10019; state: ENABLED
06-03 15:32:42.029 D/CompatibilityChangeReporter( 736): Compat change id reported: 218533173; UID 10036; state: ENABLED
06-03 15:32:42.030 D/CompatibilityChangeReporter( 736): Compat change id reported: 262645982; UID 10036; state: ENABLED
06-03 15:32:42.031 D/CompatibilityChangeReporter( 736): Compat change id reported: 218533173; UID 10035; state: ENABLED
06-03 15:32:42.031 D/CompatibilityChangeReporter( 736): Compat change id reported: 262645982; UID 10035; state: ENABLED
06-03 15:32:42.032 W/Looper ( 736): Slow delivery took 7350ms main h=android.app.PropertyInvalidatedCache$AutoCorker$1 c=null m=0
06-03 15:32:42.037 D/CompatibilityChangeReporter( 736): Compat change id reported: 218533173; UID 10026; state: ENABLED
06-03 15:32:42.037 D/CompatibilityChangeReporter( 736): Compat change id reported: 262645982; UID 10026; state: ENABLED
06-03 15:32:42.038 D/CompatibilityChangeReporter( 736): Compat change id reported: 218533173; UID 10061; state: ENABLED
06-03 15:32:42.041 I/DisplayDeviceRepository( 736): Display device changed: DisplayDeviceInfo{"内置屏幕": uniqueId="local:4621527120592813323", 3840 x 2160, modeId 3, renderFrameRate 59.94006, defaultModeId 3, supportedModes [{id=1, width=1920, height=1080, fps=59.94006, alternativeRefreshRates=[], supportedHdrTypes=[2, 3]}, {id=2, width=1920, height=1080, fps=60.000004, alternativeRefreshRates=[], supportedHdrTypes=[2, 3]}, {id=3, width=3840, height=2160, fps=59.94006, alternativeRefreshRates=[], supportedHdrTypes=[2, 3]}, {id=4, width=3840, height=2160, fps=60.000004, alternativeRefreshRates=[], supportedHdrTypes=[2, 3]}, {id=5, width=3840, height=2160, fps=50.0, alternativeRefreshRates=[], supportedHdrTypes=[2, 3]}, {id=6, width=3840, height=2160, fps=29.97003, alternativeRefreshRates=[], supportedHdrTypes=[2, 3]}, {id=7, width=3840, height=2160, fps=30.000002, alternativeRefreshRates=[], supportedHdrTypes=[2, 3]}, {id=8, width=3840, height=2160, fps=25.0, alternativeRefreshRates=[], supportedHdrTypes=[2, 3]}, {id=9, width=3840, height=2160, fps=23.976025, alternativeRefreshRates=[], supportedHdrTypes=[2, 3]}, {id=10, width=3840, height=2160, fps=24.000002, alternativeRefreshRates=[], supportedHdrTypes=[2, 3]}, {id=11, width=1920, height=1080, fps=50.0, alternativeRefreshRates=[], supportedHdrTypes=[2, 3]}, {id=12, width=1920, height=1080, fps=29.97003, alternativeRefreshRates=[], supportedHdrTypes=[2, 3]}, {id=13, width=1920, height=1080, fps=30.000002, alternativeRefreshRates=[], supportedHdrTypes=[2, 3]}, {id=14, width=1920, height=1080, fps=23.976025, alternativeRefreshRates=[], supportedHdrTypes=[2, 3]}, {id=15, width=1920, height=1080, fps=24.000002, alternativeRefreshRates=[], supportedHdrTypes=[2, 3]}, {id=16, width=1280, height=720, fps=59.94006, alternativeRefreshRates=[], supportedHdrTypes=[2, 3]}, {id=17, width=1280, height=720, fps=60.000004, alternativeRefreshRates=[], supportedHdrTypes=[2, 3]}, {id=18, width=1280, height=720, fps=50.0, alternativeRefreshRates=[], supportedHdrTypes=[2, 3]}], colorMode 0, supportedColorModes [0], hdrCapabilities HdrCapabilities{mSupportedHdrTypes=[2, 3], mMaxLuminance=500.0, mMaxAverageLuminance=500.0, mMinLuminance=0.0}, allmSupported false, gameContentTypeSupported false, density 480, 81.28 x 80.682 dpi, appVsyncOff 2000000, presDeadline 13683333, touch INTERNAL, rotation 0, type INTERNAL, address {port=11, model=0x4022f66e26c4bd}, deviceProductInfo DeviceProductInfo{name=HUAWEI INC, manufacturerPnpId=HWV, productId=48, modelYear=2019, manufactureDate=null, connectionToSinkType=2}, state ON, committedState ON, frameRateOverride , brightnessMinimum 0.0, brightnessMaximum 1.0, brightnessDefault 0.39763778, hdrSdrRatio NaN, FLAG_ALLOWED_TO_BE_DEFAULT_DISPLAY, FLAG_ROTATES_WITH_CONTENT, FLAG_SECURE, FLAG_SUPPORTS_PROTECTED_BUFFERS, FLAG_TRUSTED, installOrientation 0, displayShape DisplayShape{ spec=-545313861 displayWidth=3840 displayHeight=2160 physicalPixelDisplaySizeRatio=1.0 rotation=0 offsetX=0 offsetY=0 scale=1.0}}
06-03 15:32:42.042 D/CompatibilityChangeReporter( 736): Compat change id reported: 262645982; UID 10061; state: ENABLED
06-03 15:32:42.045 D/CompatibilityChangeReporter( 736): Compat change id reported: 218533173; UID 10003; state: ENABLED
06-03 15:32:42.045 D/CompatibilityChangeReporter( 736): Compat change id reported: 262645982; UID 10003; state: ENABLED
06-03 15:32:42.047 D/CompatibilityChangeReporter( 736): Compat change id reported: 218533173; UID 10042; state: DISABLED
06-03 15:32:42.047 D/CompatibilityChangeReporter( 736): Compat change id reported: 262645982; UID 10042; state: DISABLED
06-03 15:32:42.049 D/CompatibilityChangeReporter( 736): Compat change id reported: 218533173; UID 10010; state: ENABLED
06-03 15:32:42.049 D/CompatibilityChangeReporter( 736): Compat change id reported: 262645982; UID 10010; state: ENABLED
06-03 15:32:42.050 D/CompatibilityChangeReporter( 736): Compat change id reported: 218533173; UID 10058; state: ENABLED
06-03 15:32:42.051 D/CompatibilityChangeReporter( 736): Compat change id reported: 262645982; UID 10058; state: ENABLED
06-03 15:32:42.052 D/CompatibilityChangeReporter( 736): Compat change id reported: 218533173; UID 10037; state: ENABLED
06-03 15:32:42.054 D/CompatibilityChangeReporter( 736): Compat change id reported: 262645982; UID 10037; state: ENABLED
06-03 15:32:42.054 D/CompatibilityChangeReporter( 736): Compat change id reported: 218533173; UID 10053; state: ENABLED
06-03 15:32:42.055 D/CompatibilityChangeReporter( 736): Compat change id reported: 262645982; UID 10053; state: ENABLED
06-03 15:32:42.055 D/CompatibilityChangeReporter( 736): Compat change id reported: 218533173; UID 10047; state: DISABLED
06-03 15:32:42.056 D/CompatibilityChangeReporter( 736): Compat change id reported: 262645982; UID 10047; state: DISABLED
06-03 15:32:42.057 D/CompatibilityChangeReporter( 736): Compat change id reported: 218533173; UID 10034; state: ENABLED
06-03 15:32:42.057 D/CompatibilityChangeReporter( 736): Compat change id reported: 262645982; UID 10034; state: ENABLED
06-03 15:32:42.058 D/CompatibilityChangeReporter( 736): Compat change id reported: 218533173; UID 10072; state: ENABLED
06-03 15:32:42.058 D/CompatibilityChangeReporter( 736): Compat change id reported: 262645982; UID 10072; state: ENABLED
06-03 15:32:42.059 D/CompatibilityChangeReporter( 736): Compat change id reported: 218533173; UID 10048; state: ENABLED
06-03 15:32:42.060 D/CompatibilityChangeReporter( 736): Compat change id reported: 262645982; UID 10048; state: ENABLED
06-03 15:32:42.061 D/CompatibilityChangeReporter( 736): Compat change id reported: 218533173; UID 10015; state: ENABLED
06-03 15:32:42.061 D/CompatibilityChangeReporter( 736): Compat change id reported: 262645982; UID 10015; state: ENABLED
06-03 15:32:42.062 D/CompatibilityChangeReporter( 736): Compat change id reported: 218533173; UID 10012; state: ENABLED
06-03 15:32:42.062 D/CompatibilityChangeReporter( 736): Compat change id reported: 262645982; UID 10012; state: ENABLED
06-03 15:32:42.062 D/CompatibilityChangeReporter( 736): Compat change id reported: 218533173; UID 10006; state: ENABLED
06-03 15:32:42.063 D/CompatibilityChangeReporter( 736): Compat change id reported: 262645982; UID 10006; state: ENABLED
06-03 15:32:42.063 D/CompatibilityChangeReporter( 736): Compat change id reported: 218533173; UID 10027; state: DISABLED
06-03 15:32:42.063 D/CompatibilityChangeReporter( 736): Compat change id reported: 262645982; UID 10027; state: DISABLED
06-03 15:32:42.064 D/CompatibilityChangeReporter( 736): Compat change id reported: 218533173; UID 10043; state: DISABLED
06-03 15:32:42.064 D/CompatibilityChangeReporter( 736): Compat change id reported: 262645982; UID 10043; state: DISABLED
06-03 15:32:42.065 D/CompatibilityChangeReporter( 736): Compat change id reported: 218533173; UID 10046; state: DISABLED
06-03 15:32:42.065 D/CompatibilityChangeReporter( 736): Compat change id reported: 262645982; UID 10046; state: DISABLED
06-03 15:32:42.066 D/CompatibilityChangeReporter( 736): Compat change id reported: 218533173; UID 10024; state: ENABLED
06-03 15:32:42.066 D/CompatibilityChangeReporter( 736): Compat change id reported: 262645982; UID 10024; state: ENABLED
06-03 15:32:42.067 D/CompatibilityChangeReporter( 736): Compat change id reported: 218533173; UID 10038; state: ENABLED
06-03 15:32:42.067 D/CompatibilityChangeReporter( 736): Compat change id reported: 262645982; UID 10038; state: ENABLED
06-03 15:32:42.068 D/CompatibilityChangeReporter( 736): Compat change id reported: 218533173; UID 10031; state: ENABLED
06-03 15:32:42.068 D/CompatibilityChangeReporter( 736): Compat change id reported: 262645982; UID 10031; state: ENABLED
06-03 15:32:42.070 D/CompatibilityChangeReporter( 736): Compat change id reported: 218533173; UID 10051; state: ENABLED
06-03 15:32:42.071 D/CompatibilityChangeReporter( 736): Compat change id reported: 262645982; UID 10051; state: ENABLED
06-03 15:32:42.081 D/CompatibilityChangeReporter( 736): Compat change id reported: 218533173; UID 10066; state: ENABLED
06-03 15:32:42.082 D/CompatibilityChangeReporter( 736): Compat change id reported: 262645982; UID 10066; state: ENABLED
06-03 15:32:42.082 D/CompatibilityChangeReporter( 736): Compat change id reported: 218533173; UID 10008; state: ENABLED
06-03 15:32:42.083 D/CompatibilityChangeReporter( 736): Compat change id reported: 262645982; UID 10008; state: ENABLED
06-03 15:32:42.083 D/CompatibilityChangeReporter( 736): Compat change id reported: 218533173; UID 10021; state: ENABLED
06-03 15:32:42.086 D/CompatibilityChangeReporter( 736): Compat change id reported: 161145287; UID 1000; state: DISABLED
06-03 15:32:42.087 D/CompatibilityChangeReporter( 736): Compat change id reported: 161145287; UID 1000; state: ENABLED
06-03 15:32:42.099 D/ConditionProviders.SCP( 736): onConnected
06-03 15:32:42.100 D/ConditionProviders.SCP( 736): onSubscribe condition://android/schedule?days=1.2.3.4.5.6.7&start=22.0&end=7.0&exitAtAlarm=true
06-03 15:32:42.103 D/ConditionProviders.SCP( 736): setRegistered true
06-03 15:32:42.104 D/CompatibilityChangeReporter( 736): Compat change id reported: 262645982; UID 10021; state: ENABLED
06-03 15:32:42.117 D/ConditionProviders.SCP( 736): evaluateSubscriptionLocked cal=ScheduleCalendar[mDays={1, 2, 3, 4, 5, 6, 7}, mSchedule=ScheduleInfo{days=[1, 2, 3, 4, 5, 6, 7], startHour=22, startMinute=0, endHour=7, endMinute=0, exitAtAlarm=true, nextAlarm=Thu Jan 01 08:00:00 GMT+08:00 1970 (0)}], now=Tue Jun 03 15:32:42 GMT+08:00 2025 (1748935962100), nextUserAlarmTime=Thu Jan 01 08:00:00 GMT+08:00 1970 (0)
06-03 15:32:42.118 D/ConditionProviders.SCP( 736): notifyCondition condition://android/schedule?days=1.2.3.4.5.6.7&start=22.0&end=7.0&exitAtAlarm=true STATE_FALSE reason=!meetsSchedule
06-03 15:32:42.120 W/ActivityThread( 736): Failed to find provider info for com.android.calendar (user not unlocked)
06-03 15:32:42.121 D/CompatibilityChangeReporter( 736): Compat change id reported: 218533173; UID 10029; state: DISABLED
06-03 15:32:42.121 D/CompatibilityChangeReporter( 736): Compat change id reported: 262645982; UID 10029; state: DISABLED
06-03 15:32:42.122 D/CompatibilityChangeReporter( 736): Compat change id reported: 218533173; UID 10001; state: ENABLED
06-03 15:32:42.123 D/CompatibilityChangeReporter( 736): Compat change id reported: 262645982; UID 10001; state: ENABLED
06-03 15:32:42.123 D/CompatibilityChangeReporter( 736): Compat change id reported: 218533173; UID 10032; state: ENABLED
06-03 15:32:42.125 W/ActivityThread( 736): Failed to find provider info for com.android.calendar (user not unlocked)
06-03 15:32:42.132 D/ConditionProviders.SCP( 736): Scheduling evaluate for Tue Jun 03 22:00:00 GMT+08:00 2025 (1748959200000), in +6h27m17s900ms, now=Tue Jun 03 15:32:42 GMT+08:00 2025 (1748935962100)
06-03 15:32:42.143 D/CompatibilityChangeReporter( 736): Compat change id reported: 135634846; UID 10073; state: DISABLED
06-03 15:32:42.144 D/CompatibilityChangeReporter( 736): Compat change id reported: 143937733; UID 10073; state: ENABLED
06-03 15:32:42.146 D/HDMI ( 736): receive android.intent.action.CONFIGURATION_CHANGED
06-03 15:32:42.149 D/HDMI ( 736): receive android.intent.action.CONFIGURATION_CHANGED
06-03 15:32:42.152 D/AudioService( 736): onStatusChange cecEnabled:false available:false
06-03 15:32:42.157 I/PackageWatchdog( 736): Syncing health check requests for packages: {}
06-03 15:32:42.157 I/ExplicitHealthCheckController( 736): Service not ready to get health check supported packages. Binding...
06-03 15:32:42.160 I/ExplicitHealthCheckController( 736): Explicit health check service is bound
06-03 15:32:42.164 D/CompatibilityChangeReporter( 736): Compat change id reported: 161145287; UID 1068; state: ENABLED
06-03 15:32:42.169 I/ActivityManager( 736): Start proc 1221:android.ext.services/u0a73 for service {android.ext.services/android.ext.services.autofill.InlineSuggestionRenderServiceImpl}
06-03 15:32:42.180 I/[2 T236 ..] servicemanager( 0): Could not find android.hardware.secure_element.ISecureElement/eSE1 in the VINTF manifest.
06-03 15:32:42.176 D/CompatibilityChangeReporter( 736): Compat change id reported: 262645982; UID 10032; state: ENABLED
06-03 15:32:42.180 D/CompatibilityChangeReporter( 736): Compat change id reported: 218533173; UID 10005; state: ENABLED
06-03 15:32:42.181 D/CompatibilityChangeReporter( 736): Compat change id reported: 262645982; UID 10005; state: ENABLED
06-03 15:32:42.183 D/CompatibilityChangeReporter( 736): Compat change id reported: 218533173; UID 10073; state: ENABLED
06-03 15:32:42.195 I/[0 T236 ..] servicemanager( 0): Could not find android.hardware.secure_element.ISecureElement/SIM1 in the VINTF manifest.
06-03 15:32:42.202 D/CompatibilityChangeReporter( 736): Compat change id reported: 262645982; UID 10073; state: ENABLED
06-03 15:32:42.203 D/CompatibilityChangeReporter( 736): Compat change id reported: 218533173; UID 10070; state: ENABLED
06-03 15:32:42.209 D/CompatibilityChangeReporter( 736): Compat change id reported: 262645982; UID 10070; state: ENABLED
06-03 15:32:42.216 D/CompatibilityChangeReporter( 736): Compat change id reported: 218533173; UID 10030; state: ENABLED
06-03 15:32:42.216 D/CompatibilityChangeReporter( 736): Compat change id reported: 168419799; UID 10073; state: DISABLED
06-03 15:32:42.216 D/CompatibilityChangeReporter( 736): Compat change id reported: 273564678; UID 10073; state: DISABLED
06-03 15:32:42.220 D/CompatibilityChangeReporter( 736): Compat change id reported: 262645982; UID 10030; state: ENABLED
06-03 15:32:42.221 D/CompatibilityChangeReporter( 736): Compat change id reported: 218533173; UID 10013; state: ENABLED
06-03 15:32:42.221 D/CompatibilityChangeReporter( 736): Compat change id reported: 262645982; UID 10013; state: ENABLED
06-03 15:32:42.222 D/CompatibilityChangeReporter( 736): Compat change id reported: 218533173; UID 10025; state: ENABLED
06-03 15:32:42.223 D/CompatibilityChangeReporter( 736): Compat change id reported: 262645982; UID 10025; state: ENABLED
06-03 15:32:42.223 D/CompatibilityChangeReporter( 736): Compat change id reported: 218533173; UID 10023; state: ENABLED
06-03 15:32:42.225 D/CompatibilityChangeReporter( 736): Compat change id reported: 262645982; UID 10023; state: ENABLED
06-03 15:32:42.226 D/CompatibilityChangeReporter( 736): Compat change id reported: 218533173; UID 10020; state: ENABLED
06-03 15:32:42.226 D/CompatibilityChangeReporter( 736): Compat change id reported: 262645982; UID 10020; state: ENABLED
06-03 15:32:42.227 D/CompatibilityChangeReporter( 736): Compat change id reported: 218533173; UID 10054; state: ENABLED
06-03 15:32:42.228 D/CompatibilityChangeReporter( 736): Compat change id reported: 262645982; UID 10054; state: ENABLED
06-03 15:32:42.229 D/CompatibilityChangeReporter( 736): Compat change id reported: 218533173; UID 10022; state: ENABLED
06-03 15:32:42.229 D/CompatibilityChangeReporter( 736): Compat change id reported: 262645982; UID 10022; state: ENABLED
06-03 15:32:42.231 D/CompatibilityChangeReporter( 736): Compat change id reported: 218533173; UID 10002; state: ENABLED
06-03 15:32:42.231 D/CompatibilityChangeReporter( 736): Compat change id reported: 262645982; UID 10002; state: ENABLED
06-03 15:32:42.232 D/CompatibilityChangeReporter( 736): Compat change id reported: 218533173; UID 10011; state: ENABLED
06-03 15:32:42.232 D/CompatibilityChangeReporter( 736): Compat change id reported: 262645982; UID 10011; state: ENABLED
06-03 15:32:42.233 D/CompatibilityChangeReporter( 736): Compat change id reported: 218533173; UID 10041; state: DISABLED
06-03 15:32:42.233 D/CompatibilityChangeReporter( 736): Compat change id reported: 262645982; UID 10041; state: DISABLED
06-03 15:32:42.235 D/CompatibilityChangeReporter( 736): Compat change id reported: 218533173; UID 10057; state: DISABLED
06-03 15:32:42.236 D/CompatibilityChangeReporter( 736): Compat change id reported: 262645982; UID 10057; state: DISABLED
06-03 15:32:42.238 D/CompatibilityChangeReporter( 736): Compat change id reported: 218533173; UID 10044; state: ENABLED
06-03 15:32:42.238 D/CompatibilityChangeReporter( 736): Compat change id reported: 262645982; UID 10044; state: ENABLED
06-03 15:32:42.239 D/CompatibilityChangeReporter( 736): Compat change id reported: 218533173; UID 10009; state: ENABLED
06-03 15:32:42.239 D/CompatibilityChangeReporter( 736): Compat change id reported: 262645982; UID 10009; state: ENABLED
06-03 15:32:42.240 D/CompatibilityChangeReporter( 736): Compat change id reported: 218533173; UID 10028; state: ENABLED
06-03 15:32:42.241 D/CompatibilityChangeReporter( 736): Compat change id reported: 262645982; UID 10028; state: ENABLED
06-03 15:32:42.241 D/CompatibilityChangeReporter( 736): Compat change id reported: 218533173; UID 10049; state: DISABLED
06-03 15:32:42.242 D/CompatibilityChangeReporter( 736): Compat change id reported: 262645982; UID 10049; state: DISABLED
06-03 15:32:42.242 D/CompatibilityChangeReporter( 736): Compat change id reported: 218533173; UID 10069; state: ENABLED
06-03 15:32:42.243 D/CompatibilityChangeReporter( 736): Compat change id reported: 262645982; UID 10069; state: ENABLED
06-03 15:32:42.243 D/CompatibilityChangeReporter( 736): Compat change id reported: 218533173; UID 10018; state: ENABLED
06-03 15:32:42.244 D/CompatibilityChangeReporter( 736): Compat change id reported: 262645982; UID 10018; state: ENABLED
06-03 15:32:42.245 D/CompatibilityChangeReporter( 736): Compat change id reported: 218533173; UID 10065; state: ENABLED
06-03 15:32:42.245 D/CompatibilityChangeReporter( 736): Compat change id reported: 262645982; UID 10065; state: ENABLED
06-03 15:32:42.246 D/CompatibilityChangeReporter( 736): Compat change id reported: 218533173; UID 10071; state: ENABLED
06-03 15:32:42.246 D/CompatibilityChangeReporter( 736): Compat change id reported: 262645982; UID 10071; state: ENABLED
06-03 15:32:42.246 D/CompatibilityChangeReporter( 736): Compat change id reported: 218533173; UID 10050; state: DISABLED
06-03 15:32:42.250 D/CompatibilityChangeReporter( 736): Compat change id reported: 262645982; UID 10050; state: DISABLED
06-03 15:32:42.255 D/CompatibilityChangeReporter( 736): Compat change id reported: 171306433; UID 10050; state: DISABLED
06-03 15:32:42.256 D/CompatibilityChangeReporter( 736): Compat change id reported: 170503758; UID 10073; state: ENABLED
06-03 15:32:42.260 D/CompatibilityChangeReporter( 736): Compat change id reported: 218533173; UID 10052; state: ENABLED
06-03 15:32:42.267 D/CompatibilityChangeReporter( 736): Compat change id reported: 218533173; UID 10004; state: ENABLED
06-03 15:32:42.267 D/CompatibilityChangeReporter( 736): Compat change id reported: 262645982; UID 10004; state: ENABLED
06-03 15:32:42.270 D/CompatibilityChangeReporter( 736): Compat change id reported: 218533173; UID 10059; state: ENABLED
06-03 15:32:42.270 D/CompatibilityChangeReporter( 736): Compat change id reported: 262645982; UID 10059; state: ENABLED
06-03 15:32:42.272 D/CompatibilityChangeReporter( 736): Compat change id reported: 218533173; UID 10045; state: ENABLED
06-03 15:32:42.273 D/CompatibilityChangeReporter( 736): Compat change id reported: 262645982; UID 10045; state: ENABLED
06-03 15:32:42.275 D/CompatibilityChangeReporter( 736): Compat change id reported: 218533173; UID 10062; state: ENABLED
06-03 15:32:42.275 D/CompatibilityChangeReporter( 736): Compat change id reported: 262645982; UID 10062; state: ENABLED
06-03 15:32:42.277 D/CompatibilityChangeReporter( 736): Compat change id reported: 218533173; UID 10033; state: ENABLED
06-03 15:32:42.278 D/CompatibilityChangeReporter( 736): Compat change id reported: 262645982; UID 10033; state: DISABLED
06-03 15:32:42.280 I/MR2ServiceImpl( 736): addProviderRoutes | provider: com.android.server.media/.SystemMediaRoute2Provider, routes: [DEVICE_ROUTE | 电视]
06-03 15:32:42.282 D/CompatibilityChangeReporter( 736): Compat change id reported: 218533173; UID 10000; state: ENABLED
06-03 15:32:42.284 D/CompatibilityChangeReporter( 736): Compat change id reported: 262645982; UID 10000; state: ENABLED
06-03 15:32:42.285 D/CompatibilityChangeReporter( 736): Compat change id reported: 218533173; UID 10055; state: ENABLED
06-03 15:32:42.285 D/WallpaperManagerService( 736): WPMS.onServiceConnected-ComponentInfo{com.android.systemui/com.android.systemui.wallpapers.ImageWallpaper}
06-03 15:32:42.285 D/WallpaperManagerService( 736): WPMS.attachServiceLocked
06-03 15:32:42.285 V/WallpaperManagerService( 736): WPMS.attachServiceLocked took to complete: 0ms
06-03 15:32:42.285 V/WallpaperManagerService( 736): WPMS.onServiceConnected-ComponentInfo{com.android.systemui/com.android.systemui.wallpapers.ImageWallpaper} took to complete: 0ms
06-03 15:32:42.286 D/WallpaperManagerService( 736): WPMS.onServiceConnected-ComponentInfo{com.android.systemui/com.android.systemui.wallpapers.ImageWallpaper}
06-03 15:32:42.286 D/CompatibilityChangeReporter( 736): Compat change id reported: 262645982; UID 10055; state: ENABLED
06-03 15:32:42.286 D/WallpaperManagerService( 736): WPMS.attachServiceLocked
06-03 15:32:42.286 D/WallpaperManagerService( 736): WPMS.connectLocked-ComponentInfo{com.android.systemui/com.android.systemui.wallpapers.ImageWallpaper}
06-03 15:32:42.286 D/CompatibilityChangeReporter( 736): Compat change id reported: 218533173; UID 10074; state: ENABLED
06-03 15:32:42.289 D/CompatibilityChangeReporter( 736): Compat change id reported: 262645982; UID 10074; state: ENABLED
06-03 15:32:42.290 V/WallpaperManagerService( 736): WPMS.connectLocked-ComponentInfo{com.android.systemui/com.android.systemui.wallpapers.ImageWallpaper} took to complete: 4ms
06-03 15:32:42.290 V/WallpaperManagerService( 736): WPMS.attachServiceLocked took to complete: 4ms
06-03 15:32:42.290 D/WallpaperManagerService( 736): WPMS.saveSettingsLocked-0
06-03 15:32:42.291 D/CompatibilityChangeReporter( 736): Compat change id reported: 218533173; UID 10014; state: ENABLED
06-03 15:32:42.291 D/CompatibilityChangeReporter( 736): Compat change id reported: 262645982; UID 10014; state: ENABLED
06-03 15:32:42.294 V/WallpaperManagerService( 736): WPMS.saveSettingsLocked-0 took to complete: 4ms
06-03 15:32:42.294 V/WallpaperManagerService( 736): WPMS.onServiceConnected-ComponentInfo{com.android.systemui/com.android.systemui.wallpapers.ImageWallpaper} took to complete: 8ms
06-03 15:32:42.303 D/CompatibilityChangeReporter( 736): Compat change id reported: 265195908; UID 10073; state: ENABLED
06-03 15:32:42.305 D/AudioService( 736): onHdmiCecVolumeControlFeature enabled:false
06-03 15:32:42.312 D/AudioService( 736): setWiredDeviceConnectionState( type:400 state:DEVICE_STATE_AVAILABLE addr: name:) from android
06-03 15:32:42.312 I/AS.AudioDeviceInventory( 736): handleDeviceConnection(true dev:400 address: name:)
06-03 15:32:42.313 I/AS.AudioDeviceInventory( 736): deviceKey:0x400:
06-03 15:32:42.313 I/AS.AudioDeviceInventory( 736): deviceInfo:null is(already)Connected:false
06-03 15:32:42.317 W/NotificationHistory( 736): Attempted to add notif for locked/gone/disabled user 0
06-03 15:32:42.330 I/[2 T236 ..] servicemanager( 0): Could not find android.hardware.input.processor.IInputProcessor/default in the VINTF manifest.
06-03 15:32:42.332 D/SystemServerTiming( 736): ManagedServices.unbindOtherUserServices_current0
06-03 15:32:42.332 V/SystemServerTiming( 736): ManagedServices.unbindOtherUserServices_current0 took to complete: 0ms
06-03 15:32:42.332 D/SystemServerTiming( 736): ManagedServices.unbindOtherUserServices_current0
06-03 15:32:42.333 V/SystemServerTiming( 736): ManagedServices.unbindOtherUserServices_current0 took to complete: 0ms
06-03 15:32:42.333 D/SystemServerTiming( 736): ManagedServices.unbindOtherUserServices_current0
06-03 15:32:42.333 V/SystemServerTiming( 736): ManagedServices.unbindOtherUserServices_current0 took to complete: 0ms
06-03 15:32:42.333 V/NotificationAssistants( 736): enabling notification assistant for 0: ComponentInfo{android.ext.services/android.ext.services.notification.Assistant}
06-03 15:32:42.334 V/NotificationAssistants( 736): binding: Intent { act=android.service.notification.NotificationAssistantService cmp=android.ext.services/.notification.Assistant (has extras) }
06-03 15:32:42.335 W/WindowManager( 736): [addWindow] title:com.android.systemui.wallpapers.ImageWallpaper
06-03 15:32:42.335 D/CompatibilityChangeReporter( 736): Compat change id reported: 168419799; UID 10052; state: DISABLED
06-03 15:32:42.336 D/CompatibilityChangeReporter( 736): Compat change id reported: 273564678; UID 10052; state: DISABLED
06-03 15:32:42.355 V/SystemUIBootTiming( 945): StartServices com.android.systemui.accessibility.WindowMagnification took to complete: 375ms
06-03 15:32:42.459 V/SystemUIBootTiming( 945): StartServices com.android.systemui.bouncer.domain.interactor.BouncerMessageAuditLogger took to complete: 103ms
06-03 15:32:42.459 V/SystemUIBootTiming( 945): StartServices com.android.systemui.broadcast.BroadcastDispatcherStartable took to complete: 0ms
06-03 15:32:42.520 W/ ( 0): [2 T1134 ..] [aml_android_priv_ioctl 128] vif idx=0 cmd=SETSUSPENDMODE 1
06-03 15:32:42.520 W/ ( 0): [2 T1134 ..] [aml_android_set_suspend_mode 77] set google_cast 1
06-03 15:32:42.531 W/ ( 0): [0 T1134 ..] [aml_android_priv_ioctl 128] vif idx=0 cmd=SETSUSPENDMODE 0
06-03 15:32:42.531 W/ ( 0): [0 T1134 ..] [aml_android_set_suspend_mode 77] set google_cast 0
06-03 15:32:42.537 D/CompatibilityChangeReporter( 736): Compat change id reported: 161145287; UID 10073; state: ENABLED
06-03 15:32:42.550 I/[0 T236 ..] servicemanager( 0): Found android.hardware.graphics.allocator.IAllocator/default in device VINTF manifest.
06-03 15:32:42.541 V/SystemUIBootTiming( 945): StartServices com.android.systemui.flags.FeatureFlagsDebugStartable took to complete: 82ms
06-03 15:32:42.554 I/[1 T236 ..] servicemanager( 0): Found android.hardware.graphics.allocator.IAllocator/default in device VINTF manifest.
06-03 15:32:42.564 V/SystemUIBootTiming( 945): StartServices com.android.systemui.globalactions.GlobalActionsComponent took to complete: 23ms
06-03 15:32:42.565 V/SystemUIBootTiming( 945): StartServices com.android.systemui.keyboard.KeyboardUI took to complete: 1ms
06-03 15:32:42.587 V/SystemUIBootTiming( 945): StartServices com.android.systemui.keyguard.ResourceTrimmer took to complete: 21ms
06-03 15:32:42.754 W/ActivityThread( 1168): Failed to find provider info for bluetooth_legacy.provider (user not unlocked)
06-03 15:32:42.757 V/SystemUIBootTiming( 945): StartServices com.android.systemui.keyguard.domain.interactor.KeyguardTransitionCoreStartable took to complete: 170ms
06-03 15:32:42.765 V/SystemUIBootTiming( 945): StartServices com.android.systemui.keyguard.domain.interactor.SystemUIKeyguardFaceAuthInteractor took to complete: 8ms
06-03 15:32:42.769 V/SystemUIBootTiming( 945): StartServices com.android.systemui.media.RingtonePlayer took to complete: 4ms
06-03 15:32:42.776 V/SystemUIBootTiming( 945): StartServices com.android.systemui.media.systemsounds.HomeSoundEffectController took to complete: 7ms
06-03 15:32:42.781 V/SystemUIBootTiming( 945): StartServices com.android.systemui.motiontool.MotionToolStartable took to complete: 5ms
06-03 15:32:42.801 V/SystemUIBootTiming( 945): StartServices com.android.systemui.power.PowerUI took to complete: 20ms
06-03 15:32:42.819 I/AS.AudioDeviceInventory( 736): sendDeviceConnectionIntent(dev:0x400 state:0x1 address: name:);
06-03 15:32:42.822 V/SystemUIBootTiming( 945): StartServices com.android.systemui.privacy.television.TvPrivacyChipsController took to complete: 21ms
06-03 15:32:42.823 V/SystemUIBootTiming( 945): StartServices com.android.systemui.qs.QSFragmentStartable took to complete: 1ms
06-03 15:32:42.830 D/CompatibilityChangeReporter( 736): Compat change id reported: 161145287; UID 1002; state: ENABLED
06-03 15:32:42.892 E/[2 T236 ..] servicemanager( 0): VINTF HALs require names in the format type/instance (e.g. some.package.foo.IFoo/default) but got: suspend_control
06-03 15:32:42.895 I/[2 T236 ..] servicemanager( 0): Could not find android.hardware.bluetooth.IBluetoothHci/default in the VINTF manifest.
06-03 15:32:42.940 V/SystemUIBootTiming( 945): StartServices com.android.systemui.qs.pipeline.domain.startable.QSPipelineCoreStartable took to complete: 117ms
06-03 15:32:42.911 I/[2 T480 ..] [wireless]( 0): [wifi_power_ioctl] aml module chip is aml_w2_s
06-03 15:32:42.955 I/[2 T480 ..] [wireless]( 0): BT_RADIO going: on
06-03 15:32:42.955 I/[2 T480 ..] [wireless]( 0): AML_BT: going ON,btpower_evt=0
06-03 15:32:42.962 V/SystemUIBootTiming( 945): StartServices com.android.systemui.scene.domain.startable.SceneContainerStartable took to complete: 22ms
06-03 15:32:42.963 V/SystemUIBootTiming( 945): StartServices com.android.systemui.settings.UserFileManagerImpl took to complete: 1ms
06-03 15:32:42.967 V/SystemUIBootTiming( 945): StartServices com.android.systemui.shortcut.ShortcutKeyDispatcher took to complete: 4ms
06-03 15:32:42.968 V/SystemUIBootTiming( 945): StartServices com.android.systemui.statusbar.notification.InstantAppNotifier took to complete: 1ms
06-03 15:32:42.970 W/WindowManager( 736): Keyguard drawn timeout. Setting mKeyguardDrawComplete
06-03 15:32:42.978 V/SystemUIBootTiming( 945): StartServices com.android.systemui.statusbar.notification.interruption.KeyguardNotificationVisibilityProviderImpl took to complete: 10ms
06-03 15:32:42.983 V/SystemUIBootTiming( 945): StartServices com.android.systemui.statusbar.notification.logging.NotificationMemoryMonitor took to complete: 5ms
06-03 15:32:42.985 V/SystemUIBootTiming( 945): StartServices com.android.systemui.statusbar.phone.LetterboxBackgroundProvider took to complete: 1ms
06-03 15:32:42.993 V/SystemUIBootTiming( 945): StartServices com.android.systemui.statusbar.pipeline.mobile.data.repository.CarrierConfigCoreStartable took to complete: 8ms
06-03 15:32:43.195 D/CompatibilityChangeReporter( 736): Compat change id reported: 182478738; UID 10052; state: ENABLED
06-03 15:32:43.222 V/SystemUIBootTiming( 945): StartServices com.android.systemui.statusbar.pipeline.mobile.ui.MobileUiAdapter took to complete: 229ms
06-03 15:32:43.230 V/SystemUIBootTiming( 945): StartServices com.android.systemui.statusbar.pipeline.wifi.data.repository.WifiRepositoryDagger took to complete: 8ms
06-03 15:32:43.232 I/StatusBarManagerService( 736): registerStatusBar bar=com.android.internal.statusbar.IStatusBar$Stub$Proxy@6dbe092
06-03 15:32:43.233 V/SystemUIBootTiming( 945): StartServices com.android.systemui.statusbar.tv.TvStatusBar took to complete: 3ms
06-03 15:32:43.252 V/SystemUIBootTiming( 945): StartServices com.android.systemui.statusbar.tv.VpnStatusObserver took to complete: 19ms
06-03 15:32:43.256 V/SystemUIBootTiming( 945): StartServices com.android.systemui.statusbar.tv.notifications.TvNotificationHandler took to complete: 4ms
06-03 15:32:43.256 V/SystemUIBootTiming( 945): StartServices com.android.systemui.statusbar.tv.notifications.TvNotificationPanel took to complete: 0ms
06-03 15:32:43.272 V/SystemUIBootTiming( 945): StartServices com.android.systemui.theme.ThemeOverlayController took to complete: 16ms
06-03 15:32:43.273 V/SystemUIBootTiming( 945): StartServices com.android.systemui.toast.ToastUI took to complete: 1ms
06-03 15:32:43.279 V/SystemUIBootTiming( 945): StartServices com.android.systemui.usb.StorageNotification took to complete: 6ms
06-03 15:32:43.295 V/SystemUIBootTiming( 945): StartServices com.android.systemui.user.ui.dialog.UserSwitcherDialogCoordinator took to complete: 16ms
06-03 15:32:43.299 V/SystemUIBootTiming( 945): StartServices com.android.systemui.util.NotificationChannels took to complete: 4ms
06-03 15:32:43.305 V/SystemUIBootTiming( 945): StartServices com.android.systemui.util.leak.GarbageMonitor took to complete: 6ms
06-03 15:32:43.373 I/[0 T480 ..] [wireless]( 0): [usb_power_control] Set BT power on !
06-03 15:32:43.390 V/SystemUIBootTiming( 945): StartServices com.android.systemui.volume.VolumeUI took to complete: 85ms
06-03 15:32:43.412 I/[3 T1325 ..] BTI( 0): amlbt_sdio_fops_open bt opened rf num:0xffffffff
06-03 15:32:43.412 I/[3 T1325 ..] BTI( 0): amlbt_sdio_fops_open, 0x20240820
06-03 15:32:43.413 I/[3 T1325 ..] BTI( 0): iccm start dw_state 0x0
06-03 15:32:43.414 I/[3 T1325 ..] BTI( 0): amlbt_sdio_char_write BT_fwICCM 0xfb5d000, BT_fwDCCM 0xfb9e000
06-03 15:32:43.404 V/SystemUIBootTiming( 945): StartServices com.android.systemui.wmshell.WMShell took to complete: 14ms
06-03 15:32:43.405 V/SystemUIBootTiming( 945): StartServices com.android.systemui.VendorServices took to complete: 0ms
06-03 15:32:43.406 V/SystemUIBootTiming( 945): StartServices took to complete: 1426ms
06-03 15:32:43.418 I/[3 T1325 ..] BTI( 0): dccm start
06-03 15:32:43.443 I/[1 T1325 ..] BTI( 0): download finished!
06-03 15:32:43.444 I/[1 T1325 ..] BTI( 0): W E 0x40000,0x20000
06-03 15:32:43.444 I/[1 T1325 ..] BTI( 0): amlbt_sdio_char_read end
