06-03 15:33:09.454 E/PersistableBundle( 533): Failed at frameworks/native/libs/binder/PersistableBundle.cpp:160 (erase)
06-03 15:33:09.454 I/audio_hw_hal_primary( 478): out_update_source_metadata_v7() line 2013 usage:1 content_type:2
06-03 15:33:09.456 D/bluetooth( 1168): packages/modules/Bluetooth/system/gd/hci/le_scanning_reassembler.cc:64 ProcessAdvertisingReport: Dropping repeated legacy advertising data
06-03 15:33:09.467 D/bluetooth( 1168): packages/modules/Bluetooth/system/gd/hci/le_scanning_reassembler.cc:64 ProcessAdvertisingReport: Dropping repeated legacy advertising data
06-03 15:33:09.477 D/bluetooth( 1168): packages/modules/Bluetooth/system/gd/hci/le_scanning_reassembler.cc:64 ProcessAdvertisingReport: Dropping repeated legacy advertising data
06-03 15:33:09.490 D/nStackXCoAP( 2368): IsInSameNetwork:[276] :IsInSameNetwork exec
06-03 15:33:09.490 I/nStackXDFinder( 2368): GetLocalInterfaceDetail:[461] :GetLocalInterfaceDetail in
06-03 15:33:09.490 E/nStackXCoAP( 2368): IsInSameNetwork:[281] :IsInSameNetwork: not priority process
06-03 15:33:09.490 D/nStackXCoAP( 2368): ParseServiceDiscover:[330] :new device join
06-03 15:33:09.490 E/nStackXDFinder( 2368): GetLocalIp:[401] :GetLocalIp exec
06-03 15:33:09.491 D/bluetooth( 1168): packages/modules/Bluetooth/system/gd/hci/le_scanning_reassembler.cc:64 ProcessAdvertisingReport: Dropping repeated legacy advertising data
06-03 15:33:09.496 E/PersistableBundle( 533): Failed at frameworks/native/libs/binder/PersistableBundle.cpp:160 (erase)
06-03 15:33:09.496 I/SogouIME( 1421): onKeyDown: keyoCode=22
06-03 15:33:09.496 I/DefaultIMS( 1421): onKeyDown: keyoCode=22
06-03 15:33:09.497 E/PersistableBundle( 533): Failed at frameworks/native/libs/binder/PersistableBundle.cpp:160 (erase)
06-03 15:33:09.498 D/bluetooth( 1168): packages/modules/Bluetooth/system/gd/hci/le_scanning_reassembler.cc:64 ProcessAdvertisingReport: Dropping repeated legacy advertising data
06-03 15:33:09.498 I/audio_hw_hal_primary( 478): out_update_source_metadata_v7() line 2013 usage:1 content_type:2
06-03 15:33:09.498 E/SecondScreen( 1542): FirstScreenLayoutView dispatchKeyEvent 22
06-03 15:33:09.524 D/bluetooth( 1168): packages/modules/Bluetooth/system/gd/hci/le_scanning_reassembler.cc:64 ProcessAdvertisingReport: Dropping repeated legacy advertising data
06-03 15:33:09.531 D/bluetooth( 1168): packages/modules/Bluetooth/system/gd/hci/le_scanning_reassembler.cc:64 ProcessAdvertisingReport: Dropping repeated legacy advertising data
06-03 15:33:09.539 E/PersistableBundle( 533): Failed at frameworks/native/libs/binder/PersistableBundle.cpp:160 (erase)
06-03 15:33:09.540 I/audio_hw_hal_primary( 478): out_update_source_metadata_v7() line 2013 usage:1 content_type:2
06-03 15:33:09.546 I/SogouIME( 1421): onKeyDown: keyoCode=22
06-03 15:33:09.546 I/DefaultIMS( 1421): onKeyDown: keyoCode=22
06-03 15:33:09.546 E/SecondScreen( 1542): FirstScreenLayoutView dispatchKeyEvent 22
06-03 15:33:09.577 D/bluetooth( 1168): packages/modules/Bluetooth/system/gd/hci/le_scanning_reassembler.cc:64 ProcessAdvertisingReport: Dropping repeated legacy advertising data
06-03 15:33:09.587 D/bluetooth( 1168): packages/modules/Bluetooth/system/gd/hci/le_scanning_reassembler.cc:64 ProcessAdvertisingReport: Dropping repeated legacy advertising data
06-03 15:33:09.589 D/bluetooth( 1168): packages/modules/Bluetooth/system/gd/hci/le_scanning_reassembler.cc:64 ProcessAdvertisingReport: Dropping repeated legacy advertising data
06-03 15:33:09.596 I/SogouIME( 1421): onKeyDown: keyoCode=22
06-03 15:33:09.596 I/DefaultIMS( 1421): onKeyDown: keyoCode=22
06-03 15:33:09.597 E/SecondScreen( 1542): FirstScreenLayoutView dispatchKeyEvent 22
06-03 15:33:09.603 D/bluetooth( 1168): packages/modules/Bluetooth/system/gd/hci/le_scanning_reassembler.cc:64 ProcessAdvertisingReport: Dropping repeated legacy advertising data
06-03 15:33:09.615 D/bluetooth( 1168): packages/modules/Bluetooth/system/gd/hci/le_scanning_reassembler.cc:64 ProcessAdvertisingReport: Dropping repeated legacy advertising data
06-03 15:33:09.643 D/bluetooth( 1168): packages/modules/Bluetooth/system/gd/hci/le_scanning_reassembler.cc:64 ProcessAdvertisingReport: Dropping repeated legacy advertising data
06-03 15:33:09.646 D/bluetooth( 1168): packages/modules/Bluetooth/system/gd/hci/le_scanning_reassembler.cc:64 ProcessAdvertisingReport: Dropping repeated legacy advertising data
06-03 15:33:09.647 I/SogouIME( 1421): onKeyDown: keyoCode=22
06-03 15:33:09.647 I/DefaultIMS( 1421): onKeyDown: keyoCode=22
06-03 15:33:09.648 E/SecondScreen( 1542): FirstScreenLayoutView dispatchKeyEvent 22
06-03 15:33:09.690 D/bluetooth( 1168): packages/modules/Bluetooth/system/gd/hci/le_scanning_reassembler.cc:64 ProcessAdvertisingReport: Dropping repeated legacy advertising data
06-03 15:33:09.698 I/SogouIME( 1421): onKeyDown: keyoCode=22
06-03 15:33:09.698 I/DefaultIMS( 1421): onKeyDown: keyoCode=22
06-03 15:33:09.698 E/SecondScreen( 1542): FirstScreenLayoutView dispatchKeyEvent 22
06-03 15:33:09.710 E/PersistableBundle( 533): Failed at frameworks/native/libs/binder/PersistableBundle.cpp:160 (erase)
06-03 15:33:09.711 I/audio_hw_hal_primary( 478): out_update_source_metadata_v7() line 2013 usage:1 content_type:2
06-03 15:33:09.736 D/bluetooth( 1168): packages/modules/Bluetooth/system/gd/hci/le_scanning_reassembler.cc:64 ProcessAdvertisingReport: Dropping repeated legacy advertising data
06-03 15:33:09.738 D/bluetooth( 1168): packages/modules/Bluetooth/system/gd/hci/le_scanning_reassembler.cc:64 ProcessAdvertisingReport: Dropping repeated legacy advertising data
06-03 15:33:09.748 I/SogouIME( 1421): onKeyDown: keyoCode=22
06-03 15:33:09.748 I/DefaultIMS( 1421): onKeyDown: keyoCode=22
06-03 15:33:09.749 E/SecondScreen( 1542): FirstScreenLayoutView dispatchKeyEvent 22
06-03 15:33:09.752 E/PersistableBundle( 533): Failed at frameworks/native/libs/binder/PersistableBundle.cpp:160 (erase)
06-03 15:33:09.752 E/PersistableBundle( 533): Failed at frameworks/native/libs/binder/PersistableBundle.cpp:160 (erase)
06-03 15:33:09.753 I/audio_hw_hal_primary( 478): out_update_source_metadata_v7() line 2013 usage:1 content_type:2
06-03 15:33:09.772 D/bluetooth( 1168): packages/modules/Bluetooth/system/gd/hci/le_scanning_reassembler.cc:64 ProcessAdvertisingReport: Dropping repeated legacy advertising data
06-03 15:33:09.793 D/bluetooth( 1168): packages/modules/Bluetooth/system/gd/hci/le_scanning_reassembler.cc:64 ProcessAdvertisingReport: Dropping repeated legacy advertising data
06-03 15:33:09.795 E/PersistableBundle( 533): Failed at frameworks/native/libs/binder/PersistableBundle.cpp:160 (erase)
06-03 15:33:09.796 I/audio_hw_hal_primary( 478): out_update_source_metadata_v7() line 2013 usage:1 content_type:2
06-03 15:33:09.799 I/SogouIME( 1421): onKeyDown: keyoCode=22
06-03 15:33:09.799 I/DefaultIMS( 1421): onKeyDown: keyoCode=22
06-03 15:33:09.800 E/SecondScreen( 1542): FirstScreenLayoutView dispatchKeyEvent 22
06-03 15:33:09.808 D/bluetooth( 1168): packages/modules/Bluetooth/system/gd/hci/le_scanning_reassembler.cc:64 ProcessAdvertisingReport: Dropping repeated legacy advertising data
06-03 15:33:09.839 D/bluetooth( 1168): packages/modules/Bluetooth/system/gd/hci/le_scanning_reassembler.cc:64 ProcessAdvertisingReport: Dropping repeated legacy advertising data
06-03 15:33:09.841 D/bluetooth( 1168): packages/modules/Bluetooth/system/gd/hci/le_scanning_reassembler.cc:64 ProcessAdvertisingReport: Dropping repeated legacy advertising data
06-03 15:33:09.848 I/SogouIME( 1421): onKeyDown: keyoCode=22
06-03 15:33:09.848 I/DefaultIMS( 1421): onKeyDown: keyoCode=22
06-03 15:33:09.849 E/SecondScreen( 1542): FirstScreenLayoutView dispatchKeyEvent 22
06-03 15:33:09.879 D/bluetooth( 1168): packages/modules/Bluetooth/system/gd/hci/le_scanning_reassembler.cc:64 ProcessAdvertisingReport: Dropping repeated legacy advertising data
06-03 15:33:09.885 D/bluetooth( 1168): packages/modules/Bluetooth/system/gd/hci/le_scanning_reassembler.cc:64 ProcessAdvertisingReport: Dropping repeated legacy advertising data
06-03 15:33:09.898 D/bluetooth( 1168): packages/modules/Bluetooth/system/gd/hci/le_scanning_reassembler.cc:64 ProcessAdvertisingReport: Dropping repeated legacy advertising data
06-03 15:33:09.900 I/SogouIME( 1421): onKeyDown: keyoCode=22
06-03 15:33:09.901 I/DefaultIMS( 1421): onKeyDown: keyoCode=22
06-03 15:33:09.901 E/SecondScreen( 1542): FirstScreenLayoutView dispatchKeyEvent 22
06-03 15:33:09.905 D/bluetooth( 1168): packages/modules/Bluetooth/system/gd/hci/le_scanning_reassembler.cc:64 ProcessAdvertisingReport: Dropping repeated legacy advertising data
06-03 15:33:09.943 D/bluetooth( 1168): packages/modules/Bluetooth/system/gd/hci/le_scanning_reassembler.cc:64 ProcessAdvertisingReport: Dropping repeated legacy advertising data
06-03 15:33:09.949 D/bluetooth( 1168): packages/modules/Bluetooth/system/gd/hci/le_scanning_reassembler.cc:64 ProcessAdvertisingReport: Dropping repeated legacy advertising data
06-03 15:33:09.949 I/SogouIME( 1421): onKeyDown: keyoCode=22
06-03 15:33:09.949 I/DefaultIMS( 1421): onKeyDown: keyoCode=22
06-03 15:33:09.950 E/SecondScreen( 1542): FirstScreenLayoutView dispatchKeyEvent 22
06-03 15:33:09.966 E/PersistableBundle( 533): Failed at frameworks/native/libs/binder/PersistableBundle.cpp:160 (erase)
06-03 15:33:09.966 I/audio_hw_hal_primary( 478): out_update_source_metadata_v7() line 2013 usage:1 content_type:2
06-03 15:33:09.998 D/bluetooth( 1168): packages/modules/Bluetooth/system/gd/hci/le_scanning_reassembler.cc:64 ProcessAdvertisingReport: Dropping repeated legacy advertising data
06-03 15:33:09.999 D/bluetooth( 1168): packages/modules/Bluetooth/system/gd/hci/le_scanning_reassembler.cc:64 ProcessAdvertisingReport: Dropping repeated legacy advertising data
06-03 15:33:10.001 I/SogouIME( 1421): onKeyDown: keyoCode=22
06-03 15:33:10.001 I/DefaultIMS( 1421): onKeyDown: keyoCode=22
06-03 15:33:10.001 E/SecondScreen( 1542): FirstScreenLayoutView dispatchKeyEvent 22
06-03 15:33:10.005 D/bluetooth( 1168): packages/modules/Bluetooth/system/gd/hci/le_scanning_reassembler.cc:64 ProcessAdvertisingReport: Dropping repeated legacy advertising data
06-03 15:33:10.008 E/PersistableBundle( 533): Failed at frameworks/native/libs/binder/PersistableBundle.cpp:160 (erase)
06-03 15:33:10.009 E/PersistableBundle( 533): Failed at frameworks/native/libs/binder/PersistableBundle.cpp:160 (erase)
06-03 15:33:10.009 I/audio_hw_hal_primary( 478): out_update_source_metadata_v7() line 2013 usage:1 content_type:2
06-03 15:33:10.017 D/bluetooth( 1168): packages/modules/Bluetooth/system/gd/hci/le_scanning_reassembler.cc:64 ProcessAdvertisingReport: Dropping repeated legacy advertising data
06-03 15:33:10.038 D/bluetooth( 1168): packages/modules/Bluetooth/system/gd/hci/le_scanning_reassembler.cc:64 ProcessAdvertisingReport: Dropping repeated legacy advertising data
06-03 15:33:10.051 E/PersistableBundle( 533): Failed at frameworks/native/libs/binder/PersistableBundle.cpp:160 (erase)
06-03 15:33:10.051 E/PersistableBundle( 533): Failed at frameworks/native/libs/binder/PersistableBundle.cpp:160 (erase)
06-03 15:33:10.051 I/SogouIME( 1421): onKeyDown: keyoCode=22
06-03 15:33:10.052 I/DefaultIMS( 1421): onKeyDown: keyoCode=22
06-03 15:33:10.052 D/bluetooth( 1168): packages/modules/Bluetooth/system/gd/hci/le_scanning_reassembler.cc:64 ProcessAdvertisingReport: Dropping repeated legacy advertising data
06-03 15:33:10.052 E/SecondScreen( 1542): FirstScreenLayoutView dispatchKeyEvent 22
06-03 15:33:10.053 I/audio_hw_hal_primary( 478): out_update_source_metadata_v7() line 2013 usage:1 content_type:2
06-03 15:33:10.054 D/bluetooth( 1168): packages/modules/Bluetooth/system/gd/hci/le_scanning_reassembler.cc:64 ProcessAdvertisingReport: Dropping repeated legacy advertising data
06-03 15:33:10.064 D/bluetooth( 1168): packages/modules/Bluetooth/system/gd/hci/le_scanning_reassembler.cc:64 ProcessAdvertisingReport: Dropping repeated legacy advertising data
06-03 15:33:10.076 D/bluetooth( 1168): packages/modules/Bluetooth/system/gd/hci/le_scanning_reassembler.cc:64 ProcessAdvertisingReport: Dropping repeated legacy advertising data
06-03 15:33:10.077 D/bluetooth( 1168): packages/modules/Bluetooth/system/gd/hci/le_scanning_reassembler.cc:64 ProcessAdvertisingReport: Dropping repeated legacy advertising data
06-03 15:33:10.093 D/bluetooth( 1168): packages/modules/Bluetooth/system/gd/hci/le_scanning_reassembler.cc:64 ProcessAdvertisingReport: Dropping repeated legacy advertising data
06-03 15:33:10.094 E/PersistableBundle( 533): Failed at frameworks/native/libs/binder/PersistableBundle.cpp:160 (erase)
06-03 15:33:10.095 I/audio_hw_hal_primary( 478): out_update_source_metadata_v7() line 2013 usage:1 content_type:2
06-03 15:33:10.097 D/bluetooth( 1168): packages/modules/Bluetooth/system/gd/hci/le_scanning_reassembler.cc:64 ProcessAdvertisingReport: Dropping repeated legacy advertising data
06-03 15:33:10.101 D/SntpClient( 736): request time failed: java.net.SocketTimeoutException: Poll timed out
06-03 15:33:10.102 D/SntpClient( 736): request time failed
06-03 15:33:10.103 I/SogouIME( 1421): onKeyDown: keyoCode=22
06-03 15:33:10.103 I/DefaultIMS( 1421): onKeyDown: keyoCode=22
06-03 15:33:10.104 E/SecondScreen( 1542): FirstScreenLayoutView dispatchKeyEvent 22
06-03 15:33:10.104 I/resolv ( 466): GetAddrInfoHandler::run: {100 983140 100 983140 1000 1}
06-03 15:33:10.105 I/resolv ( 466): res_nmkquery: (QUERY, IN, A)
06-03 15:33:10.107 D/bluetooth( 1168): packages/modules/Bluetooth/system/gd/hci/le_scanning_reassembler.cc:64 ProcessAdvertisingReport: Dropping repeated legacy advertising data
06-03 15:33:10.109 D/bluetooth( 1168): packages/modules/Bluetooth/system/gd/hci/le_scanning_reassembler.cc:64 ProcessAdvertisingReport: Dropping repeated legacy advertising data
06-03 15:33:10.115 D/nStackXCoAP( 2368): CoapMessageHandler:[133] :2.01
06-03 15:33:10.115 I/resolv ( 466): res_nsend: used send_dg 506 terrno: 0
06-03 15:33:10.115 I/resolv ( 466): doQuery: rcode=0, ancount=4, return value=506
06-03 15:33:10.117 D/TrafficStats( 736): tagSocket(426) with statsTag=0xffffff41, statsUid=-1
06-03 15:33:10.118 D/bluetooth( 1168): packages/modules/Bluetooth/system/gd/hci/le_scanning_reassembler.cc:64 ProcessAdvertisingReport: Dropping repeated legacy advertising data
06-03 15:33:10.153 I/SogouIME( 1421): onKeyDown: keyoCode=22
06-03 15:33:10.153 I/DefaultIMS( 1421): onKeyDown: keyoCode=22
06-03 15:33:10.153 E/SecondScreen( 1542): FirstScreenLayoutView dispatchKeyEvent 22
06-03 15:33:10.162 D/bluetooth( 1168): packages/modules/Bluetooth/system/gd/hci/le_scanning_reassembler.cc:64 ProcessAdvertisingReport: Dropping repeated legacy advertising data
06-03 15:33:10.171 D/bluetooth( 1168): packages/modules/Bluetooth/system/gd/hci/le_scanning_reassembler.cc:64 ProcessAdvertisingReport: Dropping repeated legacy advertising data
06-03 15:33:10.186 D/bluetooth( 1168): packages/modules/Bluetooth/system/gd/hci/le_scanning_reassembler.cc:64 ProcessAdvertisingReport: Dropping repeated legacy advertising data
06-03 15:33:10.188 D/bluetooth( 1168): packages/modules/Bluetooth/system/gd/hci/le_scanning_reassembler.cc:64 ProcessAdvertisingReport: Dropping repeated legacy advertising data
06-03 15:33:10.198 D/bluetooth( 1168): packages/modules/Bluetooth/system/gd/hci/le_scanning_reassembler.cc:64 ProcessAdvertisingReport: Dropping repeated legacy advertising data
06-03 15:33:10.200 D/bluetooth( 1168): packages/modules/Bluetooth/system/gd/hci/le_scanning_reassembler.cc:64 ProcessAdvertisingReport: Dropping repeated legacy advertising data
06-03 15:33:10.204 I/SogouIME( 1421): onKeyDown: keyoCode=22
06-03 15:33:10.204 I/DefaultIMS( 1421): onKeyDown: keyoCode=22
06-03 15:33:10.204 E/SecondScreen( 1542): FirstScreenLayoutView dispatchKeyEvent 22
06-03 15:33:10.219 D/bluetooth( 1168): packages/modules/Bluetooth/system/gd/hci/le_scanning_reassembler.cc:64 ProcessAdvertisingReport: Dropping repeated legacy advertising data
06-03 15:33:10.222 E/PersistableBundle( 533): Failed at frameworks/native/libs/binder/PersistableBundle.cpp:160 (erase)
06-03 15:33:10.222 I/audio_hw_hal_primary( 478): out_update_source_metadata_v7() line 2013 usage:1 content_type:2
06-03 15:33:10.254 I/SogouIME( 1421): onKeyDown: keyoCode=22
06-03 15:33:10.254 I/DefaultIMS( 1421): onKeyDown: keyoCode=22
06-03 15:33:10.255 E/SecondScreen( 1542): FirstScreenLayoutView dispatchKeyEvent 22
06-03 15:33:10.265 E/PersistableBundle( 533): Failed at frameworks/native/libs/binder/PersistableBundle.cpp:160 (erase)
06-03 15:33:10.265 D/bluetooth( 1168): packages/modules/Bluetooth/system/gd/hci/le_scanning_reassembler.cc:64 ProcessAdvertisingReport: Dropping repeated legacy advertising data
06-03 15:33:10.266 E/PersistableBundle( 533): Failed at frameworks/native/libs/binder/PersistableBundle.cpp:160 (erase)
06-03 15:33:10.266 I/audio_hw_hal_primary( 478): out_update_source_metadata_v7() line 2013 usage:1 content_type:2
06-03 15:33:10.284 D/bluetooth( 1168): packages/modules/Bluetooth/system/gd/hci/le_scanning_reassembler.cc:64 ProcessAdvertisingReport: Dropping repeated legacy advertising data
06-03 15:33:10.290 D/bluetooth( 1168): packages/modules/Bluetooth/system/gd/hci/le_scanning_reassembler.cc:64 ProcessAdvertisingReport: Dropping repeated legacy advertising data
06-03 15:33:10.305 I/SogouIME( 1421): onKeyDown: keyoCode=22
06-03 15:33:10.305 I/DefaultIMS( 1421): onKeyDown: keyoCode=22
06-03 15:33:10.306 E/SecondScreen( 1542): FirstScreenLayoutView dispatchKeyEvent 22
06-03 15:33:10.307 E/PersistableBundle( 533): Failed at frameworks/native/libs/binder/PersistableBundle.cpp:160 (erase)
06-03 15:33:10.307 E/PersistableBundle( 533): Failed at frameworks/native/libs/binder/PersistableBundle.cpp:160 (erase)
06-03 15:33:10.308 I/audio_hw_hal_primary( 478): out_update_source_metadata_v7() line 2013 usage:1 content_type:2
06-03 15:33:10.317 D/bluetooth( 1168): packages/modules/Bluetooth/system/gd/hci/le_scanning_reassembler.cc:64 ProcessAdvertisingReport: Dropping repeated legacy advertising data
06-03 15:33:10.324 D/bluetooth( 1168): packages/modules/Bluetooth/system/gd/hci/le_scanning_reassembler.cc:64 ProcessAdvertisingReport: Dropping repeated legacy advertising data
06-03 15:33:10.350 E/PersistableBundle( 533): Failed at frameworks/native/libs/binder/PersistableBundle.cpp:160 (erase)
06-03 15:33:10.351 I/audio_hw_hal_primary( 478): out_update_source_metadata_v7() line 2013 usage:1 content_type:2
06-03 15:33:10.355 I/SogouIME( 1421): onKeyDown: keyoCode=22
06-03 15:33:10.355 I/DefaultIMS( 1421): onKeyDown: keyoCode=22
06-03 15:33:10.356 E/SecondScreen( 1542): FirstScreenLayoutView dispatchKeyEvent 22
06-03 15:33:10.379 D/bluetooth( 1168): packages/modules/Bluetooth/system/gd/hci/le_scanning_reassembler.cc:64 ProcessAdvertisingReport: Dropping repeated legacy advertising data
06-03 15:33:10.387 D/bluetooth( 1168): packages/modules/Bluetooth/system/gd/hci/le_scanning_reassembler.cc:64 ProcessAdvertisingReport: Dropping repeated legacy advertising data
06-03 15:33:10.406 I/SogouIME( 1421): onKeyDown: keyoCode=22
06-03 15:33:10.406 I/DefaultIMS( 1421): onKeyDown: keyoCode=22
06-03 15:33:10.407 E/SecondScreen( 1542): FirstScreenLayoutView dispatchKeyEvent 22
06-03 15:33:10.411 D/bluetooth( 1168): packages/modules/Bluetooth/system/gd/hci/le_scanning_reassembler.cc:64 ProcessAdvertisingReport: Dropping repeated legacy advertising data
06-03 15:33:10.413 D/bluetooth( 1168): packages/modules/Bluetooth/system/gd/hci/le_scanning_reassembler.cc:64 ProcessAdvertisingReport: Dropping repeated legacy advertising data
06-03 15:33:10.430 D/bluetooth( 1168): packages/modules/Bluetooth/system/gd/hci/le_scanning_reassembler.cc:64 ProcessAdvertisingReport: Dropping repeated legacy advertising data
06-03 15:33:10.434 D/SntpClient( 736): round trip: 314ms, clock offset: 3931ms
06-03 15:33:10.439 D/SystemClockTime( 736): Setting time of day to sec=1748935994
06-03 15:33:14.370 E/LazyAlarmStore( 736): Removed TIME_TICK alarm
06-03 15:33:14.371 D/bluetooth( 1168): packages/modules/Bluetooth/system/gd/hci/le_scanning_reassembler.cc:64 ProcessAdvertisingReport: Dropping repeated legacy advertising data
06-03 15:33:14.377 W/SyncManager( 736): Clock is valid now.
06-03 15:33:14.384 D/nStackXCoAP( 2368): IsInSameNetwork:[276] :IsInSameNetwork exec
06-03 15:33:14.384 I/nStackXDFinder( 2368): GetLocalInterfaceDetail:[461] :GetLocalInterfaceDetail in
06-03 15:33:14.384 E/nStackXCoAP( 2368): IsInSameNetwork:[281] :IsInSameNetwork: not priority process
06-03 15:33:14.384 D/nStackXCoAP( 2368): ParseServiceDiscover:[330] :new device join
06-03 15:33:14.384 E/nStackXDFinder( 2368): GetLocalIp:[401] :GetLocalIp exec
06-03 15:33:14.385 D/ConditionProviders.SCP( 736): onReceive android.intent.action.TIME_SET
06-03 15:33:14.388 I/SogouIME( 1421): onKeyDown: keyoCode=22
06-03 15:33:14.388 I/DefaultIMS( 1421): onKeyDown: keyoCode=22
06-03 15:33:14.389 E/SecondScreen( 1542): FirstScreenLayoutView dispatchKeyEvent 22
06-03 15:33:14.396 D/bluetooth( 1168): packages/modules/Bluetooth/system/gd/hci/le_scanning_reassembler.cc:64 ProcessAdvertisingReport: Dropping repeated legacy advertising data
06-03 15:33:14.400 D/nStackXCoAP( 2368): CoapMessageHandler:[133] :2.01
06-03 15:33:14.416 D/ConditionProviders.SCP( 736): evaluateSubscriptionLocked cal=ScheduleCalendar[mDays={1, 2, 3, 4, 5, 6, 7}, mSchedule=ScheduleInfo{days=[1, 2, 3, 4, 5, 6, 7], startHour=22, startMinute=0, endHour=7, endMinute=0, exitAtAlarm=true, nextAlarm=Thu Jan 01 08:00:00 GMT+08:00 1970 (0)}], now=Tue Jun 03 15:33:14 GMT+08:00 2025 (1748935994385), nextUserAlarmTime=Thu Jan 01 08:00:00 GMT+08:00 1970 (0)
06-03 15:33:14.417 D/ConditionProviders.SCP( 736): notifyCondition condition://android/schedule?days=1.2.3.4.5.6.7&start=22.0&end=7.0&exitAtAlarm=true STATE_FALSE reason=!meetsSchedule
06-03 15:33:14.417 D/CompatibilityChangeReporter( 736): Compat change id reported: 265195908; UID 10016; state: ENABLED
06-03 15:33:14.417 D/CompatibilityChangeReporter( 736): Compat change id reported: 143231523; UID 1000; state: DISABLED
06-03 15:33:14.420 D/ConditionProviders.SCP( 736): Scheduling evaluate for Tue Jun 03 22:00:00 GMT+08:00 2025 (1748959200000), in +6h26m45s615ms, now=Tue Jun 03 15:33:14 GMT+08:00 2025 (1748935994385)
06-03 15:33:14.421 D/CompatibilityChangeReporter( 736): Compat change id reported: 171306433; UID 1000; state: ENABLED
06-03 15:33:14.421 D/CompatibilityChangeReporter( 736): Compat change id reported: 218533173; UID 1000; state: ENABLED
06-03 15:33:14.430 D/EpgDataCleanupService( 1940): Received intent: Intent { act=com.android.providers.tv.intent.CLEAN_UP_EPG_DATA cmp=com.android.providers.tv/.EpgDataCleanupService }
06-03 15:33:14.431 D/bluetooth( 1168): packages/modules/Bluetooth/system/gd/hci/le_scanning_reassembler.cc:64 ProcessAdvertisingReport: Dropping repeated legacy advertising data
06-03 15:33:14.437 I/SogouIME( 1421): onKeyDown: keyoCode=22
06-03 15:33:14.437 I/DefaultIMS( 1421): onKeyDown: keyoCode=22
06-03 15:33:14.437 E/SecondScreen( 1542): FirstScreenLayoutView dispatchKeyEvent 22
06-03 15:33:14.440 I/netd ( 466): tetherGetStats() -> {[]} <1.19ms>
06-03 15:33:14.445 D/bluetooth( 1168): packages/modules/Bluetooth/system/gd/hci/le_scanning_reassembler.cc:64 ProcessAdvertisingReport: Dropping repeated legacy advertising data
06-03 15:33:14.450 E/PersistableBundle( 533): Failed at frameworks/native/libs/binder/PersistableBundle.cpp:160 (erase)
06-03 15:33:14.450 I/audio_hw_hal_primary( 478): out_update_source_metadata_v7() line 2013 usage:1 content_type:2
06-03 15:33:14.453 I/UsageStatsService( 736): User[0] Time changed in by 3 seconds
06-03 15:33:14.453 I/UsageStatsService( 736): User[0] Flushing usage stats to disk
06-03 15:33:14.455 I/netd ( 466): bandwidthSetGlobalAlert(2097152) <10.00ms>
06-03 15:33:14.462 D/bluetooth( 1168): packages/modules/Bluetooth/system/gd/hci/le_scanning_reassembler.cc:64 ProcessAdvertisingReport: Dropping repeated legacy advertising data
06-03 15:33:14.483 D/bluetooth( 1168): packages/modules/Bluetooth/system/gd/hci/le_scanning_reassembler.cc:64 ProcessAdvertisingReport: Dropping repeated legacy advertising data
06-03 15:33:14.488 I/SogouIME( 1421): onKeyDown: keyoCode=22
06-03 15:33:14.488 I/DefaultIMS( 1421): onKeyDown: keyoCode=22
06-03 15:33:14.488 E/SecondScreen( 1542): FirstScreenLayoutView dispatchKeyEvent 22
06-03 15:33:14.491 I/UsageStatsDatabase( 736): Time changed by +3s929ms. files deleted: 0 files moved: 4
06-03 15:33:14.492 E/PersistableBundle( 533): Failed at frameworks/native/libs/binder/PersistableBundle.cpp:160 (erase)
06-03 15:33:14.492 E/PersistableBundle( 533): Failed at frameworks/native/libs/binder/PersistableBundle.cpp:160 (erase)
06-03 15:33:14.492 I/audio_hw_hal_primary( 478): out_update_source_metadata_v7() line 2013 usage:1 content_type:2
06-03 15:33:14.502 D/bluetooth( 1168): packages/modules/Bluetooth/system/gd/hci/le_scanning_reassembler.cc:64 ProcessAdvertisingReport: Dropping repeated legacy advertising data
06-03 15:33:14.508 D/bluetooth( 1168): packages/modules/Bluetooth/system/gd/hci/le_scanning_reassembler.cc:64 ProcessAdvertisingReport: Dropping repeated legacy advertising data
06-03 15:33:14.509 I/UsageStatsService( 736): User[0] Rollover scheduled @ 2025-06-04 14:50:01(1749019801496)
06-03 15:33:14.510 D/bluetooth( 1168): packages/modules/Bluetooth/system/gd/hci/le_scanning_reassembler.cc:64 ProcessAdvertisingReport: Dropping repeated legacy advertising data
06-03 15:33:14.512 D/bluetooth( 1168): packages/modules/Bluetooth/system/gd/hci/le_scanning_reassembler.cc:64 ProcessAdvertisingReport: Dropping repeated legacy advertising data
06-03 15:33:14.516 D/CompatibilityChangeReporter( 736): Compat change id reported: 218533173; UID 10017; state: ENABLED
06-03 15:33:14.517 D/CompatibilityChangeReporter( 736): Compat change id reported: 262645982; UID 10017; state: ENABLED
06-03 15:33:14.518 D/CompatibilityChangeReporter( 736): Compat change id reported: 218533173; UID 10040; state: DISABLED
06-03 15:33:14.518 D/CompatibilityChangeReporter( 736): Compat change id reported: 262645982; UID 10040; state: DISABLED
06-03 15:33:14.519 D/CompatibilityChangeReporter( 736): Compat change id reported: 218533173; UID 10019; state: ENABLED
06-03 15:33:14.519 D/CompatibilityChangeReporter( 736): Compat change id reported: 262645982; UID 10019; state: ENABLED
06-03 15:33:14.520 D/CompatibilityChangeReporter( 736): Compat change id reported: 218533173; UID 10026; state: ENABLED
06-03 15:33:14.520 D/CompatibilityChangeReporter( 736): Compat change id reported: 262645982; UID 10026; state: ENABLED
06-03 15:33:14.523 D/CompatibilityChangeReporter( 736): Compat change id reported: 218533173; UID 10027; state: DISABLED
06-03 15:33:14.524 D/CompatibilityChangeReporter( 736): Compat change id reported: 262645982; UID 10027; state: DISABLED
06-03 15:33:14.524 D/CompatibilityChangeReporter( 736): Compat change id reported: 218533173; UID 10043; state: DISABLED
06-03 15:33:14.524 D/CompatibilityChangeReporter( 736): Compat change id reported: 262645982; UID 10043; state: DISABLED
06-03 15:33:14.526 D/CompatibilityChangeReporter( 736): Compat change id reported: 218533173; UID 10066; state: ENABLED
06-03 15:33:14.526 D/CompatibilityChangeReporter( 736): Compat change id reported: 262645982; UID 10066; state: ENABLED
06-03 15:33:14.528 D/CompatibilityChangeReporter( 736): Compat change id reported: 218533173; UID 10025; state: ENABLED
06-03 15:33:14.529 D/CompatibilityChangeReporter( 736): Compat change id reported: 262645982; UID 10025; state: ENABLED
06-03 15:33:14.531 D/CompatibilityChangeReporter( 736): Compat change id reported: 218533173; UID 10022; state: ENABLED
06-03 15:33:14.531 D/CompatibilityChangeReporter( 736): Compat change id reported: 262645982; UID 10022; state: ENABLED
06-03 15:33:14.533 D/bluetooth( 1168): packages/modules/Bluetooth/system/gd/hci/le_scanning_reassembler.cc:64 ProcessAdvertisingReport: Dropping repeated legacy advertising data
06-03 15:33:14.535 E/PersistableBundle( 533): Failed at frameworks/native/libs/binder/PersistableBundle.cpp:160 (erase)
06-03 15:33:14.535 I/audio_hw_hal_primary( 478): out_update_source_metadata_v7() line 2013 usage:1 content_type:2
06-03 15:33:14.537 D/bluetooth( 1168): packages/modules/Bluetooth/system/gd/hci/le_scanning_reassembler.cc:64 ProcessAdvertisingReport: Dropping repeated legacy advertising data
06-03 15:33:14.539 D/bluetooth( 1168): packages/modules/Bluetooth/system/gd/hci/le_scanning_reassembler.cc:64 ProcessAdvertisingReport: Dropping repeated legacy advertising data
06-03 15:33:14.539 I/SogouIME( 1421): onKeyDown: keyoCode=22
06-03 15:33:14.539 I/DefaultIMS( 1421): onKeyDown: keyoCode=22
06-03 15:33:14.540 E/SecondScreen( 1542): FirstScreenLayoutView dispatchKeyEvent 22
06-03 15:33:14.543 D/CompatibilityChangeReporter( 736): Compat change id reported: 218533173; UID 10049; state: DISABLED
06-03 15:33:14.543 D/CompatibilityChangeReporter( 736): Compat change id reported: 262645982; UID 10049; state: DISABLED
06-03 15:33:14.544 D/CompatibilityChangeReporter( 736): Compat change id reported: 218533173; UID 10018; state: ENABLED
06-03 15:33:14.544 D/CompatibilityChangeReporter( 736): Compat change id reported: 262645982; UID 10018; state: ENABLED
06-03 15:33:14.544 D/CompatibilityChangeReporter( 736): Compat change id reported: 218533173; UID 10065; state: ENABLED
06-03 15:33:14.545 D/CompatibilityChangeReporter( 736): Compat change id reported: 262645982; UID 10065; state: ENABLED
06-03 15:33:14.545 D/bluetooth( 1168): packages/modules/Bluetooth/system/gd/hci/le_scanning_reassembler.cc:64 ProcessAdvertisingReport: Dropping repeated legacy advertising data
06-03 15:33:14.554 D/bluetooth( 1168): packages/modules/Bluetooth/system/gd/hci/le_scanning_reassembler.cc:64 ProcessAdvertisingReport: Dropping repeated legacy advertising data
06-03 15:33:14.564 D/bluetooth( 1168): packages/modules/Bluetooth/system/gd/hci/le_scanning_reassembler.cc:64 ProcessAdvertisingReport: Dropping repeated legacy advertising data
06-03 15:33:14.578 D/bluetooth( 1168): packages/modules/Bluetooth/system/gd/hci/le_scanning_reassembler.cc:64 ProcessAdvertisingReport: Dropping repeated legacy advertising data
06-03 15:33:14.589 I/SogouIME( 1421): onKeyDown: keyoCode=22
06-03 15:33:14.589 I/DefaultIMS( 1421): onKeyDown: keyoCode=22
06-03 15:33:14.589 E/SecondScreen( 1542): FirstScreenLayoutView dispatchKeyEvent 22
06-03 15:33:14.590 D/bluetooth( 1168): packages/modules/Bluetooth/system/gd/hci/le_scanning_reassembler.cc:64 ProcessAdvertisingReport: Dropping repeated legacy advertising data
06-03 15:33:14.600 D/bluetooth( 1168): packages/modules/Bluetooth/system/gd/hci/le_scanning_reassembler.cc:64 ProcessAdvertisingReport: Dropping repeated legacy advertising data
06-03 15:33:14.609 D/bluetooth( 1168): packages/modules/Bluetooth/system/gd/hci/le_scanning_reassembler.cc:64 ProcessAdvertisingReport: Dropping repeated legacy advertising data
06-03 15:33:14.613 D/bluetooth( 1168): packages/modules/Bluetooth/system/gd/hci/le_scanning_reassembler.cc:64 ProcessAdvertisingReport: Dropping repeated legacy advertising data
06-03 15:33:14.640 I/SogouIME( 1421): onKeyDown: keyoCode=22
06-03 15:33:14.640 I/DefaultIMS( 1421): onKeyDown: keyoCode=22
06-03 15:33:14.640 E/SecondScreen( 1542): FirstScreenLayoutView dispatchKeyEvent 22
06-03 15:33:14.642 D/bluetooth( 1168): packages/modules/Bluetooth/system/gd/hci/le_scanning_reassembler.cc:64 ProcessAdvertisingReport: Dropping repeated legacy advertising data
06-03 15:33:14.644 D/bluetooth( 1168): packages/modules/Bluetooth/system/gd/hci/le_scanning_reassembler.cc:64 ProcessAdvertisingReport: Dropping repeated legacy advertising data
06-03 15:33:14.656 D/bluetooth( 1168): packages/modules/Bluetooth/system/gd/hci/le_scanning_reassembler.cc:64 ProcessAdvertisingReport: Dropping repeated legacy advertising data
06-03 15:33:14.663 I/audio_hw_hal_stream( 478): aml_stream_out_info_print: out:0xef5c2b30, stream_type:pcm, sync_mode:non tunnel, input_size:2629632 bytes
06-03 15:33:14.663 I/audio_hw_hal_stream( 478): aml_stream_out_info_print: last_time:49715 ms (sec:49, nsec:715514231), last_position:13495 ms (647760), cur_time:49759 ms (sec:49, nsec:759101772), cur_position:13537 ms (649808)
06-03 15:33:14.663 I/audio_hw_hal_stream( 478): aml_stream_out_info_print: time_gap:44 ms (thr:100 ms), position_gap:42 ms, delay:158 ms, jitter: Position gap is behind system time gap by 2 ms (thr:100 ms)
06-03 15:33:14.664 D/bluetooth( 1168): packages/modules/Bluetooth/system/gd/hci/le_scanning_reassembler.cc:64 ProcessAdvertisingReport: Dropping repeated legacy advertising data
06-03 15:33:14.668 D/bluetooth( 1168): packages/modules/Bluetooth/system/gd/hci/le_scanning_reassembler.cc:64 ProcessAdvertisingReport: Dropping repeated legacy advertising data
06-03 15:33:14.669 D/bluetooth( 1168): packages/modules/Bluetooth/system/gd/hci/le_scanning_reassembler.cc:64 ProcessAdvertisingReport: Dropping repeated legacy advertising data
06-03 15:33:14.689 D/bluetooth( 1168): packages/modules/Bluetooth/system/gd/hci/le_scanning_reassembler.cc:64 ProcessAdvertisingReport: Dropping repeated legacy advertising data
06-03 15:33:14.691 I/SogouIME( 1421): onKeyDown: keyoCode=22
06-03 15:33:14.691 I/DefaultIMS( 1421): onKeyDown: keyoCode=22
06-03 15:33:14.691 E/SecondScreen( 1542): FirstScreenLayoutView dispatchKeyEvent 22
06-03 15:33:14.705 E/PersistableBundle( 533): Failed at frameworks/native/libs/binder/PersistableBundle.cpp:160 (erase)
06-03 15:33:14.706 I/audio_hw_hal_primary( 478): out_update_source_metadata_v7() line 2013 usage:1 content_type:2
06-03 15:33:14.715 D/bluetooth( 1168): packages/modules/Bluetooth/system/gd/hci/le_scanning_reassembler.cc:64 ProcessAdvertisingReport: Dropping repeated legacy advertising data
06-03 15:33:14.740 I/SogouIME( 1421): onKeyDown: keyoCode=22
06-03 15:33:14.741 I/DefaultIMS( 1421): onKeyDown: keyoCode=22
06-03 15:33:14.741 E/SecondScreen( 1542): FirstScreenLayoutView dispatchKeyEvent 22
06-03 15:33:14.751 E/PersistableBundle( 533): Failed at frameworks/native/libs/binder/PersistableBundle.cpp:160 (erase)
06-03 15:33:14.751 E/PersistableBundle( 533): Failed at frameworks/native/libs/binder/PersistableBundle.cpp:160 (erase)
06-03 15:33:14.751 I/audio_hw_hal_primary( 478): out_update_source_metadata_v7() line 2013 usage:1 content_type:2
06-03 15:33:14.758 D/bluetooth( 1168): packages/modules/Bluetooth/system/gd/hci/le_scanning_reassembler.cc:64 ProcessAdvertisingReport: Dropping repeated legacy advertising data
06-03 15:33:14.775 D/bluetooth( 1168): packages/modules/Bluetooth/system/gd/hci/le_scanning_reassembler.cc:64 ProcessAdvertisingReport: Dropping repeated legacy advertising data
06-03 15:33:14.782 D/bluetooth( 1168): packages/modules/Bluetooth/system/gd/hci/le_scanning_reassembler.cc:64 ProcessAdvertisingReport: Dropping repeated legacy advertising data
06-03 15:33:14.790 I/SogouIME( 1421): onKeyDown: keyoCode=22
06-03 15:33:14.791 I/DefaultIMS( 1421): onKeyDown: keyoCode=22
06-03 15:33:14.791 E/PersistableBundle( 533): Failed at frameworks/native/libs/binder/PersistableBundle.cpp:160 (erase)
06-03 15:33:14.791 E/PersistableBundle( 533): Failed at frameworks/native/libs/binder/PersistableBundle.cpp:160 (erase)
06-03 15:33:14.791 E/SecondScreen( 1542): FirstScreenLayoutView dispatchKeyEvent 22
06-03 15:33:14.792 I/audio_hw_hal_primary( 478): out_update_source_metadata_v7() line 2013 usage:1 content_type:2
06-03 15:33:14.793 D/bluetooth( 1168): packages/modules/Bluetooth/system/gd/hci/le_scanning_reassembler.cc:64 ProcessAdvertisingReport: Dropping repeated legacy advertising data
06-03 15:33:14.809 D/bluetooth( 1168): packages/modules/Bluetooth/system/gd/hci/le_scanning_reassembler.cc:64 ProcessAdvertisingReport: Dropping repeated legacy advertising data
06-03 15:33:14.834 E/PersistableBundle( 533): Failed at frameworks/native/libs/binder/PersistableBundle.cpp:160 (erase)
06-03 15:33:14.834 I/audio_hw_hal_primary( 478): out_update_source_metadata_v7() line 2013 usage:1 content_type:2
06-03 15:33:14.838 D/bluetooth( 1168): packages/modules/Bluetooth/system/gd/hci/le_scanning_reassembler.cc:64 ProcessAdvertisingReport: Dropping repeated legacy advertising data
06-03 15:33:14.842 I/SogouIME( 1421): onKeyDown: keyoCode=22
06-03 15:33:14.842 I/DefaultIMS( 1421): onKeyDown: keyoCode=22
06-03 15:33:14.843 E/SecondScreen( 1542): FirstScreenLayoutView dispatchKeyEvent 22
06-03 15:33:14.858 D/bluetooth( 1168): packages/modules/Bluetooth/system/gd/hci/le_scanning_reassembler.cc:64 ProcessAdvertisingReport: Dropping repeated legacy advertising data
06-03 15:33:14.877 D/bluetooth( 1168): packages/modules/Bluetooth/system/gd/hci/le_scanning_reassembler.cc:64 ProcessAdvertisingReport: Dropping repeated legacy advertising data
06-03 15:33:14.891 I/SogouIME( 1421): onKeyDown: keyoCode=22
06-03 15:33:14.891 I/DefaultIMS( 1421): onKeyDown: keyoCode=22
06-03 15:33:14.892 E/SecondScreen( 1542): FirstScreenLayoutView dispatchKeyEvent 22
06-03 15:33:14.895 D/bluetooth( 1168): packages/modules/Bluetooth/system/gd/hci/le_scanning_reassembler.cc:64 ProcessAdvertisingReport: Dropping repeated legacy advertising data
06-03 15:33:14.901 D/bluetooth( 1168): packages/modules/Bluetooth/system/gd/hci/le_scanning_reassembler.cc:64 ProcessAdvertisingReport: Dropping repeated legacy advertising data
06-03 15:33:14.909 D/nStackXCoAP( 2368): IsInSameNetwork:[276] :IsInSameNetwork exec
06-03 15:33:14.909 I/nStackXDFinder( 2368): GetLocalInterfaceDetail:[461] :GetLocalInterfaceDetail in
06-03 15:33:14.909 E/nStackXCoAP( 2368): IsInSameNetwork:[281] :IsInSameNetwork: not priority process
06-03 15:33:14.909 D/nStackXCoAP( 2368): ParseServiceDiscover:[330] :new device join
06-03 15:33:14.909 E/nStackXDFinder( 2368): GetLocalIp:[401] :GetLocalIp exec
06-03 15:33:14.914 D/bluetooth( 1168): packages/modules/Bluetooth/system/gd/hci/le_scanning_reassembler.cc:64 ProcessAdvertisingReport: Dropping repeated legacy advertising data
06-03 15:33:14.915 D/nStackXCoAP( 2368): CoapMessageHandler:[133] :2.01
06-03 15:33:14.936 D/bluetooth( 1168): packages/modules/Bluetooth/system/gd/hci/le_scanning_reassembler.cc:64 ProcessAdvertisingReport: Dropping repeated legacy advertising data
06-03 15:33:14.942 I/SogouIME( 1421): onKeyDown: keyoCode=22
06-03 15:33:14.942 I/DefaultIMS( 1421): onKeyDown: keyoCode=22
06-03 15:33:14.943 E/SecondScreen( 1542): FirstScreenLayoutView dispatchKeyEvent 22
06-03 15:33:14.945 D/bluetooth( 1168): packages/modules/Bluetooth/system/gd/hci/le_scanning_reassembler.cc:64 ProcessAdvertisingReport: Dropping repeated legacy advertising data
06-03 15:33:14.961 E/PersistableBundle( 533): Failed at frameworks/native/libs/binder/PersistableBundle.cpp:160 (erase)
06-03 15:33:14.962 I/audio_hw_hal_primary( 478): out_update_source_metadata_v7() line 2013 usage:1 content_type:2
06-03 15:33:14.967 D/bluetooth( 1168): packages/modules/Bluetooth/system/gd/hci/le_scanning_reassembler.cc:64 ProcessAdvertisingReport: Dropping repeated legacy advertising data
06-03 15:33:14.978 D/bluetooth( 1168): packages/modules/Bluetooth/system/gd/hci/le_scanning_reassembler.cc:64 ProcessAdvertisingReport: Dropping repeated legacy advertising data
06-03 15:33:14.982 D/bluetooth( 1168): packages/modules/Bluetooth/system/gd/hci/le_scanning_reassembler.cc:64 ProcessAdvertisingReport: Dropping repeated legacy advertising data
06-03 15:33:14.985 D/bluetooth( 1168): packages/modules/Bluetooth/system/gd/hci/le_scanning_reassembler.cc:64 ProcessAdvertisingReport: Dropping repeated legacy advertising data
06-03 15:33:14.992 I/SogouIME( 1421): onKeyDown: keyoCode=22
06-03 15:33:14.992 I/DefaultIMS( 1421): onKeyDown: keyoCode=22
06-03 15:33:14.993 E/SecondScreen( 1542): FirstScreenLayoutView dispatchKeyEvent 22
06-03 15:33:14.996 D/bluetooth( 1168): packages/modules/Bluetooth/system/gd/hci/le_scanning_reassembler.cc:64 ProcessAdvertisingReport: Dropping repeated legacy advertising data
06-03 15:33:15.004 E/PersistableBundle( 533): Failed at frameworks/native/libs/binder/PersistableBundle.cpp:160 (erase)
06-03 15:33:15.004 E/PersistableBundle( 533): Failed at frameworks/native/libs/binder/PersistableBundle.cpp:160 (erase)
06-03 15:33:15.005 I/audio_hw_hal_primary( 478): out_update_source_metadata_v7() line 2013 usage:1 content_type:2
06-03 15:33:15.013 D/bluetooth( 1168): packages/modules/Bluetooth/system/gd/hci/le_scanning_reassembler.cc:64 ProcessAdvertisingReport: Dropping repeated legacy advertising data
06-03 15:33:15.031 D/bluetooth( 1168): packages/modules/Bluetooth/system/gd/hci/le_scanning_reassembler.cc:64 ProcessAdvertisingReport: Dropping repeated legacy advertising data
06-03 15:33:15.038 D/bluetooth( 1168): packages/modules/Bluetooth/system/gd/hci/le_scanning_reassembler.cc:64 ProcessAdvertisingReport: Dropping repeated legacy advertising data
06-03 15:33:15.041 D/bluetooth( 1168): packages/modules/Bluetooth/system/gd/hci/le_scanning_reassembler.cc:64 ProcessAdvertisingReport: Dropping repeated legacy advertising data
06-03 15:33:15.044 I/SogouIME( 1421): onKeyDown: keyoCode=22
06-03 15:33:15.044 I/DefaultIMS( 1421): onKeyDown: keyoCode=22
06-03 15:33:15.044 E/SecondScreen( 1542): FirstScreenLayoutView dispatchKeyEvent 22
06-03 15:33:15.047 E/PersistableBundle( 533): Failed at frameworks/native/libs/binder/PersistableBundle.cpp:160 (erase)
06-03 15:33:15.047 E/PersistableBundle( 533): Failed at frameworks/native/libs/binder/PersistableBundle.cpp:160 (erase)
06-03 15:33:15.047 I/audio_hw_hal_primary( 478): out_update_source_metadata_v7() line 2013 usage:1 content_type:2
06-03 15:33:15.080 D/bluetooth( 1168): packages/modules/Bluetooth/system/gd/hci/le_scanning_reassembler.cc:64 ProcessAdvertisingReport: Dropping repeated legacy advertising data
06-03 15:33:15.086 D/bluetooth( 1168): packages/modules/Bluetooth/system/gd/hci/le_scanning_reassembler.cc:64 ProcessAdvertisingReport: Dropping repeated legacy advertising data
06-03 15:33:15.090 E/PersistableBundle( 533): Failed at frameworks/native/libs/binder/PersistableBundle.cpp:160 (erase)
06-03 15:33:15.091 I/audio_hw_hal_primary( 478): out_update_source_metadata_v7() line 2013 usage:1 content_type:2
06-03 15:33:15.094 D/bluetooth( 1168): packages/modules/Bluetooth/system/gd/hci/le_scanning_reassembler.cc:64 ProcessAdvertisingReport: Dropping repeated legacy advertising data
06-03 15:33:15.094 I/SogouIME( 1421): onKeyDown: keyoCode=22
06-03 15:33:15.094 I/DefaultIMS( 1421): onKeyDown: keyoCode=22
06-03 15:33:15.095 E/SecondScreen( 1542): FirstScreenLayoutView dispatchKeyEvent 22
06-03 15:33:15.102 D/bluetooth( 1168): packages/modules/Bluetooth/system/gd/hci/le_scanning_reassembler.cc:64 ProcessAdvertisingReport: Dropping repeated legacy advertising data
06-03 15:33:15.117 D/bluetooth( 1168): packages/modules/Bluetooth/system/gd/hci/le_scanning_reassembler.cc:64 ProcessAdvertisingReport: Dropping repeated legacy advertising data
06-03 15:33:15.136 D/bluetooth( 1168): packages/modules/Bluetooth/system/gd/hci/le_scanning_reassembler.cc:64 ProcessAdvertisingReport: Dropping repeated legacy advertising data
06-03 15:33:15.145 I/SogouIME( 1421): onKeyDown: keyoCode=22
06-03 15:33:15.146 I/DefaultIMS( 1421): onKeyDown: keyoCode=22
06-03 15:33:15.146 E/SecondScreen( 1542): FirstScreenLayoutView dispatchKeyEvent 22
06-03 15:33:15.158 D/bluetooth( 1168): packages/modules/Bluetooth/system/gd/hci/le_scanning_reassembler.cc:64 ProcessAdvertisingReport: Dropping repeated legacy advertising data
06-03 15:33:15.177 D/bluetooth( 1168): packages/modules/Bluetooth/system/gd/hci/le_scanning_reassembler.cc:64 ProcessAdvertisingReport: Dropping repeated legacy advertising data
06-03 15:33:15.182 D/bluetooth( 1168): packages/modules/Bluetooth/system/gd/hci/le_scanning_reassembler.cc:64 ProcessAdvertisingReport: Dropping repeated legacy advertising data
06-03 15:33:15.184 D/bluetooth( 1168): packages/modules/Bluetooth/system/gd/hci/le_scanning_reassembler.cc:64 ProcessAdvertisingReport: Dropping repeated legacy advertising data
06-03 15:33:15.195 I/SogouIME( 1421): onKeyDown: keyoCode=22
06-03 15:33:15.195 I/DefaultIMS( 1421): onKeyDown: keyoCode=22
06-03 15:33:15.195 E/SecondScreen( 1542): FirstScreenLayoutView dispatchKeyEvent 22
06-03 15:33:15.199 D/bluetooth( 1168): packages/modules/Bluetooth/system/gd/hci/le_scanning_reassembler.cc:64 ProcessAdvertisingReport: Dropping repeated legacy advertising data
06-03 15:33:15.210 D/bluetooth( 1168): packages/modules/Bluetooth/system/gd/hci/le_scanning_reassembler.cc:64 ProcessAdvertisingReport: Dropping repeated legacy advertising data
06-03 15:33:15.230 D/bluetooth( 1168): packages/modules/Bluetooth/system/gd/hci/le_scanning_reassembler.cc:64 ProcessAdvertisingReport: Dropping repeated legacy advertising data
06-03 15:33:15.247 I/SogouIME( 1421): onKeyDown: keyoCode=22
06-03 15:33:15.247 I/DefaultIMS( 1421): onKeyDown: keyoCode=22
06-03 15:33:15.247 E/SecondScreen( 1542): FirstScreenLayoutView dispatchKeyEvent 22
06-03 15:33:15.254 D/bluetooth( 1168): packages/modules/Bluetooth/system/gd/hci/le_scanning_reassembler.cc:64 ProcessAdvertisingReport: Dropping repeated legacy advertising data
06-03 15:33:15.260 E/PersistableBundle( 533): Failed at frameworks/native/libs/binder/PersistableBundle.cpp:160 (erase)
06-03 15:33:15.261 I/audio_hw_hal_primary( 478): out_update_source_metadata_v7() line 2013 usage:1 content_type:2
06-03 15:33:15.271 D/bluetooth( 1168): packages/modules/Bluetooth/system/gd/hci/le_scanning_reassembler.cc:64 ProcessAdvertisingReport: Dropping repeated legacy advertising data
06-03 15:33:11.360 W/ ( 0): [3 T1090 ..] [SP FRAME RX] arp req,vif_idx:0 sender:[72:d4:c0:63:af:45 192.168.3.93]receiver:[00:00:00:00:00:00 192.168.3.4]
06-03 15:33:11.361 W/ ( 0): [3 T1090 ..] [SP FRAME TX] arp rsp,vif_idx:0 sender:[1c:79:2d:20:62:cb 192.168.3.4]receiver:[72:d4:c0:63:af:45 192.168.3.93]
06-03 15:33:15.287 D/bluetooth( 1168): packages/modules/Bluetooth/system/gd/hci/le_scanning_reassembler.cc:64 ProcessAdvertisingReport: Dropping repeated legacy advertising data
06-03 15:33:15.288 D/bluetooth( 1168): packages/modules/Bluetooth/system/gd/hci/le_scanning_reassembler.cc:64 ProcessAdvertisingReport: Dropping repeated legacy advertising data
06-03 15:33:15.297 I/SogouIME( 1421): onKeyDown: keyoCode=22
06-03 15:33:15.297 I/DefaultIMS( 1421): onKeyDown: keyoCode=22
06-03 15:33:15.298 E/SecondScreen( 1542): FirstScreenLayoutView dispatchKeyEvent 22
06-03 15:33:15.303 E/PersistableBundle( 533): Failed at frameworks/native/libs/binder/PersistableBundle.cpp:160 (erase)
06-03 15:33:15.303 E/PersistableBundle( 533): Failed at frameworks/native/libs/binder/PersistableBundle.cpp:160 (erase)
06-03 15:33:15.304 I/audio_hw_hal_primary( 478): out_update_source_metadata_v7() line 2013 usage:1 content_type:2
06-03 15:33:15.330 D/bluetooth( 1168): packages/modules/Bluetooth/system/gd/hci/le_scanning_reassembler.cc:64 ProcessAdvertisingReport: Dropping repeated legacy advertising data
06-03 15:33:15.346 E/PersistableBundle( 533): Failed at frameworks/native/libs/binder/PersistableBundle.cpp:160 (erase)
06-03 15:33:15.346 I/audio_hw_hal_primary( 478): out_update_source_metadata_v7() line 2013 usage:1 content_type:2
06-03 15:33:15.349 I/SogouIME( 1421): onKeyDown: keyoCode=22
06-03 15:33:15.349 I/DefaultIMS( 1421): onKeyDown: keyoCode=22
06-03 15:33:15.350 E/SecondScreen( 1542): FirstScreenLayoutView dispatchKeyEvent 22
06-03 15:33:15.389 D/bluetooth( 1168): packages/modules/Bluetooth/system/gd/hci/le_scanning_reassembler.cc:64 ProcessAdvertisingReport: Dropping repeated legacy advertising data
06-03 15:33:15.398 I/SogouIME( 1421): onKeyDown: keyoCode=22
06-03 15:33:15.398 I/DefaultIMS( 1421): onKeyDown: keyoCode=22
06-03 15:33:15.399 E/SecondScreen( 1542): FirstScreenLayoutView dispatchKeyEvent 22
06-03 15:33:15.404 D/nStackXCoAP( 2368): IsInSameNetwork:[276] :IsInSameNetwork exec
06-03 15:33:15.404 I/nStackXDFinder( 2368): GetLocalInterfaceDetail:[461] :GetLocalInterfaceDetail in
06-03 15:33:15.404 E/nStackXCoAP( 2368): IsInSameNetwork:[281] :IsInSameNetwork: not priority process
06-03 15:33:15.404 D/nStackXCoAP( 2368): ParseServiceDiscover:[330] :new device join
06-03 15:33:15.404 E/nStackXDFinder( 2368): GetLocalIp:[401] :GetLocalIp exec
06-03 15:33:15.412 D/bluetooth( 1168): packages/modules/Bluetooth/system/gd/hci/le_scanning_reassembler.cc:64 ProcessAdvertisingReport: Dropping repeated legacy advertising data
06-03 15:33:15.413 D/bluetooth( 1168): packages/modules/Bluetooth/system/gd/hci/le_scanning_reassembler.cc:64 ProcessAdvertisingReport: Dropping repeated legacy advertising data
06-03 15:33:15.418 D/bluetooth( 1168): packages/modules/Bluetooth/system/gd/hci/le_scanning_reassembler.cc:64 ProcessAdvertisingReport: Dropping repeated legacy advertising data
06-03 15:33:15.435 D/bluetooth( 1168): packages/modules/Bluetooth/system/gd/hci/le_scanning_reassembler.cc:64 ProcessAdvertisingReport: Dropping repeated legacy advertising data
06-03 15:33:15.450 I/SogouIME( 1421): onKeyDown: keyoCode=22
06-03 15:33:15.450 I/DefaultIMS( 1421): onKeyDown: keyoCode=22
06-03 15:33:15.451 E/SecondScreen( 1542): FirstScreenLayoutView dispatchKeyEvent 22
06-03 15:33:15.469 D/bluetooth( 1168): packages/modules/Bluetooth/system/gd/hci/le_scanning_reassembler.cc:64 ProcessAdvertisingReport: Dropping repeated legacy advertising data
06-03 15:33:15.471 D/nStackXCoAP( 2368): CoapMessageHandler:[133] :2.01
06-03 15:33:15.479 D/bluetooth( 1168): packages/modules/Bluetooth/system/gd/hci/le_scanning_reassembler.cc:64 ProcessAdvertisingReport: Dropping repeated legacy advertising data
06-03 15:33:15.490 D/bluetooth( 1168): packages/modules/Bluetooth/system/gd/hci/le_scanning_reassembler.cc:64 ProcessAdvertisingReport: Dropping repeated legacy advertising data
06-03 15:33:15.499 I/SogouIME( 1421): onKeyDown: keyoCode=22
06-03 15:33:15.499 I/DefaultIMS( 1421): onKeyDown: keyoCode=22
06-03 15:33:15.500 E/SecondScreen( 1542): FirstScreenLayoutView dispatchKeyEvent 22
