06-03 15:32:48.508 W/ ( 0): [3 T1245 ..] [SP FRAME TX] DHCP[1 0], vif_idx:0
06-03 15:32:48.498 D/CompatibilityChangeReporter( 1988): Compat change id reported: 160794467; UID 10066; state: ENABLED
06-03 15:32:48.505 D/CompatibilityChangeReporter( 736): Compat change id reported: 168419799; UID 2000; state: DISABLED
06-03 15:32:48.505 D/CompatibilityChangeReporter( 736): Compat change id reported: 273564678; UID 2000; state: DISABLED
06-03 15:32:48.509 D/CompatibilityChangeReporter( 736): Compat change id reported: 265195908; UID 2000; state: ENABLED
06-03 15:32:48.516 I/ActivityManager( 736): com.android.localtransport is exempt from freezer
06-03 15:32:48.516 D/CompatibilityChangeReporter( 736): Compat change id reported: 135634846; UID 1000; state: DISABLED
06-03 15:32:48.522 D/CompatibilityChangeReporter( 1988): Compat change id reported: 194532703; UID 10066; state: ENABLED
06-03 15:32:48.525 D/CompatibilityChangeReporter( 1988): Compat change id reported: 253665015; UID 10066; state: ENABLED
06-03 15:32:48.528 D/CompatibilityChangeReporter( 736): Compat change id reported: 271850009; UID 10066; state: ENABLED
06-03 15:32:48.538 D/Zygote ( 467): Forked child process 2056
06-03 15:32:48.540 I/ActivityManager( 736): Start proc 2056:com.android.localtransport/1000 for service {com.android.localtransport/com.android.localtransport.LocalTransportService}
06-03 15:32:48.540 D/CompatibilityChangeReporter( 736): Compat change id reported: 253665015; UID 10066; state: ENABLED
06-03 15:32:48.540 D/CompatibilityChangeReporter( 736): Compat change id reported: 194532703; UID 10066; state: ENABLED
06-03 15:32:48.542 D/ConnectivityService( 736): requestNetwork for uid/pid:1000/736 asUid: 10066 activeRequest: null callbackRequest: 44 [NetworkRequest [ REQUEST id=45, [ Capabilities: INTERNET&NOT_RESTRICTED&TRUSTED&NOT_VCN_MANAGED Uid: 10066 RequestorUid: 1000 RequestorPkg: android UnderlyingNetworks: Null] ]] callback flags: 0 order: 2147483647
06-03 15:32:48.543 D/WifiNetworkFactory( 736): got request NetworkRequest [ REQUEST id=45, [ Capabilities: INTERNET&NOT_RESTRICTED&TRUSTED&NOT_VCN_MANAGED Uid: 10066 RequestorUid: 1000 RequestorPkg: android UnderlyingNetworks: Null] ]
06-03 15:32:48.543 D/ConnectivityService( 736): NetReassign [no changes] [c 0] [a 0] [i 1]
06-03 15:32:48.543 D/UntrustedWifiNetworkFactory( 736): got request NetworkRequest [ REQUEST id=45, [ Capabilities: INTERNET&NOT_RESTRICTED&TRUSTED&NOT_VCN_MANAGED Uid: 10066 RequestorUid: 1000 RequestorPkg: android UnderlyingNetworks: Null] ]
06-03 15:32:48.543 D/OemPaidWifiNetworkFactory( 736): got request NetworkRequest [ REQUEST id=45, [ Capabilities: INTERNET&NOT_RESTRICTED&TRUSTED&NOT_VCN_MANAGED Uid: 10066 RequestorUid: 1000 RequestorPkg: android UnderlyingNetworks: Null] ]
06-03 15:32:48.543 D/MultiInternetWifiNetworkFactory( 736): got request NetworkRequest [ REQUEST id=45, [ Capabilities: INTERNET&NOT_RESTRICTED&TRUSTED&NOT_VCN_MANAGED Uid: 10066 RequestorUid: 1000 RequestorPkg: android UnderlyingNetworks: Null] ]
06-03 15:32:48.545 I/Zygote ( 2056): seccomp disabled by setenforce 0
06-03 15:32:48.548 D/CompatibilityChangeReporter( 2037): Compat change id reported: 171979766; UID 2000; state: ENABLED
06-03 15:32:48.549 D/CompatibilityChangeReporter( 2037): Compat change id reported: 242716250; UID 2000; state: ENABLED
06-03 15:32:48.562 E/[0 T236 ..] SELinux( 0): avc: denied { find } for pid=2054 uid=0 name=settings scontext=u:r:init:s0 tcontext=u:object_r:settings_service:s0 tclass=service_manager permissive=1
06-03 15:32:48.554 I/.localtransport( 2056): Using CollectorTypeCC GC.
06-03 15:32:48.562 E/.localtransport( 2056): Not starting debugger since process cannot load the jdwp agent.
06-03 15:32:48.584 D/CompatibilityChangeReporter( 736): Compat change id reported: 168419799; UID 1000; state: DISABLED
06-03 15:32:48.585 D/CompatibilityChangeReporter( 736): Compat change id reported: 273564678; UID 1000; state: DISABLED
06-03 15:32:48.591 D/nativeloader( 2037): Configuring clns-shared-4 for other apk /system/priv-app/Shell/Shell.apk. target_sdk_version=34, uses_libraries=, library_path=/system/priv-app/Shell/lib/arm:/system/lib:/system_ext/lib, permitted_path=/data:/mnt/expand:/data/user_de/0/com.android.shell:/system/priv-app/Shell:/system/lib:/system_ext/lib
06-03 15:32:48.606 V/GraphicsEnvironment( 2037): Currently set values for:
06-03 15:32:48.606 V/GraphicsEnvironment( 2037): angle_gl_driver_selection_pkgs=[]
06-03 15:32:48.606 V/GraphicsEnvironment( 2037): angle_gl_driver_selection_values=[]
06-03 15:32:48.607 V/GraphicsEnvironment( 2037): ANGLE GameManagerService for com.android.shell: false
06-03 15:32:48.607 V/GraphicsEnvironment( 2037): com.android.shell is not listed in per-application setting
06-03 15:32:48.607 V/GraphicsEnvironment( 2037): Neither updatable production driver nor prerelease driver is supported.
06-03 15:32:48.612 D/CompatibilityChangeReporter( 2056): Compat change id reported: 171979766; UID 1000; state: ENABLED
06-03 15:32:48.619 D/CompatibilityChangeReporter( 2056): Compat change id reported: 242716250; UID 1000; state: ENABLED
06-03 15:32:48.629 D/CompatibilityChangeReporter( 736): Compat change id reported: 135634846; UID 10027; state: DISABLED
06-03 15:32:48.629 D/CompatibilityChangeReporter( 736): Compat change id reported: 177438394; UID 10027; state: DISABLED
06-03 15:32:48.629 D/CompatibilityChangeReporter( 736): Compat change id reported: 135772972; UID 10027; state: DISABLED
06-03 15:32:48.629 D/CompatibilityChangeReporter( 736): Compat change id reported: 135754954; UID 10027; state: DISABLED
06-03 15:32:48.630 D/CompatibilityChangeReporter( 736): Compat change id reported: 143937733; UID 10027; state: DISABLED
06-03 15:32:48.635 D/HeapDumpReceiver( 2037): onReceive(): Intent { act=android.intent.action.BOOT_COMPLETED flg=0x89000010 cmp=com.android.shell/.HeapDumpReceiver (has extras) }
06-03 15:32:48.642 D/HeapDumpReceiver( 2037): Deleting from /data/user_de/0/com.android.shell/files/heapdumps
06-03 15:32:48.653 D/Zygote ( 467): Forked child process 2081
06-03 15:32:48.654 I/ActivityManager( 736): Start proc 2081:com.android.statementservice/u0a27 for broadcast {com.android.statementservice/com.android.statementservice.domain.BootCompletedReceiver}
06-03 15:32:48.660 D/nativeloader( 2056): Configuring clns-shared-4 for other apk /system/priv-app/LocalTransport/LocalTransport.apk. target_sdk_version=34, uses_libraries=, library_path=/system/priv-app/LocalTransport/lib/arm:/system/priv-app/LocalTransport/LocalTransport.apk!/lib/armeabi-v7a:/system/lib:/system_ext/lib, permitted_path=/data:/mnt/expand:/data/user/0/com.android.localtransport:/system/priv-app/LocalTransport:/system/lib:/system_ext/lib
06-03 15:32:48.668 I/Zygote ( 2081): seccomp disabled by setenforce 0
06-03 15:32:48.672 V/GraphicsEnvironment( 2056): Currently set values for:
06-03 15:32:48.672 V/GraphicsEnvironment( 2056): angle_gl_driver_selection_pkgs=[]
06-03 15:32:48.672 V/GraphicsEnvironment( 2056): angle_gl_driver_selection_values=[]
06-03 15:32:48.673 V/GraphicsEnvironment( 2056): ANGLE GameManagerService for com.android.localtransport: false
06-03 15:32:48.673 V/GraphicsEnvironment( 2056): com.android.localtransport is not listed in per-application setting
06-03 15:32:48.673 V/GraphicsEnvironment( 2056): Neither updatable production driver nor prerelease driver is supported.
06-03 15:32:48.674 I/tatementservice( 2081): Using CollectorTypeCC GC.
06-03 15:32:48.681 E/tatementservice( 2081): Not starting debugger since process cannot load the jdwp agent.
06-03 15:32:48.697 D/CompatibilityChangeReporter( 736): Compat change id reported: 168419799; UID 10027; state: DISABLED
06-03 15:32:48.698 D/CompatibilityChangeReporter( 736): Compat change id reported: 273564678; UID 10027; state: DISABLED
06-03 15:32:48.703 D/CompatibilityChangeReporter( 736): Compat change id reported: 265195908; UID 10027; state: ENABLED
06-03 15:32:48.707 I/TransportConnection( 736): LocalTransportService#0: Notifying [TransportManager.registerTransport()] transport = BackupTransportClient
06-03 15:32:48.712 D/BackupTransportManager( 736): [UserID:0] Transport com.android.localtransport/.LocalTransportService registered
06-03 15:32:48.712 D/BackupManagerService( 736): [UserID:0] Transport com.android.localtransport/.LocalTransport registered 3215ms after first request (delay = 3000ms)
06-03 15:32:48.716 D/CompatibilityChangeReporter( 2081): Compat change id reported: 171979766; UID 10027; state: DISABLED
06-03 15:32:48.716 D/CompatibilityChangeReporter( 2081): Compat change id reported: 242716250; UID 10027; state: DISABLED
06-03 15:32:48.717 D/OomAdjuster( 736): Not killing cached processes
06-03 15:32:48.719 D/CompatibilityChangeReporter( 736): Compat change id reported: 170503758; UID 10027; state: DISABLED
06-03 15:32:48.722 D/ApplicationLoaders( 2081): Returning zygote-cached class loader: /system/framework/android.test.base.jar
06-03 15:32:48.722 I/BackupManagerService( 736): [UserID:0] Found 25 stale backup journal(s), scheduling.
06-03 15:32:48.648 I/net_disconnect.( 2082): type=1400 audit(0.0:796): avc: denied { execute_no_trans } for path="/vendor/bin/rgb_led_ctl" dev="dm-11" ino=334364 scontext=u:r:init:s0 tcontext=u:object_r:vendor_file:s0 tclass=file permissive=1
06-03 15:32:48.672 I/rgb_led_ctl( 2082): type=1400 audit(0.0:797): avc: denied { write } for name="spidev1.0" dev="tmpfs" ino=543 scontext=u:r:init:s0 tcontext=u:object_r:device:s0 tclass=chr_file permissive=1
06-03 15:32:48.672 I/rgb_led_ctl( 2082): type=1400 audit(0.0:798): avc: denied { open } for path="/dev/spidev1.0" dev="tmpfs" ino=543 scontext=u:r:init:s0 tcontext=u:object_r:device:s0 tclass=chr_file permissive=1
06-03 15:32:48.672 I/rgb_led_ctl( 2082): type=1400 audit(0.0:799): avc: denied { ioctl } for path="/dev/spidev1.0" dev="tmpfs" ino=543 ioctlcmd=0x6b01 scontext=u:r:init:s0 tcontext=u:object_r:device:s0 tclass=chr_file permissive=1
06-03 15:32:48.735 V/BackupManagerConstants( 736): getKeyValueBackupIntervalMilliseconds(...) returns 14400000
06-03 15:32:48.735 V/BackupManagerConstants( 736): getKeyValueBackupFuzzMilliseconds(...) returns 600000
06-03 15:32:48.735 V/BackupManagerConstants( 736): getKeyValueBackupRequiredNetworkType(...) returns 1
06-03 15:32:48.735 V/BackupManagerConstants( 736): getKeyValueBackupRequireCharging(...) returns true
06-03 15:32:48.735 V/KeyValueBackupJob( 736): Scheduling k/v pass in 245 minutes
06-03 15:32:48.724 I/setprop ( 2080): type=1400 audit(0.0:800): avc: denied { write } for name="property_service" dev="tmpfs" ino=412 scontext=u:r:toolbox:s0 tcontext=u:object_r:property_socket:s0 tclass=sock_file permissive=1
06-03 15:32:48.742 D/CompatibilityChangeReporter( 736): Compat change id reported: 271850009; UID 1000; state: DISABLED
06-03 15:32:48.743 D/CompatibilityChangeReporter( 736): Compat change id reported: 271850009; UID 1000; state: ENABLED
06-03 15:32:48.760 D/nativeloader( 2081): Configuring clns-shared-4 for other apk /system/priv-app/StatementService/StatementService.apk. target_sdk_version=29, uses_libraries=, library_path=/system/priv-app/StatementService/lib/arm:/system/lib:/system_ext/lib, permitted_path=/data:/mnt/expand:/data/user/0/com.android.statementservice:/system/priv-app/StatementService:/system/lib:/system_ext/lib
06-03 15:32:48.764 W/ndroid.systemui( 945): Cleared Reference was only reachable from finalizer (only reported once)
06-03 15:32:48.770 I/ndroid.systemui( 945): Background concurrent copying GC freed 127800(5264KB) AllocSpace objects, 12(304KB) LOS objects, 49% free, 5157KB/10MB, paused 517us,71us total 240.457ms
06-03 15:32:48.774 W/System ( 945): A resource failed to call release.
06-03 15:32:48.775 W/System ( 945): A resource failed to call release.
06-03 15:32:48.775 W/System ( 945): A resource failed to call release.
06-03 15:32:48.777 D/ConnectivityService( 736): requestNetwork for uid/pid:10066/1988 activeRequest: null callbackRequest: 46 [NetworkRequest [ REQUEST id=47, [ Capabilities: INTERNET&NOT_RESTRICTED&TRUSTED&NOT_VCN_MANAGED Uid: 10066 RequestorUid: 10066 RequestorPkg: com.android.rkpdapp UnderlyingNetworks: Null] ]] callback flags: 0 order: 2147483647
06-03 15:32:48.778 D/WifiNetworkFactory( 736): got request NetworkRequest [ REQUEST id=47, [ Capabilities: INTERNET&NOT_RESTRICTED&TRUSTED&NOT_VCN_MANAGED Uid: 10066 RequestorUid: 10066 RequestorPkg: com.android.rkpdapp UnderlyingNetworks: Null] ]
06-03 15:32:48.778 D/ConnectivityService( 736): NetReassign [no changes] [c 0] [a 0] [i 0]
06-03 15:32:48.778 D/UntrustedWifiNetworkFactory( 736): got request NetworkRequest [ REQUEST id=47, [ Capabilities: INTERNET&NOT_RESTRICTED&TRUSTED&NOT_VCN_MANAGED Uid: 10066 RequestorUid: 10066 RequestorPkg: com.android.rkpdapp UnderlyingNetworks: Null] ]
06-03 15:32:48.779 D/OemPaidWifiNetworkFactory( 736): got request NetworkRequest [ REQUEST id=47, [ Capabilities: INTERNET&NOT_RESTRICTED&TRUSTED&NOT_VCN_MANAGED Uid: 10066 RequestorUid: 10066 RequestorPkg: com.android.rkpdapp UnderlyingNetworks: Null] ]
06-03 15:32:48.779 D/MultiInternetWifiNetworkFactory( 736): got request NetworkRequest [ REQUEST id=47, [ Capabilities: INTERNET&NOT_RESTRICTED&TRUSTED&NOT_VCN_MANAGED Uid: 10066 RequestorUid: 10066 RequestorPkg: com.android.rkpdapp UnderlyingNetworks: Null] ]
06-03 15:32:48.790 V/GraphicsEnvironment( 2081): Currently set values for:
06-03 15:32:48.790 V/GraphicsEnvironment( 2081): angle_gl_driver_selection_pkgs=[]
06-03 15:32:48.790 V/GraphicsEnvironment( 2081): angle_gl_driver_selection_values=[]
06-03 15:32:48.791 V/GraphicsEnvironment( 2081): ANGLE GameManagerService for com.android.statementservice: false
06-03 15:32:48.791 V/GraphicsEnvironment( 2081): com.android.statementservice is not listed in per-application setting
06-03 15:32:48.792 V/GraphicsEnvironment( 2081): Neither updatable production driver nor prerelease driver is supported.
06-03 15:32:48.805 D/WM-WrkMgrInitializer( 2081): Initializing WorkManager with default configuration.
06-03 15:32:48.807 I/BackupManagerService( 736): [UserID:0] Stale backup journals: Scheduled 5 package(s) total
06-03 15:32:48.812 D/WM-PackageManagerHelper( 2081): androidx.work.impl.background.systemjob.SystemJobService enabled
06-03 15:32:48.812 D/WM-Schedulers( 2081): Created SystemJobScheduler and enabled SystemJobService
06-03 15:32:48.816 D/CompatibilityChangeReporter( 2081): Compat change id reported: 183155436; UID 10027; state: DISABLED
06-03 15:32:48.831 D/CompatibilityChangeReporter( 736): Compat change id reported: 135634846; UID 10043; state: DISABLED
06-03 15:32:48.832 D/CompatibilityChangeReporter( 736): Compat change id reported: 143937733; UID 10043; state: DISABLED
06-03 15:32:48.843 E/[1 T236 ..] SELinux( 0): avc: denied { find } for pid=2108 uid=0 name=activity scontext=u:r:init:s0 tcontext=u:object_r:activity_service:s0 tclass=service_manager permissive=1
06-03 15:32:48.838 D/aaa ( 1544): LedStatusService onStartCommand begin
06-03 15:32:48.839 D/aaa ( 1544): topPkg is -------------- :com.dangbei.leard.leradlauncher
06-03 15:32:48.844 D/AppManager( 1542): checkLocalAppsIsValid:
06-03 15:32:48.856 D/Zygote ( 467): Forked child process 2115
06-03 15:32:48.857 I/ActivityManager( 736): Start proc 2115:com.dangbei.screencast/u0a43 for broadcast {com.dangbei.screencast/com.dangbei.screencast.startup.BootReceiver}
06-03 15:32:48.862 E/hq ( 1542): ErrorCoroutineExceptionHandler:::runTry error:java.net.UnknownHostException: Unable to resolve host "ottdbui-tyapiqun7.yysh.mgtv.com": No address associated with hostname from=requestAppAdInfo
06-03 15:32:48.869 I/Zygote ( 2115): seccomp disabled by setenforce 0
06-03 15:32:48.876 I/gbei.screencast( 2115): Using CollectorTypeCC GC.
06-03 15:32:48.894 E/gbei.screencast( 2115): Not starting debugger since process cannot load the jdwp agent.
06-03 15:32:48.910 D/CompatibilityChangeReporter( 2081): Compat change id reported: 160794467; UID 10027; state: DISABLED
06-03 15:32:48.923 D/CompatibilityChangeReporter( 736): Compat change id reported: 168419799; UID 10043; state: DISABLED
06-03 15:32:48.924 D/CompatibilityChangeReporter( 736): Compat change id reported: 273564678; UID 10043; state: DISABLED
06-03 15:32:48.936 D/CompatibilityChangeReporter( 736): Compat change id reported: 265195908; UID 10043; state: ENABLED
06-03 15:32:48.949 D/CompatibilityChangeReporter( 2081): Compat change id reported: 194532703; UID 10027; state: DISABLED
06-03 15:32:48.949 D/CompatibilityChangeReporter( 2081): Compat change id reported: 253665015; UID 10027; state: DISABLED
06-03 15:32:48.952 D/CompatibilityChangeReporter( 736): Compat change id reported: 271850009; UID 10027; state: DISABLED
06-03 15:32:48.953 D/CompatibilityChangeReporter( 736): Compat change id reported: 253665015; UID 10027; state: DISABLED
06-03 15:32:48.953 D/CompatibilityChangeReporter( 736): Compat change id reported: 194532703; UID 10027; state: DISABLED
06-03 15:32:48.955 D/ConnectivityService( 736): requestNetwork for uid/pid:1000/736 asUid: 10027 activeRequest: null callbackRequest: 48 [NetworkRequest [ REQUEST id=49, [ Capabilities: INTERNET&NOT_RESTRICTED&TRUSTED&NOT_VCN_MANAGED Uid: 10027 RequestorUid: 1000 RequestorPkg: android UnderlyingNetworks: Null] ]] callback flags: 0 order: 2147483647
06-03 15:32:48.959 D/ConnectivityService( 736): NetReassign [no changes] [c 0] [a 0] [i 1]
06-03 15:32:48.960 D/WifiNetworkFactory( 736): got request NetworkRequest [ REQUEST id=49, [ Capabilities: INTERNET&NOT_RESTRICTED&TRUSTED&NOT_VCN_MANAGED Uid: 10027 RequestorUid: 1000 RequestorPkg: android UnderlyingNetworks: Null] ]
06-03 15:32:48.961 D/UntrustedWifiNetworkFactory( 736): got request NetworkRequest [ REQUEST id=49, [ Capabilities: INTERNET&NOT_RESTRICTED&TRUSTED&NOT_VCN_MANAGED Uid: 10027 RequestorUid: 1000 RequestorPkg: android UnderlyingNetworks: Null] ]
06-03 15:32:48.961 D/OemPaidWifiNetworkFactory( 736): got request NetworkRequest [ REQUEST id=49, [ Capabilities: INTERNET&NOT_RESTRICTED&TRUSTED&NOT_VCN_MANAGED Uid: 10027 RequestorUid: 1000 RequestorPkg: android UnderlyingNetworks: Null] ]
06-03 15:32:48.961 D/MultiInternetWifiNetworkFactory( 736): got request NetworkRequest [ REQUEST id=49, [ Capabilities: INTERNET&NOT_RESTRICTED&TRUSTED&NOT_VCN_MANAGED Uid: 10027 RequestorUid: 1000 RequestorPkg: android UnderlyingNetworks: Null] ]
06-03 15:32:48.970 D/CompatibilityChangeReporter( 2115): Compat change id reported: 171979766; UID 10043; state: DISABLED
06-03 15:32:48.970 D/CompatibilityChangeReporter( 2115): Compat change id reported: 242716250; UID 10043; state: DISABLED
06-03 15:32:48.975 D/CompatibilityChangeReporter( 736): Compat change id reported: 170503758; UID 10043; state: DISABLED
06-03 15:32:48.976 I/BroadcastQueue( 736): BOOT_COMPLETED_BROADCAST_COMPLETION_LATENCY_REPORTED action:android.intent.action.BOOT_COMPLETED dispatchLatency:-24232 completeLatency:3772 dispatchRealLatency:-24232 completeRealLatency:3772 receiversSize:39 userId:0 userType:android.os.usertype.full.SYSTEM
06-03 15:32:48.978 I/ActivityManager( 736): Finished processing BOOT_COMPLETED for u0
06-03 15:32:48.982 D/ApplicationLoaders( 2115): Returning zygote-cached class loader: /system/framework/android.test.base.jar
06-03 15:32:48.982 D/ApplicationLoaders( 2115): Returning zygote-cached class loader: /system/framework/android.hidl.manager-V1.0-java.jar
06-03 15:32:48.982 D/ApplicationLoaders( 2115): Returning zygote-cached class loader: /system/framework/android.hidl.base-V1.0-java.jar
06-03 15:32:49.042 D/nativeloader( 2115): Configuring clns-shared-4 for other apk /system/app/dangbei-screencast/dangbei-screencast.apk. target_sdk_version=28, uses_libraries=, library_path=/system/app/dangbei-screencast/lib/arm:/system/app/dangbei-screencast/dangbei-screencast.apk!/lib/armeabi-v7a:/system/lib:/system_ext/lib, permitted_path=/data:/mnt/expand:/data/user/0/com.dangbei.screencast:/system/app/dangbei-screencast:/system/lib:/system_ext/lib
06-03 15:32:49.063 D/ConnectivityService( 736): requestNetwork for uid/pid:10027/2081 activeRequest: null callbackRequest: 50 [NetworkRequest [ REQUEST id=51, [ Capabilities: INTERNET&NOT_RESTRICTED&TRUSTED&NOT_VCN_MANAGED Uid: 10027 RequestorUid: 10027 RequestorPkg: com.android.statementservice UnderlyingNetworks: Null] ]] callback flags: 0 order: 2147483647
06-03 15:32:49.064 D/WifiNetworkFactory( 736): got request NetworkRequest [ REQUEST id=51, [ Capabilities: INTERNET&NOT_RESTRICTED&TRUSTED&NOT_VCN_MANAGED Uid: 10027 RequestorUid: 10027 RequestorPkg: com.android.statementservice UnderlyingNetworks: Null] ]
06-03 15:32:49.065 D/UntrustedWifiNetworkFactory( 736): got request NetworkRequest [ REQUEST id=51, [ Capabilities: INTERNET&NOT_RESTRICTED&TRUSTED&NOT_VCN_MANAGED Uid: 10027 RequestorUid: 10027 RequestorPkg: com.android.statementservice UnderlyingNetworks: Null] ]
06-03 15:32:49.065 D/OemPaidWifiNetworkFactory( 736): got request NetworkRequest [ REQUEST id=51, [ Capabilities: INTERNET&NOT_RESTRICTED&TRUSTED&NOT_VCN_MANAGED Uid: 10027 RequestorUid: 10027 RequestorPkg: com.android.statementservice UnderlyingNetworks: Null] ]
06-03 15:32:49.065 D/MultiInternetWifiNetworkFactory( 736): got request NetworkRequest [ REQUEST id=51, [ Capabilities: INTERNET&NOT_RESTRICTED&TRUSTED&NOT_VCN_MANAGED Uid: 10027 RequestorUid: 10027 RequestorPkg: com.android.statementservice UnderlyingNetworks: Null] ]
06-03 15:32:49.065 D/ConnectivityService( 736): NetReassign [no changes] [c 0] [a 0] [i 1]
06-03 15:32:49.071 E/xxxxxxxxxxxxxxx( 1542): onReceive: true , configuration = {1.0 ?mcc0mnc [zh_CN] ldltr sw720dp w1280dp h720dp 240dpi xlrg long land television -touch qwerty/v/v dpad/v winConfig={ mBounds=Rect(0, 0 - 1920, 1080) mAppBounds=Rect(0, 0 - 1920, 1080) mMaxBounds=Rect(0, 0 - 1920, 1080) mDisplayRotation=ROTATION_0 mWindowingMode=fullscreen mDisplayWindowingMode=fullscreen mActivityType=undefined mAlwaysOnTop=undefined mRotation=ROTATION_0} s.6 fontWeightAdjustment=0}
06-03 15:32:49.072 E/xxxxxxxxxxxxxxx( 1542): isScreenSizeChange=false app onConfigurationChanged={1.0 ?mcc0mnc [zh_CN] ldltr sw720dp w1280dp h720dp 240dpi xlrg long land television -touch qwerty/v/v dpad/v winConfig={ mBounds=Rect(0, 0 - 1920, 1080) mAppBounds=Rect(0, 0 - 1920, 1080) mMaxBounds=Rect(0, 0 - 1920, 1080) mDisplayRotation=ROTATION_0 mWindowingMode=fullscreen mDisplayWindowingMode=fullscreen mActivityType=undefined mAlwaysOnTop=undefined mRotation=ROTATION_0} s.6 fontWeightAdjustment=0}
06-03 15:32:49.074 V/GraphicsEnvironment( 2115): Currently set values for:
06-03 15:32:49.074 V/GraphicsEnvironment( 2115): angle_gl_driver_selection_pkgs=[]
06-03 15:32:49.074 V/GraphicsEnvironment( 2115): angle_gl_driver_selection_values=[]
06-03 15:32:49.075 V/GraphicsEnvironment( 2115): ANGLE GameManagerService for com.dangbei.screencast: false
06-03 15:32:49.075 V/GraphicsEnvironment( 2115): com.dangbei.screencast is not listed in per-application setting
06-03 15:32:49.075 V/GraphicsEnvironment( 2115): Neither updatable production driver nor prerelease driver is supported.
06-03 15:32:49.095 I/MultiDex( 2115): VM with version 2.1.0 has multidex support
06-03 15:32:49.096 I/MultiDex( 2115): Installing application
06-03 15:32:49.096 I/MultiDex( 2115): VM has multidex support, MultiDex support library is disabled.
06-03 15:32:49.112 E/PartsInfoProvider( 2115): onCreate:
06-03 15:32:49.112 D/AppManager( 1542): checkLocalAppsIsValid: size
06-03 15:32:49.113 D/AppManager( 1542): AppManager resetData:
06-03 15:32:49.114 W/ActivityManager( 736): Background start not allowed: service Intent { act=com.dangbei.screencast.STARTUP pkg=com.dangbei.screencast } to com.dangbei.screencast/.startup.StartupService from pid=2115 uid=10043 pkg=com.dangbei.screencast startFg?=false
06-03 15:32:49.117 W/System.err( 2115): android.app.BackgroundServiceStartNotAllowedException: Not allowed to start service Intent { act=com.dangbei.screencast.STARTUP pkg=com.dangbei.screencast }: app is in background uid UidRecord{488c989 u0a43 CEM idle change:idle|cached|procstate procs:0 seq(334,334)} caps=------
06-03 15:32:49.118 W/System.err( 2115): at android.app.ContextImpl.startServiceCommon(ContextImpl.java:1945)
06-03 15:32:49.118 W/System.err( 2115): at android.app.ContextImpl.startService(ContextImpl.java:1900)
06-03 15:32:49.118 W/System.err( 2115): at android.content.ContextWrapper.startService(ContextWrapper.java:825)
06-03 15:32:49.118 W/System.err( 2115): at b.f.f.h.g.k.a(Unknown Source:20)
06-03 15:32:49.118 W/System.err( 2115): at com.dangbei.screencast.provider.PartsInfoProvider.onCreate(:2)
06-03 15:32:49.118 W/System.err( 2115): at android.content.ContentProvider.attachInfo(ContentProvider.java:2619)
06-03 15:32:49.118 W/System.err( 2115): at android.content.ContentProvider.attachInfo(ContentProvider.java:2589)
06-03 15:32:49.118 W/System.err( 2115): at android.app.ActivityThread.installProvider(ActivityThread.java:7840)
06-03 15:32:49.118 W/System.err( 2115): at android.app.ActivityThread.installContentProviders(ActivityThread.java:7351)
06-03 15:32:49.118 W/System.err( 2115): at android.app.ActivityThread.handleBindApplication(ActivityThread.java:7046)
06-03 15:32:49.118 W/System.err( 2115): at android.app.ActivityThread.-$$Nest$mhandleBindApplication(Unknown Source:0)
06-03 15:32:49.118 W/System.err( 2115): at android.app.ActivityThread$H.handleMessage(ActivityThread.java:2265)
06-03 15:32:49.118 W/System.err( 2115): at android.os.Handler.dispatchMessage(Handler.java:106)
06-03 15:32:49.118 W/System.err( 2115): at android.os.Looper.loopOnce(Looper.java:205)
06-03 15:32:49.118 W/System.err( 2115): at android.os.Looper.loop(Looper.java:294)
06-03 15:32:49.118 W/System.err( 2115): at android.app.ActivityThread.main(ActivityThread.java:8255)
06-03 15:32:49.118 W/System.err( 2115): at java.lang.reflect.Method.invoke(Native Method)
06-03 15:32:49.118 W/System.err( 2115): at com.android.internal.os.RuntimeInit$MethodAndArgsCaller.run(RuntimeInit.java:552)
06-03 15:32:49.118 W/System.err( 2115): at com.android.internal.os.ZygoteInit.main(ZygoteInit.java:978)
06-03 15:32:49.120 W/ActivityManager( 736): Background start not allowed: service Intent { act=com.dangbei.screencast.STARTUP pkg=com.dangbei.screencast } to com.dangbei.screencast/.startup.StartupService from pid=2115 uid=10043 pkg=com.dangbei.screencast startFg?=false
06-03 15:32:49.121 W/System.err( 2115): android.app.BackgroundServiceStartNotAllowedException: Not allowed to start service Intent { act=com.dangbei.screencast.STARTUP pkg=com.dangbei.screencast }: app is in background uid UidRecord{488c989 u0a43 CEM idle change:idle|cached|procstate procs:0 seq(334,334)} caps=------
06-03 15:32:49.121 W/System.err( 2115): at android.app.ContextImpl.startServiceCommon(ContextImpl.java:1945)
06-03 15:32:49.121 W/System.err( 2115): at android.app.ContextImpl.startService(ContextImpl.java:1900)
06-03 15:32:49.121 W/System.err( 2115): at android.content.ContextWrapper.startService(ContextWrapper.java:825)
06-03 15:32:49.121 W/System.err( 2115): at b.f.f.h.g.k.a(Unknown Source:20)
06-03 15:32:49.121 W/System.err( 2115): at com.dangbei.screencast.common.utils.remotepreferences.ScreenCastPreferenceProvider.onCreate(Unknown Source:11)
06-03 15:32:49.121 W/System.err( 2115): at android.content.ContentProvider.attachInfo(ContentProvider.java:2619)
06-03 15:32:49.121 W/System.err( 2115): at android.content.ContentProvider.attachInfo(ContentProvider.java:2589)
06-03 15:32:49.121 W/System.err( 2115): at android.app.ActivityThread.installProvider(ActivityThread.java:7840)
06-03 15:32:49.121 W/System.err( 2115): at android.app.ActivityThread.installContentProviders(ActivityThread.java:7351)
06-03 15:32:49.121 W/System.err( 2115): at android.app.ActivityThread.handleBindApplication(ActivityThread.java:7046)
06-03 15:32:49.121 W/System.err( 2115): at android.app.ActivityThread.-$$Nest$mhandleBindApplication(Unknown Source:0)
06-03 15:32:49.121 W/System.err( 2115): at android.app.ActivityThread$H.handleMessage(ActivityThread.java:2265)
06-03 15:32:49.121 W/System.err( 2115): at android.os.Handler.dispatchMessage(Handler.java:106)
06-03 15:32:49.121 W/System.err( 2115): at android.os.Looper.loopOnce(Looper.java:205)
06-03 15:32:49.121 W/System.err( 2115): at android.os.Looper.loop(Looper.java:294)
06-03 15:32:49.121 W/System.err( 2115): at android.app.ActivityThread.main(ActivityThread.java:8255)
06-03 15:32:49.121 W/System.err( 2115): at java.lang.reflect.Method.invoke(Native Method)
06-03 15:32:49.121 W/System.err( 2115): at com.android.internal.os.RuntimeInit$MethodAndArgsCaller.run(RuntimeInit.java:552)
06-03 15:32:49.121 W/System.err( 2115): at com.android.internal.os.ZygoteInit.main(ZygoteInit.java:978)
06-03 15:32:49.144 D/AndroidAutoSize( 2115): designWidthInDp = 1920, designHeightInDp = 1080, screenWidth = 1920, screenHeight = 1080
06-03 15:32:49.144 D/AndroidAutoSize( 2115): initDensity = 1.5, initScaledDensity = 1.5
06-03 15:32:49.159 D/CompatibilityChangeReporter( 736): Compat change id reported: 149924527; UID 10043; state: ENABLED
06-03 15:32:49.160 D/CompatibilityChangeReporter( 736): Compat change id reported: 132649864; UID 10043; state: DISABLED
06-03 15:32:49.165 D/CompatibilityChangeReporter( 2115): Compat change id reported: 247079863; UID 10043; state: DISABLED
06-03 15:32:49.177 D/CompatibilityChangeReporter( 736): Compat change id reported: 161145287; UID 10043; state: DISABLED
06-03 15:32:49.196 D/AppManager( 1542): checkLocalAppsIsValid:
06-03 15:32:49.214 I/resolv ( 466): GetAddrInfoHandler::run: {0 786432 0 983040 1000 0}
06-03 15:32:49.218 E/hq ( 1542): ErrorCoroutineExceptionHandler:::runTry error:java.net.UnknownHostException: Unable to resolve host "ottdbui-tyapiqun7.yysh.mgtv.com": No address associated with hostname from=requestAppUpdateInfo 2
06-03 15:32:49.228 I/resolv ( 466): GetAddrInfoHandler::run: {0 786432 0 983040 1000 0}
06-03 15:32:49.232 E/hq ( 1542): ErrorCoroutineExceptionHandler:::runTry error:java.net.UnknownHostException: Unable to resolve host "ottdbui-tyapiqun7.yysh.mgtv.com": No address associated with hostname from=requestAppUpdateInfo 2
06-03 15:32:49.262 I/crashsdk( 2115): version unique build id: 6230cced
06-03 15:32:49.269 I/crashsdk( 2115): begin hack android.os.Process
06-03 15:32:49.269 I/crashsdk( 2115): end hack android.os.Process
06-03 15:32:49.277 W/[1 T2145 ..] audit( 0): audit_lost=101 audit_rate_limit=5 audit_backlog_limit=64
06-03 15:32:49.278 E/[1 T2145 ..] audit( 0): rate limit exceeded
06-03 15:32:49.276 D/crashsdk( 2115): Native log stat thread 2157 setup, waiting
06-03 15:32:49.286 I/TDLog ( 2115): setReportUncaughtExceptions: true
06-03 15:32:49.288 E/Application( 2115): onCreate:Version:v2.8.3/20830/883432e
06-03 15:32:49.299 I/TDLog ( 2115): TalkingData SDK init...
06-03 15:32:49.299 I/TDLog ( 2115): SDK_VERSION is: Android+TD+V5.0.7 gp Type:Native Build_Num:2141
06-03 15:32:49.299 I/TDLog ( 2115): App ID is: B9D7815EC975466AB1332111FCE62DF5
06-03 15:32:49.299 I/TDLog ( 2115): App Channel is: os
06-03 15:32:49.299 I/TDLog ( 2115): App Custom is:
06-03 15:32:49.299 I/TDLog ( 2115): SDK_OVC is: TDOVC+a3bb7754719798526508b6caad480dd7+SaaS
06-03 15:32:49.305 I/Matrix.AnrTracer( 2115): anrTrace, final mAnrBeatTime:400, mAnrBeatRate:400
06-03 15:32:49.314 D/CompatibilityChangeReporter( 736): Compat change id reported: 135634846; UID 10019; state: DISABLED
06-03 15:32:49.314 D/CompatibilityChangeReporter( 736): Compat change id reported: 177438394; UID 10019; state: DISABLED
06-03 15:32:49.315 D/CompatibilityChangeReporter( 736): Compat change id reported: 135772972; UID 10019; state: DISABLED
06-03 15:32:49.315 D/CompatibilityChangeReporter( 736): Compat change id reported: 135754954; UID 10019; state: ENABLED
06-03 15:32:49.316 D/CompatibilityChangeReporter( 736): Compat change id reported: 143937733; UID 10019; state: ENABLED
06-03 15:32:49.323 W/efs.send_log( 2115): tryFileLock start!
06-03 15:32:49.334 I/crashsdk( 2115): Catcher mask: 5000, 20480
06-03 15:32:49.334 D/Zygote ( 467): Forked child process 2170
06-03 15:32:49.335 I/crashsdk( 2115): Catcher thread 2121
06-03 15:32:49.335 D/crashsdk( 2115): Register ANR handler ...
06-03 15:32:49.335 I/ActivityManager( 736): Start proc 2170:com.android.externalstorage/u0a19 for broadcast {com.android.externalstorage/com.android.externalstorage.MountReceiver}
06-03 15:32:49.337 D/LaunchConfigManager( 2115): check in allready
06-03 15:32:49.342 I/Zygote ( 2170): seccomp disabled by setenforce 0
06-03 15:32:49.349 I/LaunchTrace( 2115): begin sendLaunchCache
06-03 15:32:49.351 I/ActivityManager( 736): Background started FGS: Allowed [callingPackage: com.dangbei.screencast; callingUid: 10043; uidState: CEM ; uidBFSL: n/a; intent: Intent { act=com.dangbei.screencast.STARTUP pkg=com.dangbei.screencast }; code:SYSTEM_ALERT_WINDOW_PERMISSION; tempAllowListReason:; targetSdkVersion:28; callerTargetSdkVersion:28; startForegroundCount:0; bindFromPackage:null: isBindService:false]
06-03 15:32:49.353 D/IpClient/wlan0( 1045): addressUpdated: fe80::ddc0:f5ff:4d22:e728/64 on ifindex 16 flags 0x00000880 scope 253
06-03 15:32:49.358 I/externalstorage( 2170): Using CollectorTypeCC GC.
06-03 15:32:49.366 E/externalstorage( 2170): Not starting debugger since process cannot load the jdwp agent.
06-03 15:32:49.369 I/efs.config( 2115): --->>> 删除旧的配置文件 false
06-03 15:32:49.369 W/efs.send_log( 2115): tryFileLock sendlock sucess! processname: com.dangbei.screencast
06-03 15:32:49.371 D/CompatibilityChangeReporter( 736): Compat change id reported: 170668199; UID 10043; state: DISABLED
06-03 15:32:49.372 W/ActivityManager( 736): Foreground service started from background can not have location/camera/microphone access: service com.dangbei.screencast/.startup.StartupService
06-03 15:32:49.373 D/CompatibilityChangeReporter( 736): Compat change id reported: 255038118; UID 10043; state: DISABLED
06-03 15:32:49.373 D/CompatibilityChangeReporter( 736): Compat change id reported: 255042465; UID 10043; state: DISABLED
06-03 15:32:49.378 W/ForegroundServiceTypeLoggerModule( 736): Foreground service start for UID: 10043 does not have any types
06-03 15:32:49.381 I/efs.config( 2115): current config version (-1) is older than another (1735614866)
06-03 15:32:49.381 I/efs.base( 2115): lt=event`ev_ct=efs_core`ev_ac=pvuv`tm=2025-06-03 15:32:36`dn=961fd30b-28e5-4840-bbf1-fab7353e7f95`ps=com.dangbei.screencast`um_os=android`stime=1748935969080`pid=2115`fr=android`pkg=com.dangbei.screencast`vcode=20830`dsp_w=1920`uid=961fd30b-28e5-4840-bbf1-fab7353e7f95`rom=14`wid=961fd30b-28e5-4840-bbf1-fab7353e7f95`um_app_carrier=`um_access=unknow`um_app_channel=os`um_crash_sdk_version=1.4.0`ctime=1748935969`model=dbbox-a3`lang=zh`net=disconnected`brand=amlogic`dsp_h=1080`um_network_type=0`ver=v2.8.3`build_model=DBBOX-A3`w_tm=1748935969`appid=5fc60c21094d637f3130af19`um_umid_header=ai7b7f43c35e5f733879352540817ef122`sdk=34`tzone=Asia/Shanghai`sdk_ver=1.3.6.umeng
06-03 15:32:49.381 I/efs.config( 2115): load config from storage and notify observer
06-03 15:32:49.381 I/ActivityManager( 736): Deferring FGS notification in legacy app com.dangbei.screencast/u0a43 : Notification(channel=channel_record shortcut=null contentView=null vibrate=null sound=null defaults=0x0 flags=0x60 color=0x00000000 category=transport vis=PUBLIC)
06-03 15:32:49.406 D/CompatibilityChangeReporter( 736): Compat change id reported: 168419799; UID 10019; state: DISABLED
06-03 15:32:49.406 D/CompatibilityChangeReporter( 736): Compat change id reported: 273564678; UID 10019; state: DISABLED
06-03 15:32:49.412 D/CompatibilityChangeReporter( 736): Compat change id reported: 265195908; UID 10019; state: ENABLED
06-03 15:32:49.427 W/ ( 0): [2 T1089 ..] >>> aml_rx_me_tx_credits_update_ind()
06-03 15:32:49.434 D/CompatibilityChangeReporter( 2170): Compat change id reported: 171979766; UID 10019; state: ENABLED
06-03 15:32:49.434 D/CompatibilityChangeReporter( 2170): Compat change id reported: 242716250; UID 10019; state: ENABLED
06-03 15:32:49.435 D/AppManager( 1542): checkLocalAppsIsValid: success
06-03 15:32:49.437 D/CompatibilityChangeReporter( 736): Compat change id reported: 170503758; UID 10019; state: ENABLED
06-03 15:32:49.441 I/d.leradlauncher( 1542): NativeAlloc concurrent copying GC freed 297629(42MB) AllocSpace objects, 51(9744KB) LOS objects, 49% free, 6477KB/12MB, paused 365us,77us total 164.491ms
06-03 15:32:49.448 D/nativeloader( 2170): Configuring clns-shared-4 for other apk /system/priv-app/ExternalStorageProvider/ExternalStorageProvider.apk. target_sdk_version=34, uses_libraries=, library_path=/system/priv-app/ExternalStorageProvider/lib/arm:/system/lib:/system_ext/lib, permitted_path=/data:/mnt/expand:/data/user/0/com.android.externalstorage:/system/priv-app/ExternalStorageProvider:/system/lib:/system_ext/lib
06-03 15:32:49.452 W/d.leradlauncher( 1542): ApkAssets: Deleting an ApkAssets object ' and /product/app/webview/webview.apk' with 1 weak references
06-03 15:32:49.453 W/System ( 1542): A resource failed to call close.
06-03 15:32:49.454 W/d.leradlauncher( 1542): ApkAssets: Deleting an ApkAssets object ' and /system/app/dangbei-file-manager/dangbei-file-manager.apk' with 1 weak references
06-03 15:32:49.454 W/d.leradlauncher( 1542): ApkAssets: Deleting an ApkAssets object ' and /system/app/dangbei-setting/dangbei-setting.apk' with 1 weak references
06-03 15:32:49.454 W/d.leradlauncher( 1542): ApkAssets: Deleting an ApkAssets object ' and /system/app/dangbei-media-player/dangbei-media-player.apk' with 1 weak references
06-03 15:32:49.454 W/d.leradlauncher( 1542): ApkAssets: Deleting an ApkAssets object ' and /system/app/dangbei-feedback/dangbei-feedback.apk' with 1 weak references
06-03 15:32:49.455 W/d.leradlauncher( 1542): ApkAssets: Deleting an ApkAssets object ' and /system/app/dangbei-steward/dangbei-steward.apk' with 1 weak references
06-03 15:32:49.455 W/d.leradlauncher( 1542): ApkAssets: Deleting an ApkAssets object ' and /system/app/dangbei-screencast/dangbei-screencast.apk' with 1 weak references
06-03 15:32:49.458 E/raop ( 2115): *********************AirplayBroadcastServer+++++++++
06-03 15:32:49.462 D/CompatibilityChangeReporter( 2115): Compat change id reported: 270306772; UID 10043; state: DISABLED
06-03 15:32:49.464 D/CompatibilityChangeReporter( 2115): Compat change id reported: 235355681; UID 10043; state: DISABLED
06-03 15:32:49.466 V/GraphicsEnvironment( 2170): Currently set values for:
06-03 15:32:49.466 V/GraphicsEnvironment( 2170): angle_gl_driver_selection_pkgs=[]
06-03 15:32:49.466 V/GraphicsEnvironment( 2170): angle_gl_driver_selection_values=[]
06-03 15:32:49.467 V/GraphicsEnvironment( 2170): ANGLE GameManagerService for com.android.externalstorage: false
06-03 15:32:49.467 V/GraphicsEnvironment( 2170): com.android.externalstorage is not listed in per-application setting
06-03 15:32:49.467 V/GraphicsEnvironment( 2170): Neither updatable production driver nor prerelease driver is supported.
06-03 15:32:49.474 I/ActivityManager( 736): Background started FGS: Allowed [callingPackage: com.dangbei.screencast; callingUid: 10043; uidState: FGS ; uidBFSL: [BFSL]; intent: Intent { cmp=com.dangbei.screencast/.huaweicast.service.HuaweiCastService }; code:PROC_STATE_FGS; tempAllowListReason:; targetSdkVersion:28; callerTargetSdkVersion:28; startForegroundCount:0; bindFromPackage:null: isBindService:false]
06-03 15:32:49.478 E/H264FrameQueue( 2115): H264FrameQueue: mFullQueueCount:200
06-03 15:32:49.483 D/ExternalStorage( 2170): After updating volumes, found 1 active roots
06-03 15:32:49.485 I/resolv ( 466): GetAddrInfoHandler::run: {0 0 0 983040 10043 0}
06-03 15:32:49.488 D/wenhc ( 1542): getScreenInfo uri = content://com.dangbei.screencast.parts.info/screen_cast
06-03 15:32:49.490 I/ActivityManager( 736): com.oranth.usbopenft is exempt from freezer
06-03 15:32:49.491 D/CompatibilityChangeReporter( 736): Compat change id reported: 135634846; UID 1000; state: DISABLED
06-03 15:32:49.491 W/OverlayManager( 736): service 'idmap' died
06-03 15:32:49.494 W/System.err( 2115): java.lang.NullPointerException: Attempt to invoke virtual method 'byte[] java.net.NetworkInterface.getHardwareAddress()' on a null object reference
06-03 15:32:49.495 D/ExternalStorage( 2170): After updating volumes, found 1 active roots
06-03 15:32:49.495 W/System.err( 2115): at b.f.f.y.g.b(Unknown Source:11)
06-03 15:32:49.496 W/System.err( 2115): at b.d.a.a.p.c0(Unknown Source:2)
06-03 15:32:49.496 W/System.err( 2115): at com.dangbei.screencast.startup.StartupService.onCreate(:5)
06-03 15:32:49.496 W/System.err( 2115): at android.app.ActivityThread.handleCreateService(ActivityThread.java:4696)
06-03 15:32:49.496 W/System.err( 2115): at android.app.ActivityThread.-$$Nest$mhandleCreateService(Unknown Source:0)
06-03 15:32:49.496 W/System.err( 2115): at android.app.ActivityThread$H.handleMessage(ActivityThread.java:2293)
06-03 15:32:49.496 W/System.err( 2115): at android.os.Handler.dispatchMessage(Handler.java:106)
06-03 15:32:49.496 W/System.err( 2115): at android.os.Looper.loopOnce(Looper.java:205)
06-03 15:32:49.496 W/System.err( 2115): at android.os.Looper.loop(Looper.java:294)
06-03 15:32:49.496 W/System.err( 2115): at android.app.ActivityThread.main(ActivityThread.java:8255)
06-03 15:32:49.496 W/System.err( 2115): at java.lang.reflect.Method.invoke(Native Method)
06-03 15:32:49.496 W/System.err( 2115): at com.android.internal.os.RuntimeInit$MethodAndArgsCaller.run(RuntimeInit.java:552)
06-03 15:32:49.496 W/System.err( 2115): at com.android.internal.os.ZygoteInit.main(ZygoteInit.java:978)
06-03 15:32:49.504 D/ExternalStorage( 2170): After updating volumes, found 1 active roots
06-03 15:32:49.508 D/Zygote ( 467): Forked child process 2208
06-03 15:32:49.512 E/HuaweiCastService( 2115): onCreate called().
06-03 15:32:49.512 I/resolv ( 466): GetAddrInfoHandler::run: {0 0 0 983040 10043 0}
06-03 15:32:49.514 E/StartupService( 2115): onFailure: java.net.UnknownHostException: Unable to resolve host "tyapi.qun7.com": No address associated with hostname
06-03 15:32:49.515 I/Zygote ( 2208): seccomp disabled by setenforce 0
06-03 15:32:49.517 I/ActivityManager( 736): Start proc 2208:com.oranth.usbopenft/1000 for broadcast {com.oranth.usbopenft/com.oranth.usbopenft.UsbReceiver}
06-03 15:32:49.518 E/PlayerClient( 2115): registerCallback com.dangbei.screencast.huaweicast.service.HuaweiCastService$a@a67697e
06-03 15:32:49.518 D/PlayerClient( 2115): registerCallback true
06-03 15:32:49.518 D/PlayerClient( 2115): init.
06-03 15:32:49.519 W/KIT_FWK_a( 2115): KitFwk is not installed, pls do not use related interfaces.
06-03 15:32:49.519 W/KIT_FWK_a( 2115): KitFwk is not installed, pls do not use related interfaces.
06-03 15:32:49.520 E/PlayerClient( 2115): bind player service by aar.
06-03 15:32:49.522 I/WifiService( 736): acquireMulticastLock uid=10043
06-03 15:32:49.522 I/WifiService( 736): acquireMulticastLock uid=10043
06-03 15:32:49.523 I/ranth.usbopenft( 2208): Using CollectorTypeCC GC.
06-03 15:32:49.523 D/CompatibilityChangeReporter( 736): Compat change id reported: 261072174; UID 10043; state: DISABLED
06-03 15:32:49.527 D/WifiHAL ( 512): Setting APF program, halHandle = 0xf0842650
06-03 15:32:49.527 I/WifiHAL ( 512): createRequest: APF set program request
06-03 15:32:49.528 D/WifiHAL ( 512): error code -95 mapped to -3
06-03 15:32:49.528 I/WifiHAL ( 512): Request Response failed for APF, result = -3
06-03 15:32:49.528 E/WifiStaIfaceAidlImpl( 736): installApfPacketFilter failed with service-specific exception: android.os.ServiceSpecificException: (code 4)
06-03 15:32:49.528 D/PlayerClient( 2115): bind player sink service true
06-03 15:32:49.530 E/ranth.usbopenft( 2208): Not starting debugger since process cannot load the jdwp agent.
06-03 15:32:49.530 W/ActivityManager( 736): Foreground service started from background can not have location/camera/microphone access: service com.dangbei.screencast/.huaweicast.service.HuaweiCastService
06-03 15:32:49.531 W/ForegroundServiceTypeLoggerModule( 736): Foreground service start for UID: 10043 does not have any types
06-03 15:32:49.532 E/HuaweiCastService( 2115): startForeground!
06-03 15:32:49.534 E/HuaweiCastService( 2115): onStartCommand in 0
06-03 15:32:49.540 D/HiSight-SinkService( 2115): onCreate.
06-03 15:32:49.541 D/CompatibilityChangeReporter( 736): Compat change id reported: 168419799; UID 1000; state: DISABLED
06-03 15:32:49.541 D/HiSight-ConnectionManager( 2115): start ConnectionManager
06-03 15:32:49.541 D/CompatibilityChangeReporter( 736): Compat change id reported: 273564678; UID 1000; state: DISABLED
06-03 15:32:49.542 D/HiSight-SinkService( 2115): onBind.
06-03 15:32:49.546 D/PlayerClient( 2115): service connected.
06-03 15:32:49.546 D/HiSight-SinkService( 2115): ITaskBinder registerCallback: true
06-03 15:32:49.546 D/HiSight-HiSightManager( 2115): ITaskBinder registerCallback.
06-03 15:32:49.547 D/HiSight-CallbackManager( 2115): addNewCallback. com.dangbei.screencast.huaweicast.service.HuaweiCastService$a@a67697e
06-03 15:32:49.547 E/HuaweiCastService( 2115): eventId: 4001
06-03 15:32:49.547 E/HuaweiCastService( 2115): mPlayerClient is null.
06-03 15:32:49.547 D/HiSight-HiSightManager( 2115): check capability vbr range not setting, using default value
06-03 15:32:49.548 E/HuaweiCastService( 2115): mPlayerClient is null.
06-03 15:32:49.548 D/HiSight-SinkService( 2115): setAuthMode
06-03 15:32:49.548 W/HiSight-ConnectionManager( 2115): mSinkId is empty
06-03 15:32:49.561 D/CompatibilityChangeReporter( 2208): Compat change id reported: 171979766; UID 1000; state: ENABLED
06-03 15:32:49.561 D/CompatibilityChangeReporter( 2208): Compat change id reported: 242716250; UID 1000; state: ENABLED
06-03 15:32:49.572 D/nativeloader( 2208): Configuring clns-shared-4 for other apk /system/app/UsbOpenFT/UsbOpenFT.apk. target_sdk_version=35, uses_libraries=, library_path=/system/app/UsbOpenFT/lib/arm:/system/app/UsbOpenFT/UsbOpenFT.apk!/lib/armeabi-v7a:/system/lib:/system_ext/lib, permitted_path=/data:/mnt/expand:/data/user/0/com.oranth.usbopenft:/system/app/UsbOpenFT:/system/lib:/system_ext/lib
06-03 15:32:49.582 V/GraphicsEnvironment( 2208): Currently set values for:
06-03 15:32:49.582 V/GraphicsEnvironment( 2208): angle_gl_driver_selection_pkgs=[]
06-03 15:32:49.582 V/GraphicsEnvironment( 2208): angle_gl_driver_selection_values=[]
06-03 15:32:49.583 V/GraphicsEnvironment( 2208): ANGLE GameManagerService for com.oranth.usbopenft: false
06-03 15:32:49.583 V/GraphicsEnvironment( 2208): com.oranth.usbopenft is not listed in per-application setting
06-03 15:32:49.583 V/GraphicsEnvironment( 2208): Neither updatable production driver nor prerelease driver is supported.
06-03 15:32:49.594 D/DhcpClient( 1045): Broadcasting DHCPREQUEST ciaddr=0.0.0.0 request=192.168.3.4 serverid=null
06-03 15:32:49.427 W/ ( 0): [2 T1089 ..] [aml_txq_credit_update 2514] sta_idx=0 vif_idx=0 tid=0 update=120 pkt pushed=0 credits=124 old_credits=4
06-03 15:32:49.607 W/ ( 0): [2 T1245 ..] [SP FRAME TX] DHCP[1 0], vif_idx:0
06-03 15:32:49.694 W/ ( 0): [3 T1090 ..] [SP FRAME RX] DHCP[1 0], vif_idx:0
06-03 15:32:49.685 D/DhcpClient( 1045): Received packet: 1c:79:2d:20:62:cb ACK: your new IP /192.168.3.4, netmask /255.255.254.0, gateways [/192.168.3.1] DNS servers: /202.96.134.133 /202.96.128.166 , lease time 3600
06-03 15:32:49.687 D/DhcpClient( 1045): Confirmed lease: com.android.networkstack.android.net.DhcpResults@baed903b DHCP server /192.168.3.1 Vendor info null lease 3600 seconds Servername
06-03 15:32:49.704 W/ ( 0): [2 T1134 ..] >>> aml_cfg80211_set_power_mgmt()
06-03 15:32:49.704 W/ ( 0): [2 T1134 ..] [aml_send_me_set_ps_mode 2111] set power save mode:0
06-03 15:32:49.704 W/ ( 0): [2 T1134 ..] >>> aml_send_msg()
06-03 15:32:49.706 W/ ( 0): [2 T1089 ..] ipc_sdio_host_msgack_handler 000000000752ffc8
06-03 15:32:49.707 W/ ( 0): [2 T1089 ..] [aml_msgackind 2038] msg ack hostid=0xffffff806adfa700
06-03 15:32:49.707 W/ ( 0): [2 T1089 ..] [cmd_mgr_llind 329] cmd tkn[29] flags:001a result: -4 cmd:5139-ME_SET_PS_MODE_REQ - reqcfm(5140-ME_SET_PS_MODE_CFM)
06-03 15:32:49.709 W/ ( 0): [0 T997 ..] >>> aml_send_msg()
06-03 15:32:49.710 W/ ( 0): [2 T1089 ..] [cmd_mgr_msgind 409] cmd tkn[29] flags:0012 result: -4 cmd:5139-ME_SET_PS_MODE_REQ - reqcfm(5140-ME_SET_PS_MODE_CFM)
06-03 15:32:49.711 W/ ( 0): [2 T1089 ..] [cmd_mgr_msgind 426] next 0x33021080
06-03 15:32:49.712 W/ ( 0): [2 T1089 ..] [cmd_complete 65] cmd tkn[29] flags:0002 result: -4 cmd:5139-ME_SET_PS_MODE_REQ - reqcfm(5140-ME_SET_PS_MODE_CFM)
06-03 15:32:49.702 I/wpa_supplicant( 1134): wpa_driver_nl80211_driver_cmd: wifi vendor: aml_w2_s
06-03 15:32:49.702 I/wpa_supplicant( 1134): wpa_driver_nl80211_driver_cmd: wlan0: private command: BTCOEXMODE 2
06-03 15:32:49.703 I/WifiClientModeImpl[20270:wlan0]( 736): Update current security type to 2
06-03 15:32:49.714 W/ ( 0): [2 T1089 ..] ipc_sdio_host_msgack_handler 00000000cfa489af
06-03 15:32:49.715 W/ ( 0): [2 T1089 ..] [aml_msgackind 2038] msg ack hostid=0xffffff8033021080
06-03 15:32:49.716 W/ ( 0): [2 T1089 ..] [cmd_mgr_llind 329] cmd tkn[30] flags:0008 result: -4 cmd: 105-MM_SUB_NOTIFY_IP - reqcfm( 0-none)
06-03 15:32:49.717 W/ ( 0): [2 T1089 ..] [cmd_complete 65] cmd tkn[30] flags:0000 result: -4 cmd: 105-MM_SUB_NOTIFY_IP - reqcfm( 0-none)
06-03 15:32:49.704 W/ContextImpl( 736): Calling a method in the system process without a qualified user: android.app.ContextImpl.sendStickyBroadcast:1626 com.android.server.wifi.ClientModeImpl.sendNetworkChangeBroadcast:3008 com.android.server.wifi.ClientModeImpl.lambda$sendNetworkChangeBroadcastWithCurrentState$14:2985 com.android.server.wifi.ClientModeImpl.$r8$lambda$q-j88Pjw4gROgoJFr8wBlBVbuJI:0 com.android.server.wifi.ClientModeImpl$$ExternalSyntheticLambda4.send:0
06-03 15:32:49.706 I/netd ( 466): interfaceSetCfg(InterfaceConfigurationParcel{ifName: wlan0, hwAddr: , ipv4Addr: 192.168.3.4, prefixLength: 23, flags: []}) <10.92ms>
06-03 15:32:49.707 E/Netd ( 466): no such netId 100
