06-03 15:32:44.739 D/xm_audio( 478): adev_get_parameters
06-03 15:32:44.741 D/xm_audio( 478): adev_get_parameters
06-03 15:32:44.743 I/MultiDex( 1421): VM with version 2.1.0 has multidex support
06-03 15:32:44.743 I/MultiDex( 1421): Installing application
06-03 15:32:44.743 I/MultiDex( 1421): VM has multidex support, MultiDex support library is disabled.
06-03 15:32:44.747 D/xm_audio( 478): adev_get_parameters
06-03 15:32:44.748 D/xm_audio( 478): adev_get_parameters
06-03 15:32:44.755 I/DlcClient( 1403): Binding com.android.devicelockcontroller/.storage.SetupParametersService
06-03 15:32:44.756 D/xm_audio( 478): adev_get_parameters
06-03 15:32:44.758 D/xm_audio( 478): adev_get_parameters
06-03 15:32:44.758 W/StorageManagerService( 736): No primary storage defined yet; hacking together a stub
06-03 15:32:44.764 D/WindowTokenClient( 1421): Only apply configuration update to Resources because shouldReportConfigChange is false.
06-03 15:32:44.764 D/WindowTokenClient( 1421): android.window.WindowTokenClient.attachToDisplayArea:119 android.window.WindowContextController.attachToDisplayArea:107 android.window.WindowProviderService.attachBaseContext:219 android.app.Service.attach:982 android.app.ActivityThread.handleCreateService:4687
06-03 15:32:44.765 D/xm_audio( 478): adev_get_parameters
06-03 15:32:44.766 D/xm_audio( 478): adev_get_parameters
06-03 15:32:44.769 D/CompatibilityChangeReporter( 736): Compat change id reported: 261072174; UID 10055; state: ENABLED
06-03 15:32:44.772 I/update_engine( 650): [INFO:cleanup_previous_update_action.cc(112)] Executing task 8
06-03 15:32:44.772 D/xm_audio( 478): adev_get_parameters
06-03 15:32:44.774 D/xm_audio( 478): adev_get_parameters
06-03 15:32:44.777 I/update_engine( 650): [INFO:cleanup_previous_update_action.cc(189)] Boot completed, waiting on markBootSuccessful()
06-03 15:32:44.782 D/xm_audio( 478): adev_get_parameters
06-03 15:32:44.783 D/SetupParametersService( 1403): onCreate
06-03 15:32:44.785 D/LockedBootCompletedReceiver( 1403): Locked Boot completed
06-03 15:32:44.785 D/xm_audio( 478): adev_get_parameters
06-03 15:32:44.790 D/xm_audio( 478): adev_get_parameters
06-03 15:32:44.791 D/xm_audio( 478): adev_get_parameters
06-03 15:32:44.792 I/update_engine( 650): [INFO:snapshot.cpp(3835)] EnsureMetadataMounted does nothing in Android mode.
06-03 15:32:44.794 I/update_engine( 650): [INFO:snapshot_stats.cpp(37)] Read merge statistics file failed: No such file or directory
06-03 15:32:44.805 I/[1 T288 ..] android.hardware.boot-service( 0): sys.boot_completed: 1
06-03 15:32:44.796 D/xm_audio( 478): adev_get_parameters
06-03 15:32:44.797 D/xm_audio( 478): adev_get_parameters
06-03 15:32:44.799 I/update_engine( 650): [INFO:cleanup_previous_update_action.cc(261)] Waiting for any previous merge request to complete. This can take up to several minutes.
06-03 15:32:44.801 I/vol.Events( 945): writeEvent level_changed STREAM_ALARM 100
06-03 15:32:44.809 E/update_engine( 650): [ERROR:snapshot.cpp(2929)] Read state file failed: No such file or directory
06-03 15:32:44.811 E/update_engine( 650): [ERROR:snapshot.cpp(2929)] Read state file failed: No such file or directory
06-03 15:32:44.812 E/update_engine( 650): [ERROR:snapshot.cpp(2929)] Read state file failed: No such file or directory
06-03 15:32:44.813 I/update_engine( 650): [INFO:snapshot.cpp(1076)] CheckMergeState for snapshots returned: None
06-03 15:32:44.815 I/update_engine( 650): [INFO:snapshot.cpp(1048)] ProcessUpdateState handling state: None
06-03 15:32:44.816 I/update_engine( 650): [INFO:cleanup_previous_update_action.cc(297)] Can't find any snapshot to merge.
06-03 15:32:44.818 E/update_engine( 650): [ERROR:snapshot.cpp(2929)] Read state file failed: No such file or directory
06-03 15:32:44.824 D/PackagePolicyHandler( 1403): Kiosk package is not set for state: 0
06-03 15:32:44.827 E/AggregateFuture( 1403): Got more than one input Future failure. Logging failures after the first
06-03 15:32:44.827 E/AggregateFuture( 1403): java.lang.IllegalStateException: Setup parameters does not exist!
06-03 15:32:44.827 E/AggregateFuture( 1403): at com.android.devicelockcontroller.policy.UserRestrictionsPolicyHandler.lambda$retrieveLockModeRestrictions$3(UserRestrictionsPolicyHandler.java:138)
06-03 15:32:44.827 E/AggregateFuture( 1403): at com.android.devicelockcontroller.policy.UserRestrictionsPolicyHandler.$r8$lambda$K4dazaAj4roA8BauvRaHZASMq6E(UserRestrictionsPolicyHandler.java:0)
06-03 15:32:44.827 E/AggregateFuture( 1403): at com.android.devicelockcontroller.policy.UserRestrictionsPolicyHandler$$ExternalSyntheticLambda4.call(R8$$SyntheticClass:0)
06-03 15:32:44.827 E/AggregateFuture( 1403): at com.google.common.util.concurrent.CombinedFuture$CallableInterruptibleTask.runInterruptibly(CombinedFuture.java:196)
06-03 15:32:44.827 E/AggregateFuture( 1403): at com.google.common.util.concurrent.InterruptibleTask.run(InterruptibleTask.java:74)
06-03 15:32:44.827 E/AggregateFuture( 1403): at android.os.Handler.handleCallback(Handler.java:958)
06-03 15:32:44.827 E/AggregateFuture( 1403): at android.os.Handler.dispatchMessage(Handler.java:99)
06-03 15:32:44.827 E/AggregateFuture( 1403): at android.os.Looper.loopOnce(Looper.java:205)
06-03 15:32:44.827 E/AggregateFuture( 1403): at android.os.Looper.loop(Looper.java:294)
06-03 15:32:44.827 E/AggregateFuture( 1403): at android.app.ActivityThread.main(ActivityThread.java:8255)
06-03 15:32:44.827 E/AggregateFuture( 1403): at java.lang.reflect.Method.invoke(Native Method)
06-03 15:32:44.827 E/AggregateFuture( 1403): at com.android.internal.os.RuntimeInit$MethodAndArgsCaller.run(RuntimeInit.java:552)
06-03 15:32:44.827 E/AggregateFuture( 1403): at com.android.internal.os.ZygoteInit.main(ZygoteInit.java:978)
06-03 15:32:44.828 I/DeviceLockControllerApplication( 1403): Policies enforced
06-03 15:32:44.828 I/update_engine( 650): [INFO:cleanup_previous_update_action.cc(130)] Stopping/suspending/completing CleanupPreviousUpdateAction
06-03 15:32:44.830 I/update_engine( 650): [INFO:cleanup_previous_update_action.cc(477)] Not reporting merge stats because state is None
06-03 15:32:44.831 I/update_engine( 650): [INFO:cleanup_previous_update_action.cc(130)] Stopping/suspending/completing CleanupPreviousUpdateAction
06-03 15:32:44.834 E/SogouIME( 1421): setupInputSurface
06-03 15:32:44.835 I/update_engine( 650): [INFO:action_processor.cc(116)] ActionProcessor: finished last action CleanupPreviousUpdateAction with code ErrorCode::kSuccess
06-03 15:32:44.835 I/DevicePolicyEngine( 736): Couldn't find any receivers that handle ACTION_DEVICE_POLICY_SET_RESULT in package com.android.devicelockcontroller
06-03 15:32:44.837 D/DevicePolicyEngine( 736): Writing device policies to file.
06-03 15:32:44.837 D/xm_audio( 478): adev_get_parameters
06-03 15:32:44.837 D/DevicePolicyEngine( 736): Writing to /data/system/device_policy_state.xml
06-03 15:32:44.838 I/update_engine( 650): [INFO:update_attempter_android.cc(583)] Processing Done.
06-03 15:32:44.838 D/xm_audio( 478): adev_get_parameters
06-03 15:32:44.843 D/xm_audio( 478): adev_get_parameters
06-03 15:32:44.844 D/xm_audio( 478): adev_get_parameters
06-03 15:32:44.850 D/xm_audio( 478): adev_get_parameters
06-03 15:32:44.851 D/xm_audio( 478): adev_get_parameters
06-03 15:32:44.855 D/xm_audio( 478): adev_get_parameters
06-03 15:32:44.857 D/xm_audio( 478): adev_get_parameters
06-03 15:32:44.862 D/xm_audio( 478): adev_get_parameters
06-03 15:32:44.864 I/update_engine( 650): [INFO:update_attempter_android.cc(836)] Clearing update complete marker.
06-03 15:32:44.864 D/xm_audio( 478): adev_get_parameters
06-03 15:32:44.866 I/update_engine( 650): [INFO:update_attempter_android.cc(731)] Terminating cleanup previous update.
06-03 15:32:44.868 D/xm_audio( 478): adev_get_parameters
06-03 15:32:44.869 D/xm_audio( 478): adev_get_parameters
06-03 15:32:44.876 D/xm_audio( 478): adev_get_parameters
06-03 15:32:44.878 D/xm_audio( 478): adev_get_parameters
06-03 15:32:44.882 D/xm_audio( 478): adev_get_parameters
06-03 15:32:44.884 D/xm_audio( 478): adev_get_parameters
06-03 15:32:44.888 D/xm_audio( 478): adev_get_parameters
06-03 15:32:44.889 D/xm_audio( 478): adev_get_parameters
06-03 15:32:44.894 D/xm_audio( 478): adev_get_parameters
06-03 15:32:44.896 D/xm_audio( 478): adev_get_parameters
06-03 15:32:44.899 I/DefaultIMS( 1421): DefaultIMS::onCreate()
06-03 15:32:44.900 I/DefaultIMS( 1421): DefaultIMS::onCreate() finish
06-03 15:32:44.905 D/xm_audio( 478): adev_get_parameters
06-03 15:32:44.907 D/xm_audio( 478): adev_get_parameters
06-03 15:32:44.909 D/CompatibilityChangeReporter( 1421): Compat change id reported: 237531167; UID 10040; state: DISABLED
06-03 15:32:44.911 W/OpenGLRenderer( 1421): Unknown dataspace 0
06-03 15:32:44.914 D/xm_audio( 478): adev_get_parameters
06-03 15:32:44.915 D/xm_audio( 478): adev_get_parameters
06-03 15:32:44.920 V/PackageManager( 736): reconcileAppsData finished 142 packages
06-03 15:32:44.920 V/SystemServerTiming( 736): reconcileAppsData-0 took to complete: 258ms
06-03 15:32:44.920 V/SystemServerTiming( 736): UM.onBeforeUnlockUser-0 took to complete: 465ms
06-03 15:32:44.920 I/ActivityManager( 736): User 0 state changed from RUNNING_LOCKED to RUNNING_UNLOCKING
06-03 15:32:44.920 D/xm_audio( 478): adev_get_parameters
06-03 15:32:44.921 D/ActivityManager( 736): Unlocking user 0 progress 20
06-03 15:32:44.921 W/Looper ( 736): Slow dispatch took 466ms android.fg h=android.os.Handler c=com.android.server.am.UserController$$ExternalSyntheticLambda2@d11661 m=0
06-03 15:32:44.921 W/Looper ( 736): Slow delivery took 466ms android.fg h=android.os.Handler c=com.android.server.am.UserController$$ExternalSyntheticLambda9@dde4586 m=0
06-03 15:32:44.921 D/SystemServerTimingAsync( 736): ssm.UnlockingUser-0
06-03 15:32:44.921 I/SystemServiceManager( 736): Calling onUnlockingUser 0
06-03 15:32:44.921 D/SystemServerTimingAsync( 736): ssm.onUnlockingUser-0_com.android.server.security.FileIntegrityService
06-03 15:32:44.921 V/SystemServerTimingAsync( 736): ssm.onUnlockingUser-0_com.android.server.security.FileIntegrityService took to complete: 0ms
06-03 15:32:44.921 D/SystemServerTimingAsync( 736): ssm.onUnlockingUser-0_com.android.server.pm.Installer
06-03 15:32:44.921 V/SystemServerTimingAsync( 736): ssm.onUnlockingUser-0_com.android.server.pm.Installer took to complete: 0ms
06-03 15:32:44.921 D/SystemServerTimingAsync( 736): ssm.onUnlockingUser-0_com.android.server.os.DeviceIdentifiersPolicyService
06-03 15:32:44.922 V/SystemServerTimingAsync( 736): ssm.onUnlockingUser-0_com.android.server.os.DeviceIdentifiersPolicyService took to complete: 0ms
06-03 15:32:44.922 D/SystemServerTimingAsync( 736): ssm.onUnlockingUser-0_com.android.server.flags.FeatureFlagsService
06-03 15:32:44.922 V/SystemServerTimingAsync( 736): ssm.onUnlockingUser-0_com.android.server.flags.FeatureFlagsService took to complete: 0ms
06-03 15:32:44.922 W/WindowManager( 736): [addWindow] title:InputMethod
06-03 15:32:44.922 D/SystemServerTimingAsync( 736): ssm.onUnlockingUser-0_com.android.server.uri.UriGrantsManagerService$Lifecycle
06-03 15:32:44.922 V/SystemServerTimingAsync( 736): ssm.onUnlockingUser-0_com.android.server.uri.UriGrantsManagerService$Lifecycle took to complete: 0ms
06-03 15:32:44.922 D/SystemServerTimingAsync( 736): ssm.onUnlockingUser-0_com.android.server.powerstats.PowerStatsService
06-03 15:32:44.922 V/SystemServerTimingAsync( 736): ssm.onUnlockingUser-0_com.android.server.powerstats.PowerStatsService took to complete: 0ms
06-03 15:32:44.922 D/SystemServerTimingAsync( 736): ssm.onUnlockingUser-0_com.android.server.permission.access.AccessCheckingService
06-03 15:32:44.922 V/SystemServerTimingAsync( 736): ssm.onUnlockingUser-0_com.android.server.permission.access.AccessCheckingService took to complete: 0ms
06-03 15:32:44.922 D/SystemServerTimingAsync( 736): ssm.onUnlockingUser-0_com.android.server.wm.ActivityTaskManagerService$Lifecycle
06-03 15:32:44.922 V/SystemServerTimingAsync( 736): ssm.onUnlockingUser-0_com.android.server.wm.ActivityTaskManagerService$Lifecycle took to complete: 0ms
06-03 15:32:44.922 D/SystemServerTimingAsync( 736): ssm.onUnlockingUser-0_com.android.server.am.ActivityManagerService$Lifecycle
06-03 15:32:44.922 V/SystemServerTimingAsync( 736): ssm.onUnlockingUser-0_com.android.server.am.ActivityManagerService$Lifecycle took to complete: 0ms
06-03 15:32:44.922 D/SystemServerTimingAsync( 736): ssm.onUnlockingUser-0_com.android.server.pm.DataLoaderManagerService
06-03 15:32:44.922 V/SystemServerTimingAsync( 736): ssm.onUnlockingUser-0_com.android.server.pm.DataLoaderManagerService took to complete: 0ms
06-03 15:32:44.922 D/SystemServerTimingAsync( 736): ssm.onUnlockingUser-0_com.android.server.power.PowerManagerService
06-03 15:32:44.922 V/SystemServerTimingAsync( 736): ssm.onUnlockingUser-0_com.android.server.power.PowerManagerService took to complete: 0ms
06-03 15:32:44.922 D/SystemServerTimingAsync( 736): ssm.onUnlockingUser-0_com.android.server.power.ThermalManagerService
06-03 15:32:44.922 V/SystemServerTimingAsync( 736): ssm.onUnlockingUser-0_com.android.server.power.ThermalManagerService took to complete: 0ms
06-03 15:32:44.922 D/SystemServerTimingAsync( 736): ssm.onUnlockingUser-0_com.android.server.power.hint.HintManagerService
06-03 15:32:44.922 V/SystemServerTimingAsync( 736): ssm.onUnlockingUser-0_com.android.server.power.hint.HintManagerService took to complete: 0ms
06-03 15:32:44.922 D/SystemServerTimingAsync( 736): ssm.onUnlockingUser-0_com.android.server.recoverysystem.RecoverySystemService$Lifecycle
06-03 15:32:44.922 V/SystemServerTimingAsync( 736): ssm.onUnlockingUser-0_com.android.server.recoverysystem.RecoverySystemService$Lifecycle took to complete: 0ms
06-03 15:32:44.922 D/SystemServerTimingAsync( 736): ssm.onUnlockingUser-0_com.android.server.lights.LightsService
06-03 15:32:44.922 V/SystemServerTimingAsync( 736): ssm.onUnlockingUser-0_com.android.server.lights.LightsService took to complete: 0ms
06-03 15:32:44.922 D/SystemServerTimingAsync( 736): ssm.onUnlockingUser-0_com.android.server.display.DisplayManagerService
06-03 15:32:44.922 V/SystemServerTimingAsync( 736): ssm.onUnlockingUser-0_com.android.server.display.DisplayManagerService took to complete: 0ms
06-03 15:32:44.922 D/SystemServerTimingAsync( 736): ssm.onUnlockingUser-0_com.android.server.pm.verify.domain.DomainVerificationService
06-03 15:32:44.922 D/xm_audio( 478): adev_get_parameters
06-03 15:32:44.922 V/SystemServerTimingAsync( 736): ssm.onUnlockingUser-0_com.android.server.pm.verify.domain.DomainVerificationService took to complete: 0ms
06-03 15:32:44.922 D/SystemServerTimingAsync( 736): ssm.onUnlockingUser-0_com.android.server.pm.PackageInstallerService$Lifecycle
06-03 15:32:44.922 V/SystemServerTimingAsync( 736): ssm.onUnlockingUser-0_com.android.server.pm.PackageInstallerService$Lifecycle took to complete: 0ms
06-03 15:32:44.922 D/SystemServerTimingAsync( 736): ssm.onUnlockingUser-0_com.android.server.pm.UserManagerService$LifeCycle
06-03 15:32:44.922 V/SystemServerTimingAsync( 736): ssm.onUnlockingUser-0_com.android.server.pm.UserManagerService$LifeCycle took to complete: 0ms
06-03 15:32:44.922 D/SystemServerTimingAsync( 736): ssm.onUnlockingUser-0_com.android.server.om.OverlayManagerService
06-03 15:32:44.922 V/SystemServerTimingAsync( 736): ssm.onUnlockingUser-0_com.android.server.om.OverlayManagerService took to complete: 0ms
06-03 15:32:44.922 D/SystemServerTimingAsync( 736): ssm.onUnlockingUser-0_com.android.server.resources.ResourcesManagerService
06-03 15:32:44.922 V/SystemServerTimingAsync( 736): ssm.onUnlockingUser-0_com.android.server.resources.ResourcesManagerService took to complete: 0ms
06-03 15:32:44.922 D/SystemServerTimingAsync( 736): ssm.onUnlockingUser-0_com.android.server.sensorprivacy.SensorPrivacyService
06-03 15:32:44.922 V/SystemServerTimingAsync( 736): ssm.onUnlockingUser-0_com.android.server.sensorprivacy.SensorPrivacyService took to complete: 0ms
06-03 15:32:44.923 D/SystemServerTimingAsync( 736): ssm.onUnlockingUser-0_com.android.server.sensors.SensorService
06-03 15:32:44.923 V/SystemServerTimingAsync( 736): ssm.onUnlockingUser-0_com.android.server.sensors.SensorService took to complete: 0ms
06-03 15:32:44.923 D/SystemServerTimingAsync( 736): ssm.onUnlockingUser-0_com.android.server.SystemConfigService
06-03 15:32:44.923 V/SystemServerTimingAsync( 736): ssm.onUnlockingUser-0_com.android.server.SystemConfigService took to complete: 0ms
06-03 15:32:44.923 D/SystemServerTimingAsync( 736): ssm.onUnlockingUser-0_com.android.server.BatteryService
06-03 15:32:44.923 V/SystemServerTimingAsync( 736): ssm.onUnlockingUser-0_com.android.server.BatteryService took to complete: 0ms
06-03 15:32:44.923 D/SystemServerTimingAsync( 736): ssm.onUnlockingUser-0_com.android.server.usage.UsageStatsService
06-03 15:32:44.923 V/SystemServerTimingAsync( 736): ssm.onUnlockingUser-0_com.android.server.usage.UsageStatsService took to complete: 0ms
06-03 15:32:44.923 D/SystemServerTimingAsync( 736): ssm.onUnlockingUser-0_com.android.server.webkit.WebViewUpdateService
06-03 15:32:44.923 V/SystemServerTimingAsync( 736): ssm.onUnlockingUser-0_com.android.server.webkit.WebViewUpdateService took to complete: 0ms
06-03 15:32:44.923 D/SystemServerTimingAsync( 736): ssm.onUnlockingUser-0_com.android.server.CachedDeviceStateService
06-03 15:32:44.923 V/SystemServerTimingAsync( 736): ssm.onUnlockingUser-0_com.android.server.CachedDeviceStateService took to complete: 0ms
06-03 15:32:44.923 D/SystemServerTimingAsync( 736): ssm.onUnlockingUser-0_com.android.server.BinderCallsStatsService$LifeCycle
06-03 15:32:44.923 V/SystemServerTimingAsync( 736): ssm.onUnlockingUser-0_com.android.server.BinderCallsStatsService$LifeCycle took to complete: 0ms
06-03 15:32:44.923 D/SystemServerTimingAsync( 736): ssm.onUnlockingUser-0_com.android.server.LooperStatsService$Lifecycle
06-03 15:32:44.923 V/SystemServerTimingAsync( 736): ssm.onUnlockingUser-0_com.android.server.LooperStatsService$Lifecycle took to complete: 0ms
06-03 15:32:44.923 D/SystemServerTimingAsync( 736): ssm.onUnlockingUser-0_com.android.server.rollback.RollbackManagerService
06-03 15:32:44.923 D/CompatibilityChangeReporter( 736): Compat change id reported: 168419799; UID 10040; state: DISABLED
06-03 15:32:44.924 V/SystemServerTimingAsync( 736): ssm.onUnlockingUser-0_com.android.server.rollback.RollbackManagerService took to complete: 1ms
06-03 15:32:44.924 D/CompatibilityChangeReporter( 736): Compat change id reported: 273564678; UID 10040; state: DISABLED
06-03 15:32:44.924 D/SystemServerTimingAsync( 736): ssm.onUnlockingUser-0_com.android.server.os.NativeTombstoneManagerService
06-03 15:32:44.924 V/SystemServerTimingAsync( 736): ssm.onUnlockingUser-0_com.android.server.os.NativeTombstoneManagerService took to complete: 0ms
06-03 15:32:44.924 D/SystemServerTimingAsync( 736): ssm.onUnlockingUser-0_com.android.server.os.BugreportManagerService
06-03 15:32:44.924 V/SystemServerTimingAsync( 736): ssm.onUnlockingUser-0_com.android.server.os.BugreportManagerService took to complete: 0ms
06-03 15:32:44.924 D/SystemServerTimingAsync( 736): ssm.onUnlockingUser-0_com.android.server.gpu.GpuService
06-03 15:32:44.924 V/SystemServerTimingAsync( 736): ssm.onUnlockingUser-0_com.android.server.gpu.GpuService took to complete: 0ms
06-03 15:32:44.924 D/SystemServerTimingAsync( 736): ssm.onUnlockingUser-0_com.android.server.security.rkp.RemoteProvisioningService
06-03 15:32:44.924 V/SystemServerTimingAsync( 736): ssm.onUnlockingUser-0_com.android.server.security.rkp.RemoteProvisioningService took to complete: 0ms
06-03 15:32:44.924 D/SystemServerTimingAsync( 736): ssm.onUnlockingUser-0_com.android.server.cpu.CpuMonitorService
06-03 15:32:44.924 V/SystemServerTimingAsync( 736): ssm.onUnlockingUser-0_com.android.server.cpu.CpuMonitorService took to complete: 0ms
06-03 15:32:44.924 D/SystemServerTimingAsync( 736): ssm.onUnlockingUser-0_com.android.server.security.KeyChainSystemService
06-03 15:32:44.924 V/SystemServerTimingAsync( 736): ssm.onUnlockingUser-0_com.android.server.security.KeyChainSystemService took to complete: 0ms
06-03 15:32:44.924 D/SystemServerTimingAsync( 736): ssm.onUnlockingUser-0_com.android.server.BinaryTransparencyService
06-03 15:32:44.924 V/SystemServerTimingAsync( 736): ssm.onUnlockingUser-0_com.android.server.BinaryTransparencyService took to complete: 0ms
06-03 15:32:44.924 D/SystemServerTimingAsync( 736): ssm.onUnlockingUser-0_com.android.server.accounts.AccountManagerService$Lifecycle
06-03 15:32:44.924 V/SystemServerTimingAsync( 736): ssm.onUnlockingUser-0_com.android.server.accounts.AccountManagerService$Lifecycle took to complete: 0ms
06-03 15:32:44.924 D/SystemServerTimingAsync( 736): ssm.onUnlockingUser-0_com.android.server.content.ContentService$Lifecycle
06-03 15:32:44.924 V/SystemServerTimingAsync( 736): ssm.onUnlockingUser-0_com.android.server.content.ContentService$Lifecycle took to complete: 0ms
06-03 15:32:44.924 D/SystemServerTimingAsync( 736): ssm.onUnlockingUser-0_com.android.server.deviceconfig.DeviceConfigInit$Lifecycle
06-03 15:32:44.924 V/SystemServerTimingAsync( 736): ssm.onUnlockingUser-0_com.android.server.deviceconfig.DeviceConfigInit$Lifecycle took to complete: 0ms
06-03 15:32:44.925 D/SystemServerTimingAsync( 736): ssm.onUnlockingUser-0_com.android.server.DropBoxManagerService
06-03 15:32:44.925 V/SystemServerTimingAsync( 736): ssm.onUnlockingUser-0_com.android.server.DropBoxManagerService took to complete: 0ms
06-03 15:32:44.925 D/SystemServerTimingAsync( 736): ssm.onUnlockingUser-0_com.android.role.RoleService
06-03 15:32:44.925 V/SystemServerTimingAsync( 736): ssm.onUnlockingUser-0_com.android.role.RoleService took to complete: 0ms
06-03 15:32:44.925 D/SystemServerTimingAsync( 736): ssm.onUnlockingUser-0_com.android.server.vibrator.VibratorManagerService$Lifecycle
06-03 15:32:44.925 V/SystemServerTimingAsync( 736): ssm.onUnlockingUser-0_com.android.server.vibrator.VibratorManagerService$Lifecycle took to complete: 0ms
06-03 15:32:44.925 D/SystemServerTimingAsync( 736): ssm.onUnlockingUser-0_com.android.server.tare.InternalResourceService
06-03 15:32:44.925 V/SystemServerTimingAsync( 736): ssm.onUnlockingUser-0_com.android.server.tare.InternalResourceService took to complete: 0ms
06-03 15:32:44.925 D/SystemServerTimingAsync( 736): ssm.onUnlockingUser-0_com.android.server.alarm.AlarmManagerService
06-03 15:32:44.925 V/SystemServerTimingAsync( 736): ssm.onUnlockingUser-0_com.android.server.alarm.AlarmManagerService took to complete: 0ms
06-03 15:32:44.925 D/SystemServerTimingAsync( 736): ssm.onUnlockingUser-0_com.android.server.devicestate.DeviceStateManagerService
06-03 15:32:44.925 V/SystemServerTimingAsync( 736): ssm.onUnlockingUser-0_com.android.server.devicestate.DeviceStateManagerService took to complete: 0ms
06-03 15:32:44.925 D/SystemServerTimingAsync( 736): ssm.onUnlockingUser-0_com.android.server.camera.CameraServiceProxy
06-03 15:32:44.925 V/SystemServerTimingAsync( 736): ssm.onUnlockingUser-0_com.android.server.camera.CameraServiceProxy took to complete: 0ms
06-03 15:32:44.925 D/SystemServerTimingAsync( 736): ssm.onUnlockingUser-0_com.android.server.bluetooth.BluetoothService
06-03 15:32:44.925 D/BluetoothManagerService( 736): User UserHandle{0} unlocked
06-03 15:32:44.925 V/SystemServerTimingAsync( 736): ssm.onUnlockingUser-0_com.android.server.bluetooth.BluetoothService took to complete: 0ms
06-03 15:32:44.925 D/SystemServerTimingAsync( 736): ssm.onUnlockingUser-0_com.android.server.connectivity.IpConnectivityMetrics
06-03 15:32:44.925 V/SystemServerTimingAsync( 736): ssm.onUnlockingUser-0_com.android.server.connectivity.IpConnectivityMetrics took to complete: 0ms
06-03 15:32:44.925 D/SystemServerTimingAsync( 736): ssm.onUnlockingUser-0_com.android.server.net.watchlist.NetworkWatchlistService$Lifecycle
06-03 15:32:44.925 V/SystemServerTimingAsync( 736): ssm.onUnlockingUser-0_com.android.server.net.watchlist.NetworkWatchlistService$Lifecycle took to complete: 0ms
06-03 15:32:44.925 D/SystemServerTimingAsync( 736): ssm.onUnlockingUser-0_com.android.server.PinnerService
06-03 15:32:44.925 V/SystemServerTimingAsync( 736): ssm.onUnlockingUser-0_com.android.server.PinnerService took to complete: 0ms
06-03 15:32:44.925 D/SystemServerTimingAsync( 736): ssm.onUnlockingUser-0_com.android.server.integrity.AppIntegrityManagerService
06-03 15:32:44.925 V/SystemServerTimingAsync( 736): ssm.onUnlockingUser-0_com.android.server.integrity.AppIntegrityManagerService took to complete: 0ms
06-03 15:32:44.925 D/SystemServerTimingAsync( 736): ssm.onUnlockingUser-0_com.android.server.logcat.LogcatManagerService
06-03 15:32:44.925 V/SystemServerTimingAsync( 736): ssm.onUnlockingUser-0_com.android.server.logcat.LogcatManagerService took to complete: 0ms
06-03 15:32:44.925 D/SystemServerTimingAsync( 736): ssm.onUnlockingUser-0_com.android.server.inputmethod.InputMethodManagerService$Lifecycle
06-03 15:32:44.925 V/SystemServerTimingAsync( 736): ssm.onUnlockingUser-0_com.android.server.inputmethod.InputMethodManagerService$Lifecycle took to complete: 0ms
06-03 15:32:44.925 D/SystemServerTimingAsync( 736): ssm.onUnlockingUser-0_com.android.server.accessibility.AccessibilityManagerService$Lifecycle
06-03 15:32:44.925 V/SystemServerTimingAsync( 736): ssm.onUnlockingUser-0_com.android.server.accessibility.AccessibilityManagerService$Lifecycle took to complete: 0ms
06-03 15:32:44.925 D/SystemServerTimingAsync( 736): ssm.onUnlockingUser-0_com.android.server.StorageManagerService$Lifecycle
06-03 15:32:44.925 D/StorageManagerService( 736): onUnlockUser 0
06-03 15:32:44.925 I/StorageSessionController( 736): On user unlock 0
06-03 15:32:44.925 I/StorageSessionController( 736): Initialialising...
06-03 15:32:44.926 I/vold ( 251): onUserStarted: 0
06-03 15:32:44.926 W/ActivityTaskManager( 736): Current config: {1.0 ?mcc0mnc [zh_CN] ldltr sw720dp w1280dp h720dp 240dpi xlrg long land television -touch qwerty/v/v dpad/v winConfig={ mBounds=Rect(0, 0 - 1920, 1080) mAppBounds=Rect(0, 0 - 1920, 1080) mMaxBounds=Rect(0, 0 - 1920, 1080) mDisplayRotation=ROTATION_0 mWindowingMode=fullscreen mDisplayWindowingMode=fullscreen mActivityType=undefined mAlwaysOnTop=undefined mRotation=ROTATION_0} s.6 fontWeightAdjustment=0} unchanged for IME proc com.sohu.inputmethod.sogou.tv
06-03 15:32:44.926 W/ActivityTaskManager( 736): Current config: {1.0 ?mcc0mnc [zh_CN] ldltr sw720dp w1280dp h720dp 240dpi xlrg long land television -touch qwerty/v/v dpad/v winConfig={ mBounds=Rect(0, 0 - 1920, 1080) mAppBounds=Rect(0, 0 - 1920, 1080) mMaxBounds=Rect(0, 0 - 1920, 1080) mDisplayRotation=ROTATION_0 mWindowingMode=fullscreen mDisplayWindowingMode=fullscreen mActivityType=undefined mAlwaysOnTop=undefined mRotation=ROTATION_0} s.6 fontWeightAdjustment=0} unchanged for IME proc com.sohu.inputmethod.sogou.tv
06-03 15:32:44.929 V/StorageManagerService( 736): Found primary storage at VolumeInfo{emulated;0}:
06-03 15:32:44.929 V/StorageManagerService( 736): type=EMULATED diskId=null partGuid= mountFlags=0 mountUserId=0
06-03 15:32:44.929 V/StorageManagerService( 736): state=UNMOUNTED
06-03 15:32:44.929 V/StorageManagerService( 736): fsType=null fsUuid=null fsLabel=null
06-03 15:32:44.929 V/StorageManagerService( 736): path=null internalPath=null
06-03 15:32:44.930 I/StorageManagerService( 736): Mounting volume VolumeInfo{emulated;0}:
06-03 15:32:44.930 I/StorageManagerService( 736): type=EMULATED diskId=null partGuid= mountFlags=PRIMARY|VISIBLE_FOR_WRITE
06-03 15:32:44.930 I/StorageManagerService( 736): mountUserId=0 state=UNMOUNTED
06-03 15:32:44.930 I/StorageManagerService( 736): fsType=null fsUuid=null fsLabel=null
06-03 15:32:44.930 I/StorageManagerService( 736): path=null internalPath=null
06-03 15:32:44.931 I/vold ( 251): Mounting emulated fuse volume
06-03 15:32:44.933 D/xm_audio( 478): adev_get_parameters
06-03 15:32:44.938 I/[3 T435 ..] apexd( 0): destroyCeSnapshotsNotSpecified() received by ApexService user_id : 0 retain_rollback_ids : []
06-03 15:32:44.934 V/SystemServerTimingAsync( 736): ssm.onUnlockingUser-0_com.android.server.StorageManagerService$Lifecycle took to complete: 9ms
06-03 15:32:44.934 D/SystemServerTimingAsync( 736): ssm.onUnlockingUser-0_com.android.server.usage.StorageStatsService$Lifecycle
06-03 15:32:44.934 V/SystemServerTimingAsync( 736): ssm.onUnlockingUser-0_com.android.server.usage.StorageStatsService$Lifecycle took to complete: 0ms
06-03 15:32:44.934 D/SystemServerTimingAsync( 736): ssm.onUnlockingUser-0_com.android.server.UiModeManagerService
06-03 15:32:44.934 V/SystemServerTimingAsync( 736): ssm.onUnlockingUser-0_com.android.server.UiModeManagerService took to complete: 0ms
06-03 15:32:44.934 D/SystemServerTimingAsync( 736): ssm.onUnlockingUser-0_com.android.server.locales.LocaleManagerService
06-03 15:32:44.934 V/SystemServerTimingAsync( 736): ssm.onUnlockingUser-0_com.android.server.locales.LocaleManagerService took to complete: 0ms
06-03 15:32:44.934 D/SystemServerTimingAsync( 736): ssm.onUnlockingUser-0_com.android.server.grammaticalinflection.GrammaticalInflectionService
06-03 15:32:44.934 V/SystemServerTimingAsync( 736): ssm.onUnlockingUser-0_com.android.server.grammaticalinflection.GrammaticalInflectionService took to complete: 0ms
06-03 15:32:44.934 D/SystemServerTimingAsync( 736): ssm.onUnlockingUser-0_com.android.server.apphibernation.AppHibernationService
06-03 15:32:44.935 V/SystemServerTimingAsync( 736): ssm.onUnlockingUser-0_com.android.server.apphibernation.AppHibernationService took to complete: 1ms
06-03 15:32:44.935 D/SystemServerTimingAsync( 736): ssm.onUnlockingUser-0_com.android.server.locksettings.LockSettingsService$Lifecycle
06-03 15:32:44.935 V/SystemServerTimingAsync( 736): ssm.onUnlockingUser-0_com.android.server.locksettings.LockSettingsService$Lifecycle took to complete: 0ms
06-03 15:32:44.935 D/SystemServerTimingAsync( 736): ssm.onUnlockingUser-0_com.android.server.PersistentDataBlockService
06-03 15:32:44.935 V/SystemServerTimingAsync( 736): ssm.onUnlockingUser-0_com.android.server.PersistentDataBlockService took to complete: 0ms
06-03 15:32:44.935 D/SystemServerTimingAsync( 736): ssm.onUnlockingUser-0_com.android.server.testharness.TestHarnessModeService
06-03 15:32:44.935 V/SystemServerTimingAsync( 736): ssm.onUnlockingUser-0_com.android.server.testharness.TestHarnessModeService took to complete: 0ms
06-03 15:32:44.935 D/SystemServerTimingAsync( 736): ssm.onUnlockingUser-0_com.android.server.oemlock.OemLockService
06-03 15:32:44.935 I/HibernationStateDiskStore( 736): No hibernation file on disk for file /data/system_ce/0/hibernation/states
06-03 15:32:44.935 V/SystemServerTimingAsync( 736): ssm.onUnlockingUser-0_com.android.server.oemlock.OemLockService took to complete: 0ms
06-03 15:32:44.935 D/SystemServerTimingAsync( 736): ssm.onUnlockingUser-0_com.android.server.DeviceIdleController
06-03 15:32:44.935 V/SystemServerTimingAsync( 736): ssm.onUnlockingUser-0_com.android.server.DeviceIdleController took to complete: 0ms
06-03 15:32:44.935 D/SystemServerTimingAsync( 736): ssm.onUnlockingUser-0_com.android.server.devicepolicy.DevicePolicyManagerService$Lifecycle
06-03 15:32:44.935 D/BluetoothManagerService( 736): MESSAGE_USER_UNLOCKED
06-03 15:32:44.936 V/SystemServerTimingAsync( 736): ssm.onUnlockingUser-0_com.android.server.devicepolicy.DevicePolicyManagerService$Lifecycle took to complete: 1ms
06-03 15:32:44.936 D/SystemServerTimingAsync( 736): ssm.onUnlockingUser-0_com.android.server.texttospeech.TextToSpeechManagerService
06-03 15:32:44.936 V/SystemServerTimingAsync( 736): ssm.onUnlockingUser-0_com.android.server.texttospeech.TextToSpeechManagerService took to complete: 0ms
06-03 15:32:44.936 D/SystemServerTimingAsync( 736): ssm.onUnlockingUser-0_com.android.server.ambientcontext.AmbientContextManagerService
06-03 15:32:44.936 I/BroadcastQueue( 736): BOOT_COMPLETED_BROADCAST_COMPLETION_LATENCY_REPORTED action:android.intent.action.LOCKED_BOOT_COMPLETED dispatchLatency:35 completeLatency:515 dispatchRealLatency:35 completeRealLatency:515 receiversSize:4 userId:0 userType:android.os.usertype.full.SYSTEM
06-03 15:32:44.936 I/AmbientContextManagerService( 736): serviceNames sent in newServiceListLocked is null, or empty
06-03 15:32:44.936 V/SystemServerTimingAsync( 736): ssm.onUnlockingUser-0_com.android.server.ambientcontext.AmbientContextManagerService took to complete: 0ms
06-03 15:32:44.936 D/SystemServerTimingAsync( 736): ssm.onUnlockingUser-0_com.android.server.wearable.WearableSensingManagerService
06-03 15:32:44.937 D/WearableSensingManagerService( 736): onServiceRemoved
06-03 15:32:44.937 D/WearableSensingManagerPerUserService( 736): Trying to cancel the remote request. Reason: Service destroyed.
06-03 15:32:44.937 V/SystemServerTimingAsync( 736): ssm.onUnlockingUser-0_com.android.server.wearable.WearableSensingManagerService took to complete: 1ms
06-03 15:32:44.937 D/WindowTokenClient( 1421): Configuration not dispatch to IME because configuration is up to date. Current config={1.0 ?mcc0mnc [zh_CN] ldltr sw720dp w1280dp h720dp 240dpi xlrg long land television -touch qwerty/v/v dpad/v winConfig={ mBounds=Rect(0, 0 - 1920, 1080) mAppBounds=Rect(0, 0 - 1920, 1080) mMaxBounds=Rect(0, 0 - 1920, 1080) mDisplayRotation=ROTATION_0 mWindowingMode=fullscreen mDisplayWindowingMode=fullscreen mActivityType=undefined mAlwaysOnTop=undefined mRotation=ROTATION_0} s.6 fontWeightAdjustment=0}, reported config={1.0 ?mcc0mnc [zh_CN] ldltr sw720dp w1280dp h720dp 240dpi xlrg long land television -touch qwerty/v/v dpad/v winConfig={ mBounds=Rect(0, 0 - 1920, 1080) mAppBounds=Rect(0, 0 - 1920, 1080) mMaxBounds=Rect(0, 0 - 1920, 1080) mDisplayRotation=ROTATION_0 mWindowingMode=fullscreen mDisplayWindowingMode=fullscreen mActivityType=undefined mAlwaysOnTop=undefined mRotation=ROTATION_0} s.6 fontWeightAdjustment=0}, updated config={1.0 ?mcc0mnc [zh_CN] ldltr sw720dp w1280dp h720dp 240dpi xlrg long land television -touch qwerty/v/v dpad/v winConfig={ mBounds=Rect(0, 0 - 1920, 1080) mAppBounds=Rect(0, 0 - 1920, 1080) mMaxBounds=Rect(0, 0 - 1920, 1080) mDisplayRotation=ROTATION_0 mWindowingMode=fullscreen mDisplayWindowingMode=fullscreen mActivityType=undefined mAlwaysOnTop=undefined mRotation=ROTATION_0} s.6 fontWeightAdjustment=0}
06-03 15:32:44.937 D/SystemServerTimingAsync( 736): ssm.onUnlockingUser-0_com.android.server.speech.SpeechRecognitionManagerService
06-03 15:32:44.937 D/LockSettingsService( 736): Hiding encryption notification for user 0
06-03 15:32:44.939 V/SystemServerTimingAsync( 736): ssm.onUnlockingUser-0_com.android.server.speech.SpeechRecognitionManagerService took to complete: 2ms
06-03 15:32:44.939 D/SystemServerTimingAsync( 736): ssm.onUnlockingUser-0_com.android.server.searchui.SearchUiManagerService
06-03 15:32:44.941 D/CoreBackPreview( 736): Window{4a53674 u0 InputMethod}: Setting back callback OnBackInvokedCallbackInfo{mCallback=android.window.IOnBackInvokedCallback$Stub$Proxy@149164b, mPriority=0, mIsAnimationCallback=false}
06-03 15:32:44.941 D/xm_audio( 478): adev_get_parameters
06-03 15:32:44.942 V/SystemServerTimingAsync( 736): ssm.onUnlockingUser-0_com.android.server.searchui.SearchUiManagerService took to complete: 3ms
06-03 15:32:44.942 D/SystemServerTimingAsync( 736): ssm.onUnlockingUser-0_com.android.server.smartspace.SmartspaceManagerService
06-03 15:32:44.942 V/SystemServerTimingAsync( 736): ssm.onUnlockingUser-0_com.android.server.smartspace.SmartspaceManagerService took to complete: 0ms
06-03 15:32:44.942 D/SystemServerTimingAsync( 736): ssm.onUnlockingUser-0_com.android.server.graphics.fonts.FontManagerService$Lifecycle
06-03 15:32:44.942 V/SystemServerTimingAsync( 736): ssm.onUnlockingUser-0_com.android.server.graphics.fonts.FontManagerService$Lifecycle took to complete: 0ms
06-03 15:32:44.942 D/SystemServerTimingAsync( 736): ssm.onUnlockingUser-0_com.android.server.textservices.TextServicesManagerService$Lifecycle
06-03 15:32:44.943 W/TextServicesManagerService( 736): no available spell checker services found
06-03 15:32:44.943 V/SystemServerTimingAsync( 736): ssm.onUnlockingUser-0_com.android.server.textservices.TextServicesManagerService$Lifecycle took to complete: 1ms
06-03 15:32:44.943 D/SystemServerTimingAsync( 736): ssm.onUnlockingUser-0_com.android.server.textclassifier.TextClassificationManagerService$Lifecycle
06-03 15:32:44.943 V/SystemServerTimingAsync( 736): ssm.onUnlockingUser-0_com.android.server.textclassifier.TextClassificationManagerService$Lifecycle took to complete: 0ms
06-03 15:32:44.944 D/SystemServerTimingAsync( 736): ssm.onUnlockingUser-0_com.android.server.NetworkScoreService$Lifecycle
06-03 15:32:44.944 V/SystemServerTimingAsync( 736): ssm.onUnlockingUser-0_com.android.server.NetworkScoreService$Lifecycle took to complete: 0ms
06-03 15:32:44.944 D/SystemServerTimingAsync( 736): ssm.onUnlockingUser-0_com.android.server.NetworkStatsServiceInitializer
06-03 15:32:44.944 V/SystemServerTimingAsync( 736): ssm.onUnlockingUser-0_com.android.server.NetworkStatsServiceInitializer took to complete: 0ms
06-03 15:32:44.944 D/SystemServerTimingAsync( 736): ssm.onUnlockingUser-0_com.android.server.wifi.WifiService
06-03 15:32:44.944 D/WifiService( 736): Handle user unlock 0
06-03 15:32:44.945 V/SystemServerTimingAsync( 736): ssm.onUnlockingUser-0_com.android.server.wifi.WifiService took to complete: 1ms
06-03 15:32:44.945 D/SystemServerTimingAsync( 736): ssm.onUnlockingUser-0_com.android.server.wifi.scanner.WifiScanningService
06-03 15:32:44.945 V/SystemServerTimingAsync( 736): ssm.onUnlockingUser-0_com.android.server.wifi.scanner.WifiScanningService took to complete: 0ms
06-03 15:32:44.945 D/SystemServerTimingAsync( 736): ssm.onUnlockingUser-0_com.android.server.wifi.p2p.WifiP2pService
06-03 15:32:44.945 V/SystemServerTimingAsync( 736): ssm.onUnlockingUser-0_com.android.server.wifi.p2p.WifiP2pService took to complete: 0ms
06-03 15:32:44.945 D/SystemServerTimingAsync( 736): ssm.onUnlockingUser-0_com.android.server.ConnectivityServiceInitializer
06-03 15:32:44.945 V/SystemServerTimingAsync( 736): ssm.onUnlockingUser-0_com.android.server.ConnectivityServiceInitializer took to complete: 0ms
06-03 15:32:44.945 D/SystemServerTimingAsync( 736): ssm.onUnlockingUser-0_com.android.server.notification.NotificationManagerService
06-03 15:32:44.945 V/SystemServerTimingAsync( 736): ssm.onUnlockingUser-0_com.android.server.notification.NotificationManagerService took to complete: 0ms
06-03 15:32:44.945 D/SystemServerTimingAsync( 736): ssm.onUnlockingUser-0_com.android.server.storage.DeviceStorageMonitorService
06-03 15:32:44.945 V/SystemServerTimingAsync( 736): ssm.onUnlockingUser-0_com.android.server.storage.DeviceStorageMonitorService took to complete: 0ms
06-03 15:32:44.945 W/Looper ( 736): Drained
06-03 15:32:44.946 D/SystemServerTimingAsync( 736): ssm.onUnlockingUser-0_com.android.server.timedetector.TimeDetectorService$Lifecycle
06-03 15:32:44.946 V/SystemServerTimingAsync( 736): ssm.onUnlockingUser-0_com.android.server.timedetector.TimeDetectorService$Lifecycle took to complete: 0ms
06-03 15:32:44.946 D/SystemServerTimingAsync( 736): ssm.onUnlockingUser-0_com.android.server.location.LocationManagerService$Lifecycle
06-03 15:32:44.946 V/SystemServerTimingAsync( 736): ssm.onUnlockingUser-0_com.android.server.location.LocationManagerService$Lifecycle took to complete: 0ms
06-03 15:32:44.946 D/SystemServerTimingAsync( 736): ssm.onUnlockingUser-0_com.android.server.timezonedetector.TimeZoneDetectorService$Lifecycle
06-03 15:32:44.946 V/SystemServerTimingAsync( 736): ssm.onUnlockingUser-0_com.android.server.timezonedetector.TimeZoneDetectorService$Lifecycle took to complete: 0ms
06-03 15:32:44.946 D/SystemServerTimingAsync( 736): ssm.onUnlockingUser-0_com.android.server.location.altitude.AltitudeService$Lifecycle
06-03 15:32:44.946 V/SystemServerTimingAsync( 736): ssm.onUnlockingUser-0_com.android.server.location.altitude.AltitudeService$Lifecycle took to complete: 0ms
06-03 15:32:44.946 D/SystemServerTimingAsync( 736): ssm.onUnlockingUser-0_com.android.server.timezonedetector.location.LocationTimeZoneManagerService$Lifecycle
06-03 15:32:44.946 V/SystemServerTimingAsync( 736): ssm.onUnlockingUser-0_com.android.server.timezonedetector.location.LocationTimeZoneManagerService$Lifecycle took to complete: 0ms
06-03 15:32:44.946 D/SystemServerTimingAsync( 736): ssm.onUnlockingUser-0_com.android.server.search.SearchManagerService$Lifecycle
06-03 15:32:44.947 V/SystemServerTimingAsync( 736): ssm.onUnlockingUser-0_com.android.server.search.SearchManagerService$Lifecycle took to complete: 0ms
06-03 15:32:44.947 D/SystemServerTimingAsync( 736): ssm.onUnlockingUser-0_com.android.server.wallpaper.WallpaperManagerService$Lifecycle
06-03 15:32:44.947 V/SystemServerTimingAsync( 736): ssm.onUnlockingUser-0_com.android.server.wallpaper.WallpaperManagerService$Lifecycle took to complete: 0ms
06-03 15:32:44.947 D/SystemServerTimingAsync( 736): ssm.onUnlockingUser-0_com.android.server.wallpapereffectsgeneration.WallpaperEffectsGenerationManagerService
06-03 15:32:44.947 V/SystemServerTimingAsync( 736): ssm.onUnlockingUser-0_com.android.server.wallpapereffectsgeneration.WallpaperEffectsGenerationManagerService took to complete: 0ms
06-03 15:32:44.947 D/SystemServerTimingAsync( 736): ssm.onUnlockingUser-0_com.android.server.audio.AudioService$Lifecycle
06-03 15:32:44.947 V/SystemServerTimingAsync( 736): ssm.onUnlockingUser-0_com.android.server.audio.AudioService$Lifecycle took to complete: 0ms
06-03 15:32:44.947 D/SystemServerTimingAsync( 736): ssm.onUnlockingUser-0_com.android.server.soundtrigger_middleware.SoundTriggerMiddlewareService$Lifecycle
06-03 15:32:44.947 V/SystemServerTimingAsync( 736): ssm.onUnlockingUser-0_com.android.server.soundtrigger_middleware.SoundTriggerMiddlewareService$Lifecycle took to complete: 0ms
06-03 15:32:44.947 D/SystemServerTimingAsync( 736): ssm.onUnlockingUser-0_com.android.server.adb.AdbService$Lifecycle
06-03 15:32:44.947 V/SystemServerTimingAsync( 736): ssm.onUnlockingUser-0_com.android.server.adb.AdbService$Lifecycle took to complete: 0ms
06-03 15:32:44.947 D/SystemServerTimingAsync( 736): ssm.onUnlockingUser-0_com.android.server.usb.UsbService$Lifecycle
06-03 15:32:44.951 I/vold ( 251): Bind mounting /data/media to /mnt/pass_through/0/emulated
06-03 15:32:44.955 D/xm_audio( 478): adev_get_parameters
06-03 15:32:44.955 I/StorageSessionController( 736): On volume mount VolumeInfo{emulated;0}:
06-03 15:32:44.955 I/StorageSessionController( 736): type=EMULATED diskId=null partGuid= mountFlags=PRIMARY|VISIBLE_FOR_WRITE
06-03 15:32:44.955 I/StorageSessionController( 736): mountUserId=0 state=CHECKING
06-03 15:32:44.955 I/StorageSessionController( 736): fsType=null fsUuid=null fsLabel=null
06-03 15:32:44.955 I/StorageSessionController( 736): path=/storage/emulated internalPath=/data/media
06-03 15:32:44.956 D/WakeupConfigStoreData( 736): WifiWake user data has been read
06-03 15:32:44.956 I/StorageSessionController( 736): Creating connection for user: 0
06-03 15:32:44.957 D/xm_audio( 478): adev_get_parameters
06-03 15:32:44.960 D/WifiConfigStore( 736): Reading from user stores completed in 13 ms.
06-03 15:32:44.961 D/xm_audio( 478): adev_get_parameters
06-03 15:32:44.962 D/xm_audio( 478): adev_get_parameters
06-03 15:32:44.963 V/SystemServerTimingAsync( 736): ssm.onUnlockingUser-0_com.android.server.usb.UsbService$Lifecycle took to complete: 16ms
06-03 15:32:44.963 D/SystemServerTimingAsync( 736): ssm.onUnlockingUser-0_com.android.server.twilight.TwilightService
06-03 15:32:44.963 V/SystemServerTimingAsync( 736): ssm.onUnlockingUser-0_com.android.server.twilight.TwilightService took to complete: 0ms
06-03 15:32:44.963 D/SystemServerTimingAsync( 736): ssm.onUnlockingUser-0_com.android.server.display.color.ColorDisplayService
06-03 15:32:44.963 V/SystemServerTimingAsync( 736): ssm.onUnlockingUser-0_com.android.server.display.color.ColorDisplayService took to complete: 0ms
06-03 15:32:44.963 D/SystemServerTimingAsync( 736): ssm.onUnlockingUser-0_com.android.server.job.JobSchedulerService
06-03 15:32:44.963 V/SystemServerTimingAsync( 736): ssm.onUnlockingUser-0_com.android.server.job.JobSchedulerService took to complete: 0ms
06-03 15:32:44.963 D/SystemServerTimingAsync( 736): ssm.onUnlockingUser-0_com.android.server.soundtrigger.SoundTriggerService
06-03 15:32:44.963 V/SystemServerTimingAsync( 736): ssm.onUnlockingUser-0_com.android.server.soundtrigger.SoundTriggerService took to complete: 0ms
06-03 15:32:44.963 D/SystemServerTimingAsync( 736): ssm.onUnlockingUser-0_com.android.server.trust.TrustManagerService
06-03 15:32:44.963 V/SystemServerTimingAsync( 736): ssm.onUnlockingUser-0_com.android.server.trust.TrustManagerService took to complete: 0ms
06-03 15:32:44.963 D/SystemServerTimingAsync( 736): ssm.onUnlockingUser-0_com.android.server.backup.BackupManagerService$Lifecycle
06-03 15:32:44.964 V/SystemServerTimingAsync( 736): ssm.onUnlockingUser-0_com.android.server.backup.BackupManagerService$Lifecycle took to complete: 1ms
06-03 15:32:44.964 D/SystemServerTimingAsync( 736): ssm.onUnlockingUser-0_com.android.server.appwidget.AppWidgetService
06-03 15:32:44.964 V/SystemServerTimingAsync( 736): ssm.onUnlockingUser-0_com.android.server.appwidget.AppWidgetService took to complete: 0ms
06-03 15:32:44.964 D/SystemServerTimingAsync( 736): ssm.onUnlockingUser-0_com.android.server.voiceinteraction.VoiceInteractionManagerService
06-03 15:32:44.965 I/StorageSessionController( 736): Creating and starting session with id: emulated;0
06-03 15:32:44.966 I/StorageUserConnection( 736): Binding to the ExternalStorageService for user 0
06-03 15:32:44.966 W/VoiceInteractionManager( 736): no available voice recognition services found for user 0
06-03 15:32:44.966 D/WifiConfigStore( 736): Writing to stores completed in 4 ms.
06-03 15:32:44.967 V/SystemServerTimingAsync( 736): ssm.onUnlockingUser-0_com.android.server.voiceinteraction.VoiceInteractionManagerService took to complete: 3ms
06-03 15:32:44.967 D/SystemServerTimingAsync( 736): ssm.onUnlockingUser-0_com.android.server.GestureLauncherService
06-03 15:32:44.967 V/SystemServerTimingAsync( 736): ssm.onUnlockingUser-0_com.android.server.GestureLauncherService took to complete: 0ms
06-03 15:32:44.967 D/SystemServerTimingAsync( 736): ssm.onUnlockingUser-0_com.android.server.SensorNotificationService
06-03 15:32:44.967 V/SystemServerTimingAsync( 736): ssm.onUnlockingUser-0_com.android.server.SensorNotificationService took to complete: 0ms
06-03 15:32:44.968 D/SystemServerTimingAsync( 736): ssm.onUnlockingUser-0_com.android.server.emergency.EmergencyAffordanceService
06-03 15:32:44.968 V/SystemServerTimingAsync( 736): ssm.onUnlockingUser-0_com.android.server.emergency.EmergencyAffordanceService took to complete: 0ms
06-03 15:32:44.968 D/SystemServerTimingAsync( 736): ssm.onUnlockingUser-0_com.android.server.blob.BlobStoreManagerService
06-03 15:32:44.968 V/SystemServerTimingAsync( 736): ssm.onUnlockingUser-0_com.android.server.blob.BlobStoreManagerService took to complete: 0ms
06-03 15:32:44.968 D/SystemServerTimingAsync( 736): ssm.onUnlockingUser-0_com.android.server.dreams.DreamManagerService
06-03 15:32:44.968 V/SystemServerTimingAsync( 736): ssm.onUnlockingUser-0_com.android.server.dreams.DreamManagerService took to complete: 0ms
06-03 15:32:44.968 D/SystemServerTimingAsync( 736): ssm.onUnlockingUser-0_com.android.server.security.AttestationVerificationManagerService
06-03 15:32:44.968 V/SystemServerTimingAsync( 736): ssm.onUnlockingUser-0_com.android.server.security.AttestationVerificationManagerService took to complete: 0ms
06-03 15:32:44.968 D/SystemServerTimingAsync( 736): ssm.onUnlockingUser-0_com.android.server.restrictions.RestrictionsManagerService
06-03 15:32:44.968 V/SystemServerTimingAsync( 736): ssm.onUnlockingUser-0_com.android.server.restrictions.RestrictionsManagerService took to complete: 0ms
06-03 15:32:44.968 D/SystemServerTimingAsync( 736): ssm.onUnlockingUser-0_com.android.server.media.MediaSessionService
06-03 15:32:44.968 V/SystemServerTimingAsync( 736): ssm.onUnlockingUser-0_com.android.server.media.MediaSessionService took to complete: 0ms
06-03 15:32:44.968 D/SystemServerTimingAsync( 736): ssm.onUnlockingUser-0_com.android.server.hdmi.HdmiControlService
06-03 15:32:44.968 V/SystemServerTimingAsync( 736): ssm.onUnlockingUser-0_com.android.server.hdmi.HdmiControlService took to complete: 0ms
06-03 15:32:44.968 D/SystemServerTimingAsync( 736): ssm.onUnlockingUser-0_com.android.server.tv.interactive.TvInteractiveAppManagerService
06-03 15:32:44.968 V/SystemServerTimingAsync( 736): ssm.onUnlockingUser-0_com.android.server.tv.interactive.TvInteractiveAppManagerService took to complete: 0ms
06-03 15:32:44.968 D/SystemServerTimingAsync( 736): ssm.onUnlockingUser-0_com.android.server.tv.TvInputManagerService
06-03 15:32:44.969 I/BackupManagerService( 736): Starting service for user: 0
06-03 15:32:44.969 V/SystemServerTimingAsync( 736): ssm.onUnlockingUser-0_com.android.server.tv.TvInputManagerService took to complete: 1ms
06-03 15:32:44.970 D/CompatibilityChangeReporter( 736): Compat change id reported: 135634846; UID 10065; state: DISABLED
06-03 15:32:44.970 D/SystemServerTimingAsync( 736): ssm.onUnlockingUser-0_com.android.server.media.MediaResourceMonitorService
06-03 15:32:44.970 V/SystemServerTimingAsync( 736): ssm.onUnlockingUser-0_com.android.server.media.MediaResourceMonitorService took to complete: 0ms
06-03 15:32:44.970 D/SystemServerTimingAsync( 736): ssm.onUnlockingUser-0_com.android.server.tv.TvRemoteService
06-03 15:32:44.970 V/SystemServerTimingAsync( 736): ssm.onUnlockingUser-0_com.android.server.tv.TvRemoteService took to complete: 0ms
06-03 15:32:44.970 D/SystemServerTimingAsync( 736): ssm.onUnlockingUser-0_com.android.server.biometrics.BiometricService
06-03 15:32:44.970 V/SystemServerTimingAsync( 736): ssm.onUnlockingUser-0_com.android.server.biometrics.BiometricService took to complete: 0ms
