06-03 15:33:00.091 D/BufferPoolAccessor2.0( 736): bufferpool2 0xb8491068 : 0(0 size) total buffers - 0(0 size) used buffers - 2/7 (recycle/alloc) - 5/26 (fetch/transfer)
06-03 15:33:00.091 D/BufferPoolAccessor2.0( 736): bufferpool2 0xb8490e28 : 0(0 size) total buffers - 0(0 size) used buffers - 2/7 (recycle/alloc) - 5/24 (fetch/transfer)
06-03 15:33:00.091 D/BufferPoolAccessor2.0( 736): Destruction - bufferpool2 0xb8490e28 cached: 0/0M, 0/0% in use; allocs: 7, 29% recycled; transfers: 24, 79% unfetched
06-03 15:33:00.091 D/BufferPoolAccessor2.0( 736): bufferpool2 0xb848e908 : 0(0 size) total buffers - 0(0 size) used buffers - 2/7 (recycle/alloc) - 5/34 (fetch/transfer)
06-03 15:33:00.091 D/BufferPoolAccessor2.0( 736): Destruction - bufferpool2 0xb848e908 cached: 0/0M, 0/0% in use; allocs: 7, 29% recycled; transfers: 34, 85% unfetched
06-03 15:33:00.091 D/BufferPoolAccessor2.0( 736): bufferpool2 0xb8493588 : 0(0 size) total buffers - 0(0 size) used buffers - 2/7 (recycle/alloc) - 5/34 (fetch/transfer)
06-03 15:33:00.091 D/BufferPoolAccessor2.0( 736): Destruction - bufferpool2 0xb8493588 cached: 0/0M, 0/0% in use; allocs: 7, 29% recycled; transfers: 34, 85% unfetched
06-03 15:33:00.091 I/CCodecBufferChannel( 736): [c2.android.vorbis.decoder#823] Created output block pool with allocatorID 16 => poolID 23 - OK
06-03 15:33:00.091 D/BufferPoolAccessor2.0( 736): bufferpool2 0xb849c228 : 0(0 size) total buffers - 0(0 size) used buffers - 2/7 (recycle/alloc) - 5/24 (fetch/transfer)
06-03 15:33:00.091 D/BufferPoolAccessor2.0( 736): Destruction - bufferpool2 0xb849c228 cached: 0/0M, 0/0% in use; allocs: 7, 29% recycled; transfers: 24, 79% unfetched
06-03 15:33:00.091 D/CCodecBufferChannel( 736): [c2.android.vorbis.decoder#823] Configured output block pool ids 23 => OK
06-03 15:33:00.092 D/BufferPoolAccessor2.0( 736): Destruction - bufferpool2 0xb8491068 cached: 0/0M, 0/0% in use; allocs: 7, 29% recycled; transfers: 26, 81% unfetched
06-03 15:33:00.092 I/C2VendorComponentStore( 484): setDmaBufUsage 5
06-03 15:33:00.092 I/CCodecBufferChannel( 736): [c2.android.vorbis.decoder#952] Created output block pool with allocatorID 16 => poolID 24 - OK
06-03 15:33:00.093 D/CCodecBufferChannel( 736): [c2.android.vorbis.decoder#952] Configured output block pool ids 24 => OK
06-03 15:33:00.093 D/SimpleC2Component( 647): Using output block pool with poolID 23 => got 23 - 0
06-03 15:33:00.094 D/SimpleC2Component( 647): Using output block pool with poolID 24 => got 24 - 0
06-03 15:33:00.100 I/C2VendorComponentStore( 484): setDmaBufUsage 5
06-03 15:33:00.105 I/okhttp.OkHttpClient( 1494): <-- 200 OK http://tymsgapi.qun7.com/v1/core/ykota (58ms, unknown-length body)
06-03 15:33:00.108 D/bluetooth( 1168): packages/modules/Bluetooth/system/gd/hci/le_scanning_reassembler.cc:64 ProcessAdvertisingReport: Dropping repeated legacy advertising data
06-03 15:33:00.111 I/android.hardware.bluetooth@1.0-impl( 480): [HandleIncomingEvent-549]: rec adv direct packet
06-03 15:33:00.120 E/ccc ( 1494): cccccc com.dangbei.haqusetting not connect
06-03 15:33:00.120 E/ccc ( 1494): cccccc updateHelper 通知更新
06-03 15:33:00.121 E/ccc ( 1494): cccccc 有更新 且存在文件 RemoteUpdateBean{downloadId='114', name='H5Pro', rommodel='DBBOX-A2,DBBOX-A3', versionName='DB250603', downUrl='http://dl.qun7.com/YKQ/XIMI/20250521H5P/DB-15B-H5-R0111.zip', reUrl='http://dl.v5tv.com/YKQ/XIMI/20250521H5P/DB-15B-H5-R0111.zip', reUrl2='http://dl.tymcdn.com/YKQ/XIMI/20250521H5P/DB-15B-H5-R0111.zip', contentLength=39139, md5v='fffea0f41575b3a9cf6f36c303f890d9', tempUrl='http://dl.qun7.com/YKQ/XIMI/20250521H5P/DB-15B-H5-R0111.zip', desc='null', status=completed, progress=100.0, isPaused=false, cancelled=true, extraInfo='null', localPath='/data/etna_download/remote/114.zip', current=39139, create_time=0, remark='H5/H5Pro遥控器OTA测试,版本R0111,20250521
06-03 15:33:00.121 E/ccc ( 1494): 时间6月3号'}
06-03 15:33:00.132 I/android.hardware.bluetooth@1.0-impl( 480): [HandleIncomingEvent-549]: rec adv direct packet
06-03 15:33:00.138 W/System ( 1494): A resource failed to call close.
06-03 15:33:00.139 W/System ( 1494): A resource failed to call close.
06-03 15:33:00.147 I/android.hardware.bluetooth@1.0-impl( 480): [HandleIncomingEvent-549]: rec adv direct packet
06-03 15:33:00.165 W/ ( 0): [1 T1090 ..] [SP FRAME RX] arp req,vif_idx:0 sender:[e0:ba:ad:3a:be:9a 192.168.3.66]receiver:[00:00:00:00:00:00 192.168.3.4]
06-03 15:33:00.166 W/ ( 0): [1 T1090 ..] [SP FRAME TX] arp rsp,vif_idx:0 sender:[1c:79:2d:20:62:cb 192.168.3.4]receiver:[e0:ba:ad:3a:be:9a 192.168.3.66]
06-03 15:33:00.168 W/ ( 0): [1 T1090 ..] [SP FRAME RX] arp req,vif_idx:0 sender:[b0:dc:ef:39:56:8e 192.168.3.5]receiver:[1c:79:2d:20:62:cb 192.168.3.4]
06-03 15:33:00.169 W/ ( 0): [1 T1090 ..] [SP FRAME TX] arp rsp,vif_idx:0 sender:[1c:79:2d:20:62:cb 192.168.3.4]receiver:[b0:dc:ef:39:56:8e 192.168.3.5]
06-03 15:33:00.152 D/CCodecBufferChannel( 736): [c2.android.vorbis.decoder#823] MediaCodec discarded an unknown buffer
06-03 15:33:00.152 D/CCodecBufferChannel( 736): [c2.android.vorbis.decoder#823] MediaCodec discarded an unknown buffer
06-03 15:33:00.155 I/hw-BpHwBinder( 736): onLastStrongRef automatically unlinking death recipients
06-03 15:33:00.155 I/hw-BpHwBinder( 647): onLastStrongRef automatically unlinking death recipients
06-03 15:33:00.157 D/MediaCodec( 736): flushMediametrics
06-03 15:33:00.160 D/CCodecBufferChannel( 736): [c2.android.vorbis.decoder#952] MediaCodec discarded an unknown buffer
06-03 15:33:00.162 I/hw-BpHwBinder( 736): onLastStrongRef automatically unlinking death recipients
06-03 15:33:00.162 I/hw-BpHwBinder( 647): onLastStrongRef automatically unlinking death recipients
06-03 15:33:00.162 I/hw-BpHwBinder( 647): onLastStrongRef automatically unlinking death recipients
06-03 15:33:00.163 I/AmFFmpegByteIOAdapter( 632): File size : 13299
06-03 15:33:00.163 D/MediaCodec( 736): flushMediametrics
06-03 15:33:00.164 W/exFFmpeg( 632): Invalid return value 0 for stream protocol
06-03 15:33:00.164 W/exFFmpeg( 632): Invalid return value 0 for stream protocol
06-03 15:33:00.165 I/AmFFmpegExtractor( 632): checkInList: iswhite:0, mime:audio/ogg, type:1, id:86021 tag:0
06-03 15:33:00.165 I/AmFFmpegExtractor( 632): checkInList: iswhite:1, mime:audio/ogg, type:1, id:86021 tag:0
06-03 15:33:00.165 E/AmFFmpegExtractor( 632): codec_ctx->properties: 0
06-03 15:33:00.165 I/AmFFmpegExtractor( 632): checkSupportInList ret 1
06-03 15:33:00.167 I/AmFFmpegExtractor( 632): checkInList: iswhite:0, mime:audio/ogg, type:1, id:86021 tag:0
06-03 15:33:00.167 I/AmFFmpegExtractor( 632): checkInList: iswhite:1, mime:audio/ogg, type:1, id:86021 tag:0
06-03 15:33:00.167 E/AmFFmpegExtractor( 632): codec_ctx->properties: 0
06-03 15:33:00.167 I/AmFFmpegExtractor( 632): checkSupportInList ret 0
06-03 15:33:00.167 E/AmFFmpegExtractor( 632): vendor do not support
06-03 15:33:00.170 I/android.hardware.bluetooth@1.0-impl( 480): [HandleIncomingEvent-549]: rec adv direct packet
06-03 15:33:00.172 D/MediaCodecList( 736): codecHandlesFormat: no format, so no extra checks
06-03 15:33:00.174 D/CCodec ( 736): allocate(c2.android.vorbis.decoder)
06-03 15:33:00.175 I/CCodec ( 736): setting up 'default' as default (vendor) store
06-03 15:33:00.178 I/CCodec ( 736): Created component [c2.android.vorbis.decoder]
06-03 15:33:00.178 D/CCodecConfig( 736): read media type: audio/vorbis
06-03 15:33:00.180 D/ReflectedParamUpdater( 736): extent() != 1 for single value type: algo.buffers.max-count.values
06-03 15:33:00.181 D/ReflectedParamUpdater( 736): extent() != 1 for single value type: output.subscribed-indices.values
06-03 15:33:00.181 D/ReflectedParamUpdater( 736): extent() != 1 for single value type: input.buffers.allocator-ids.values
06-03 15:33:00.181 D/ReflectedParamUpdater( 736): extent() != 1 for single value type: output.buffers.allocator-ids.values
06-03 15:33:00.181 D/ReflectedParamUpdater( 736): extent() != 1 for single value type: algo.buffers.allocator-ids.values
06-03 15:33:00.181 D/ReflectedParamUpdater( 736): extent() != 1 for single value type: output.buffers.pool-ids.values
06-03 15:33:00.181 D/ReflectedParamUpdater( 736): extent() != 1 for single value type: algo.buffers.pool-ids.values
06-03 15:33:00.183 I/CCodecConfig( 736): query failed after returning 7 values (BAD_INDEX)
06-03 15:33:00.183 D/CCodecConfig( 736): c2 config diff is Dict {
06-03 15:33:00.183 D/CCodecConfig( 736): c2::u32 coded.bitrate.value = 64000
06-03 15:33:00.183 D/CCodecConfig( 736): c2::u32 input.buffers.max-size.value = 32768
06-03 15:33:00.183 D/CCodecConfig( 736): c2::u32 input.delay.value = 0
06-03 15:33:00.183 D/CCodecConfig( 736): string input.media-type.value = "audio/vorbis"
06-03 15:33:00.183 D/CCodecConfig( 736): string output.media-type.value = "audio/raw"
06-03 15:33:00.183 D/CCodecConfig( 736): c2::u32 raw.channel-count.value = 1
06-03 15:33:00.183 D/CCodecConfig( 736): c2::u32 raw.sample-rate.value = 48000
06-03 15:33:00.183 D/CCodecConfig( 736): }
06-03 15:33:00.185 I/resolv ( 466): GetAddrInfoHandler::run: {100 100 100 983140 10043 0}
06-03 15:33:00.186 I/resolv ( 466): res_nmkquery: (QUERY, IN, A)
06-03 15:33:00.186 I/resolv ( 466): resolv_cache_lookup: FOUND IN CACHE entry=0xf4681f90
06-03 15:33:00.186 D/MediaCodec( 736): flushMediametrics
06-03 15:33:00.186 I/resolv ( 466): doQuery: rcode=0, ancount=27, return value=507
06-03 15:33:00.186 D/CCodec ( 736): [c2.android.vorbis.decoder] buffers are bound to CCodec for this session
06-03 15:33:00.186 D/CCodecConfig( 736): no c2 equivalents for durationUs
06-03 15:33:00.186 D/CCodecConfig( 736): no c2 equivalents for track-id
06-03 15:33:00.186 D/CCodecConfig( 736): no c2 equivalents for csd-1
06-03 15:33:00.186 D/CCodecConfig( 736): no c2 equivalents for flags
06-03 15:33:00.187 D/CCodecConfig( 736): c2 config diff is c2::u32 coded.bitrate.value = 112000
06-03 15:33:00.187 D/CCodecConfig( 736): c2::u32 raw.channel-count.value = 2
06-03 15:33:00.187 D/CCodecConfig( 736): c2::u32 raw.sample-rate.value = 44100
06-03 15:33:00.188 W/Codec2Client( 736): query -- param skipped: index = 1107298332.
06-03 15:33:00.188 D/CCodec ( 736): encoding statistics level = 0
06-03 15:33:00.188 D/CCodec ( 736): setup formats input: AMessage(what = 0x00000000) = {
06-03 15:33:00.188 D/CCodec ( 736): int32_t bitrate = 112000
06-03 15:33:00.188 D/CCodec ( 736): int32_t channel-count = 2
06-03 15:33:00.188 D/CCodec ( 736): int32_t max-input-size = 32768
06-03 15:33:00.188 D/CCodec ( 736): string mime = "audio/vorbis"
06-03 15:33:00.188 D/CCodec ( 736): int32_t sample-rate = 44100
06-03 15:33:00.188 D/CCodec ( 736): }
06-03 15:33:00.188 D/CCodec ( 736): setup formats output: AMessage(what = 0x00000000) = {
06-03 15:33:00.188 D/CCodec ( 736): int32_t channel-count = 2
06-03 15:33:00.188 D/CCodec ( 736): string mime = "audio/raw"
06-03 15:33:00.188 D/CCodec ( 736): int32_t sample-rate = 44100
06-03 15:33:00.188 D/CCodec ( 736): int32_t channel-mask = 3
06-03 15:33:00.188 D/CCodec ( 736): int32_t android._config-pcm-encoding = 2
06-03 15:33:00.188 D/CCodec ( 736): }
06-03 15:33:00.188 I/CCodecConfig( 736): query failed after returning 7 values (BAD_INDEX)
06-03 15:33:00.189 W/Codec2Client( 736): query -- param skipped: index = 1342179345.
06-03 15:33:00.189 W/Codec2Client( 736): query -- param skipped: index = 2415921170.
06-03 15:33:00.190 D/CCodecBufferChannel( 736): [c2.android.vorbis.decoder#349] Created input block pool with allocatorID 16 => poolID 25 - OK (0)
06-03 15:33:00.201 W/ ( 0): [1 T1090 ..] [SP FRAME RX] arp req,vif_idx:0 sender:[3a:ab:bc:1d:33:23 192.168.3.10]receiver:[00:00:00:00:00:00 192.168.3.4]
06-03 15:33:00.202 W/ ( 0): [1 T1090 ..] [SP FRAME TX] arp rsp,vif_idx:0 sender:[1c:79:2d:20:62:cb 192.168.3.4]receiver:[3a:ab:bc:1d:33:23 192.168.3.10]
06-03 15:33:00.192 D/bluetooth( 1168): packages/modules/Bluetooth/system/gd/hci/le_scanning_reassembler.cc:64 ProcessAdvertisingReport: Dropping repeated legacy advertising data
06-03 15:33:00.193 I/CCodecBufferChannel( 736): [c2.android.vorbis.decoder#349] Created output block pool with allocatorID 16 => poolID 25 - OK
06-03 15:33:00.193 D/CCodecBufferChannel( 736): [c2.android.vorbis.decoder#349] Configured output block pool ids 25 => OK
06-03 15:33:00.193 D/TrafficStats( 2368): tagSocket(162) with statsTag=0xffffffff, statsUid=-1
06-03 15:33:00.193 I/C2VendorComponentStore( 484): setDmaBufUsage 5
06-03 15:33:00.195 D/SimpleC2Component( 647): Using output block pool with poolID 25 => got 25 - 0
06-03 15:33:00.206 I/C2VendorComponentStore( 484): setDmaBufUsage 5
06-03 15:33:00.207 D/bluetooth( 1168): packages/modules/Bluetooth/system/stack/arbiter/acl_arbiter.cc:96 InterceptAttPacket: Intercepting ATT packet and forwarding to Rust
06-03 15:33:00.207 D/bluetooth( 1168): packages/modules/Bluetooth/system/stack/gatt/gatt_attr.cc:579 gatt_cl_op_cmpl_cback: Not interested in opcode 6
06-03 15:33:00.207 I/bt_btif ( 1168): packages/modules/Bluetooth/system/main/bte_logmsg.cc:115 LogMsg: bta_hh_gattc_callback event:BTA_GATTC_NOTIF_EVT
06-03 15:33:00.207 I/bt_btif ( 1168): packages/modules/Bluetooth/system/main/bte_logmsg.cc:115 LogMsg: Notification received on report ID: 1
06-03 15:33:00.207 I/bt_btif ( 1168): packages/modules/Bluetooth/system/main/bte_logmsg.cc:115 LogMsg: bta_hh_co_data: dev_handle = 16, subclass = 0x00, mode = 0, ctry_code = 0, app_id = 255
06-03 15:33:00.207 I/bt_btif ( 1168): packages/modules/Bluetooth/system/main/bte_logmsg.cc:115 LogMsg: bta_hh_co_write: UHID write 9
06-03 15:33:00.207 D/XM_HIDREAD( 1991): poll ret=1, event=1
06-03 15:33:00.207 D/XM_HIDREAD( 1991): [9 bytes]:01 00 00 00 00 00 00 00 00
06-03 15:33:00.209 D/bluetooth( 1168): packages/modules/Bluetooth/system/gd/hci/le_scanning_reassembler.cc:64 ProcessAdvertisingReport: Dropping repeated legacy advertising data
06-03 15:33:00.209 I/SogouIME( 1421): onKeyUp: keyoCode=19
06-03 15:33:00.210 I/DefaultIMS( 1421): onKeyUp: keyoCode=19
06-03 15:33:00.210 D/bluetooth( 1168): packages/modules/Bluetooth/system/gd/hci/le_scanning_reassembler.cc:64 ProcessAdvertisingReport: Dropping repeated legacy advertising data
06-03 15:33:00.210 E/SecondScreen( 1542): FirstScreenLayoutView dispatchKeyEvent 19
06-03 15:33:00.211 I/android.hardware.bluetooth@1.0-impl( 480): [HandleIncomingEvent-549]: rec adv direct packet
06-03 15:33:00.243 W/ ( 0): [1 T1090 ..] [SP FRAME RX] arp req,vif_idx:0 sender:[b6:b0:0e:25:f7:84 192.168.3.34]receiver:[00:00:00:00:00:00 192.168.3.4]
06-03 15:33:00.243 W/ ( 0): [1 T1090 ..] [SP FRAME TX] arp rsp,vif_idx:0 sender:[1c:79:2d:20:62:cb 192.168.3.4]receiver:[b6:b0:0e:25:f7:84 192.168.3.34]
06-03 15:33:00.235 D/CCodecBufferChannel( 736): [c2.android.vorbis.decoder#349] MediaCodec discarded an unknown buffer
06-03 15:33:00.235 D/CCodecBufferChannel( 736): [c2.android.vorbis.decoder#349] MediaCodec discarded an unknown buffer
06-03 15:33:00.235 D/CCodecBufferChannel( 736): [c2.android.vorbis.decoder#349] MediaCodec discarded an unknown buffer
06-03 15:33:00.237 I/hw-BpHwBinder( 736): onLastStrongRef automatically unlinking death recipients
06-03 15:33:00.237 I/hw-BpHwBinder( 647): onLastStrongRef automatically unlinking death recipients
06-03 15:33:00.237 I/hw-BpHwBinder( 647): onLastStrongRef automatically unlinking death recipients
06-03 15:33:00.238 D/MediaCodec( 736): flushMediametrics
06-03 15:33:00.251 I/android.hardware.bluetooth@1.0-impl( 480): [HandleIncomingEvent-549]: rec adv direct packet
06-03 15:33:00.263 I/WifiHAL ( 512): call wifi_get_link_stats handler
06-03 15:33:00.263 I/WifiHAL ( 512): Creating message to get link statistics; iface = 16
06-03 15:33:00.263 D/WifiHAL ( 512): error code -95 mapped to -3
06-03 15:33:00.263 E/WifiStaIfaceAidlImpl( 736): getLinkLayerStats failed with service-specific exception: android.os.ServiceSpecificException: (code 4)
06-03 15:33:00.272 D/bluetooth( 1168): packages/modules/Bluetooth/system/gd/hci/le_scanning_reassembler.cc:64 ProcessAdvertisingReport: Dropping repeated legacy advertising data
06-03 15:33:00.276 D/bluetooth( 1168): packages/modules/Bluetooth/system/stack/arbiter/acl_arbiter.cc:96 InterceptAttPacket: Intercepting ATT packet and forwarding to Rust
06-03 15:33:00.276 D/bluetooth( 1168): packages/modules/Bluetooth/system/stack/gatt/gatt_attr.cc:579 gatt_cl_op_cmpl_cback: Not interested in opcode 6
06-03 15:33:00.292 D/bluetooth( 1168): packages/modules/Bluetooth/system/gd/hci/le_scanning_reassembler.cc:64 ProcessAdvertisingReport: Dropping repeated legacy advertising data
06-03 15:33:00.347 I/android.hardware.bluetooth@1.0-impl( 480): [HandleIncomingEvent-549]: rec adv direct packet
06-03 15:33:00.348 D/bluetooth( 1168): packages/modules/Bluetooth/system/gd/hci/le_scanning_reassembler.cc:64 ProcessAdvertisingReport: Dropping repeated legacy advertising data
06-03 15:33:00.367 W/ ( 0): [1 T1090 ..] [SP FRAME RX] arp req,vif_idx:0 sender:[54:d6:0d:ac:40:f5 192.168.3.83]receiver:[00:00:00:00:00:00 192.168.3.4]
06-03 15:33:00.368 W/ ( 0): [1 T1090 ..] [SP FRAME TX] arp rsp,vif_idx:0 sender:[1c:79:2d:20:62:cb 192.168.3.4]receiver:[54:d6:0d:ac:40:f5 192.168.3.83]
06-03 15:33:00.369 W/ ( 0): [1 T1090 ..] [SP FRAME RX] arp req,vif_idx:0 sender:[76:8b:05:2a:8a:ab 192.168.3.94]receiver:[00:00:00:00:00:00 192.168.3.4]
06-03 15:33:00.371 W/ ( 0): [1 T1090 ..] [SP FRAME TX] arp rsp,vif_idx:0 sender:[1c:79:2d:20:62:cb 192.168.3.4]receiver:[76:8b:05:2a:8a:ab 192.168.3.94]
06-03 15:33:00.366 I/android.hardware.bluetooth@1.0-impl( 480): [HandleIncomingEvent-549]: rec adv direct packet
06-03 15:33:00.371 D/bluetooth( 1168): packages/modules/Bluetooth/system/gd/hci/le_scanning_reassembler.cc:64 ProcessAdvertisingReport: Dropping repeated legacy advertising data
06-03 15:33:00.377 W/System ( 960): A resource failed to call MemoryIntArray.close.
06-03 15:33:00.392 D/bluetooth( 1168): packages/modules/Bluetooth/system/gd/hci/le_scanning_reassembler.cc:64 ProcessAdvertisingReport: Dropping repeated legacy advertising data
06-03 15:33:00.408 I/android.hardware.bluetooth@1.0-impl( 480): [HandleIncomingEvent-549]: rec adv direct packet
06-03 15:33:00.427 D/bluetooth( 1168): packages/modules/Bluetooth/system/gd/hci/le_scanning_reassembler.cc:64 ProcessAdvertisingReport: Dropping repeated legacy advertising data
06-03 15:33:00.433 I/android.hardware.bluetooth@1.0-impl( 480): [HandleIncomingEvent-549]: rec adv direct packet
06-03 15:33:00.490 D/bluetooth( 1168): packages/modules/Bluetooth/system/gd/hci/le_scanning_reassembler.cc:64 ProcessAdvertisingReport: Dropping repeated legacy advertising data
06-03 15:33:00.492 I/android.hardware.bluetooth@1.0-impl( 480): [HandleIncomingEvent-549]: rec adv direct packet
06-03 15:33:00.509 D/bluetooth( 1168): packages/modules/Bluetooth/system/gd/hci/le_scanning_reassembler.cc:64 ProcessAdvertisingReport: Dropping repeated legacy advertising data
06-03 15:33:00.523 W/ ( 0): [1 T1090 ..] [SP FRAME RX] arp req,vif_idx:0 sender:[82:d8:26:78:cd:e3 192.168.3.162]receiver:[00:00:00:00:00:00 192.168.3.4]
06-03 15:33:00.524 W/ ( 0): [1 T1090 ..] [SP FRAME TX] arp rsp,vif_idx:0 sender:[1c:79:2d:20:62:cb 192.168.3.4]receiver:[82:d8:26:78:cd:e3 192.168.3.162]
06-03 15:33:00.526 W/ ( 0): [1 T1090 ..] [SP FRAME RX] arp req,vif_idx:0 sender:[ca:38:f7:cf:6f:ff 192.168.3.82]receiver:[00:00:00:00:00:00 192.168.3.4]
06-03 15:33:00.527 W/ ( 0): [1 T1090 ..] [SP FRAME TX] arp rsp,vif_idx:0 sender:[1c:79:2d:20:62:cb 192.168.3.4]receiver:[ca:38:f7:cf:6f:ff 192.168.3.82]
06-03 15:33:00.529 W/ ( 0): [1 T1090 ..] [SP FRAME RX] arp req,vif_idx:0 sender:[62:6d:1d:75:89:1c 192.168.3.52]receiver:[00:00:00:00:00:00 192.168.3.4]
06-03 15:33:00.530 W/ ( 0): [1 T1090 ..] [SP FRAME TX] arp rsp,vif_idx:0 sender:[1c:79:2d:20:62:cb 192.168.3.4]receiver:[62:6d:1d:75:89:1c 192.168.3.52]
06-03 15:33:00.532 W/ ( 0): [1 T1090 ..] [SP FRAME RX] arp req,vif_idx:0 sender:[1c:79:2d:23:39:4b 192.168.3.156]receiver:[00:00:00:00:00:00 192.168.3.4]
06-03 15:33:00.533 W/ ( 0): [1 T1090 ..] [SP FRAME TX] arp rsp,vif_idx:0 sender:[1c:79:2d:20:62:cb 192.168.3.4]receiver:[1c:79:2d:23:39:4b 192.168.3.156]
06-03 15:33:00.535 W/ ( 0): [1 T1090 ..] [SP FRAME RX] arp req,vif_idx:0 sender:[3a:ca:16:89:53:47 192.168.3.109]receiver:[00:00:00:00:00:00 192.168.3.4]
06-03 15:33:00.536 W/ ( 0): [1 T1090 ..] [SP FRAME TX] arp rsp,vif_idx:0 sender:[1c:79:2d:20:62:cb 192.168.3.4]receiver:[3a:ca:16:89:53:47 192.168.3.109]
06-03 15:33:00.566 W/ ( 0): [1 T1090 ..] [SP FRAME RX] arp req,vif_idx:0 sender:[ea:e6:74:53:1a:30 192.168.3.167]receiver:[00:00:00:00:00:00 192.168.3.4]
06-03 15:33:00.567 W/ ( 0): [1 T1090 ..] [SP FRAME TX] arp rsp,vif_idx:0 sender:[1c:79:2d:20:62:cb 192.168.3.4]receiver:[ea:e6:74:53:1a:30 192.168.3.167]
06-03 15:33:00.567 I/bt_l2cap( 1168): packages/modules/Bluetooth/system/main/bte_logmsg.cc:115 LogMsg: L2CA_AdjustConnectionIntervals: requested min_interval=8 too small. Set to 9
06-03 15:33:00.567 I/bt_l2cap( 1168): packages/modules/Bluetooth/system/main/bte_logmsg.cc:115 LogMsg: L2CA_AdjustConnectionIntervals: requested max_interval=8 too small. Set to 9
06-03 15:33:00.567 D/l2c_link( 1168): packages/modules/Bluetooth/system/stack/l2cap/l2c_link.cc:1103 l2c_link_send_to_lower_ble: TotalWin=1,Hndl=0x10,Quota=2,Unack=1,RRQuota=0,RRUnack=0
06-03 15:33:00.567 I/bt_btm ( 1168): packages/modules/Bluetooth/system/main/bte_logmsg.cc:112 LogMsg: btm_find_or_alloc_dev
06-03 15:33:00.567 D/bt_shim_hci( 1168): packages/modules/Bluetooth/system/main/shim/hci_layer.cc:367 transmit_command: Sending command LE_CONNECTION_UPDATE
06-03 15:33:00.568 D/bluetooth( 1168): packages/modules/Bluetooth/system/stack/arbiter/acl_arbiter.cc:96 InterceptAttPacket: Intercepting ATT packet and forwarding to Rust
06-03 15:33:00.568 D/bluetooth( 1168): packages/modules/Bluetooth/system/stack/gatt/gatt_attr.cc:579 gatt_cl_op_cmpl_cback: Not interested in opcode 6
06-03 15:33:00.568 I/bt_btif ( 1168): packages/modules/Bluetooth/system/main/bte_logmsg.cc:115 LogMsg: bta_hh_gattc_callback event:BTA_GATTC_NOTIF_EVT
06-03 15:33:00.568 I/bt_btif ( 1168): packages/modules/Bluetooth/system/main/bte_logmsg.cc:115 LogMsg: Notification received on report ID: 1
06-03 15:33:00.568 I/bt_btif ( 1168): packages/modules/Bluetooth/system/main/bte_logmsg.cc:115 LogMsg: bta_hh_co_data: dev_handle = 16, subclass = 0x00, mode = 0, ctry_code = 0, app_id = 255
06-03 15:33:00.568 I/bt_btif ( 1168): packages/modules/Bluetooth/system/main/bte_logmsg.cc:115 LogMsg: bta_hh_co_write: UHID write 9
06-03 15:33:00.568 D/XM_HIDREAD( 1991): poll ret=1, event=1
06-03 15:33:00.568 D/XM_HIDREAD( 1991): [9 bytes]:01 00 00 4F 00 00 00 00 00
06-03 15:33:00.569 D/bt_shim_hci( 1168): packages/modules/Bluetooth/system/main/shim/hci_layer.cc:341 OnTransmitPacketStatus: Received cmd status SUCCESS for LE_CONNECTION_UPDATE
06-03 15:33:00.576 W/AudioFlinger( 533): createTrack_l(): mismatch between requested flags (00000004) and output flags (00000002)
06-03 15:33:00.579 I/audio_hw_hal_primary( 478): [audiohal_get_latency:1333] io 13: out:0xef5c2b30 frames:896 rate:48000 whole_latency:18 alsa_latency:18
06-03 15:33:00.591 I/android.hardware.bluetooth@1.0-impl( 480): [HandleIncomingEvent-549]: rec adv direct packet
06-03 15:33:00.595 I/audio_hw_hal_primary( 478): [register_audio_patch:8220] Patch 1:id:1 mix(io:13)->dev_0[OUT_SPEAKER(id:2)] found, remove it, and register new patch.
06-03 15:33:00.595 I/audio_hw_hal_primary( 478): [unregister_audio_patch:8167] delete the Patch: 1
06-03 15:33:00.595 I/audio_hw_hal_primary( 478): [aml_audio_output_routing:3986] cur_devices:0x2 unmute_devices:0x400, mute_devices:0x2
06-03 15:33:00.595 I/audio_hw_hal_primary( 478): [aml_audio_outport_enable:3899] all: 0x80002, pre:0x2, mute device: OUT_SPEAKER
06-03 15:33:00.595 D/audio_route( 478): Apply path: speaker_off
06-03 15:33:00.595 D/audio_hw_hal_resourcemgr( 478): [do_output_device_routing:592] [RM] device:0x2 avail_out_devices:400 routed_out_device:0x0 is_force:0
06-03 15:33:00.595 I/audio_hw_hal_primary( 478): [aml_audio_outport_enable:3974] dev=0xef683dc0 cur_out_device=0x0/
06-03 15:33:00.595 I/audio_hw_hal_primary( 478): [aml_audio_outport_enable:3899] all: 0x80002, pre:0, unmute device: OUT_HDMI
06-03 15:33:00.595 D/audio_hw_hal_resourcemgr( 478): [set_output_device_avail:353] device:0x400 avail_out_devices:400 routed_out_devices:0x0
06-03 15:33:00.596 D/audio_route( 478): Apply path: hdmi
06-03 15:33:00.597 D/audio_hw_hal_resourcemgr( 478): [do_output_device_routing:592] [ADD] device:0x400 avail_out_devices:400 routed_out_device:0x400 is_force:0
06-03 15:33:00.597 D/audio_hw_hal_stream( 478): update_sink_format_after_hotplug() active stream 0xef5c2b30
06-03 15:33:00.597 D/audio_hw_hal_profile( 478): get_hdmi_sink_cap_new is running...
06-03 15:33:00.597 D/audio_hw_hal_profile( 478): query hdmi format...
06-03 15:33:00.597 D/audio_hw_hal_profile( 478): get_hdmi_sink_cap_new ddp is supported; ddp-joc(atmos) is unsupported;
06-03 15:33:00.597 I/audio_hw_hal_profile( 478): get_hdmi_sink_cap_new dts-hd vendor special byte3:0x1
06-03 15:33:00.597 I/audio_hw_hal_profile( 478): PCM cap Max channel =2
06-03 15:33:00.597 I/audio_hw_hal_stream( 478): get_sink_capability mbox+dvb case sink_capability = 0x24000000
06-03 15:33:00.597 I/audio_hw_hal_stream( 478): force ddp out =0
06-03 15:33:00.597 D/audio_hw_hal_profile( 478): get_hdmi_sink_cap_new is running...
06-03 15:33:00.598 D/audio_hw_hal_profile( 478): query hdmi format...
06-03 15:33:00.598 D/audio_hw_hal_profile( 478): get_hdmi_sink_cap_new ddp is supported; ddp-joc(atmos) is unsupported;
06-03 15:33:00.598 I/audio_hw_hal_profile( 478): get_hdmi_sink_cap_new dts-hd vendor special byte3:0x1
06-03 15:33:00.598 I/audio_hw_hal_profile( 478): PCM cap Max channel =2
06-03 15:33:00.598 I/audio_hw_hal_stream( 478): [get_sink_dts_capability:212] mbox+dvb case sink_capability: DTS(0xb000000)
06-03 15:33:00.598 D/audio_hw_hal_profile( 478): get_hdmi_sink_cap_new is running...
06-03 15:33:00.598 D/audio_hw_hal_profile( 478): query hdmi format...
06-03 15:33:00.598 D/audio_hw_hal_profile( 478): get_hdmi_sink_cap_new ddp is supported; ddp-joc(atmos) is unsupported;
06-03 15:33:00.598 I/audio_hw_hal_profile( 478): get_hdmi_sink_cap_new dts-hd vendor special byte3:0x1
06-03 15:33:00.598 I/audio_hw_hal_profile( 478): PCM cap Max channel =2
06-03 15:33:00.598 I/audio_hw_hal_stream( 478): [get_sink_mpegh_capability:245] mbox+dvb case sink_capability: PCM_16_BIT(0x1)
06-03 15:33:00.598 D/audio_hw_hal_profile( 478): get_hdmi_sink_cap_new is running...
06-03 15:33:00.598 D/audio_hw_hal_profile( 478): [get_hdmi_sink_cap_new:960] query hdmi sample_rate... format: PCM_16_BIT(0x1)
06-03 15:33:00.598 I/audio_hw_hal_profile( 478): get_hdmi_sink_cap_new format =0x1 support rate =sup_sampling_rates=32000|44100|48000
06-03 15:33:00.598 I/audio_hw_hal_stream( 478): pcm_fmt support sample_rate_mask:0x7
06-03 15:33:00.598 I/audio_hw_hal_stream( 478): get_sink_dv_capability : /sys/class/amhdmitx/amhdmitx0/hdmi_hdr_status = HDR10-GAMMA_ST2084
06-03 15:33:00.598 I/audio_hw_hal_stream( 478): get_sink_dv_capability : dv enable 0
06-03 15:33:00.598 I/audio_hw_hal_stream( 478): [get_sink_format:446] out:0xef5c2b30 out devices:0x80002 cur_out_devices:0 format:PCM_16_BIT(0x1) digital_mode(PCM) sink cap:MAT(0x24000000)
06-03 15:33:00.598 I/audio_hw_hal_stream( 478): get_sink_format() HDMI ARC or mbox + dvb case
06-03 15:33:00.598 I/audio_hw_hal_stream( 478): [get_sink_format:645] sink_format:PCM_16_BIT(0x1) max channel:2 optical_format:PCM_16_BIT(0x1) dual_output 0
06-03 15:33:00.598 I/audio_hw_hal_ms12common( 478): audiohal_send_msg_2_ms12 mesg_type:MS12_MESG_TYPE_RESET_MS12_ENCODER entry
06-03 15:33:00.599 I/audio_hw_hal_ms12common( 478): audiohal_send_msg_2_ms12 mesg_type:MS12_MESG_TYPE_RESET_MS12_ENCODER exit
06-03 15:33:00.599 I/audio_hw_hal_primary( 478): [aml_audio_outport_enable:3974] dev=0xef683dc0 cur_out_device=0x400/HDMI,
06-03 15:33:00.599 D/audio_hw_hal_ms12common( 478): ms12_message_threadloop(), msg type: MS12_MESG_TYPE_RESET_MS12_ENCODER
06-03 15:33:00.599 I/audio_hw_hal_primary( 478): [adev_create_audio_patch:8316] Patch 3: MIX->DEVICE, num_src:1 num_sink:1 patch_src:INVAL
06-03 15:33:00.599 I/audio_hw_hal_ms12v2( 478): +dolby_ms12_encoder_reconfig()
06-03 15:33:00.599 I/audio_hw_hal_primary( 478): [adev_create_audio_patch:8320] sink[0]: OUT_HDMI(id:23)
06-03 15:33:00.599 I/audio_hw_hal_primary( 478): [adev_create_audio_patch:8377] Patch 3: mix(io:13) -> dev[OUT_HDMI(id:23)]
06-03 15:33:00.599 D/libdolbyms12( 478): mch_enable 0
06-03 15:33:00.599 D/audio_hw_hal_continuous_standby( 478): audio_continuous_standby_set, type 1, params 8
06-03 15:33:00.599 D/audio_hw_hal_ms12common( 478): ms12_message_threadloop mesg_list is empty, loop waiting......
06-03 15:33:00.599 I/audio_hw_hal_primary( 478): [adev_create_audio_patch:8445] dev=0xef683dc0 cur_out_device=0x400
06-03 15:33:00.599 D/UEventObserver( 960): change@/devices/platform/auge_sound/sound/card0/controlC0ACTION=changeDEVPATH=/devices/platform/auge_sound/sound/card0/controlC0SUBSYSTEM=soundAUDIO_FORMAT=0MAJOR=116MINOR=13DEVNAME=snd/controlC0SEQNUM=3571
06-03 15:33:00.609 I/[1 T1440 ..] [hdmitx( 0): ] hdmitx21_audio_mute_op: AUD_UNMUTE path=0x8000000
06-03 15:33:00.609 I/[1 T1440 ..] [hdmitx( 0): ] hdmitx21_ext_set_audio_output enable:1
06-03 15:33:00.599 D/MesonHwc( 296): received Uevent: change@/devices/virtual/amhdmitx/amhdmitx0
06-03 15:33:00.599 D/MesonHwc( 296): received Uevent: ACTION=change
06-03 15:33:00.599 D/MesonHwc( 296): received Uevent: DEVPATH=/devices/virtual/amhdmitx/amhdmitx0
06-03 15:33:00.599 I/SystemControl( 323): [/UEventObserver.cpp, HDMITxUenventThreadLoop, 451] HDMI TX switch_name:hdmitx_current_status, switch_state: 6
06-03 15:33:00.599 D/MesonHwc( 296): received Uevent: SUBSYSTEM=amhdmitx
06-03 15:33:00.600 I/audio_hw_hal_primary( 478): [audiohal_get_latency:1333] io 13: out:0xef5c2b30 frames:1408 rate:48000 whole_latency:29 alsa_latency:29
06-03 15:33:00.600 D/MesonHwc( 296): received Uevent: hdmitx_current_status=6
06-03 15:33:00.601 D/MesonHwc( 296): received Uevent: MAJOR=492
06-03 15:33:00.601 D/MesonHwc( 296): received Uevent: MINOR=0
06-03 15:33:00.601 D/MesonHwc( 296): received Uevent: DEVNAME=amhdmitx0
06-03 15:33:00.601 D/MesonHwc( 296): received Uevent: SEQNUM=3572
06-03 15:33:00.601 D/MesonHwc( 296): received Uevent: /controlC0
06-03 15:33:00.601 D/MesonHwc( 296): received Uevent: SEQNUM=3571
06-03 15:33:00.601 D/MesonHwc( 296): received Uevent: d:20:62:cc
06-03 15:33:00.601 D/MesonHwc( 296): received Uevent: HID_UNIQ=e4:bb:d3:57:c0:22
06-03 15:33:00.601 D/MesonHwc( 296): received Uevent: MODALIAS=hid:b0005g0001v0000000Dp00003838
06-03 15:33:00.601 D/MesonHwc( 296): received Uevent: SEQNUM=3568
06-03 15:33:00.601 D/MesonHwc( 296): received Uevent: d4444600000000 1 130ff38b17c000 677bfad9415fed 9ed68000004400 10000002
06-03 15:33:00.601 D/MesonHwc( 296): received Uevent: REL=1040
06-03 15:33:00.601 D/MesonHwc( 296): received Uevent: ABS=100000000
06-03 15:33:00.601 D/MesonHwc( 296): received Uevent: MSC=10
06-03 15:33:00.601 D/MesonHwc( 296): received Uevent: MODALIAS=input:b0005v000Dp3838e0000-e0,1,2,3,4,k71,72,73,74,77,80,82,83,85,86,87,88,89,8A,8B,8C,8E,90,96,98,9B,9C,9E,9F,A1,A3,A4,A5,A6,A7,A8,A9,AB,AC,AD,AE,B0,B1,B2,B5,B6,CE,CF,D0,D1,D2,D4,D8,D9,DB,DF,E0,E1,E4,E5,E6,E7,E8,E9,EA,EB,F0,F1,F4,100,161,162,166,16A,16E,172,174,176,177,178,179,17A,17B,17C,17D,17F,180,182,183,185,188,189,18C,18D,18E,18F,190,191,192,193,195,197,198,199,19A,19C,1A0,1A1,1A2,1A3,1A4,1A5,1A6,1A7,1A8,1A9,1AA,1AB,1AC,1AD,1AE,1AF,1B0,1B1,1B7,1BA,240,241,242,243,244,245,246,247,249,24A,250,251,r6,C,a20,m4,lsfw
06-03 15:33:00.601 D/MesonHwc( 296): received Uevent: SEQNUM=3565
06-03 15:33:00.601 D/MesonHwc( 296): received Uevent: change@/devices/virtual/amhdmitx/amhdmitx0
06-03 15:33:00.601 D/MesonHwc( 296): received Uevent: ACTION=change
06-03 15:33:00.601 D/MesonHwc( 296): received Uevent: DEVPATH=/devices/virtual/amhdmitx/amhdmitx0
06-03 15:33:00.601 D/MesonHwc( 296): received Uevent: SUBSYSTEM=amhdmitx
06-03 15:33:00.601 D/MesonHwc( 296): received Uevent: hdmitx_current_status=6
06-03 15:33:00.601 D/MesonHwc( 296): received Uevent: MAJOR=492
06-03 15:33:00.601 D/MesonHwc( 296): received Uevent: MINOR=0
06-03 15:33:00.601 D/MesonHwc( 296): received Uevent: DEVNAME=amhdmitx0
06-03 15:33:00.601 D/MesonHwc( 296): received Uevent: SEQNUM=3572
06-03 15:33:00.601 D/MesonHwc( 296): received Uevent: /controlC0
06-03 15:33:00.601 D/MesonHwc( 296): received Uevent: SEQNUM=3571
06-03 15:33:00.601 D/MesonHwc( 296): received Uevent: d:20:62:cc
06-03 15:33:00.601 D/MesonHwc( 296): received Uevent: HID_UNIQ=e4:bb:d3:57:c0:22
06-03 15:33:00.601 D/MesonHwc( 296): received Uevent: MODALIAS=hid:b0005g0001v0000000Dp00003838
06-03 15:33:00.601 D/MesonHwc( 296): received Uevent: SEQNUM=3568
06-03 15:33:00.601 D/MesonHwc( 296): received Uevent: d4444600000000 1 130ff38b17c000 677bfad9415fed 9ed68000004400 10000002
06-03 15:33:00.601 D/MesonHwc( 296): received Uevent: REL=1040
06-03 15:33:00.601 D/MesonHwc( 296): received Uevent: ABS=100000000
06-03 15:33:00.601 D/MesonHwc( 296): received Uevent: MSC=10
06-03 15:33:00.601 D/MesonHwc( 296): received Uevent: MODALIAS=input:b0005v000Dp3838e0000-e0,1,2,3,4,k71,72,73,74,77,80,82,83,85,86,87,88,89,8A,8B,8C,8E,90,96,98,9B,9C,9E,9F,A1,A3,A4,A5,A6,A7,A8,A9,AB,AC,AD,AE,B0,B1,B2,B5,B6,CE,CF,D0,D1,D2,D4,D8,D9,DB,DF,E0,E1,E4,E5,E6,E7,E8,E9,EA,EB,F0,F1,F4,100,161,162,166,16A,16E,172,174,176,177,178,179,17A,17B,17C,17D,17F,180,182,183,185,188,189,18C,18D,18E,18F,190,191,192,193,195,197,198,199,19A,19C,1A0,1A1,1A2,1A3,1A4,1A5,1A6,1A7,1A8,1A9,1AA,1AB,1AC,1AD,1AE,1AF,1B0,1B1,1B7,1BA,240,241,242,243,244,245,246,247,249,24A,250,251,r6,C,a20,m4,lsfw
06-03 15:33:00.601 D/MesonHwc( 296): received Uevent: SEQNUM=3565
06-03 15:33:00.617 W/ ( 0): [1 T1090 ..] [SP FRAME RX] arp req,vif_idx:0 sender:[2e:6a:3b:b3:ad:e6 192.168.3.175]receiver:[00:00:00:00:00:00 192.168.3.4]
06-03 15:33:00.618 W/ ( 0): [1 T1090 ..] [SP FRAME TX] arp rsp,vif_idx:0 sender:[1c:79:2d:20:62:cb 192.168.3.4]receiver:[2e:6a:3b:b3:ad:e6 192.168.3.175]
06-03 15:33:00.615 D/audioserver( 533): logFgsApiBegin: FGS Logger Transaction failed, -129
06-03 15:33:00.616 I/audio_hw_hal_primary( 478): out_update_source_metadata_v7() line 2013 usage:1 content_type:2
06-03 15:33:00.618 D/audio_hw_hal_ms12v2( 478): set_dolby_ms12_continuous_state audio_continuous_standby_set status 0
06-03 15:33:00.618 D/audio_hw_hal_continuous_standby( 478): audio_continuous_standby_set, type 0, params 0
06-03 15:33:00.618 I/audio_hw_hal_ms12common( 478): aml_set_ms12_scheduler_state ms12_scheduler_state:0, sch_state:0 SCHEDULER_RUNNING is sent to ms12
06-03 15:33:00.618 I/audio_hw_hal_primary( 478): [mixer_aux_buffer_write:7017] io 13: out:0xef5c2b30 usecase:PCM_NORMAL standby to unstandby
06-03 15:33:00.618 I/audio_hw_hal_primary( 478): mixer_aux_buffer_write() HDMI changing status, need reconfig Dolby MS12
06-03 15:33:00.618 I/audio_hw_hal_primary( 478): mixer_aux_buffer_write(), output routing changed from 0x2 to 0x400,need MS12 reconfig output
06-03 15:33:00.618 D/audio_hw_hal_profile( 478): get_hdmi_sink_cap_new is running...
06-03 15:33:00.618 D/audio_hw_hal_profile( 478): query hdmi format...
06-03 15:33:00.618 D/audio_hw_hal_profile( 478): get_hdmi_sink_cap_new ddp is supported; ddp-joc(atmos) is unsupported;
06-03 15:33:00.618 I/audio_hw_hal_profile( 478): get_hdmi_sink_cap_new dts-hd vendor special byte3:0x1
06-03 15:33:00.618 I/audio_hw_hal_profile( 478): PCM cap Max channel =2
06-03 15:33:00.618 I/audio_hw_hal_stream( 478): get_sink_capability mbox+dvb case sink_capability = 0x24000000
06-03 15:33:00.618 I/audio_hw_hal_stream( 478): force ddp out =0
06-03 15:33:00.618 D/audio_hw_hal_profile( 478): get_hdmi_sink_cap_new is running...
06-03 15:33:00.618 D/libdolbyms12( 478): set runtime mch_enable 0
06-03 15:33:00.618 D/audio_hw_hal_profile( 478): query hdmi format...
06-03 15:33:00.619 D/audio_hw_hal_profile( 478): get_hdmi_sink_cap_new ddp is supported; ddp-joc(atmos) is unsupported;
06-03 15:33:00.619 I/audio_hw_hal_profile( 478): get_hdmi_sink_cap_new dts-hd vendor special byte3:0x1
06-03 15:33:00.619 I/audio_hw_hal_profile( 478): PCM cap Max channel =2
06-03 15:33:00.619 I/audio_hw_hal_stream( 478): [get_sink_dts_capability:212] mbox+dvb case sink_capability: DTS(0xb000000)
06-03 15:33:00.619 D/audio_hw_hal_profile( 478): get_hdmi_sink_cap_new is running...
06-03 15:33:00.619 D/audio_hw_hal_profile( 478): query hdmi format...
06-03 15:33:00.619 D/audio_hw_hal_profile( 478): get_hdmi_sink_cap_new ddp is supported; ddp-joc(atmos) is unsupported;
06-03 15:33:00.619 I/audio_hw_hal_profile( 478): get_hdmi_sink_cap_new dts-hd vendor special byte3:0x1
06-03 15:33:00.619 I/audio_hw_hal_profile( 478): PCM cap Max channel =2
06-03 15:33:00.619 I/audio_hw_hal_stream( 478): [get_sink_mpegh_capability:245] mbox+dvb case sink_capability: PCM_16_BIT(0x1)
06-03 15:33:00.619 D/audio_hw_hal_profile( 478): get_hdmi_sink_cap_new is running...
06-03 15:33:00.619 D/audio_hw_hal_profile( 478): [get_hdmi_sink_cap_new:960] query hdmi sample_rate... format: PCM_16_BIT(0x1)
06-03 15:33:00.619 I/audio_hw_hal_profile( 478): get_hdmi_sink_cap_new format =0x1 support rate =sup_sampling_rates=32000|44100|48000
06-03 15:33:00.619 I/audio_hw_hal_stream( 478): pcm_fmt support sample_rate_mask:0x7
06-03 15:33:00.620 I/audio_hw_hal_stream( 478): get_sink_dv_capability : /sys/class/amhdmitx/amhdmitx0/hdmi_hdr_status = HDR10-GAMMA_ST2084
06-03 15:33:00.620 I/audio_hw_hal_stream( 478): get_sink_dv_capability : dv enable 0
06-03 15:33:00.620 I/audio_hw_hal_stream( 478): [get_sink_format:446] out:0xef5c2b30 out devices:0x80002 cur_out_devices:0x400 format:PCM_16_BIT(0x1) digital_mode(PCM) sink cap:MAT(0x24000000)
06-03 15:33:00.620 I/audio_hw_hal_stream( 478): get_sink_format() HDMI ARC or mbox + dvb case
06-03 15:33:00.620 I/audio_hw_hal_stream( 478): [get_sink_format:645] sink_format:PCM_16_BIT(0x1) max channel:2 optical_format:PCM_16_BIT(0x1) dual_output 0
06-03 15:33:00.620 I/audio_hw_hal_primary( 478): [config_output:5882] out:0xef5c2b30 hal_internal_format:PCM_16_BIT(0x1) dolby_lib_type: 2 reset_decoder 1 rate =48000 ch=2
06-03 15:33:00.620 I/audio_hw_hal_primary( 478): continuous_mode(adev) 1 ms12->dolby_ms12_enable 1
06-03 15:33:00.620 I/audio_hw_hal_ms12common( 478): audiohal_send_msg_2_ms12 mesg_type:MS12_MESG_TYPE_RESET_MS12_ENCODER entry
06-03 15:33:00.620 I/audio_hw_hal_ms12common( 478): audiohal_send_msg_2_ms12 mesg_type:MS12_MESG_TYPE_RESET_MS12_ENCODER exit
06-03 15:33:00.620 I/audio_hw_hal_primary( 478): [config_output:6071] out stream alsa port device:0
06-03 15:33:00.620 D/audio_hw_hal_ms12common( 478): ms12_message_threadloop(), msg type: MS12_MESG_TYPE_RESET_MS12_ENCODER
06-03 15:33:00.620 E/audio_hw_hal_virtualbuf( 478): ms12 system input underrun happens read=19033894509 write=3541333278 diff=15492561231
06-03 15:33:00.620 I/audio_hw_hal_ms12v2( 478): +dolby_ms12_encoder_reconfig()
06-03 15:33:00.620 D/libdolbyms12( 478): mch_enable 0
06-03 15:33:00.620 D/audio_hw_hal_continuous_standby( 478): audio_continuous_standby_set, type 1, params 8
06-03 15:33:00.620 D/audio_hw_hal_ms12common( 478): ms12_message_threadloop mesg_list is empty, loop waiting......
06-03 15:33:00.620 I/SogouIME( 1421): onKeyDown: keyoCode=22
06-03 15:33:00.621 I/DefaultIMS( 1421): onKeyDown: keyoCode=22
06-03 15:33:00.621 D/libdolbyms12( 478): set runtime mch_enable 0
06-03 15:33:00.621 E/SecondScreen( 1542): FirstScreenLayoutView dispatchKeyEvent 22
06-03 15:33:00.631 I/android.hardware.bluetooth@1.0-impl( 480): [HandleIncomingEvent-549]: rec adv direct packet
06-03 15:33:00.640 W/ ( 0): [1 T1090 ..] [SP FRAME RX] arp req,vif_idx:0 sender:[02:fe:15:17:79:f9 192.168.3.136]receiver:[00:00:00:00:00:00 192.168.3.4]
06-03 15:33:00.641 W/ ( 0): [1 T1090 ..] [SP FRAME TX] arp rsp,vif_idx:0 sender:[1c:79:2d:20:62:cb 192.168.3.4]receiver:[02:fe:15:17:79:f9 192.168.3.136]
06-03 15:33:00.634 D/bluetooth( 1168): packages/modules/Bluetooth/system/gd/hci/le_scanning_reassembler.cc:64 ProcessAdvertisingReport: Dropping repeated legacy advertising data
06-03 15:33:00.641 I/bt_l2cap( 1168): packages/modules/Bluetooth/system/main/bte_logmsg.cc:115 LogMsg: l2cble_process_conn_update_evt
06-03 15:33:00.641 I/bt_btm ( 1168): packages/modules/Bluetooth/system/main/bte_logmsg.cc:112 LogMsg: btm_find_or_alloc_dev
06-03 15:33:00.641 I/bt_btm ( 1168): packages/modules/Bluetooth/system/main/bte_logmsg.cc:112 LogMsg: btm_find_or_alloc_dev
06-03 15:33:00.641 I/bt_l2cap( 1168): packages/modules/Bluetooth/system/main/bte_logmsg.cc:115 LogMsg: l2cble_start_subrate_change: subrate_req_mask=0 conn_update_mask=8
06-03 15:33:00.641 I/bt_l2cap( 1168): packages/modules/Bluetooth/system/main/bte_logmsg.cc:115 LogMsg: l2cble_start_subrate_change: returning L2C_BLE_NEW_SUBRATE_PARAM
06-03 15:33:00.641 I/bt_l2cap( 1168): packages/modules/Bluetooth/system/main/bte_logmsg.cc:115 LogMsg: l2cble_process_conn_update_evt: conn_update_mask=8 , subrate_req_mask=0
06-03 15:33:00.641 I/bt_btif ( 1168): packages/modules/Bluetooth/system/main/bte_logmsg.cc:115 LogMsg: bta_dm_gattc_callback event = 26
06-03 15:33:00.641 D/bluetooth( 1168): packages/modules/Bluetooth/system/bta/hearing_aid/hearing_aid.cc:1951 hearingaid_gattc_callback: event = 26
06-03 15:33:00.641 D/bluetooth( 1168): packages/modules/Bluetooth/system/bta/hearing_aid/hearing_aid.cc:532 OnConnectionUpdateComplete: Skipping unknown device, conn_id=0x0004
06-03 15:33:00.641 I/bt_btif ( 1168): packages/modules/Bluetooth/system/main/bte_logmsg.cc:115 LogMsg: bta_hh_gattc_callback event:BTA_GATTC_CONN_UPDATE_EVT
06-03 15:33:00.641 D/bt_btif_gattc( 1168): packages/modules/Bluetooth/system/btif/src/btif_gatt_client.cc:224 bta_gattc_cback: gatt client callback event:BTA_GATTC_CONN_UPDATE_EVT [26]
06-03 15:33:00.641 I/bt_btif ( 1168): packages/modules/Bluetooth/system/main/bte_logmsg.cc:115 LogMsg: btif_transfer_context event 26, len 528
06-03 15:33:00.642 D/bt_btif_gattc( 1168): packages/modules/Bluetooth/system/btif/src/btif_gatt_client.cc:111 btif_gattc_upstreams_evt: Event BTA_GATTC_CONN_UPDATE_EVT [26]
06-03 15:33:00.642 I/bt_btif ( 1168): packages/modules/Bluetooth/system/main/bte_logmsg.cc:112 LogMsg: btif_gattc_upstreams_evt: HAL bt_gatt_callbacks->client->conn_updated_cb
06-03 15:33:00.642 D/BtGatt.GattService( 1168): onClientConnUpdate() - connId=6, status=0
06-03 15:33:00.643 D/BluetoothGatt( 1494): onConnectionUpdated() - Device=E4:BB:D3:57:C0:22 interval=9 latency=99 timeout=500 status=0
06-03 15:33:00.643 D/bluetooth( 1168): packages/modules/Bluetooth/system/gd/hci/le_scanning_reassembler.cc:64 ProcessAdvertisingReport: Dropping repeated legacy advertising data
06-03 15:33:00.648 I/android.hardware.bluetooth@1.0-impl( 480): [HandleIncomingEvent-549]: rec adv direct packet
06-03 15:33:00.654 I/android.hardware.bluetooth@1.0-impl( 480): [HandleIncomingEvent-549]: rec adv direct packet
06-03 15:33:00.688 W/ ( 0): [1 T1090 ..] [SP FRAME RX] arp req,vif_idx:0 sender:[ee:08:6c:a8:67:93 192.168.3.195]receiver:[00:00:00:00:00:00 192.168.3.4]
06-03 15:33:00.689 W/ ( 0): [1 T1090 ..] [SP FRAME TX] arp rsp,vif_idx:0 sender:[1c:79:2d:20:62:cb 192.168.3.4]receiver:[ee:08:6c:a8:67:93 192.168.3.195]
06-03 15:33:00.683 I/audio_hw_hal_stream( 478): aml_stream_out_info_print: out:0xef5c2b30, stream_type:pcm, sync_mode:non tunnel, input_size:688128 bytes
06-03 15:33:00.683 I/audio_hw_hal_stream( 478): aml_stream_out_info_print: last_time:24115 ms (sec:24, nsec:115561010), last_position:3447 ms (165456), cur_time:39710 ms (sec:39, nsec:710769018), cur_position:3489 ms (167504)
06-03 15:33:00.683 I/audio_hw_hal_stream( 478): aml_stream_out_info_print: time_gap:15595 ms (thr:100 ms), position_gap:42 ms, delay:94 ms, jitter: Position gap is behind system time gap by 15553 ms (thr:100 ms)
06-03 15:33:00.690 D/bluetooth( 1168): packages/modules/Bluetooth/system/gd/hci/le_scanning_reassembler.cc:64 ProcessAdvertisingReport: Dropping repeated legacy advertising data
06-03 15:33:00.692 D/bluetooth( 1168): packages/modules/Bluetooth/system/gd/hci/le_scanning_reassembler.cc:64 ProcessAdvertisingReport: Dropping repeated legacy advertising data
06-03 15:33:00.694 I/android.hardware.bluetooth@1.0-impl( 480): [HandleIncomingEvent-549]: rec adv direct packet
06-03 15:33:00.698 D/bluetooth( 1168): packages/modules/Bluetooth/system/stack/arbiter/acl_arbiter.cc:96 InterceptAttPacket: Intercepting ATT packet and forwarding to Rust
06-03 15:33:00.698 D/bluetooth( 1168): packages/modules/Bluetooth/system/stack/gatt/gatt_attr.cc:579 gatt_cl_op_cmpl_cback: Not interested in opcode 6
06-03 15:33:00.698 I/bt_btif ( 1168): packages/modules/Bluetooth/system/main/bte_logmsg.cc:115 LogMsg: bta_hh_gattc_callback event:BTA_GATTC_NOTIF_EVT
06-03 15:33:00.698 I/bt_btif ( 1168): packages/modules/Bluetooth/system/main/bte_logmsg.cc:115 LogMsg: Notification received on report ID: 1
06-03 15:33:00.698 I/bt_btif ( 1168): packages/modules/Bluetooth/system/main/bte_logmsg.cc:115 LogMsg: bta_hh_co_data: dev_handle = 16, subclass = 0x00, mode = 0, ctry_code = 0, app_id = 255
06-03 15:33:00.698 I/bt_btif ( 1168): packages/modules/Bluetooth/system/main/bte_logmsg.cc:115 LogMsg: bta_hh_co_write: UHID write 9
06-03 15:33:00.698 D/XM_HIDREAD( 1991): poll ret=1, event=1
06-03 15:33:00.699 D/XM_HIDREAD( 1991): [9 bytes]:01 00 00 00 00 00 00 00 00
06-03 15:33:00.700 I/android.hardware.bluetooth@1.0-impl( 480): [HandleIncomingEvent-549]: rec adv direct packet
06-03 15:33:00.701 I/SogouIME( 1421): onKeyUp: keyoCode=22
06-03 15:33:00.701 I/DefaultIMS( 1421): onKeyUp: keyoCode=22
06-03 15:33:00.701 E/SecondScreen( 1542): FirstScreenLayoutView dispatchKeyEvent 22
06-03 15:33:00.715 D/bluetooth( 1168): packages/modules/Bluetooth/system/gd/hci/le_scanning_reassembler.cc:64 ProcessAdvertisingReport: Dropping repeated legacy advertising data
06-03 15:33:00.725 W/ ( 0): [1 T1090 ..] [SP FRAME RX] arp req,vif_idx:0 sender:[54:92:09:3f:ed:bb 192.168.3.172]receiver:[00:00:00:00:00:00 192.168.3.4]
06-03 15:33:00.726 W/ ( 0): [1 T1090 ..] [SP FRAME TX] arp rsp,vif_idx:0 sender:[1c:79:2d:20:62:cb 192.168.3.4]receiver:[54:92:09:3f:ed:bb 192.168.3.172]
06-03 15:33:00.716 I/android.hardware.bluetooth@1.0-impl( 480): [HandleIncomingEvent-549]: rec adv direct packet
06-03 15:33:00.727 I/android.hardware.bluetooth@1.0-impl( 480): [HandleIncomingEvent-549]: rec adv direct packet
06-03 15:33:00.737 D/bluetooth( 1168): packages/modules/Bluetooth/system/gd/hci/le_scanning_reassembler.cc:64 ProcessAdvertisingReport: Dropping repeated legacy advertising data
06-03 15:33:00.739 I/android.hardware.bluetooth@1.0-impl( 480): [HandleIncomingEvent-549]: rec adv direct packet
06-03 15:33:00.743 D/bluetooth( 1168): packages/modules/Bluetooth/system/gd/hci/le_scanning_reassembler.cc:64 ProcessAdvertisingReport: Dropping repeated legacy advertising data
06-03 15:33:00.747 D/bluetooth( 1168): packages/modules/Bluetooth/system/gd/hci/le_scanning_reassembler.cc:64 ProcessAdvertisingReport: Dropping repeated legacy advertising data
06-03 15:33:00.758 W/ ( 0): [1 T1090 ..] [SP FRAME RX] arp req,vif_idx:0 sender:[dc:bd:7a:2a:ce:1f 192.168.3.248]receiver:[00:00:00:00:00:00 192.168.3.4]
06-03 15:33:00.759 W/ ( 0): [1 T1090 ..] [SP FRAME TX] arp rsp,vif_idx:0 sender:[1c:79:2d:20:62:cb 192.168.3.4]receiver:[dc:bd:7a:2a:ce:1f 192.168.3.248]
06-03 15:33:00.748 D/bluetooth( 1168): packages/modules/Bluetooth/system/gd/hci/le_scanning_reassembler.cc:64 ProcessAdvertisingReport: Dropping repeated legacy advertising data
06-03 15:33:00.750 I/android.hardware.bluetooth@1.0-impl( 480): [HandleIncomingEvent-549]: rec adv direct packet
06-03 15:33:00.763 W/ ( 0): [1 T1090 ..] [SP FRAME RX] arp req,vif_idx:0 sender:[02:91:37:fc:9e:f6 192.168.3.249]receiver:[00:00:00:00:00:00 192.168.3.4]
06-03 15:33:00.763 W/ ( 0): [1 T1090 ..] [SP FRAME TX] arp rsp,vif_idx:0 sender:[1c:79:2d:20:62:cb 192.168.3.4]receiver:[02:91:37:fc:9e:f6 192.168.3.249]
06-03 15:33:00.758 I/android.hardware.bluetooth@1.0-impl( 480): [HandleIncomingEvent-549]: rec adv direct packet
06-03 15:33:00.763 I/audio_hw_hal_primary( 478): [audiohal_get_latency:1333] io 13: out:0xef5c2b30 frames:1280 rate:48000 whole_latency:26 alsa_latency:26
06-03 15:33:00.774 W/ ( 0): [1 T1090 ..] [SP FRAME RX] arp req,vif_idx:0 sender:[98:f1:12:30:b3:31 192.168.3.126]receiver:[00:00:00:00:00:00 192.168.3.4]
06-03 15:33:00.775 W/ ( 0): [1 T1090 ..] [SP FRAME TX] arp rsp,vif_idx:0 sender:[1c:79:2d:20:62:cb 192.168.3.4]receiver:[98:f1:12:30:b3:31 192.168.3.126]
06-03 15:33:00.777 W/ ( 0): [1 T1090 ..] [SP FRAME RX] arp req,vif_idx:0 sender:[7a:86:3c:ae:b6:45 192.168.3.229]receiver:[00:00:00:00:00:00 192.168.3.4]
06-03 15:33:00.778 W/ ( 0): [1 T1090 ..] [SP FRAME TX] arp rsp,vif_idx:0 sender:[1c:79:2d:20:62:cb 192.168.3.4]receiver:[7a:86:3c:ae:b6:45 192.168.3.229]
06-03 15:33:00.777 D/bluetooth( 1168): packages/modules/Bluetooth/system/stack/arbiter/acl_arbiter.cc:96 InterceptAttPacket: Intercepting ATT packet and forwarding to Rust
06-03 15:33:00.777 D/bluetooth( 1168): packages/modules/Bluetooth/system/stack/gatt/gatt_attr.cc:579 gatt_cl_op_cmpl_cback: Not interested in opcode 6
06-03 15:33:00.777 I/bt_btif ( 1168): packages/modules/Bluetooth/system/main/bte_logmsg.cc:115 LogMsg: bta_hh_gattc_callback event:BTA_GATTC_NOTIF_EVT
06-03 15:33:00.777 I/bt_btif ( 1168): packages/modules/Bluetooth/system/main/bte_logmsg.cc:115 LogMsg: Notification received on report ID: 1
06-03 15:33:00.777 I/bt_btif ( 1168): packages/modules/Bluetooth/system/main/bte_logmsg.cc:115 LogMsg: bta_hh_co_data: dev_handle = 16, subclass = 0x00, mode = 0, ctry_code = 0, app_id = 255
06-03 15:33:00.777 I/bt_btif ( 1168): packages/modules/Bluetooth/system/main/bte_logmsg.cc:115 LogMsg: bta_hh_co_write: UHID write 9
06-03 15:33:00.777 D/XM_HIDREAD( 1991): poll ret=1, event=1
06-03 15:33:00.777 I/android.hardware.bluetooth@1.0-impl( 480): [HandleIncomingEvent-549]: rec adv direct packet
06-03 15:33:00.778 D/XM_HIDREAD( 1991): [9 bytes]:01 00 00 4F 00 00 00 00 00
