06-03 15:32:55.426 D/HiSight-Discovery( 2115): stopAdvertise.
06-03 15:32:55.426 D/NearFieldManager( 2115): StopListen moduleId: CastPlusDiscoveryModule
06-03 15:32:55.427 D/NearFieldManagerImpl( 2368): stopListen: moduleId: CastPlusDiscoveryModule
06-03 15:32:55.427 D/NearFieldManagerImpl( 2368): registerCapability() called with: capabilityBitmapNum = 1, capabilityBitmap = [0]
06-03 15:32:55.427 I/HicomNf_java_to_c( 2368): registerCapability, capabilityBitmapNum: 1
06-03 15:32:55.427 I/HicomNfMainCtrlManager( 2368): RegisterCapability: 1, 0
06-03 15:32:55.427 D/NearFieldManagerImpl( 2368): Register capability succeed with capabilityBitmapNum = 1, capabilityBitmap = [0]
06-03 15:32:55.438 W/ ( 0): [1 T1090 ..] [SP FRAME RX] arp rsp,vif_idx:0 sender:[84:ab:1a:61:b7:d4 192.168.3.190]receiver:[1c:79:2d:20:62:cb 192.168.3.4]
06-03 15:32:55.440 W/ ( 0): [1 T1090 ..] [SP FRAME RX] arp rsp,vif_idx:0 sender:[62:77:26:21:8d:8b 192.168.3.191]receiver:[1c:79:2d:20:62:cb 192.168.3.4]
06-03 15:32:55.427 D/wenhc ( 1542): getScreenInfo uri = content://com.dangbei.screencast.parts.info/screen_cast
06-03 15:32:55.428 D/HiSight-Discovery( 2115): nearFieldStartListen deviceType 46
06-03 15:32:55.428 D/NearFieldManagerImpl( 2368): setServiceData, sServiceData=[32], serviceData=[32]
06-03 15:32:55.428 E/NearFieldManagerImpl( 2368): setServiceData, serviceData exists
06-03 15:32:55.429 E/NearFieldManager( 2115): setIdnNetworkPriority: networkPortPriority is empty
06-03 15:32:55.429 D/NearFieldManager( 2115): StartListen moduleId: CastPlusDiscoveryModule
06-03 15:32:55.429 D/NearFieldManagerImpl( 2368): startListen: moduleId: CastPlusDiscoveryModule
06-03 15:32:55.429 D/NearFieldUtils( 2368): getPreferredIpAddress exec
06-03 15:32:55.429 D/NearFieldUtils( 2368): getPreferredIpAddress by custom priority
06-03 15:32:55.429 D/NearFieldUtils( 2368): getIpByInterfaceSetting customIdnNetworkPriority:[]
06-03 15:32:55.429 D/NearFieldUtils( 2368): getPreferredIpAddress by default priority
06-03 15:32:55.441 W/ ( 0): [1 T1090 ..] [SP FRAME RX] arp rsp,vif_idx:0 sender:[c4:3d:1a:ea:21:62 192.168.3.142]receiver:[1c:79:2d:20:62:cb 192.168.3.4]
06-03 15:32:55.443 W/ ( 0): [1 T1090 ..] [SP FRAME RX] arp rsp,vif_idx:0 sender:[c4:3d:1a:ea:21:62 192.168.3.142]receiver:[1c:79:2d:20:62:cb 192.168.3.4]
06-03 15:32:55.445 W/ ( 0): [1 T1090 ..] [SP FRAME RX] arp req,vif_idx:0 sender:[d2:77:1b:43:ad:f1 192.168.3.38]receiver:[00:00:00:00:00:00 192.168.3.4]
06-03 15:32:55.446 W/ ( 0): [1 T1090 ..] [SP FRAME TX] arp rsp,vif_idx:0 sender:[1c:79:2d:20:62:cb 192.168.3.4]receiver:[d2:77:1b:43:ad:f1 192.168.3.38]
06-03 15:32:55.447 W/ ( 0): [1 T1090 ..] [SP FRAME RX] arp rsp,vif_idx:0 sender:[98:bd:80:22:18:34 192.168.3.194]receiver:[1c:79:2d:20:62:cb 192.168.3.4]
06-03 15:32:55.449 W/ ( 0): [1 T1090 ..] [SP FRAME RX] arp rsp,vif_idx:0 sender:[c4:3d:1a:ea:21:62 192.168.3.142]receiver:[1c:79:2d:20:62:cb 192.168.3.4]
06-03 15:32:55.439 D/NearFieldUtils( 2368): to get wlan0 ip address
06-03 15:32:55.439 D/NearFieldUtils( 2368): get wlan0 IP succeed.
06-03 15:32:55.439 D/NearFieldManagerImpl( 2368): sDeviceType: 46
06-03 15:32:55.439 D/NearFieldManagerImpl( 2368): registerDevice() is called.
06-03 15:32:55.439 I/HicomNfMainCtrlManager( 2368): NSTACKX_RegisterDevice is called
06-03 15:32:55.439 I/nStackXDFinder( 2368): UpdateLocalNetworkInterface:[472] :UpdateLocalNetworkInterface exec,initerfaceName:wlan0
06-03 15:32:55.439 E/nStackXDFinder( 2368): GetLocalIp:[401] :GetLocalIp exec
06-03 15:32:55.439 I/nStackXDFinder( 2368): UpdateLocalNetworkInterface:[498] :UpdateLocalNetworkInterface copy ip value in default process
06-03 15:32:55.439 E/nStackXDFinder( 2368): GetLocalIp:[401] :GetLocalIp exec
06-03 15:32:55.439 I/nStackXDFinder( 2368): UpdateLocalNetworkInterface:[505] :UpdateLocalNetworkInterface: ip not change
06-03 15:32:55.439 D/NearFieldManagerImpl( 2368): Register device success.
06-03 15:32:55.439 I/NearFieldManagerImpl( 2368): serviceName is castPlus
06-03 15:32:55.439 D/NearFieldManagerImpl( 2368): registerCapability() called with: capabilityBitmapNum = 1, capabilityBitmap = [8]
06-03 15:32:55.439 I/HicomNf_java_to_c( 2368): registerCapability, capabilityBitmapNum: 1
06-03 15:32:55.439 I/HicomNfMainCtrlManager( 2368): RegisterCapability: 1, 8
06-03 15:32:55.440 D/NearFieldManagerImpl( 2368): Register capability succeed with capabilityBitmapNum = 1, capabilityBitmap = [8]
06-03 15:32:55.440 D/NearFieldManagerImpl( 2368): registerServiceData() called with: serviceData = 32
06-03 15:32:55.440 D/NearFieldManagerImpl( 2368): registerModule() called with: packageModuleName = com.huawei.connection+CastPlusDiscoveryModule
06-03 15:32:55.440 I/nStackXDFinder( 2368): RegisterServiceData:[728] :RegisterServiceData, serviceData=[32]
06-03 15:32:55.440 D/NearFieldManagerImpl( 2368): registerModule, registered before
06-03 15:32:55.440 I/HicomNf_java_to_c( 2368): registerModule, moduleName: com.huawei.connection+CastPlusDiscoveryModule
06-03 15:32:55.440 I/HicomNfMainCtrlManager( 2368): Enter RegisterModule
06-03 15:32:55.440 I/HicomNfRegManager( 2368): RegisterModule OK, already registered com.huawei.connection+CastPlusDiscoveryModule
06-03 15:32:55.450 W/ ( 0): [1 T1090 ..] [SP FRAME RX] arp rsp,vif_idx:0 sender:[ee:08:6c:a8:67:93 192.168.3.195]receiver:[1c:79:2d:20:62:cb 192.168.3.4]
06-03 15:32:55.452 W/ ( 0): [1 T1090 ..] [SP FRAME RX] arp rsp,vif_idx:0 sender:[04:cf:4b:ce:ed:9d 192.168.3.196]receiver:[1c:79:2d:20:62:cb 192.168.3.4]
06-03 15:32:55.453 W/ ( 0): [1 T1090 ..] [SP FRAME RX] arp rsp,vif_idx:0 sender:[c4:3d:1a:ea:21:62 192.168.3.142]receiver:[1c:79:2d:20:62:cb 192.168.3.4]
06-03 15:32:55.455 W/ ( 0): [1 T1090 ..] [SP FRAME RX] arp rsp,vif_idx:0 sender:[84:7b:57:01:a4:3c 192.168.3.197]receiver:[1c:79:2d:20:62:cb 192.168.3.4]
06-03 15:32:55.456 W/ ( 0): [1 T1090 ..] [SP FRAME RX] arp rsp,vif_idx:0 sender:[c4:3d:1a:ea:21:62 192.168.3.142]receiver:[1c:79:2d:20:62:cb 192.168.3.4]
06-03 15:32:55.458 W/ ( 0): [1 T1090 ..] [SP FRAME RX] arp rsp,vif_idx:0 sender:[42:8d:52:3f:43:f9 192.168.3.200]receiver:[1c:79:2d:20:62:cb 192.168.3.4]
06-03 15:32:55.460 W/ ( 0): [1 T1090 ..] [SP FRAME RX] arp rsp,vif_idx:0 sender:[14:75:5b:b2:79:79 192.168.3.201]receiver:[1c:79:2d:20:62:cb 192.168.3.4]
06-03 15:32:55.461 W/ ( 0): [1 T1090 ..] [SP FRAME RX] arp rsp,vif_idx:0 sender:[c4:3d:1a:ea:21:62 192.168.3.142]receiver:[1c:79:2d:20:62:cb 192.168.3.4]
06-03 15:32:55.463 W/ ( 0): [1 T1090 ..] [SP FRAME RX] arp rsp,vif_idx:0 sender:[64:9e:31:12:3b:4e 192.168.3.202]receiver:[1c:79:2d:20:62:cb 192.168.3.4]
06-03 15:32:55.464 W/ ( 0): [1 T1090 ..] [SP FRAME RX] arp rsp,vif_idx:0 sender:[c4:3d:1a:ea:21:62 192.168.3.142]receiver:[1c:79:2d:20:62:cb 192.168.3.4]
06-03 15:32:55.466 W/ ( 0): [1 T1090 ..] [SP FRAME RX] arp rsp,vif_idx:0 sender:[28:7b:11:70:77:1b 192.168.3.203]receiver:[1c:79:2d:20:62:cb 192.168.3.4]
06-03 15:32:55.467 W/ ( 0): [1 T1090 ..] [SP FRAME RX] arp rsp,vif_idx:0 sender:[c4:3d:1a:ea:21:62 192.168.3.142]receiver:[1c:79:2d:20:62:cb 192.168.3.4]
06-03 15:32:55.469 W/ ( 0): [1 T1090 ..] [SP FRAME RX] arp rsp,vif_idx:0 sender:[c4:3d:1a:ea:21:62 192.168.3.142]receiver:[1c:79:2d:20:62:cb 192.168.3.4]
06-03 15:32:55.459 D/HiSight-SinkService( 2115): setDiscoverable true
06-03 15:32:55.459 D/HiSight-Discovery( 2115): set deviceInfo type:46
06-03 15:32:55.459 D/HiSight-Discovery( 2115): startAdvertise 3
06-03 15:32:55.459 D/HiSight-Discovery( 2115): stopAdvertise.
06-03 15:32:55.459 D/NearFieldManager( 2115): StopListen moduleId: CastPlusDiscoveryModule
06-03 15:32:55.459 D/NearFieldManagerImpl( 2368): stopListen: moduleId: CastPlusDiscoveryModule
06-03 15:32:55.459 D/NearFieldManagerImpl( 2368): registerCapability() called with: capabilityBitmapNum = 1, capabilityBitmap = [0]
06-03 15:32:55.459 I/HicomNf_java_to_c( 2368): registerCapability, capabilityBitmapNum: 1
06-03 15:32:55.460 I/HicomNfMainCtrlManager( 2368): RegisterCapability: 1, 0
06-03 15:32:55.460 D/NearFieldManagerImpl( 2368): Register capability succeed with capabilityBitmapNum = 1, capabilityBitmap = [0]
06-03 15:32:55.460 D/HiSight-Discovery( 2115): nearFieldStartListen deviceType 46
06-03 15:32:55.460 D/wenhc ( 1542): getScreenInfo uri = content://com.dangbei.screencast.parts.info/screen_cast
06-03 15:32:55.470 W/ ( 0): [1 T1090 ..] [SP FRAME RX] arp rsp,vif_idx:0 sender:[c4:3d:1a:ea:21:62 192.168.3.142]receiver:[1c:79:2d:20:62:cb 192.168.3.4]
06-03 15:32:55.472 W/ ( 0): [1 T1090 ..] [SP FRAME RX] arp rsp,vif_idx:0 sender:[c4:3d:1a:ea:21:62 192.168.3.142]receiver:[1c:79:2d:20:62:cb 192.168.3.4]
06-03 15:32:55.461 D/NearFieldManagerImpl( 2368): setServiceData, sServiceData=[32], serviceData=[32]
06-03 15:32:55.461 E/NearFieldManagerImpl( 2368): setServiceData, serviceData exists
06-03 15:32:55.461 E/NearFieldManager( 2115): setIdnNetworkPriority: networkPortPriority is empty
06-03 15:32:55.462 D/NearFieldManager( 2115): StartListen moduleId: CastPlusDiscoveryModule
06-03 15:32:55.462 D/NearFieldManagerImpl( 2368): startListen: moduleId: CastPlusDiscoveryModule
06-03 15:32:55.462 D/NearFieldUtils( 2368): getPreferredIpAddress exec
06-03 15:32:55.462 D/NearFieldUtils( 2368): getPreferredIpAddress by custom priority
06-03 15:32:55.462 D/NearFieldUtils( 2368): getIpByInterfaceSetting customIdnNetworkPriority:[]
06-03 15:32:55.462 D/NearFieldUtils( 2368): getPreferredIpAddress by default priority
06-03 15:32:55.473 W/ ( 0): [1 T1090 ..] [SP FRAME RX] arp rsp,vif_idx:0 sender:[c4:3d:1a:ea:21:62 192.168.3.142]receiver:[1c:79:2d:20:62:cb 192.168.3.4]
06-03 15:32:55.475 W/ ( 0): [1 T1090 ..] [SP FRAME RX] arp rsp,vif_idx:0 sender:[c8:5e:a9:79:2b:6f 192.168.3.205]receiver:[1c:79:2d:20:62:cb 192.168.3.4]
06-03 15:32:55.476 W/ ( 0): [1 T1090 ..] [SP FRAME RX] arp rsp,vif_idx:0 sender:[c4:3d:1a:ea:21:62 192.168.3.142]receiver:[1c:79:2d:20:62:cb 192.168.3.4]
06-03 15:32:55.478 W/ ( 0): [1 T1090 ..] [SP FRAME RX] arp rsp,vif_idx:0 sender:[a2:e3:8f:e4:ff:46 192.168.3.207]receiver:[1c:79:2d:20:62:cb 192.168.3.4]
06-03 15:32:55.480 W/ ( 0): [1 T1090 ..] [SP FRAME RX] arp rsp,vif_idx:0 sender:[c4:3d:1a:ea:21:62 192.168.3.142]receiver:[1c:79:2d:20:62:cb 192.168.3.4]
06-03 15:32:55.470 D/NearFieldUtils( 2368): to get wlan0 ip address
06-03 15:32:55.470 D/NearFieldUtils( 2368): get wlan0 IP succeed.
06-03 15:32:55.470 D/NearFieldManagerImpl( 2368): sDeviceType: 46
06-03 15:32:55.470 D/NearFieldManagerImpl( 2368): registerDevice() is called.
06-03 15:32:55.470 I/HicomNfMainCtrlManager( 2368): NSTACKX_RegisterDevice is called
06-03 15:32:55.470 D/NearFieldManagerImpl( 2368): Register device success.
06-03 15:32:55.470 I/NearFieldManagerImpl( 2368): serviceName is castPlus
06-03 15:32:55.470 I/nStackXDFinder( 2368): UpdateLocalNetworkInterface:[472] :UpdateLocalNetworkInterface exec,initerfaceName:wlan0
06-03 15:32:55.470 E/nStackXDFinder( 2368): GetLocalIp:[401] :GetLocalIp exec
06-03 15:32:55.470 I/nStackXDFinder( 2368): UpdateLocalNetworkInterface:[498] :UpdateLocalNetworkInterface copy ip value in default process
06-03 15:32:55.470 E/nStackXDFinder( 2368): GetLocalIp:[401] :GetLocalIp exec
06-03 15:32:55.470 I/nStackXDFinder( 2368): UpdateLocalNetworkInterface:[505] :UpdateLocalNetworkInterface: ip not change
06-03 15:32:55.470 D/NearFieldManagerImpl( 2368): registerCapability() called with: capabilityBitmapNum = 1, capabilityBitmap = [8]
06-03 15:32:55.470 I/HicomNf_java_to_c( 2368): registerCapability, capabilityBitmapNum: 1
06-03 15:32:55.470 I/HicomNfMainCtrlManager( 2368): RegisterCapability: 1, 8
06-03 15:32:55.470 D/NearFieldManagerImpl( 2368): Register capability succeed with capabilityBitmapNum = 1, capabilityBitmap = [8]
06-03 15:32:55.470 D/NearFieldManagerImpl( 2368): registerServiceData() called with: serviceData = 32
06-03 15:32:55.471 I/nStackXDFinder( 2368): RegisterServiceData:[728] :RegisterServiceData, serviceData=[32]
06-03 15:32:55.471 D/NearFieldManagerImpl( 2368): registerModule() called with: packageModuleName = com.huawei.connection+CastPlusDiscoveryModule
06-03 15:32:55.471 D/NearFieldManagerImpl( 2368): registerModule, registered before
06-03 15:32:55.471 I/HicomNf_java_to_c( 2368): registerModule, moduleName: com.huawei.connection+CastPlusDiscoveryModule
06-03 15:32:55.471 I/HicomNfMainCtrlManager( 2368): Enter RegisterModule
06-03 15:32:55.471 I/HicomNfRegManager( 2368): RegisterModule OK, already registered com.huawei.connection+CastPlusDiscoveryModule
06-03 15:32:55.471 E/HuaweiCastService( 2115): onStartCommand in 0
06-03 15:32:55.481 W/ ( 0): [1 T1090 ..] [SP FRAME RX] arp rsp,vif_idx:0 sender:[c4:3d:1a:ea:21:62 192.168.3.142]receiver:[1c:79:2d:20:62:cb 192.168.3.4]
06-03 15:32:55.482 W/ ( 0): [1 T1090 ..] [SP FRAME RX] arp rsp,vif_idx:0 sender:[6c:2f:80:46:5a:8c 192.168.3.208]receiver:[1c:79:2d:20:62:cb 192.168.3.4]
06-03 15:32:55.484 W/ ( 0): [1 T1090 ..] [SP FRAME RX] arp rsp,vif_idx:0 sender:[c4:3d:1a:ea:21:62 192.168.3.142]receiver:[1c:79:2d:20:62:cb 192.168.3.4]
06-03 15:32:55.486 W/ ( 0): [1 T1090 ..] [SP FRAME RX] arp rsp,vif_idx:0 sender:[92:c8:7a:73:1d:bb 192.168.3.209]receiver:[1c:79:2d:20:62:cb 192.168.3.4]
06-03 15:32:55.487 W/ ( 0): [1 T1090 ..] [SP FRAME RX] arp rsp,vif_idx:0 sender:[28:48:e7:f0:76:bd 192.168.3.210]receiver:[1c:79:2d:20:62:cb 192.168.3.4]
06-03 15:32:55.489 W/ ( 0): [1 T1090 ..] [SP FRAME RX] arp req,vif_idx:0 sender:[28:7b:11:70:77:1b 192.168.3.203]receiver:[00:00:00:00:00:00 192.168.3.4]
06-03 15:32:55.490 W/ ( 0): [1 T1090 ..] [SP FRAME TX] arp rsp,vif_idx:0 sender:[1c:79:2d:20:62:cb 192.168.3.4]receiver:[28:7b:11:70:77:1b 192.168.3.203]
06-03 15:32:55.492 W/ ( 0): [1 T1090 ..] [SP FRAME RX] arp rsp,vif_idx:0 sender:[c4:3d:1a:ea:21:62 192.168.3.142]receiver:[1c:79:2d:20:62:cb 192.168.3.4]
06-03 15:32:55.493 W/ ( 0): [1 T1090 ..] [SP FRAME RX] arp req,vif_idx:0 sender:[52:8f:53:43:96:99 192.168.3.177]receiver:[00:00:00:00:00:00 192.168.3.4]
06-03 15:32:55.495 W/ ( 0): [1 T1090 ..] [SP FRAME TX] arp rsp,vif_idx:0 sender:[1c:79:2d:20:62:cb 192.168.3.4]receiver:[52:8f:53:43:96:99 192.168.3.177]
06-03 15:32:55.496 W/ ( 0): [1 T1090 ..] [SP FRAME RX] arp rsp,vif_idx:0 sender:[d4:f0:ea:14:10:93 192.168.3.212]receiver:[1c:79:2d:20:62:cb 192.168.3.4]
06-03 15:32:55.498 W/ ( 0): [1 T1090 ..] [SP FRAME RX] arp rsp,vif_idx:0 sender:[06:5f:4a:05:28:39 192.168.3.215]receiver:[1c:79:2d:20:62:cb 192.168.3.4]
06-03 15:32:55.487 E/raop ( 2115): JavaCallback init
06-03 15:32:55.499 W/ ( 0): [1 T1090 ..] [SP FRAME RX] arp req,vif_idx:0 sender:[0c:91:60:12:cd:8c 192.168.3.70]receiver:[00:00:00:00:00:00 192.168.3.4]
06-03 15:32:55.501 W/ ( 0): [1 T1090 ..] [SP FRAME TX] arp rsp,vif_idx:0 sender:[1c:79:2d:20:62:cb 192.168.3.4]receiver:[0c:91:60:12:cd:8c 192.168.3.70]
06-03 15:32:55.503 W/ ( 0): [1 T1090 ..] [SP FRAME RX] arp rsp,vif_idx:0 sender:[c4:3d:1a:ea:21:62 192.168.3.142]receiver:[1c:79:2d:20:62:cb 192.168.3.4]
06-03 15:32:55.504 W/ ( 0): [1 T1090 ..] [SP FRAME RX] arp req,vif_idx:0 sender:[86:c4:12:e3:5b:28 192.168.3.44]receiver:[00:00:00:00:00:00 192.168.3.4]
06-03 15:32:55.506 W/ ( 0): [1 T1090 ..] [SP FRAME TX] arp rsp,vif_idx:0 sender:[1c:79:2d:20:62:cb 192.168.3.4]receiver:[86:c4:12:e3:5b:28 192.168.3.44]
06-03 15:32:55.507 W/ ( 0): [1 T1090 ..] [SP FRAME RX] arp req,vif_idx:0 sender:[c2:a4:f5:2e:7c:08 192.168.3.127]receiver:[00:00:00:00:00:00 192.168.3.4]
06-03 15:32:55.509 W/ ( 0): [1 T1090 ..] [SP FRAME TX] arp rsp,vif_idx:0 sender:[1c:79:2d:20:62:cb 192.168.3.4]receiver:[c2:a4:f5:2e:7c:08 192.168.3.127]
06-03 15:32:55.510 W/ ( 0): [1 T1090 ..] [SP FRAME RX] arp rsp,vif_idx:0 sender:[68:58:a0:ea:3e:b8 192.168.3.218]receiver:[1c:79:2d:20:62:cb 192.168.3.4]
06-03 15:32:55.512 W/ ( 0): [1 T1090 ..] [SP FRAME RX] arp rsp,vif_idx:0 sender:[c4:3d:1a:ea:21:62 192.168.3.142]receiver:[1c:79:2d:20:62:cb 192.168.3.4]
06-03 15:32:55.513 W/ ( 0): [1 T1090 ..] [SP FRAME RX] arp rsp,vif_idx:0 sender:[64:c7:53:e7:92:4a 192.168.3.219]receiver:[1c:79:2d:20:62:cb 192.168.3.4]
06-03 15:32:55.515 W/ ( 0): [1 T1090 ..] [SP FRAME RX] arp rsp,vif_idx:0 sender:[f2:4a:2e:d3:35:12 192.168.3.220]receiver:[1c:79:2d:20:62:cb 192.168.3.4]
06-03 15:32:55.516 W/ ( 0): [1 T1090 ..] [SP FRAME RX] arp rsp,vif_idx:0 sender:[22:1f:28:e1:5b:f6 192.168.3.223]receiver:[1c:79:2d:20:62:cb 192.168.3.4]
06-03 15:32:55.518 W/ ( 0): [1 T1090 ..] [SP FRAME RX] arp rsp,vif_idx:0 sender:[c4:3d:1a:ea:21:62 192.168.3.142]receiver:[1c:79:2d:20:62:cb 192.168.3.4]
06-03 15:32:55.519 W/ ( 0): [1 T1090 ..] [SP FRAME RX] arp rsp,vif_idx:0 sender:[c4:3d:1a:ea:21:62 192.168.3.142]receiver:[1c:79:2d:20:62:cb 192.168.3.4]
06-03 15:32:55.521 W/ ( 0): [1 T1090 ..] [SP FRAME RX] arp req,vif_idx:0 sender:[68:39:43:80:0a:5c 192.168.3.45]receiver:[00:00:00:00:00:00 192.168.3.4]
06-03 15:32:55.522 W/ ( 0): [1 T1090 ..] [SP FRAME TX] arp rsp,vif_idx:0 sender:[1c:79:2d:20:62:cb 192.168.3.4]receiver:[68:39:43:80:0a:5c 192.168.3.45]
06-03 15:32:55.524 W/ ( 0): [1 T1090 ..] [SP FRAME RX] arp rsp,vif_idx:0 sender:[52:f1:78:5e:2c:3c 192.168.3.225]receiver:[1c:79:2d:20:62:cb 192.168.3.4]
06-03 15:32:55.526 W/ ( 0): [1 T1090 ..] [SP FRAME RX] arp req,vif_idx:0 sender:[1a:01:08:c1:b7:a5 192.168.3.117]receiver:[00:00:00:00:00:00 192.168.3.4]
06-03 15:32:55.527 W/ ( 0): [1 T1090 ..] [SP FRAME TX] arp rsp,vif_idx:0 sender:[1c:79:2d:20:62:cb 192.168.3.4]receiver:[1a:01:08:c1:b7:a5 192.168.3.117]
06-03 15:32:55.529 W/ ( 0): [1 T1090 ..] [SP FRAME RX] arp req,vif_idx:0 sender:[12:f0:2d:d7:03:70 192.168.3.57]receiver:[00:00:00:00:00:00 192.168.3.4]
06-03 15:32:55.530 W/ ( 0): [1 T1090 ..] [SP FRAME TX] arp rsp,vif_idx:0 sender:[1c:79:2d:20:62:cb 192.168.3.4]receiver:[12:f0:2d:d7:03:70 192.168.3.57]
06-03 15:32:55.532 W/ ( 0): [1 T1090 ..] [SP FRAME RX] arp req,vif_idx:0 sender:[72:88:cd:46:44:3d 192.168.3.246]receiver:[00:00:00:00:00:00 192.168.3.4]
06-03 15:32:55.533 W/ ( 0): [1 T1090 ..] [SP FRAME TX] arp rsp,vif_idx:0 sender:[1c:79:2d:20:62:cb 192.168.3.4]receiver:[72:88:cd:46:44:3d 192.168.3.246]
06-03 15:32:55.535 W/ ( 0): [1 T1090 ..] [SP FRAME RX] arp req,vif_idx:0 sender:[7a:b3:5c:41:db:f6 192.168.3.247]receiver:[00:00:00:00:00:00 192.168.3.4]
06-03 15:32:55.536 W/ ( 0): [1 T1090 ..] [SP FRAME TX] arp rsp,vif_idx:0 sender:[1c:79:2d:20:62:cb 192.168.3.4]receiver:[7a:b3:5c:41:db:f6 192.168.3.247]
06-03 15:32:55.538 W/ ( 0): [1 T1090 ..] [SP FRAME RX] arp rsp,vif_idx:0 sender:[4e:23:88:be:47:18 192.168.3.226]receiver:[1c:79:2d:20:62:cb 192.168.3.4]
06-03 15:32:55.539 W/ ( 0): [1 T1090 ..] [SP FRAME RX] arp rsp,vif_idx:0 sender:[b6:b2:bd:b6:63:3a 192.168.3.228]receiver:[1c:79:2d:20:62:cb 192.168.3.4]
06-03 15:32:55.541 W/ ( 0): [1 T1090 ..] [SP FRAME RX] arp rsp,vif_idx:0 sender:[7a:86:3c:ae:b6:45 192.168.3.229]receiver:[1c:79:2d:20:62:cb 192.168.3.4]
06-03 15:32:55.542 W/ ( 0): [1 T1090 ..] [SP FRAME RX] arp rsp,vif_idx:0 sender:[b2:22:60:60:20:0c 192.168.3.230]receiver:[1c:79:2d:20:62:cb 192.168.3.4]
06-03 15:32:55.544 W/ ( 0): [1 T1090 ..] [SP FRAME RX] arp rsp,vif_idx:0 sender:[c0:b8:83:0f:05:0f 192.168.3.231]receiver:[1c:79:2d:20:62:cb 192.168.3.4]
06-03 15:32:55.546 W/ ( 0): [1 T1090 ..] [SP FRAME RX] arp rsp,vif_idx:0 sender:[c4:3d:1a:ea:21:62 192.168.3.142]receiver:[1c:79:2d:20:62:cb 192.168.3.4]
06-03 15:32:55.547 W/ ( 0): [1 T1090 ..] [SP FRAME RX] arp rsp,vif_idx:0 sender:[ec:8e:77:4b:2d:7d 192.168.3.233]receiver:[1c:79:2d:20:62:cb 192.168.3.4]
06-03 15:32:55.549 W/ ( 0): [1 T1090 ..] [SP FRAME RX] arp rsp,vif_idx:0 sender:[7e:21:dd:c5:4a:43 192.168.3.232]receiver:[1c:79:2d:20:62:cb 192.168.3.4]
06-03 15:32:55.550 W/ ( 0): [1 T1090 ..] [SP FRAME RX] arp rsp,vif_idx:0 sender:[44:37:0b:0d:07:cd 192.168.3.234]receiver:[1c:79:2d:20:62:cb 192.168.3.4]
06-03 15:32:55.552 W/ ( 0): [1 T1090 ..] [SP FRAME RX] arp rsp,vif_idx:0 sender:[c4:3d:1a:ea:21:62 192.168.3.142]receiver:[1c:79:2d:20:62:cb 192.168.3.4]
06-03 15:32:55.553 W/ ( 0): [1 T1090 ..] [SP FRAME RX] arp rsp,vif_idx:0 sender:[c4:3d:1a:ea:21:62 192.168.3.142]receiver:[1c:79:2d:20:62:cb 192.168.3.4]
06-03 15:32:55.555 W/ ( 0): [1 T1090 ..] [SP FRAME RX] arp rsp,vif_idx:0 sender:[62:e6:cb:ad:3a:47 192.168.3.235]receiver:[1c:79:2d:20:62:cb 192.168.3.4]
06-03 15:32:55.556 W/ ( 0): [1 T1090 ..] [SP FRAME RX] arp rsp,vif_idx:0 sender:[a6:8b:d2:cd:fe:9a 192.168.3.236]receiver:[1c:79:2d:20:62:cb 192.168.3.4]
06-03 15:32:55.558 W/ ( 0): [1 T1090 ..] [SP FRAME RX] arp rsp,vif_idx:0 sender:[f0:a6:54:29:d5:2f 192.168.3.237]receiver:[1c:79:2d:20:62:cb 192.168.3.4]
06-03 15:32:55.559 W/ ( 0): [1 T1090 ..] [SP FRAME RX] arp rsp,vif_idx:0 sender:[98:bd:80:20:4f:04 192.168.3.239]receiver:[1c:79:2d:20:62:cb 192.168.3.4]
06-03 15:32:55.561 W/ ( 0): [1 T1090 ..] [SP FRAME RX] arp rsp,vif_idx:0 sender:[c8:5e:a9:73:41:6e 192.168.3.240]receiver:[1c:79:2d:20:62:cb 192.168.3.4]
06-03 15:32:55.563 W/ ( 0): [1 T1090 ..] [SP FRAME RX] arp rsp,vif_idx:0 sender:[c8:5e:a9:79:13:69 192.168.3.241]receiver:[1c:79:2d:20:62:cb 192.168.3.4]
06-03 15:32:55.564 W/ ( 0): [1 T1090 ..] [SP FRAME RX] arp rsp,vif_idx:0 sender:[9c:da:3e:c9:e7:94 192.168.3.242]receiver:[1c:79:2d:20:62:cb 192.168.3.4]
06-03 15:32:55.566 W/ ( 0): [1 T1090 ..] [SP FRAME RX] arp rsp,vif_idx:0 sender:[f8:5e:a0:2d:d4:3a 192.168.3.244]receiver:[1c:79:2d:20:62:cb 192.168.3.4]
06-03 15:32:55.553 D/ActivityManager( 736): freezing 1511 com.android.music
06-03 15:32:55.567 W/ ( 0): [1 T1090 ..] [SP FRAME RX] arp rsp,vif_idx:0 sender:[08:71:90:3f:8c:20 192.168.3.245]receiver:[1c:79:2d:20:62:cb 192.168.3.4]
06-03 15:32:55.569 W/ ( 0): [1 T1090 ..] [SP FRAME RX] arp rsp,vif_idx:0 sender:[72:88:cd:46:44:3d 192.168.3.246]receiver:[1c:79:2d:20:62:cb 192.168.3.4]
06-03 15:32:55.570 W/ ( 0): [1 T1090 ..] [SP FRAME RX] arp rsp,vif_idx:0 sender:[7a:b3:5c:41:db:f6 192.168.3.247]receiver:[1c:79:2d:20:62:cb 192.168.3.4]
06-03 15:32:55.572 W/ ( 0): [1 T1090 ..] [SP FRAME RX] arp rsp,vif_idx:0 sender:[dc:bd:7a:2a:ce:1f 192.168.3.248]receiver:[1c:79:2d:20:62:cb 192.168.3.4]
06-03 15:32:55.573 W/ ( 0): [1 T1090 ..] [SP FRAME RX] arp rsp,vif_idx:0 sender:[02:91:37:fc:9e:f6 192.168.3.249]receiver:[1c:79:2d:20:62:cb 192.168.3.4]
06-03 15:32:55.575 W/ ( 0): [1 T1090 ..] [SP FRAME RX] arp rsp,vif_idx:0 sender:[ac:82:47:86:4a:4d 192.168.3.252]receiver:[1c:79:2d:20:62:cb 192.168.3.4]
06-03 15:32:55.576 W/ ( 0): [1 T1090 ..] [SP FRAME RX] arp rsp,vif_idx:0 sender:[da:7b:5f:b6:49:82 192.168.3.253]receiver:[1c:79:2d:20:62:cb 192.168.3.4]
06-03 15:32:55.578 W/ ( 0): [1 T1090 ..] [SP FRAME RX] arp rsp,vif_idx:0 sender:[c4:3d:1a:ea:21:62 192.168.3.142]receiver:[1c:79:2d:20:62:cb 192.168.3.4]
06-03 15:32:55.579 W/ ( 0): [1 T1090 ..] [SP FRAME RX] arp req,vif_idx:0 sender:[7a:fb:15:bf:d0:04 192.168.3.99]receiver:[1c:79:2d:20:62:cb 192.168.3.4]
06-03 15:32:55.581 W/ ( 0): [1 T1090 ..] [SP FRAME TX] arp rsp,vif_idx:0 sender:[1c:79:2d:20:62:cb 192.168.3.4]receiver:[7a:fb:15:bf:d0:04 192.168.3.99]
06-03 15:32:55.583 W/ ( 0): [1 T1090 ..] [SP FRAME RX] arp req,vif_idx:0 sender:[28:7b:11:70:51:1f 192.168.3.61]receiver:[00:00:00:00:00:00 192.168.3.4]
06-03 15:32:55.584 W/ ( 0): [1 T1090 ..] [SP FRAME TX] arp rsp,vif_idx:0 sender:[1c:79:2d:20:62:cb 192.168.3.4]receiver:[28:7b:11:70:51:1f 192.168.3.61]
06-03 15:32:55.585 W/ ( 0): [1 T1090 ..] [SP FRAME RX] arp rsp,vif_idx:0 sender:[c4:3d:1a:ea:21:62 192.168.3.142]receiver:[1c:79:2d:20:62:cb 192.168.3.4]
06-03 15:32:55.588 W/ ( 0): [1 T1090 ..] [SP FRAME RX] arp req,vif_idx:0 sender:[44:37:0b:0d:07:cd 192.168.3.234]receiver:[00:00:00:00:00:00 192.168.3.4]
06-03 15:32:55.589 W/ ( 0): [1 T1090 ..] [SP FRAME TX] arp rsp,vif_idx:0 sender:[1c:79:2d:20:62:cb 192.168.3.4]receiver:[44:37:0b:0d:07:cd 192.168.3.234]
06-03 15:32:55.590 W/ ( 0): [1 T1090 ..] [SP FRAME RX] arp rsp,vif_idx:0 sender:[c4:3d:1a:ea:21:62 192.168.3.142]receiver:[1c:79:2d:20:62:cb 192.168.3.4]
06-03 15:32:55.592 W/ ( 0): [1 T1090 ..] [SP FRAME RX] arp rsp,vif_idx:0 sender:[c4:3d:1a:ea:21:62 192.168.3.142]receiver:[1c:79:2d:20:62:cb 192.168.3.4]
06-03 15:32:55.593 W/ ( 0): [1 T1090 ..] [SP FRAME RX] arp rsp,vif_idx:0 sender:[c4:3d:1a:ea:21:62 192.168.3.142]receiver:[1c:79:2d:20:62:cb 192.168.3.4]
06-03 15:32:55.595 W/ ( 0): [1 T1090 ..] [SP FRAME RX] arp rsp,vif_idx:0 sender:[c4:3d:1a:ea:21:62 192.168.3.142]receiver:[1c:79:2d:20:62:cb 192.168.3.4]
06-03 15:32:55.597 W/ ( 0): [1 T1090 ..] [SP FRAME RX] arp rsp,vif_idx:0 sender:[c4:3d:1a:ea:21:62 192.168.3.142]receiver:[1c:79:2d:20:62:cb 192.168.3.4]
06-03 15:32:55.598 W/ ( 0): [1 T1090 ..] [SP FRAME RX] arp req,vif_idx:0 sender:[66:f6:b6:f4:ca:b9 192.168.3.37]receiver:[00:00:00:00:00:00 192.168.3.4]
06-03 15:32:55.599 W/ ( 0): [1 T1090 ..] [SP FRAME TX] arp rsp,vif_idx:0 sender:[1c:79:2d:20:62:cb 192.168.3.4]receiver:[66:f6:b6:f4:ca:b9 192.168.3.37]
06-03 15:32:55.765 W/ ( 0): [1 T0 .s] [SP FRAME TX] arp req,vif_idx:0 sender:[1c:79:2d:20:62:cb 192.168.3.4]receiver:[00:00:00:00:00:00 192.168.3.16]
06-03 15:32:55.765 W/ ( 0): [1 T0 .s] [SP FRAME TX] arp req,vif_idx:0 sender:[1c:79:2d:20:62:cb 192.168.3.4]receiver:[00:00:00:00:00:00 192.168.3.14]
06-03 15:32:55.767 W/ ( 0): [1 T0 .s] [SP FRAME TX] arp req,vif_idx:0 sender:[1c:79:2d:20:62:cb 192.168.3.4]receiver:[00:00:00:00:00:00 192.168.3.11]
06-03 15:32:55.768 W/ ( 0): [1 T0 .s] [SP FRAME TX] arp req,vif_idx:0 sender:[1c:79:2d:20:62:cb 192.168.3.4]receiver:[00:00:00:00:00:00 192.168.3.9]
06-03 15:32:55.770 W/ ( 0): [1 T0 .s] [SP FRAME TX] arp req,vif_idx:0 sender:[1c:79:2d:20:62:cb 192.168.3.4]receiver:[00:00:00:00:00:00 192.168.3.7]
06-03 15:32:55.771 W/ ( 0): [1 T0 .s] [SP FRAME TX] arp req,vif_idx:0 sender:[1c:79:2d:20:62:cb 192.168.3.4]receiver:[00:00:00:00:00:00 192.168.3.6]
06-03 15:32:55.788 W/ ( 0): [1 T1090 ..] [SP FRAME RX] arp rsp,vif_idx:0 sender:[c4:3d:1a:ea:21:62 192.168.3.142]receiver:[1c:79:2d:20:62:cb 192.168.3.4]
06-03 15:32:55.793 W/ ( 0): [1 T1090 ..] [SP FRAME RX] arp rsp,vif_idx:0 sender:[c4:3d:1a:ea:21:62 192.168.3.142]receiver:[1c:79:2d:20:62:cb 192.168.3.4]
06-03 15:32:55.797 W/ ( 0): [1 T0 .s] [SP FRAME TX] arp req,vif_idx:0 sender:[1c:79:2d:20:62:cb 192.168.3.4]receiver:[00:00:00:00:00:00 192.168.3.39]
06-03 15:32:55.797 W/ ( 0): [1 T0 .s] [SP FRAME TX] arp req,vif_idx:0 sender:[1c:79:2d:20:62:cb 192.168.3.4]receiver:[00:00:00:00:00:00 192.168.3.36]
06-03 15:32:55.799 W/ ( 0): [1 T0 .s] [SP FRAME TX] arp req,vif_idx:0 sender:[1c:79:2d:20:62:cb 192.168.3.4]receiver:[00:00:00:00:00:00 192.168.3.33]
06-03 15:32:55.800 W/ ( 0): [1 T0 .s] [SP FRAME TX] arp req,vif_idx:0 sender:[1c:79:2d:20:62:cb 192.168.3.4]receiver:[00:00:00:00:00:00 192.168.3.31]
06-03 15:32:55.802 W/ ( 0): [1 T0 .s] [SP FRAME TX] arp req,vif_idx:0 sender:[1c:79:2d:20:62:cb 192.168.3.4]receiver:[00:00:00:00:00:00 192.168.3.30]
06-03 15:32:55.804 W/ ( 0): [1 T0 .s] [SP FRAME TX] arp req,vif_idx:0 sender:[1c:79:2d:20:62:cb 192.168.3.4]receiver:[00:00:00:00:00:00 192.168.3.28]
06-03 15:32:55.805 W/ ( 0): [1 T0 .s] [SP FRAME TX] arp req,vif_idx:0 sender:[1c:79:2d:20:62:cb 192.168.3.4]receiver:[00:00:00:00:00:00 192.168.3.25]
06-03 15:32:55.807 W/ ( 0): [1 T0 .s] [SP FRAME TX] arp req,vif_idx:0 sender:[1c:79:2d:20:62:cb 192.168.3.4]receiver:[00:00:00:00:00:00 192.168.3.23]
06-03 15:32:55.829 W/ ( 0): [0 T0 .s] [SP FRAME TX] arp req,vif_idx:0 sender:[1c:79:2d:20:62:cb 192.168.3.4]receiver:[00:00:00:00:00:00 192.168.3.51]
06-03 15:32:55.830 W/ ( 0): [0 T0 .s] [SP FRAME TX] arp req,vif_idx:0 sender:[1c:79:2d:20:62:cb 192.168.3.4]receiver:[00:00:00:00:00:00 192.168.3.48]
06-03 15:32:55.831 W/ ( 0): [0 T0 .s] [SP FRAME TX] arp req,vif_idx:0 sender:[1c:79:2d:20:62:cb 192.168.3.4]receiver:[00:00:00:00:00:00 192.168.3.47]
06-03 15:32:55.861 W/ ( 0): [0 T0 .s] [SP FRAME TX] arp req,vif_idx:0 sender:[1c:79:2d:20:62:cb 192.168.3.4]receiver:[00:00:00:00:00:00 192.168.3.84]
06-03 15:32:55.862 W/ ( 0): [0 T0 .s] [SP FRAME TX] arp req,vif_idx:0 sender:[1c:79:2d:20:62:cb 192.168.3.4]receiver:[00:00:00:00:00:00 192.168.3.81]
06-03 15:32:55.863 W/ ( 0): [0 T0 .s] [SP FRAME TX] arp req,vif_idx:0 sender:[1c:79:2d:20:62:cb 192.168.3.4]receiver:[00:00:00:00:00:00 192.168.3.80]
06-03 15:32:55.865 W/ ( 0): [0 T0 .s] [SP FRAME TX] arp req,vif_idx:0 sender:[1c:79:2d:20:62:cb 192.168.3.4]receiver:[00:00:00:00:00:00 192.168.3.77]
06-03 15:32:55.866 W/ ( 0): [0 T0 .s] [SP FRAME TX] arp req,vif_idx:0 sender:[1c:79:2d:20:62:cb 192.168.3.4]receiver:[00:00:00:00:00:00 192.168.3.76]
06-03 15:32:55.868 W/ ( 0): [0 T0 .s] [SP FRAME TX] arp req,vif_idx:0 sender:[1c:79:2d:20:62:cb 192.168.3.4]receiver:[00:00:00:00:00:00 192.168.3.75]
06-03 15:32:55.869 W/ ( 0): [0 T0 .s] [SP FRAME TX] arp req,vif_idx:0 sender:[1c:79:2d:20:62:cb 192.168.3.4]receiver:[00:00:00:00:00:00 192.168.3.69]
06-03 15:32:55.896 W/ ( 0): [0 T0 .s] [SP FRAME TX] arp req,vif_idx:0 sender:[1c:79:2d:20:62:cb 192.168.3.4]receiver:[00:00:00:00:00:00 192.168.3.104]
06-03 15:32:55.897 W/ ( 0): [0 T0 .s] [SP FRAME TX] arp req,vif_idx:0 sender:[1c:79:2d:20:62:cb 192.168.3.4]receiver:[00:00:00:00:00:00 192.168.3.100]
06-03 15:32:55.899 W/ ( 0): [0 T0 .s] [SP FRAME TX] arp req,vif_idx:0 sender:[1c:79:2d:20:62:cb 192.168.3.4]receiver:[00:00:00:00:00:00 192.168.3.97]
06-03 15:32:55.901 W/ ( 0): [0 T0 .s] [SP FRAME TX] arp req,vif_idx:0 sender:[1c:79:2d:20:62:cb 192.168.3.4]receiver:[00:00:00:00:00:00 192.168.3.96]
06-03 15:32:55.901 W/ ( 0): [1 T1090 ..] [SP FRAME RX] arp rsp,vif_idx:0 sender:[c4:3d:1a:ea:21:62 192.168.3.142]receiver:[1c:79:2d:20:62:cb 192.168.3.4]
06-03 15:32:55.902 W/ ( 0): [0 T0 .s] [SP FRAME TX] arp req,vif_idx:0 sender:[1c:79:2d:20:62:cb 192.168.3.4]receiver:[00:00:00:00:00:00 192.168.3.92]
06-03 15:32:55.905 W/ ( 0): [0 T0 .s] [SP FRAME TX] arp req,vif_idx:0 sender:[1c:79:2d:20:62:cb 192.168.3.4]receiver:[00:00:00:00:00:00 192.168.3.86]
06-03 15:32:55.924 W/ ( 0): [0 T0 .s] [SP FRAME TX] arp req,vif_idx:0 sender:[1c:79:2d:20:62:cb 192.168.3.4]receiver:[00:00:00:00:00:00 192.168.3.111]
06-03 15:32:55.925 W/ ( 0): [0 T0 .s] [SP FRAME TX] arp req,vif_idx:0 sender:[1c:79:2d:20:62:cb 192.168.3.4]receiver:[00:00:00:00:00:00 192.168.3.123]
06-03 15:32:55.927 W/ ( 0): [0 T0 .s] [SP FRAME TX] arp req,vif_idx:0 sender:[1c:79:2d:20:62:cb 192.168.3.4]receiver:[00:00:00:00:00:00 192.168.3.121]
06-03 15:32:55.942 W/ ( 0): [1 T1090 ..] [SP FRAME RX] arp rsp,vif_idx:0 sender:[c4:3d:1a:ea:21:62 192.168.3.142]receiver:[1c:79:2d:20:62:cb 192.168.3.4]
06-03 15:32:55.946 W/ ( 0): [1 T1090 ..] [SP FRAME RX] arp rsp,vif_idx:0 sender:[c4:3d:1a:ea:21:62 192.168.3.142]receiver:[1c:79:2d:20:62:cb 192.168.3.4]
06-03 15:32:55.947 W/ ( 0): [1 T1090 ..] [SP FRAME RX] arp rsp,vif_idx:0 sender:[c4:3d:1a:ea:21:62 192.168.3.142]receiver:[1c:79:2d:20:62:cb 192.168.3.4]
06-03 15:32:55.949 W/ ( 0): [1 T1090 ..] [SP FRAME RX] arp rsp,vif_idx:0 sender:[c4:3d:1a:ea:21:62 192.168.3.142]receiver:[1c:79:2d:20:62:cb 192.168.3.4]
06-03 15:32:55.950 W/ ( 0): [1 T1090 ..] [SP FRAME RX] arp rsp,vif_idx:0 sender:[c4:3d:1a:ea:21:62 192.168.3.142]receiver:[1c:79:2d:20:62:cb 192.168.3.4]
06-03 15:32:55.952 W/ ( 0): [1 T1090 ..] [SP FRAME RX] arp rsp,vif_idx:0 sender:[c4:3d:1a:ea:21:62 192.168.3.142]receiver:[1c:79:2d:20:62:cb 192.168.3.4]
06-03 15:32:55.957 W/ ( 0): [1 T0 .s] [SP FRAME TX] arp req,vif_idx:0 sender:[1c:79:2d:20:62:cb 192.168.3.4]receiver:[00:00:00:00:00:00 192.168.3.146]
06-03 15:32:55.957 W/ ( 0): [1 T0 .s] [SP FRAME TX] arp req,vif_idx:0 sender:[1c:79:2d:20:62:cb 192.168.3.4]receiver:[00:00:00:00:00:00 192.168.3.140]
06-03 15:32:55.959 W/ ( 0): [1 T0 .s] [SP FRAME TX] arp req,vif_idx:0 sender:[1c:79:2d:20:62:cb 192.168.3.4]receiver:[00:00:00:00:00:00 192.168.3.139]
06-03 15:32:55.961 W/ ( 0): [1 T0 .s] [SP FRAME TX] arp req,vif_idx:0 sender:[1c:79:2d:20:62:cb 192.168.3.4]receiver:[00:00:00:00:00:00 192.168.3.137]
06-03 15:32:55.962 W/ ( 0): [1 T0 .s] [SP FRAME TX] arp req,vif_idx:0 sender:[1c:79:2d:20:62:cb 192.168.3.4]receiver:[00:00:00:00:00:00 192.168.3.134]
06-03 15:32:55.964 W/ ( 0): [1 T0 .s] [SP FRAME TX] arp req,vif_idx:0 sender:[1c:79:2d:20:62:cb 192.168.3.4]receiver:[00:00:00:00:00:00 192.168.3.133]
06-03 15:32:55.965 W/ ( 0): [1 T0 .s] [SP FRAME TX] arp req,vif_idx:0 sender:[1c:79:2d:20:62:cb 192.168.3.4]receiver:[00:00:00:00:00:00 192.168.3.129]
06-03 15:32:55.967 W/ ( 0): [1 T0 .s] [SP FRAME TX] arp req,vif_idx:0 sender:[1c:79:2d:20:62:cb 192.168.3.4]receiver:[00:00:00:00:00:00 192.168.3.128]
06-03 15:32:55.989 W/ ( 0): [1 T0 .s] [SP FRAME TX] arp req,vif_idx:0 sender:[1c:79:2d:20:62:cb 192.168.3.4]receiver:[00:00:00:00:00:00 192.168.3.152]
06-03 15:32:55.989 W/ ( 0): [1 T0 .s] [SP FRAME TX] arp req,vif_idx:0 sender:[1c:79:2d:20:62:cb 192.168.3.4]receiver:[00:00:00:00:00:00 192.168.3.151]
06-03 15:32:55.991 W/ ( 0): [1 T0 .s] [SP FRAME TX] arp req,vif_idx:0 sender:[1c:79:2d:20:62:cb 192.168.3.4]receiver:[00:00:00:00:00:00 192.168.3.149]
06-03 15:32:55.993 W/ ( 0): [1 T0 .s] [SP FRAME TX] arp req,vif_idx:0 sender:[1c:79:2d:20:62:cb 192.168.3.4]receiver:[00:00:00:00:00:00 192.168.3.157]
06-03 15:32:55.994 W/ ( 0): [1 T0 .s] [SP FRAME TX] arp req,vif_idx:0 sender:[1c:79:2d:20:62:cb 192.168.3.4]receiver:[00:00:00:00:00:00 192.168.3.147]
06-03 15:32:55.987 D/TrafficStats( 2115): tagSocket(172) with statsTag=0xffffffff, statsUid=-1
06-03 15:32:56.020 W/ ( 0): [3 T0 .s] [SP FRAME TX] arp req,vif_idx:0 sender:[1c:79:2d:20:62:cb 192.168.3.4]receiver:[00:00:00:00:00:00 192.168.3.166]
06-03 15:32:56.021 W/ ( 0): [3 T0 .s] [SP FRAME TX] arp req,vif_idx:0 sender:[1c:79:2d:20:62:cb 192.168.3.4]receiver:[00:00:00:00:00:00 192.168.3.164]
06-03 15:32:56.052 W/ ( 0): [3 T0 .s] [SP FRAME TX] arp req,vif_idx:0 sender:[1c:79:2d:20:62:cb 192.168.3.4]receiver:[00:00:00:00:00:00 192.168.3.179]
06-03 15:32:56.085 W/ ( 0): [3 T0 .s] [SP FRAME TX] arp req,vif_idx:0 sender:[1c:79:2d:20:62:cb 192.168.3.4]receiver:[00:00:00:00:00:00 192.168.3.189]
06-03 15:32:56.085 W/ ( 0): [3 T0 .s] [SP FRAME TX] arp req,vif_idx:0 sender:[1c:79:2d:20:62:cb 192.168.3.4]receiver:[00:00:00:00:00:00 192.168.3.186]
06-03 15:32:56.087 W/ ( 0): [3 T0 .s] [SP FRAME TX] arp req,vif_idx:0 sender:[1c:79:2d:20:62:cb 192.168.3.4]receiver:[00:00:00:00:00:00 192.168.3.183]
06-03 15:32:56.103 W/ ( 0): [1 T1090 ..] [SP FRAME RX] arp rsp,vif_idx:0 sender:[c4:3d:1a:ea:21:62 192.168.3.142]receiver:[1c:79:2d:20:62:cb 192.168.3.4]
06-03 15:32:56.116 W/ ( 0): [3 T0 .s] [SP FRAME TX] arp req,vif_idx:0 sender:[1c:79:2d:20:62:cb 192.168.3.4]receiver:[00:00:00:00:00:00 192.168.3.199]
06-03 15:32:56.117 W/ ( 0): [3 T0 .s] [SP FRAME TX] arp req,vif_idx:0 sender:[1c:79:2d:20:62:cb 192.168.3.4]receiver:[00:00:00:00:00:00 192.168.3.198]
06-03 15:32:56.119 W/ ( 0): [3 T0 .s] [SP FRAME TX] arp req,vif_idx:0 sender:[1c:79:2d:20:62:cb 192.168.3.4]receiver:[00:00:00:00:00:00 192.168.3.193]
06-03 15:32:56.121 W/ ( 0): [3 T0 .s] [SP FRAME TX] arp req,vif_idx:0 sender:[1c:79:2d:20:62:cb 192.168.3.4]receiver:[00:00:00:00:00:00 192.168.3.192]
06-03 15:32:56.149 W/ ( 0): [3 T0 .s] [SP FRAME TX] arp req,vif_idx:0 sender:[1c:79:2d:20:62:cb 192.168.3.4]receiver:[00:00:00:00:00:00 192.168.3.211]
06-03 15:32:56.149 W/ ( 0): [3 T0 .s] [SP FRAME TX] arp req,vif_idx:0 sender:[1c:79:2d:20:62:cb 192.168.3.4]receiver:[00:00:00:00:00:00 192.168.3.206]
06-03 15:32:56.151 W/ ( 0): [3 T0 .s] [SP FRAME TX] arp req,vif_idx:0 sender:[1c:79:2d:20:62:cb 192.168.3.4]receiver:[00:00:00:00:00:00 192.168.3.204]
06-03 15:32:56.181 W/ ( 0): [3 T0 .s] [SP FRAME TX] arp req,vif_idx:0 sender:[1c:79:2d:20:62:cb 192.168.3.4]receiver:[00:00:00:00:00:00 192.168.3.222]
06-03 15:32:56.182 W/ ( 0): [3 T0 .s] [SP FRAME TX] arp req,vif_idx:0 sender:[1c:79:2d:20:62:cb 192.168.3.4]receiver:[00:00:00:00:00:00 192.168.3.221]
06-03 15:32:56.183 W/ ( 0): [3 T0 .s] [SP FRAME TX] arp req,vif_idx:0 sender:[1c:79:2d:20:62:cb 192.168.3.4]receiver:[00:00:00:00:00:00 192.168.3.217]
06-03 15:32:56.185 W/ ( 0): [3 T0 .s] [SP FRAME TX] arp req,vif_idx:0 sender:[1c:79:2d:20:62:cb 192.168.3.4]receiver:[00:00:00:00:00:00 192.168.3.216]
06-03 15:32:56.186 W/ ( 0): [3 T0 .s] [SP FRAME TX] arp req,vif_idx:0 sender:[1c:79:2d:20:62:cb 192.168.3.4]receiver:[00:00:00:00:00:00 192.168.3.214]
06-03 15:32:56.188 W/ ( 0): [3 T0 .s] [SP FRAME TX] arp req,vif_idx:0 sender:[1c:79:2d:20:62:cb 192.168.3.4]receiver:[00:00:00:00:00:00 192.168.3.213]
06-03 15:32:56.208 W/ ( 0): [1 T1090 ..] [SP FRAME RX] arp rsp,vif_idx:0 sender:[c4:3d:1a:ea:21:62 192.168.3.142]receiver:[1c:79:2d:20:62:cb 192.168.3.4]
06-03 15:32:56.209 W/ ( 0): [1 T1090 ..] [SP FRAME RX] arp rsp,vif_idx:0 sender:[c4:3d:1a:ea:21:62 192.168.3.142]receiver:[1c:79:2d:20:62:cb 192.168.3.4]
06-03 15:32:56.212 W/ ( 0): [3 T0 .s] [SP FRAME TX] arp req,vif_idx:0 sender:[1c:79:2d:20:62:cb 192.168.3.4]receiver:[00:00:00:00:00:00 192.168.3.227]
06-03 15:32:56.213 W/ ( 0): [3 T0 .s] [SP FRAME TX] arp req,vif_idx:0 sender:[1c:79:2d:20:62:cb 192.168.3.4]receiver:[00:00:00:00:00:00 192.168.3.224]
06-03 15:32:56.219 W/ ( 0): [1 T1090 ..] [SP FRAME RX] arp rsp,vif_idx:0 sender:[c4:3d:1a:ea:21:62 192.168.3.142]receiver:[1c:79:2d:20:62:cb 192.168.3.4]
06-03 15:32:56.220 W/ ( 0): [1 T1090 ..] [SP FRAME RX] arp rsp,vif_idx:0 sender:[c4:3d:1a:ea:21:62 192.168.3.142]receiver:[1c:79:2d:20:62:cb 192.168.3.4]
06-03 15:32:56.223 W/ ( 0): [1 T1090 ..] [SP FRAME RX] arp rsp,vif_idx:0 sender:[c4:3d:1a:ea:21:62 192.168.3.142]receiver:[1c:79:2d:20:62:cb 192.168.3.4]
06-03 15:32:56.244 W/ ( 0): [3 T0 .s] [SP FRAME TX] arp req,vif_idx:0 sender:[1c:79:2d:20:62:cb 192.168.3.4]receiver:[00:00:00:00:00:00 192.168.3.243]
06-03 15:32:56.245 W/ ( 0): [3 T0 .s] [SP FRAME TX] arp req,vif_idx:0 sender:[1c:79:2d:20:62:cb 192.168.3.4]receiver:[00:00:00:00:00:00 192.168.3.238]
06-03 15:32:56.277 W/ ( 0): [0 T0 .s] [SP FRAME TX] arp req,vif_idx:0 sender:[1c:79:2d:20:62:cb 192.168.3.4]receiver:[00:00:00:00:00:00 192.168.3.251]
06-03 15:32:56.278 W/ ( 0): [0 T0 .s] [SP FRAME TX] arp req,vif_idx:0 sender:[1c:79:2d:20:62:cb 192.168.3.4]receiver:[00:00:00:00:00:00 192.168.3.250]
06-03 15:32:56.273 E/dangbei111( 1494): cccccc 检查遥控器是否连接: Dangbei E4:BB:D3:57:C0:22
06-03 15:32:56.276 E/dangbei111( 1494): cccccc 检查遥控器是否连接: 蓝牙的结果 Dangbei E4:BB:D3:57:C0:22 false
06-03 15:32:56.288 E/dangbei111( 1494): cccccc input中没有遥控器存在
06-03 15:32:56.288 E/dangbei111( 1494): cccccc 蓝牙状态连接 不是连接状态 啥都不干
06-03 15:32:56.297 W/ ( 0): [1 T1090 ..] [SP FRAME RX] arp rsp,vif_idx:0 sender:[c4:3d:1a:ea:21:62 192.168.3.142]receiver:[1c:79:2d:20:62:cb 192.168.3.4]
06-03 15:32:56.298 W/ ( 0): [1 T1090 ..] [SP FRAME RX] arp rsp,vif_idx:0 sender:[c4:3d:1a:ea:21:62 192.168.3.142]receiver:[1c:79:2d:20:62:cb 192.168.3.4]
06-03 15:32:56.300 W/ ( 0): [1 T1090 ..] [SP FRAME RX] arp rsp,vif_idx:0 sender:[c4:3d:1a:ea:21:62 192.168.3.142]receiver:[1c:79:2d:20:62:cb 192.168.3.4]
06-03 15:32:56.301 W/ ( 0): [1 T1090 ..] [SP FRAME RX] arp rsp,vif_idx:0 sender:[c4:3d:1a:ea:21:62 192.168.3.142]receiver:[1c:79:2d:20:62:cb 192.168.3.4]
06-03 15:32:56.291 E/dangbei111( 1494): cccccc 开始扫描
06-03 15:32:56.291 D/BluetoothAdapter( 1494): isLeEnabled(): ON
06-03 15:32:56.303 W/ ( 0): [1 T1090 ..] [SP FRAME RX] arp rsp,vif_idx:0 sender:[c4:3d:1a:ea:21:62 192.168.3.142]receiver:[1c:79:2d:20:62:cb 192.168.3.4]
06-03 15:32:56.304 W/ ( 0): [1 T1090 ..] [SP FRAME RX] arp rsp,vif_idx:0 sender:[c4:3d:1a:ea:21:62 192.168.3.142]receiver:[1c:79:2d:20:62:cb 192.168.3.4]
06-03 15:32:56.296 D/BtGatt.GattService( 1168): registerScanner() - UUID=31e4c8ed-a831-4701-89f6-0c166acf47d3
06-03 15:32:56.298 I/bt_stack( 1168): [INFO:le_scanning_manager.cc(155)] RegisterScanner in shim layer
06-03 15:32:56.299 D/BtGatt.GattService( 1168): onScannerRegistered() - UUID=31e4c8ed-a831-4701-89f6-0c166acf47d3, scannerId=1, status=0
06-03 15:32:56.299 D/BluetoothLeScanner( 1494): onScannerRegistered() - status=0 scannerId=1 mScannerId=0
06-03 15:32:56.309 W/ ( 0): [0 T0 .s] [SP FRAME TX] arp req,vif_idx:0 sender:[1c:79:2d:20:62:cb 192.168.3.4]receiver:[00:00:00:00:00:00 192.168.3.254]
06-03 15:32:56.300 D/BtGatt.GattService( 1168): start scan with filters
06-03 15:32:56.301 D/BtGatt.GattService( 1168): enforcePrivilegedPermissionIfNeeded([BluetoothLeScanFilter [mDeviceName=Dangbei, mDeviceAddress=null, mUuid=null, mUuidMask=null, mServiceSolicitationUuid=null, mServiceSolicitationUuidMask=null, mServiceDataUuid=null, mServiceData=null, mServiceDataMask=null, mManufacturerId=-1, mManufacturerData=null, mManufacturerDataMask=null, mAdvertisingDataType=-1, mAdvertisingData=null, mAdvertisingDataMask=null, mTransportBlockFilter=null]])
06-03 15:32:56.310 W/droid.bluetooth( 1168): Core platform API violation: Llibcore/io/Memory;->pokeByte(JB)V from Lcom/google/protobuf/UnsafeUtil; using reflection
06-03 15:32:56.310 W/droid.bluetooth( 1168): Core platform API violation: Llibcore/io/Memory;->peekByte(J)B from Lcom/google/protobuf/UnsafeUtil; using reflection
06-03 15:32:56.313 D/BtGatt.ScanManager( 1168): startScan() [ScanClient scanModeApp 0 scanModeUsed 0 [appScanStats android.uid.system:1000]]
06-03 15:32:56.313 D/ActivityAttributionService( 1168): notifyActivityAttributionInfo UID=1002 packageName=com.android.bluetooth deviceAddress=no_active_device_address
06-03 15:32:56.313 D/BtGatt.ScanManager( 1168): handling starting scan
06-03 15:32:56.313 I/bt_btif ( 1168): packages/modules/Bluetooth/system/btif/src/bluetooth.cc:829 get_profile_interface: get_profile_interface: id = activity_attribution
06-03 15:32:56.314 D/BtGatt.ScanManager( 1168): scanMode is upgraded for [ScanClient scanModeApp 0 scanModeUsed 1 [appScanStats android.uid.system:1000]]
06-03 15:32:56.314 D/BtGatt.ScanManager( 1168): start gattClientScanNative from startRegularScan()
06-03 15:32:56.314 I/bt_stack( 1168): [INFO:le_scanning_manager.cc(168)] Scan in shim layer started
06-03 15:32:56.314 I/bluetooth( 1168): packages/modules/Bluetooth/system/gd/hci/le_scanning_manager.cc:588 stop_scan: Scanning already stopped, return!
06-03 15:32:56.315 D/BtGatt.ScanManager( 1168): configureRegularScanParams() - queue=1
06-03 15:32:56.315 I/bluetooth( 1168): packages/modules/Bluetooth/system/gd/hci/le_address_manager.cc:178 register_client: Client registered
06-03 15:32:56.317 E/dangbei111( 1494): cccccc 开始扫描
06-03 15:32:56.317 D/BluetoothAdapter( 1494): isLeEnabled(): ON
06-03 15:32:56.319 I/bt_stack( 1168): [INFO:le_scanning_manager.cc(168)] Scan in shim layer stopped
06-03 15:32:56.319 I/bluetooth( 1168): packages/modules/Bluetooth/system/gd/hci/le_address_manager.cc:193 unregister_client: Client unregistered
06-03 15:32:56.320 D/BtGatt.ScanManager( 1168): Start gattClientScanNative with old scanMode -2147483648 new scanMode 1 ( in MS: 730 / 183, in scan unit: 1168 / 292 ) [ScanClient scanModeApp 0 scanModeUsed 1 [appScanStats android.uid.system:1000]]
06-03 15:32:56.321 I/bt_stack( 1168): [INFO:le_scanning_manager.cc(346)] SetScanParameters in shim layer
06-03 15:32:56.321 I/bt_stack( 1168): [INFO:le_scanning_manager.cc(168)] Scan in shim layer started
06-03 15:32:56.321 D/BtGatt.GattService( 1168): onScanParamSetupCompleted : 0
06-03 15:32:56.321 I/bluetooth( 1168): packages/modules/Bluetooth/system/gd/hci/le_scanning_manager.cc:588 stop_scan: Scanning already stopped, return!
06-03 15:32:56.321 I/bluetooth( 1168): packages/modules/Bluetooth/system/gd/hci/le_address_manager.cc:178 register_client: Client registered
06-03 15:32:56.321 D/BtGatt.ScanManager( 1168): apply scan timeout (600000)to scannerId 1
06-03 15:32:56.383 D/bluetooth( 1168): packages/modules/Bluetooth/system/gd/hci/le_scanning_reassembler.cc:64 ProcessAdvertisingReport: Dropping repeated legacy advertising data
06-03 15:32:56.393 W/ ( 0): [1 T1090 ..] [SP FRAME RX] arp rsp,vif_idx:0 sender:[c4:3d:1a:ea:21:62 192.168.3.142]receiver:[1c:79:2d:20:62:cb 192.168.3.4]
06-03 15:32:56.394 W/ ( 0): [1 T1090 ..] [SP FRAME RX] arp rsp,vif_idx:0 sender:[c4:3d:1a:ea:21:62 192.168.3.142]receiver:[1c:79:2d:20:62:cb 192.168.3.4]
06-03 15:32:56.388 D/bluetooth( 1168): packages/modules/Bluetooth/system/gd/hci/le_scanning_reassembler.cc:64 ProcessAdvertisingReport: Dropping repeated legacy advertising data
06-03 15:32:56.398 D/bluetooth( 1168): packages/modules/Bluetooth/system/gd/hci/le_scanning_reassembler.cc:64 ProcessAdvertisingReport: Dropping repeated legacy advertising data
06-03 15:32:56.428 I/resolv ( 466): GetAddrInfoHandler::run: {100 786532 100 983140 1000 0}
06-03 15:32:56.429 I/resolv ( 466): res_nmkquery: (QUERY, IN, A)
06-03 15:32:56.429 I/resolv ( 466): resolv_cache_lookup: FOUND IN CACHE entry=0xf4680fd0
06-03 15:32:56.429 I/resolv ( 466): doQuery: rcode=0, ancount=17, return value=504
06-03 15:32:56.432 D/TrafficStats( 1542): tagSocket(122) with statsTag=0xffffffff, statsUid=-1
06-03 15:32:56.434 D/bluetooth( 1168): packages/modules/Bluetooth/system/gd/hci/le_scanning_reassembler.cc:64 ProcessAdvertisingReport: Dropping repeated legacy advertising data
06-03 15:32:56.442 D/bluetooth( 1168): packages/modules/Bluetooth/system/gd/hci/le_scanning_reassembler.cc:64 ProcessAdvertisingReport: Dropping repeated legacy advertising data
06-03 15:32:56.473 W/ ( 0): [1 T1090 ..] [SP FRAME RX] arp rsp,vif_idx:0 sender:[c4:3d:1a:ea:21:62 192.168.3.142]receiver:[1c:79:2d:20:62:cb 192.168.3.4]
06-03 15:32:56.493 D/bluetooth( 1168): packages/modules/Bluetooth/system/gd/hci/le_scanning_reassembler.cc:64 ProcessAdvertisingReport: Dropping repeated legacy advertising data
06-03 15:32:56.498 D/bluetooth( 1168): packages/modules/Bluetooth/system/gd/hci/le_scanning_reassembler.cc:64 ProcessAdvertisingReport: Dropping repeated legacy advertising data
06-03 15:32:56.514 D/bluetooth( 1168): packages/modules/Bluetooth/system/gd/hci/le_scanning_reassembler.cc:64 ProcessAdvertisingReport: Dropping repeated legacy advertising data
06-03 15:32:56.525 D/bluetooth( 1168): packages/modules/Bluetooth/system/gd/hci/le_scanning_reassembler.cc:64 ProcessAdvertisingReport: Dropping repeated legacy advertising data
06-03 15:32:56.530 D/bluetooth( 1168): packages/modules/Bluetooth/system/gd/hci/le_scanning_reassembler.cc:64 ProcessAdvertisingReport: Dropping repeated legacy advertising data
06-03 15:32:56.586 D/bluetooth( 1168): packages/modules/Bluetooth/system/gd/hci/le_scanning_reassembler.cc:64 ProcessAdvertisingReport: Dropping repeated legacy advertising data
06-03 15:32:56.596 D/bluetooth( 1168): packages/modules/Bluetooth/system/gd/hci/le_scanning_reassembler.cc:64 ProcessAdvertisingReport: Dropping repeated legacy advertising data
06-03 15:32:56.602 D/bluetooth( 1168): packages/modules/Bluetooth/system/gd/hci/le_scanning_reassembler.cc:64 ProcessAdvertisingReport: Dropping repeated legacy advertising data
06-03 15:32:56.622 D/bluetooth( 1168): packages/modules/Bluetooth/system/gd/hci/le_scanning_reassembler.cc:64 ProcessAdvertisingReport: Dropping repeated legacy advertising data
06-03 15:32:56.661 D/bluetooth( 1168): packages/modules/Bluetooth/system/gd/hci/le_scanning_reassembler.cc:64 ProcessAdvertisingReport: Dropping repeated legacy advertising data
06-03 15:32:56.662 D/bluetooth( 1168): packages/modules/Bluetooth/system/gd/hci/le_scanning_reassembler.cc:64 ProcessAdvertisingReport: Dropping repeated legacy advertising data
06-03 15:32:56.667 D/bluetooth( 1168): packages/modules/Bluetooth/system/gd/hci/le_scanning_reassembler.cc:64 ProcessAdvertisingReport: Dropping repeated legacy advertising data
06-03 15:32:56.683 D/bluetooth( 1168): packages/modules/Bluetooth/system/gd/hci/le_scanning_reassembler.cc:64 ProcessAdvertisingReport: Dropping repeated legacy advertising data
06-03 15:32:56.706 D/bluetooth( 1168): packages/modules/Bluetooth/system/gd/hci/le_scanning_reassembler.cc:64 ProcessAdvertisingReport: Dropping repeated legacy advertising data
06-03 15:32:56.735 D/bluetooth( 1168): packages/modules/Bluetooth/system/gd/hci/le_scanning_reassembler.cc:64 ProcessAdvertisingReport: Dropping repeated legacy advertising data
06-03 15:32:56.778 D/bluetooth( 1168): packages/modules/Bluetooth/system/gd/hci/le_scanning_reassembler.cc:64 ProcessAdvertisingReport: Dropping repeated legacy advertising data
06-03 15:32:56.789 W/ ( 0): [1 T0 .s] [SP FRAME TX] arp req,vif_idx:0 sender:[1c:79:2d:20:62:cb 192.168.3.4]receiver:[00:00:00:00:00:00 192.168.3.6]
06-03 15:32:56.789 W/ ( 0): [1 T0 .s] [SP FRAME TX] arp req,vif_idx:0 sender:[1c:79:2d:20:62:cb 192.168.3.4]receiver:[00:00:00:00:00:00 192.168.3.7]
06-03 15:32:56.791 W/ ( 0): [1 T0 .s] [SP FRAME TX] arp req,vif_idx:0 sender:[1c:79:2d:20:62:cb 192.168.3.4]receiver:[00:00:00:00:00:00 192.168.3.9]
06-03 15:32:56.793 W/ ( 0): [1 T0 .s] [SP FRAME TX] arp req,vif_idx:0 sender:[1c:79:2d:20:62:cb 192.168.3.4]receiver:[00:00:00:00:00:00 192.168.3.11]
06-03 15:32:56.780 D/bluetooth( 1168): packages/modules/Bluetooth/system/gd/hci/le_scanning_reassembler.cc:64 ProcessAdvertisingReport: Dropping repeated legacy advertising data
06-03 15:32:56.794 W/ ( 0): [1 T0 .s] [SP FRAME TX] arp req,vif_idx:0 sender:[1c:79:2d:20:62:cb 192.168.3.4]receiver:[00:00:00:00:00:00 192.168.3.14]
06-03 15:32:56.796 W/ ( 0): [1 T0 .s] [SP FRAME TX] arp req,vif_idx:0 sender:[1c:79:2d:20:62:cb 192.168.3.4]receiver:[00:00:00:00:00:00 192.168.3.16]
06-03 15:32:56.794 D/bluetooth( 1168): packages/modules/Bluetooth/system/gd/hci/le_scanning_reassembler.cc:64 ProcessAdvertisingReport: Dropping repeated legacy advertising data
06-03 15:32:56.805 D/bluetooth( 1168): packages/modules/Bluetooth/system/gd/hci/le_scanning_reassembler.cc:64 ProcessAdvertisingReport: Dropping repeated legacy advertising data
06-03 15:32:56.821 W/ ( 0): [1 T0 .s] [SP FRAME TX] arp req,vif_idx:0 sender:[1c:79:2d:20:62:cb 192.168.3.4]receiver:[00:00:00:00:00:00 192.168.3.23]
06-03 15:32:56.821 W/ ( 0): [1 T0 .s] [SP FRAME TX] arp req,vif_idx:0 sender:[1c:79:2d:20:62:cb 192.168.3.4]receiver:[00:00:00:00:00:00 192.168.3.25]
06-03 15:32:56.823 W/ ( 0): [1 T0 .s] [SP FRAME TX] arp req,vif_idx:0 sender:[1c:79:2d:20:62:cb 192.168.3.4]receiver:[00:00:00:00:00:00 192.168.3.28]
06-03 15:32:56.825 W/ ( 0): [1 T0 .s] [SP FRAME TX] arp req,vif_idx:0 sender:[1c:79:2d:20:62:cb 192.168.3.4]receiver:[00:00:00:00:00:00 192.168.3.30]
06-03 15:32:56.826 W/ ( 0): [1 T0 .s] [SP FRAME TX] arp req,vif_idx:0 sender:[1c:79:2d:20:62:cb 192.168.3.4]receiver:[00:00:00:00:00:00 192.168.3.31]
