06-04 09:07:30.086 517 517 D SoundTriggerService: onBootPhase: 600 : false
06-04 09:07:30.087 517 668 D WifiClientModeImpl[wlan0]: Start makeIpClient ifaceName = wlan0
06-04 09:07:30.095 210 210 I keystore2: keystore2::authorization: on_lock_screen_event(LockScreenEvent(0), user_id=0, password.is_some()=false, unlocking_sids=Some([]))
06-04 09:07:30.144 264 264 I EventThread: type=1400 audit(0.0:338): avc: denied { search } for name="extcon" dev="sysfs" ino=18109 scontext=u:r:hal_tv_cec_default:s0 tcontext=u:object_r:sysfs_extcon:s0 tclass=dir permissive=1
06-04 09:07:30.157 517 600 D CompatibilityChangeReporter: Compat change id reported: 171306433; UID 1000; state: ENABLED
06-04 09:07:30.212 517 517 W AlarmManager: Unrecognized alarm listener com.android.server.stats.StatsCompanionService$AnomalyAlarmListener@39688cf
06-04 09:07:30.217 517 517 W AlarmManager: Unrecognized alarm listener com.android.server.stats.StatsCompanionService$PullingAlarmListener@3e1825c
06-04 09:07:30.218 517 517 W AlarmManager: Unrecognized alarm listener com.android.server.stats.StatsCompanionService$PeriodicAlarmListener@be4b965
06-04 09:07:30.221 517 776 D CCodecBufferChannel: [c2.android.vorbis.decoder#974] MediaCodec discarded an unknown buffer
06-04 09:07:30.223 517 776 D CCodecBufferChannel: [c2.android.vorbis.decoder#974] MediaCodec discarded an unknown buffer
06-04 09:07:30.234 517 776 I hw-BpHwBinder: onLastStrongRef automatically unlinking death recipients
06-04 09:07:30.254 517 517 I StatsCompanionService: Told statsd that StatsCompanionService is alive.
06-04 09:07:30.255 517 565 D StatsPullAtomService: Registering NetworkStats pullers with statsd
06-04 09:07:30.262 517 565 W BestClock: java.time.DateTimeException: Missing NTP fix
06-04 09:07:30.285 517 758 D MediaCodecList: codecHandlesFormat: no format, so no extra checks
06-04 09:07:30.291 517 907 D CCodec : allocate(c2.android.vorbis.decoder)
06-04 09:07:30.294 517 907 I CCodec : Created component [c2.android.vorbis.decoder]
06-04 09:07:30.295 517 907 D CCodecConfig: read media type: audio/vorbis
06-04 09:07:30.296 517 565 W BestClock: java.time.DateTimeException: Missing NTP fix
06-04 09:07:30.298 517 907 D ReflectedParamUpdater: extent() != 1 for single value type: algo.buffers.max-count.values
06-04 09:07:30.299 517 907 D ReflectedParamUpdater: extent() != 1 for single value type: output.subscribed-indices.values
06-04 09:07:30.299 517 907 D ReflectedParamUpdater: extent() != 1 for single value type: input.buffers.allocator-ids.values
06-04 09:07:30.299 517 907 D ReflectedParamUpdater: extent() != 1 for single value type: output.buffers.allocator-ids.values
06-04 09:07:30.299 517 907 D ReflectedParamUpdater: extent() != 1 for single value type: algo.buffers.allocator-ids.values
06-04 09:07:30.299 517 907 D ReflectedParamUpdater: extent() != 1 for single value type: output.buffers.pool-ids.values
06-04 09:07:30.300 517 907 D ReflectedParamUpdater: extent() != 1 for single value type: algo.buffers.pool-ids.values
06-04 09:07:30.302 517 907 I CCodecConfig: query failed after returning 7 values (BAD_INDEX)
06-04 09:07:30.303 517 907 D CCodecConfig: c2 config diff is Dict {
06-04 09:07:30.303 517 907 D CCodecConfig: c2::u32 coded.bitrate.value = 64000
06-04 09:07:30.303 517 907 D CCodecConfig: c2::u32 input.buffers.max-size.value = 32768
06-04 09:07:30.303 517 907 D CCodecConfig: c2::u32 input.delay.value = 0
06-04 09:07:30.303 517 907 D CCodecConfig: string input.media-type.value = "audio/vorbis"
06-04 09:07:30.303 517 907 D CCodecConfig: string output.media-type.value = "audio/raw"
06-04 09:07:30.303 517 907 D CCodecConfig: c2::u32 raw.channel-count.value = 1
06-04 09:07:30.303 517 907 D CCodecConfig: c2::u32 raw.sample-rate.value = 48000
06-04 09:07:30.303 517 907 D CCodecConfig: }
06-04 09:07:30.303 739 739 D TvPipController: onImeVisibilityChanged(), visible=false, height=0
06-04 09:07:30.303 739 739 D TvPipController: onActionsChanged()
06-04 09:07:30.303 739 739 D TvPipMenuController: setAppActions()
06-04 09:07:30.303 739 739 D TvPipController: onImeVisibilityChanged(), visible=false, height=0
06-04 09:07:30.303 739 739 D TvPipController: onActionsChanged()
06-04 09:07:30.303 739 739 D TvPipMenuController: setAppActions()
06-04 09:07:30.305 517 907 D CCodec : [c2.android.vorbis.decoder] buffers are bound to CCodec for this session
06-04 09:07:30.305 517 907 D CCodecConfig: no c2 equivalents for durationUs
06-04 09:07:30.305 517 907 D CCodecConfig: no c2 equivalents for track-id
06-04 09:07:30.305 517 907 D CCodecConfig: no c2 equivalents for csd-1
06-04 09:07:30.305 517 907 D CCodecConfig: no c2 equivalents for channel-mask
06-04 09:07:30.305 517 907 D CCodecConfig: no c2 equivalents for flags
06-04 09:07:30.306 517 907 D CCodecConfig: c2 config diff is c2::u32 coded.bitrate.value = 499821
06-04 09:07:30.306 517 907 D CCodecConfig: c2::u32 raw.channel-count.value = 2
06-04 09:07:30.306 517 907 D CCodecConfig: c2::u32 raw.sample-rate.value = 44100
06-04 09:07:30.308 517 907 W Codec2Client: query -- param skipped: index = 1107298332.
06-04 09:07:30.308 517 907 D CCodec : setup formats input: AMessage(what = 0x00000000) = {
06-04 09:07:30.308 517 907 D CCodec : int32_t bitrate = 499821
06-04 09:07:30.308 517 907 D CCodec : int32_t channel-count = 2
06-04 09:07:30.308 517 907 D CCodec : int32_t max-input-size = 32768
06-04 09:07:30.308 517 907 D CCodec : string mime = "audio/vorbis"
06-04 09:07:30.308 517 907 D CCodec : int32_t sample-rate = 44100
06-04 09:07:30.308 517 907 D CCodec : }
06-04 09:07:30.308 517 907 D CCodec : setup formats output: AMessage(what = 0x00000000) = {
06-04 09:07:30.308 517 907 D CCodec : int32_t channel-count = 2
06-04 09:07:30.308 517 907 D CCodec : string mime = "audio/raw"
06-04 09:07:30.308 517 907 D CCodec : int32_t sample-rate = 44100
06-04 09:07:30.308 517 907 D CCodec : int32_t channel-mask = 3
06-04 09:07:30.308 517 907 D CCodec : }
06-04 09:07:30.308 517 907 I CCodecConfig: query failed after returning 7 values (BAD_INDEX)
06-04 09:07:30.309 517 907 W Codec2Client: query -- param skipped: index = 1342179345.
06-04 09:07:30.309 517 907 W Codec2Client: query -- param skipped: index = 2415921170.
06-04 09:07:30.310 517 907 D CCodecBufferChannel: [c2.android.vorbis.decoder#201] Created input block pool with allocatorID 16 => poolID 19 - OK (0)
06-04 09:07:30.312 517 907 I CCodecBufferChannel: [c2.android.vorbis.decoder#201] Created output block pool with allocatorID 16 => poolID 19 - OK
06-04 09:07:30.312 517 907 D CCodecBufferChannel: [c2.android.vorbis.decoder#201] Configured output block pool ids 19 => OK
06-04 09:07:30.318 370 908 D SimpleC2Component: Using output block pool with poolID 19 => got 19 - 0
06-04 09:07:30.333 739 739 W KeyguardUpdateMonitor: invalid subId in handleServiceStateChange()
06-04 09:07:30.340 517 777 D CCodecBufferChannel: [c2.android.vorbis.decoder#89] MediaCodec discarded an unknown buffer
06-04 09:07:30.340 517 777 D CCodecBufferChannel: [c2.android.vorbis.decoder#89] MediaCodec discarded an unknown buffer
06-04 09:07:30.346 517 777 I hw-BpHwBinder: onLastStrongRef automatically unlinking death recipients
06-04 09:07:30.354 429 429 W hdr10p_Configure: 119 callbacks suppressed
06-04 09:07:30.354 429 429 I : DVI mode selected: packets not configured
06-04 09:07:30.354 429 429 W set_vsif_config: 119 callbacks suppressed
06-04 09:07:30.354 429 429 I : Error: set vsif failed
06-04 09:07:30.368 517 757 D MediaCodecList: codecHandlesFormat: no format, so no extra checks
06-04 09:07:30.371 517 907 D CCodecBufferChannel: [c2.android.vorbis.decoder#201] MediaCodec discarded an unknown buffer
06-04 09:07:30.373 517 912 I hw-BpHwBinder: onLastStrongRef automatically unlinking death recipients
06-04 09:07:30.373 370 844 I hw-BpHwBinder: onLastStrongRef automatically unlinking death recipients
06-04 09:07:30.373 370 844 V C2Store : in ~ComponentModule
06-04 09:07:30.373 370 844 V C2Store : unloading dll
06-04 09:07:30.374 517 911 D CCodec : allocate(c2.android.vorbis.decoder)
06-04 09:07:30.375 370 843 V C2Store : in init
06-04 09:07:30.375 370 843 V C2Store : loading dll
06-04 09:07:30.379 517 911 I CCodec : Created component [c2.android.vorbis.decoder]
06-04 09:07:30.379 517 911 D CCodecConfig: read media type: audio/vorbis
06-04 09:07:30.387 517 911 D ReflectedParamUpdater: extent() != 1 for single value type: algo.buffers.max-count.values
06-04 09:07:30.388 517 911 D ReflectedParamUpdater: extent() != 1 for single value type: output.subscribed-indices.values
06-04 09:07:30.389 517 911 D ReflectedParamUpdater: extent() != 1 for single value type: input.buffers.allocator-ids.values
06-04 09:07:30.389 517 911 D ReflectedParamUpdater: extent() != 1 for single value type: output.buffers.allocator-ids.values
06-04 09:07:30.389 517 911 D ReflectedParamUpdater: extent() != 1 for single value type: algo.buffers.allocator-ids.values
06-04 09:07:30.390 517 911 D ReflectedParamUpdater: extent() != 1 for single value type: output.buffers.pool-ids.values
06-04 09:07:30.390 517 911 D ReflectedParamUpdater: extent() != 1 for single value type: algo.buffers.pool-ids.values
06-04 09:07:30.393 517 911 I CCodecConfig: query failed after returning 7 values (BAD_INDEX)
06-04 09:07:30.394 517 911 D CCodecConfig: c2 config diff is Dict {
06-04 09:07:30.394 517 911 D CCodecConfig: c2::u32 coded.bitrate.value = 64000
06-04 09:07:30.394 517 911 D CCodecConfig: c2::u32 input.buffers.max-size.value = 32768
06-04 09:07:30.394 517 911 D CCodecConfig: c2::u32 input.delay.value = 0
06-04 09:07:30.394 517 911 D CCodecConfig: string input.media-type.value = "audio/vorbis"
06-04 09:07:30.394 517 911 D CCodecConfig: string output.media-type.value = "audio/raw"
06-04 09:07:30.394 517 911 D CCodecConfig: c2::u32 raw.channel-count.value = 1
06-04 09:07:30.394 517 911 D CCodecConfig: c2::u32 raw.sample-rate.value = 48000
06-04 09:07:30.394 517 911 D CCodecConfig: }
06-04 09:07:30.396 517 911 D CCodec : [c2.android.vorbis.decoder] buffers are bound to CCodec for this session
06-04 09:07:30.396 517 911 D CCodecConfig: no c2 equivalents for durationUs
06-04 09:07:30.396 517 911 D CCodecConfig: no c2 equivalents for track-id
06-04 09:07:30.396 517 911 D CCodecConfig: no c2 equivalents for csd-1
06-04 09:07:30.396 517 911 D CCodecConfig: no c2 equivalents for channel-mask
06-04 09:07:30.396 517 911 D CCodecConfig: no c2 equivalents for flags
06-04 09:07:30.397 517 911 D CCodecConfig: c2 config diff is c2::u32 coded.bitrate.value = 499821
06-04 09:07:30.397 517 911 D CCodecConfig: c2::u32 raw.channel-count.value = 2
06-04 09:07:30.397 517 911 D CCodecConfig: c2::u32 raw.sample-rate.value = 44100
06-04 09:07:30.399 517 911 W Codec2Client: query -- param skipped: index = 1107298332.
06-04 09:07:30.400 517 911 D CCodec : setup formats input: AMessage(what = 0x00000000) = {
06-04 09:07:30.400 517 911 D CCodec : int32_t bitrate = 499821
06-04 09:07:30.400 517 911 D CCodec : int32_t channel-count = 2
06-04 09:07:30.400 517 911 D CCodec : int32_t max-input-size = 32768
06-04 09:07:30.400 517 911 D CCodec : string mime = "audio/vorbis"
06-04 09:07:30.400 517 911 D CCodec : int32_t sample-rate = 44100
06-04 09:07:30.400 517 911 D CCodec : }
06-04 09:07:30.400 517 911 D CCodec : setup formats output: AMessage(what = 0x00000000) = {
06-04 09:07:30.400 517 911 D CCodec : int32_t channel-count = 2
06-04 09:07:30.400 517 911 D CCodec : string mime = "audio/raw"
06-04 09:07:30.400 517 911 D CCodec : int32_t sample-rate = 44100
06-04 09:07:30.400 517 911 D CCodec : int32_t channel-mask = 3
06-04 09:07:30.400 517 911 D CCodec : }
06-04 09:07:30.400 517 911 I CCodecConfig: query failed after returning 7 values (BAD_INDEX)
06-04 09:07:30.402 429 429 I : DVI mode selected: packets not configured
06-04 09:07:30.402 429 429 I : Error: set vsif failed
06-04 09:07:30.401 517 911 W Codec2Client: query -- param skipped: index = 1342179345.
06-04 09:07:30.401 517 911 W Codec2Client: query -- param skipped: index = 2415921170.
06-04 09:07:30.402 517 911 D CCodecBufferChannel: [c2.android.vorbis.decoder#862] Created input block pool with allocatorID 16 => poolID 20 - OK (0)
06-04 09:07:30.404 517 911 I CCodecBufferChannel: [c2.android.vorbis.decoder#862] Created output block pool with allocatorID 16 => poolID 20 - OK
06-04 09:07:30.404 517 911 D CCodecBufferChannel: [c2.android.vorbis.decoder#862] Configured output block pool ids 20 => OK
06-04 09:07:30.411 517 527 I system_server: Background concurrent copying GC freed 104999(4746KB) AllocSpace objects, 12(448KB) LOS objects, 49% free, 10MB/20MB, paused 3.607ms total 955.797ms
06-04 09:07:30.411 370 913 D SimpleC2Component: Using output block pool with poolID 20 => got 20 - 0
06-04 09:07:30.416 517 529 W System : A resource failed to call release.
06-04 09:07:30.416 517 529 W System : A resource failed to call release.
06-04 09:07:30.418 517 758 D MediaCodecList: codecHandlesFormat: no format, so no extra checks
06-04 09:07:30.420 517 517 W SystemServiceManager: Service com.android.server.autofill.AutofillManagerService took 166 ms in onBootPhase
06-04 09:07:30.420 517 517 I SystemServerTiming: StartNetworkStack
06-04 09:07:30.421 517 517 D ConnectivityModuleConnector: Starting networking module android.net.INetworkStackConnector
06-04 09:07:30.422 517 517 D ConnectivityModuleConnector: Starting networking module in network_stack process
06-04 09:07:30.422 517 565 W BestClock: java.time.DateTimeException: Missing NTP fix
06-04 09:07:30.423 517 665 W BestClock: java.time.DateTimeException: Missing NTP fix
06-04 09:07:30.424 517 665 W BestClock: java.time.DateTimeException: Missing NTP fix
06-04 09:07:30.430 517 517 D CompatibilityChangeReporter: Compat change id reported: 135634846; UID 1073; state: DISABLED
06-04 09:07:30.436 429 429 I : DVI mode selected: packets not configured
06-04 09:07:30.436 429 429 I : Error: set vsif failed
06-04 09:07:30.439 517 517 D ConnectivityModuleConnector: Networking module service start requested
06-04 09:07:30.439 517 517 I SystemServerTiming: StartTethering
06-04 09:07:30.439 517 517 D ConnectivityModuleConnector: Starting networking module android.net.ITetheringConnector
06-04 09:07:30.440 517 517 D ConnectivityModuleConnector: Starting networking module in network_stack process
06-04 09:07:30.441 517 915 D CCodec : allocate(c2.android.vorbis.decoder)
06-04 09:07:30.442 517 517 D ConnectivityModuleConnector: Networking module service start requested
06-04 09:07:30.442 517 517 I SystemServerTiming: MakeCountryDetectionServiceReady
06-04 09:07:30.443 517 517 I SystemServerTiming: MakeNetworkTimeUpdateReady
06-04 09:07:30.462 517 915 I CCodec : Created component [c2.android.vorbis.decoder]
06-04 09:07:30.462 517 565 W BestClock: java.time.DateTimeException: Missing NTP fix
06-04 09:07:30.463 517 915 D CCodecConfig: read media type: audio/vorbis
06-04 09:07:30.466 517 915 D ReflectedParamUpdater: extent() != 1 for single value type: algo.buffers.max-count.values
06-04 09:07:30.467 517 915 D ReflectedParamUpdater: extent() != 1 for single value type: output.subscribed-indices.values
06-04 09:07:30.467 517 915 D ReflectedParamUpdater: extent() != 1 for single value type: input.buffers.allocator-ids.values
06-04 09:07:30.468 517 915 D ReflectedParamUpdater: extent() != 1 for single value type: output.buffers.allocator-ids.values
06-04 09:07:30.468 517 915 D ReflectedParamUpdater: extent() != 1 for single value type: algo.buffers.allocator-ids.values
06-04 09:07:30.468 517 915 D ReflectedParamUpdater: extent() != 1 for single value type: output.buffers.pool-ids.values
06-04 09:07:30.468 517 915 D ReflectedParamUpdater: extent() != 1 for single value type: algo.buffers.pool-ids.values
06-04 09:07:30.469 517 665 W BestClock: java.time.DateTimeException: Missing NTP fix
06-04 09:07:30.469 429 429 I : DVI mode selected: packets not configured
06-04 09:07:30.469 429 429 I : Error: set vsif failed
06-04 09:07:30.471 517 665 W BestClock: java.time.DateTimeException: Missing NTP fix
06-04 09:07:30.472 246 246 D Zygote : Forked child process 917
06-04 09:07:30.473 517 915 I CCodecConfig: query failed after returning 7 values (BAD_INDEX)
06-04 09:07:30.473 517 565 W BestClock: java.time.DateTimeException: Missing NTP fix
06-04 09:07:30.473 517 915 D CCodecConfig: c2 config diff is Dict {
06-04 09:07:30.473 517 915 D CCodecConfig: c2::u32 coded.bitrate.value = 64000
06-04 09:07:30.473 517 915 D CCodecConfig: c2::u32 input.buffers.max-size.value = 32768
06-04 09:07:30.473 517 915 D CCodecConfig: c2::u32 input.delay.value = 0
06-04 09:07:30.473 517 915 D CCodecConfig: string input.media-type.value = "audio/vorbis"
06-04 09:07:30.473 517 915 D CCodecConfig: string output.media-type.value = "audio/raw"
06-04 09:07:30.473 517 915 D CCodecConfig: c2::u32 raw.channel-count.value = 1
06-04 09:07:30.473 517 915 D CCodecConfig: c2::u32 raw.sample-rate.value = 48000
06-04 09:07:30.473 517 915 D CCodecConfig: }
06-04 09:07:30.475 517 915 D CCodec : [c2.android.vorbis.decoder] buffers are bound to CCodec for this session
06-04 09:07:30.475 517 915 D CCodecConfig: no c2 equivalents for durationUs
06-04 09:07:30.475 517 915 D CCodecConfig: no c2 equivalents for track-id
06-04 09:07:30.475 517 915 D CCodecConfig: no c2 equivalents for csd-1
06-04 09:07:30.475 517 915 D CCodecConfig: no c2 equivalents for channel-mask
06-04 09:07:30.475 517 915 D CCodecConfig: no c2 equivalents for flags
06-04 09:07:30.476 517 915 D CCodecConfig: c2 config diff is c2::u32 coded.bitrate.value = 499821
06-04 09:07:30.476 517 915 D CCodecConfig: c2::u32 raw.channel-count.value = 2
06-04 09:07:30.476 517 915 D CCodecConfig: c2::u32 raw.sample-rate.value = 44100
06-04 09:07:30.478 517 915 W Codec2Client: query -- param skipped: index = 1107298332.
06-04 09:07:30.478 517 915 D CCodec : setup formats input: AMessage(what = 0x00000000) = {
06-04 09:07:30.478 517 915 D CCodec : int32_t bitrate = 499821
06-04 09:07:30.478 517 915 D CCodec : int32_t channel-count = 2
06-04 09:07:30.478 517 915 D CCodec : int32_t max-input-size = 32768
06-04 09:07:30.478 517 915 D CCodec : string mime = "audio/vorbis"
06-04 09:07:30.478 517 915 D CCodec : int32_t sample-rate = 44100
06-04 09:07:30.478 517 915 D CCodec : }
06-04 09:07:30.478 517 915 D CCodec : setup formats output: AMessage(what = 0x00000000) = {
06-04 09:07:30.478 517 915 D CCodec : int32_t channel-count = 2
06-04 09:07:30.478 517 915 D CCodec : string mime = "audio/raw"
06-04 09:07:30.478 517 915 D CCodec : int32_t sample-rate = 44100
06-04 09:07:30.478 517 915 D CCodec : int32_t channel-mask = 3
06-04 09:07:30.478 517 915 D CCodec : }
06-04 09:07:30.479 517 915 I CCodecConfig: query failed after returning 7 values (BAD_INDEX)
06-04 09:07:30.480 517 915 W Codec2Client: query -- param skipped: index = 1342179345.
06-04 09:07:30.480 517 915 W Codec2Client: query -- param skipped: index = 2415921170.
06-04 09:07:30.481 517 915 D CCodecBufferChannel: [c2.android.vorbis.decoder#167] Created input block pool with allocatorID 16 => poolID 21 - OK (0)
06-04 09:07:30.482 917 917 I Zygote : seccomp disabled by setenforce 0
06-04 09:07:30.483 517 915 I CCodecBufferChannel: [c2.android.vorbis.decoder#167] Created output block pool with allocatorID 16 => poolID 21 - OK
06-04 09:07:30.483 517 915 D CCodecBufferChannel: [c2.android.vorbis.decoder#167] Configured output block pool ids 21 => OK
06-04 09:07:30.486 429 429 I : DVI mode selected: packets not configured
06-04 09:07:30.486 429 429 I : Error: set vsif failed
06-04 09:07:30.485 517 567 W ActivityManager: Slow operation: 57ms so far, now at startProcess: done updating battery stats
06-04 09:07:30.485 517 567 W ActivityManager: Slow operation: 57ms so far, now at startProcess: building log message
06-04 09:07:30.486 517 567 I ActivityManager: app.processName = com.android.networkstack.process
06-04 09:07:30.486 517 567 I ActivityManager: Start proc 917:com.android.networkstack.process/1073 for service {com.android.networkstack/com.android.server.NetworkStackService}
06-04 09:07:30.486 517 567 W ActivityManager: Slow operation: 58ms so far, now at startProcess: starting to update pids map
06-04 09:07:30.486 517 567 W ActivityManager: Slow operation: 58ms so far, now at startProcess: done updating pids map
06-04 09:07:30.488 370 916 D SimpleC2Component: Using output block pool with poolID 21 => got 21 - 0
06-04 09:07:30.495 517 565 W BestClock: java.time.DateTimeException: Missing NTP fix
06-04 09:07:30.500 517 565 W BestClock: java.time.DateTimeException: Missing NTP fix
06-04 09:07:30.502 517 665 W BestClock: java.time.DateTimeException: Missing NTP fix
06-04 09:07:30.503 517 665 W BestClock: java.time.DateTimeException: Missing NTP fix
06-04 09:07:30.511 517 517 D ConnectivityService: requestNetwork for uid/pid:1000/517 activeRequest: null callbackRequest: 16 [NetworkRequest [ REQUEST id=17, [ Capabilities: INTERNET&NOT_RESTRICTED&TRUSTED&NOT_VCN_MANAGED Uid: 1000 RequestorUid: 1000 RequestorPkg: android] ]] callback flags: 0 priority: 2147483647
06-04 09:07:30.512 517 675 D ConnectivityService: NetReassign [no changes]
06-04 09:07:30.512 517 710 D PPPOE : got request NetworkRequest [ REQUEST id=17, [ Capabilities: INTERNET&NOT_RESTRICTED&TRUSTED&NOT_VCN_MANAGED Uid: 1000 RequestorUid: 1000 RequestorPkg: android] ]
06-04 09:07:30.513 517 709 D Ethernet: got request NetworkRequest [ REQUEST id=17, [ Capabilities: INTERNET&NOT_RESTRICTED&TRUSTED&NOT_VCN_MANAGED Uid: 1000 RequestorUid: 1000 RequestorPkg: android] ]
06-04 09:07:30.513 517 709 D EthernetNetworkFactory: acceptRequest, request: NetworkRequest [ REQUEST id=17, [ Capabilities: INTERNET&NOT_RESTRICTED&TRUSTED&NOT_VCN_MANAGED Uid: 1000 RequestorUid: 1000 RequestorPkg: android] ]
06-04 09:07:30.513 517 709 I EthernetNetworkFactory: networkForRequest, request: NetworkRequest [ REQUEST id=17, [ Capabilities: INTERNET&NOT_RESTRICTED&TRUSTED&NOT_VCN_MANAGED Uid: 1000 RequestorUid: 1000 RequestorPkg: android] ], network: null
06-04 09:07:30.513 517 517 I SystemServerTiming: MakeInputManagerServiceReady
06-04 09:07:30.519 429 429 I : DVI mode selected: packets not configured
06-04 09:07:30.519 429 429 I : Error: set vsif failed
06-04 09:07:30.524 517 565 W BestClock: java.time.DateTimeException: Missing NTP fix
06-04 09:07:30.527 395 415 I adbd : jdwp connection from 917
06-04 09:07:30.529 517 565 W BestClock: java.time.DateTimeException: Missing NTP fix
06-04 09:07:30.531 517 665 W BestClock: java.time.DateTimeException: Missing NTP fix
06-04 09:07:30.532 517 517 I SystemServerTiming: MakeTelephonyRegistryReady
06-04 09:07:30.532 517 665 W BestClock: java.time.DateTimeException: Missing NTP fix
06-04 09:07:30.533 517 517 I SystemServerTiming: MakeMediaRouterServiceReady
06-04 09:07:30.533 517 517 I SystemServerTiming: MakeMmsServiceReady
06-04 09:07:30.533 517 517 I MmsServiceBroker: Delay connecting to MmsService until an API is called
06-04 09:07:30.533 517 517 I SystemServerTiming: IncidentDaemonReady
06-04 09:07:30.534 517 618 I InputReader: Reconfiguring input devices, changes=DEVICE_ALIAS |
06-04 09:07:30.537 517 517 I SystemServerTiming: MakeIncrementalServiceReady
06-04 09:07:30.538 517 517 I SystemServerTiming: getCurrentUser
06-04 09:07:30.538 517 517 I ActivityManager: Current user:0
06-04 09:07:30.538 517 517 I SystemServerTiming: ActivityManagerStartApps
06-04 09:07:30.538 517 517 I SystemServerTiming: ssm.StartUser-0
06-04 09:07:30.538 517 517 I SystemServiceManager: Calling onStartUser 0
06-04 09:07:30.539 517 618 I InputReader: Reconfiguring input devices, changes=KEYBOARD_LAYOUTS |
06-04 09:07:30.547 517 517 I RoleService: Granting default roles...
06-04 09:07:30.555 429 429 I : DVI mode selected: packets not configured
06-04 09:07:30.555 429 429 I : Error: set vsif failed
06-04 09:07:30.554 517 836 D CompatibilityChangeReporter: Compat change id reported: 168419799; UID 1073; state: DISABLED
06-04 09:07:30.563 517 565 W BestClock: java.time.DateTimeException: Missing NTP fix
06-04 09:07:30.566 517 836 D CompatibilityChangeReporter: Compat change id reported: 168419799; UID 1073; state: DISABLED
06-04 09:07:30.568 517 565 W BestClock: java.time.DateTimeException: Missing NTP fix
06-04 09:07:30.570 517 911 D CCodecBufferChannel: [c2.android.vorbis.decoder#862] MediaCodec discarded an unknown buffer
06-04 09:07:30.570 517 911 D CCodecBufferChannel: [c2.android.vorbis.decoder#862] MediaCodec discarded an unknown buffer
06-04 09:07:30.570 517 911 D CCodecBufferChannel: [c2.android.vorbis.decoder#862] MediaCodec discarded an unknown buffer
06-04 09:07:30.571 517 612 D CompatibilityChangeReporter: Compat change id reported: 168419799; UID 10073; state: DISABLED
06-04 09:07:30.574 517 934 I hw-BpHwBinder: onLastStrongRef automatically unlinking death recipients
06-04 09:07:30.579 917 917 D CompatibilityChangeReporter: Compat change id reported: 171979766; UID 1073; state: ENABLED
06-04 09:07:30.603 429 429 I : DVI mode selected: packets not configured
06-04 09:07:30.603 429 429 I : Error: set vsif failed
06-04 09:07:30.602 517 757 D MediaCodecList: codecHandlesFormat: no format, so no extra checks
06-04 09:07:30.604 330 330 I rainbow_flow: type=1400 audit(0.0:339): avc: denied { ioctl } for path="/dev/spidev1.0" dev="tmpfs" ino=1280 ioctlcmd=0x6b00 scontext=u:r:init:s0 tcontext=u:object_r:device:s0 tclass=chr_file permissive=1
06-04 09:07:30.610 517 936 D CCodec : allocate(c2.android.vorbis.decoder)
06-04 09:07:30.611 756 935 W Role : Cannot get ApplicationInfo for default holder: com.android.messaging
06-04 09:07:30.611 517 565 W BestClock: java.time.DateTimeException: Missing NTP fix
06-04 09:07:30.613 517 936 I CCodec : Created component [c2.android.vorbis.decoder]
06-04 09:07:30.613 517 936 D CCodecConfig: read media type: audio/vorbis
06-04 09:07:30.614 517 665 W BestClock: java.time.DateTimeException: Missing NTP fix
06-04 09:07:30.614 517 665 W BestClock: java.time.DateTimeException: Missing NTP fix
06-04 09:07:30.615 517 665 W BestClock: java.time.DateTimeException: Missing NTP fix
06-04 09:07:30.617 517 565 W BestClock: java.time.DateTimeException: Missing NTP fix
06-04 09:07:30.618 517 936 D ReflectedParamUpdater: extent() != 1 for single value type: algo.buffers.max-count.values
06-04 09:07:30.618 517 936 D ReflectedParamUpdater: extent() != 1 for single value type: output.subscribed-indices.values
06-04 09:07:30.618 517 936 D ReflectedParamUpdater: extent() != 1 for single value type: input.buffers.allocator-ids.values
06-04 09:07:30.618 517 665 W BestClock: java.time.DateTimeException: Missing NTP fix
06-04 09:07:30.618 517 936 D ReflectedParamUpdater: extent() != 1 for single value type: output.buffers.allocator-ids.values
06-04 09:07:30.619 517 936 D ReflectedParamUpdater: extent() != 1 for single value type: algo.buffers.allocator-ids.values
06-04 09:07:30.619 517 936 D ReflectedParamUpdater: extent() != 1 for single value type: output.buffers.pool-ids.values
06-04 09:07:30.619 517 936 D ReflectedParamUpdater: extent() != 1 for single value type: algo.buffers.pool-ids.values
06-04 09:07:30.622 517 936 I CCodecConfig: query failed after returning 7 values (BAD_INDEX)
06-04 09:07:30.622 517 936 D CCodecConfig: c2 config diff is Dict {
06-04 09:07:30.622 517 936 D CCodecConfig: c2::u32 coded.bitrate.value = 64000
06-04 09:07:30.622 517 936 D CCodecConfig: c2::u32 input.buffers.max-size.value = 32768
06-04 09:07:30.622 517 936 D CCodecConfig: c2::u32 input.delay.value = 0
06-04 09:07:30.622 517 936 D CCodecConfig: string input.media-type.value = "audio/vorbis"
06-04 09:07:30.622 517 936 D CCodecConfig: string output.media-type.value = "audio/raw"
06-04 09:07:30.622 517 936 D CCodecConfig: c2::u32 raw.channel-count.value = 1
06-04 09:07:30.622 517 936 D CCodecConfig: c2::u32 raw.sample-rate.value = 48000
06-04 09:07:30.622 517 936 D CCodecConfig: }
06-04 09:07:30.624 517 897 I RoleUserState: Added new role: android.app.role.SYSTEM_CONTACTS
06-04 09:07:30.624 517 897 I RoleUserState: Added new role: android.app.role.COMPANION_DEVICE_WATCH
06-04 09:07:30.624 517 936 D CCodec : [c2.android.vorbis.decoder] buffers are bound to CCodec for this session
06-04 09:07:30.624 517 897 I RoleUserState: Added new role: android.app.role.CALL_SCREENING
06-04 09:07:30.625 517 936 D CCodecConfig: no c2 equivalents for durationUs
06-04 09:07:30.625 517 936 D CCodecConfig: no c2 equivalents for track-id
06-04 09:07:30.625 517 897 I RoleUserState: Added new role: android.app.role.SYSTEM_NOTIFICATION_INTELLIGENCE
06-04 09:07:30.625 517 936 D CCodecConfig: no c2 equivalents for csd-1
06-04 09:07:30.625 517 897 I RoleUserState: Added new role: android.app.role.SYSTEM_GALLERY
06-04 09:07:30.625 517 936 D CCodecConfig: no c2 equivalents for channel-mask
06-04 09:07:30.625 517 936 D CCodecConfig: no c2 equivalents for flags
06-04 09:07:30.625 517 897 I RoleUserState: Added new role: android.app.role.SYSTEM_SHELL
06-04 09:07:30.625 517 897 I RoleUserState: Added new role: android.app.role.SYSTEM_WELLBEING
06-04 09:07:30.625 517 897 I RoleUserState: Added new role: android.app.role.SYSTEM_VISUAL_INTELLIGENCE
06-04 09:07:30.625 517 897 I RoleUserState: Added new role: android.app.role.SYSTEM_TELEVISION_REMOTE_SERVICE
06-04 09:07:30.626 517 897 I RoleUserState: Added new role: android.app.role.SYSTEM_TEXT_INTELLIGENCE
06-04 09:07:30.626 517 897 I RoleUserState: Added new role: android.app.role.SYSTEM_AUTOMOTIVE_PROJECTION
06-04 09:07:30.626 517 897 I RoleUserState: Added new role: android.app.role.SYSTEM_ACTIVITY_RECOGNIZER
06-04 09:07:30.626 517 936 D CCodecConfig: c2 config diff is c2::u32 coded.bitrate.value = 239920
06-04 09:07:30.626 517 936 D CCodecConfig: c2::u32 raw.sample-rate.value = 44100
06-04 09:07:30.628 517 936 W Codec2Client: query -- param skipped: index = 1107298332.
06-04 09:07:30.628 517 936 D CCodec : setup formats input: AMessage(what = 0x00000000) = {
06-04 09:07:30.628 517 936 D CCodec : int32_t bitrate = 239920
06-04 09:07:30.628 517 936 D CCodec : int32_t channel-count = 1
06-04 09:07:30.628 517 936 D CCodec : int32_t max-input-size = 32768
06-04 09:07:30.628 517 936 D CCodec : string mime = "audio/vorbis"
06-04 09:07:30.628 517 936 D CCodec : int32_t sample-rate = 44100
06-04 09:07:30.628 517 936 D CCodec : }
06-04 09:07:30.628 517 936 D CCodec : setup formats output: AMessage(what = 0x00000000) = {
06-04 09:07:30.628 517 936 D CCodec : int32_t channel-count = 1
06-04 09:07:30.628 517 936 D CCodec : string mime = "audio/raw"
06-04 09:07:30.628 517 936 D CCodec : int32_t sample-rate = 44100
06-04 09:07:30.628 517 936 D CCodec : int32_t channel-mask = 1
06-04 09:07:30.628 517 936 D CCodec : }
06-04 09:07:30.628 517 936 I CCodecConfig: query failed after returning 7 values (BAD_INDEX)
06-04 09:07:30.628 517 897 I RoleUserState: Added new role: android.app.role.SYSTEM_COMPANION_DEVICE_PROVIDER
06-04 09:07:30.629 517 936 W Codec2Client: query -- param skipped: index = 1342179345.
06-04 09:07:30.629 517 936 W Codec2Client: query -- param skipped: index = 2415921170.
06-04 09:07:30.629 517 915 D CCodecBufferChannel: [c2.android.vorbis.decoder#167] MediaCodec discarded an unknown buffer
06-04 09:07:30.630 517 915 D CCodecBufferChannel: [c2.android.vorbis.decoder#167] MediaCodec discarded an unknown buffer
06-04 09:07:30.630 517 915 D CCodecBufferChannel: [c2.android.vorbis.decoder#167] MediaCodec discarded an unknown buffer
06-04 09:07:30.631 517 936 D CCodecBufferChannel: [c2.android.vorbis.decoder#862] Created input block pool with allocatorID 16 => poolID 22 - OK (0)
06-04 09:07:30.633 517 936 I CCodecBufferChannel: [c2.android.vorbis.decoder#862] Created output block pool with allocatorID 16 => poolID 22 - OK
06-04 09:07:30.634 517 936 D CCodecBufferChannel: [c2.android.vorbis.decoder#862] Configured output block pool ids 22 => OK
06-04 09:07:30.635 517 939 I hw-BpHwBinder: onLastStrongRef automatically unlinking death recipients
06-04 09:07:30.636 517 897 I RoleUserState: Added new role: android.app.role.SYSTEM_UI_INTELLIGENCE
06-04 09:07:30.636 517 897 I RoleUserState: Added new role: android.app.role.DIALER
06-04 09:07:30.636 429 429 I : DVI mode selected: packets not configured
06-04 09:07:30.636 429 429 I : Error: set vsif failed
06-04 09:07:30.638 370 937 D SimpleC2Component: Using output block pool with poolID 22 => got 22 - 0
06-04 09:07:30.638 517 897 I RoleUserState: Added new role: android.app.role.HOME
06-04 09:07:30.638 517 897 I RoleUserState: Added new role: android.app.role.SYSTEM_SPEECH_RECOGNIZER
06-04 09:07:30.639 517 897 I RoleUserState: Added new role: android.app.role.SYSTEM_UI
06-04 09:07:30.639 517 897 I RoleUserState: Added new role: android.app.role.SYSTEM_WIFI_COEX_MANAGER
06-04 09:07:30.639 517 897 I RoleUserState: Added new role: android.app.role.ASSISTANT
06-04 09:07:30.639 517 897 I RoleUserState: Added new role: android.app.role.SYSTEM_AMBIENT_AUDIO_INTELLIGENCE
06-04 09:07:30.639 517 897 I RoleUserState: Added new role: android.app.role.SYSTEM_TELEVISION_NOTIFICATION_HANDLER
06-04 09:07:30.639 517 897 I RoleUserState: Added new role: android.app.role.EMERGENCY
06-04 09:07:30.639 517 897 I RoleUserState: Added new role: android.app.role.CALL_REDIRECTION
06-04 09:07:30.639 517 897 I RoleUserState: Added new role: android.app.role.SYSTEM_AUDIO_INTELLIGENCE
06-04 09:07:30.639 517 897 I RoleUserState: Added new role: android.app.role.BROWSER
06-04 09:07:30.642 917 917 V GraphicsEnvironment: ANGLE Developer option for 'com.android.networkstack' set to: 'default'
06-04 09:07:30.642 917 917 V GraphicsEnvironment: Neither updatable production driver nor prerelease driver is supported.
06-04 09:07:30.652 756 935 W Role : Cannot get ApplicationInfo for default holder: com.android.contacts
06-04 09:07:30.659 517 565 W BestClock: java.time.DateTimeException: Missing NTP fix
06-04 09:07:30.662 517 565 W BestClock: java.time.DateTimeException: Missing NTP fix
06-04 09:07:30.669 917 917 D NetworkSecurityConfig: No Network Security Config specified, using platform default
06-04 09:07:30.672 917 917 D NetworkSecurityConfig: No Network Security Config specified, using platform default
06-04 09:07:30.673 756 935 W Role : Cannot get ApplicationInfo for default holder: com.android.gallery3d
06-04 09:07:30.678 756 935 I RoleControllerServiceImpl: Adding package as default/fallback role holder, package: com.android.shell, role: android.app.role.SYSTEM_SHELL
06-04 09:07:30.686 429 429 I : DVI mode selected: packets not configured
06-04 09:07:30.686 429 429 I : Error: set vsif failed
06-04 09:07:30.699 517 565 W BestClock: java.time.DateTimeException: Missing NTP fix
06-04 09:07:30.701 517 565 W BestClock: java.time.DateTimeException: Missing NTP fix
06-04 09:07:30.735 517 565 W BestClock: java.time.DateTimeException: Missing NTP fix
06-04 09:07:30.738 517 565 W BestClock: java.time.DateTimeException: Missing NTP fix
06-04 09:07:30.741 517 665 W BestClock: java.time.DateTimeException: Missing NTP fix
06-04 09:07:30.742 517 665 W BestClock: java.time.DateTimeException: Missing NTP fix
06-04 09:07:30.744 517 665 W BestClock: java.time.DateTimeException: Missing NTP fix
06-04 09:07:30.746 517 665 W BestClock: java.time.DateTimeException: Missing NTP fix
06-04 09:07:30.748 517 936 D CCodecBufferChannel: [c2.android.vorbis.decoder#862] MediaCodec discarded an unknown buffer
06-04 09:07:30.749 517 936 D CCodecBufferChannel: [c2.android.vorbis.decoder#862] MediaCodec discarded an unknown buffer
06-04 09:07:30.752 517 936 I hw-BpHwBinder: onLastStrongRef automatically unlinking death recipients
06-04 09:07:30.752 370 370 I hw-BpHwBinder: onLastStrongRef automatically unlinking death recipients
06-04 09:07:30.755 370 370 V C2Store : in ~ComponentModule
06-04 09:07:30.755 370 370 V C2Store : unloading dll
06-04 09:07:30.759 724 733 I droid.bluetoot: Background young concurrent copying GC freed 3148(473KB) AllocSpace objects, 0(0B) LOS objects, 95% free, 1162KB/25MB, paused 175us total 104.673ms
06-04 09:07:30.778 517 565 W BestClock: java.time.DateTimeException: Missing NTP fix
06-04 09:07:30.781 517 565 W BestClock: java.time.DateTimeException: Missing NTP fix
06-04 09:07:30.783 517 897 D ConnectivityService: requestNetwork for uid/pid:1073/917 activeRequest: null callbackRequest: 18 [NetworkRequest [ REQUEST id=19, [ Capabilities: INTERNET&NOT_RESTRICTED&TRUSTED&NOT_VCN_MANAGED Uid: 1073 RequestorUid: 1073 RequestorPkg: com.android.networkstack] ]] callback flags: 0 priority: 2147483647
06-04 09:07:30.783 517 675 D ConnectivityService: NetReassign [no changes]
06-04 09:07:30.784 517 710 D PPPOE : got request NetworkRequest [ REQUEST id=19, [ Capabilities: INTERNET&NOT_RESTRICTED&TRUSTED&NOT_VCN_MANAGED Uid: 1073 RequestorUid: 1073 RequestorPkg: com.android.networkstack] ]
06-04 09:07:30.784 517 709 D Ethernet: got request NetworkRequest [ REQUEST id=19, [ Capabilities: INTERNET&NOT_RESTRICTED&TRUSTED&NOT_VCN_MANAGED Uid: 1073 RequestorUid: 1073 RequestorPkg: com.android.networkstack] ]
06-04 09:07:30.784 517 709 D EthernetNetworkFactory: acceptRequest, request: NetworkRequest [ REQUEST id=19, [ Capabilities: INTERNET&NOT_RESTRICTED&TRUSTED&NOT_VCN_MANAGED Uid: 1073 RequestorUid: 1073 RequestorPkg: com.android.networkstack] ]
06-04 09:07:30.784 517 709 I EthernetNetworkFactory: networkForRequest, request: NetworkRequest [ REQUEST id=19, [ Capabilities: INTERNET&NOT_RESTRICTED&TRUSTED&NOT_VCN_MANAGED Uid: 1073 RequestorUid: 1073 RequestorPkg: com.android.networkstack] ], network: null
06-04 09:07:30.788 374 374 I update_engine: [INFO:cleanup_previous_update_action.cc(112)] Executing task 10
06-04 09:07:30.790 374 374 I update_engine: [INFO:cleanup_previous_update_action.cc(124)] CleanupPreviousUpdateAction scheduled task ID 11 for WaitBootCompleted
06-04 09:07:30.796 517 675 D ConnectivityService: NetReassign [no changes]
06-04 09:07:30.813 917 917 D ApplicationLoaders: Returning zygote-cached class loader: /system/framework/android.test.base.jar
06-04 09:07:30.815 517 565 W BestClock: java.time.DateTimeException: Missing NTP fix
06-04 09:07:30.818 517 565 W BestClock: java.time.DateTimeException: Missing NTP fix
06-04 09:07:30.819 739 750 I ndroid.systemu: Background young concurrent copying GC freed 23962(1401KB) AllocSpace objects, 0(0B) LOS objects, 93% free, 1837KB/25MB, paused 167us total 116.693ms
06-04 09:07:30.820 756 935 W Role : Cannot get ApplicationInfo for default holder: com.android.dialer
06-04 09:07:30.822 756 935 W Role : Cannot get ApplicationInfo for default holder: com.android.dialer
06-04 09:07:30.832 917 917 D NetworkSecurityConfig: No Network Security Config specified, using platform default
06-04 09:07:30.835 756 935 I RoleControllerServiceImpl: Adding package as default/fallback role holder, package: com.dangbei.hqguide, role: android.app.role.HOME
06-04 09:07:30.850 517 565 W BestClock: java.time.DateTimeException: Missing NTP fix
06-04 09:07:30.853 517 665 W BestClock: java.time.DateTimeException: Missing NTP fix
06-04 09:07:30.854 517 665 W BestClock: java.time.DateTimeException: Missing NTP fix
06-04 09:07:30.855 517 665 W BestClock: java.time.DateTimeException: Missing NTP fix
06-04 09:07:30.855 517 565 W BestClock: java.time.DateTimeException: Missing NTP fix
06-04 09:07:30.856 756 935 I RoleControllerServiceImpl: Adding package as default/fallback role holder, package: com.android.systemui, role: android.app.role.SYSTEM_UI
06-04 09:07:30.857 517 665 W BestClock: java.time.DateTimeException: Missing NTP fix
06-04 09:07:30.857 517 665 W BestClock: java.time.DateTimeException: Missing NTP fix
06-04 09:07:30.858 517 665 W BestClock: java.time.DateTimeException: Missing NTP fix
06-04 09:07:30.873 517 554 D NetworkStats: registerNetworkStatsProvider from OffloadController uid/pid=1073/917
06-04 09:07:30.879 756 767 I ssioncontrolle: Background young concurrent copying GC freed 37151(1976KB) AllocSpace objects, 1(20KB) LOS objects, 92% free, 1964KB/25MB, paused 160us total 142.516ms
06-04 09:07:30.888 517 517 W SystemServiceManager: Service com.android.role.RoleService took 349 ms in onStartUser-0
06-04 09:07:30.892 855 855 D wpa_supplicant: EAPOL: disable timer tick
06-04 09:07:30.893 517 517 V StorageManagerService: Package com.dangbei.lerad.leradwatcher has legacy storage
06-04 09:07:30.893 517 517 V StorageManagerService: Package com.android.cts.priv.ctsshim does not have legacy storage
06-04 09:07:30.893 517 517 V StorageManagerService: Package com.android.dynsystem does not have legacy storage
06-04 09:07:30.893 517 517 V StorageManagerService: Package com.dangbei.lerad.rocky does not have legacy storage
06-04 09:07:30.893 517 517 V StorageManagerService: Package com.android.providers.calendar does not have legacy storage
06-04 09:07:30.893 517 517 V StorageManagerService: Package com.android.tv.settings does not have legacy storage
06-04 09:07:30.893 517 517 V StorageManagerService: Package com.android.providers.media does not have legacy storage
06-04 09:07:30.893 517 517 V StorageManagerService: Package com.oranth.factory does not have legacy storage
06-04 09:07:30.893 517 517 V StorageManagerService: Package com.android.internal.systemui.navbar.gestural_wide_back does not have legacy storage
06-04 09:07:30.893 517 517 V StorageManagerService: Package com.dangbei.zhushou.os does not have legacy storage
06-04 09:07:30.893 517 517 V StorageManagerService: Package com.android.wallpapercropper does not have legacy storage
06-04 09:07:30.893 517 517 V StorageManagerService: Package com.softwinner.provision does not have legacy storage
06-04 09:07:30.893 517 517 V StorageManagerService: Package com.softwinner.awlogsettings does not have legacy storage
06-04 09:07:30.893 517 517 V StorageManagerService: Package com.android.documentsui does not have legacy storage
06-04 09:07:30.893 517 517 V StorageManagerService: Package com.sohu.inputmethod.sogou.tv has legacy storage
06-04 09:07:30.894 517 517 V StorageManagerService: Package com.android.externalstorage does not have legacy storage
06-04 09:07:30.894 517 517 V StorageManagerService: Package com.android.htmlviewer does not have legacy storage
06-04 09:07:30.894 517 517 V StorageManagerService: Package com.android.companiondevicemanager does not have legacy storage
06-04 09:07:30.894 517 517 V StorageManagerService: Package com.android.mms.service does not have legacy storage
06-04 09:07:30.894 517 517 V StorageManagerService: Package com.android.providers.downloads does not have legacy storage
06-04 09:07:30.894 517 517 V StorageManagerService: Package com.android.providers.tv does not have legacy storage
06-04 09:07:30.894 517 517 V StorageManagerService: Package com.android.internal.systemui.onehanded.gestural does not have legacy storage
06-04 09:07:30.894 517 517 V StorageManagerService: Package com.oranth.ledstatus does not have legacy storage
06-04 09:07:30.894 517 517 V StorageManagerService: Package com.dangbei.lerad.videoposter has legacy storage
06-04 09:07:30.894 517 517 V StorageManagerService: Package com.android.providers.downloads.ui does not have legacy storage
06-04 09:07:30.894 517 517 V StorageManagerService: Package com.android.pacprocessor does not have legacy storage
06-04 09:07:30.894 517 517 V StorageManagerService: Package com.android.simappdialog does not have legacy storage
06-04 09:07:30.894 517 517 V StorageManagerService: Package com.android.networkstack does not have legacy storage
06-04 09:07:30.894 517 517 V StorageManagerService: Package com.android.connectivity.resources does not have legacy storage
06-04 09:07:30.894 517 517 V StorageManagerService: Package com.android.modulemetadata does not have legacy storage
06-04 09:07:30.894 517 517 V StorageManagerService: Package com.android.certinstaller does not have legacy storage
06-04 09:07:30.894 517 517 V StorageManagerService: Package com.android.carrierconfig does not have legacy storage
06-04 09:07:30.895 517 517 V StorageManagerService: Package com.google.android.apps.searchlite.overlay does not have legacy storage
06-04 09:07:30.895 517 517 V StorageManagerService: Package com.android.internal.systemui.navbar.threebutton does not have legacy storage
06-04 09:07:30.895 517 517 V StorageManagerService: Package android does not have legacy storage
06-04 09:07:30.895 517 517 V StorageManagerService: Package com.google.android.networkstackconfig does not have legacy storage
06-04 09:07:30.895 517 517 V StorageManagerService: Package com.softwinner.settingssetup does not have legacy storage
06-04 09:07:30.895 517 517 V StorageManagerService: Package com.android.egg does not have legacy storage
06-04 09:07:30.895 517 517 V StorageManagerService: Package com.android.mtp does not have legacy storage
06-04 09:07:30.895 517 517 V StorageManagerService: Package com.android.backupconfirm does not have legacy storage
06-04 09:07:30.895 517 517 V StorageManagerService: Package com.softwinner.timerswitch does not have legacy storage
06-04 09:07:30.895 517 517 V StorageManagerService: Package com.android.statementservice does not have legacy storage
06-04 09:07:30.895 517 517 V StorageManagerService: Package com.dangbei.screencast has legacy storage
06-04 09:07:30.895 517 517 V StorageManagerService: Package com.android.settings.intelligence does not have legacy storage
06-04 09:07:30.895 517 517 V StorageManagerService: Package com.android.internal.systemui.navbar.gestural_extra_wide_back does not have legacy storage
06-04 09:07:30.895 517 517 V StorageManagerService: Package com.dangbei.leard.leradlauncher does not have legacy storage
06-04 09:07:30.895 517 517 V StorageManagerService: Package com.android.providers.settings does not have legacy storage
06-04 09:07:30.895 517 517 V StorageManagerService: Package com.android.sharedstoragebackup does not have legacy storage
06-04 09:07:30.895 517 517 V StorageManagerService: Package com.android.printspooler does not have legacy storage
06-04 09:07:30.895 517 517 V StorageManagerService: Package com.android.dreams.basic does not have legacy storage
06-04 09:07:30.896 517 517 V StorageManagerService: Package com.android.webview does not have legacy storage
06-04 09:07:30.896 517 517 V StorageManagerService: Package com.android.se does not have legacy storage
06-04 09:07:30.896 517 517 V StorageManagerService: Package com.android.tv does not have legacy storage
06-04 09:07:30.896 517 517 V StorageManagerService: Package com.android.inputdevices does not have legacy storage
06-04 09:07:30.896 517 517 V StorageManagerService: Package com.android.bips does not have legacy storage
06-04 09:07:30.896 517 517 V StorageManagerService: Package com.oranth.inputmacsn does not have legacy storage
06-04 09:07:30.896 517 517 V StorageManagerService: Package com.android.musicfx does not have legacy storage
06-04 09:07:30.896 517 517 V StorageManagerService: Package com.dangbei.hqguide does not have legacy storage
06-04 09:07:30.896 517 517 V StorageManagerService: Package android.ext.shared does not have legacy storage
06-04 09:07:30.896 517 517 V StorageManagerService: Package com.android.onetimeinitializer does not have legacy storage
06-04 09:07:30.896 517 517 V StorageManagerService: Package com.android.keychain does not have legacy storage
06-04 09:07:30.896 517 517 V StorageManagerService: Package com.android.printservice.recommendation does not have legacy storage
06-04 09:07:30.896 517 517 V StorageManagerService: Package com.google.android.networkstack.tetheringconfig does not have legacy storage
06-04 09:07:30.896 517 517 V StorageManagerService: Package android.ext.services does not have legacy storage
06-04 09:07:30.896 517 517 V StorageManagerService: Package com.android.wifi.resources does not have legacy storage
06-04 09:07:30.896 517 517 V StorageManagerService: Package com.android.localtransport does not have legacy storage
06-04 09:07:30.896 517 517 V StorageManagerService: Package com.android.packageinstaller does not have legacy storage
06-04 09:07:30.896 517 517 V StorageManagerService: Package com.android.theme.font.notoserifsource does not have legacy storage
06-04 09:07:30.897 517 517 V StorageManagerService: Package com.android.proxyhandler does not have legacy storage
06-04 09:07:30.897 517 517 V StorageManagerService: Package com.softwinner.screenshot does not have legacy storage
06-04 09:07:30.897 517 517 V StorageManagerService: Package com.android.managedprovisioning does not have legacy storage
06-04 09:07:30.898 517 517 V StorageManagerService: Package com.oranth.usbopenft does not have legacy storage
06-04 09:07:30.898 517 517 V StorageManagerService: Package com.android.networkstack.tethering does not have legacy storage
06-04 09:07:30.898 517 517 V StorageManagerService: Package com.android.soundpicker does not have legacy storage
06-04 09:07:30.898 517 517 V StorageManagerService: Package com.dangbei.lerad.etna.haqu does not have legacy storage
06-04 09:07:30.898 517 517 V StorageManagerService: Package com.allwinnertech.packageoverride does not have legacy storage
06-04 09:07:30.898 517 517 V StorageManagerService: Package com.android.smspush does not have legacy storage
06-04 09:07:30.898 517 517 V StorageManagerService: Package com.android.wallpaper.livepicker does not have legacy storage
06-04 09:07:30.898 517 517 V StorageManagerService: Package com.tv.filemanager.os has legacy storage
06-04 09:07:30.898 517 517 V StorageManagerService: Package com.oranth.powerwindow does not have legacy storage
06-04 09:07:30.898 517 517 V StorageManagerService: Package com.android.storagemanager does not have legacy storage
06-04 09:07:30.899 517 517 V StorageManagerService: Package com.android.bookmarkprovider does not have legacy storage
06-04 09:07:30.899 517 517 V StorageManagerService: Package com.android.networkstack.permissionconfig does not have legacy storage
06-04 09:07:30.899 517 517 V StorageManagerService: Package com.android.cts.ctsshim does not have legacy storage
06-04 09:07:30.899 517 517 V StorageManagerService: Package com.dangbei.lerad.screensaver does not have legacy storage
