06-04 09:08:37.940 1612 1612 W eventbuscore: post Event:com.dangbei.leard.base.entity.event.NetWifiRssiEvent
06-04 09:08:38.012 1418 1418 I efs-base: type=1400 audit(0.0:2283): avc: denied { search } for name="com.dangbei.screencast" dev="mmcblk0p25" ino=888 scontext=u:r:platform_app:s0:c512,c768 tcontext=u:object_r:app_data_file:s0:c512,c768 tclass=dir permissive=1 app=com.dangbei.screencast
06-04 09:08:38.012 1418 1418 I efs-base: type=1400 audit(0.0:2284): avc: denied { open } for path="/data/user/0/com.dangbei.screencast/app_UApm/5fc60c21094d637f3130af19/ready/1418/wa_none_1_1_1418_1986_1748999257976" dev="mmcblk0p25" ino=1974 scontext=u:r:platform_app:s0:c512,c768 tcontext=u:object_r:app_data_file:s0:c512,c768 tclass=file permissive=1 app=com.dangbei.screencast
06-04 09:08:38.016 1418 1418 I efs-base: type=1400 audit(0.0:2285): avc: denied { write } for name="5fc60c21094d637f3130af19" dev="mmcblk0p25" ino=1968 scontext=u:r:platform_app:s0:c512,c768 tcontext=u:object_r:app_data_file:s0:c512,c768 tclass=dir permissive=1 app=com.dangbei.screencast
06-04 09:08:38.016 1418 1418 I efs-base: type=1400 audit(0.0:2286): avc: denied { add_name } for name="upload" scontext=u:r:platform_app:s0:c512,c768 tcontext=u:object_r:app_data_file:s0:c512,c768 tclass=dir permissive=1 app=com.dangbei.screencast
06-04 09:08:38.021 1601 1601 W audit : audit_lost=1783 audit_rate_limit=5 audit_backlog_limit=64
06-04 09:08:38.021 1601 1601 E audit : rate limit exceeded
06-04 09:08:38.016 1418 1418 I efs-base: type=1400 audit(0.0:2287): avc: denied { create } for name="upload" scontext=u:r:platform_app:s0:c512,c768 tcontext=u:object_r:app_data_file:s0:c512,c768 tclass=dir permissive=1 app=com.dangbei.screencast
06-04 09:08:38.084 963 983 I OpenGLRenderer: Davey! duration=9223371940984ms; Flags=0, FrameTimelineVsyncId=7880, IntendedVsync=95870622935, Vsync=95903956267, InputEventId=0, HandleInputStart=95913421420, AnimationStart=95913426170, PerformTraversalsStart=95913429462, DrawStart=95998380628, FrameDeadline=95903956267, FrameInterval=95913409462, FrameStartTime=16666666, SyncQueued=96003321378, SyncStart=96003448587, IssueDrawCommandsStart=96004155253, SwapBuffers=96006560420, FrameCompleted=9223372036854775807, DequeueBufferDuration=60750, QueueBufferDuration=1076083, GpuCompleted=9223372036854775807, SwapBuffersCompleted=96008554795, DisplayPresentTime=0,
06-04 09:08:38.100 963 983 I OpenGLRenderer: Davey! duration=9223371940899ms; Flags=0, FrameTimelineVsyncId=7883, IntendedVsync=95953957010, Vsync=96003957008, InputEventId=0, HandleInputStart=96006258878, AnimationStart=96006263670, PerformTraversalsStart=96006267212, DrawStart=96006433587, FrameDeadline=95987290342, FrameInterval=96006243337, FrameStartTime=16666666, SyncQueued=96006982212, SyncStart=96008629045, IssueDrawCommandsStart=96009046962, SwapBuffers=96011230128, FrameCompleted=9223372036854775807, DequeueBufferDuration=36000, QueueBufferDuration=16924458, GpuCompleted=9223372036854775807, SwapBuffersCompleted=96028900420, DisplayPresentTime=0,
06-04 09:08:38.101 517 559 W IorapForwardingService: No service published for: iorapd
06-04 09:08:38.117 963 983 I OpenGLRenderer: Davey! duration=9223371940827ms; Flags=0, FrameTimelineVsyncId=7886, IntendedVsync=96020624010, Vsync=96020624010, InputEventId=0, HandleInputStart=96021425628, AnimationStart=96021432087, PerformTraversalsStart=96021435712, DrawStart=96021609128, FrameDeadline=96053957342, FrameInterval=96021409962, FrameStartTime=16666666, SyncQueued=96022205795, SyncStart=96028990295, IssueDrawCommandsStart=96029437212, SwapBuffers=96031529378, FrameCompleted=9223372036854775807, DequeueBufferDuration=56291, QueueBufferDuration=17161750, GpuCompleted=9223372036854775807, SwapBuffersCompleted=96049483087, DisplayPresentTime=0,
06-04 09:08:38.150 963 983 I OpenGLRenderer: Davey! duration=9223371940806ms; Flags=0, FrameTimelineVsyncId=7888, IntendedVsync=96037290760, Vsync=96037290760, InputEventId=0, HandleInputStart=96037927087, AnimationStart=96037932337, PerformTraversalsStart=96037937962, DrawStart=96038103003, FrameDeadline=96070624092, FrameInterval=96037905628, FrameStartTime=16666666, SyncQueued=96038661003, SyncStart=96049547003, IssueDrawCommandsStart=96049920878, SwapBuffers=96051703253, FrameCompleted=9223372036854775807, DequeueBufferDuration=40709, QueueBufferDuration=17817958, GpuCompleted=9223372036854775807, SwapBuffersCompleted=96070060670, DisplayPresentTime=0,
06-04 09:08:38.165 1418 1601 I efs.send_log: log cann't be send because net status is disconnected
06-04 09:08:38.167 963 983 I OpenGLRenderer: Davey! duration=9223371940785ms; Flags=0, FrameTimelineVsyncId=7890, IntendedVsync=96053957748, Vsync=96053957748, InputEventId=0, HandleInputStart=96054548878, AnimationStart=96054554087, PerformTraversalsStart=96054557628, DrawStart=96054723503, FrameDeadline=96087291080, FrameInterval=96054536337, FrameStartTime=16666666, SyncQueued=96055215253, SyncStart=96070127503, IssueDrawCommandsStart=96070469295, SwapBuffers=96072590253, FrameCompleted=9223372036854775807, DequeueBufferDuration=33291, QueueBufferDuration=17823458, GpuCompleted=9223372036854775807, SwapBuffersCompleted=96091114087, DisplayPresentTime=0,
06-04 09:08:38.184 963 983 I OpenGLRenderer: Davey! duration=9223371940764ms; Flags=0, FrameTimelineVsyncId=7892, IntendedVsync=96070624409, Vsync=96070624409, InputEventId=0, HandleInputStart=96071109712, AnimationStart=96071112878, PerformTraversalsStart=96071117087, DrawStart=96071268295, FrameDeadline=96103957741, FrameInterval=96071101378, FrameStartTime=16666666, SyncQueued=96071932170, SyncStart=96091182420, IssueDrawCommandsStart=96091575837, SwapBuffers=96093613837, FrameCompleted=9223372036854775807, DequeueBufferDuration=44125, QueueBufferDuration=17663916, GpuCompleted=9223372036854775807, SwapBuffersCompleted=96111916670, DisplayPresentTime=0,
06-04 09:08:38.200 963 983 I OpenGLRenderer: Davey! duration=9223371940748ms; Flags=0, FrameTimelineVsyncId=7894, IntendedVsync=96087290596, Vsync=96087290596, InputEventId=0, HandleInputStart=96092098462, AnimationStart=96092103753, PerformTraversalsStart=96092106920, DrawStart=96092272212, FrameDeadline=96120623928, FrameInterval=96091999003, FrameStartTime=16666666, SyncQueued=96092827170, SyncStart=96111981628, IssueDrawCommandsStart=96112389670, SwapBuffers=96114350003, FrameCompleted=9223372036854775807, DequeueBufferDuration=34625, QueueBufferDuration=17646333, GpuCompleted=9223372036854775807, SwapBuffersCompleted=96132544878, DisplayPresentTime=0,
06-04 09:08:38.234 963 983 I OpenGLRenderer: Davey! duration=9223371940731ms; Flags=0, FrameTimelineVsyncId=7896, IntendedVsync=96103957330, Vsync=96103957330, InputEventId=0, HandleInputStart=96112803587, AnimationStart=96112806045, PerformTraversalsStart=96112809045, DrawStart=96112964253, FrameDeadline=96137290662, FrameInterval=96112795003, FrameStartTime=16666666, SyncQueued=96113483170, SyncStart=96132605795, IssueDrawCommandsStart=96132982087, SwapBuffers=96134895295, FrameCompleted=9223372036854775807, DequeueBufferDuration=33500, QueueBufferDuration=17994959, GpuCompleted=9223372036854775807, SwapBuffersCompleted=96153399337, DisplayPresentTime=0,
06-04 09:08:38.250 963 983 I OpenGLRenderer: Davey! duration=9223371940714ms; Flags=0, FrameTimelineVsyncId=7898, IntendedVsync=96120639516, Vsync=96120639516, InputEventId=0, HandleInputStart=96133402128, AnimationStart=96133404753, PerformTraversalsStart=96133407920, DrawStart=96133565420, FrameDeadline=96153972848, FrameInterval=96133391170, FrameStartTime=16666666, SyncQueued=96134083545, SyncStart=96153467253, IssueDrawCommandsStart=96153822337, SwapBuffers=96155981962, FrameCompleted=9223372036854775807, DequeueBufferDuration=30917, QueueBufferDuration=17173542, GpuCompleted=9223372036854775807, SwapBuffersCompleted=96173876670, DisplayPresentTime=0,
06-04 09:08:38.267 963 983 I OpenGLRenderer: Davey! duration=9223371940698ms; Flags=0, FrameTimelineVsyncId=7900, IntendedVsync=96137303629, Vsync=96153970295, InputEventId=0, HandleInputStart=96154341503, AnimationStart=96154344628, PerformTraversalsStart=96154348628, DrawStart=96154514253, FrameDeadline=96170636961, FrameInterval=96154330545, FrameStartTime=16666666, SyncQueued=96155120753, SyncStart=96173945545, IssueDrawCommandsStart=96174323295, SwapBuffers=96176305712, FrameCompleted=9223372036854775807, DequeueBufferDuration=31209, QueueBufferDuration=18215791, GpuCompleted=9223372036854775807, SwapBuffersCompleted=96195067378, DisplayPresentTime=0,
06-04 09:08:39.104 517 559 W IorapForwardingService: No service published for: iorapd
06-04 09:08:39.494 1612 1806 D hq : NetWorkStateReceiver:::检查网络,并且持续更新 isConnect=false
06-04 09:08:40.019 2766 2766 I DefaultIMS: onStartInput attribute=android.view.inputmethod.EditorInfo@5aa1cef restarting=false inputType: 0
06-04 09:08:40.106 517 559 W IorapForwardingService: No service published for: iorapd
06-04 09:08:41.108 517 559 W IorapForwardingService: No service published for: iorapd
06-04 09:08:41.495 1612 1806 D hq : NetWorkStateReceiver:::检查网络,并且持续更新 isConnect=false
06-04 09:08:41.580 264 278 D hdmi-cec: receive invalid cec message!
06-04 09:08:41.580 264 278 D hdmi-cec: receive poll message [04], skip!
06-04 09:08:41.816 1418 1418 I gbei.screencast: type=1400 audit(0.0:2291): avc: denied { rename } for name="screencast.xml" dev="mmcblk0p25" ino=2287 scontext=u:r:platform_app:s0:c512,c768 tcontext=u:object_r:app_data_file:s0:c512,c768 tclass=file permissive=1 app=com.dangbei.screencast
06-04 09:08:41.824 1418 1418 I gbei.screencast: type=1400 audit(0.0:2292): avc: denied { setattr } for name="screencast.xml" dev="mmcblk0p25" ino=2359 scontext=u:r:platform_app:s0:c512,c768 tcontext=u:object_r:app_data_file:s0:c512,c768 tclass=file permissive=1 app=com.dangbei.screencast
06-04 09:08:42.110 517 559 W IorapForwardingService: No service published for: iorapd
06-04 09:08:43.039 2110 2110 D bbb : onStartCommand begin !!!!!!! data分区剩余 24999MB
06-04 09:08:43.042 517 599 D CompatibilityChangeReporter: Compat change id reported: 171306433; UID 1000; state: ENABLED
06-04 09:08:43.112 517 559 W IorapForwardingService: No service published for: iorapd
06-04 09:08:43.497 1612 1939 D hq : NetWorkStateReceiver:::检查网络,并且持续更新 isConnect=false
06-04 09:08:44.113 517 559 W IorapForwardingService: No service published for: iorapd
06-04 09:08:45.118 517 559 W IorapForwardingService: No service published for: iorapd
06-04 09:08:45.499 1612 1939 D hq : NetWorkStateReceiver:::检查网络,并且持续更新 isConnect=false
06-04 09:08:46.120 517 559 W IorapForwardingService: No service published for: iorapd
06-04 09:08:46.621 2322 2386 D UtilLog : 日志批量上报 进行正常循环 !!!!!!本次有0次请求,共0条数据
06-04 09:08:47.122 517 559 W IorapForwardingService: No service published for: iorapd
06-04 09:08:47.501 1612 1939 D hq : NetWorkStateReceiver:::检查网络,并且持续更新 isConnect=false
06-04 09:08:48.122 517 559 W IorapForwardingService: No service published for: iorapd
06-04 09:08:48.213 1418 1601 I efs.send_log: log cann't be send because net status is disconnected
06-04 09:08:49.124 517 559 W IorapForwardingService: No service published for: iorapd
06-04 09:08:49.503 1612 1939 D hq : NetWorkStateReceiver:::检查网络,并且持续更新 isConnect=false
06-04 09:08:50.126 517 559 W IorapForwardingService: No service published for: iorapd
06-04 09:08:51.126 517 559 W IorapForwardingService: No service published for: iorapd
06-04 09:08:51.505 1612 1939 D hq : NetWorkStateReceiver:::检查网络,并且持续更新 isConnect=false
06-04 09:08:52.128 517 559 W IorapForwardingService: No service published for: iorapd
06-04 09:08:52.225 517 517 D CompatibilityChangeReporter: Compat change id reported: 168419799; UID 1000; state: DISABLED
06-04 09:08:52.231 517 3158 I BackgroundDexOptService: Performing idle optimizations
06-04 09:08:52.290 3159 3159 E cutils-trace: Error opening trace file: No such file or directory (2)
06-04 09:08:52.313 517 3158 I PackageDexOptimizer: Running dexopt (dexoptNeeded=-3) on: /system/system_ext/priv-app/SystemUI/SystemUI.apk pkg=com.android.systemui isa=arm dexoptFlags=boot_complete,profile_guided,idle_background_job targetFilter=speed-profile oatDir=null classLoaderContext=PCL[]{}
06-04 09:08:52.315 349 532 V installd: DexInv: --- BEGIN '/system/system_ext/priv-app/SystemUI/SystemUI.apk' ---
06-04 09:08:52.315 349 532 V installd: Running /apex/com.android.art/bin/dex2oat32 in=SystemUI.apk out=/data/dalvik-cache/arm/system@system_ext@priv-app@SystemUI@SystemUI.apk@classes.dex
06-04 09:08:52.320 3161 3161 I Binder:349_3: type=1400 audit(0.0:2293): avc: denied { write } for name="tasks" dev="tmpfs" ino=9773 scontext=u:r:installd:s0 tcontext=u:object_r:device:s0 tclass=file permissive=1
06-04 09:08:52.320 3161 3161 I Binder:349_3: type=1400 audit(0.0:2294): avc: denied { open } for path="/dev/blkio/background/tasks" dev="tmpfs" ino=9773 scontext=u:r:installd:s0 tcontext=u:object_r:device:s0 tclass=file permissive=1
06-04 09:08:52.388 3162 3162 I rgb_led_ctl: type=1400 audit(0.0:2295): avc: denied { write } for name="spidev1.0" dev="tmpfs" ino=1280 scontext=u:r:init:s0 tcontext=u:object_r:device:s0 tclass=chr_file permissive=1
06-04 09:08:52.392 3162 3162 I rgb_led_ctl: type=1400 audit(0.0:2296): avc: denied { open } for path="/dev/spidev1.0" dev="tmpfs" ino=1280 scontext=u:r:init:s0 tcontext=u:object_r:device:s0 tclass=chr_file permissive=1
06-04 09:08:52.392 3162 3162 I rgb_led_ctl: type=1400 audit(0.0:2297): avc: denied { ioctl } for path="/dev/spidev1.0" dev="tmpfs" ino=1280 ioctlcmd=0x6b01 scontext=u:r:init:s0 tcontext=u:object_r:device:s0 tclass=chr_file permissive=1
06-04 09:08:52.406 3161 3161 E cutils-trace: Error opening trace file: No such file or directory (2)
06-04 09:08:52.412 3161 3161 I dex2oat32: /apex/com.android.art/bin/dex2oat32 --input-vdex-fd=8 --output-vdex-fd=9 --profile-file-fd=11 --classpath-dir=/system/system_ext/priv-app/SystemUI --class-loader-context=PCL[]{} --compiler-filter=speed-profile --compilation-reason=bg-dexopt --max-image-block-size=524288 --resolve-startup-const-strings=true --generate-mini-debug-info
06-04 09:08:52.432 3161 3161 W dex2oat32: ART APEX data files are untrusted.
06-04 09:08:52.432 3161 3161 W dex2oat32: Could not reserve sentinel fault page
06-04 09:08:53.130 517 559 W IorapForwardingService: No service published for: iorapd
06-04 09:08:53.508 1612 2042 D hq : NetWorkStateReceiver:::检查网络,并且持续更新 isConnect=false
06-04 09:08:54.133 517 559 W IorapForwardingService: No service published for: iorapd
06-04 09:08:55.134 517 559 W IorapForwardingService: No service published for: iorapd
06-04 09:08:55.510 1612 1939 D hq : NetWorkStateReceiver:::检查网络,并且持续更新 isConnect=false
06-04 09:08:56.136 517 559 W IorapForwardingService: No service published for: iorapd
06-04 09:08:56.458 3161 3161 I dex2oat32: Explicit concurrent copying GC freed 51890(11MB) AllocSpace objects, 0(0B) LOS objects, 74% free, 523KB/2059KB, paused 92us total 28.485ms
06-04 09:08:56.606 264 278 D hdmi-cec: receive invalid cec message!
06-04 09:08:56.606 264 278 D hdmi-cec: receive poll message [04], skip!
06-04 09:08:56.622 2322 2386 D UtilLog : 日志批量上报 进行正常循环 !!!!!!本次有0次请求,共0条数据
06-04 09:08:57.041 3161 3161 I dex2oat32: dex2oat took 4.651s (10.117s cpu) (threads: 4) arena alloc=1464KB (1499952B) java alloc=539KB (552856B) native alloc=33MB (35389208B) free=1156KB (1183976B)
06-04 09:08:57.080 349 532 V installd: DexInv: --- END '/system/system_ext/priv-app/SystemUI/SystemUI.apk' (success) ---
06-04 09:08:57.138 517 559 W IorapForwardingService: No service published for: iorapd
06-04 09:08:57.254 517 3158 I BackgroundDexOptService: Pinning optimized code {com.android.systemui}
06-04 09:08:57.255 517 3158 I BackgroundDexOptService: Idle optimizations completed.
06-04 09:08:57.512 1612 1939 D hq : NetWorkStateReceiver:::检查网络,并且持续更新 isConnect=false
06-04 09:08:58.140 517 559 W IorapForwardingService: No service published for: iorapd
06-04 09:08:58.261 1418 1601 I efs.send_log: log cann't be send because net status is disconnected
06-04 09:08:59.141 517 559 W IorapForwardingService: No service published for: iorapd
06-04 09:08:59.513 1612 1939 D hq : NetWorkStateReceiver:::检查网络,并且持续更新 isConnect=false
06-04 09:09:00.143 517 559 W IorapForwardingService: No service published for: iorapd
06-04 09:09:01.146 517 559 W IorapForwardingService: No service published for: iorapd
06-04 09:09:01.515 1612 1939 D hq : NetWorkStateReceiver:::检查网络,并且持续更新 isConnect=false
06-04 09:09:02.148 517 559 W IorapForwardingService: No service published for: iorapd
06-04 09:09:03.150 517 559 W IorapForwardingService: No service published for: iorapd
06-04 09:09:03.517 1612 1939 D hq : NetWorkStateReceiver:::检查网络,并且持续更新 isConnect=false
06-04 09:09:04.152 517 559 W IorapForwardingService: No service published for: iorapd
06-04 09:09:04.324 517 1114 W ZramWriteback: Writeback device is not set
06-04 09:09:04.324 517 1114 D ZramWriteback: wait to flush
06-04 09:09:05.155 517 559 W IorapForwardingService: No service published for: iorapd
06-04 09:09:05.519 1612 1939 D hq : NetWorkStateReceiver:::检查网络,并且持续更新 isConnect=false
06-04 09:09:06.156 517 559 W IorapForwardingService: No service published for: iorapd
06-04 09:09:06.622 2322 2386 D UtilLog : 日志批量上报 进行正常循环 !!!!!!本次有0次请求,共0条数据
06-04 09:09:07.157 517 559 W IorapForwardingService: No service published for: iorapd
06-04 09:09:07.521 1612 1939 D hq : NetWorkStateReceiver:::检查网络,并且持续更新 isConnect=false
06-04 09:09:07.997 517 1373 I WifiService: startScan uid=10020
06-04 09:09:08.159 517 559 W IorapForwardingService: No service published for: iorapd
06-04 09:09:08.309 1418 1601 I efs.send_log: log cann't be send because net status is disconnected
06-04 09:09:09.152 517 1373 D WifiNl80211Manager: Scan result ready event
06-04 09:09:09.152 517 1373 D WifiNative: Scan result ready event
06-04 09:09:09.162 517 559 W IorapForwardingService: No service published for: iorapd
06-04 09:09:09.185 1612 1612 E hq : NetWorkStateReceiver:::NetWorkStateReceiver onReceive: 网络变化广播 >>>> intent.action=android.net.wifi.SCAN_RESULTS
06-04 09:09:09.190 714 714 E WifiHAL : wifi_get_link_stats: requestResponse Error:-5
06-04 09:09:09.191 517 668 E WifiVendorHal: getWifiLinkLayerStats_1_5_Internal(l.1191) failed {.code = ERROR_INVALID_ARGS, .description = }
06-04 09:09:09.209 1612 1612 W eventbuscore: post Event:com.dangbei.leard.base.entity.event.NetWifiRssiEvent
06-04 09:09:09.352 963 987 I OpenGLRenderer: Davey! duration=9223371909700ms; Flags=0, FrameTimelineVsyncId=11622, IntendedVsync=127153956769, Vsync=127187290101, InputEventId=0, HandleInputStart=127190470268, AnimationStart=127190474935, PerformTraversalsStart=127190478435, DrawStart=127277380352, FrameDeadline=127187290101, FrameInterval=127190454768, FrameStartTime=16666666, SyncQueued=127281848268, SyncStart=127282038060, IssueDrawCommandsStart=127282683018, SwapBuffers=127285227393, FrameCompleted=9223372036854775807, DequeueBufferDuration=43750, QueueBufferDuration=823958, GpuCompleted=9223372036854775807, SwapBuffersCompleted=127286882768, DisplayPresentTime=0,
06-04 09:09:09.384 963 987 I OpenGLRenderer: Davey! duration=9223371909632ms; Flags=0, FrameTimelineVsyncId=11626, IntendedVsync=127220624833, Vsync=127270624831, InputEventId=0, HandleInputStart=127284347310, AnimationStart=127284352810, PerformTraversalsStart=127284356352, DrawStart=127284545810, FrameDeadline=127253958165, FrameInterval=127284327727, FrameStartTime=16666666, SyncQueued=127285081143, SyncStart=127286938518, IssueDrawCommandsStart=127287328685, SwapBuffers=127289796977, FrameCompleted=9223372036854775807, DequeueBufferDuration=25791, QueueBufferDuration=16745875, GpuCompleted=9223372036854775807, SwapBuffersCompleted=127307170310, DisplayPresentTime=0,
06-04 09:09:09.400 963 987 I OpenGLRenderer: Davey! duration=9223371909548ms; Flags=0, FrameTimelineVsyncId=11629, IntendedVsync=127287292069, Vsync=127287292069, InputEventId=0, HandleInputStart=127287980560, AnimationStart=127287984435, PerformTraversalsStart=127287987685, DrawStart=127288209727, FrameDeadline=127320625401, FrameInterval=127287967435, FrameStartTime=16666666, SyncQueued=127288680768, SyncStart=127307223893, IssueDrawCommandsStart=127307600727, SwapBuffers=127309650935, FrameCompleted=9223372036854775807, DequeueBufferDuration=28667, QueueBufferDuration=17852208, GpuCompleted=9223372036854775807, SwapBuffersCompleted=127328064060, DisplayPresentTime=0,
06-04 09:09:09.417 963 987 I OpenGLRenderer: Davey! duration=9223371909531ms; Flags=0, FrameTimelineVsyncId=11631, IntendedVsync=127303958878, Vsync=127303958878, InputEventId=0, HandleInputStart=127308032560, AnimationStart=127308036727, PerformTraversalsStart=127308040435, DrawStart=127308191560, FrameDeadline=127337292210, FrameInterval=127307995477, FrameStartTime=16666666, SyncQueued=127308717143, SyncStart=127328132685, IssueDrawCommandsStart=127328508227, SwapBuffers=127330491518, FrameCompleted=9223372036854775807, DequeueBufferDuration=33625, QueueBufferDuration=17819959, GpuCompleted=9223372036854775807, SwapBuffersCompleted=127348972602, DisplayPresentTime=0,
06-04 09:09:09.450 963 987 I OpenGLRenderer: Davey! duration=9223371909514ms; Flags=0, FrameTimelineVsyncId=11633, IntendedVsync=127320626535, Vsync=127320626535, InputEventId=0, HandleInputStart=127328916435, AnimationStart=127328919102, PerformTraversalsStart=127328922352, DrawStart=127329086227, FrameDeadline=127353959867, FrameInterval=127328905477, FrameStartTime=16666666, SyncQueued=127329622810, SyncStart=127349047893, IssueDrawCommandsStart=127349422310, SwapBuffers=127351363852, FrameCompleted=9223372036854775807, DequeueBufferDuration=39542, QueueBufferDuration=17912875, GpuCompleted=9223372036854775807, SwapBuffersCompleted=127369786893, DisplayPresentTime=0,
06-04 09:09:09.467 963 987 I OpenGLRenderer: Davey! duration=9223371909498ms; Flags=0, FrameTimelineVsyncId=11635, IntendedVsync=127337293387, Vsync=127337293387, InputEventId=0, HandleInputStart=127349845685, AnimationStart=127349848560, PerformTraversalsStart=127349852102, DrawStart=127350011477, FrameDeadline=127370626719, FrameInterval=127349837393, FrameStartTime=16666666, SyncQueued=127350532143, SyncStart=127369845435, IssueDrawCommandsStart=127370186310, SwapBuffers=127372278268, FrameCompleted=9223372036854775807, DequeueBufferDuration=28084, QueueBufferDuration=18167250, GpuCompleted=9223372036854775807, SwapBuffersCompleted=127390992352, DisplayPresentTime=0,
06-04 09:09:09.484 963 987 I OpenGLRenderer: Davey! duration=9223371909481ms; Flags=0, FrameTimelineVsyncId=11637, IntendedVsync=127353958709, Vsync=127353958709, InputEventId=0, HandleInputStart=127370589393, AnimationStart=127370592602, PerformTraversalsStart=127370595893, DrawStart=127370759893, FrameDeadline=127387292041, FrameInterval=127370580768, FrameStartTime=16666666, SyncQueued=127371361060, SyncStart=127391055935, IssueDrawCommandsStart=127391441768, SwapBuffers=127393474560, FrameCompleted=9223372036854775807, DequeueBufferDuration=31375, QueueBufferDuration=18458958, GpuCompleted=9223372036854775807, SwapBuffersCompleted=127412452768, DisplayPresentTime=0,
06-04 09:09:09.501 963 987 I OpenGLRenderer: Davey! duration=9223371909447ms; Flags=0, FrameTimelineVsyncId=11641, IntendedVsync=127387305918, Vsync=127387305918, InputEventId=0, HandleInputStart=127391863643, AnimationStart=127391866810, PerformTraversalsStart=127391870227, DrawStart=127392078977, FrameDeadline=127420639250, FrameInterval=127391853685, FrameStartTime=16666666, SyncQueued=127392591393, SyncStart=127412516227, IssueDrawCommandsStart=127412901768, SwapBuffers=127414824477, FrameCompleted=9223372036854775807, DequeueBufferDuration=35875, QueueBufferDuration=17997750, GpuCompleted=9223372036854775807, SwapBuffersCompleted=127433412227, DisplayPresentTime=0,
06-04 09:09:09.517 963 987 I OpenGLRenderer: Davey! duration=9223371909431ms; Flags=0, FrameTimelineVsyncId=11643, IntendedVsync=127403973305, Vsync=127403973305, InputEventId=0, HandleInputStart=127413319643, AnimationStart=127413322685, PerformTraversalsStart=127413326102, DrawStart=127413486685, FrameDeadline=127437306637, FrameInterval=127413310060, FrameStartTime=16666666, SyncQueued=127413985143, SyncStart=127433511685, IssueDrawCommandsStart=127433928435, SwapBuffers=127436192227, FrameCompleted=9223372036854775807, DequeueBufferDuration=47458, QueueBufferDuration=12888583, GpuCompleted=9223372036854775807, SwapBuffersCompleted=127449768227, DisplayPresentTime=0,
06-04 09:09:09.523 1612 1939 D hq : NetWorkStateReceiver:::检查网络,并且持续更新 isConnect=false
06-04 09:09:09.534 963 987 I OpenGLRenderer: Davey! duration=9223371909419ms; Flags=0, FrameTimelineVsyncId=11645, IntendedVsync=127420636864, Vsync=127420636864, InputEventId=0, HandleInputStart=127434440268, AnimationStart=127434443185, PerformTraversalsStart=127434446560, DrawStart=127434626143, FrameDeadline=127453970196, FrameInterval=127434427810, FrameStartTime=16666666, SyncQueued=127435212102, SyncStart=127449856185, IssueDrawCommandsStart=127450329810, SwapBuffers=127452761393, FrameCompleted=9223372036854775807, DequeueBufferDuration=64917, QueueBufferDuration=7620833, GpuCompleted=9223372036854775807, SwapBuffersCompleted=127461026185, DisplayPresentTime=0,
06-04 09:09:10.163 517 559 W IorapForwardingService: No service published for: iorapd
06-04 09:09:11.165 517 559 W IorapForwardingService: No service published for: iorapd
06-04 09:09:11.298 2766 2766 I DefaultIMS: onStartInput attribute=android.view.inputmethod.EditorInfo@e1953fc restarting=false inputType: 0
06-04 09:09:11.525 1612 1939 D hq : NetWorkStateReceiver:::检查网络,并且持续更新 isConnect=false
06-04 09:09:11.629 264 278 D hdmi-cec: receive invalid cec message!
06-04 09:09:11.629 264 278 D hdmi-cec: receive poll message [04], skip!
06-04 09:09:12.168 517 559 W IorapForwardingService: No service published for: iorapd
06-04 09:09:13.170 517 559 W IorapForwardingService: No service published for: iorapd
06-04 09:09:13.527 1612 1939 D hq : NetWorkStateReceiver:::检查网络,并且持续更新 isConnect=false
06-04 09:09:14.172 517 559 W IorapForwardingService: No service published for: iorapd
06-04 09:09:15.173 517 559 W IorapForwardingService: No service published for: iorapd
06-04 09:09:15.529 1612 1939 D hq : NetWorkStateReceiver:::检查网络,并且持续更新 isConnect=false
06-04 09:09:16.175 517 559 W IorapForwardingService: No service published for: iorapd
06-04 09:09:16.621 2322 2386 D UtilLog : 日志批量上报 进行正常循环 !!!!!!本次有0次请求,共0条数据
06-04 09:09:17.177 517 559 W IorapForwardingService: No service published for: iorapd
06-04 09:09:17.531 1612 1939 D hq : NetWorkStateReceiver:::检查网络,并且持续更新 isConnect=false
06-04 09:09:18.179 517 559 W IorapForwardingService: No service published for: iorapd
06-04 09:09:18.345 1418 1601 I efs.send_log: log cann't be send because net status is disconnected
06-04 09:09:19.181 517 559 W IorapForwardingService: No service published for: iorapd
06-04 09:09:19.338 517 668 E WifiScoringParams: Invalid frequency(-1), using 5G as default rssi array
06-04 09:09:19.533 1612 1939 D hq : NetWorkStateReceiver:::检查网络,并且持续更新 isConnect=false
06-04 09:09:20.184 517 559 W IorapForwardingService: No service published for: iorapd
06-04 09:09:20.488 517 836 D WifiNl80211Manager: Scan result ready event
06-04 09:09:20.488 517 836 D WifiNative: Scan result ready event
06-04 09:09:20.514 517 672 D WificondScannerImpl: Filtering out 14 scan results.
06-04 09:09:20.527 1612 1612 E hq : NetWorkStateReceiver:::NetWorkStateReceiver onReceive: 网络变化广播 >>>> intent.action=android.net.wifi.SCAN_RESULTS
06-04 09:09:20.534 714 714 E WifiHAL : wifi_get_link_stats: requestResponse Error:-5
06-04 09:09:20.535 517 668 E WifiVendorHal: getWifiLinkLayerStats_1_5_Internal(l.1191) failed {.code = ERROR_INVALID_ARGS, .description = }
06-04 09:09:20.556 1612 1612 W eventbuscore: post Event:com.dangbei.leard.base.entity.event.NetWifiRssiEvent
06-04 09:09:21.186 517 559 W IorapForwardingService: No service published for: iorapd
06-04 09:09:21.535 1612 2042 D hq : NetWorkStateReceiver:::检查网络,并且持续更新 isConnect=false
06-04 09:09:22.188 517 559 W IorapForwardingService: No service published for: iorapd
06-04 09:09:23.190 517 559 W IorapForwardingService: No service published for: iorapd
06-04 09:09:23.537 1612 2042 D hq : NetWorkStateReceiver:::检查网络,并且持续更新 isConnect=false
06-04 09:09:24.190 517 559 W IorapForwardingService: No service published for: iorapd
06-04 09:09:25.192 517 559 W IorapForwardingService: No service published for: iorapd
06-04 09:09:25.539 1612 2042 D hq : NetWorkStateReceiver:::检查网络,并且持续更新 isConnect=false
06-04 09:09:26.194 517 559 W IorapForwardingService: No service published for: iorapd
06-04 09:09:26.621 2322 2386 D UtilLog : 日志批量上报 进行正常循环 !!!!!!本次有0次请求,共0条数据
06-04 09:09:26.650 264 278 D hdmi-cec: receive invalid cec message!
06-04 09:09:26.651 264 278 D hdmi-cec: receive poll message [04], skip!
06-04 09:09:27.196 517 559 W IorapForwardingService: No service published for: iorapd
06-04 09:09:27.540 1612 1939 D hq : NetWorkStateReceiver:::检查网络,并且持续更新 isConnect=false
06-04 09:09:28.197 517 559 W IorapForwardingService: No service published for: iorapd
06-04 09:09:28.393 1418 1601 I efs.send_log: log cann't be send because net status is disconnected
06-04 09:09:29.200 517 559 W IorapForwardingService: No service published for: iorapd
06-04 09:09:29.541 1612 1939 D hq : NetWorkStateReceiver:::检查网络,并且持续更新 isConnect=false
06-04 09:09:30.202 517 559 W IorapForwardingService: No service published for: iorapd
06-04 09:09:31.204 517 559 W IorapForwardingService: No service published for: iorapd
06-04 09:09:31.543 1612 1939 D hq : NetWorkStateReceiver:::检查网络,并且持续更新 isConnect=false
06-04 09:09:32.206 517 559 W IorapForwardingService: No service published for: iorapd
06-04 09:09:33.208 517 559 W IorapForwardingService: No service published for: iorapd
06-04 09:09:33.545 1612 1939 D hq : NetWorkStateReceiver:::检查网络,并且持续更新 isConnect=false
06-04 09:09:34.209 517 559 W IorapForwardingService: No service published for: iorapd
06-04 09:09:34.325 517 1114 W ZramWriteback: Writeback device is not set
06-04 09:09:34.325 517 1114 D ZramWriteback: wait to flush
06-04 09:09:35.211 517 559 W IorapForwardingService: No service published for: iorapd
06-04 09:09:35.546 1612 1939 D hq : NetWorkStateReceiver:::检查网络,并且持续更新 isConnect=false
06-04 09:09:36.212 517 559 W IorapForwardingService: No service published for: iorapd
06-04 09:09:36.621 2322 2386 D UtilLog : 日志批量上报 进行正常循环 !!!!!!本次有0次请求,共0条数据
06-04 09:09:37.214 517 559 W IorapForwardingService: No service published for: iorapd
06-04 09:09:37.548 1612 1939 D hq : NetWorkStateReceiver:::检查网络,并且持续更新 isConnect=false
06-04 09:09:38.216 517 559 W IorapForwardingService: No service published for: iorapd
06-04 09:09:38.433 1418 1601 I efs.send_log: log cann't be send because net status is disconnected
06-04 09:09:39.218 517 559 W IorapForwardingService: No service published for: iorapd
06-04 09:09:39.282 517 836 I WifiService: startScan uid=10020
06-04 09:09:39.550 1612 1939 D hq : NetWorkStateReceiver:::检查网络,并且持续更新 isConnect=false
06-04 09:09:40.220 517 559 W IorapForwardingService: No service published for: iorapd
06-04 09:09:40.418 517 836 D WifiNl80211Manager: Scan result ready event
06-04 09:09:40.419 517 836 D WifiNative: Scan result ready event
06-04 09:09:40.443 517 672 D WificondScannerImpl: Filtering out 16 scan results.
06-04 09:09:40.456 1612 1612 E hq : NetWorkStateReceiver:::NetWorkStateReceiver onReceive: 网络变化广播 >>>> intent.action=android.net.wifi.SCAN_RESULTS
06-04 09:09:40.461 714 714 E WifiHAL : wifi_get_link_stats: requestResponse Error:-5
06-04 09:09:40.462 517 668 E WifiVendorHal: getWifiLinkLayerStats_1_5_Internal(l.1191) failed {.code = ERROR_INVALID_ARGS, .description = }
06-04 09:09:40.480 1612 1612 W eventbuscore: post Event:com.dangbei.leard.base.entity.event.NetWifiRssiEvent
06-04 09:09:40.617 963 987 I OpenGLRenderer: Davey! duration=9223371878433ms; Flags=0, FrameTimelineVsyncId=15365, IntendedVsync=158420623095, Vsync=158453956427, InputEventId=0, HandleInputStart=158457830408, AnimationStart=158457835200, PerformTraversalsStart=158457838617, DrawStart=158538431533, FrameDeadline=158453956427, FrameInterval=158457817242, FrameStartTime=16666666, SyncQueued=158542761617, SyncStart=158542931408, IssueDrawCommandsStart=158543675950, SwapBuffers=158545817492, FrameCompleted=9223372036854775807, DequeueBufferDuration=42084, QueueBufferDuration=747834, GpuCompleted=9223372036854775807, SwapBuffersCompleted=158547287408, DisplayPresentTime=0,
06-04 09:09:40.634 963 987 I OpenGLRenderer: Davey! duration=9223371878366ms; Flags=0, FrameTimelineVsyncId=15369, IntendedVsync=158487290846, Vsync=158537290844, InputEventId=0, HandleInputStart=158545279450, AnimationStart=158545284783, PerformTraversalsStart=158545288325, DrawStart=158545443617, FrameDeadline=158520624178, FrameInterval=158545265033, FrameStartTime=16666666, SyncQueued=158545888908, SyncStart=158547344158, IssueDrawCommandsStart=158547737783, SwapBuffers=158549482658, FrameCompleted=9223372036854775807, DequeueBufferDuration=23584, QueueBufferDuration=13406417, GpuCompleted=9223372036854775807, SwapBuffersCompleted=158563419658, DisplayPresentTime=0,
06-04 09:09:40.651 963 987 I OpenGLRenderer: Davey! duration=9223371878293ms; Flags=0, FrameTimelineVsyncId=15372, IntendedVsync=158553957870, Vsync=158553957870, InputEventId=0, HandleInputStart=158554786575, AnimationStart=158554796408, PerformTraversalsStart=158554800742, DrawStart=158554965200, FrameDeadline=158587291202, FrameInterval=158554770658, FrameStartTime=16666666, SyncQueued=158556101075, SyncStart=158563484408, IssueDrawCommandsStart=158563855283, SwapBuffers=158565647867, FrameCompleted=9223372036854775807, DequeueBufferDuration=33417, QueueBufferDuration=14818000, GpuCompleted=9223372036854775807, SwapBuffersCompleted=158581012783, DisplayPresentTime=0,
06-04 09:09:40.668 963 983 I OpenGLRenderer: Davey! duration=9223371878275ms; Flags=0, FrameTimelineVsyncId=15374, IntendedVsync=158570624626, Vsync=158570624626, InputEventId=0, HandleInputStart=158571351367, AnimationStart=158571357492, PerformTraversalsStart=158571361325, DrawStart=158571534367, FrameDeadline=158603957958, FrameInterval=158571330492, FrameStartTime=16666666, SyncQueued=158572632117, SyncStart=158581081700, IssueDrawCommandsStart=158581508158, SwapBuffers=158583691825, FrameCompleted=9223372036854775807, DequeueBufferDuration=33250, QueueBufferDuration=17733708, GpuCompleted=9223372036854775807, SwapBuffersCompleted=158601873200, DisplayPresentTime=0,
06-04 09:09:40.700 963 983 I OpenGLRenderer: Davey! duration=9223371878254ms; Flags=0, FrameTimelineVsyncId=15376, IntendedVsync=158587291693, Vsync=158587291693, InputEventId=0, HandleInputStart=158587930867, AnimationStart=158587938700, PerformTraversalsStart=158587942408, DrawStart=158588163283, FrameDeadline=158620625025, FrameInterval=158587917200, FrameStartTime=16666666, SyncQueued=158589012867, SyncStart=158601958658, IssueDrawCommandsStart=158602386992, SwapBuffers=158604398158, FrameCompleted=9223372036854775807, DequeueBufferDuration=50125, QueueBufferDuration=21679000, GpuCompleted=9223372036854775807, SwapBuffersCompleted=158626893783, DisplayPresentTime=0,
06-04 09:09:40.717 963 983 I OpenGLRenderer: Davey! duration=9223371878229ms; Flags=0, FrameTimelineVsyncId=15378, IntendedVsync=158603958440, Vsync=158603958440, InputEventId=0, HandleInputStart=158604741492, AnimationStart=158604746950, PerformTraversalsStart=158604750658, DrawStart=158605001783, FrameDeadline=158637291772, FrameInterval=158604726450, FrameStartTime=16666666, SyncQueued=158605657617, SyncStart=158626951325, IssueDrawCommandsStart=158627331992, SwapBuffers=158629288908, FrameCompleted=9223372036854775807, DequeueBufferDuration=35000, QueueBufferDuration=17706917, GpuCompleted=9223372036854775807, SwapBuffersCompleted=158647491700, DisplayPresentTime=0,
06-04 09:09:40.734 963 983 I OpenGLRenderer: Davey! duration=9223371878215ms; Flags=0, FrameTimelineVsyncId=15380, IntendedVsync=158620624639, Vsync=158620624639, InputEventId=0, HandleInputStart=158627730117, AnimationStart=158627732908, PerformTraversalsStart=158627736158, DrawStart=158627888075, FrameDeadline=158653957971, FrameInterval=158627721117, FrameStartTime=16666666, SyncQueued=158628448492, SyncStart=158647549950, IssueDrawCommandsStart=158647934492, SwapBuffers=158649937158, FrameCompleted=9223372036854775807, DequeueBufferDuration=64875, QueueBufferDuration=17587750, GpuCompleted=9223372036854775807, SwapBuffersCompleted=158668119283, DisplayPresentTime=0,
06-04 09:09:40.752 963 987 I OpenGLRenderer: Davey! duration=9223371878198ms; Flags=0, FrameTimelineVsyncId=15382, IntendedVsync=158637291481, Vsync=158637291481, InputEventId=0, HandleInputStart=158648347658, AnimationStart=158648350492, PerformTraversalsStart=158648354033, DrawStart=158648505992, FrameDeadline=158670624813, FrameInterval=158648339117, FrameStartTime=16666666, SyncQueued=158649040825, SyncStart=158668182617, IssueDrawCommandsStart=158668567867, SwapBuffers=158670508408, FrameCompleted=9223372036854775807, DequeueBufferDuration=32459, QueueBufferDuration=13875583, GpuCompleted=9223372036854775807, SwapBuffersCompleted=158685133575, DisplayPresentTime=0,
06-04 09:09:40.768 963 987 I OpenGLRenderer: Davey! duration=9223371878185ms; Flags=0, FrameTimelineVsyncId=15384, IntendedVsync=158653958238, Vsync=158653958238, InputEventId=0, HandleInputStart=158668966992, AnimationStart=158668969575, PerformTraversalsStart=158668973367, DrawStart=158669125992, FrameDeadline=158687291570, FrameInterval=158668958575, FrameStartTime=16666666, SyncQueued=158669626033, SyncStart=158685224200, IssueDrawCommandsStart=158685717658, SwapBuffers=158688310033, FrameCompleted=9223372036854775807, DequeueBufferDuration=56833, QueueBufferDuration=7231916, GpuCompleted=9223372036854775807, SwapBuffersCompleted=158696674867, DisplayPresentTime=0,
06-04 09:09:41.222 517 559 W IorapForwardingService: No service published for: iorapd
06-04 09:09:41.552 1612 1939 D hq : NetWorkStateReceiver:::检查网络,并且持续更新 isConnect=false
06-04 09:09:41.673 264 278 D hdmi-cec: receive invalid cec message!
06-04 09:09:41.674 264 278 D hdmi-cec: receive poll message [04], skip!
06-04 09:09:42.224 517 559 W IorapForwardingService: No service published for: iorapd
06-04 09:09:42.565 2766 2766 I DefaultIMS: onStartInput attribute=android.view.inputmethod.EditorInfo@947ba85 restarting=false inputType: 0
06-04 09:09:43.043 2110 2110 D bbb : onStartCommand begin !!!!!!! data分区剩余 24997MB
06-04 09:09:43.225 517 559 W IorapForwardingService: No service published for: iorapd
06-04 09:09:43.554 1612 1939 D hq : NetWorkStateReceiver:::检查网络,并且持续更新 isConnect=false
06-04 09:09:44.227 517 559 W IorapForwardingService: No service published for: iorapd
06-04 09:09:45.229 517 559 W IorapForwardingService: No service published for: iorapd
06-04 09:09:45.555 1612 1939 D hq : NetWorkStateReceiver:::检查网络,并且持续更新 isConnect=false
06-04 09:09:46.231 517 559 W IorapForwardingService: No service published for: iorapd
06-04 09:09:46.621 2322 2386 D UtilLog : 日志批量上报 进行正常循环 !!!!!!本次有0次请求,共0条数据
06-04 09:09:47.234 517 559 W IorapForwardingService: No service published for: iorapd
06-04 09:09:47.557 1612 1939 D hq : NetWorkStateReceiver:::检查网络,并且持续更新 isConnect=false
06-04 09:09:48.236 517 559 W IorapForwardingService: No service published for: iorapd
06-04 09:09:48.481 1418 1601 I efs.send_log: log cann't be send because net status is disconnected
06-04 09:09:49.238 517 559 W IorapForwardingService: No service published for: iorapd
06-04 09:09:49.291 186 186 I hwservicemanager: getTransport: Cannot find entry android.hardware.graphics.mapper@4.0::IMapper/default in either framework or device VINTF manifest.
06-04 09:09:49.292 517 560 I Gralloc4: mapper 4.x is not supported
06-04 09:09:49.293 186 186 I hwservicemanager: getTransport: Cannot find entry android.hardware.graphics.mapper@3.0::IMapper/default in either framework or device VINTF manifest.
06-04 09:09:49.293 517 560 W Gralloc3: mapper 3.x is not supported
06-04 09:09:49.300 517 560 E gralloc : Arm Module v1.0
06-04 09:09:49.304 186 186 I hwservicemanager: getTransport: Cannot find entry android.hardware.graphics.allocator@4.0::IAllocator/default in either framework or device VINTF manifest.
06-04 09:09:49.305 517 560 W Gralloc4: allocator 4.x is not supported
06-04 09:09:49.306 186 186 I hwservicemanager: getTransport: Cannot find entry android.hardware.graphics.allocator@3.0::IAllocator/default in either framework or device VINTF manifest.
06-04 09:09:49.306 517 560 W Gralloc3: allocator 3.x is not supported
06-04 09:09:49.309 257 257 I gralloc : alloc buffer:W:33 H:42 S:48 PL[33 42] SZ:8064 fmt:1 if:0 af:1 usg:966 fg:00000004
06-04 09:09:49.310 517 560 E ion : ioctl c0044901 failed with code -1: Inappropriate ioctl for device
06-04 09:09:49.559 1612 1939 D hq : NetWorkStateReceiver:::检查网络,并且持续更新 isConnect=false
06-04 09:09:50.235 260 313 W sunxihwc: computeLayerMemoryFootprint: Unknown pixelformat(-1)
06-04 09:09:50.240 517 559 W IorapForwardingService: No service published for: iorapd
06-04 09:09:50.270 963 983 I OpenGLRenderer: Davey! duration=9223371868690ms; Flags=0, FrameTimelineVsyncId=16524, IntendedVsync=168153956896, Vsync=168153956896, InputEventId=264954442, HandleInputStart=168154614996, AnimationStart=168156856038, PerformTraversalsStart=168156867954, DrawStart=168157092121, FrameDeadline=168187290228, FrameInterval=168154599954, FrameStartTime=16666666, SyncQueued=168157766538, SyncStart=168167931496, IssueDrawCommandsStart=168168387288, SwapBuffers=168192542413, FrameCompleted=9223372036854775807, DequeueBufferDuration=19482333, QueueBufferDuration=1846000, GpuCompleted=9223372036854775807, SwapBuffersCompleted=168195581954, DisplayPresentTime=0,
06-04 09:09:50.554 963 983 I OpenGLRenderer: Davey! duration=9223371868407ms; Flags=0, FrameTimelineVsyncId=16558, IntendedVsync=168437288157, Vsync=168437288157, InputEventId=0, HandleInputStart=168438062121, AnimationStart=168438068163, PerformTraversalsStart=168438071913, DrawStart=168438335788, FrameDeadline=168470621489, FrameInterval=168438044955, FrameStartTime=16666666, SyncQueued=168439901746, SyncStart=168450123163, IssueDrawCommandsStart=168450608871, SwapBuffers=168477045121, FrameCompleted=9223372036854775807, DequeueBufferDuration=18791584, QueueBufferDuration=1470750, GpuCompleted=9223372036854775807, SwapBuffersCompleted=168479789996, DisplayPresentTime=0,
06-04 09:09:50.570 963 983 I OpenGLRenderer: Davey! duration=9223371868385ms; Flags=0, FrameTimelineVsyncId=16560, IntendedVsync=168453954793, Vsync=168453954793, InputEventId=353349175, HandleInputStart=168454961080, AnimationStart=168463665455, PerformTraversalsStart=168463675871, DrawStart=168463958913, FrameDeadline=168487288125, FrameInterval=168454943996, FrameStartTime=16666666, SyncQueued=168465058371, SyncStart=168479926038, IssueDrawCommandsStart=168481062163, SwapBuffers=168486347121, FrameCompleted=9223372036854775807, DequeueBufferDuration=1160208, QueueBufferDuration=8397333, GpuCompleted=9223372036854775807, SwapBuffersCompleted=168496293413, DisplayPresentTime=0,
06-04 09:09:51.239 963 983 I OpenGLRenderer: Davey! duration=9223371867717ms; Flags=0, FrameTimelineVsyncId=16642, IntendedVsync=169137290162, Vsync=169137290162, InputEventId=269471190, HandleInputStart=169142738455, AnimationStart=169146694913, PerformTraversalsStart=169146708080, DrawStart=169146904830, FrameDeadline=169170623494, FrameInterval=169142721205, FrameStartTime=16666666, SyncQueued=169147341122, SyncStart=169147491413, IssueDrawCommandsStart=169147970705, SwapBuffers=169151143580, FrameCompleted=9223372036854775807, DequeueBufferDuration=69375, QueueBufferDuration=2661542, GpuCompleted=9223372036854775807, SwapBuffersCompleted=169154754455, DisplayPresentTime=0,
06-04 09:09:51.242 517 559 W IorapForwardingService: No service published for: iorapd
06-04 09:09:51.256 963 983 I OpenGLRenderer: Davey! duration=9223371867700ms; Flags=0, FrameTimelineVsyncId=16644, IntendedVsync=169153956964, Vsync=169153956964, InputEventId=292503090, HandleInputStart=169154925288, AnimationStart=169157198705, PerformTraversalsStart=169157214663, DrawStart=169157514913, FrameDeadline=169187290296, FrameInterval=169154902955, FrameStartTime=16666666, SyncQueued=169158000455, SyncStart=169158061913, IssueDrawCommandsStart=169158916497, SwapBuffers=169164842080, FrameCompleted=9223372036854775807, DequeueBufferDuration=2712500, QueueBufferDuration=7019416, GpuCompleted=9223372036854775807, SwapBuffersCompleted=169172678538, DisplayPresentTime=0,
06-04 09:09:51.272 963 983 I OpenGLRenderer: Davey! duration=9223371867684ms; Flags=0, FrameTimelineVsyncId=16646, IntendedVsync=169170623819, Vsync=169170623819, InputEventId=17590278, HandleInputStart=169171124080, AnimationStart=169174258663, PerformTraversalsStart=169174271372, DrawStart=169174516205, FrameDeadline=169203957151, FrameInterval=169171107997, FrameStartTime=16666666, SyncQueued=169175005122, SyncStart=169175063705, IssueDrawCommandsStart=169175689997, SwapBuffers=169183092830, FrameCompleted=9223372036854775807, DequeueBufferDuration=2812750, QueueBufferDuration=6096000, GpuCompleted=9223372036854775807, SwapBuffersCompleted=169190187247, DisplayPresentTime=0,
06-04 09:09:51.289 963 983 I OpenGLRenderer: Davey! duration=9223371867667ms; Flags=0, FrameTimelineVsyncId=16648, IntendedVsync=169187290648, Vsync=169187290648, InputEventId=375826207, HandleInputStart=169187934413, AnimationStart=169190373413, PerformTraversalsStart=169190382913, DrawStart=169191130872, FrameDeadline=169220623980, FrameInterval=169187914872, FrameStartTime=16666666, SyncQueued=169191604913, SyncStart=169191861622, IssueDrawCommandsStart=169192666080, SwapBuffers=169198754580, FrameCompleted=9223372036854775807, DequeueBufferDuration=2259542, QueueBufferDuration=8389625, GpuCompleted=9223372036854775807, SwapBuffersCompleted=169208190288, DisplayPresentTime=0,
06-04 09:09:51.304 963 983 I OpenGLRenderer: Davey! duration=9223371867650ms; Flags=0, FrameTimelineVsyncId=16650, IntendedVsync=169203957542, Vsync=169203957542, InputEventId=615647800, HandleInputStart=169204631830, AnimationStart=169207711705, PerformTraversalsStart=169207721622, DrawStart=169207946122, FrameDeadline=169237290874, FrameInterval=169204613122, FrameStartTime=16666666, SyncQueued=169208783830, SyncStart=169208841830, IssueDrawCommandsStart=169209372205, SwapBuffers=169213785663, FrameCompleted=9223372036854775807, DequeueBufferDuration=1320584, QueueBufferDuration=12044458, GpuCompleted=9223372036854775807, SwapBuffersCompleted=169226775497, DisplayPresentTime=0,
06-04 09:09:51.562 1612 2042 D hq : NetWorkStateReceiver:::检查网络,并且持续更新 isConnect=false
06-04 09:09:52.188 264 264 I EventThread: type=1400 audit(0.0:2298): avc: denied { search } for name="extcon" dev="sysfs" ino=18109 scontext=u:r:hal_tv_cec_default:s0 tcontext=u:object_r:sysfs_extcon:s0 tclass=dir permissive=1
06-04 09:09:52.243 517 559 W IorapForwardingService: No service published for: iorapd
06-04 09:09:52.808 356 472 I awplayer: : isPlaying
06-04 09:09:52.809 356 472 D awplayer: : reset
06-04 09:09:52.810 356 472 W awplayer: : reset...
06-04 09:09:52.811 356 1677 D awplayer: : ****** PlayerStop
06-04 09:09:52.811 356 1677 D awplayer: : audio render receive cmd: stop
06-04 09:09:52.811 356 1679 I awplayer: : audio render process stop message.
06-04 09:09:52.811 356 1679 D awplayer: : stop sound devide.
06-04 09:09:52.811 356 1679 D awplayer: <__SdStop:561>: : stop
06-04 09:09:52.813 356 1677 D awplayer: : audio decoder receive cmd: stop
06-04 09:09:52.813 356 1678 D awplayer: : destroy libadecoder...
06-04 09:09:52.813 356 1678 D Allwinner Audio Libs: ver : 2017-8-4-18-00 exit successs...
06-04 09:09:52.813 356 1678 D AllwinnerAlibs: ver : 2017-8-4-18-00 ----dlclose so success!
06-04 09:09:52.814 356 1677 D awplayer: : ****** PlayerStop end
06-04 09:09:52.814 356 1677 D awplayer: : audio render receive cmd: quit
06-04 09:09:52.814 356 1679 D awplayer: : audio render process quit message.
06-04 09:09:52.814 356 1679 D awplayer: : stop sound devide.
06-04 09:09:52.814 356 1679 D awplayer: <__SdStop:561>: : stop
06-04 09:09:52.814 356 1679 W awplayer: : Sound device already stopped.
06-04 09:09:52.814 356 1677 D awplayer: : audio decoder receive cmd: quit
06-04 09:09:52.815 356 1677 D awplayer: : libadecoder.so close success......
06-04 09:09:52.816 356 472 D awplayer: : reset
06-04 09:09:52.818 356 472 W awplayer: : reset...
06-04 09:09:52.818 356 1677 D awplayer: : ****** PlayerStop
06-04 09:09:52.818 356 1677 E awplayer: : invalid stop operation, player already in stopped status.
06-04 09:09:52.818 356 472 W awplayer: : XPlayerDestroy
06-04 09:09:52.818 356 472 W awplayer: : reset...
06-04 09:09:52.819 356 1677 D awplayer: : ****** PlayerStop
06-04 09:09:52.819 356 1677 E awplayer: : invalid stop operation, player already in stopped status.
06-04 09:09:52.819 356 472 D awplayer: <__SdDestroy:110>: : destroy
06-04 09:09:52.819 356 472 D awplayer: <~AwPlayer:344>: ~AwPlayer
06-04 09:09:52.820 963 963 V MediaPlayer: resetDrmState: mDrmInfo=null mDrmProvisioningThread=null mPrepareDrmInProgress=false mActiveDrmScheme=false
06-04 09:09:52.820 963 963 V MediaPlayer: cleanDrmObj: mDrmObj=null mDrmSessionId=null
06-04 09:09:52.854 517 806 I WifiService: startScan uid=10020
06-04 09:09:52.855 517 668 I WifiScanRequestProxy: Scan request from com.dangbei.hqguide throttled
06-04 09:09:52.856 517 806 E WifiService: Failed to start scan
06-04 09:09:52.856 963 963 V MediaPlayer: resetDrmState: mDrmInfo=null mDrmProvisioningThread=null mPrepareDrmInProgress=false mActiveDrmScheme=false
06-04 09:09:52.856 963 963 V MediaPlayer: cleanDrmObj: mDrmObj=null mDrmSessionId=null
06-04 09:09:52.873 1178 1216 W MediaProvider: Failed to fetch original file descriptor
