06-04 09:07:20.938 349 547 D installd: Found quota mount /dev/block/by-name/userdata at /data
06-04 09:07:20.938 349 547 D installd: Found quota mount /dev/block/by-name/userdata at /data/user/0
06-04 09:07:20.936 303 303 I xiriservice_All: type=1400 audit(0.0:284): avc: denied { search } for name="com.tv.filemanager.os" dev="mmcblk0p25" ino=1134 scontext=u:r:init:s0 tcontext=u:object_r:app_data_file:s0:c43,c256,c512,c768 tclass=dir permissive=1
06-04 09:07:20.940 303 303 D XiriService: check file name: /data/data/com.tv.filemanager.os/lib
06-04 09:07:20.940 303 303 D XiriService: check file name: /data/data/com.tv.filemanager.os/lib
06-04 09:07:20.943 517 623 D StorageManagerService: Thinking about init, mBootCompleted=false, mDaemonConnected=true
06-04 09:07:20.944 517 623 D StorageManagerService: Thinking about reset, mBootCompleted=false, mDaemonConnected=true
06-04 09:07:20.945 517 623 D StorageManagerService: Thinking about init, mBootCompleted=false, mDaemonConnected=true
06-04 09:07:20.945 517 623 D StorageManagerService: Thinking about reset, mBootCompleted=false, mDaemonConnected=true
06-04 09:07:20.945 517 517 I SystemServerTiming: StartStorageStatsService
06-04 09:07:20.946 517 517 I SystemServiceManager: Starting com.android.server.usage.StorageStatsService$Lifecycle
06-04 09:07:20.946 303 303 D XiriService: check file name: /data/data/com.oranth.powerwindow/lib
06-04 09:07:20.946 303 303 D XiriService: check file name: /data/data/com.oranth.powerwindow/lib
06-04 09:07:20.947 303 303 D XiriService: check file name: /data/data/com.oranth.powerwindow/lib
06-04 09:07:20.948 349 547 D installd: Found quota mount /dev/block/by-name/userdata at /data
06-04 09:07:20.949 349 547 D installd: Found quota mount /dev/block/by-name/userdata at /data/user/0
06-04 09:07:20.950 303 303 D XiriService: check file name: /data/data/com.oranth.powerwindow/lib
06-04 09:07:20.950 303 303 D XiriService: check file name: /data/data/com.oranth.powerwindow/lib
06-04 09:07:20.954 349 547 D installd: Found quota mount /dev/block/by-name/userdata at /data
06-04 09:07:20.954 349 547 D installd: Found quota mount /dev/block/by-name/userdata at /data/user/0
06-04 09:07:20.960 303 303 D XiriService: check file name: /data/data/com.android.storagemanager/lib
06-04 09:07:20.960 303 303 D XiriService: check file name: /data/data/com.android.storagemanager/lib
06-04 09:07:20.961 303 303 D XiriService: check file name: /data/data/com.android.storagemanager/lib
06-04 09:07:20.965 303 303 D XiriService: check file name: /data/data/com.android.storagemanager/lib
06-04 09:07:20.965 303 303 D XiriService: check file name: /data/data/com.android.storagemanager/lib
06-04 09:07:20.967 517 517 I SystemServerTiming: StartUiModeManager
06-04 09:07:20.967 517 517 I SystemServiceManager: Starting com.android.server.UiModeManagerService
06-04 09:07:20.969 517 564 I SystemServerTimingAsync: InitThreadPoolExec:UiModeManager.onStart
06-04 09:07:20.969 517 564 D SystemServerInitThreadPool: Started executing UiModeManager.onStart
06-04 09:07:20.970 517 517 I SystemServerTiming: UpdatePackagesIfNeeded
06-04 09:07:20.970 517 517 I Watchdog: Pausing HandlerChecker: main thread for reason: dexopt. Pause count: 1
06-04 09:07:20.972 303 303 I xiriservice_All: type=1400 audit(0.0:285): avc: denied { search } for name="com.android.bookmarkprovider" dev="mmcblk0p25" ino=1160 scontext=u:r:init:s0 tcontext=u:object_r:app_data_file:s0:c35,c256,c512,c768 tclass=dir permissive=1
06-04 09:07:20.971 303 303 D XiriService: check file name: /data/data/com.android.bookmarkprovider/lib
06-04 09:07:20.972 303 303 D XiriService: check file name: /data/data/com.android.bookmarkprovider/lib
06-04 09:07:20.973 303 303 D XiriService: check file name: /data/data/com.android.bookmarkprovider/lib
06-04 09:07:20.978 517 564 D SystemServerInitThreadPool: Finished executing UiModeManager.onStart
06-04 09:07:20.978 303 303 D XiriService: check file name: /data/data/com.android.bookmarkprovider/lib
06-04 09:07:20.978 303 303 D XiriService: check file name: /data/data/com.android.bookmarkprovider/lib
06-04 09:07:20.984 303 303 D XiriService: check file name: /data/data/com.android.networkstack.permissionconfig/lib
06-04 09:07:20.984 303 303 D XiriService: check file name: /data/data/com.android.networkstack.permissionconfig/lib
06-04 09:07:20.984 303 303 D XiriService: check file name: /data/data/com.android.networkstack.permissionconfig/lib
06-04 09:07:20.987 303 303 D XiriService: check file name: /data/data/com.android.networkstack.permissionconfig/lib
06-04 09:07:20.987 303 303 D XiriService: check file name: /data/data/com.android.networkstack.permissionconfig/lib
06-04 09:07:20.993 303 303 D XiriService: check file name: /data/data/com.android.cts.ctsshim/lib
06-04 09:07:20.993 303 303 D XiriService: check file name: /data/data/com.android.cts.ctsshim/lib
06-04 09:07:20.994 303 303 D XiriService: check file name: /data/data/com.android.cts.ctsshim/lib
06-04 09:07:20.992 303 303 I xiriservice_All: type=1400 audit(0.0:286): avc: denied { search } for name="com.android.cts.ctsshim" dev="mmcblk0p25" ino=1176 scontext=u:r:init:s0 tcontext=u:object_r:app_data_file:s0:c50,c256,c512,c768 tclass=dir permissive=1
06-04 09:07:20.997 303 303 D XiriService: check file name: /data/data/com.android.cts.ctsshim/lib
06-04 09:07:20.997 303 303 D XiriService: check file name: /data/data/com.android.cts.ctsshim/lib
06-04 09:07:21.002 303 303 D XiriService: check file name: /data/data/com.dangbei.lerad.screensaver/lib
06-04 09:07:21.002 303 303 D XiriService: check file name: /data/data/com.dangbei.lerad.screensaver/lib
06-04 09:07:21.003 303 303 D XiriService: check file name: /data/data/com.dangbei.lerad.screensaver/lib
06-04 09:07:21.000 303 303 I xiriservice_All: type=1400 audit(0.0:287): avc: denied { search } for name="com.dangbei.lerad.screensaver" dev="mmcblk0p25" ino=1184 scontext=u:r:init:s0 tcontext=u:object_r:app_data_file:s0:c40,c256,c512,c768 tclass=dir permissive=1
06-04 09:07:21.006 303 303 D XiriService: check file name: /data/data/com.dangbei.lerad.screensaver/lib
06-04 09:07:21.006 303 303 D XiriService: check file name: /data/data/com.dangbei.lerad.screensaver/lib
06-04 09:07:21.011 303 303 D XiriService: check file name: /data/data/com.android.remoteprovisioner/lib
06-04 09:07:21.011 303 303 D XiriService: check file name: /data/data/com.android.remoteprovisioner/lib
06-04 09:07:21.012 303 303 D XiriService: check file name: /data/data/com.android.remoteprovisioner/lib
06-04 09:07:21.008 303 303 I xiriservice_All: type=1400 audit(0.0:288): avc: denied { search } for name="com.android.remoteprovisioner" dev="mmcblk0p25" ino=1192 scontext=u:r:init:s0 tcontext=u:object_r:app_data_file:s0:c64,c256,c512,c768 tclass=dir permissive=1
06-04 09:07:21.015 303 303 D XiriService: check file name: /data/data/com.android.remoteprovisioner/lib
06-04 09:07:21.015 303 303 D XiriService: check file name: /data/data/com.android.remoteprovisioner/lib
06-04 09:07:21.020 303 303 D XiriService: check file name: /data/data/com.softwinner.theme.icon/lib
06-04 09:07:21.020 303 303 D XiriService: check file name: /data/data/com.softwinner.theme.icon/lib
06-04 09:07:21.021 303 303 D XiriService: check file name: /data/data/com.softwinner.theme.icon/lib
06-04 09:07:21.020 303 303 I xiriservice_All: type=1400 audit(0.0:289): avc: denied { search } for name="com.softwinner.theme.icon" dev="mmcblk0p25" ino=1200 scontext=u:r:init:s0 tcontext=u:object_r:app_data_file:s0:c9,c256,c512,c768 tclass=dir permissive=1
06-04 09:07:21.024 303 303 D XiriService: check file name: /data/data/com.softwinner.theme.icon/lib
06-04 09:07:21.024 303 303 D XiriService: check file name: /data/data/com.softwinner.theme.icon/lib
06-04 09:07:21.028 303 303 D XiriService: check file name: /data/data/com.android.wallpaper/lib
06-04 09:07:21.029 303 303 D XiriService: check file name: /data/data/com.android.wallpaper/lib
06-04 09:07:21.029 303 303 D XiriService: check file name: /data/data/com.android.wallpaper/lib
06-04 09:07:21.033 303 303 D XiriService: check file name: /data/data/com.android.wallpaper/lib
06-04 09:07:21.033 303 303 D XiriService: check file name: /data/data/com.android.wallpaper/lib
06-04 09:07:21.038 303 303 D XiriService: check file name: /data/data/com.android.vpndialogs/lib
06-04 09:07:21.038 303 303 D XiriService: check file name: /data/data/com.android.vpndialogs/lib
06-04 09:07:21.038 303 303 D XiriService: check file name: /data/data/com.android.vpndialogs/lib
06-04 09:07:21.041 303 303 D XiriService: check file name: /data/data/com.android.vpndialogs/lib
06-04 09:07:21.041 303 303 D XiriService: check file name: /data/data/com.android.vpndialogs/lib
06-04 09:07:21.046 303 303 D XiriService: check file name: /data/data/com.android.music/lib
06-04 09:07:21.046 303 303 D XiriService: check file name: /data/data/com.android.music/lib
06-04 09:07:21.047 303 303 D XiriService: check file name: /data/data/com.android.music/lib
06-04 09:07:21.044 303 303 I xiriservice_All: type=1400 audit(0.0:290): avc: denied { search } for name="com.android.music" dev="mmcblk0p25" ino=1224 scontext=u:r:init:s0 tcontext=u:object_r:app_data_file:s0:c47,c256,c512,c768 tclass=dir permissive=1
06-04 09:07:21.050 303 303 D XiriService: check file name: /data/data/com.android.music/lib
06-04 09:07:21.055 303 303 D XiriService: check file name: /data/data/com.android.wallpaperbackup/lib
06-04 09:07:21.055 303 303 D XiriService: check file name: /data/data/com.android.wallpaperbackup/lib
06-04 09:07:21.056 303 303 D XiriService: check file name: /data/data/com.android.wallpaperbackup/lib
06-04 09:07:21.058 303 303 D XiriService: check file name: /data/data/com.android.wallpaperbackup/lib
06-04 09:07:21.058 303 303 D XiriService: check file name: /data/data/com.android.wallpaperbackup/lib
06-04 09:07:21.063 303 303 D XiriService: check file name: /data/data/com.android.providers.blockednumber/lib
06-04 09:07:21.063 303 303 D XiriService: check file name: /data/data/com.android.providers.blockednumber/lib
06-04 09:07:21.064 303 303 D XiriService: check file name: /data/data/com.android.providers.blockednumber/lib
06-04 09:07:21.067 303 303 D XiriService: check file name: /data/data/com.android.providers.blockednumber/lib
06-04 09:07:21.067 303 303 D XiriService: check file name: /data/data/com.android.providers.blockednumber/lib
06-04 09:07:21.072 303 303 D XiriService: check file name: /data/data/com.android.providers.userdictionary/lib
06-04 09:07:21.072 303 303 D XiriService: check file name: /data/data/com.android.providers.userdictionary/lib
06-04 09:07:21.073 303 303 D XiriService: check file name: /data/data/com.android.providers.userdictionary/lib
06-04 09:07:21.076 303 303 D XiriService: check file name: /data/data/com.android.providers.userdictionary/lib
06-04 09:07:21.081 303 303 D XiriService: check file name: /data/data/com.android.providers.media.module/lib
06-04 09:07:21.082 303 303 D XiriService: check file name: /data/data/com.android.providers.media.module/lib
06-04 09:07:21.080 303 303 I xiriservice_All: type=1400 audit(0.0:291): avc: denied { search } for name="com.android.providers.media.module" dev="mmcblk0p25" ino=1256 scontext=u:r:init:s0 tcontext=u:object_r:privapp_data_file:s0:c74,c256,c512,c768 tclass=dir permissive=1
06-04 09:07:21.083 303 303 D XiriService: check file name: /data/data/com.android.providers.media.module/lib
06-04 09:07:21.086 303 303 D XiriService: check file name: /data/data/com.android.providers.media.module/lib
06-04 09:07:21.086 303 303 D XiriService: check file name: /data/data/com.android.providers.media.module/lib
06-04 09:07:21.091 303 303 D XiriService: check file name: /data/data/com.softwinner.theme.color/lib
06-04 09:07:21.091 303 303 D XiriService: check file name: /data/data/com.softwinner.theme.color/lib
06-04 09:07:21.092 303 303 D XiriService: check file name: /data/data/com.softwinner.theme.color/lib
06-04 09:07:21.088 303 303 I xiriservice_All: type=1400 audit(0.0:292): avc: denied { search } for name="com.softwinner.theme.color" dev="mmcblk0p25" ino=1264 scontext=u:r:init:s0 tcontext=u:object_r:app_data_file:s0:c3,c256,c512,c768 tclass=dir permissive=1
06-04 09:07:21.095 303 303 D XiriService: check file name: /data/data/com.softwinner.theme.color/lib
06-04 09:07:21.095 303 303 D XiriService: check file name: /data/data/com.softwinner.theme.color/lib
06-04 09:07:21.100 303 303 D XiriService: check file name: /data/data/com.oranth.storage/lib
06-04 09:07:21.100 303 303 D XiriService: check file name: /data/data/com.oranth.storage/lib
06-04 09:07:21.101 303 303 D XiriService: check file name: /data/data/com.oranth.storage/lib
06-04 09:07:21.103 303 303 D XiriService: check file name: /data/data/com.oranth.storage/lib
06-04 09:07:21.103 303 303 D XiriService: check file name: /data/data/com.oranth.storage/lib
06-04 09:07:21.107 303 303 D XiriService: check file name: /data/data/com.android.hotspot2.osulogin/lib
06-04 09:07:21.108 303 303 D XiriService: check file name: /data/data/com.android.hotspot2.osulogin/lib
06-04 09:07:21.108 303 303 D XiriService: check file name: /data/data/com.android.hotspot2.osulogin/lib
06-04 09:07:21.104 303 303 I xiriservice_All: type=1400 audit(0.0:293): avc: denied { search } for name="com.android.hotspot2.osulogin" dev="mmcblk0p25" ino=1280 scontext=u:r:init:s0 tcontext=u:object_r:app_data_file:s0:c71,c256,c512,c768 tclass=dir permissive=1
06-04 09:07:21.112 303 303 D XiriService: check file name: /data/data/com.android.hotspot2.osulogin/lib
06-04 09:07:21.112 303 303 D XiriService: check file name: /data/data/com.android.hotspot2.osulogin/lib
06-04 09:07:21.117 303 303 D XiriService: check file name: /data/data/com.android.internal.systemui.navbar.gestural/lib
06-04 09:07:21.117 303 303 D XiriService: check file name: /data/data/com.android.internal.systemui.navbar.gestural/lib
06-04 09:07:21.118 303 303 D XiriService: check file name: /data/data/com.android.internal.systemui.navbar.gestural/lib
06-04 09:07:21.116 303 303 I xiriservice_All: type=1400 audit(0.0:294): avc: denied { search } for name="com.android.internal.systemui.navbar.gestural" dev="mmcblk0p25" ino=1288 scontext=u:r:init:s0 tcontext=u:object_r:app_data_file:s0:c0,c256,c512,c768 tclass=dir permissive=1
06-04 09:07:21.122 303 303 D XiriService: check file name: /data/data/com.android.internal.systemui.navbar.gestural/lib
06-04 09:07:21.122 303 303 D XiriService: check file name: /data/data/com.android.internal.systemui.navbar.gestural/lib
06-04 09:07:21.127 303 303 D XiriService: check file name: /data/data/com.dangbei.haqusetting/lib
06-04 09:07:21.127 303 303 D XiriService: check file name: /data/data/com.dangbei.haqusetting/lib
06-04 09:07:21.128 303 303 D XiriService: check file name: /data/data/com.dangbei.haqusetting/lib
06-04 09:07:21.130 303 303 D XiriService: check file name: /data/data/com.dangbei.haqusetting/lib
06-04 09:07:21.130 303 303 D XiriService: check file name: /data/data/com.dangbei.haqusetting/lib
06-04 09:07:21.128 264 264 I EventThread: type=1400 audit(0.0:295): avc: denied { search } for name="extcon" dev="sysfs" ino=18109 scontext=u:r:hal_tv_cec_default:s0 tcontext=u:object_r:sysfs_extcon:s0 tclass=dir permissive=1
06-04 09:07:21.135 303 303 D XiriService: check file name: /data/data/com.android.bluetoothmidiservice/lib
06-04 09:07:21.135 303 303 D XiriService: check file name: /data/data/com.android.bluetoothmidiservice/lib
06-04 09:07:21.136 303 303 D XiriService: check file name: /data/data/com.android.bluetoothmidiservice/lib
06-04 09:07:21.132 303 303 I xiriservice_All: type=1400 audit(0.0:296): avc: denied { search } for name="com.android.bluetoothmidiservice" dev="mmcblk0p25" ino=1304 scontext=u:r:init:s0 tcontext=u:object_r:app_data_file:s0:c46,c256,c512,c768 tclass=dir permissive=1
06-04 09:07:21.139 303 303 D XiriService: check file name: /data/data/com.android.bluetoothmidiservice/lib
06-04 09:07:21.139 303 303 D XiriService: check file name: /data/data/com.android.bluetoothmidiservice/lib
06-04 09:07:21.144 303 303 D XiriService: check file name: /data/data/com.softwinner.awmanager/lib
06-04 09:07:21.144 303 303 D XiriService: check file name: /data/data/com.softwinner.awmanager/lib
06-04 09:07:21.145 303 303 D XiriService: check file name: /data/data/com.softwinner.awmanager/lib
06-04 09:07:21.147 303 303 D XiriService: check file name: /data/data/com.softwinner.awmanager/lib
06-04 09:07:21.148 303 303 D XiriService: check file name: /data/data/com.softwinner.awmanager/lib
06-04 09:07:21.153 303 303 D XiriService: check file name: /data/data/com.softwinner.miracastReceiver/lib
06-04 09:07:21.153 303 303 D XiriService: check file name: /data/data/com.softwinner.miracastReceiver/lib
06-04 09:07:21.154 303 303 D XiriService: check file name: /data/data/com.softwinner.miracastReceiver/lib
06-04 09:07:21.156 303 303 D XiriService: check file name: /data/data/com.softwinner.miracastReceiver/lib
06-04 09:07:21.157 303 303 D XiriService: check file name: /data/data/com.softwinner.miracastReceiver/lib
06-04 09:07:21.161 303 303 D XiriService: check file name: /data/data/com.android.traceur/lib
06-04 09:07:21.162 303 303 D XiriService: check file name: /data/data/com.android.traceur/lib
06-04 09:07:21.162 303 303 D XiriService: check file name: /data/data/com.android.traceur/lib
06-04 09:07:21.160 303 303 I xiriservice_All: type=1400 audit(0.0:297): avc: denied { search } for name="com.android.traceur" dev="mmcblk0p25" ino=1328 scontext=u:r:init:s0 tcontext=u:object_r:app_data_file:s0:c16,c256,c512,c768 tclass=dir permissive=1
06-04 09:07:21.165 303 303 D XiriService: check file name: /data/data/com.android.traceur/lib
06-04 09:07:21.165 303 303 D XiriService: check file name: /data/data/com.android.traceur/lib
06-04 09:07:21.171 303 303 D XiriService: check file name: /data/data/com.android.bluetooth/lib
06-04 09:07:21.171 303 303 D XiriService: check file name: /data/data/com.android.bluetooth/lib
06-04 09:07:21.171 303 303 D XiriService: check file name: /data/data/com.android.bluetooth/lib
06-04 09:07:21.174 303 303 D XiriService: check file name: /data/data/com.android.bluetooth/lib
06-04 09:07:21.174 303 303 D XiriService: check file name: /data/data/com.android.bluetooth/lib
06-04 09:07:21.178 303 303 D XiriService: check file name: /data/data/com.android.providers.contacts/lib
06-04 09:07:21.179 303 303 D XiriService: check file name: /data/data/com.android.providers.contacts/lib
06-04 09:07:21.182 303 303 D XiriService: check file name: /data/data/com.android.providers.contacts/lib
06-04 09:07:21.182 303 303 D XiriService: check file name: /data/data/com.android.providers.contacts/lib
06-04 09:07:21.186 303 303 D XiriService: check file name: /data/data/com.android.captiveportallogin/lib
06-04 09:07:21.187 303 303 D XiriService: check file name: /data/data/com.android.captiveportallogin/lib
06-04 09:07:21.187 303 303 D XiriService: check file name: /data/data/com.android.captiveportallogin/lib
06-04 09:07:21.184 303 303 I xiriservice_All: type=1400 audit(0.0:298): avc: denied { search } for name="com.android.captiveportallogin" dev="mmcblk0p25" ino=1352 scontext=u:r:init:s0 tcontext=u:object_r:app_data_file:s0:c48,c256,c512,c768 tclass=dir permissive=1
06-04 09:07:21.191 303 303 D XiriService: check file name: /data/data/com.android.captiveportallogin/lib
06-04 09:07:21.191 303 303 D XiriService: check file name: /data/data/com.android.captiveportallogin/lib
06-04 09:07:21.196 303 303 D XiriService: check file name: /data/data/com.android.internal.systemui.navbar.gestural_narrow_back/lib
06-04 09:07:21.196 303 303 D XiriService: check file name: /data/data/com.android.internal.systemui.navbar.gestural_narrow_back/lib
06-04 09:07:21.197 303 303 D XiriService: check file name: /data/data/com.android.internal.systemui.navbar.gestural_narrow_back/lib
06-04 09:07:21.196 303 303 I xiriservice_All: type=1400 audit(0.0:299): avc: denied { search } for name="com.android.internal.systemui.navbar.gestural_narrow_back" dev="mmcblk0p25" ino=1360 scontext=u:r:init:s0 tcontext=u:object_r:app_data_file:s0:c1,c256,c512,c768 tclass=dir permissive=1
06-04 09:07:21.202 303 303 D XiriService: check file name: /data/data/com.android.internal.systemui.navbar.gestural_narrow_back/lib
06-04 09:07:21.202 303 303 D XiriService: check file name: /data/data/com.android.internal.systemui.navbar.gestural_narrow_back/lib
06-04 09:07:21.207 303 303 D XiriService: check file name: /data/data/android.auto_generated_rro_vendor__/lib
06-04 09:07:21.207 303 303 D XiriService: check file name: /data/data/android.auto_generated_rro_vendor__/lib
06-04 09:07:21.208 303 303 D XiriService: check file name: /data/data/android.auto_generated_rro_vendor__/lib
06-04 09:07:21.204 303 303 I xiriservice_All: type=1400 audit(0.0:300): avc: denied { search } for name="android.auto_generated_rro_vendor__" dev="mmcblk0p25" ino=1368 scontext=u:r:init:s0 tcontext=u:object_r:app_data_file:s0:c12,c256,c512,c768 tclass=dir permissive=1
06-04 09:07:21.211 303 303 D XiriService: check file name: /data/data/android.auto_generated_rro_vendor__/lib
06-04 09:07:21.211 303 303 D XiriService: check file name: /data/data/android.auto_generated_rro_vendor__/lib
06-04 09:07:21.218 303 303 D XiriService: check file name: /data/data/com.dangbei.lerad.leradwatcher/lib
06-04 09:07:21.223 303 303 D XiriService: check file name: /data/data/com.android.cts.priv.ctsshim/lib
06-04 09:07:21.223 303 303 D XiriService: check file name: /data/data/com.android.cts.priv.ctsshim/lib
06-04 09:07:21.220 303 303 I xiriservice_All: type=1400 audit(0.0:301): avc: denied { read } for name="lib" dev="mmcblk0p25" ino=1377 scontext=u:r:init:s0 tcontext=u:object_r:privapp_data_file:s0 tclass=lnk_file permissive=1
06-04 09:07:21.220 303 303 I xiriservice_All: type=1400 audit(0.0:302): avc: denied { read } for name="lib" dev="mmcblk0p25" ino=1377 scontext=u:r:init:s0 tcontext=u:object_r:privapp_data_file:s0:c512,c768 tclass=lnk_file permissive=1
06-04 09:07:21.223 303 303 D XiriService: check file name: /data/data/com.android.cts.priv.ctsshim/lib
06-04 09:07:21.223 303 303 D XiriService: check file name: /data/data/com.android.cts.priv.ctsshim/lib
06-04 09:07:21.224 303 303 D XiriService: check file name: /data/data/com.android.cts.priv.ctsshim/lib
06-04 09:07:21.229 303 303 D XiriService: check file name: /data/data/com.android.cts.priv.ctsshim/lib
06-04 09:07:21.229 303 303 D XiriService: check file name: /data/data/com.android.cts.priv.ctsshim/lib
06-04 09:07:21.229 303 303 D XiriService: check file name: /data/data/com.android.cts.priv.ctsshim/lib
06-04 09:07:21.229 303 303 D XiriService: check file name: /data/data/com.android.cts.priv.ctsshim/lib
06-04 09:07:21.231 303 303 D XiriService: check file name: /data/data/com.android.dynsystem/lib
06-04 09:07:21.231 303 303 D XiriService: check file name: /data/data/com.android.dynsystem/lib
06-04 09:07:21.231 303 303 D XiriService: check file name: /data/data/com.android.dynsystem/lib
06-04 09:07:21.231 303 303 D XiriService: check file name: /data/data/com.android.dynsystem/lib
06-04 09:07:21.231 303 303 D XiriService: check file name: /data/data/com.android.dynsystem/lib
06-04 09:07:21.237 303 303 D XiriService: check file name: /data/data/com.android.dynsystem/lib
06-04 09:07:21.237 303 303 D XiriService: check file name: /data/data/com.android.dynsystem/lib
06-04 09:07:21.237 303 303 D XiriService: check file name: /data/data/com.android.dynsystem/lib
06-04 09:07:21.237 303 303 D XiriService: check file name: /data/data/com.android.dynsystem/lib
06-04 09:07:21.238 303 303 D XiriService: check file name: /data/data/com.dangbei.lerad.rocky/lib
06-04 09:07:21.238 303 303 D XiriService: check file name: /data/data/com.dangbei.lerad.rocky/lib
06-04 09:07:21.238 303 303 D XiriService: check file name: /data/data/com.dangbei.lerad.rocky/lib
06-04 09:07:21.238 303 303 D XiriService: check file name: /data/data/com.dangbei.lerad.rocky/lib
06-04 09:07:21.239 303 303 D XiriService: check file name: /data/data/com.dangbei.lerad.rocky/lib
06-04 09:07:21.243 303 303 D XiriService: check file name: /data/data/com.dangbei.lerad.rocky/lib
06-04 09:07:21.243 303 303 D XiriService: check file name: /data/data/com.dangbei.lerad.rocky/lib
06-04 09:07:21.244 303 303 D XiriService: check file name: /data/data/com.dangbei.lerad.rocky/lib
06-04 09:07:21.244 303 303 D XiriService: check file name: /data/data/com.dangbei.lerad.rocky/lib
06-04 09:07:21.245 303 303 D XiriService: check file name: /data/data/com.android.providers.calendar/lib
06-04 09:07:21.251 303 303 D XiriService: check file name: /data/data/com.android.tv.settings/lib
06-04 09:07:21.251 303 303 D XiriService: check file name: /data/data/com.android.tv.settings/lib
06-04 09:07:21.251 303 303 D XiriService: check file name: /data/data/com.android.tv.settings/lib
06-04 09:07:21.252 303 303 D XiriService: check file name: /data/data/com.android.tv.settings/lib
06-04 09:07:21.252 349 547 W installd: Requested default storage /data/user_de/0/com.android.tv.settings is not active; migrating from /data/data/com.android.tv.settings
06-04 09:07:21.253 303 303 D XiriService: check file name: /data/data/com.android.tv.settings/lib
06-04 09:07:21.253 303 303 D XiriService: check file name: /data/data/com.android.tv.settings/lib
06-04 09:07:21.254 303 303 D XiriService: check file name: /data/data/com.android.tv.settings/lib
06-04 09:07:21.257 303 303 D XiriService: check file name: /data/data/com.android.tv.settings/lib
06-04 09:07:21.257 303 303 D XiriService: check file name: /data/data/com.android.tv.settings/lib
06-04 09:07:21.260 303 303 D XiriService: check file name: /data/data/com.android.tv.settings/lib
06-04 09:07:21.260 303 303 D XiriService: check file name: /data/data/com.android.tv.settings/lib
06-04 09:07:21.260 303 303 D XiriService: check file name: /data/data/com.android.tv.settings/lib
06-04 09:07:21.260 303 303 D XiriService: check file name: /data/data/com.android.tv.settings/lib
06-04 09:07:21.261 303 303 D XiriService: check file name: /data/data/com.android.providers.media/lib
06-04 09:07:21.267 303 303 D XiriService: check file name: /data/data/com.oranth.factory/lib
06-04 09:07:21.267 303 303 D XiriService: check file name: /data/data/com.oranth.factory/lib
06-04 09:07:21.267 303 303 D XiriService: check file name: /data/data/com.oranth.factory/lib
06-04 09:07:21.267 303 303 D XiriService: check file name: /data/data/com.oranth.factory/lib
06-04 09:07:21.268 303 303 D XiriService: check file name: /data/data/com.oranth.factory/lib
06-04 09:07:21.273 303 303 D XiriService: check file name: /data/data/com.oranth.factory/lib
06-04 09:07:21.273 303 303 D XiriService: check file name: /data/data/com.oranth.factory/lib
06-04 09:07:21.274 303 303 D XiriService: check file name: /data/data/com.oranth.factory/lib
06-04 09:07:21.274 303 303 D XiriService: check file name: /data/data/com.oranth.factory/lib
06-04 09:07:21.274 303 303 D XiriService: check file name: /data/data/com.android.internal.systemui.navbar.gestural_wide_back/lib
06-04 09:07:21.272 303 303 I xiriservice_All: type=1400 audit(0.0:303): avc: denied { search } for name="com.android.internal.systemui.navbar.gestural_wide_back" dev="mmcblk0p25" ino=625 scontext=u:r:init:s0 tcontext=u:object_r:app_data_file:s0:c11,c256,c512,c768 tclass=dir permissive=1
06-04 09:07:21.281 303 303 D XiriService: check file name: /data/data/com.dangbei.zhushou.os/lib
06-04 09:07:21.281 303 303 D XiriService: check file name: /data/data/com.dangbei.zhushou.os/lib
06-04 09:07:21.281 303 303 D XiriService: check file name: /data/data/com.dangbei.zhushou.os/lib
06-04 09:07:21.281 303 303 D XiriService: check file name: /data/data/com.dangbei.zhushou.os/lib
06-04 09:07:21.282 303 303 D XiriService: check file name: /data/data/com.dangbei.zhushou.os/lib
06-04 09:07:21.287 303 303 D XiriService: check file name: /data/data/com.dangbei.zhushou.os/lib
06-04 09:07:21.287 303 303 D XiriService: check file name: /data/data/com.dangbei.zhushou.os/lib
06-04 09:07:21.288 303 303 D XiriService: check file name: /data/data/com.dangbei.zhushou.os/lib
06-04 09:07:21.288 303 303 D XiriService: check file name: /data/data/com.dangbei.zhushou.os/lib
06-04 09:07:21.289 303 303 D XiriService: check file name: /data/data/com.android.wallpapercropper/lib
06-04 09:07:21.294 303 303 D XiriService: check file name: /data/data/com.softwinner.provision/lib
06-04 09:07:21.299 303 303 D XiriService: check file name: /data/data/com.softwinner.awlogsettings/lib
06-04 09:07:21.304 303 303 D XiriService: check file name: /data/data/com.android.documentsui/lib
06-04 09:07:21.310 303 303 D XiriService: check file name: /data/data/com.sohu.inputmethod.sogou.tv/lib
06-04 09:07:21.310 303 303 D XiriService: check file name: /data/data/com.sohu.inputmethod.sogou.tv/lib
06-04 09:07:21.310 303 303 D XiriService: check file name: /data/data/com.sohu.inputmethod.sogou.tv/lib
06-04 09:07:21.310 303 303 D XiriService: check file name: /data/data/com.sohu.inputmethod.sogou.tv/lib
06-04 09:07:21.311 303 303 D XiriService: check file name: /data/data/com.sohu.inputmethod.sogou.tv/lib
06-04 09:07:21.311 349 360 W installd: Requested default storage /data/user_de/0/com.sohu.inputmethod.sogou.tv is not active; migrating from /data/data/com.sohu.inputmethod.sogou.tv
06-04 09:07:21.308 303 303 I xiriservice_All: type=1400 audit(0.0:304): avc: denied { search } for name="com.sohu.inputmethod.sogou.tv" dev="mmcblk0p25" ino=678 scontext=u:r:init:s0 tcontext=u:object_r:app_data_file:s0:c51,c256,c512,c768 tclass=dir permissive=1
06-04 09:07:21.308 303 303 I xiriservice_All: type=1400 audit(0.0:305): avc: denied { read } for name="lib" dev="mmcblk0p25" ino=1404 scontext=u:r:init:s0 tcontext=u:object_r:app_data_file:s0 tclass=lnk_file permissive=1
06-04 09:07:21.308 303 303 I xiriservice_All: type=1400 audit(0.0:306): avc: denied { read } for name="lib" dev="mmcblk0p25" ino=1404 scontext=u:r:init:s0 tcontext=u:object_r:app_data_file:s0:c51,c256,c512,c768 tclass=lnk_file permissive=1
06-04 09:07:21.312 303 303 D XiriService: check file name: /data/data/com.sohu.inputmethod.sogou.tv/lib
06-04 09:07:21.312 303 303 D XiriService: check file name: /data/data/com.sohu.inputmethod.sogou.tv/lib
06-04 09:07:21.314 303 303 D XiriService: check file name: /data/data/com.sohu.inputmethod.sogou.tv/lib
06-04 09:07:21.319 303 303 D XiriService: check file name: /data/data/com.sohu.inputmethod.sogou.tv/lib
06-04 09:07:21.319 303 303 D XiriService: check file name: /data/data/com.sohu.inputmethod.sogou.tv/lib
06-04 09:07:21.322 303 303 D XiriService: check file name: /data/data/com.sohu.inputmethod.sogou.tv/lib
06-04 09:07:21.322 303 303 D XiriService: check file name: /data/data/com.sohu.inputmethod.sogou.tv/lib
06-04 09:07:21.322 303 303 D XiriService: check file name: /data/data/com.sohu.inputmethod.sogou.tv/lib
06-04 09:07:21.322 303 303 D XiriService: check file name: /data/data/com.sohu.inputmethod.sogou.tv/lib
06-04 09:07:21.323 303 303 D XiriService: check file name: /data/data/com.android.externalstorage/lib
06-04 09:07:21.328 303 303 D XiriService: check file name: /data/data/com.android.htmlviewer/lib
06-04 09:07:21.324 303 303 I xiriservice_All: type=1400 audit(0.0:307): avc: denied { search } for name="com.android.htmlviewer" dev="mmcblk0p25" ino=695 scontext=u:r:init:s0 tcontext=u:object_r:app_data_file:s0:c37,c256,c512,c768 tclass=dir permissive=1
06-04 09:07:21.333 303 303 D XiriService: check file name: /data/data/com.android.companiondevicemanager/lib
06-04 09:07:21.339 303 303 D XiriService: check file name: /data/data/com.android.providers.downloads/lib
06-04 09:07:21.344 303 303 D XiriService: check file name: /data/data/com.android.providers.tv/lib
06-04 09:07:21.349 303 303 D XiriService: check file name: /data/data/com.android.internal.systemui.onehanded.gestural/lib
06-04 09:07:21.356 303 303 D XiriService: check file name: /data/data/com.oranth.ledstatus/lib
06-04 09:07:21.356 303 303 D XiriService: check file name: /data/data/com.oranth.ledstatus/lib
06-04 09:07:21.356 303 303 D XiriService: check file name: /data/data/com.oranth.ledstatus/lib
06-04 09:07:21.356 303 303 D XiriService: check file name: /data/data/com.oranth.ledstatus/lib
06-04 09:07:21.357 303 303 D XiriService: check file name: /data/data/com.oranth.ledstatus/lib
06-04 09:07:21.361 303 303 D XiriService: check file name: /data/data/com.oranth.ledstatus/lib
06-04 09:07:21.361 303 303 D XiriService: check file name: /data/data/com.oranth.ledstatus/lib
06-04 09:07:21.362 303 303 D XiriService: check file name: /data/data/com.oranth.ledstatus/lib
06-04 09:07:21.362 303 303 D XiriService: check file name: /data/data/com.oranth.ledstatus/lib
06-04 09:07:21.363 303 303 D XiriService: check file name: /data/data/com.dangbei.lerad.videoposter/lib
06-04 09:07:21.363 303 303 D XiriService: check file name: /data/data/com.dangbei.lerad.videoposter/lib
06-04 09:07:21.363 303 303 D XiriService: check file name: /data/data/com.dangbei.lerad.videoposter/lib
06-04 09:07:21.363 303 303 D XiriService: check file name: /data/data/com.dangbei.lerad.videoposter/lib
06-04 09:07:21.363 303 303 D XiriService: check file name: /data/data/com.dangbei.lerad.videoposter/lib
06-04 09:07:21.370 303 303 D XiriService: check file name: /data/data/com.dangbei.lerad.videoposter/lib
06-04 09:07:21.370 303 303 D XiriService: check file name: /data/data/com.dangbei.lerad.videoposter/lib
06-04 09:07:21.370 303 303 D XiriService: check file name: /data/data/com.dangbei.lerad.videoposter/lib
06-04 09:07:21.370 303 303 D XiriService: check file name: /data/data/com.dangbei.lerad.videoposter/lib
06-04 09:07:21.371 303 303 D XiriService: check file name: /data/data/com.android.providers.downloads.ui/lib
06-04 09:07:21.377 303 303 D XiriService: check file name: /data/data/com.android.pacprocessor/lib
06-04 09:07:21.377 349 360 W installd: Requested default storage /data/user_de/0/com.android.pacprocessor is not active; migrating from /data/data/com.android.pacprocessor
06-04 09:07:21.378 303 303 D XiriService: check file name: /data/data/com.android.pacprocessor/lib
06-04 09:07:21.378 303 303 D XiriService: check file name: /data/data/com.android.pacprocessor/lib
06-04 09:07:21.379 303 303 D XiriService: check file name: /data/data/com.android.pacprocessor/lib
06-04 09:07:21.382 303 303 D XiriService: check file name: /data/data/com.android.pacprocessor/lib
06-04 09:07:21.382 303 303 D XiriService: check file name: /data/data/com.android.pacprocessor/lib
06-04 09:07:21.385 303 303 D XiriService: check file name: /data/data/com.android.simappdialog/lib
06-04 09:07:21.391 303 303 D XiriService: check file name: /data/data/com.android.networkstack/lib
06-04 09:07:21.391 303 303 D XiriService: check file name: /data/data/com.android.networkstack/lib
06-04 09:07:21.388 303 303 I xiriservice_All: type=1400 audit(0.0:308): avc: denied { read } for name="lib" dev="mmcblk0p25" ino=1427 scontext=u:r:init:s0 tcontext=u:object_r:radio_data_file:s0 tclass=lnk_file permissive=1
06-04 09:07:21.391 303 303 D XiriService: check file name: /data/data/com.android.networkstack/lib
06-04 09:07:21.392 349 547 W installd: Requested default storage /data/user_de/0/com.android.networkstack is not active; migrating from /data/data/com.android.networkstack
06-04 09:07:21.394 303 303 D XiriService: check file name: /data/data/com.android.networkstack/lib
06-04 09:07:21.394 303 303 D XiriService: check file name: /data/data/com.android.networkstack/lib
06-04 09:07:21.395 303 303 D XiriService: check file name: /data/data/com.android.networkstack/lib
06-04 09:07:21.399 303 303 D XiriService: check file name: /data/data/com.android.networkstack/lib
06-04 09:07:21.403 303 303 D XiriService: check file name: /data/data/com.android.networkstack/lib
06-04 09:07:21.403 303 303 D XiriService: check file name: /data/data/com.android.networkstack/lib
06-04 09:07:21.403 303 303 D XiriService: check file name: /data/data/com.android.networkstack/lib
06-04 09:07:21.403 303 303 D XiriService: check file name: /data/data/com.android.networkstack/lib
06-04 09:07:21.403 303 303 D XiriService: check file name: /data/data/com.android.modulemetadata/lib
06-04 09:07:21.400 303 303 I xiriservice_All: type=1400 audit(0.0:309): avc: denied { search } for name="com.android.modulemetadata" dev="mmcblk0p25" ino=786 scontext=u:r:init:s0 tcontext=u:object_r:app_data_file:s0:c59,c256,c512,c768 tclass=dir permissive=1
06-04 09:07:21.409 303 303 D XiriService: check file name: /data/data/com.android.certinstaller/lib
06-04 09:07:21.414 303 303 D XiriService: check file name: /data/data/com.android.carrierconfig/lib
06-04 09:07:21.420 303 303 D XiriService: check file name: /data/data/com.google.android.apps.searchlite.overlay/lib
06-04 09:07:21.416 303 303 I xiriservice_All: type=1400 audit(0.0:310): avc: denied { search } for name="com.google.android.apps.searchlite.overlay" dev="mmcblk0p25" ino=812 scontext=u:r:init:s0 tcontext=u:object_r:app_data_file:s0:c5,c256,c512,c768 tclass=dir permissive=1
06-04 09:07:21.425 303 303 D XiriService: check file name: /data/data/com.android.internal.systemui.navbar.threebutton/lib
06-04 09:07:21.424 303 303 I xiriservice_All: type=1400 audit(0.0:311): avc: denied { search } for name="com.android.internal.systemui.navbar.threebutton" dev="mmcblk0p25" ino=821 scontext=u:r:init:s0 tcontext=u:object_r:app_data_file:s0:c10,c256,c512,c768 tclass=dir permissive=1
06-04 09:07:21.430 303 303 D XiriService: check file name: /data/data/com.google.android.networkstackconfig/lib
06-04 09:07:21.428 303 303 I xiriservice_All: type=1400 audit(0.0:312): avc: denied { search } for name="com.google.android.networkstackconfig" dev="mmcblk0p25" ino=829 scontext=u:r:init:s0 tcontext=u:object_r:app_data_file:s0:c7,c256,c512,c768 tclass=dir permissive=1
06-04 09:07:21.438 303 303 D XiriService: check file name: /data/data/com.softwinner.settingssetup/lib
06-04 09:07:21.443 303 303 D XiriService: check file name: /data/data/com.android.egg/lib
06-04 09:07:21.448 303 303 D XiriService: check file name: /data/data/com.android.mtp/lib
06-04 09:07:21.455 303 303 D XiriService: check file name: /data/data/com.android.backupconfirm/lib
06-04 09:07:21.460 303 303 D XiriService: check file name: /data/data/com.softwinner.timerswitch/lib
06-04 09:07:21.465 303 303 D XiriService: check file name: /data/data/com.android.statementservice/lib
06-04 09:07:21.471 303 303 D XiriService: check file name: /data/data/com.dangbei.screencast/lib
06-04 09:07:21.471 303 303 D XiriService: check file name: /data/data/com.dangbei.screencast/lib
06-04 09:07:21.471 303 303 D XiriService: check file name: /data/data/com.dangbei.screencast/lib
06-04 09:07:21.471 303 303 D XiriService: check file name: /data/data/com.dangbei.screencast/lib
06-04 09:07:21.471 303 303 D XiriService: check file name: /data/data/com.dangbei.screencast/lib
06-04 09:07:21.478 303 303 D XiriService: check file name: /data/data/com.dangbei.screencast/lib
06-04 09:07:21.478 303 303 D XiriService: check file name: /data/data/com.dangbei.screencast/lib
06-04 09:07:21.478 303 303 D XiriService: check file name: /data/data/com.dangbei.screencast/lib
06-04 09:07:21.478 303 303 D XiriService: check file name: /data/data/com.dangbei.screencast/lib
06-04 09:07:21.479 303 303 D XiriService: check file name: /data/data/com.android.settings.intelligence/lib
06-04 09:07:21.486 303 303 D XiriService: check file name: /data/data/com.android.internal.systemui.navbar.gestural_extra_wide_back/lib
06-04 09:07:21.492 303 303 D XiriService: check file name: /data/data/com.dangbei.leard.leradlauncher/lib
06-04 09:07:21.492 303 303 D XiriService: check file name: /data/data/com.dangbei.leard.leradlauncher/lib
06-04 09:07:21.492 303 303 D XiriService: check file name: /data/data/com.dangbei.leard.leradlauncher/lib
06-04 09:07:21.492 303 303 D XiriService: check file name: /data/data/com.dangbei.leard.leradlauncher/lib
06-04 09:07:21.492 303 303 D XiriService: check file name: /data/data/com.dangbei.leard.leradlauncher/lib
06-04 09:07:21.497 303 303 D XiriService: check file name: /data/data/com.dangbei.leard.leradlauncher/lib
06-04 09:07:21.498 303 303 D XiriService: check file name: /data/data/com.dangbei.leard.leradlauncher/lib
06-04 09:07:21.498 303 303 D XiriService: check file name: /data/data/com.dangbei.leard.leradlauncher/lib
06-04 09:07:21.498 303 303 D XiriService: check file name: /data/data/com.dangbei.leard.leradlauncher/lib
06-04 09:07:21.499 303 303 D XiriService: check file name: /data/data/com.android.sharedstoragebackup/lib
06-04 09:07:21.504 303 303 D XiriService: check file name: /data/data/com.android.printspooler/lib
06-04 09:07:21.505 303 303 D XiriService: check file name: /data/data/com.android.printspooler/lib
06-04 09:07:21.505 303 303 D XiriService: check file name: /data/data/com.android.printspooler/lib
06-04 09:07:21.504 303 303 I xiriservice_All: type=1400 audit(0.0:313): avc: denied { read } for name="lib" dev="mmcblk0p25" ino=1451 scontext=u:r:init:s0 tcontext=u:object_r:app_data_file:s0:c34,c256,c512,c768 tclass=lnk_file permissive=1
06-04 09:07:21.510 303 303 D XiriService: check file name: /data/data/com.android.printspooler/lib
06-04 09:07:21.510 303 303 D XiriService: check file name: /data/data/com.android.printspooler/lib
06-04 09:07:21.511 303 303 D XiriService: check file name: /data/data/com.android.printspooler/lib
06-04 09:07:21.511 303 303 D XiriService: check file name: /data/data/com.android.printspooler/lib
06-04 09:07:21.512 303 303 D XiriService: check file name: /data/data/com.android.dreams.basic/lib
06-04 09:07:21.518 303 303 D XiriService: check file name: /data/data/com.android.webview/lib
06-04 09:07:21.519 303 303 D XiriService: check file name: /data/data/com.android.webview/lib
06-04 09:07:21.519 303 303 D XiriService: check file name: /data/data/com.android.webview/lib
06-04 09:07:21.516 303 303 I xiriservice_All: type=1400 audit(0.0:314): avc: denied { read } for name="lib" dev="mmcblk0p25" ino=1455 scontext=u:r:init:s0 tcontext=u:object_r:app_data_file:s0:c60,c256,c512,c768 tclass=lnk_file permissive=1
06-04 09:07:21.519 303 303 D XiriService: check file name: /data/data/com.android.webview/lib
06-04 09:07:21.519 303 303 D XiriService: check file name: /data/data/com.android.webview/lib
06-04 09:07:21.524 303 303 D XiriService: check file name: /data/data/com.android.webview/lib
06-04 09:07:21.525 303 303 D XiriService: check file name: /data/data/com.android.webview/lib
06-04 09:07:21.525 303 303 D XiriService: check file name: /data/data/com.android.webview/lib
06-04 09:07:21.525 303 303 D XiriService: check file name: /data/data/com.android.webview/lib
06-04 09:07:21.526 303 303 D XiriService: check file name: /data/data/com.android.se/lib
06-04 09:07:21.531 303 303 D XiriService: check file name: /data/data/com.android.tv/lib
06-04 09:07:21.536 303 303 D XiriService: check file name: /data/data/com.android.bips/lib
06-04 09:07:21.538 303 303 D XiriService: check file name: /data/data/com.android.bips/lib
06-04 09:07:21.538 303 303 D XiriService: check file name: /data/data/com.android.bips/lib
06-04 09:07:21.541 303 303 D XiriService: check file name: /data/data/com.android.bips/lib
06-04 09:07:21.541 303 303 D XiriService: check file name: /data/data/com.android.bips/lib
06-04 09:07:21.542 303 303 D XiriService: check file name: /data/data/com.android.bips/lib
06-04 09:07:21.542 303 303 D XiriService: check file name: /data/data/com.android.bips/lib
06-04 09:07:21.543 303 303 D XiriService: check file name: /data/data/com.oranth.inputmacsn/lib
06-04 09:07:21.543 303 303 D XiriService: check file name: /data/data/com.oranth.inputmacsn/lib
06-04 09:07:21.543 303 303 D XiriService: check file name: /data/data/com.oranth.inputmacsn/lib
06-04 09:07:21.543 303 303 D XiriService: check file name: /data/data/com.oranth.inputmacsn/lib
06-04 09:07:21.543 303 303 D XiriService: check file name: /data/data/com.oranth.inputmacsn/lib
06-04 09:07:21.548 303 303 D XiriService: check file name: /data/data/com.oranth.inputmacsn/lib
06-04 09:07:21.548 303 303 D XiriService: check file name: /data/data/com.oranth.inputmacsn/lib
06-04 09:07:21.548 303 303 D XiriService: check file name: /data/data/com.oranth.inputmacsn/lib
06-04 09:07:21.548 303 303 D XiriService: check file name: /data/data/com.oranth.inputmacsn/lib
06-04 09:07:21.549 303 303 D XiriService: check file name: /data/data/com.android.musicfx/lib
06-04 09:07:21.555 303 303 D XiriService: check file name: /data/data/com.dangbei.hqguide/lib
06-04 09:07:21.560 303 303 D XiriService: check file name: /data/data/com.android.onetimeinitializer/lib
06-04 09:07:21.565 303 303 D XiriService: check file name: /data/data/com.android.keychain/lib
06-04 09:07:21.565 303 303 D XiriService: check file name: /data/data/com.android.keychain/lib
06-04 09:07:21.566 303 303 D XiriService: check file name: /data/data/com.android.keychain/lib
06-04 09:07:21.566 303 303 D XiriService: check file name: /data/data/com.android.keychain/lib
06-04 09:07:21.566 303 303 D XiriService: check file name: /data/data/com.android.keychain/lib
06-04 09:07:21.571 303 303 D XiriService: check file name: /data/data/com.android.keychain/lib
06-04 09:07:21.572 303 303 D XiriService: check file name: /data/data/com.android.keychain/lib
06-04 09:07:21.572 303 303 D XiriService: check file name: /data/data/com.android.keychain/lib
06-04 09:07:21.572 303 303 D XiriService: check file name: /data/data/com.android.keychain/lib
06-04 09:07:21.573 303 303 D XiriService: check file name: /data/data/com.android.printservice.recommendation/lib
06-04 09:07:21.578 303 303 D XiriService: check file name: /data/data/com.google.android.networkstack.tetheringconfig/lib
06-04 09:07:21.584 303 303 D XiriService: check file name: /data/data/com.android.localtransport/lib
06-04 09:07:21.584 303 303 D XiriService: check file name: /data/data/com.android.localtransport/lib
06-04 09:07:21.584 303 303 D XiriService: check file name: /data/data/com.android.localtransport/lib
06-04 09:07:21.584 303 303 D XiriService: check file name: /data/data/com.android.localtransport/lib
06-04 09:07:21.585 303 303 D XiriService: check file name: /data/data/com.android.localtransport/lib
06-04 09:07:21.590 303 303 D XiriService: check file name: /data/data/com.android.localtransport/lib
06-04 09:07:21.590 303 303 D XiriService: check file name: /data/data/com.android.localtransport/lib
06-04 09:07:21.590 303 303 D XiriService: check file name: /data/data/com.android.localtransport/lib
06-04 09:07:21.590 303 303 D XiriService: check file name: /data/data/com.android.localtransport/lib
06-04 09:07:21.591 303 303 D XiriService: check file name: /data/data/com.android.packageinstaller/lib
06-04 09:07:21.591 303 303 D XiriService: check file name: /data/data/com.android.packageinstaller/lib
06-04 09:07:21.591 349 547 W installd: Requested default storage /data/user_de/0/com.android.packageinstaller is not active; migrating from /data/data/com.android.packageinstaller
06-04 09:07:21.591 303 303 D XiriService: check file name: /data/data/com.android.packageinstaller/lib
06-04 09:07:21.593 303 303 D XiriService: check file name: /data/data/com.android.packageinstaller/lib
06-04 09:07:21.593 303 303 D XiriService: check file name: /data/data/com.android.packageinstaller/lib
06-04 09:07:21.595 303 303 D XiriService: check file name: /data/data/com.android.packageinstaller/lib
06-04 09:07:21.597 303 303 D XiriService: check file name: /data/data/com.android.packageinstaller/lib
06-04 09:07:21.597 303 303 D XiriService: check file name: /data/data/com.android.packageinstaller/lib
06-04 09:07:21.601 303 303 D XiriService: check file name: /data/data/com.android.packageinstaller/lib
06-04 09:07:21.601 303 303 D XiriService: check file name: /data/data/com.android.packageinstaller/lib
06-04 09:07:21.601 303 303 D XiriService: check file name: /data/data/com.android.packageinstaller/lib
06-04 09:07:21.602 303 303 D XiriService: check file name: /data/data/com.android.theme.font.notoserifsource/lib
06-04 09:07:21.607 303 303 D XiriService: check file name: /data/data/com.android.managedprovisioning/lib
06-04 09:07:21.612 303 303 D XiriService: check file name: /data/data/com.oranth.usbopenft/lib
06-04 09:07:21.612 303 303 D XiriService: check file name: /data/data/com.oranth.usbopenft/lib
06-04 09:07:21.613 303 303 D XiriService: check file name: /data/data/com.oranth.usbopenft/lib
06-04 09:07:21.613 303 303 D XiriService: check file name: /data/data/com.oranth.usbopenft/lib
06-04 09:07:21.613 303 303 D XiriService: check file name: /data/data/com.oranth.usbopenft/lib
06-04 09:07:21.618 303 303 D XiriService: check file name: /data/data/com.oranth.usbopenft/lib
06-04 09:07:21.618 303 303 D XiriService: check file name: /data/data/com.oranth.usbopenft/lib
06-04 09:07:21.618 303 303 D XiriService: check file name: /data/data/com.oranth.usbopenft/lib
06-04 09:07:21.618 303 303 D XiriService: check file name: /data/data/com.oranth.usbopenft/lib
06-04 09:07:21.619 303 303 D XiriService: check file name: /data/data/com.android.networkstack.tethering/lib
06-04 09:07:21.619 303 303 D XiriService: check file name: /data/data/com.android.networkstack.tethering/lib
06-04 09:07:21.619 303 303 D XiriService: check file name: /data/data/com.android.networkstack.tethering/lib
06-04 09:07:21.619 303 303 D XiriService: check file name: /data/data/com.android.networkstack.tethering/lib
06-04 09:07:21.620 303 303 D XiriService: check file name: /data/data/com.android.networkstack.tethering/lib
06-04 09:07:21.620 349 360 W installd: Requested default storage /data/user_de/0/com.android.networkstack.tethering is not active; migrating from /data/data/com.android.networkstack.tethering
