06-04 09:10:26.106 3994 3994 D NetworkSecurityConfig: No Network Security Config specified, using platform default
06-04 09:10:26.093 2413 2498 I nStackXCoAP: CoapServiceDiscoverTimerHandle:[524] :the 4 times for device discover.
06-04 09:10:26.126 2413 2498 D nStackXCoAP: IsInSameNetwork:[276] :IsInSameNetwork exec
06-04 09:10:26.126 2413 2498 I nStackXDFinder: GetLocalInterfaceDetail:[461] :GetLocalInterfaceDetail in
06-04 09:10:26.126 2413 2498 E nStackXCoAP: IsInSameNetwork:[281] :IsInSameNetwork: not priority process
06-04 09:10:26.127 1181 1181 W System.err: SLF4J: Defaulting to no-operation (NOP) logger implementation
06-04 09:10:26.127 1181 1181 W System.err: SLF4J: See http://www.slf4j.org/codes.html#StaticLoggerBinder for further details.
06-04 09:10:26.128 2413 2498 I nStackXDFinder: NotifyDeviceListChanged:[540] :notify callback: device list changed callback is null
06-04 09:10:26.130 2766 2766 I DefaultIMS: onStartInput attribute=android.view.inputmethod.EditorInfo@19ef925 restarting=false inputType: 0
06-04 09:10:26.148 517 600 I WifiService: startScan uid=10020
06-04 09:10:26.152 517 668 I WifiScanRequestProxy: Scan request from com.dangbei.hqguide throttled
06-04 09:10:26.164 517 600 E WifiService: Failed to start scan
06-04 09:10:26.168 517 600 I WifiService: startScan uid=10020
06-04 09:10:26.173 963 983 I OpenGLRenderer: Davey! duration=9223371832984ms; Flags=0, FrameTimelineVsyncId=19184, IntendedVsync=203869752072, Vsync=204069752064, InputEventId=0, HandleInputStart=204075181055, AnimationStart=204075188555, PerformTraversalsStart=204075193972, DrawStart=204075441305, FrameDeadline=203903085404, FrameInterval=204075154555, FrameStartTime=16666666, SyncQueued=204078404138, SyncStart=204078603972, IssueDrawCommandsStart=204079676055, SwapBuffers=204083904347, FrameCompleted=9223372036854775807, DequeueBufferDuration=60292, QueueBufferDuration=1970958, GpuCompleted=9223372036854775807, SwapBuffersCompleted=204094904263, DisplayPresentTime=0,
06-04 09:10:26.174 517 668 I WifiScanRequestProxy: Scan request from com.dangbei.hqguide throttled
06-04 09:10:26.176 517 600 E WifiService: Failed to start scan
06-04 09:10:26.177 2413 2498 D nStackXCoAP: IsInSameNetwork:[276] :IsInSameNetwork exec
06-04 09:10:26.177 2413 2498 I nStackXDFinder: GetLocalInterfaceDetail:[461] :GetLocalInterfaceDetail in
06-04 09:10:26.177 2413 2498 E nStackXCoAP: IsInSameNetwork:[281] :IsInSameNetwork: not priority process
06-04 09:10:26.181 1181 1181 D LanSocketServer: connect /192.168.3.141:6689
06-04 09:10:26.182 1181 1181 D LanSocketServer: connect start
06-04 09:10:26.182 1181 1181 E LanCommander: onNetWorkChanged: true
06-04 09:10:26.186 2413 2498 D nStackXCoAP: IsInSameNetwork:[276] :IsInSameNetwork exec
06-04 09:10:26.186 2413 2498 I nStackXDFinder: GetLocalInterfaceDetail:[461] :GetLocalInterfaceDetail in
06-04 09:10:26.186 2413 2498 E nStackXCoAP: IsInSameNetwork:[281] :IsInSameNetwork: not priority process
06-04 09:10:26.188 2413 2498 D nStackXCoAP: IsInSameNetwork:[276] :IsInSameNetwork exec
06-04 09:10:26.188 2413 2498 I nStackXDFinder: GetLocalInterfaceDetail:[461] :GetLocalInterfaceDetail in
06-04 09:10:26.188 2413 2498 E nStackXCoAP: IsInSameNetwork:[281] :IsInSameNetwork: not priority process
06-04 09:10:26.211 2413 2498 D nStackXCoAP: IsInSameNetwork:[276] :IsInSameNetwork exec
06-04 09:10:26.211 2413 2498 I nStackXDFinder: GetLocalInterfaceDetail:[461] :GetLocalInterfaceDetail in
06-04 09:10:26.211 2413 2498 E nStackXCoAP: IsInSameNetwork:[281] :IsInSameNetwork: not priority process
06-04 09:10:26.213 2413 2498 D nStackXCoAP: IsInSameNetwork:[276] :IsInSameNetwork exec
06-04 09:10:26.213 2413 2498 I nStackXDFinder: GetLocalInterfaceDetail:[461] :GetLocalInterfaceDetail in
06-04 09:10:26.213 2413 2498 E nStackXCoAP: IsInSameNetwork:[281] :IsInSameNetwork: not priority process
06-04 09:10:26.223 1181 1181 E LanCommander: onNetWorkChanged: true
06-04 09:10:26.226 2413 2498 D nStackXCoAP: IsInSameNetwork:[276] :IsInSameNetwork exec
06-04 09:10:26.226 2413 2498 I nStackXDFinder: GetLocalInterfaceDetail:[461] :GetLocalInterfaceDetail in
06-04 09:10:26.226 2413 2498 E nStackXCoAP: IsInSameNetwork:[281] :IsInSameNetwork: not priority process
06-04 09:10:26.241 2413 2498 D nStackXCoAP: IsInSameNetwork:[276] :IsInSameNetwork exec
06-04 09:10:26.243 2413 2498 I nStackXDFinder: GetLocalInterfaceDetail:[461] :GetLocalInterfaceDetail in
06-04 09:10:26.243 2413 2498 E nStackXCoAP: IsInSameNetwork:[281] :IsInSameNetwork: not priority process
06-04 09:10:26.246 1181 4063 E LanCommander: onServerCreatedSuccess 192.168.3.141:6689
06-04 09:10:26.247 2413 2413 D NearFieldUtils: to get wlan0 ip address
06-04 09:10:26.248 2413 2413 D NearFieldUtils: get wlan0 IP succeed.
06-04 09:10:26.248 2413 2413 E NearFieldManagerImpl: notifyByPriority: interfaceNameInUse is null
06-04 09:10:26.248 2413 2413 D NearFieldManagerImpl: handleConnectivityAction: notified by default
06-04 09:10:26.263 2413 2498 D nStackXCoAP: IsInSameNetwork:[276] :IsInSameNetwork exec
06-04 09:10:26.263 2413 2498 I nStackXDFinder: GetLocalInterfaceDetail:[461] :GetLocalInterfaceDetail in
06-04 09:10:26.263 2413 2498 E nStackXCoAP: IsInSameNetwork:[281] :IsInSameNetwork: not priority process
06-04 09:10:26.293 2413 2498 D nStackXCoAP: IsInSameNetwork:[276] :IsInSameNetwork exec
06-04 09:10:26.293 2413 2498 I nStackXDFinder: GetLocalInterfaceDetail:[461] :GetLocalInterfaceDetail in
06-04 09:10:26.293 2413 2498 E nStackXCoAP: IsInSameNetwork:[281] :IsInSameNetwork: not priority process
06-04 09:10:26.307 2413 2498 D nStackXCoAP: IsInSameNetwork:[276] :IsInSameNetwork exec
06-04 09:10:26.307 2413 2498 I nStackXDFinder: GetLocalInterfaceDetail:[461] :GetLocalInterfaceDetail in
06-04 09:10:26.308 2413 2498 E nStackXCoAP: IsInSameNetwork:[281] :IsInSameNetwork: not priority process
06-04 09:10:26.314 517 559 W IorapForwardingService: No service published for: iorapd
06-04 09:10:26.320 2413 2498 D nStackXCoAP: IsInSameNetwork:[276] :IsInSameNetwork exec
06-04 09:10:26.320 2413 2498 I nStackXDFinder: GetLocalInterfaceDetail:[461] :GetLocalInterfaceDetail in
06-04 09:10:26.320 2413 2498 E nStackXCoAP: IsInSameNetwork:[281] :IsInSameNetwork: not priority process
06-04 09:10:26.329 2413 2498 D nStackXCoAP: IsInSameNetwork:[276] :IsInSameNetwork exec
06-04 09:10:26.329 2413 2498 I nStackXDFinder: GetLocalInterfaceDetail:[461] :GetLocalInterfaceDetail in
06-04 09:10:26.329 2413 2498 E nStackXCoAP: IsInSameNetwork:[281] :IsInSameNetwork: not priority process
06-04 09:10:26.330 2413 2498 I nStackXDFinder: NotifyDeviceListChanged:[540] :notify callback: device list changed callback is null
06-04 09:10:26.332 1181 4063 E RCInfo : vid:
06-04 09:10:26.332 1181 4063 E RCInfo : pid:
06-04 09:10:26.332 1181 4063 E RCInfo : RCBrand:NA
06-04 09:10:26.340 1181 4063 E RCInfo : vid:
06-04 09:10:26.340 1181 4063 E RCInfo : pid:
06-04 09:10:26.346 2413 2498 D nStackXCoAP: IsInSameNetwork:[276] :IsInSameNetwork exec
06-04 09:10:26.346 2413 2498 I nStackXDFinder: GetLocalInterfaceDetail:[461] :GetLocalInterfaceDetail in
06-04 09:10:26.347 2413 2498 E nStackXCoAP: IsInSameNetwork:[281] :IsInSameNetwork: not priority process
06-04 09:10:26.347 1181 4063 E RCInfo : vid:
06-04 09:10:26.347 1181 4063 E RCInfo : pid:
06-04 09:10:26.357 1181 4063 E RCInfo : vid:
06-04 09:10:26.357 1181 4063 E RCInfo : pid:
06-04 09:10:26.357 1181 4063 E RCInfo : RCBrand:NA
06-04 09:10:26.359 1181 4063 E RCInfo : vid:
06-04 09:10:26.359 1181 4063 E RCInfo : pid:
06-04 09:10:26.359 1181 4063 E RCInfo : vid:
06-04 09:10:26.360 1181 4063 E RCInfo : pid:
06-04 09:10:26.362 2413 2498 D nStackXCoAP: IsInSameNetwork:[276] :IsInSameNetwork exec
06-04 09:10:26.362 2413 2498 I nStackXDFinder: GetLocalInterfaceDetail:[461] :GetLocalInterfaceDetail in
06-04 09:10:26.362 2413 2498 E nStackXCoAP: IsInSameNetwork:[281] :IsInSameNetwork: not priority process
06-04 09:10:26.376 2413 2413 D NearFieldUtils: to get wlan0 ip address
06-04 09:10:26.376 2413 2413 D NearFieldUtils: get wlan0 IP succeed.
06-04 09:10:26.376 2413 2413 I NearFieldManagerImpl: wlan Connected
06-04 09:10:26.376 2413 2413 I HicomNf_java_to_c: notifyNetworkStateChanged with maskStr, networkType: 0, networkState: 0, mask:
06-04 09:10:26.376 2413 2413 I HicomNfMainCtrlManager: NotifyNetworkStateChanged is called with networkState: 0
06-04 09:10:26.377 2413 2413 I HicomNfMainCtrlManager: P2P and USB are both disconnected
06-04 09:10:26.377 2413 2413 I HicomNfSecureManager: stop listening
06-04 09:10:26.377 2413 2413 I HicomNfSecureManager: StopListening, m_sessionInfoLock out, before calling NSTACKX_DMsgClose 2
06-04 09:10:26.377 2413 2413 I HicomNfSecureManager: StopListening, after calling NSTACKX_DMsgClose 2
06-04 09:10:26.385 2413 2498 D nStackXCoAP: IsInSameNetwork:[276] :IsInSameNetwork exec
06-04 09:10:26.385 2413 2498 I nStackXDFinder: GetLocalInterfaceDetail:[461] :GetLocalInterfaceDetail in
06-04 09:10:26.385 2413 2498 E nStackXCoAP: IsInSameNetwork:[281] :IsInSameNetwork: not priority process
06-04 09:10:26.397 2766 2766 I SogouIME: SogouIME::setInputView()
06-04 09:10:26.401 2413 2498 D nStackXCoAP: IsInSameNetwork:[276] :IsInSameNetwork exec
06-04 09:10:26.409 2413 2498 I nStackXDFinder: GetLocalInterfaceDetail:[461] :GetLocalInterfaceDetail in
06-04 09:10:26.410 2413 2498 E nStackXCoAP: IsInSameNetwork:[281] :IsInSameNetwork: not priority process
06-04 09:10:26.410 2413 2498 I nStackXDFinder: NotifyDeviceListChanged:[540] :notify callback: device list changed callback is null
06-04 09:10:26.426 2413 2498 D nStackXCoAP: IsInSameNetwork:[276] :IsInSameNetwork exec
06-04 09:10:26.426 2413 2498 I nStackXDFinder: GetLocalInterfaceDetail:[461] :GetLocalInterfaceDetail in
06-04 09:10:26.426 2413 2498 E nStackXCoAP: IsInSameNetwork:[281] :IsInSameNetwork: not priority process
06-04 09:10:26.439 2413 2413 I HicomNf_java_to_c: notifyNetworkStateChanged with maskStr, networkType: 0, networkState: 1, mask: 255.255.254.0
06-04 09:10:26.439 2413 2413 I HicomNfMainCtrlManager: NotifyNetworkStateChanged is called with networkState: 1
06-04 09:10:26.439 2413 2413 I HicomNfSecureManager: StartListening, before calling NSTACKX_DMsgServer
06-04 09:10:26.439 2413 2413 I nStackXDMsg: NSTACKX_DMsgServer:[1335] :msgReceiver is not NULL
06-04 09:10:26.440 2413 2413 D nStackXDMsg: StartDMsgMainThread:[1274] :pthread_create
06-04 09:10:26.440 2413 2413 I HicomNfSecureManager: StartListening, after calling NSTACKX_DMsgServer
06-04 09:10:26.440 2413 2413 I HicomNfSecureManager: OnehopSecureCtrlManager: succeeded to StartListening with type 0
06-04 09:10:26.441 2413 2498 D nStackXCoAP: IsInSameNetwork:[276] :IsInSameNetwork exec
06-04 09:10:26.441 2413 2498 I nStackXDFinder: GetLocalInterfaceDetail:[461] :GetLocalInterfaceDetail in
06-04 09:10:26.441 2413 2498 E nStackXCoAP: IsInSameNetwork:[281] :IsInSameNetwork: not priority process
06-04 09:10:26.447 2413 2482 W efs.info.manager: network change: wifi
06-04 09:10:26.447 2413 2413 D NearFieldManagerImpl: onReceive action get:android.net.conn.CONNECTIVITY_CHANGE
06-04 09:10:26.448 2413 2498 D nStackXCoAP: IsInSameNetwork:[276] :IsInSameNetwork exec
06-04 09:10:26.448 2413 2498 I nStackXDFinder: GetLocalInterfaceDetail:[461] :GetLocalInterfaceDetail in
06-04 09:10:26.448 2413 2498 E nStackXCoAP: IsInSameNetwork:[281] :IsInSameNetwork: not priority process
06-04 09:10:26.449 2413 2413 D NearFieldUtils: getPreferredIpAddress exec
06-04 09:10:26.449 2413 2413 D NearFieldUtils: getPreferredIpAddress by custom priority
06-04 09:10:26.449 2413 2413 D NearFieldUtils: getIpByInterfaceSetting customIdnNetworkPriority:[]
06-04 09:10:26.449 2413 2413 D NearFieldUtils: getPreferredIpAddress by default priority
06-04 09:10:26.464 1595 1893 D XHttpObservable: createNetWorkObservable subscribe: MediaControlEntity{code=0, data=PageEntity{list=[ContentEntity{packageName='com.dangbei.leard.leradlauncher', activityName='FilmDetailActivity'}, ContentEntity{packageName='com.dangbei.leard.leradlauncher', activityName='FullScreenDetailActivity'}, ContentEntity{packageName='com.dangbei.leard.leradlauncher', activityName='TencentSportActivity'}, ContentEntity{packageName='com.dangbei.leradVideoPlugins', activityName='FilmDetailActivity'}, ContentEntity{packageName='com.dangbei.leradVideoPlugins', activityName='FullScreenDetailActivity'}, ContentEntity{packageName='com.dangbei.leradVideoPlugins', activityName='TencentSportActivity'}, ContentEntity{packageName='com.dangbei.leradVideoPlugins', activityName='ShortPlayActivity'}, ContentEntity{packageName='com.dangbei.hqmedia', activityName='FilmDetailActivity'}, ContentEntity{packageName='com.dangbei.hqmedia', activityName='FullScreenDetailActivity'}, ContentEntity{packageName='com.dangbei.leradVideoPlugins', activityName='MangoMediaActivity'}, ContentEntity{packageName='com.dangbei.leradVideoPlugins', activityName='VcinemaActivity'}]}, message='success'} ,,, isDisposed = false
06-04 09:10:26.464 2413 2498 D nStackXCoAP: IsInSameNetwork:[276] :IsInSameNetwork exec
06-04 09:10:26.464 2413 2498 I nStackXDFinder: GetLocalInterfaceDetail:[461] :GetLocalInterfaceDetail in
06-04 09:10:26.464 2413 2498 E nStackXCoAP: IsInSameNetwork:[281] :IsInSameNetwork: not priority process
06-04 09:10:26.474 2413 2498 D nStackXCoAP: IsInSameNetwork:[276] :IsInSameNetwork exec
06-04 09:10:26.474 2413 2498 I nStackXDFinder: GetLocalInterfaceDetail:[461] :GetLocalInterfaceDetail in
06-04 09:10:26.474 2413 2498 E nStackXCoAP: IsInSameNetwork:[281] :IsInSameNetwork: not priority process
06-04 09:10:26.476 1595 1911 D XHttpObservable: createNetWorkObservable subscribe: ShowMessageEntity{code=0, data=TipEntity{movieType=[我想看喜剧片, 动作片, 枪战片], movie=[庆余年, 误杀, 美丽人生, 爆笑虫子, 哪吒, 小猪佩奇, 胡歌的电视剧, 张艺谋导演的电影, 切换到1080P, 收藏], appController=[打开当贝市场, 下载哈趣影视, 爱奇艺, 卸载腾讯视频], weather=[今天的天气, 未来五天的天气, 杭州天气怎么样, 明天下不下雨], music=[我要听歌, 周杰伦的歌, 上一首, 下一首, 快进一分钟, 暂停], liveAppDownload='非常抱歉,根据监管部门政策管理要求,暂不提供相应服务。', subscreen=null, wakeUpVoiceResponse=[ProbabilityEntity{word='在呢', probability=30}, ProbabilityEntity{word='我在', probability=35}, ProbabilityEntity{word='你说', probability=15}, ProbabilityEntity{word='来啦', probability=20}], unrecognizedVoiceResponse=[ProbabilityEntity{word='可以再说一遍么', probability=45}, ProbabilityEntity{word='可以说的详细一点么', probability=30}, ProbabilityEntity{word='请问有什么可以帮您', probability=25}], notUnderstandVoiceResponse=[ProbabilityEntity{word='换个说法试试吧', probability=100}]}, message='success'} ,,, isDisposed = false
06-04 09:10:26.477 2413 2498 D nStackXCoAP: IsInSameNetwork:[276] :IsInSameNetwork exec
06-04 09:10:26.480 2413 2498 I nStackXDFinder: GetLocalInterfaceDetail:[461] :GetLocalInterfaceDetail in
06-04 09:10:26.480 2413 2498 E nStackXCoAP: IsInSameNetwork:[281] :IsInSameNetwork: not priority process
06-04 09:10:26.482 2413 2498 D nStackXCoAP: IsInSameNetwork:[276] :IsInSameNetwork exec
06-04 09:10:26.482 2413 2498 I nStackXDFinder: GetLocalInterfaceDetail:[461] :GetLocalInterfaceDetail in
06-04 09:10:26.482 2413 2498 E nStackXCoAP: IsInSameNetwork:[281] :IsInSameNetwork: not priority process
06-04 09:10:26.484 2413 2498 I nStackXDFinder: NotifyDeviceListChanged:[540] :notify callback: device list changed callback is null
06-04 09:10:26.491 2413 2498 D nStackXCoAP: IsInSameNetwork:[276] :IsInSameNetwork exec
06-04 09:10:26.491 2413 2498 I nStackXDFinder: GetLocalInterfaceDetail:[461] :GetLocalInterfaceDetail in
06-04 09:10:26.491 2413 2498 E nStackXCoAP: IsInSameNetwork:[281] :IsInSameNetwork: not priority process
06-04 09:10:26.492 2413 2498 I nStackXDFinder: NotifyDeviceListChanged:[540] :notify callback: device list changed callback is null
06-04 09:10:26.515 2413 2498 D nStackXCoAP: IsInSameNetwork:[276] :IsInSameNetwork exec
06-04 09:10:26.516 2413 2498 I nStackXDFinder: GetLocalInterfaceDetail:[461] :GetLocalInterfaceDetail in
06-04 09:10:26.516 2413 2498 E nStackXCoAP: IsInSameNetwork:[281] :IsInSameNetwork: not priority process
06-04 09:10:26.520 2413 2498 D nStackXCoAP: IsInSameNetwork:[276] :IsInSameNetwork exec
06-04 09:10:26.521 2413 2498 I nStackXDFinder: GetLocalInterfaceDetail:[461] :GetLocalInterfaceDetail in
06-04 09:10:26.521 2413 2498 E nStackXCoAP: IsInSameNetwork:[281] :IsInSameNetwork: not priority process
06-04 09:10:26.528 2413 2498 D nStackXCoAP: IsInSameNetwork:[276] :IsInSameNetwork exec
06-04 09:10:26.530 2413 2498 I nStackXDFinder: GetLocalInterfaceDetail:[461] :GetLocalInterfaceDetail in
06-04 09:10:26.530 2413 2498 E nStackXCoAP: IsInSameNetwork:[281] :IsInSameNetwork: not priority process
06-04 09:10:26.533 2413 2498 D nStackXCoAP: IsInSameNetwork:[276] :IsInSameNetwork exec
06-04 09:10:26.533 2413 2498 I nStackXDFinder: GetLocalInterfaceDetail:[461] :GetLocalInterfaceDetail in
06-04 09:10:26.533 2413 2498 E nStackXCoAP: IsInSameNetwork:[281] :IsInSameNetwork: not priority process
06-04 09:10:26.535 2413 2498 D nStackXCoAP: IsInSameNetwork:[276] :IsInSameNetwork exec
06-04 09:10:26.535 2413 2498 I nStackXDFinder: GetLocalInterfaceDetail:[461] :GetLocalInterfaceDetail in
06-04 09:10:26.535 2413 2498 E nStackXCoAP: IsInSameNetwork:[281] :IsInSameNetwork: not priority process
06-04 09:10:26.536 2413 2498 D nStackXCoAP: IsInSameNetwork:[276] :IsInSameNetwork exec
06-04 09:10:26.536 2413 2498 I nStackXDFinder: GetLocalInterfaceDetail:[461] :GetLocalInterfaceDetail in
06-04 09:10:26.536 2413 2498 E nStackXCoAP: IsInSameNetwork:[281] :IsInSameNetwork: not priority process
06-04 09:10:26.537 2413 2498 D nStackXCoAP: IsInSameNetwork:[276] :IsInSameNetwork exec
06-04 09:10:26.537 2413 2498 I nStackXDFinder: GetLocalInterfaceDetail:[461] :GetLocalInterfaceDetail in
06-04 09:10:26.537 2413 2498 E nStackXCoAP: IsInSameNetwork:[281] :IsInSameNetwork: not priority process
06-04 09:10:26.544 2413 2498 D nStackXCoAP: IsInSameNetwork:[276] :IsInSameNetwork exec
06-04 09:10:26.545 2413 2498 I nStackXDFinder: GetLocalInterfaceDetail:[461] :GetLocalInterfaceDetail in
06-04 09:10:26.545 2413 2498 E nStackXCoAP: IsInSameNetwork:[281] :IsInSameNetwork: not priority process
06-04 09:10:26.547 1181 4063 D getEthernetMacAddr: getEthernetMacAddr use eth0
06-04 09:10:26.553 2413 2498 D nStackXCoAP: IsInSameNetwork:[276] :IsInSameNetwork exec
06-04 09:10:26.553 2413 2498 I nStackXDFinder: GetLocalInterfaceDetail:[461] :GetLocalInterfaceDetail in
06-04 09:10:26.553 2413 2498 E nStackXCoAP: IsInSameNetwork:[281] :IsInSameNetwork: not priority process
06-04 09:10:26.554 2413 2498 D nStackXCoAP: IsInSameNetwork:[276] :IsInSameNetwork exec
06-04 09:10:26.554 2413 2498 I nStackXDFinder: GetLocalInterfaceDetail:[461] :GetLocalInterfaceDetail in
06-04 09:10:26.554 2413 2498 E nStackXCoAP: IsInSameNetwork:[281] :IsInSameNetwork: not priority process
06-04 09:10:26.555 2413 2498 D nStackXCoAP: IsInSameNetwork:[276] :IsInSameNetwork exec
06-04 09:10:26.555 2413 2498 I nStackXDFinder: GetLocalInterfaceDetail:[461] :GetLocalInterfaceDetail in
06-04 09:10:26.555 2413 2498 E nStackXCoAP: IsInSameNetwork:[281] :IsInSameNetwork: not priority process
06-04 09:10:26.557 2413 2498 D nStackXCoAP: IsInSameNetwork:[276] :IsInSameNetwork exec
06-04 09:10:26.557 2413 2498 I nStackXDFinder: GetLocalInterfaceDetail:[461] :GetLocalInterfaceDetail in
06-04 09:10:26.557 2413 2498 E nStackXCoAP: IsInSameNetwork:[281] :IsInSameNetwork: not priority process
06-04 09:10:26.559 2413 2498 D nStackXCoAP: IsInSameNetwork:[276] :IsInSameNetwork exec
06-04 09:10:26.559 2413 2498 I nStackXDFinder: GetLocalInterfaceDetail:[461] :GetLocalInterfaceDetail in
06-04 09:10:26.559 2413 2498 E nStackXCoAP: IsInSameNetwork:[281] :IsInSameNetwork: not priority process
06-04 09:10:26.561 2413 2498 D nStackXCoAP: IsInSameNetwork:[276] :IsInSameNetwork exec
06-04 09:10:26.561 2413 2498 I nStackXDFinder: GetLocalInterfaceDetail:[461] :GetLocalInterfaceDetail in
06-04 09:10:26.561 2413 2498 E nStackXCoAP: IsInSameNetwork:[281] :IsInSameNetwork: not priority process
06-04 09:10:26.563 2413 2498 D nStackXCoAP: IsInSameNetwork:[276] :IsInSameNetwork exec
06-04 09:10:26.563 2413 2498 I nStackXDFinder: GetLocalInterfaceDetail:[461] :GetLocalInterfaceDetail in
06-04 09:10:26.563 2413 2498 E nStackXCoAP: IsInSameNetwork:[281] :IsInSameNetwork: not priority process
06-04 09:10:26.565 2413 2498 D nStackXCoAP: IsInSameNetwork:[276] :IsInSameNetwork exec
06-04 09:10:26.565 2413 2498 I nStackXDFinder: GetLocalInterfaceDetail:[461] :GetLocalInterfaceDetail in
06-04 09:10:26.565 2413 2498 E nStackXCoAP: IsInSameNetwork:[281] :IsInSameNetwork: not priority process
06-04 09:10:26.568 2413 2498 D nStackXCoAP: IsInSameNetwork:[276] :IsInSameNetwork exec
06-04 09:10:26.568 2413 2498 I nStackXDFinder: GetLocalInterfaceDetail:[461] :GetLocalInterfaceDetail in
06-04 09:10:26.568 2413 2498 E nStackXCoAP: IsInSameNetwork:[281] :IsInSameNetwork: not priority process
06-04 09:10:26.571 2413 2498 D nStackXCoAP: IsInSameNetwork:[276] :IsInSameNetwork exec
06-04 09:10:26.571 2413 2498 I nStackXDFinder: GetLocalInterfaceDetail:[461] :GetLocalInterfaceDetail in
06-04 09:10:26.571 2413 2498 E nStackXCoAP: IsInSameNetwork:[281] :IsInSameNetwork: not priority process
06-04 09:10:26.571 2413 2498 I nStackXDFinder: NotifyDeviceListChanged:[540] :notify callback: device list changed callback is null
06-04 09:10:26.588 2413 2498 D nStackXCoAP: IsInSameNetwork:[276] :IsInSameNetwork exec
06-04 09:10:26.588 2413 2498 I nStackXDFinder: GetLocalInterfaceDetail:[461] :GetLocalInterfaceDetail in
06-04 09:10:26.588 2413 2498 E nStackXCoAP: IsInSameNetwork:[281] :IsInSameNetwork: not priority process
06-04 09:10:26.595 2413 2498 D nStackXCoAP: IsInSameNetwork:[276] :IsInSameNetwork exec
06-04 09:10:26.595 2413 2498 I nStackXDFinder: GetLocalInterfaceDetail:[461] :GetLocalInterfaceDetail in
06-04 09:10:26.595 2413 2498 E nStackXCoAP: IsInSameNetwork:[281] :IsInSameNetwork: not priority process
06-04 09:10:26.599 2413 2498 D nStackXCoAP: IsInSameNetwork:[276] :IsInSameNetwork exec
06-04 09:10:26.599 2413 2498 I nStackXDFinder: GetLocalInterfaceDetail:[461] :GetLocalInterfaceDetail in
06-04 09:10:26.599 2413 2498 E nStackXCoAP: IsInSameNetwork:[281] :IsInSameNetwork: not priority process
06-04 09:10:26.601 1418 1418 E StartupService: onConnected:
06-04 09:10:26.605 1418 1663 W efs.info.manager: network change: wifi
06-04 09:10:26.606 2413 2498 D nStackXCoAP: IsInSameNetwork:[276] :IsInSameNetwork exec
06-04 09:10:26.606 2413 2498 I nStackXDFinder: GetLocalInterfaceDetail:[461] :GetLocalInterfaceDetail in
06-04 09:10:26.606 2413 2498 E nStackXCoAP: IsInSameNetwork:[281] :IsInSameNetwork: not priority process
06-04 09:10:26.608 2413 2498 D nStackXCoAP: IsInSameNetwork:[276] :IsInSameNetwork exec
06-04 09:10:26.608 2413 2498 I nStackXDFinder: GetLocalInterfaceDetail:[461] :GetLocalInterfaceDetail in
06-04 09:10:26.608 2413 2498 E nStackXCoAP: IsInSameNetwork:[281] :IsInSameNetwork: not priority process
06-04 09:10:26.609 2413 2498 D nStackXCoAP: IsInSameNetwork:[276] :IsInSameNetwork exec
06-04 09:10:26.609 2413 2498 I nStackXDFinder: GetLocalInterfaceDetail:[461] :GetLocalInterfaceDetail in
06-04 09:10:26.609 2413 2498 E nStackXCoAP: IsInSameNetwork:[281] :IsInSameNetwork: not priority process
06-04 09:10:26.612 2413 2498 D nStackXCoAP: IsInSameNetwork:[276] :IsInSameNetwork exec
06-04 09:10:26.612 2413 2498 I nStackXDFinder: GetLocalInterfaceDetail:[461] :GetLocalInterfaceDetail in
06-04 09:10:26.612 2413 2498 E nStackXCoAP: IsInSameNetwork:[281] :IsInSameNetwork: not priority process
06-04 09:10:26.619 2413 2498 D nStackXCoAP: IsInSameNetwork:[276] :IsInSameNetwork exec
06-04 09:10:26.619 1181 1517 D getEthernetMacAddr: getEthernetMacAddr use eth0
06-04 09:10:26.619 2413 2498 I nStackXDFinder: GetLocalInterfaceDetail:[461] :GetLocalInterfaceDetail in
06-04 09:10:26.619 2413 2498 E nStackXCoAP: IsInSameNetwork:[281] :IsInSameNetwork: not priority process
06-04 09:10:26.620 2413 2413 D NearFieldUtils: to get wlan0 ip address
06-04 09:10:26.620 2413 2413 D NearFieldUtils: get wlan0 IP succeed.
06-04 09:10:26.620 2413 2413 E NearFieldManagerImpl: notifyByPriority: interfaceNameInUse is null
06-04 09:10:26.620 2413 2413 D NearFieldManagerImpl: handleConnectivityAction: notified by default
06-04 09:10:26.621 2322 2386 D UtilLog : 日志批量上报 进行正常循环 !!!!!!本次有0次请求,共0条数据
06-04 09:10:26.622 1418 1664 W efs.info.manager: network change: wifi
06-04 09:10:26.622 2413 2498 D nStackXCoAP: IsInSameNetwork:[276] :IsInSameNetwork exec
06-04 09:10:26.622 2413 2498 I nStackXDFinder: GetLocalInterfaceDetail:[461] :GetLocalInterfaceDetail in
06-04 09:10:26.622 2413 2498 E nStackXCoAP: IsInSameNetwork:[281] :IsInSameNetwork: not priority process
06-04 09:10:26.626 2413 2498 E nStackXDFinder: GetLocalIp:[401] :GetLocalIp exec
06-04 09:10:26.627 2413 2498 E nStackXDFinder: GetLocalIp:[401] :GetLocalIp exec
06-04 09:10:26.627 2413 2498 E nStackXDFinder: GetLocalIp:[401] :GetLocalIp exec
06-04 09:10:26.640 2413 2498 I nStackXCoAP: CoapServiceDiscoverTimerHandle:[524] :the 5 times for device discover.
06-04 09:10:26.645 2413 2498 D nStackXCoAP: IsInSameNetwork:[276] :IsInSameNetwork exec
06-04 09:10:26.645 2413 2498 I nStackXDFinder: GetLocalInterfaceDetail:[461] :GetLocalInterfaceDetail in
06-04 09:10:26.645 2413 2498 E nStackXCoAP: IsInSameNetwork:[281] :IsInSameNetwork: not priority process
06-04 09:10:26.646 2413 2498 D nStackXCoAP: IsInSameNetwork:[276] :IsInSameNetwork exec
06-04 09:10:26.646 2413 2498 I nStackXDFinder: GetLocalInterfaceDetail:[461] :GetLocalInterfaceDetail in
06-04 09:10:26.647 2413 2498 E nStackXCoAP: IsInSameNetwork:[281] :IsInSameNetwork: not priority process
06-04 09:10:26.648 2413 2498 D nStackXCoAP: IsInSameNetwork:[276] :IsInSameNetwork exec
06-04 09:10:26.648 2413 2498 I nStackXDFinder: GetLocalInterfaceDetail:[461] :GetLocalInterfaceDetail in
06-04 09:10:26.648 2413 2498 E nStackXCoAP: IsInSameNetwork:[281] :IsInSameNetwork: not priority process
06-04 09:10:26.650 2413 2498 D nStackXCoAP: IsInSameNetwork:[276] :IsInSameNetwork exec
06-04 09:10:26.650 2413 2498 I nStackXDFinder: GetLocalInterfaceDetail:[461] :GetLocalInterfaceDetail in
06-04 09:10:26.650 2413 2498 E nStackXCoAP: IsInSameNetwork:[281] :IsInSameNetwork: not priority process
06-04 09:10:26.652 2413 2498 D nStackXCoAP: IsInSameNetwork:[276] :IsInSameNetwork exec
06-04 09:10:26.652 2413 2498 I nStackXDFinder: GetLocalInterfaceDetail:[461] :GetLocalInterfaceDetail in
06-04 09:10:26.652 2413 2498 E nStackXCoAP: IsInSameNetwork:[281] :IsInSameNetwork: not priority process
06-04 09:10:26.653 2413 2498 D nStackXCoAP: IsInSameNetwork:[276] :IsInSameNetwork exec
06-04 09:10:26.653 2413 2498 I nStackXDFinder: GetLocalInterfaceDetail:[461] :GetLocalInterfaceDetail in
06-04 09:10:26.653 2413 2498 E nStackXCoAP: IsInSameNetwork:[281] :IsInSameNetwork: not priority process
06-04 09:10:26.655 2413 2498 D nStackXCoAP: IsInSameNetwork:[276] :IsInSameNetwork exec
06-04 09:10:26.655 2413 2498 I nStackXDFinder: GetLocalInterfaceDetail:[461] :GetLocalInterfaceDetail in
06-04 09:10:26.655 2413 2498 E nStackXCoAP: IsInSameNetwork:[281] :IsInSameNetwork: not priority process
06-04 09:10:26.656 2413 2498 D nStackXCoAP: IsInSameNetwork:[276] :IsInSameNetwork exec
06-04 09:10:26.656 2413 2498 I nStackXDFinder: GetLocalInterfaceDetail:[461] :GetLocalInterfaceDetail in
06-04 09:10:26.656 2413 2498 E nStackXCoAP: IsInSameNetwork:[281] :IsInSameNetwork: not priority process
06-04 09:10:26.658 2413 2498 D nStackXCoAP: IsInSameNetwork:[276] :IsInSameNetwork exec
06-04 09:10:26.669 2413 2498 I nStackXDFinder: GetLocalInterfaceDetail:[461] :GetLocalInterfaceDetail in
06-04 09:10:26.670 2413 2498 E nStackXCoAP: IsInSameNetwork:[281] :IsInSameNetwork: not priority process
06-04 09:10:26.674 2413 2498 D nStackXCoAP: IsInSameNetwork:[276] :IsInSameNetwork exec
06-04 09:10:26.674 2413 2498 I nStackXDFinder: GetLocalInterfaceDetail:[461] :GetLocalInterfaceDetail in
06-04 09:10:26.674 2413 2498 E nStackXCoAP: IsInSameNetwork:[281] :IsInSameNetwork: not priority process
06-04 09:10:26.676 2413 2498 D nStackXCoAP: IsInSameNetwork:[276] :IsInSameNetwork exec
06-04 09:10:26.676 2413 2498 I nStackXDFinder: GetLocalInterfaceDetail:[461] :GetLocalInterfaceDetail in
06-04 09:10:26.676 2413 2498 E nStackXCoAP: IsInSameNetwork:[281] :IsInSameNetwork: not priority process
06-04 09:10:26.681 2413 2498 D nStackXCoAP: IsInSameNetwork:[276] :IsInSameNetwork exec
06-04 09:10:26.681 2413 2498 I nStackXDFinder: GetLocalInterfaceDetail:[461] :GetLocalInterfaceDetail in
06-04 09:10:26.681 2413 2498 E nStackXCoAP: IsInSameNetwork:[281] :IsInSameNetwork: not priority process
06-04 09:10:26.682 2413 2413 D NearFieldUtils: to get wlan0 ip address
06-04 09:10:26.682 2413 2413 D NearFieldUtils: get wlan0 IP succeed.
06-04 09:10:26.682 2413 2413 I NearFieldManagerImpl: wlan Connected
06-04 09:10:26.682 2413 2413 I HicomNf_java_to_c: notifyNetworkStateChanged with maskStr, networkType: 0, networkState: 0, mask:
06-04 09:10:26.682 2413 2413 I HicomNfMainCtrlManager: NotifyNetworkStateChanged is called with networkState: 0
06-04 09:10:26.683 2413 2413 I HicomNfMainCtrlManager: P2P and USB are both disconnected
06-04 09:10:26.683 2413 2413 I HicomNfSecureManager: stop listening
06-04 09:10:26.683 2413 2413 D nStackXDMsg: NSTACKX_DMsgClose:[1569] :close session
06-04 09:10:26.683 2413 4083 D nStackXDMsg: DMsgMainLoop:[1252] :exit thread, reason = 0
06-04 09:10:26.684 2413 2413 D nStackXDMsg: StopDMsgMainThread:[1301] :-235297680 pthread_join() tid = -967179840
06-04 09:10:26.684 2413 2413 I HicomNfSecureManager: Stop listening eth or wlan
06-04 09:10:26.684 2413 2413 I HicomNfSecureManager: StopListening, m_sessionInfoLock out, before calling NSTACKX_DMsgClose 2
06-04 09:10:26.684 2413 2413 I HicomNfSecureManager: StopListening, after calling NSTACKX_DMsgClose 2
06-04 09:10:26.686 2413 2498 D nStackXCoAP: IsInSameNetwork:[276] :IsInSameNetwork exec
06-04 09:10:26.686 2413 2498 I nStackXDFinder: GetLocalInterfaceDetail:[461] :GetLocalInterfaceDetail in
06-04 09:10:26.686 2413 2498 E nStackXCoAP: IsInSameNetwork:[281] :IsInSameNetwork: not priority process
06-04 09:10:26.690 2413 2498 D nStackXCoAP: IsInSameNetwork:[276] :IsInSameNetwork exec
06-04 09:10:26.690 2413 2498 I nStackXDFinder: GetLocalInterfaceDetail:[461] :GetLocalInterfaceDetail in
06-04 09:10:26.690 2413 2498 E nStackXCoAP: IsInSameNetwork:[281] :IsInSameNetwork: not priority process
06-04 09:10:26.696 2413 2413 I HicomNf_java_to_c: notifyNetworkStateChanged with maskStr, networkType: 0, networkState: 1, mask: 255.255.254.0
06-04 09:10:26.696 2413 2413 I HicomNfMainCtrlManager: NotifyNetworkStateChanged is called with networkState: 1
06-04 09:10:26.696 2413 2413 I HicomNfSecureManager: StartListening, before calling NSTACKX_DMsgServer
06-04 09:10:26.696 2413 2413 I nStackXDMsg: NSTACKX_DMsgServer:[1335] :msgReceiver is not NULL
06-04 09:10:26.697 2413 2413 D nStackXDMsg: StartDMsgMainThread:[1274] :pthread_create
06-04 09:10:26.697 2413 2413 I HicomNfSecureManager: StartListening, after calling NSTACKX_DMsgServer
06-04 09:10:26.697 2413 2413 I HicomNfSecureManager: OnehopSecureCtrlManager: succeeded to StartListening with type 0
06-04 09:10:26.698 2413 2498 D nStackXCoAP: IsInSameNetwork:[276] :IsInSameNetwork exec
06-04 09:10:26.698 2413 2498 I nStackXDFinder: GetLocalInterfaceDetail:[461] :GetLocalInterfaceDetail in
06-04 09:10:26.698 2413 2498 E nStackXCoAP: IsInSameNetwork:[281] :IsInSameNetwork: not priority process
06-04 09:10:26.699 2413 2498 D nStackXCoAP: IsInSameNetwork:[276] :IsInSameNetwork exec
06-04 09:10:26.699 2413 2498 I nStackXDFinder: GetLocalInterfaceDetail:[461] :GetLocalInterfaceDetail in
06-04 09:10:26.699 2413 2498 E nStackXCoAP: IsInSameNetwork:[281] :IsInSameNetwork: not priority process
06-04 09:10:26.700 2413 2498 D nStackXCoAP: IsInSameNetwork:[276] :IsInSameNetwork exec
06-04 09:10:26.700 2413 2498 I nStackXDFinder: GetLocalInterfaceDetail:[461] :GetLocalInterfaceDetail in
06-04 09:10:26.700 2413 2498 E nStackXCoAP: IsInSameNetwork:[281] :IsInSameNetwork: not priority process
06-04 09:10:26.701 1181 4063 D getEthernetMacAddr: getEthernetMacAddr use eth0
06-04 09:10:26.702 2413 2484 W efs.info.manager: network change: wifi
06-04 09:10:26.712 2413 2498 D nStackXCoAP: IsInSameNetwork:[276] :IsInSameNetwork exec
06-04 09:10:26.712 2413 2498 I nStackXDFinder: GetLocalInterfaceDetail:[461] :GetLocalInterfaceDetail in
06-04 09:10:26.712 2413 2498 E nStackXCoAP: IsInSameNetwork:[281] :IsInSameNetwork: not priority process
06-04 09:10:26.713 1181 1517 D getEthernetMacAddr: getEthernetMacAddr use eth0
06-04 09:10:26.716 2413 2498 D nStackXCoAP: IsInSameNetwork:[276] :IsInSameNetwork exec
06-04 09:10:26.716 2413 2498 I nStackXDFinder: GetLocalInterfaceDetail:[461] :GetLocalInterfaceDetail in
06-04 09:10:26.716 2413 2498 E nStackXCoAP: IsInSameNetwork:[281] :IsInSameNetwork: not priority process
06-04 09:10:26.717 2413 2498 D nStackXCoAP: IsInSameNetwork:[276] :IsInSameNetwork exec
06-04 09:10:26.717 2413 2498 I nStackXDFinder: GetLocalInterfaceDetail:[461] :GetLocalInterfaceDetail in
06-04 09:10:26.717 2413 2498 E nStackXCoAP: IsInSameNetwork:[281] :IsInSameNetwork: not priority process
06-04 09:10:26.718 2413 2498 D nStackXCoAP: IsInSameNetwork:[276] :IsInSameNetwork exec
06-04 09:10:26.718 2413 2498 I nStackXDFinder: GetLocalInterfaceDetail:[461] :GetLocalInterfaceDetail in
06-04 09:10:26.718 2413 2498 E nStackXCoAP: IsInSameNetwork:[281] :IsInSameNetwork: not priority process
06-04 09:10:26.720 2413 2498 D nStackXCoAP: IsInSameNetwork:[276] :IsInSameNetwork exec
06-04 09:10:26.720 2413 2498 I nStackXDFinder: GetLocalInterfaceDetail:[461] :GetLocalInterfaceDetail in
06-04 09:10:26.721 2413 2498 E nStackXCoAP: IsInSameNetwork:[281] :IsInSameNetwork: not priority process
06-04 09:10:26.726 2413 2498 D nStackXCoAP: IsInSameNetwork:[276] :IsInSameNetwork exec
06-04 09:10:26.726 2413 2498 I nStackXDFinder: GetLocalInterfaceDetail:[461] :GetLocalInterfaceDetail in
06-04 09:10:26.726 2413 2498 E nStackXCoAP: IsInSameNetwork:[281] :IsInSameNetwork: not priority process
06-04 09:10:26.729 2413 2498 D nStackXCoAP: IsInSameNetwork:[276] :IsInSameNetwork exec
06-04 09:10:26.729 2413 2498 I nStackXDFinder: GetLocalInterfaceDetail:[461] :GetLocalInterfaceDetail in
06-04 09:10:26.729 2413 2498 E nStackXCoAP: IsInSameNetwork:[281] :IsInSameNetwork: not priority process
06-04 09:10:26.736 2413 2498 D nStackXCoAP: IsInSameNetwork:[276] :IsInSameNetwork exec
06-04 09:10:26.736 2413 2498 I nStackXDFinder: GetLocalInterfaceDetail:[461] :GetLocalInterfaceDetail in
06-04 09:10:26.736 2413 2498 E nStackXCoAP: IsInSameNetwork:[281] :IsInSameNetwork: not priority process
06-04 09:10:26.742 2413 2498 D nStackXCoAP: IsInSameNetwork:[276] :IsInSameNetwork exec
06-04 09:10:26.742 2413 2498 I nStackXDFinder: GetLocalInterfaceDetail:[461] :GetLocalInterfaceDetail in
06-04 09:10:26.742 2413 2498 E nStackXCoAP: IsInSameNetwork:[281] :IsInSameNetwork: not priority process
06-04 09:10:26.744 264 278 D hdmi-cec: receive invalid cec message!
06-04 09:10:26.744 264 278 D hdmi-cec: receive poll message [04], skip!
06-04 09:10:26.740 264 264 I EventThread: type=1400 audit(0.0:2370): avc: denied { search } for name="extcon" dev="sysfs" ino=18109 scontext=u:r:hal_tv_cec_default:s0 tcontext=u:object_r:sysfs_extcon:s0 tclass=dir permissive=1
06-04 09:10:26.746 2413 2498 D nStackXCoAP: IsInSameNetwork:[276] :IsInSameNetwork exec
06-04 09:10:26.746 2413 2498 I nStackXDFinder: GetLocalInterfaceDetail:[461] :GetLocalInterfaceDetail in
06-04 09:10:26.746 2413 2498 E nStackXCoAP: IsInSameNetwork:[281] :IsInSameNetwork: not priority process
06-04 09:10:26.747 2413 2498 D nStackXCoAP: IsInSameNetwork:[276] :IsInSameNetwork exec
06-04 09:10:26.747 2413 2498 I nStackXDFinder: GetLocalInterfaceDetail:[461] :GetLocalInterfaceDetail in
06-04 09:10:26.747 2413 2498 E nStackXCoAP: IsInSameNetwork:[281] :IsInSameNetwork: not priority process
06-04 09:10:26.751 2413 2498 D nStackXCoAP: IsInSameNetwork:[276] :IsInSameNetwork exec
06-04 09:10:26.751 2413 2498 I nStackXDFinder: GetLocalInterfaceDetail:[461] :GetLocalInterfaceDetail in
06-04 09:10:26.751 2413 2498 E nStackXCoAP: IsInSameNetwork:[281] :IsInSameNetwork: not priority process
06-04 09:10:26.755 2413 2498 D nStackXCoAP: IsInSameNetwork:[276] :IsInSameNetwork exec
06-04 09:10:26.755 2413 2498 I nStackXDFinder: GetLocalInterfaceDetail:[461] :GetLocalInterfaceDetail in
06-04 09:10:26.755 2413 2498 E nStackXCoAP: IsInSameNetwork:[281] :IsInSameNetwork: not priority process
06-04 09:10:26.757 2413 2498 D nStackXCoAP: IsInSameNetwork:[276] :IsInSameNetwork exec
06-04 09:10:26.757 2413 2498 I nStackXDFinder: GetLocalInterfaceDetail:[461] :GetLocalInterfaceDetail in
06-04 09:10:26.757 2413 2498 E nStackXCoAP: IsInSameNetwork:[281] :IsInSameNetwork: not priority process
06-04 09:10:26.761 2413 2498 D nStackXCoAP: IsInSameNetwork:[276] :IsInSameNetwork exec
06-04 09:10:26.761 2413 2498 I nStackXDFinder: GetLocalInterfaceDetail:[461] :GetLocalInterfaceDetail in
06-04 09:10:26.761 2413 2498 E nStackXCoAP: IsInSameNetwork:[281] :IsInSameNetwork: not priority process
06-04 09:10:26.766 2413 2498 D nStackXCoAP: IsInSameNetwork:[276] :IsInSameNetwork exec
06-04 09:10:26.766 2413 2498 I nStackXDFinder: GetLocalInterfaceDetail:[461] :GetLocalInterfaceDetail in
06-04 09:10:26.766 2413 2498 E nStackXCoAP: IsInSameNetwork:[281] :IsInSameNetwork: not priority process
06-04 09:10:26.767 2413 2498 D nStackXCoAP: IsInSameNetwork:[276] :IsInSameNetwork exec
06-04 09:10:26.767 2413 2498 I nStackXDFinder: GetLocalInterfaceDetail:[461] :GetLocalInterfaceDetail in
06-04 09:10:26.767 2413 2498 E nStackXCoAP: IsInSameNetwork:[281] :IsInSameNetwork: not priority process
06-04 09:10:26.768 2413 2498 D nStackXCoAP: IsInSameNetwork:[276] :IsInSameNetwork exec
06-04 09:10:26.768 2413 2498 I nStackXDFinder: GetLocalInterfaceDetail:[461] :GetLocalInterfaceDetail in
06-04 09:10:26.768 2413 2498 E nStackXCoAP: IsInSameNetwork:[281] :IsInSameNetwork: not priority process
06-04 09:10:26.770 2413 2498 D nStackXCoAP: IsInSameNetwork:[276] :IsInSameNetwork exec
06-04 09:10:26.770 2413 2498 I nStackXDFinder: GetLocalInterfaceDetail:[461] :GetLocalInterfaceDetail in
06-04 09:10:26.770 2413 2498 E nStackXCoAP: IsInSameNetwork:[281] :IsInSameNetwork: not priority process
06-04 09:10:26.772 2413 2498 D nStackXCoAP: IsInSameNetwork:[276] :IsInSameNetwork exec
06-04 09:10:26.778 1612 1952 I MobclickAgent: module init:azio
06-04 09:10:26.781 2413 2498 I nStackXDFinder: GetLocalInterfaceDetail:[461] :GetLocalInterfaceDetail in
06-04 09:10:26.781 2413 2498 E nStackXCoAP: IsInSameNetwork:[281] :IsInSameNetwork: not priority process
06-04 09:10:26.783 2413 2498 D nStackXCoAP: IsInSameNetwork:[276] :IsInSameNetwork exec
06-04 09:10:26.783 2413 2498 I nStackXDFinder: GetLocalInterfaceDetail:[461] :GetLocalInterfaceDetail in
06-04 09:10:26.783 2413 2498 E nStackXCoAP: IsInSameNetwork:[281] :IsInSameNetwork: not priority process
06-04 09:10:26.784 2413 2498 D nStackXCoAP: IsInSameNetwork:[276] :IsInSameNetwork exec
06-04 09:10:26.784 2413 2498 I nStackXDFinder: GetLocalInterfaceDetail:[461] :GetLocalInterfaceDetail in
06-04 09:10:26.784 2413 2498 E nStackXCoAP: IsInSameNetwork:[281] :IsInSameNetwork: not priority process
06-04 09:10:26.786 2413 2498 D nStackXCoAP: IsInSameNetwork:[276] :IsInSameNetwork exec
06-04 09:10:26.786 2413 2498 I nStackXDFinder: GetLocalInterfaceDetail:[461] :GetLocalInterfaceDetail in
06-04 09:10:26.786 2413 2498 E nStackXCoAP: IsInSameNetwork:[281] :IsInSameNetwork: not priority process
06-04 09:10:26.787 2413 2498 D nStackXCoAP: IsInSameNetwork:[276] :IsInSameNetwork exec
06-04 09:10:26.787 2413 2498 I nStackXDFinder: GetLocalInterfaceDetail:[461] :GetLocalInterfaceDetail in
06-04 09:10:26.787 2413 2498 E nStackXCoAP: IsInSameNetwork:[281] :IsInSameNetwork: not priority process
06-04 09:10:26.788 2413 2498 D nStackXCoAP: IsInSameNetwork:[276] :IsInSameNetwork exec
06-04 09:10:26.788 2413 2498 I nStackXDFinder: GetLocalInterfaceDetail:[461] :GetLocalInterfaceDetail in
06-04 09:10:26.788 2413 2498 E nStackXCoAP: IsInSameNetwork:[281] :IsInSameNetwork: not priority process
06-04 09:10:26.790 2413 2498 D nStackXCoAP: IsInSameNetwork:[276] :IsInSameNetwork exec
06-04 09:10:26.790 2413 2498 I nStackXDFinder: GetLocalInterfaceDetail:[461] :GetLocalInterfaceDetail in
06-04 09:10:26.790 2413 2498 E nStackXCoAP: IsInSameNetwork:[281] :IsInSameNetwork: not priority process
06-04 09:10:26.805 1612 2042 D AppListModel: requestAppFilterList: success
06-04 09:10:26.805 1612 2042 D AppListModel: updateList
06-04 09:10:26.805 1612 2042 D AppListModel: updateList: resetAppList
06-04 09:10:26.812 1181 4085 I okhttp.OkHttpClient: --> POST http://tyapi.qun7.com/v1/core/launcherota (519-byte body)
06-04 09:10:26.812 1181 1516 I okhttp.OkHttpClient: --> POST http://tymsgapi.qun7.com/v1/core/rom (519-byte body)
06-04 09:10:26.832 1181 1517 I okhttp.OkHttpClient: --> POST http://tymsgapi.qun7.com/v1/core/logip (588-byte body)
06-04 09:10:26.838 2413 2498 D nStackXCoAP: IsInSameNetwork:[276] :IsInSameNetwork exec
06-04 09:10:26.838 2413 2498 I nStackXDFinder: GetLocalInterfaceDetail:[461] :GetLocalInterfaceDetail in
06-04 09:10:26.839 2413 2498 E nStackXCoAP: IsInSameNetwork:[281] :IsInSameNetwork: not priority process
06-04 09:10:26.841 2413 2498 D nStackXCoAP: IsInSameNetwork:[276] :IsInSameNetwork exec
06-04 09:10:26.841 2413 2498 I nStackXDFinder: GetLocalInterfaceDetail:[461] :GetLocalInterfaceDetail in
06-04 09:10:26.841 2413 2498 E nStackXCoAP: IsInSameNetwork:[281] :IsInSameNetwork: not priority process
06-04 09:10:26.874 1181 1519 I okhttp.OkHttpClient: --> POST http://tymsgapi.qun7.com/v1/core/appupdate (3196-byte body)
06-04 09:10:26.881 2413 2498 D nStackXCoAP: IsInSameNetwork:[276] :IsInSameNetwork exec
06-04 09:10:26.881 2413 2498 I nStackXDFinder: GetLocalInterfaceDetail:[461] :GetLocalInterfaceDetail in
06-04 09:10:26.881 2413 2498 E nStackXCoAP: IsInSameNetwork:[281] :IsInSameNetwork: not priority process
06-04 09:10:26.889 2413 2498 D nStackXCoAP: IsInSameNetwork:[276] :IsInSameNetwork exec
06-04 09:10:26.889 2413 2498 I nStackXDFinder: GetLocalInterfaceDetail:[461] :GetLocalInterfaceDetail in
06-04 09:10:26.889 2413 2498 E nStackXCoAP: IsInSameNetwork:[281] :IsInSameNetwork: not priority process
06-04 09:10:26.904 1612 1612 I Thread-25: type=1400 audit(0.0:2371): avc: denied { read } for name="diskstats" dev="proc" ino=4026532124 scontext=u:r:system_app:s0 tcontext=u:object_r:proc_diskstats:s0 tclass=file permissive=1
06-04 09:10:26.904 1612 1612 I Thread-25: type=1400 audit(0.0:2372): avc: denied { open } for path="/proc/diskstats" dev="proc" ino=4026532124 scontext=u:r:system_app:s0 tcontext=u:object_r:proc_diskstats:s0 tclass=file permissive=1
06-04 09:10:26.904 1612 1612 I Thread-25: type=1400 audit(0.0:2373): avc: denied { getattr } for path="/proc/diskstats" dev="proc" ino=4026532124 scontext=u:r:system_app:s0 tcontext=u:object_r:proc_diskstats:s0 tclass=file permissive=1
06-04 09:10:26.941 1181 4063 E HigherBroadcastServer: {"bluetoothBoot":false,"bluetoothController":false,"bluetoothMac":"B4:2F:03:15:A3:36","deviceModel":"DBBOX-A2","deviceModelNumber":"H5232","deviceName":"客厅的当贝盒子","findController":1,"hostName":"192.168.3.141","inetAddress":"192.168.3.141","mac":"20:02:FE:19:C1:FD","port":6689,"romCode":5007,"romVersion":"5.0.0.7","wifiMac":"B4:2F:03:16:18:C0","deviceId":"43a27052f3736d01c6a83619249d7c33","sn":"DZOH58251929088"}
06-04 09:10:26.942 1181 4063 W NsdServiceInfo: Key lengths > 9 are discouraged: deviceModel
06-04 09:10:26.942 1181 4063 W NsdServiceInfo: Key lengths > 9 are discouraged: deviceModelNumber
06-04 09:10:26.942 1181 4063 W NsdServiceInfo: Key lengths > 9 are discouraged: deviceName
06-04 09:10:26.942 1181 4063 W NsdServiceInfo: Key lengths > 9 are discouraged: romVersion
06-04 09:10:26.942 1181 4063 W NsdServiceInfo: Key lengths > 9 are discouraged: findController
06-04 09:10:26.957 3994 4064 I cr_VariationsSeedFetch: Fetched first run seed in 709 ms
06-04 09:10:26.981 1181 1517 I okhttp.OkHttpClient: <-- 200 OK http://tymsgapi.qun7.com/v1/core/logip (148ms, 81-byte body)
06-04 09:10:26.987 1418 1432 I gbei.screencas: Background young concurrent copying GC freed 23670(2939KB) AllocSpace objects, 8(352KB) LOS objects, 49% free, 3532KB/6938KB, paused 289us total 248.744ms
06-04 09:10:26.989 1181 1516 I okhttp.OkHttpClient: <-- 200 OK http://tymsgapi.qun7.com/v1/core/rom (172ms, unknown-length body)
06-04 09:10:26.998 1181 1519 I okhttp.OkHttpClient: <-- 200 OK http://tymsgapi.qun7.com/v1/core/appupdate (123ms, unknown-length body)
06-04 09:10:27.013 1181 4085 I okhttp.OkHttpClient: <-- 200 OK http://tyapi.qun7.com/v1/core/launcherota (196ms, unknown-length body)
06-04 09:10:27.026 517 678 D NsdService: Register service
06-04 09:10:27.026 517 678 D NsdService: registerService: 5 name: 192.168.3.141, type: _db_controller._tcp, host: /192.168.3.141, port: 6689, txtRecord: deviceModel=DBBOX-A2romVersion=5.0.0.7findController=1sn=DZOH58251929088mac=20:02:FE:19:C1:FD deviceName=客厅的当贝盒子)deviceId=43a27052f3736d01c6a83619249d7c33deviceModelNumber=H5232 romCode=5007
06-04 09:10:27.027 517 678 D NsdService: mdnssd [register, 5, 192.168.3.141, _db_controller._tcp, 6689, FGRldmljZU1vZGVsPURCQk9YLUEyEnJvbVZlcnNpb249NS4wLjAuNxBmaW5kQ29udHJvbGxlcj0xEnNuPURaT0g1ODI1MTkyOTA4OBVtYWM9MjA6MDI6RkU6MTk6QzE6RkQgZGV2aWNlTmFtZT3lrqLljoXnmoTlvZPotJ3nm5LlrZApZGV2aWNlSWQ9NDNhMjcwNTJmMzczNmQwMWM2YTgzNjE5MjQ5ZDdjMzMXZGV2aWNlTW9kZWxOdW1iZXI9SDUyMzIMcm9tQ29kZT01MDA3]
06-04 09:10:27.030 517 678 D NsdService: Register 2 5
06-04 09:10:27.041 1181 1517 I HttpUtil: success
06-04 09:10:27.047 1181 1181 E ccc : cccccc launcher ota response is BaseResponse{message='success', data=UpgradeInfoEntity{contentLength=0, versionName='', versionCode=0, remark='', list=[]}, code=0}
06-04 09:10:27.047 1181 1181 W System.err: java.lang.IndexOutOfBoundsException: Index: 0, Size: 0
06-04 09:10:27.049 1181 1181 W System.err: at java.util.ArrayList.get(ArrayList.java:437)
06-04 09:10:27.049 1181 1181 W System.err: at com.dangbei.etna.update.launcher.LauncherUpdateHelper$requestLauncherUpdateInfo$1$2.invoke(LauncherUpdateHelper.kt:198)
06-04 09:10:27.049 1181 1181 W System.err: at com.dangbei.etna.update.launcher.LauncherUpdateHelper$requestLauncherUpdateInfo$1$2.invoke(LauncherUpdateHelper.kt:189)
06-04 09:10:27.049 1181 1181 W System.err: at com.etna.haqu.support.ext.FlowExtKt$safeCollect$3.emit(FlowExt.kt:52)
06-04 09:10:27.049 1181 1181 W System.err: at kotlinx.coroutines.flow.FlowKt__ErrorsKt$catchImpl$2.emit(Errors.kt:158)
06-04 09:10:27.050 1181 1181 W System.err: at kotlinx.coroutines.flow.FlowKt__ChannelsKt.emitAllImpl$FlowKt__ChannelsKt(Channels.kt:62)
06-04 09:10:27.050 1181 1181 W System.err: at kotlinx.coroutines.flow.FlowKt__ChannelsKt.access$emitAllImpl$FlowKt__ChannelsKt(Channels.kt:1)
06-04 09:10:27.050 1181 1181 W System.err: at kotlinx.coroutines.flow.FlowKt__ChannelsKt$emitAllImpl$1.invokeSuspend(Unknown Source:14)
06-04 09:10:27.050 1181 1181 W System.err: at kotlin.coroutines.jvm.internal.BaseContinuationImpl.resumeWith(ContinuationImpl.kt:33)
06-04 09:10:27.050 1181 1181 W System.err: at kotlinx.coroutines.DispatchedTask.run(DispatchedTask.kt:106)
06-04 09:10:27.050 1181 1181 W System.err: at android.os.Handler.handleCallback(Handler.java:938)
06-04 09:10:27.050 1181 1181 W System.err: at android.os.Handler.dispatchMessage(Handler.java:99)
06-04 09:10:27.050 1181 1181 W System.err: at android.os.Looper.loopOnce(Looper.java:201)
06-04 09:10:27.050 1181 1181 W System.err: at android.os.Looper.loop(Looper.java:288)
06-04 09:10:27.050 1181 1181 W System.err: at android.app.ActivityThread.main(ActivityThread.java:7854)
06-04 09:10:27.050 1181 1181 W System.err: at java.lang.reflect.Method.invoke(Native Method)
06-04 09:10:27.050 1181 1181 W System.err: at com.android.internal.os.RuntimeInit$MethodAndArgsCaller.run(RuntimeInit.java:548)
06-04 09:10:27.050 1181 1181 W System.err: at com.android.internal.os.ZygoteInit.main(ZygoteInit.java:1182)
06-04 09:10:27.059 1575 1594 E ccc : cccccc notifyUpdateChanged {"code":1,"data":{"hasUpdate":false,"what":1,"why":-1},"message":"更新状态变化"}
06-04 09:10:27.077 1575 1594 D EventBus: No subscribers registered for event class com.dangbei.haqusetting.model.bean.event.RootEvent
06-04 09:10:27.077 1575 1594 D EventBus: No subscribers registered for event class org.greenrobot.eventbus.NoSubscriberEvent
06-04 09:10:27.078 1181 1181 E ccc : cccccc updateHelper 通知更新
06-04 09:10:27.080 1181 1181 E ccc : cccccc requestOtaInfo result BaseResponse{message='success', data=OtaUpdateBean{downloadId='3870', updateType=1, romVersionName='5.0.0.8', romCode=5555, current=0, romMd5v='ba039988f3935028041d4172ff534ffd', romLength=696074236, romSize='663.8 MB', downUrl='http://dl.qun7.com/H5/H5/5.0.0.8-20250603-3nv7/H5_618_20250603_ota.zip', reUrl='http://dl.v5tv.com/H5/H5/5.0.0.8-20250603-3nv7/H5_618_20250603_ota.zip', reUrl2='http://dl.tymcdn.com/H5/H5/5.0.0.8-20250603-3nv7/H5_618_20250603_ota.zip', tempUrl='null', remark='H5_618_20250603
06-04 09:10:27.080 1181 1181 E ccc : 链接: https://pan.baidu.com/s/1sftwZiUVDsQw3shasJUzpw?pwd=3nv7 提取码: 3nv7
06-04 09:10:27.080 1181 1181 E ccc : 1.解决蓝牙遥控器10米断联
06-04 09:10:27.080 1181 1181 E ccc : 2.解决ac3片源没声音,默认开启hdmi 透传', status=idle, progress=0.0, filterMac=[], localPath='null', popup=1, isPaused=false, cancelled=false, extraInfo='null'}, code=0}
06-04 09:10:27.084 1575 1594 E ccc : cccccc notifyUpdateChanged {"code":1,"data":{"hasUpdate":true,"what":3,"why":-1},"message":"更新状态变化"}
06-04 09:10:27.085 1575 1594 D EventBus: No subscribers registered for event class com.dangbei.haqusetting.model.bean.event.RootEvent
06-04 09:10:27.085 1575 1594 D EventBus: No subscribers registered for event class org.greenrobot.eventbus.NoSubscriberEvent
06-04 09:10:27.086 1181 1181 E ccc : cccccc updateHelper 通知更新
06-04 09:10:27.086 1181 1181 E ccc : cccccc OtaUpdateHelper 普通更新 1
