06-04 09:07:28.891 362 362 E omx_sem : : handle is null
06-04 09:07:28.891 362 362 W omx_vdec_aw: : pdec is null
06-04 09:07:28.891 362 362 E android.hardware.media.omx@1.0-service: Failed to allocate omx component 'OMX.allwinner.video.decoder.hevc.secure' err=InvalidComponentName(0x80001002)
06-04 09:07:28.892 356 472 W OmxInfoBuilder: Fail to add media type video/hevc to codec OMX.allwinner.video.decoder.hevc.secure
06-04 09:07:28.893 356 472 I OMXClient: IOmx service obtained
06-04 09:07:28.893 362 362 I OMXStore: makeComponentInstance(OMX.allwinner.video.decoder.mpeg2) in android.hardwar process
06-04 09:07:28.894 362 362 I omx_vdec_aw: : OmxDecoderCreate.
06-04 09:07:28.895 362 362 W omx_vdec: <__AwOmxVdecSetParameter:1561>: Set Parameter called in valid state
06-04 09:07:28.895 362 362 W omx_vdec: : pParamProfileLevel->nProfileIndex[0x2] error!
06-04 09:07:28.895 362 362 E OMXNodeInstance: getParameter(0xf6040000:allwinner.decoder.mpeg2, ParamVideoProfileLevelQuerySupported(0x600000f)) ERROR: BadParameter(0x80001005)
06-04 09:07:28.896 362 362 W omx_vdec: <__AwOmxVdecGetExtensionIndex:1737>: GetExtensionIndex OMX.google.android.index.describeColorFormat, err [0x80001001].
06-04 09:07:28.896 362 362 W omx_vdec: <__AwOmxVdecGetExtensionIndex:1737>: GetExtensionIndex OMX.google.android.index.describeColorFormat2, err [0x80001001].
06-04 09:07:28.896 517 559 W IorapForwardingService: No service published for: iorapd
06-04 09:07:28.896 362 362 E omx_vdec: : erro: pParamData->nIndex > m_sPortFormatType.nIndex
06-04 09:07:28.896 362 362 W omx_vdec: <__AwOmxVdecGetExtensionIndex:1737>: GetExtensionIndex OMX.google.android.index.describeColorFormat, err [0x80001001].
06-04 09:07:28.896 362 362 W omx_vdec: <__AwOmxVdecGetExtensionIndex:1737>: GetExtensionIndex OMX.google.android.index.describeColorFormat2, err [0x80001001].
06-04 09:07:28.896 362 362 E omx_vdec: : erro: pParamData->nIndex > m_sPortFormatType.nIndex
06-04 09:07:28.896 362 362 W omx_vdec: <__AwOmxVdecGetExtensionIndex:1737>: GetExtensionIndex OMX.google.android.index.describeColorFormat, err [0x80001001].
06-04 09:07:28.897 362 362 W omx_vdec: <__AwOmxVdecGetExtensionIndex:1737>: GetExtensionIndex OMX.google.android.index.describeColorFormat2, err [0x80001001].
06-04 09:07:28.897 362 362 E omx_vdec: : erro: pParamData->nIndex > m_sPortFormatType.nIndex
06-04 09:07:28.897 362 362 W omx_vdec: <__AwOmxVdecGetExtensionIndex:1737>: GetExtensionIndex OMX.google.android.index.describeColorFormat, err [0x80001001].
06-04 09:07:28.897 362 362 W omx_vdec: <__AwOmxVdecGetExtensionIndex:1737>: GetExtensionIndex OMX.google.android.index.describeColorFormat2, err [0x80001001].
06-04 09:07:28.898 362 362 E omx_vdec: : erro: pParamData->nIndex > m_sPortFormatType.nIndex
06-04 09:07:28.899 362 362 W omx_vdec: <__AwOmxVdecGetExtensionIndex:1737>: GetExtensionIndex OMX.google.android.index.describeColorFormat, err [0x80001001].
06-04 09:07:28.899 517 554 D PackageManager: Instant App installer not found with android.intent.action.INSTALL_INSTANT_APP_PACKAGE
06-04 09:07:28.899 517 554 D PackageManager: Clear ephemeral installer activity
06-04 09:07:28.899 362 362 W omx_vdec: <__AwOmxVdecGetExtensionIndex:1737>: GetExtensionIndex OMX.google.android.index.describeColorFormat2, err [0x80001001].
06-04 09:07:28.899 362 362 E omx_vdec: : erro: pParamData->nIndex > m_sPortFormatType.nIndex
06-04 09:07:28.899 362 362 W omx_vdec: <__AwOmxVdecGetExtensionIndex:1737>: GetExtensionIndex OMX.google.android.index.describeColorFormat, err [0x80001001].
06-04 09:07:28.899 362 362 W omx_vdec: <__AwOmxVdecGetExtensionIndex:1737>: GetExtensionIndex OMX.google.android.index.describeColorFormat2, err [0x80001001].
06-04 09:07:28.900 362 362 E omx_vdec: : erro: pParamData->nIndex > m_sPortFormatType.nIndex
06-04 09:07:28.900 362 362 W omx_vdec: <__AwOmxVdecGetExtensionIndex:1737>: GetExtensionIndex OMX.google.android.index.describeColorFormat, err [0x80001001].
06-04 09:07:28.900 362 362 W omx_vdec: <__AwOmxVdecGetExtensionIndex:1737>: GetExtensionIndex OMX.google.android.index.describeColorFormat2, err [0x80001001].
06-04 09:07:28.900 362 362 E omx_vdec: : erro: pParamData->nIndex > m_sPortFormatType.nIndex
06-04 09:07:28.900 362 362 W omx_vdec: <__AwOmxVdecGetExtensionIndex:1737>: GetExtensionIndex OMX.google.android.index.describeColorFormat, err [0x80001001].
06-04 09:07:28.900 362 362 W omx_vdec: <__AwOmxVdecGetExtensionIndex:1737>: GetExtensionIndex OMX.google.android.index.describeColorFormat2, err [0x80001001].
06-04 09:07:28.900 362 362 E omx_vdec: : erro: pParamData->nIndex > m_sPortFormatType.nIndex
06-04 09:07:28.900 362 362 W omx_vdec: <__AwOmxVdecGetExtensionIndex:1737>: GetExtensionIndex OMX.google.android.index.describeColorFormat, err [0x80001001].
06-04 09:07:28.901 362 362 W omx_vdec: <__AwOmxVdecGetExtensionIndex:1737>: GetExtensionIndex OMX.google.android.index.describeColorFormat2, err [0x80001001].
06-04 09:07:28.901 362 362 E omx_vdec: : erro: pParamData->nIndex > m_sPortFormatType.nIndex
06-04 09:07:28.901 362 362 W omx_vdec: <__AwOmxVdecGetExtensionIndex:1737>: GetExtensionIndex OMX.google.android.index.describeColorFormat, err [0x80001001].
06-04 09:07:28.901 362 362 W omx_vdec: <__AwOmxVdecGetExtensionIndex:1737>: GetExtensionIndex OMX.google.android.index.describeColorFormat2, err [0x80001001].
06-04 09:07:28.901 362 362 E omx_vdec: : erro: pParamData->nIndex > m_sPortFormatType.nIndex
06-04 09:07:28.901 362 362 W omx_vdec: <__AwOmxVdecGetExtensionIndex:1737>: GetExtensionIndex OMX.google.android.index.describeColorFormat, err [0x80001001].
06-04 09:07:28.901 362 362 W omx_vdec: <__AwOmxVdecGetExtensionIndex:1737>: GetExtensionIndex OMX.google.android.index.describeColorFormat2, err [0x80001001].
06-04 09:07:28.902 362 362 E omx_vdec: : erro: pParamData->nIndex > m_sPortFormatType.nIndex
06-04 09:07:28.902 362 362 W omx_vdec: <__AwOmxVdecGetExtensionIndex:1737>: GetExtensionIndex OMX.google.android.index.describeColorFormat, err [0x80001001].
06-04 09:07:28.902 362 362 W omx_vdec: <__AwOmxVdecGetExtensionIndex:1737>: GetExtensionIndex OMX.google.android.index.describeColorFormat2, err [0x80001001].
06-04 09:07:28.902 362 362 E omx_vdec: : erro: pParamData->nIndex > m_sPortFormatType.nIndex
06-04 09:07:28.902 362 362 W omx_vdec: <__AwOmxVdecGetExtensionIndex:1737>: GetExtensionIndex OMX.google.android.index.describeColorFormat, err [0x80001001].
06-04 09:07:28.902 362 362 W omx_vdec: <__AwOmxVdecGetExtensionIndex:1737>: GetExtensionIndex OMX.google.android.index.describeColorFormat2, err [0x80001001].
06-04 09:07:28.902 362 362 E omx_vdec: : erro: pParamData->nIndex > m_sPortFormatType.nIndex
06-04 09:07:28.902 362 362 W omx_vdec: <__AwOmxVdecGetExtensionIndex:1737>: GetExtensionIndex OMX.google.android.index.describeColorFormat, err [0x80001001].
06-04 09:07:28.903 362 362 W omx_vdec: <__AwOmxVdecGetExtensionIndex:1737>: GetExtensionIndex OMX.google.android.index.describeColorFormat2, err [0x80001001].
06-04 09:07:28.903 362 362 E omx_vdec: : erro: pParamData->nIndex > m_sPortFormatType.nIndex
06-04 09:07:28.903 362 362 W omx_vdec: <__AwOmxVdecGetExtensionIndex:1737>: GetExtensionIndex OMX.google.android.index.describeColorFormat, err [0x80001001].
06-04 09:07:28.903 362 362 W omx_vdec: <__AwOmxVdecGetExtensionIndex:1737>: GetExtensionIndex OMX.google.android.index.describeColorFormat2, err [0x80001001].
06-04 09:07:28.903 362 362 E omx_vdec: : erro: pParamData->nIndex > m_sPortFormatType.nIndex
06-04 09:07:28.903 362 362 W omx_vdec: <__AwOmxVdecGetExtensionIndex:1737>: GetExtensionIndex OMX.google.android.index.describeColorFormat, err [0x80001001].
06-04 09:07:28.903 362 362 W omx_vdec: <__AwOmxVdecGetExtensionIndex:1737>: GetExtensionIndex OMX.google.android.index.describeColorFormat2, err [0x80001001].
06-04 09:07:28.903 362 362 E omx_vdec: : erro: pParamData->nIndex > m_sPortFormatType.nIndex
06-04 09:07:28.904 362 362 W omx_vdec: <__AwOmxVdecGetExtensionIndex:1737>: GetExtensionIndex OMX.google.android.index.describeColorFormat, err [0x80001001].
06-04 09:07:28.904 362 362 W omx_vdec: <__AwOmxVdecGetExtensionIndex:1737>: GetExtensionIndex OMX.google.android.index.describeColorFormat2, err [0x80001001].
06-04 09:07:28.904 362 362 E omx_vdec: : erro: pParamData->nIndex > m_sPortFormatType.nIndex
06-04 09:07:28.904 362 362 W omx_vdec: <__AwOmxVdecGetExtensionIndex:1737>: GetExtensionIndex OMX.google.android.index.describeColorFormat, err [0x80001001].
06-04 09:07:28.904 362 362 W omx_vdec: <__AwOmxVdecGetExtensionIndex:1737>: GetExtensionIndex OMX.google.android.index.describeColorFormat2, err [0x80001001].
06-04 09:07:28.904 362 362 E omx_vdec: : erro: pParamData->nIndex > m_sPortFormatType.nIndex
06-04 09:07:28.904 362 362 W omx_vdec: <__AwOmxVdecGetExtensionIndex:1737>: GetExtensionIndex OMX.google.android.index.describeColorFormat, err [0x80001001].
06-04 09:07:28.905 362 362 W omx_vdec: <__AwOmxVdecGetExtensionIndex:1737>: GetExtensionIndex OMX.google.android.index.describeColorFormat2, err [0x80001001].
06-04 09:07:28.905 362 362 E omx_vdec: : erro: pParamData->nIndex > m_sPortFormatType.nIndex
06-04 09:07:28.907 410 410 I WCN : combin_img 4 marlin_firmware_write finish and successful
06-04 09:07:28.905 362 362 W omx_vdec: <__AwOmxVdecGetExtensionIndex:1737>: GetExtensionIndex OMX.google.android.index.describeColorFormat, err [0x80001001].
06-04 09:07:28.907 410 410 I WCN : marlin_start_run read reset reg val:0x180008
06-04 09:07:28.907 410 410 I WCN : after do marlin_start_run reset reg val:0x80008
06-04 09:07:28.905 362 362 W omx_vdec: <__AwOmxVdecGetExtensionIndex:1737>: GetExtensionIndex OMX.google.android.index.describeColorFormat2, err [0x80001001].
06-04 09:07:28.905 362 362 E omx_vdec: : erro: pParamData->nIndex > m_sPortFormatType.nIndex
06-04 09:07:28.905 362 362 W omx_vdec: <__AwOmxVdecGetExtensionIndex:1737>: GetExtensionIndex OMX.google.android.index.describeColorFormat, err [0x80001001].
06-04 09:07:28.905 362 362 W omx_vdec: <__AwOmxVdecGetExtensionIndex:1737>: GetExtensionIndex OMX.google.android.index.describeColorFormat2, err [0x80001001].
06-04 09:07:28.906 362 362 E omx_vdec: : erro: pParamData->nIndex > m_sPortFormatType.nIndex
06-04 09:07:28.906 362 362 W omx_vdec: <__AwOmxVdecGetExtensionIndex:1737>: GetExtensionIndex OMX.google.android.index.describeColorFormat, err [0x80001001].
06-04 09:07:28.906 362 362 W omx_vdec: <__AwOmxVdecGetExtensionIndex:1737>: GetExtensionIndex OMX.google.android.index.describeColorFormat2, err [0x80001001].
06-04 09:07:28.906 362 362 E omx_vdec: : erro: pParamData->nIndex > m_sPortFormatType.nIndex
06-04 09:07:28.906 362 362 W omx_vdec: <__AwOmxVdecGetExtensionIndex:1737>: GetExtensionIndex OMX.google.android.index.describeColorFormat, err [0x80001001].
06-04 09:07:28.906 362 362 W omx_vdec: <__AwOmxVdecGetExtensionIndex:1737>: GetExtensionIndex OMX.google.android.index.describeColorFormat2, err [0x80001001].
06-04 09:07:28.906 362 362 E omx_vdec: : erro: pParamData->nIndex > m_sPortFormatType.nIndex
06-04 09:07:28.908 362 362 W omx_vdec: <__AwOmxVdecGetExtensionIndex:1737>: GetExtensionIndex OMX.google.android.index.describeColorFormat, err [0x80001001].
06-04 09:07:28.908 362 362 W omx_vdec: <__AwOmxVdecGetExtensionIndex:1737>: GetExtensionIndex OMX.google.android.index.describeColorFormat2, err [0x80001001].
06-04 09:07:28.908 362 362 E omx_vdec: : erro: pParamData->nIndex > m_sPortFormatType.nIndex
06-04 09:07:28.908 362 362 W omx_vdec: <__AwOmxVdecGetExtensionIndex:1737>: GetExtensionIndex OMX.google.android.index.describeColorFormat, err [0x80001001].
06-04 09:07:28.909 362 362 W omx_vdec: <__AwOmxVdecGetExtensionIndex:1737>: GetExtensionIndex OMX.google.android.index.describeColorFormat2, err [0x80001001].
06-04 09:07:28.909 362 362 E omx_vdec: : erro: pParamData->nIndex > m_sPortFormatType.nIndex
06-04 09:07:28.909 362 362 W omx_vdec: <__AwOmxVdecGetExtensionIndex:1737>: GetExtensionIndex OMX.google.android.index.describeColorFormat, err [0x80001001].
06-04 09:07:28.909 362 362 W omx_vdec: <__AwOmxVdecGetExtensionIndex:1737>: GetExtensionIndex OMX.google.android.index.describeColorFormat2, err [0x80001001].
06-04 09:07:28.909 362 362 E omx_vdec: : erro: pParamData->nIndex > m_sPortFormatType.nIndex
06-04 09:07:28.909 362 362 W omx_vdec: <__AwOmxVdecGetExtensionIndex:1737>: GetExtensionIndex OMX.google.android.index.describeColorFormat, err [0x80001001].
06-04 09:07:28.909 362 362 W omx_vdec: <__AwOmxVdecGetExtensionIndex:1737>: GetExtensionIndex OMX.google.android.index.describeColorFormat2, err [0x80001001].
06-04 09:07:28.909 362 362 E omx_vdec: : erro: pParamData->nIndex > m_sPortFormatType.nIndex
06-04 09:07:28.909 362 362 W omx_vdec: <__AwOmxVdecGetExtensionIndex:1737>: GetExtensionIndex OMX.google.android.index.describeColorFormat, err [0x80001001].
06-04 09:07:28.910 362 362 W omx_vdec: <__AwOmxVdecGetExtensionIndex:1737>: GetExtensionIndex OMX.google.android.index.describeColorFormat2, err [0x80001001].
06-04 09:07:28.910 362 362 E omx_vdec: : erro: pParamData->nIndex > m_sPortFormatType.nIndex
06-04 09:07:28.910 362 362 W omx_vdec: <__AwOmxVdecGetExtensionIndex:1737>: GetExtensionIndex OMX.google.android.index.describeColorFormat, err [0x80001001].
06-04 09:07:28.910 362 362 W omx_vdec: <__AwOmxVdecGetExtensionIndex:1737>: GetExtensionIndex OMX.google.android.index.describeColorFormat2, err [0x80001001].
06-04 09:07:28.910 362 362 E omx_vdec: : erro: pParamData->nIndex > m_sPortFormatType.nIndex
06-04 09:07:28.910 362 362 W omx_vdec: <__AwOmxVdecGetExtensionIndex:1737>: GetExtensionIndex OMX.google.android.index.describeColorFormat, err [0x80001001].
06-04 09:07:28.910 362 362 W omx_vdec: <__AwOmxVdecGetExtensionIndex:1737>: GetExtensionIndex OMX.google.android.index.describeColorFormat2, err [0x80001001].
06-04 09:07:28.910 362 362 E omx_vdec: : erro: pParamData->nIndex > m_sPortFormatType.nIndex
06-04 09:07:28.910 362 362 W omx_vdec: <__AwOmxVdecGetExtensionIndex:1737>: GetExtensionIndex OMX.google.android.index.describeColorFormat, err [0x80001001].
06-04 09:07:28.911 362 362 W omx_vdec: <__AwOmxVdecGetExtensionIndex:1737>: GetExtensionIndex OMX.google.android.index.describeColorFormat2, err [0x80001001].
06-04 09:07:28.911 362 362 E omx_vdec: : erro: pParamData->nIndex > m_sPortFormatType.nIndex
06-04 09:07:28.911 362 362 W omx_vdec: <__AwOmxVdecGetExtensionIndex:1737>: GetExtensionIndex OMX.google.android.index.describeColorFormat, err [0x80001001].
06-04 09:07:28.911 362 362 W omx_vdec: <__AwOmxVdecGetExtensionIndex:1737>: GetExtensionIndex OMX.google.android.index.describeColorFormat2, err [0x80001001].
06-04 09:07:28.911 362 362 E omx_vdec: : erro: pParamData->nIndex > m_sPortFormatType.nIndex
06-04 09:07:28.911 362 362 W omx_vdec: <__AwOmxVdecGetExtensionIndex:1737>: GetExtensionIndex OMX.google.android.index.describeColorFormat, err [0x80001001].
06-04 09:07:28.911 362 362 W omx_vdec: <__AwOmxVdecGetExtensionIndex:1737>: GetExtensionIndex OMX.google.android.index.describeColorFormat2, err [0x80001001].
06-04 09:07:28.911 356 472 W ACodec : [OMX.allwinner.video.decoder.mpeg2] stopping checking formats after 32: COLOR_FormatYUV420Planar(13)
06-04 09:07:28.911 362 362 W omx_vdec: <__AwOmxVdecGetExtensionIndex:1737>: GetExtensionIndex OMX.google.android.index.configureVideoTunnelMode, err [0x80001001].
06-04 09:07:28.911 362 362 E OMXNodeInstance: getExtensionIndex(0xf6040000:allwinner.decoder.mpeg2, OMX.google.android.index.configureVideoTunnelMode) ERROR: Undefined(0x80001001)
06-04 09:07:28.911 356 472 D MediaCodecInfo: detail feature-tunneled-playback wasn't present to remove
06-04 09:07:28.912 362 362 W omx_vdec: <__AwOmxVdecGetExtensionIndex:1737>: GetExtensionIndex OMX.google.android.index.storeANWBufferInMetadata, err [0x80001001].
06-04 09:07:28.912 362 362 W omx_vdec_aw: <__anSetExtPara:3011>: Setparameter: unknown param 2131755011
06-04 09:07:28.912 362 362 W OMXNodeInstance: [0xf6040000:allwinner.decoder.mpeg2] component does not support metadata mode; using fallback
06-04 09:07:28.912 362 789 W libc : invalid pthread_t (0) passed to pthread_join
06-04 09:07:28.912 362 789 W libc : invalid pthread_t (0) passed to pthread_join
06-04 09:07:28.912 362 789 W libc : invalid pthread_t (0) passed to pthread_join
06-04 09:07:28.908 410 410 I WCN : s_marlin_bootup_time=26846878480
06-04 09:07:28.914 410 410 I WCN : clock mode: TCXO, outside clock
06-04 09:07:28.914 410 410 I WCN : marlin_write_cali_data sync init_state:0x0
06-04 09:07:28.914 356 472 I OMXClient: IOmx service obtained
06-04 09:07:28.915 362 362 I OMXStore: makeComponentInstance(OMX.allwinner.video.decoder.mpeg4) in android.hardwar process
06-04 09:07:28.918 362 362 I omx_vdec_aw: : OmxDecoderCreate.
06-04 09:07:28.919 362 362 W omx_vdec: <__AwOmxVdecSetParameter:1561>: Set Parameter called in valid state
06-04 09:07:28.919 362 362 W omx_vdec: : pParamProfileLevel->nProfileIndex[0x2] error!
06-04 09:07:28.919 362 362 E OMXNodeInstance: getParameter(0xf6040000:allwinner.decoder.mpeg4, ParamVideoProfileLevelQuerySupported(0x600000f)) ERROR: BadParameter(0x80001005)
06-04 09:07:28.920 362 362 W omx_vdec: <__AwOmxVdecGetExtensionIndex:1737>: GetExtensionIndex OMX.google.android.index.describeColorFormat, err [0x80001001].
06-04 09:07:28.920 362 362 W omx_vdec: <__AwOmxVdecGetExtensionIndex:1737>: GetExtensionIndex OMX.google.android.index.describeColorFormat2, err [0x80001001].
06-04 09:07:28.920 362 362 E omx_vdec: : erro: pParamData->nIndex > m_sPortFormatType.nIndex
06-04 09:07:28.920 362 362 W omx_vdec: <__AwOmxVdecGetExtensionIndex:1737>: GetExtensionIndex OMX.google.android.index.describeColorFormat, err [0x80001001].
06-04 09:07:28.920 362 362 W omx_vdec: <__AwOmxVdecGetExtensionIndex:1737>: GetExtensionIndex OMX.google.android.index.describeColorFormat2, err [0x80001001].
06-04 09:07:28.920 362 362 E omx_vdec: : erro: pParamData->nIndex > m_sPortFormatType.nIndex
06-04 09:07:28.920 362 362 W omx_vdec: <__AwOmxVdecGetExtensionIndex:1737>: GetExtensionIndex OMX.google.android.index.describeColorFormat, err [0x80001001].
06-04 09:07:28.920 362 362 W omx_vdec: <__AwOmxVdecGetExtensionIndex:1737>: GetExtensionIndex OMX.google.android.index.describeColorFormat2, err [0x80001001].
06-04 09:07:28.920 362 362 E omx_vdec: : erro: pParamData->nIndex > m_sPortFormatType.nIndex
06-04 09:07:28.921 362 362 W omx_vdec: <__AwOmxVdecGetExtensionIndex:1737>: GetExtensionIndex OMX.google.android.index.describeColorFormat, err [0x80001001].
06-04 09:07:28.921 362 362 W omx_vdec: <__AwOmxVdecGetExtensionIndex:1737>: GetExtensionIndex OMX.google.android.index.describeColorFormat2, err [0x80001001].
06-04 09:07:28.921 362 362 E omx_vdec: : erro: pParamData->nIndex > m_sPortFormatType.nIndex
06-04 09:07:28.921 362 362 W omx_vdec: <__AwOmxVdecGetExtensionIndex:1737>: GetExtensionIndex OMX.google.android.index.describeColorFormat, err [0x80001001].
06-04 09:07:28.921 362 362 W omx_vdec: <__AwOmxVdecGetExtensionIndex:1737>: GetExtensionIndex OMX.google.android.index.describeColorFormat2, err [0x80001001].
06-04 09:07:28.921 362 362 E omx_vdec: : erro: pParamData->nIndex > m_sPortFormatType.nIndex
06-04 09:07:28.921 362 362 W omx_vdec: <__AwOmxVdecGetExtensionIndex:1737>: GetExtensionIndex OMX.google.android.index.describeColorFormat, err [0x80001001].
06-04 09:07:28.921 362 362 W omx_vdec: <__AwOmxVdecGetExtensionIndex:1737>: GetExtensionIndex OMX.google.android.index.describeColorFormat2, err [0x80001001].
06-04 09:07:28.922 362 362 E omx_vdec: : erro: pParamData->nIndex > m_sPortFormatType.nIndex
06-04 09:07:28.922 362 362 W omx_vdec: <__AwOmxVdecGetExtensionIndex:1737>: GetExtensionIndex OMX.google.android.index.describeColorFormat, err [0x80001001].
06-04 09:07:28.922 362 362 W omx_vdec: <__AwOmxVdecGetExtensionIndex:1737>: GetExtensionIndex OMX.google.android.index.describeColorFormat2, err [0x80001001].
06-04 09:07:28.922 362 362 E omx_vdec: : erro: pParamData->nIndex > m_sPortFormatType.nIndex
06-04 09:07:28.922 362 362 W omx_vdec: <__AwOmxVdecGetExtensionIndex:1737>: GetExtensionIndex OMX.google.android.index.describeColorFormat, err [0x80001001].
06-04 09:07:28.922 362 362 W omx_vdec: <__AwOmxVdecGetExtensionIndex:1737>: GetExtensionIndex OMX.google.android.index.describeColorFormat2, err [0x80001001].
06-04 09:07:28.922 362 362 E omx_vdec: : erro: pParamData->nIndex > m_sPortFormatType.nIndex
06-04 09:07:28.922 362 362 W omx_vdec: <__AwOmxVdecGetExtensionIndex:1737>: GetExtensionIndex OMX.google.android.index.describeColorFormat, err [0x80001001].
06-04 09:07:28.922 362 362 W omx_vdec: <__AwOmxVdecGetExtensionIndex:1737>: GetExtensionIndex OMX.google.android.index.describeColorFormat2, err [0x80001001].
06-04 09:07:28.922 362 362 E omx_vdec: : erro: pParamData->nIndex > m_sPortFormatType.nIndex
06-04 09:07:28.923 362 362 W omx_vdec: <__AwOmxVdecGetExtensionIndex:1737>: GetExtensionIndex OMX.google.android.index.describeColorFormat, err [0x80001001].
06-04 09:07:28.923 362 362 W omx_vdec: <__AwOmxVdecGetExtensionIndex:1737>: GetExtensionIndex OMX.google.android.index.describeColorFormat2, err [0x80001001].
06-04 09:07:28.923 362 362 E omx_vdec: : erro: pParamData->nIndex > m_sPortFormatType.nIndex
06-04 09:07:28.923 362 362 W omx_vdec: <__AwOmxVdecGetExtensionIndex:1737>: GetExtensionIndex OMX.google.android.index.describeColorFormat, err [0x80001001].
06-04 09:07:28.923 362 362 W omx_vdec: <__AwOmxVdecGetExtensionIndex:1737>: GetExtensionIndex OMX.google.android.index.describeColorFormat2, err [0x80001001].
06-04 09:07:28.923 362 362 E omx_vdec: : erro: pParamData->nIndex > m_sPortFormatType.nIndex
06-04 09:07:28.923 362 362 W omx_vdec: <__AwOmxVdecGetExtensionIndex:1737>: GetExtensionIndex OMX.google.android.index.describeColorFormat, err [0x80001001].
06-04 09:07:28.923 362 362 W omx_vdec: <__AwOmxVdecGetExtensionIndex:1737>: GetExtensionIndex OMX.google.android.index.describeColorFormat2, err [0x80001001].
06-04 09:07:28.923 362 362 E omx_vdec: : erro: pParamData->nIndex > m_sPortFormatType.nIndex
06-04 09:07:28.924 362 362 W omx_vdec: <__AwOmxVdecGetExtensionIndex:1737>: GetExtensionIndex OMX.google.android.index.describeColorFormat, err [0x80001001].
06-04 09:07:28.924 362 362 W omx_vdec: <__AwOmxVdecGetExtensionIndex:1737>: GetExtensionIndex OMX.google.android.index.describeColorFormat2, err [0x80001001].
06-04 09:07:28.924 362 362 E omx_vdec: : erro: pParamData->nIndex > m_sPortFormatType.nIndex
06-04 09:07:28.924 362 362 W omx_vdec: <__AwOmxVdecGetExtensionIndex:1737>: GetExtensionIndex OMX.google.android.index.describeColorFormat, err [0x80001001].
06-04 09:07:28.924 362 362 W omx_vdec: <__AwOmxVdecGetExtensionIndex:1737>: GetExtensionIndex OMX.google.android.index.describeColorFormat2, err [0x80001001].
06-04 09:07:28.924 362 362 E omx_vdec: : erro: pParamData->nIndex > m_sPortFormatType.nIndex
06-04 09:07:28.924 362 362 W omx_vdec: <__AwOmxVdecGetExtensionIndex:1737>: GetExtensionIndex OMX.google.android.index.describeColorFormat, err [0x80001001].
06-04 09:07:28.924 362 362 W omx_vdec: <__AwOmxVdecGetExtensionIndex:1737>: GetExtensionIndex OMX.google.android.index.describeColorFormat2, err [0x80001001].
06-04 09:07:28.924 362 362 E omx_vdec: : erro: pParamData->nIndex > m_sPortFormatType.nIndex
06-04 09:07:28.925 362 362 W omx_vdec: <__AwOmxVdecGetExtensionIndex:1737>: GetExtensionIndex OMX.google.android.index.describeColorFormat, err [0x80001001].
06-04 09:07:28.925 362 362 W omx_vdec: <__AwOmxVdecGetExtensionIndex:1737>: GetExtensionIndex OMX.google.android.index.describeColorFormat2, err [0x80001001].
06-04 09:07:28.925 362 362 E omx_vdec: : erro: pParamData->nIndex > m_sPortFormatType.nIndex
06-04 09:07:28.925 362 362 W omx_vdec: <__AwOmxVdecGetExtensionIndex:1737>: GetExtensionIndex OMX.google.android.index.describeColorFormat, err [0x80001001].
06-04 09:07:28.925 362 362 W omx_vdec: <__AwOmxVdecGetExtensionIndex:1737>: GetExtensionIndex OMX.google.android.index.describeColorFormat2, err [0x80001001].
06-04 09:07:28.925 362 362 E omx_vdec: : erro: pParamData->nIndex > m_sPortFormatType.nIndex
06-04 09:07:28.925 362 362 W omx_vdec: <__AwOmxVdecGetExtensionIndex:1737>: GetExtensionIndex OMX.google.android.index.describeColorFormat, err [0x80001001].
06-04 09:07:28.926 362 362 W omx_vdec: <__AwOmxVdecGetExtensionIndex:1737>: GetExtensionIndex OMX.google.android.index.describeColorFormat2, err [0x80001001].
06-04 09:07:28.926 362 362 E omx_vdec: : erro: pParamData->nIndex > m_sPortFormatType.nIndex
06-04 09:07:28.926 362 362 W omx_vdec: <__AwOmxVdecGetExtensionIndex:1737>: GetExtensionIndex OMX.google.android.index.describeColorFormat, err [0x80001001].
06-04 09:07:28.926 362 362 W omx_vdec: <__AwOmxVdecGetExtensionIndex:1737>: GetExtensionIndex OMX.google.android.index.describeColorFormat2, err [0x80001001].
06-04 09:07:28.926 362 362 E omx_vdec: : erro: pParamData->nIndex > m_sPortFormatType.nIndex
06-04 09:07:28.926 362 362 W omx_vdec: <__AwOmxVdecGetExtensionIndex:1737>: GetExtensionIndex OMX.google.android.index.describeColorFormat, err [0x80001001].
06-04 09:07:28.926 362 362 W omx_vdec: <__AwOmxVdecGetExtensionIndex:1737>: GetExtensionIndex OMX.google.android.index.describeColorFormat2, err [0x80001001].
06-04 09:07:28.926 362 362 E omx_vdec: : erro: pParamData->nIndex > m_sPortFormatType.nIndex
06-04 09:07:28.926 362 362 W omx_vdec: <__AwOmxVdecGetExtensionIndex:1737>: GetExtensionIndex OMX.google.android.index.describeColorFormat, err [0x80001001].
06-04 09:07:28.927 362 362 W omx_vdec: <__AwOmxVdecGetExtensionIndex:1737>: GetExtensionIndex OMX.google.android.index.describeColorFormat2, err [0x80001001].
06-04 09:07:28.927 362 362 E omx_vdec: : erro: pParamData->nIndex > m_sPortFormatType.nIndex
06-04 09:07:28.927 362 362 W omx_vdec: <__AwOmxVdecGetExtensionIndex:1737>: GetExtensionIndex OMX.google.android.index.describeColorFormat, err [0x80001001].
06-04 09:07:28.927 362 362 W omx_vdec: <__AwOmxVdecGetExtensionIndex:1737>: GetExtensionIndex OMX.google.android.index.describeColorFormat2, err [0x80001001].
06-04 09:07:28.927 362 362 E omx_vdec: : erro: pParamData->nIndex > m_sPortFormatType.nIndex
06-04 09:07:28.927 362 362 W omx_vdec: <__AwOmxVdecGetExtensionIndex:1737>: GetExtensionIndex OMX.google.android.index.describeColorFormat, err [0x80001001].
06-04 09:07:28.927 362 362 W omx_vdec: <__AwOmxVdecGetExtensionIndex:1737>: GetExtensionIndex OMX.google.android.index.describeColorFormat2, err [0x80001001].
06-04 09:07:28.927 362 362 E omx_vdec: : erro: pParamData->nIndex > m_sPortFormatType.nIndex
06-04 09:07:28.927 362 362 W omx_vdec: <__AwOmxVdecGetExtensionIndex:1737>: GetExtensionIndex OMX.google.android.index.describeColorFormat, err [0x80001001].
06-04 09:07:28.928 362 362 W omx_vdec: <__AwOmxVdecGetExtensionIndex:1737>: GetExtensionIndex OMX.google.android.index.describeColorFormat2, err [0x80001001].
06-04 09:07:28.928 362 362 E omx_vdec: : erro: pParamData->nIndex > m_sPortFormatType.nIndex
06-04 09:07:28.928 362 362 W omx_vdec: <__AwOmxVdecGetExtensionIndex:1737>: GetExtensionIndex OMX.google.android.index.describeColorFormat, err [0x80001001].
06-04 09:07:28.928 362 362 W omx_vdec: <__AwOmxVdecGetExtensionIndex:1737>: GetExtensionIndex OMX.google.android.index.describeColorFormat2, err [0x80001001].
06-04 09:07:28.928 362 362 E omx_vdec: : erro: pParamData->nIndex > m_sPortFormatType.nIndex
06-04 09:07:28.928 756 793 I RuntimePermissions: observing UserPackageInfoLiveData for 0 in RuntimePermissionsUpgradeController
06-04 09:07:28.928 362 362 W omx_vdec: <__AwOmxVdecGetExtensionIndex:1737>: GetExtensionIndex OMX.google.android.index.describeColorFormat, err [0x80001001].
06-04 09:07:28.928 362 362 W omx_vdec: <__AwOmxVdecGetExtensionIndex:1737>: GetExtensionIndex OMX.google.android.index.describeColorFormat2, err [0x80001001].
06-04 09:07:28.928 362 362 E omx_vdec: : erro: pParamData->nIndex > m_sPortFormatType.nIndex
06-04 09:07:28.928 362 362 W omx_vdec: <__AwOmxVdecGetExtensionIndex:1737>: GetExtensionIndex OMX.google.android.index.describeColorFormat, err [0x80001001].
06-04 09:07:28.928 362 362 W omx_vdec: <__AwOmxVdecGetExtensionIndex:1737>: GetExtensionIndex OMX.google.android.index.describeColorFormat2, err [0x80001001].
06-04 09:07:28.929 362 362 E omx_vdec: : erro: pParamData->nIndex > m_sPortFormatType.nIndex
06-04 09:07:28.929 362 362 W omx_vdec: <__AwOmxVdecGetExtensionIndex:1737>: GetExtensionIndex OMX.google.android.index.describeColorFormat, err [0x80001001].
06-04 09:07:28.929 362 362 W omx_vdec: <__AwOmxVdecGetExtensionIndex:1737>: GetExtensionIndex OMX.google.android.index.describeColorFormat2, err [0x80001001].
06-04 09:07:28.929 362 362 E omx_vdec: : erro: pParamData->nIndex > m_sPortFormatType.nIndex
06-04 09:07:28.929 362 362 W omx_vdec: <__AwOmxVdecGetExtensionIndex:1737>: GetExtensionIndex OMX.google.android.index.describeColorFormat, err [0x80001001].
06-04 09:07:28.929 362 362 W omx_vdec: <__AwOmxVdecGetExtensionIndex:1737>: GetExtensionIndex OMX.google.android.index.describeColorFormat2, err [0x80001001].
06-04 09:07:28.929 362 362 E omx_vdec: : erro: pParamData->nIndex > m_sPortFormatType.nIndex
06-04 09:07:28.929 362 362 W omx_vdec: <__AwOmxVdecGetExtensionIndex:1737>: GetExtensionIndex OMX.google.android.index.describeColorFormat, err [0x80001001].
06-04 09:07:28.929 362 362 W omx_vdec: <__AwOmxVdecGetExtensionIndex:1737>: GetExtensionIndex OMX.google.android.index.describeColorFormat2, err [0x80001001].
06-04 09:07:28.930 362 362 E omx_vdec: : erro: pParamData->nIndex > m_sPortFormatType.nIndex
06-04 09:07:28.931 362 362 W omx_vdec: <__AwOmxVdecGetExtensionIndex:1737>: GetExtensionIndex OMX.google.android.index.describeColorFormat, err [0x80001001].
06-04 09:07:28.931 362 362 W omx_vdec: <__AwOmxVdecGetExtensionIndex:1737>: GetExtensionIndex OMX.google.android.index.describeColorFormat2, err [0x80001001].
06-04 09:07:28.931 362 362 E omx_vdec: : erro: pParamData->nIndex > m_sPortFormatType.nIndex
06-04 09:07:28.931 362 362 W omx_vdec: <__AwOmxVdecGetExtensionIndex:1737>: GetExtensionIndex OMX.google.android.index.describeColorFormat, err [0x80001001].
06-04 09:07:28.931 362 362 W omx_vdec: <__AwOmxVdecGetExtensionIndex:1737>: GetExtensionIndex OMX.google.android.index.describeColorFormat2, err [0x80001001].
06-04 09:07:28.931 362 362 E omx_vdec: : erro: pParamData->nIndex > m_sPortFormatType.nIndex
06-04 09:07:28.932 362 362 W omx_vdec: <__AwOmxVdecGetExtensionIndex:1737>: GetExtensionIndex OMX.google.android.index.describeColorFormat, err [0x80001001].
06-04 09:07:28.932 362 362 W omx_vdec: <__AwOmxVdecGetExtensionIndex:1737>: GetExtensionIndex OMX.google.android.index.describeColorFormat2, err [0x80001001].
06-04 09:07:28.932 356 472 W ACodec : [OMX.allwinner.video.decoder.mpeg4] stopping checking formats after 32: COLOR_FormatYUV420Planar(13)
06-04 09:07:28.932 362 362 W omx_vdec: <__AwOmxVdecGetExtensionIndex:1737>: GetExtensionIndex OMX.google.android.index.configureVideoTunnelMode, err [0x80001001].
06-04 09:07:28.932 362 362 E OMXNodeInstance: getExtensionIndex(0xf6040000:allwinner.decoder.mpeg4, OMX.google.android.index.configureVideoTunnelMode) ERROR: Undefined(0x80001001)
06-04 09:07:28.932 356 472 D MediaCodecInfo: detail feature-tunneled-playback wasn't present to remove
06-04 09:07:28.932 362 362 W omx_vdec: <__AwOmxVdecGetExtensionIndex:1737>: GetExtensionIndex OMX.google.android.index.storeANWBufferInMetadata, err [0x80001001].
06-04 09:07:28.932 362 362 W omx_vdec_aw: <__anSetExtPara:3011>: Setparameter: unknown param 2131755011
06-04 09:07:28.932 362 362 W OMXNodeInstance: [0xf6040000:allwinner.decoder.mpeg4] component does not support metadata mode; using fallback
06-04 09:07:28.932 362 791 W libc : invalid pthread_t (0) passed to pthread_join
06-04 09:07:28.933 362 791 W libc : invalid pthread_t (0) passed to pthread_join
06-04 09:07:28.933 362 791 W libc : invalid pthread_t (0) passed to pthread_join
06-04 09:07:28.935 356 472 I OMXClient: IOmx service obtained
06-04 09:07:28.935 362 362 I OMXStore: makeComponentInstance(OMX.allwinner.video.decoder.vp8) in android.hardwar process
06-04 09:07:28.936 362 362 I omx_vdec_aw: : OmxDecoderCreate.
06-04 09:07:28.938 362 362 W omx_vdec: <__AwOmxVdecSetParameter:1561>: Set Parameter called in valid state
06-04 09:07:28.936 739 739 I ndroid.systemui: type=1400 audit(0.0:324): avc: denied { write } for name="com.android.systemui" dev="mmcblk0p25" ino=483 scontext=u:r:platform_app:s0:c512,c768 tcontext=u:object_r:app_data_file:s0:c512,c768 tclass=dir permissive=1 app=com.softwinner.screenshot
06-04 09:07:28.936 739 739 I ndroid.systemui: type=1400 audit(0.0:325): avc: denied { add_name } for name="files" scontext=u:r:platform_app:s0:c512,c768 tcontext=u:object_r:app_data_file:s0:c512,c768 tclass=dir permissive=1 app=com.softwinner.screenshot
06-04 09:07:28.936 739 739 I ndroid.systemui: type=1400 audit(0.0:326): avc: denied { create } for name="files" scontext=u:r:platform_app:s0:c512,c768 tcontext=u:object_r:app_data_file:s0:c512,c768 tclass=dir permissive=1 app=com.softwinner.screenshot
06-04 09:07:28.936 739 739 I ndroid.systemui: type=1400 audit(0.0:327): avc: denied { setattr } for name="files" dev="mmcblk0p25" ino=1600 scontext=u:r:platform_app:s0:c512,c768 tcontext=u:object_r:app_data_file:s0:c512,c768 tclass=dir permissive=1 app=com.softwinner.screenshot
06-04 09:07:28.941 362 362 W omx_vdec: : OMX_IndexParamVideoProfileLevelQuerySupported, Format[0x9] not support
06-04 09:07:28.941 362 362 E OMXNodeInstance: getParameter(0xf6040000:allwinner.decoder.vp8, ParamVideoProfileLevelQuerySupported(0x600000f)) ERROR: BadParameter(0x80001005)
06-04 09:07:28.940 410 410 I WCN : marlin_write_cali_data sync init_state:0x0
06-04 09:07:28.942 362 362 W omx_vdec: <__AwOmxVdecGetExtensionIndex:1737>: GetExtensionIndex OMX.google.android.index.describeColorFormat, err [0x80001001].
06-04 09:07:28.942 362 362 W omx_vdec: <__AwOmxVdecGetExtensionIndex:1737>: GetExtensionIndex OMX.google.android.index.describeColorFormat2, err [0x80001001].
06-04 09:07:28.942 362 362 E omx_vdec: : erro: pParamData->nIndex > m_sPortFormatType.nIndex
06-04 09:07:28.942 362 362 W omx_vdec: <__AwOmxVdecGetExtensionIndex:1737>: GetExtensionIndex OMX.google.android.index.describeColorFormat, err [0x80001001].
06-04 09:07:28.943 362 362 W omx_vdec: <__AwOmxVdecGetExtensionIndex:1737>: GetExtensionIndex OMX.google.android.index.describeColorFormat2, err [0x80001001].
06-04 09:07:28.943 362 362 E omx_vdec: : erro: pParamData->nIndex > m_sPortFormatType.nIndex
06-04 09:07:28.943 362 362 W omx_vdec: <__AwOmxVdecGetExtensionIndex:1737>: GetExtensionIndex OMX.google.android.index.describeColorFormat, err [0x80001001].
06-04 09:07:28.943 362 362 W omx_vdec: <__AwOmxVdecGetExtensionIndex:1737>: GetExtensionIndex OMX.google.android.index.describeColorFormat2, err [0x80001001].
06-04 09:07:28.943 362 362 E omx_vdec: : erro: pParamData->nIndex > m_sPortFormatType.nIndex
06-04 09:07:28.943 362 362 W omx_vdec: <__AwOmxVdecGetExtensionIndex:1737>: GetExtensionIndex OMX.google.android.index.describeColorFormat, err [0x80001001].
06-04 09:07:28.943 362 362 W omx_vdec: <__AwOmxVdecGetExtensionIndex:1737>: GetExtensionIndex OMX.google.android.index.describeColorFormat2, err [0x80001001].
06-04 09:07:28.943 362 362 E omx_vdec: : erro: pParamData->nIndex > m_sPortFormatType.nIndex
06-04 09:07:28.943 362 362 W omx_vdec: <__AwOmxVdecGetExtensionIndex:1737>: GetExtensionIndex OMX.google.android.index.describeColorFormat, err [0x80001001].
06-04 09:07:28.944 362 362 W omx_vdec: <__AwOmxVdecGetExtensionIndex:1737>: GetExtensionIndex OMX.google.android.index.describeColorFormat2, err [0x80001001].
06-04 09:07:28.944 362 362 E omx_vdec: : erro: pParamData->nIndex > m_sPortFormatType.nIndex
06-04 09:07:28.944 362 362 W omx_vdec: <__AwOmxVdecGetExtensionIndex:1737>: GetExtensionIndex OMX.google.android.index.describeColorFormat, err [0x80001001].
06-04 09:07:28.944 362 362 W omx_vdec: <__AwOmxVdecGetExtensionIndex:1737>: GetExtensionIndex OMX.google.android.index.describeColorFormat2, err [0x80001001].
06-04 09:07:28.944 362 362 E omx_vdec: : erro: pParamData->nIndex > m_sPortFormatType.nIndex
06-04 09:07:28.944 362 362 W omx_vdec: <__AwOmxVdecGetExtensionIndex:1737>: GetExtensionIndex OMX.google.android.index.describeColorFormat, err [0x80001001].
06-04 09:07:28.944 362 362 W omx_vdec: <__AwOmxVdecGetExtensionIndex:1737>: GetExtensionIndex OMX.google.android.index.describeColorFormat2, err [0x80001001].
06-04 09:07:28.944 362 362 E omx_vdec: : erro: pParamData->nIndex > m_sPortFormatType.nIndex
06-04 09:07:28.944 362 362 W omx_vdec: <__AwOmxVdecGetExtensionIndex:1737>: GetExtensionIndex OMX.google.android.index.describeColorFormat, err [0x80001001].
06-04 09:07:28.945 362 362 W omx_vdec: <__AwOmxVdecGetExtensionIndex:1737>: GetExtensionIndex OMX.google.android.index.describeColorFormat2, err [0x80001001].
06-04 09:07:28.945 362 362 E omx_vdec: : erro: pParamData->nIndex > m_sPortFormatType.nIndex
06-04 09:07:28.945 362 362 W omx_vdec: <__AwOmxVdecGetExtensionIndex:1737>: GetExtensionIndex OMX.google.android.index.describeColorFormat, err [0x80001001].
06-04 09:07:28.945 362 362 W omx_vdec: <__AwOmxVdecGetExtensionIndex:1737>: GetExtensionIndex OMX.google.android.index.describeColorFormat2, err [0x80001001].
06-04 09:07:28.946 362 362 E omx_vdec: : erro: pParamData->nIndex > m_sPortFormatType.nIndex
06-04 09:07:28.946 362 362 W omx_vdec: <__AwOmxVdecGetExtensionIndex:1737>: GetExtensionIndex OMX.google.android.index.describeColorFormat, err [0x80001001].
06-04 09:07:28.946 362 362 W omx_vdec: <__AwOmxVdecGetExtensionIndex:1737>: GetExtensionIndex OMX.google.android.index.describeColorFormat2, err [0x80001001].
06-04 09:07:28.946 362 362 E omx_vdec: : erro: pParamData->nIndex > m_sPortFormatType.nIndex
06-04 09:07:28.946 362 362 W omx_vdec: <__AwOmxVdecGetExtensionIndex:1737>: GetExtensionIndex OMX.google.android.index.describeColorFormat, err [0x80001001].
06-04 09:07:28.946 362 362 W omx_vdec: <__AwOmxVdecGetExtensionIndex:1737>: GetExtensionIndex OMX.google.android.index.describeColorFormat2, err [0x80001001].
06-04 09:07:28.946 362 362 E omx_vdec: : erro: pParamData->nIndex > m_sPortFormatType.nIndex
06-04 09:07:28.946 362 362 W omx_vdec: <__AwOmxVdecGetExtensionIndex:1737>: GetExtensionIndex OMX.google.android.index.describeColorFormat, err [0x80001001].
06-04 09:07:28.946 362 362 W omx_vdec: <__AwOmxVdecGetExtensionIndex:1737>: GetExtensionIndex OMX.google.android.index.describeColorFormat2, err [0x80001001].
06-04 09:07:28.946 362 362 E omx_vdec: : erro: pParamData->nIndex > m_sPortFormatType.nIndex
06-04 09:07:28.947 362 362 W omx_vdec: <__AwOmxVdecGetExtensionIndex:1737>: GetExtensionIndex OMX.google.android.index.describeColorFormat, err [0x80001001].
06-04 09:07:28.947 362 362 W omx_vdec: <__AwOmxVdecGetExtensionIndex:1737>: GetExtensionIndex OMX.google.android.index.describeColorFormat2, err [0x80001001].
06-04 09:07:28.947 362 362 E omx_vdec: : erro: pParamData->nIndex > m_sPortFormatType.nIndex
06-04 09:07:28.947 362 362 W omx_vdec: <__AwOmxVdecGetExtensionIndex:1737>: GetExtensionIndex OMX.google.android.index.describeColorFormat, err [0x80001001].
06-04 09:07:28.947 362 362 W omx_vdec: <__AwOmxVdecGetExtensionIndex:1737>: GetExtensionIndex OMX.google.android.index.describeColorFormat2, err [0x80001001].
06-04 09:07:28.947 362 362 E omx_vdec: : erro: pParamData->nIndex > m_sPortFormatType.nIndex
06-04 09:07:28.947 362 362 W omx_vdec: <__AwOmxVdecGetExtensionIndex:1737>: GetExtensionIndex OMX.google.android.index.describeColorFormat, err [0x80001001].
06-04 09:07:28.947 362 362 W omx_vdec: <__AwOmxVdecGetExtensionIndex:1737>: GetExtensionIndex OMX.google.android.index.describeColorFormat2, err [0x80001001].
06-04 09:07:28.947 362 362 E omx_vdec: : erro: pParamData->nIndex > m_sPortFormatType.nIndex
06-04 09:07:28.948 362 362 W omx_vdec: <__AwOmxVdecGetExtensionIndex:1737>: GetExtensionIndex OMX.google.android.index.describeColorFormat, err [0x80001001].
06-04 09:07:28.948 362 362 W omx_vdec: <__AwOmxVdecGetExtensionIndex:1737>: GetExtensionIndex OMX.google.android.index.describeColorFormat2, err [0x80001001].
06-04 09:07:28.948 362 362 E omx_vdec: : erro: pParamData->nIndex > m_sPortFormatType.nIndex
06-04 09:07:28.948 362 362 W omx_vdec: <__AwOmxVdecGetExtensionIndex:1737>: GetExtensionIndex OMX.google.android.index.describeColorFormat, err [0x80001001].
06-04 09:07:28.948 362 362 W omx_vdec: <__AwOmxVdecGetExtensionIndex:1737>: GetExtensionIndex OMX.google.android.index.describeColorFormat2, err [0x80001001].
06-04 09:07:28.948 362 362 E omx_vdec: : erro: pParamData->nIndex > m_sPortFormatType.nIndex
06-04 09:07:28.948 362 362 W omx_vdec: <__AwOmxVdecGetExtensionIndex:1737>: GetExtensionIndex OMX.google.android.index.describeColorFormat, err [0x80001001].
06-04 09:07:28.948 362 362 W omx_vdec: <__AwOmxVdecGetExtensionIndex:1737>: GetExtensionIndex OMX.google.android.index.describeColorFormat2, err [0x80001001].
06-04 09:07:28.949 362 362 E omx_vdec: : erro: pParamData->nIndex > m_sPortFormatType.nIndex
06-04 09:07:28.949 362 362 W omx_vdec: <__AwOmxVdecGetExtensionIndex:1737>: GetExtensionIndex OMX.google.android.index.describeColorFormat, err [0x80001001].
06-04 09:07:28.949 362 362 W omx_vdec: <__AwOmxVdecGetExtensionIndex:1737>: GetExtensionIndex OMX.google.android.index.describeColorFormat2, err [0x80001001].
06-04 09:07:28.949 362 362 E omx_vdec: : erro: pParamData->nIndex > m_sPortFormatType.nIndex
06-04 09:07:28.949 362 362 W omx_vdec: <__AwOmxVdecGetExtensionIndex:1737>: GetExtensionIndex OMX.google.android.index.describeColorFormat, err [0x80001001].
06-04 09:07:28.949 362 362 W omx_vdec: <__AwOmxVdecGetExtensionIndex:1737>: GetExtensionIndex OMX.google.android.index.describeColorFormat2, err [0x80001001].
06-04 09:07:28.949 362 362 E omx_vdec: : erro: pParamData->nIndex > m_sPortFormatType.nIndex
06-04 09:07:28.949 362 362 W omx_vdec: <__AwOmxVdecGetExtensionIndex:1737>: GetExtensionIndex OMX.google.android.index.describeColorFormat, err [0x80001001].
06-04 09:07:28.949 362 362 W omx_vdec: <__AwOmxVdecGetExtensionIndex:1737>: GetExtensionIndex OMX.google.android.index.describeColorFormat2, err [0x80001001].
06-04 09:07:28.950 362 362 E omx_vdec: : erro: pParamData->nIndex > m_sPortFormatType.nIndex
06-04 09:07:28.950 362 362 W omx_vdec: <__AwOmxVdecGetExtensionIndex:1737>: GetExtensionIndex OMX.google.android.index.describeColorFormat, err [0x80001001].
06-04 09:07:28.950 362 362 W omx_vdec: <__AwOmxVdecGetExtensionIndex:1737>: GetExtensionIndex OMX.google.android.index.describeColorFormat2, err [0x80001001].
06-04 09:07:28.950 362 362 E omx_vdec: : erro: pParamData->nIndex > m_sPortFormatType.nIndex
06-04 09:07:28.950 362 362 W omx_vdec: <__AwOmxVdecGetExtensionIndex:1737>: GetExtensionIndex OMX.google.android.index.describeColorFormat, err [0x80001001].
06-04 09:07:28.950 362 362 W omx_vdec: <__AwOmxVdecGetExtensionIndex:1737>: GetExtensionIndex OMX.google.android.index.describeColorFormat2, err [0x80001001].
06-04 09:07:28.951 362 362 E omx_vdec: : erro: pParamData->nIndex > m_sPortFormatType.nIndex
06-04 09:07:28.951 362 362 W omx_vdec: <__AwOmxVdecGetExtensionIndex:1737>: GetExtensionIndex OMX.google.android.index.describeColorFormat, err [0x80001001].
06-04 09:07:28.951 362 362 W omx_vdec: <__AwOmxVdecGetExtensionIndex:1737>: GetExtensionIndex OMX.google.android.index.describeColorFormat2, err [0x80001001].
06-04 09:07:28.951 362 362 E omx_vdec: : erro: pParamData->nIndex > m_sPortFormatType.nIndex
06-04 09:07:28.951 362 362 W omx_vdec: <__AwOmxVdecGetExtensionIndex:1737>: GetExtensionIndex OMX.google.android.index.describeColorFormat, err [0x80001001].
06-04 09:07:28.951 362 362 W omx_vdec: <__AwOmxVdecGetExtensionIndex:1737>: GetExtensionIndex OMX.google.android.index.describeColorFormat2, err [0x80001001].
06-04 09:07:28.952 362 362 E omx_vdec: : erro: pParamData->nIndex > m_sPortFormatType.nIndex
06-04 09:07:28.952 362 362 W omx_vdec: <__AwOmxVdecGetExtensionIndex:1737>: GetExtensionIndex OMX.google.android.index.describeColorFormat, err [0x80001001].
06-04 09:07:28.952 362 362 W omx_vdec: <__AwOmxVdecGetExtensionIndex:1737>: GetExtensionIndex OMX.google.android.index.describeColorFormat2, err [0x80001001].
06-04 09:07:28.952 362 362 E omx_vdec: : erro: pParamData->nIndex > m_sPortFormatType.nIndex
06-04 09:07:28.952 362 362 W omx_vdec: <__AwOmxVdecGetExtensionIndex:1737>: GetExtensionIndex OMX.google.android.index.describeColorFormat, err [0x80001001].
06-04 09:07:28.952 362 362 W omx_vdec: <__AwOmxVdecGetExtensionIndex:1737>: GetExtensionIndex OMX.google.android.index.describeColorFormat2, err [0x80001001].
06-04 09:07:28.952 362 362 E omx_vdec: : erro: pParamData->nIndex > m_sPortFormatType.nIndex
06-04 09:07:28.952 362 362 W omx_vdec: <__AwOmxVdecGetExtensionIndex:1737>: GetExtensionIndex OMX.google.android.index.describeColorFormat, err [0x80001001].
06-04 09:07:28.952 362 362 W omx_vdec: <__AwOmxVdecGetExtensionIndex:1737>: GetExtensionIndex OMX.google.android.index.describeColorFormat2, err [0x80001001].
06-04 09:07:28.953 362 362 E omx_vdec: : erro: pParamData->nIndex > m_sPortFormatType.nIndex
06-04 09:07:28.953 362 362 W omx_vdec: <__AwOmxVdecGetExtensionIndex:1737>: GetExtensionIndex OMX.google.android.index.describeColorFormat, err [0x80001001].
06-04 09:07:28.953 362 362 W omx_vdec: <__AwOmxVdecGetExtensionIndex:1737>: GetExtensionIndex OMX.google.android.index.describeColorFormat2, err [0x80001001].
06-04 09:07:28.953 362 362 E omx_vdec: : erro: pParamData->nIndex > m_sPortFormatType.nIndex
06-04 09:07:28.953 362 362 W omx_vdec: <__AwOmxVdecGetExtensionIndex:1737>: GetExtensionIndex OMX.google.android.index.describeColorFormat, err [0x80001001].
06-04 09:07:28.953 362 362 W omx_vdec: <__AwOmxVdecGetExtensionIndex:1737>: GetExtensionIndex OMX.google.android.index.describeColorFormat2, err [0x80001001].
06-04 09:07:28.953 362 362 E omx_vdec: : erro: pParamData->nIndex > m_sPortFormatType.nIndex
06-04 09:07:28.953 362 362 W omx_vdec: <__AwOmxVdecGetExtensionIndex:1737>: GetExtensionIndex OMX.google.android.index.describeColorFormat, err [0x80001001].
06-04 09:07:28.954 362 362 W omx_vdec: <__AwOmxVdecGetExtensionIndex:1737>: GetExtensionIndex OMX.google.android.index.describeColorFormat2, err [0x80001001].
06-04 09:07:28.954 362 362 E omx_vdec: : erro: pParamData->nIndex > m_sPortFormatType.nIndex
06-04 09:07:28.954 362 362 W omx_vdec: <__AwOmxVdecGetExtensionIndex:1737>: GetExtensionIndex OMX.google.android.index.describeColorFormat, err [0x80001001].
06-04 09:07:28.954 362 362 W omx_vdec: <__AwOmxVdecGetExtensionIndex:1737>: GetExtensionIndex OMX.google.android.index.describeColorFormat2, err [0x80001001].
06-04 09:07:28.954 362 362 E omx_vdec: : erro: pParamData->nIndex > m_sPortFormatType.nIndex
06-04 09:07:28.954 362 362 W omx_vdec: <__AwOmxVdecGetExtensionIndex:1737>: GetExtensionIndex OMX.google.android.index.describeColorFormat, err [0x80001001].
06-04 09:07:28.954 362 362 W omx_vdec: <__AwOmxVdecGetExtensionIndex:1737>: GetExtensionIndex OMX.google.android.index.describeColorFormat2, err [0x80001001].
06-04 09:07:28.954 356 472 W ACodec : [OMX.allwinner.video.decoder.vp8] stopping checking formats after 32: COLOR_FormatYUV420Planar(13)
06-04 09:07:28.954 362 362 W omx_vdec: <__AwOmxVdecGetExtensionIndex:1737>: GetExtensionIndex OMX.google.android.index.configureVideoTunnelMode, err [0x80001001].
06-04 09:07:28.954 362 362 E OMXNodeInstance: getExtensionIndex(0xf6040000:allwinner.decoder.vp8, OMX.google.android.index.configureVideoTunnelMode) ERROR: Undefined(0x80001001)
06-04 09:07:28.954 356 472 D MediaCodecInfo: detail feature-tunneled-playback wasn't present to remove
06-04 09:07:28.955 362 362 W omx_vdec: <__AwOmxVdecGetExtensionIndex:1737>: GetExtensionIndex OMX.google.android.index.storeANWBufferInMetadata, err [0x80001001].
06-04 09:07:28.955 362 362 W omx_vdec_aw: <__anSetExtPara:3011>: Setparameter: unknown param 2131755011
06-04 09:07:28.955 362 362 W OMXNodeInstance: [0xf6040000:allwinner.decoder.vp8] component does not support metadata mode; using fallback
06-04 09:07:28.955 362 794 W libc : invalid pthread_t (0) passed to pthread_join
06-04 09:07:28.955 362 794 W libc : invalid pthread_t (0) passed to pthread_join
06-04 09:07:28.955 362 794 W libc : invalid pthread_t (0) passed to pthread_join
06-04 09:07:28.957 356 472 I OMXClient: IOmx service obtained
06-04 09:07:28.958 362 362 I OMXStore: makeComponentInstance(OMX.allwinner.video.decoder.vp9) in android.hardwar process
06-04 09:07:28.959 362 362 I omx_vdec_aw: : OmxDecoderCreate.
06-04 09:07:28.960 362 362 W omx_vdec: <__AwOmxVdecSetParameter:1561>: Set Parameter called in valid state
06-04 09:07:28.960 362 362 W omx_vdec: : OMX_IndexParamVideoProfileLevelQuerySupported, Format[0xa] not support
06-04 09:07:28.960 362 362 E OMXNodeInstance: getParameter(0xf6040000:allwinner.decoder.vp9, ParamVideoProfileLevelQuerySupported(0x600000f)) ERROR: BadParameter(0x80001005)
06-04 09:07:28.961 362 362 W omx_vdec: <__AwOmxVdecGetExtensionIndex:1737>: GetExtensionIndex OMX.google.android.index.describeColorFormat, err [0x80001001].
06-04 09:07:28.961 362 362 W omx_vdec: <__AwOmxVdecGetExtensionIndex:1737>: GetExtensionIndex OMX.google.android.index.describeColorFormat2, err [0x80001001].
06-04 09:07:28.961 362 362 E omx_vdec: : erro: pParamData->nIndex > m_sPortFormatType.nIndex
06-04 09:07:28.961 362 362 W omx_vdec: <__AwOmxVdecGetExtensionIndex:1737>: GetExtensionIndex OMX.google.android.index.describeColorFormat, err [0x80001001].
06-04 09:07:28.961 362 362 W omx_vdec: <__AwOmxVdecGetExtensionIndex:1737>: GetExtensionIndex OMX.google.android.index.describeColorFormat2, err [0x80001001].
06-04 09:07:28.961 362 362 E omx_vdec: : erro: pParamData->nIndex > m_sPortFormatType.nIndex
06-04 09:07:28.961 362 362 W omx_vdec: <__AwOmxVdecGetExtensionIndex:1737>: GetExtensionIndex OMX.google.android.index.describeColorFormat, err [0x80001001].
