06-04 09:07:31.531 517 517 V NotificationAssistants: enabling notification assistant for 0: ComponentInfo{android.ext.services/android.ext.services.notification.Assistant}
06-04 09:07:31.531 517 517 V NotificationAssistants: Not registering ComponentInfo{android.ext.services/android.ext.services.notification.Assistant} is already bound
06-04 09:07:31.532 1 1 I /system/bin/init: type=1107 audit(0.0:353): uid=0 auid=4294967295 ses=4294967295 subj=u:r:init:s0 msg='avc: denied { set } for property=rw.vendor.bluetooth.fw.ver pid=252 uid=1002 gid=1002 scontext=u:r:hal_bluetooth_default:s0 tcontext=u:object_r:default_prop:s0 tclass=property_service permissive=1'
06-04 09:07:31.535 252 1002 I bt_chip_vendor: yujian.qin marlin3_rf_preload
06-04 09:07:31.535 252 1002 D bt_vnd_hci: sprd_vnd_send_hci_vsc a2 fc fc 00 e0 00 e0 00 e0 00 e0 00 e0 00 e0 15 41 15 3a 15 34 15 2e 15 27 15 21 15 1a 15 13 15 0d 15 07 15 3b 15 37 15 33 15 2f 15 2b 15 27 15 23 15 1f 15 1b 15 17 15 13 15 0f 15 0b 15 08 15 04 15 00 15 09 15 09 15 08 15 08 15 08 15 08 15 07 15 07 15 0d 15 0d 15 0c 15 0c 15 0b 15 0b 15 0b 15 0b 15 10 15 10 15 0f 15 0f 15 0f 15 0f 15 0f 15 0f 00 e0 00 e0 00 e0 00 e0 00 e0 00 e0 15 4d 15 46 15 3d 15 36 15 2d 15 26 15 1f 15 18 15 0f 15 08 15 4b 15 4b 15 4b 15 4b 15 4b 15 46 15 40 15 3b 15 36 15 30 15 2b 15 26 15 20 15 1a 15 14 15 0e 15 09 15 09 15 08 15 08 15 08 15 08 15 07 15 07 15 0d 15 0d 15 0c 15 0c 15 0b 15 0b 15 0b 15 0b 15 10 15 10 15 0f 15 0f 15 0f 15 0f 15 0f 15 0f 00 00 ff ff 01 00 00 55 44 43 5f 55 55 c8 55 55 55 55 55 55 55 55 55 55 55 55 55 55
06-04 09:07:31.539 348 348 D incidentd: WorkDirectory::getReports
06-04 09:07:31.549 252 1002 I bt_chip_vendor: hw_rf_cback hw_core_cback response: [0xFCA2, 0x0000, 0x00]
06-04 09:07:31.549 252 1002 I bt_chip_vendor: hw_core_enable
06-04 09:07:31.549 252 1002 I bt_chip_vendor: hw_core_enable : 1
06-04 09:07:31.549 252 1002 E bt_upio : upio_set : /proc/bluetooth/sleep/btwrite(-1) incorrent
06-04 09:07:31.551 252 1002 I bt_chip_vendor: hw_core_cback hw_core_cback response: [0xFCA1, 0x0000, 0x01]
06-04 09:07:31.551 252 1002 D android.hardware.bluetooth@1.0-impl: OnFirmwareConfigured result: 0
06-04 09:07:31.551 252 1002 I android.hardware.bluetooth@1.0-impl: Firmware configured in 0.025s
06-04 09:07:31.552 252 1002 I android.hardware.bluetooth@1.0-impl: OnFirmwareConfigured: lpm_timeout_ms 1500
06-04 09:07:31.552 724 999 I bt_hci : system/bt/hci/src/hci_layer.cc:367 event_finish_startup: event_finish_startup
06-04 09:07:31.552 252 1002 D android.hardware.bluetooth@1.0-impl: low_power_mode_cb result: 0
06-04 09:07:31.552 252 1002 D android.hardware.bluetooth@1.0-impl: OnFirmwareConfigured Calling StartLowPowerWatchdog()
06-04 09:07:31.552 724 826 I bt_core_module: system/bt/btcore/src/module.cc:90 module_start_up: module_start_up Started module "hci_module"
06-04 09:07:31.552 724 826 I bt_l2cap: system/bt/stack/l2cap/l2c_api.cc:134 L2CA_Register: L2CAP Registered service classic PSM: 0x0001
06-04 09:07:31.552 724 826 I bt_l2cap: system/bt/stack/l2cap/l2c_api.cc:134 L2CA_Register: L2CAP Registered service classic PSM: 0x001f
06-04 09:07:31.552 724 826 I bluetooth: system/bt/stack/gatt/gatt_api.cc:1019 GATT_Register: Allocated name:GattProfileDb uuid:81818181-8181-8181-8181-818181818181 gatt_if:1 eatt_support:0
06-04 09:07:31.557 724 826 I droid.bluetoot: [0604/090731.556951:INFO:gatt_api.cc(179)] GATTS_AddService
06-04 09:07:31.559 724 826 I droid.bluetoot: [0604/090731.557447:INFO:gatt_api.cc(288)] GATTS_AddService: service parsed correctly, now starting
06-04 09:07:31.559 724 826 I droid.bluetoot: [0604/090731.559479:INFO:gatt_sr_hash.cc(124)] gatts_calculate_database_hash: hash=80AEB10BC70DCCEFA207489DCED98FED
06-04 09:07:31.559 724 826 I bt_l2cap: system/bt/stack/l2cap/l2c_api.cc:434 L2CA_RegisterLECoc: Registered service LE COC PSM: 0x0027
06-04 09:07:31.559 724 826 I bt_l2cap: system/bt/stack/l2cap/l2c_api.cc:134 L2CA_Register: L2CAP Registered service classic PSM: 0x0003
06-04 09:07:31.565 724 826 I bluetooth: system/bt/stack/gatt/gatt_api.cc:1019 GATT_Register: Allocated name:Gap uuid:82828282-8282-8282-8282-828282828282 gatt_if:2 eatt_support:0
06-04 09:07:31.565 724 826 I droid.bluetoot: [0604/090731.565333:INFO:gatt_api.cc(179)] GATTS_AddService
06-04 09:07:31.565 724 826 I droid.bluetoot: [0604/090731.565497:INFO:gatt_api.cc(288)] GATTS_AddService: service parsed correctly, now starting
06-04 09:07:31.565 724 826 I droid.bluetoot: [0604/090731.565614:INFO:gatt_sr_hash.cc(124)] gatts_calculate_database_hash: hash=8991C462EBE9D90B9EA0DA3E16D0F513
06-04 09:07:31.569 724 826 I bt_bte : system/bt/main/bte_logmsg.cc:248 load_levels_from_config: BTE_InitTraceLevels -- TRC_HCI : Level 2
06-04 09:07:31.569 724 826 I bt_bte : system/bt/main/bte_logmsg.cc:248 load_levels_from_config: BTE_InitTraceLevels -- TRC_L2CAP : Level 2
06-04 09:07:31.569 724 826 I bt_bte : system/bt/main/bte_logmsg.cc:248 load_levels_from_config: BTE_InitTraceLevels -- TRC_RFCOMM : Level 2
06-04 09:07:31.569 724 826 I bt_bte : system/bt/main/bte_logmsg.cc:248 load_levels_from_config: BTE_InitTraceLevels -- TRC_AVDT : Level 2
06-04 09:07:31.569 724 826 I bt_bte : system/bt/main/bte_logmsg.cc:248 load_levels_from_config: BTE_InitTraceLevels -- TRC_AVRC : Level 2
06-04 09:07:31.569 724 826 I bt_bte : system/bt/main/bte_logmsg.cc:248 load_levels_from_config: BTE_InitTraceLevels -- TRC_A2D : Level 2
06-04 09:07:31.569 724 826 I bt_bte : system/bt/main/bte_logmsg.cc:248 load_levels_from_config: BTE_InitTraceLevels -- TRC_BNEP : Level 2
06-04 09:07:31.569 724 826 I bt_bte : system/bt/main/bte_logmsg.cc:248 load_levels_from_config: BTE_InitTraceLevels -- TRC_BTM : Level 2
06-04 09:07:31.569 724 826 I bt_bte : system/bt/main/bte_logmsg.cc:248 load_levels_from_config: BTE_InitTraceLevels -- TRC_HID_HOST : Level 2
06-04 09:07:31.569 724 826 I bt_bte : system/bt/main/bte_logmsg.cc:248 load_levels_from_config: BTE_InitTraceLevels -- TRC_PAN : Level 2
06-04 09:07:31.569 724 826 I bt_bte : system/bt/main/bte_logmsg.cc:248 load_levels_from_config: BTE_InitTraceLevels -- TRC_SDP : Level 2
06-04 09:07:31.569 724 826 I bt_bte : system/bt/main/bte_logmsg.cc:248 load_levels_from_config: BTE_InitTraceLevels -- TRC_SMP : Level 2
06-04 09:07:31.570 724 826 I bt_bte : system/bt/main/bte_logmsg.cc:248 load_levels_from_config: BTE_InitTraceLevels -- TRC_HID_DEV : Level 2
06-04 09:07:31.570 724 826 I bt_bte : system/bt/main/bte_logmsg.cc:248 load_levels_from_config: BTE_InitTraceLevels -- TRC_BTAPP : Level 2
06-04 09:07:31.570 724 826 I bt_bte : system/bt/main/bte_logmsg.cc:248 load_levels_from_config: BTE_InitTraceLevels -- TRC_BTIF : Level 2
06-04 09:07:31.582 724 1005 I bt_stack: [INFO:message_loop_thread.cc(224)] Run: message loop starting for thread bt_main_thread
06-04 09:07:31.583 724 826 I bt_core_module: system/bt/btcore/src/module.cc:85 module_start_up: module_start_up Starting module "controller_module"
06-04 09:07:31.609 394 394 E : recv_kernel_event address b4:2f:03:15:a3:36
06-04 09:07:31.626 517 561 D CompatibilityChangeReporter: Compat change id reported: 158002302; UID 10063; state: ENABLED
06-04 09:07:31.626 739 739 V WallpaperService: Setting wallpaper dimming: 0
06-04 09:07:31.639 517 517 I ConnectivityModuleConnector: Networking module service connected
06-04 09:07:31.639 517 517 I ConnectivityModuleConnector: Networking module service connected
06-04 09:07:31.642 186 186 I hwservicemanager: getTransport: Cannot find entry android.hardware.configstore@1.0::ISurfaceFlingerConfigs/default in either framework or device VINTF manifest.
06-04 09:07:31.648 264 264 I EventThread: type=1400 audit(0.0:354): avc: denied { search } for name="extcon" dev="sysfs" ino=18109 scontext=u:r:hal_tv_cec_default:s0 tcontext=u:object_r:sysfs_extcon:s0 tclass=dir permissive=1
06-04 09:07:31.662 517 517 D ConditionProviders.SCP: onSubscribe condition://android/schedule?days=1.2.3.4.5.6.7&start=22.0&end=7.0&exitAtAlarm=true
06-04 09:07:31.663 517 517 D ConditionProviders.SCP: setRegistered true
06-04 09:07:31.644 739 899 D EglHelper: createEglContext start
06-04 09:07:31.674 739 899 D EglHelper: createEglContext done
06-04 09:07:31.674 739 899 D EglHelper: createEglSurface start
06-04 09:07:31.677 517 668 I WifiClientModeImpl[wlan0]: disconnectedstate enter
06-04 09:07:31.680 517 668 D WifiClientModeImpl[wlan0]: setupClientMode() ifacename = wlan0
06-04 09:07:31.685 251 251 V audio_hw_primary: adev_set_parameters, A2dpSuspended=false
06-04 09:07:31.688 917 1006 E IpClient.wlan0: Failed to set accept_ra to 2
06-04 09:07:31.687 739 899 D EglHelper: createEglSurface done
06-04 09:07:31.690 251 251 V audio_hw_primary: adev_set_parameters, BT_SCO=off
06-04 09:07:31.691 517 686 I AS.AudioDeviceInventory: removePreferredDevicesForStrategySync, strategy: 14
06-04 09:07:31.695 517 517 D ConditionProviders.SCP: evaluateSubscriptionLocked cal=ScheduleCalendar[mDays={1, 2, 3, 4, 5, 6, 7}, mSchedule=ScheduleInfo{days=[1, 2, 3, 4, 5, 6, 7], startHour=22, startMinute=0, endHour=7, endMinute=0, exitAtAlarm=true, nextAlarm=Thu Jan 01 08:00:00 GMT+08:00 1970 (0)}], now=Wed Jun 04 09:07:31 GMT+08:00 2025 (1748999251663), nextUserAlarmTime=Thu Jan 01 08:00:00 GMT+08:00 1970 (0)
06-04 09:07:31.696 517 517 D ConditionProviders.SCP: notifyCondition condition://android/schedule?days=1.2.3.4.5.6.7&start=22.0&end=7.0&exitAtAlarm=true STATE_FALSE reason=!meetsSchedule
06-04 09:07:31.700 517 517 D ConditionProviders.SCP: Scheduling evaluate for Wed Jun 04 22:00:00 GMT+08:00 2025 (1749045600000), in +12h52m28s337ms, now=Wed Jun 04 09:07:31 GMT+08:00 2025 (1748999251663)
06-04 09:07:31.702 517 681 W ActivityThread: Failed to find provider info for com.android.calendar (user not unlocked)
06-04 09:07:31.703 714 714 E WifiHAL : wifi_start_pkt_fate_monitoring: packet fate logging feature not supported 0
06-04 09:07:31.704 517 668 E WifiVendorHal: startPktFateMonitoring(l.2352) failed {.code = ERROR_NOT_SUPPORTED, .description = }
06-04 09:07:31.704 517 668 W WifiDiags: Failed to start packet fate monitoring
06-04 09:07:31.705 714 714 E WifiHAL : wifi_get_driver_version: Error -5 happened.
06-04 09:07:31.705 714 714 E android.hardware.wifi@1.0-service-lazy: Failed to get driver version: INVALID_ARGS
06-04 09:07:31.706 517 668 E WifiVendorHal: requestChipDebugInfo(l.2167) failed {.code = ERROR_INVALID_ARGS, .description = failed to get driver version}
06-04 09:07:31.707 517 668 I WifiVendorHal: Driver: null Firmware: null
06-04 09:07:31.708 714 714 E WifiHAL : wifi_get_driver_version: Error -5 happened.
06-04 09:07:31.708 714 714 E android.hardware.wifi@1.0-service-lazy: Failed to get driver version: INVALID_ARGS
06-04 09:07:31.708 517 681 W ActivityThread: Failed to find provider info for com.android.calendar (user not unlocked)
06-04 09:07:31.720 517 668 E WifiVendorHal: requestChipDebugInfo(l.2167) failed {.code = ERROR_INVALID_ARGS, .description = failed to get driver version}
06-04 09:07:31.721 517 668 I WifiVendorHal: Driver: null Firmware: null
06-04 09:07:31.726 714 714 E WifiHAL : wifi_get_ring_buffers_status: Ring buffer logging feature not supported 0
06-04 09:07:31.728 517 668 E WifiVendorHal: getRingBufferStatus(l.2244) failed {.code = ERROR_NOT_SUPPORTED, .description = }
06-04 09:07:31.732 517 668 W WifiDiags: no ring buffers found
06-04 09:07:31.732 517 668 D WifiDiags: startLogging() iface list is {wlan0} after adding wlan0
06-04 09:07:31.780 963 963 D CompatibilityChangeReporter: Compat change id reported: 171228096; UID 10020; state: ENABLED
06-04 09:07:31.806 264 264 D hdmi-cec: cec physical address: 3.0.0.0
06-04 09:07:31.806 264 264 D hdmi-cec: cec physical address: 3.0.0.0
06-04 09:07:31.807 264 264 D hdmi-cec: cec physical address: 3.0.0.0
06-04 09:07:31.807 264 264 D hdmi-cec: addLogicalAddress (4)
06-04 09:07:31.807 264 264 D hdmi-cec: cec physical address: 3.0.0.0
06-04 09:07:31.819 517 517 D AutofillManagerService: Restriction did not change for user 0
06-04 09:07:31.838 517 517 W Looper : Drained
06-04 09:07:31.873 963 963 V MediaPlayer: resetDrmState: mDrmInfo=null mDrmProvisioningThread=null mPrepareDrmInProgress=false mActiveDrmScheme=false
06-04 09:07:31.874 963 963 V MediaPlayer: cleanDrmObj: mDrmObj=null mDrmSessionId=null
06-04 09:07:31.877 739 899 V WallpaperService: Setting wallpaper dimming: 0.05
06-04 09:07:31.894 517 527 I system_server: Background young concurrent copying GC freed 287142(9573KB) AllocSpace objects, 46(3344KB) LOS objects, 61% free, 8066KB/20MB, paused 4.345ms total 294.470ms
06-04 09:07:31.895 963 963 W ActivityThread: Failed to find provider info for media (user not unlocked)
06-04 09:07:31.897 517 529 W System : A resource failed to call release.
06-04 09:07:31.897 517 529 W System : A resource failed to call release.
06-04 09:07:31.900 356 356 D MediaPlayerFactory: Initialize getpersist = 0 value=
06-04 09:07:31.901 356 356 D awplayer: : AwPlayer construct.
06-04 09:07:31.901 356 356 D awplayer: : XPlayerCreate.
06-04 09:07:31.901 356 356 D awplayer: :
06-04 09:07:31.901 356 356 D awplayer: >>>>>>>>>>>>>>>>>>>>>>>>>>>>>>> CedarX <<<<<<<<<<<<<<<<<<<<<<<<<<<<<<<
06-04 09:07:31.901 356 356 D awplayer: tag : CedarX-2.8.0
06-04 09:07:31.901 356 356 D awplayer: branch: master
06-04 09:07:31.901 356 356 D awplayer: commit: 967535b8ff6a073cb4f38e85a4ae5fa6008014d8
06-04 09:07:31.901 356 356 D awplayer: date : Mon, 15 May 2017 01:30:22 +0000 (09:30 +0800)
06-04 09:07:31.901 356 356 D awplayer: author:
06-04 09:07:31.901 356 356 D awplayer: ----------------------------------------------------------------------
06-04 09:07:31.902 517 559 W IorapForwardingService: No service published for: iorapd
06-04 09:07:31.903 356 1036 D awplayer: : ==== process message XPLAYER_COMMAND_SET_SUBCTRL.
06-04 09:07:31.903 356 356 D awplayer: : set deinterlace
06-04 09:07:31.903 356 1036 D awplayer: : ==== process message XPLAYER_COMMAND_SET_SUBCTRL.
06-04 09:07:31.909 356 356 D awplayer: : : init
06-04 09:07:31.909 356 1036 I awplayer: : process message XPLAYER_COMMAND_SET_SOURCE.
06-04 09:07:31.910 356 356 D awplayer: : prepare
06-04 09:07:31.910 356 1036 D awplayer: : process message XPLAYER_COMMAND_PREPARE. mPriData->mStatus: 1
06-04 09:07:31.910 356 1035 D demuxComponent: : process message DEMUX_COMMAND_PREPARE.
06-04 09:07:31.910 356 1035 D awplayer: : source uri 'fd://7?offset=6769160&length=13251'
06-04 09:07:31.910 356 1035 D awplayer: <__FileStreamConnect:463>: (8/6769160/13251) path:'file:///system/priv-app/dangbei-boot-guide/dangbei-boot-guide.apk'
06-04 09:07:31.913 186 186 I hwservicemanager: getTransport: Cannot find entry android.hardware.graphics.mapper@4.0::IMapper/default in either framework or device VINTF manifest.
06-04 09:07:31.913 739 899 I Gralloc4: mapper 4.x is not supported
06-04 09:07:31.913 186 186 I hwservicemanager: getTransport: Cannot find entry android.hardware.graphics.mapper@3.0::IMapper/default in either framework or device VINTF manifest.
06-04 09:07:31.913 739 899 W Gralloc3: mapper 3.x is not supported
06-04 09:07:31.917 739 899 E gralloc : Arm Module v1.0
06-04 09:07:31.918 186 186 I hwservicemanager: getTransport: Cannot find entry android.hardware.graphics.allocator@4.0::IAllocator/default in either framework or device VINTF manifest.
06-04 09:07:31.918 739 899 W Gralloc4: allocator 4.x is not supported
06-04 09:07:31.918 186 186 I hwservicemanager: getTransport: Cannot find entry android.hardware.graphics.allocator@3.0::IAllocator/default in either framework or device VINTF manifest.
06-04 09:07:31.919 739 899 W Gralloc3: allocator 3.x is not supported
06-04 09:07:31.922 356 1035 E awplayer: <__FlacParserProbe:1096>: Flac probe failed.
06-04 09:07:31.922 356 1035 D awplayer: : Wav parser : skipped ID3 tag, new starting offset is 291 (0x0000000000000123)
06-04 09:07:31.922 356 1035 D awplayer: : Wav parser : this is ID3 first : 291
06-04 09:07:31.922 356 1035 D awplayer: <__WvParserProbe:575>: __WvParserProbe: I
06-04 09:07:31.922 356 1035 D awplayer: <__WvParserProbe:575>: __WvParserProbe: D
06-04 09:07:31.922 356 1035 D awplayer: <__WvParserProbe:575>: __WvParserProbe: 3
06-04 09:07:31.922 356 1035 D awplayer: <__WvParserProbe:575>: __WvParserProbe: 
06-04 09:07:31.922 356 1035 E awplayer: <__CafParserProbe:567>: Caf probe failed.
06-04 09:07:31.922 356 1035 E awplayer: <__G729ParserProbe:290>: g729 SYNC_WORD probe failed.
06-04 09:07:31.922 356 1035 W awplayer: : audio probe fail!!!
06-04 09:07:31.922 356 1035 I awplayer: <__AiffParserProbe:805>: wav probe failed.
06-04 09:07:31.923 356 1035 D awplayer: : Good, it's 'id3v2'
06-04 09:07:31.923 356 1035 E awplayer: <__FlacParserProbe:1096>: Flac probe failed.
06-04 09:07:31.923 356 1035 D awplayer: : Good, it's 'mp3'
06-04 09:07:31.923 257 292 I gralloc : alloc buffer:W:1920 H:1080 S:1920 PL[1920 1080] SZ:8294400 fmt:43 if:0 af:43 usg:20000b00 fg:00000004
06-04 09:07:31.923 356 1035 W awplayer: : not implement...(18)
06-04 09:07:31.923 356 1035 D awplayer: : *********PrintMediaInfo begin*********
06-04 09:07:31.923 356 1035 D awplayer: : fileSize = 13251, bSeekable = 1, duration = 2124, audioNum = 1, videoNum = 0, subtitleNum = 0
06-04 09:07:31.923 356 1035 D awplayer: : ***Audio[0]*** eCodecFormat = 0x3, eSubCodecFormat = 0x0, nChannelNum = 1, nBitsPerSample = 0, nSampleRate = 16000
06-04 09:07:31.923 356 1035 D awplayer: : *********PrintMediaInfo end*********
06-04 09:07:31.924 356 1035 D demuxComponent: : *********PrintMediaInfo begin*********
06-04 09:07:31.924 356 1035 D demuxComponent: : fileSize = 13251, bSeekable = 1, duration = 2124, audioNum = 1, videoNum = 0, subtitleNum = 0
06-04 09:07:31.924 356 1035 D demuxComponent: : ***Audio[0]*** eCodecFormat = 0x3, eSubCodecFormat = 0x0, nChannelNum = 1, nBitsPerSample = 0, nSampleRate = 16000
06-04 09:07:31.924 356 1035 D demuxComponent: : *********PrintMediaInfo end*********
06-04 09:07:31.924 739 899 E ion : ioctl c0044901 failed with code -1: Inappropriate ioctl for device
06-04 09:07:31.928 356 1035 D awplayer: : audio render component setting AudioSink
06-04 09:07:31.929 356 853 D awplayer: : prepareAsync
06-04 09:07:31.929 356 853 D awplayer: : prepareAsync
06-04 09:07:31.930 356 1036 D awplayer: : process message XPLAYER_COMMAND_PREPARE. mPriData->mStatus: 4
06-04 09:07:31.932 356 356 I awplayer: : isPlaying
06-04 09:07:31.938 257 292 I gralloc : alloc buffer:W:1920 H:1080 S:1920 PL[1920 1080] SZ:8294400 fmt:43 if:0 af:43 usg:20000b00 fg:00000004
06-04 09:07:31.950 257 292 I gralloc : alloc buffer:W:1920 H:1080 S:1920 PL[1920 1080] SZ:8294400 fmt:43 if:0 af:43 usg:20000b00 fg:00000004
06-04 09:07:31.958 517 806 I ActivityStarter: ---START u0 {act=android.content.pm.action.REQUEST_PERMISSIONS pkg=com.android.permissioncontroller cmp=com.android.permissioncontroller/.permission.ui.GrantPermissionsActivity (has extras)} from uid 10020
06-04 09:07:31.970 517 806 D CompatibilityChangeReporter: Compat change id reported: 174042980; UID 10073; state: DISABLED
06-04 09:07:31.970 517 806 D CompatibilityChangeReporter: Compat change id reported: 184838306; UID 10073; state: DISABLED
06-04 09:07:31.971 517 806 D CompatibilityChangeReporter: Compat change id reported: 185004937; UID 10073; state: DISABLED
06-04 09:07:31.971 517 806 D CompatibilityChangeReporter: Compat change id reported: 181136395; UID 10073; state: DISABLED
06-04 09:07:31.971 517 806 D CompatibilityChangeReporter: Compat change id reported: 174042936; UID 10073; state: DISABLED
06-04 09:07:31.974 263 263 I AW_PowerHAL: Power setMode: LAUNCH to: 1
06-04 09:07:31.974 263 263 I AW_PowerHAL: not completed yet, ignore mode request other
06-04 09:07:32.114 517 599 D BluetoothManagerService: enable(com.dangbei.hqguide): mBluetooth =android.bluetooth.IBluetooth$Stub$Proxy@20c8961 mBinding = false mState = BLE_TURNING_ON
06-04 09:07:32.114 517 559 D BluetoothManagerService: MESSAGE_ENABLE(0): mBluetooth = android.bluetooth.IBluetooth$Stub$Proxy@20c8961
06-04 09:07:32.115 517 599 D BluetoothManagerService: enable returning
06-04 09:07:32.469 264 264 D hdmi-cec: cec physical address: 3.0.0.0
06-04 09:07:32.469 517 517 W Looper : Slow dispatch took 278ms main h=android.os.Handler c=com.android.server.hdmi.WorkSourceUidPreservingRunnable@88c2a42 m=0
06-04 09:07:32.476 517 560 W ActivityTaskManager: Activity top resumed state loss timeout for ActivityRecord{cb544e9 u0 com.dangbei.hqguide/.main.MainActivity t6}
06-04 09:07:32.476 517 560 W ActivityTaskManager: Activity pause timeout for ActivityRecord{cb544e9 u0 com.dangbei.hqguide/.main.MainActivity t6}
06-04 09:07:32.666 517 704 W HdmiCecController: Failed to send 45:7D with errorCode=1
06-04 09:07:32.667 739 739 D TvPipController: onTaskStackChanged()
06-04 09:07:32.791 374 374 I update_engine: [INFO:cleanup_previous_update_action.cc(112)] Executing task 11
06-04 09:07:32.797 374 374 I update_engine: [INFO:cleanup_previous_update_action.cc(124)] CleanupPreviousUpdateAction scheduled task ID 12 for WaitBootCompleted
06-04 09:07:32.903 517 559 W IorapForwardingService: No service published for: iorapd
06-04 09:07:33.337 714 714 E WifiHAL : wifi_get_link_stats: requestResponse Error:-5
06-04 09:07:33.338 517 668 E WifiVendorHal: getWifiLinkLayerStats_1_5_Internal(l.1191) failed {.code = ERROR_INVALID_ARGS, .description = }
06-04 09:07:33.344 517 668 D ApConfigUtil: Update Softap capability, add client control feature support
06-04 09:07:33.344 517 668 D ApConfigUtil: Update Softap capability, add MAC customization support
06-04 09:07:33.344 517 668 D ApConfigUtil: Update Softap capability, add 2.4G support
06-04 09:07:33.345 517 668 D ApConfigUtil: Update Softap capability, max client = 16
06-04 09:07:33.345 917 932 V WifiManager: SoftApCallbackProxy: send InfoChanged, newInfo: SoftApInfo{bandwidth= 0, frequency= 0, wifiStandard= 0, mApInstanceIdentifier= null, mIdleShutdownTimeoutMillis= 0}
06-04 09:07:33.345 917 932 V WifiManager: SoftApCallbackProxy: send InfoChanged, changedInfoList: []
06-04 09:07:33.345 917 932 V WifiManager: SoftApCallbackProxy: send onConnectedClientsChanged(clients): []
06-04 09:07:33.364 517 599 I WifiService: startScan uid=10020
06-04 09:07:33.365 714 714 E WifiHAL : wifi_get_link_stats: requestResponse Error:-5
06-04 09:07:33.366 517 668 E WifiVendorHal: getWifiLinkLayerStats_1_5_Internal(l.1191) failed {.code = ERROR_INVALID_ARGS, .description = }
06-04 09:07:33.368 517 573 W BatteryExternalStatsWorker: error reading modem stats:ERROR_PHONE_NOT_AVAILABLE
06-04 09:07:33.371 714 714 E WifiHAL : wifi_get_link_stats: requestResponse Error:-5
06-04 09:07:33.372 517 668 E WifiVendorHal: getWifiLinkLayerStats_1_5_Internal(l.1191) failed {.code = ERROR_INVALID_ARGS, .description = }
06-04 09:07:33.376 517 573 W KernelCpuProcStringReader: File not found. It's normal if not implemented: /proc/uid_time_in_state
06-04 09:07:33.377 517 573 W KernelCpuProcStringReader: File not found. It's normal if not implemented: /proc/uid_concurrent_active_time
06-04 09:07:33.377 517 573 W KernelCpuProcStringReader: File not found. It's normal if not implemented: /proc/uid_concurrent_policy_time
06-04 09:07:33.378 517 573 E KernelCpuSpeedReader: Failed to read cpu-freq: /sys/devices/system/cpu/cpu0/cpufreq/stats/time_in_state: open failed: ENOENT (No such file or directory)
06-04 09:07:33.378 517 573 E system_server: Cannot read thread CPU times for PID 517
06-04 09:07:33.448 724 826 I bt_core_module: system/bt/btcore/src/module.cc:90 module_start_up: module_start_up Started module "controller_module"
06-04 09:07:33.448 724 826 I bt_btm_pm: system/bt/stack/acl/btm_pm.cc:392 btm_pm_reset: reset pm
06-04 09:07:33.449 724 826 I btm_acl : system/bt/stack/acl/btm_acl.cc:654 check_link_policy: hold not supported (settings: 0x000d)
06-04 09:07:33.449 724 826 I btm_acl : system/bt/stack/acl/btm_acl.cc:664 check_link_policy: park not supported (settings: 0x0005)
06-04 09:07:33.449 724 826 I bt_btm_sec: system/bt/stack/btm/btm_sec.cc:225 BTM_SecRegister: BTM_SecRegister p_cb_info->p_le_callback == 0x0xc5fba785
06-04 09:07:33.449 724 826 I bt_btm_sec: system/bt/stack/btm/btm_sec.cc:240 BTM_SecRegister: BTM_SecRegister btm_cb.api.p_le_callback = 0x0xc5fba785
06-04 09:07:33.450 724 1005 I bluetooth: system/bt/stack/gatt/gatt_api.cc:1019 GATT_Register: Allocated name:GattClient uuid:15bcc18b-5915-b7c2-cb8e-6f7f44cb1dbb gatt_if:3 eatt_support:0
06-04 09:07:33.474 724 1005 I bt_stack: [INFO:ble_advertiser_hci_interface.cc(767)] Extended advertising will be in use
06-04 09:07:33.475 724 832 D AdapterProperties: BT_PROPERTY_LOCAL_LE_FEATURES: update from BT controller mNumOfAdvertisementInstancesSupported = 0 mRpaOffloadSupported = false mNumOfOffloadedIrkSupported = 0 mNumOfOffloadedScanFilterSupported = 0 mOffloadedScanResultStorageBytes= 0 mIsActivityAndEnergyReporting = false mVersSupported = 0 mTotNumOfTrackableAdv = 0 mIsExtendedScanSupported = false mIsDebugLogSupported = false mIsLe2MPhySupported = true mIsLeCodedPhySupported = true mIsLeExtendedAdvertisingSupported = true mIsLePeriodicAdvertisingSupported = true mLeMaximumAdvertisingDataLength = 1650 mDynamicAudioBufferSizeSupportedCodecsGroup1 = 0 mDynamicAudioBufferSizeSupportedCodecsGroup2 = 0
06-04 09:07:33.477 724 1005 E bt_btif_storage: system/bt/btif/src/btif_storage.cc:632 btif_storage_get_adapter_property: btif_storage_get_adapter_property: Controller ready!
06-04 09:07:33.477 724 1005 I bt_btif_storage: system/bt/btif/src/btif_storage.cc:661 btif_storage_get_adapter_property: btif_storage_get_adapter_property service_mask:0x20000000
06-04 09:07:33.477 724 1005 I bt_stack: [INFO:btif_bqr.cc(229)] EnableBtQualityReport: is_enable: true
06-04 09:07:33.477 724 1005 W bt_stack: [WARNING:btif_bqr.cc(237)] EnableBtQualityReport: Bluetooth Quality Report is disabled. bqr_prop_evtmask: , bqr_prop_interval_ms:
06-04 09:07:33.477 724 1005 I bt_btif_core: system/bt/btif/src/btif_core.cc:281 btif_enable_bluetooth_evt: btif_enable_bluetooth_evt: Storing 'b4:2f:03:15:a3:36' into the config file
06-04 09:07:33.478 724 1045 I bt_osi_thread: system/bt/osi/src/thread.cc:209 run_thread: run_thread: thread id 1045, thread name btif_sock started
06-04 09:07:33.479 724 1005 I bt_bte_conf: system/bt/main/bte_conf.cc:84 bte_load_did_conf: Device ID record 1 : primary
06-04 09:07:33.479 724 1005 I bt_bte_conf: system/bt/main/bte_conf.cc:85 bte_load_did_conf: vendorId = 00e0
06-04 09:07:33.479 724 1005 I bt_bte_conf: system/bt/main/bte_conf.cc:86 bte_load_did_conf: vendorIdSource = 0001
06-04 09:07:33.479 724 1005 I bt_bte_conf: system/bt/main/bte_conf.cc:87 bte_load_did_conf: product = 1200
06-04 09:07:33.479 724 1005 I bt_bte_conf: system/bt/main/bte_conf.cc:88 bte_load_did_conf: version = 1436
06-04 09:07:33.479 724 1005 I bt_bte_conf: system/bt/main/bte_conf.cc:89 bte_load_did_conf: clientExecutableURL =
06-04 09:07:33.479 724 1005 I bt_bte_conf: system/bt/main/bte_conf.cc:90 bte_load_did_conf: serviceDescription =
06-04 09:07:33.479 724 1005 I bt_bte_conf: system/bt/main/bte_conf.cc:91 bte_load_did_conf: documentationURL =
06-04 09:07:33.479 724 1005 I bt_bta_dm: system/bt/bta/dm/bta_dm_act.cc:3198 bta_dm_eir_update_uuid: EIR Adding UUID=0x1200 into extended inquiry response
06-04 09:07:33.479 724 1005 I bt_bta_dm: system/bt/bta/dm/bta_dm_act.cc:2897 bta_dm_set_eir: Generating extended inquiry response packet EIR
06-04 09:07:33.479 724 1005 I bt_bte_conf: system/bt/main/bte_conf.cc:47 bte_load_did_conf: bte_load_did_conf no section named DID2.
06-04 09:07:33.479 724 1005 I bt_btif_core: system/bt/btif/src/btif_core.cc:312 btif_enable_bluetooth_evt: Bluetooth enable event completed
06-04 09:07:33.479 724 1005 I bt_bta_dm: system/bt/bta/dm/bta_dm_act.cc:2897 bta_dm_set_eir: Generating extended inquiry response packet EIR
06-04 09:07:33.480 724 826 I bt_stack_manager: system/bt/btif/src/stack_manager.cc:311 event_start_up_stack: event_start_up_stack finished
06-04 09:07:33.488 517 517 D BluetoothManagerService: Bluetooth Adapter address changed to B4:2F:03:15:A3:36
06-04 09:07:33.490 517 517 D BluetoothManagerService: Stored Bluetoothaddress: B4:2F:03:15:A3:36
06-04 09:07:33.495 517 517 D BluetoothManagerService: Bluetooth Adapter name changed to DBBOX-A2 by android
06-04 09:07:33.497 517 517 D BluetoothManagerService: Stored Bluetooth name: DBBOX-A2
06-04 09:07:33.501 724 832 D AdapterProperties: Name is: DBBOX-A2
06-04 09:07:33.503 724 832 D AdapterProperties: Scan Mode:20
06-04 09:07:33.503 724 832 D AdapterProperties: Discoverable Timeout:120
06-04 09:07:33.505 517 517 D BluetoothManagerService: Bluetooth Adapter address changed to B4:2F:03:15:A3:36
06-04 09:07:33.505 517 517 D BluetoothManagerService: Stored Bluetoothaddress: B4:2F:03:15:A3:36
06-04 09:07:33.506 724 817 I AdapterState: BLE_ON : entered
06-04 09:07:33.506 724 817 D AdapterProperties: Setting state to BLE_ON
06-04 09:07:33.507 724 817 D BluetoothAdapterService: updateAdapterState() - Broadcasting state BLE_ON to 1 receivers.
06-04 09:07:33.508 517 559 D BluetoothManagerService: MESSAGE_BLUETOOTH_STATE_CHANGE: BLE_TURNING_ON > BLE_ON
06-04 09:07:33.508 517 559 D BluetoothManagerService: Bluetooth is in LE only mode
06-04 09:07:33.508 517 559 D BluetoothManagerService: Binding Bluetooth GATT service
06-04 09:07:33.510 517 559 D BluetoothManagerService: Sending BLE State Change: BLE_TURNING_ON > BLE_ON
06-04 09:07:33.511 517 517 D BluetoothManagerService: BluetoothServiceConnection: com.android.bluetooth.gatt.GattService
06-04 09:07:33.512 517 559 D BluetoothManagerService: MESSAGE_BLUETOOTH_SERVICE_CONNECTED: 2
06-04 09:07:33.512 517 559 D BluetoothManagerService: continueFromBleOnState()
06-04 09:07:33.513 724 817 I AdapterState: TURNING_ON : entered
06-04 09:07:33.514 517 559 D BluetoothManagerService: Persisting Bluetooth Setting: 1
06-04 09:07:33.514 724 817 D AdapterProperties: Setting state to TURNING_ON
06-04 09:07:33.515 724 817 D BluetoothAdapterService: updateAdapterState() - Broadcasting state TURNING_ON to 1 receivers.
06-04 09:07:33.515 517 559 D BluetoothManagerService: MESSAGE_BLUETOOTH_STATE_CHANGE: BLE_ON > TURNING_ON
06-04 09:07:33.515 724 817 D BluetoothAdapterService: startCoreServices()
06-04 09:07:33.516 517 559 D BluetoothManagerService: Sending BLE State Change: BLE_ON > TURNING_ON
06-04 09:07:33.516 517 559 D BluetoothManagerService: Sending State Change: OFF > TURNING_ON
06-04 09:07:33.516 330 330 I rainbow_flow: type=1400 audit(0.0:355): avc: denied { ioctl } for path="/dev/spidev1.0" dev="tmpfs" ino=1280 ioctlcmd=0x6b00 scontext=u:r:init:s0 tcontext=u:object_r:device:s0 tclass=chr_file permissive=1
06-04 09:07:33.520 724 724 I HeadsetService: create()
06-04 09:07:33.530 724 724 I HeadsetService: start()
06-04 09:07:33.539 724 724 I BluetoothHeadsetServiceJni: classInitNative: succeeds
06-04 09:07:33.539 724 724 I bt_btif : system/bt/btif/src/bluetooth.cc:417 get_profile_interface: get_profile_interface: id = handsfree
06-04 09:07:33.540 724 724 I bt_stack: [INFO:btif_hf.cc(1491)] GetInterface
06-04 09:07:33.540 724 724 I bt_btif_storage: system/bt/btif/src/btif_storage.cc:661 btif_storage_get_adapter_property: btif_storage_get_adapter_property service_mask:0x20000040
06-04 09:07:33.540 724 1005 I bt_bta_dm: system/bt/bta/dm/bta_dm_act.cc:3198 bta_dm_eir_update_uuid: EIR Adding UUID=0x1112 into extended inquiry response
06-04 09:07:33.540 724 1005 I bt_bta_dm: system/bt/bta/dm/bta_dm_act.cc:2897 bta_dm_set_eir: Generating extended inquiry response packet EIR
06-04 09:07:33.540 724 1005 I bt_bta_dm: system/bt/bta/dm/bta_dm_act.cc:3198 bta_dm_eir_update_uuid: EIR Adding UUID=0x111F into extended inquiry response
06-04 09:07:33.540 724 1005 I bt_bta_dm: system/bt/bta/dm/bta_dm_act.cc:2897 bta_dm_set_eir: Generating extended inquiry response packet EIR
06-04 09:07:33.541 724 1005 I bt_stack: [INFO:port_api.cc(234)] RFCOMM_CreateConnection: bd_addr=ff:ff:ff:ff:ff:ff, scn=2, is_server=1, mtu=256, uuid=0x1112, dlci=4, signal_state=0x0b, p_port=0xc64c4734
06-04 09:07:33.541 724 1005 I bt_stack: [INFO:port_api.cc(234)] RFCOMM_CreateConnection: bd_addr=ff:ff:ff:ff:ff:ff, scn=3, is_server=1, mtu=256, uuid=0x111f, dlci=6, signal_state=0x0b, p_port=0xc64c47bc
06-04 09:07:33.541 724 1005 I bt_stack: [INFO:port_api.cc(234)] RFCOMM_CreateConnection: bd_addr=ff:ff:ff:ff:ff:ff, scn=2, is_server=1, mtu=256, uuid=0x1112, dlci=4, signal_state=0x0b, p_port=0xc64c4844
06-04 09:07:33.541 724 1005 I bt_stack: [INFO:port_api.cc(234)] RFCOMM_CreateConnection: bd_addr=ff:ff:ff:ff:ff:ff, scn=3, is_server=1, mtu=256, uuid=0x111f, dlci=6, signal_state=0x0b, p_port=0xc64c48cc
06-04 09:07:33.541 724 832 I bt_stack: [INFO:btif_hf.cc(289)] btif_hf_upstreams_evt: AG enable/disable event 0
06-04 09:07:33.544 724 724 I BluetoothDatabase: migrateSettingGlobal
06-04 09:07:33.549 724 724 D BluetoothDatabase: updateDatabase LocalStorage
06-04 09:07:33.549 724 724 D BluetoothDatabase: Load Database
06-04 09:07:33.549 724 837 D BluetoothActiveDeviceManager: handleMessage(MESSAGE_ADAPTER_ACTION_STATE_CHANGED): newState=11
06-04 09:07:33.550 724 724 I A2dpService: create()
06-04 09:07:33.553 517 517 D BluetoothA2dp: Proxy object connected
06-04 09:07:33.553 517 517 D BluetoothA2dp: Proxy object connected
06-04 09:07:33.553 517 517 D BluetoothA2dp: Proxy object connected
06-04 09:07:33.554 724 835 D BluetoothDatabase: compactLastConnectionTime: Compacting metadata after load
06-04 09:07:33.555 724 835 I BluetoothDatabase: cacheMetadata
06-04 09:07:33.555 724 835 V BluetoothDatabase: cacheMetadata: found device LocalStorage
06-04 09:07:33.556 724 835 I BluetoothDatabase: cacheMetadata: Database is ready
06-04 09:07:33.557 724 724 I A2dpService: start()
06-04 09:07:33.558 724 724 I BluetoothA2dpServiceJni: classInitNative: succeeds
06-04 09:07:33.558 724 724 I A2dpService: Max connected audio devices set to 5
06-04 09:07:33.560 724 724 I bt_btif : system/bt/btif/src/bluetooth.cc:417 get_profile_interface: get_profile_interface: id = a2dp
06-04 09:07:33.561 724 724 I btif_av : system/bt/btif/src/btif_av.cc:965 Init: bt_status_t BtifAvSource::Init(btav_source_callbacks_t *, int, const std::vector &, const std::vector &): max_connected_audio_devices=5
06-04 09:07:33.561 724 724 I a2dp_codec: system/bt/stack/a2dp/a2dp_codec_config.cc:569 init: init
06-04 09:07:33.561 724 724 I a2dp_codec: system/bt/stack/a2dp/a2dp_codec_config.cc:113 createCodec: createCodec: codec SBC
06-04 09:07:33.561 724 724 I a2dp_codec: system/bt/stack/a2dp/a2dp_codec_config.cc:633 init: init: updated SBC codec priority to 1001
06-04 09:07:33.561 724 724 I a2dp_codec: system/bt/stack/a2dp/a2dp_codec_config.cc:113 createCodec: createCodec: codec AAC
06-04 09:07:33.561 724 724 I a2dp_codec: system/bt/stack/a2dp/a2dp_codec_config.cc:633 init: init: updated AAC codec priority to 2001
06-04 09:07:33.561 724 724 I a2dp_codec: system/bt/stack/a2dp/a2dp_codec_config.cc:113 createCodec: createCodec: codec aptX
06-04 09:07:33.565 724 1005 I bt_stack: [INFO:port_api.cc(234)] RFCOMM_CreateConnection: bd_addr=ff:ff:ff:ff:ff:ff, scn=2, is_server=1, mtu=256, uuid=0x1112, dlci=4, signal_state=0x0b, p_port=0xc64c4954
06-04 09:07:33.565 724 1005 I bt_stack: [INFO:port_api.cc(234)] RFCOMM_CreateConnection: bd_addr=ff:ff:ff:ff:ff:ff, scn=3, is_server=1, mtu=256, uuid=0x111f, dlci=6, signal_state=0x0b, p_port=0xc64c49dc
06-04 09:07:33.566 724 1005 I bt_stack: [INFO:port_api.cc(234)] RFCOMM_CreateConnection: bd_addr=ff:ff:ff:ff:ff:ff, scn=2, is_server=1, mtu=256, uuid=0x1112, dlci=4, signal_state=0x0b, p_port=0xc64c4a64
06-04 09:07:33.566 724 1005 I bt_stack: [INFO:port_api.cc(234)] RFCOMM_CreateConnection: bd_addr=ff:ff:ff:ff:ff:ff, scn=3, is_server=1, mtu=256, uuid=0x111f, dlci=6, signal_state=0x0b, p_port=0xc64c4aec
06-04 09:07:33.566 724 1005 I bt_stack: [INFO:port_api.cc(234)] RFCOMM_CreateConnection: bd_addr=ff:ff:ff:ff:ff:ff, scn=2, is_server=1, mtu=256, uuid=0x1112, dlci=4, signal_state=0x0b, p_port=0xc64c4b74
06-04 09:07:33.566 724 1005 I bt_stack: [INFO:port_api.cc(234)] RFCOMM_CreateConnection: bd_addr=ff:ff:ff:ff:ff:ff, scn=3, is_server=1, mtu=256, uuid=0x111f, dlci=6, signal_state=0x0b, p_port=0xc64c4bfc
06-04 09:07:33.566 724 1005 I bt_stack: [INFO:port_api.cc(234)] RFCOMM_CreateConnection: bd_addr=ff:ff:ff:ff:ff:ff, scn=2, is_server=1, mtu=256, uuid=0x1112, dlci=4, signal_state=0x0b, p_port=0xc64c4c84
06-04 09:07:33.566 724 1005 I bt_stack: [INFO:port_api.cc(234)] RFCOMM_CreateConnection: bd_addr=ff:ff:ff:ff:ff:ff, scn=3, is_server=1, mtu=256, uuid=0x111f, dlci=6, signal_state=0x0b, p_port=0xc64c4d0c
06-04 09:07:33.568 724 724 E a2dp_vendor_aptx_encoder: system/bt/stack/a2dp/a2dp_vendor_aptx_encoder.cc:123 A2DP_VendorLoadEncoderAptx: A2DP_VendorLoadEncoderAptx: cannot open aptX encoder library libaptX_encoder.so: dlopen failed: library "libaptX_encoder.so" not found
06-04 09:07:33.568 724 724 E a2dp_vendor_aptx: system/bt/stack/a2dp/a2dp_vendor_aptx.cc:465 init: init: cannot load the encoder
06-04 09:07:33.568 724 724 I a2dp_codec: system/bt/stack/a2dp/a2dp_codec_config.cc:113 createCodec: createCodec: codec aptX-HD
06-04 09:07:33.569 724 724 E a2dp_vendor_aptx_hd_encoder: system/bt/stack/a2dp/a2dp_vendor_aptx_hd_encoder.cc:123 A2DP_VendorLoadEncoderAptxHd: A2DP_VendorLoadEncoderAptxHd: cannot open aptX-HD encoder library libaptXHD_encoder.so: dlopen failed: library "libaptXHD_encoder.so" not found
06-04 09:07:33.570 724 724 E a2dp_vendor_aptx_hd: system/bt/stack/a2dp/a2dp_vendor_aptx_hd.cc:483 init: init: cannot load the encoder
06-04 09:07:33.570 724 724 I a2dp_codec: system/bt/stack/a2dp/a2dp_codec_config.cc:113 createCodec: createCodec: codec LDAC
06-04 09:07:33.576 724 724 I a2dp_codec: system/bt/stack/a2dp/a2dp_codec_config.cc:633 init: init: updated LDAC codec priority to 5001
06-04 09:07:33.576 724 724 I a2dp_codec: system/bt/stack/a2dp/a2dp_codec_config.cc:113 createCodec: createCodec: codec SBC SINK
06-04 09:07:33.576 724 724 I a2dp_codec: system/bt/stack/a2dp/a2dp_codec_config.cc:113 createCodec: createCodec: codec AAC SINK
06-04 09:07:33.576 724 724 I a2dp_codec: system/bt/stack/a2dp/a2dp_codec_config.cc:113 createCodec: createCodec: codec LDAC SINK
06-04 09:07:33.577 724 724 E a2dp_vendor_ldac_decoder: system/bt/stack/a2dp/a2dp_vendor_ldac_decoder.cc:134 A2DP_VendorLoadDecoderLdac: A2DP_VendorLoadDecoderLdac: cannot open LDAC decoder library libldacBT_bco.so: dlopen failed: library "libldacBT_bco.so" not found
06-04 09:07:33.577 724 724 E a2dp_vendor_ldac: system/bt/stack/a2dp/a2dp_vendor_ldac.cc:1418 init: init: cannot load the decoder
06-04 09:07:33.577 724 724 I a2dp_codec: system/bt/stack/a2dp/a2dp_codec_config.cc:658 init: init: initialized Source codec LDAC
06-04 09:07:33.577 724 724 I a2dp_codec: system/bt/stack/a2dp/a2dp_codec_config.cc:658 init: init: initialized Source codec AAC
06-04 09:07:33.577 724 724 I a2dp_codec: system/bt/stack/a2dp/a2dp_codec_config.cc:658 init: init: initialized Source codec SBC
06-04 09:07:33.577 724 724 I a2dp_codec: system/bt/stack/a2dp/a2dp_codec_config.cc:665 init: init: initialized Sink codec AAC SINK
06-04 09:07:33.577 724 724 I a2dp_codec: system/bt/stack/a2dp/a2dp_codec_config.cc:665 init: init: initialized Sink codec SBC SINK
06-04 09:07:33.577 724 724 I a2dp_codec: system/bt/stack/a2dp/a2dp_codec_config.cc:569 init: init
06-04 09:07:33.577 724 724 I a2dp_codec: system/bt/stack/a2dp/a2dp_codec_config.cc:113 createCodec: createCodec: codec SBC
06-04 09:07:33.577 724 724 I a2dp_codec: system/bt/stack/a2dp/a2dp_codec_config.cc:633 init: init: updated SBC codec priority to 1001
06-04 09:07:33.577 724 724 I a2dp_codec: system/bt/stack/a2dp/a2dp_codec_config.cc:113 createCodec: createCodec: codec AAC
06-04 09:07:33.577 724 724 I a2dp_codec: system/bt/stack/a2dp/a2dp_codec_config.cc:633 init: init: updated AAC codec priority to 2001
06-04 09:07:33.577 724 724 I a2dp_codec: system/bt/stack/a2dp/a2dp_codec_config.cc:113 createCodec: createCodec: codec aptX
06-04 09:07:33.578 724 724 E a2dp_vendor_aptx_encoder: system/bt/stack/a2dp/a2dp_vendor_aptx_encoder.cc:123 A2DP_VendorLoadEncoderAptx: A2DP_VendorLoadEncoderAptx: cannot open aptX encoder library libaptX_encoder.so: dlopen failed: library "libaptX_encoder.so" not found
06-04 09:07:33.578 724 724 E a2dp_vendor_aptx: system/bt/stack/a2dp/a2dp_vendor_aptx.cc:465 init: init: cannot load the encoder
06-04 09:07:33.578 724 724 I a2dp_codec: system/bt/stack/a2dp/a2dp_codec_config.cc:113 createCodec: createCodec: codec aptX-HD
06-04 09:07:33.579 724 724 E a2dp_vendor_aptx_hd_encoder: system/bt/stack/a2dp/a2dp_vendor_aptx_hd_encoder.cc:123 A2DP_VendorLoadEncoderAptxHd: A2DP_VendorLoadEncoderAptxHd: cannot open aptX-HD encoder library libaptXHD_encoder.so: dlopen failed: library "libaptXHD_encoder.so" not found
06-04 09:07:33.579 724 724 E a2dp_vendor_aptx_hd: system/bt/stack/a2dp/a2dp_vendor_aptx_hd.cc:483 init: init: cannot load the encoder
06-04 09:07:33.579 724 724 I a2dp_codec: system/bt/stack/a2dp/a2dp_codec_config.cc:113 createCodec: createCodec: codec LDAC
06-04 09:07:33.579 724 724 I a2dp_codec: system/bt/stack/a2dp/a2dp_codec_config.cc:633 init: init: updated LDAC codec priority to 5001
06-04 09:07:33.579 724 724 I a2dp_codec: system/bt/stack/a2dp/a2dp_codec_config.cc:113 createCodec: createCodec: codec SBC SINK
06-04 09:07:33.579 724 724 I a2dp_codec: system/bt/stack/a2dp/a2dp_codec_config.cc:113 createCodec: createCodec: codec AAC SINK
06-04 09:07:33.579 724 724 I a2dp_codec: system/bt/stack/a2dp/a2dp_codec_config.cc:113 createCodec: createCodec: codec LDAC SINK
06-04 09:07:33.580 724 724 E a2dp_vendor_ldac_decoder: system/bt/stack/a2dp/a2dp_vendor_ldac_decoder.cc:134 A2DP_VendorLoadDecoderLdac: A2DP_VendorLoadDecoderLdac: cannot open LDAC decoder library libldacBT_bco.so: dlopen failed: library "libldacBT_bco.so" not found
06-04 09:07:33.580 724 724 E a2dp_vendor_ldac: system/bt/stack/a2dp/a2dp_vendor_ldac.cc:1418 init: init: cannot load the decoder
06-04 09:07:33.580 724 724 I a2dp_codec: system/bt/stack/a2dp/a2dp_codec_config.cc:658 init: init: initialized Source codec LDAC
06-04 09:07:33.580 724 724 I a2dp_codec: system/bt/stack/a2dp/a2dp_codec_config.cc:658 init: init: initialized Source codec AAC
06-04 09:07:33.580 724 724 I a2dp_codec: system/bt/stack/a2dp/a2dp_codec_config.cc:658 init: init: initialized Source codec SBC
06-04 09:07:33.580 724 724 I a2dp_codec: system/bt/stack/a2dp/a2dp_codec_config.cc:665 init: init: initialized Sink codec AAC SINK
06-04 09:07:33.580 724 724 I a2dp_codec: system/bt/stack/a2dp/a2dp_codec_config.cc:665 init: init: initialized Sink codec SBC SINK
06-04 09:07:33.580 724 724 I a2dp_codec: system/bt/stack/a2dp/a2dp_codec_config.cc:569 init: init
06-04 09:07:33.580 724 724 I a2dp_codec: system/bt/stack/a2dp/a2dp_codec_config.cc:113 createCodec: createCodec: codec SBC
06-04 09:07:33.580 724 724 I a2dp_codec: system/bt/stack/a2dp/a2dp_codec_config.cc:633 init: init: updated SBC codec priority to 1001
06-04 09:07:33.580 724 724 I a2dp_codec: system/bt/stack/a2dp/a2dp_codec_config.cc:113 createCodec: createCodec: codec AAC
06-04 09:07:33.580 724 724 I a2dp_codec: system/bt/stack/a2dp/a2dp_codec_config.cc:633 init: init: updated AAC codec priority to 2001
06-04 09:07:33.580 724 724 I a2dp_codec: system/bt/stack/a2dp/a2dp_codec_config.cc:113 createCodec: createCodec: codec aptX
06-04 09:07:33.580 724 724 E a2dp_vendor_aptx_encoder: system/bt/stack/a2dp/a2dp_vendor_aptx_encoder.cc:123 A2DP_VendorLoadEncoderAptx: A2DP_VendorLoadEncoderAptx: cannot open aptX encoder library libaptX_encoder.so: dlopen failed: library "libaptX_encoder.so" not found
06-04 09:07:33.580 724 724 E a2dp_vendor_aptx: system/bt/stack/a2dp/a2dp_vendor_aptx.cc:465 init: init: cannot load the encoder
06-04 09:07:33.580 724 724 I a2dp_codec: system/bt/stack/a2dp/a2dp_codec_config.cc:113 createCodec: createCodec: codec aptX-HD
06-04 09:07:33.581 724 724 E a2dp_vendor_aptx_hd_encoder: system/bt/stack/a2dp/a2dp_vendor_aptx_hd_encoder.cc:123 A2DP_VendorLoadEncoderAptxHd: A2DP_VendorLoadEncoderAptxHd: cannot open aptX-HD encoder library libaptXHD_encoder.so: dlopen failed: library "libaptXHD_encoder.so" not found
06-04 09:07:33.581 724 724 E a2dp_vendor_aptx_hd: system/bt/stack/a2dp/a2dp_vendor_aptx_hd.cc:483 init: init: cannot load the encoder
06-04 09:07:33.581 724 724 I a2dp_codec: system/bt/stack/a2dp/a2dp_codec_config.cc:113 createCodec: createCodec: codec LDAC
06-04 09:07:33.581 724 724 I a2dp_codec: system/bt/stack/a2dp/a2dp_codec_config.cc:633 init: init: updated LDAC codec priority to 5001
06-04 09:07:33.581 724 724 I a2dp_codec: system/bt/stack/a2dp/a2dp_codec_config.cc:113 createCodec: createCodec: codec SBC SINK
06-04 09:07:33.581 724 724 I a2dp_codec: system/bt/stack/a2dp/a2dp_codec_config.cc:113 createCodec: createCodec: codec AAC SINK
06-04 09:07:33.581 724 724 I a2dp_codec: system/bt/stack/a2dp/a2dp_codec_config.cc:113 createCodec: createCodec: codec LDAC SINK
06-04 09:07:33.584 724 724 E a2dp_vendor_ldac_decoder: system/bt/stack/a2dp/a2dp_vendor_ldac_decoder.cc:134 A2DP_VendorLoadDecoderLdac: A2DP_VendorLoadDecoderLdac: cannot open LDAC decoder library libldacBT_bco.so: dlopen failed: library "libldacBT_bco.so" not found
06-04 09:07:33.584 724 724 E a2dp_vendor_ldac: system/bt/stack/a2dp/a2dp_vendor_ldac.cc:1418 init: init: cannot load the decoder
06-04 09:07:33.584 724 724 I a2dp_codec: system/bt/stack/a2dp/a2dp_codec_config.cc:658 init: init: initialized Source codec LDAC
06-04 09:07:33.584 724 724 I a2dp_codec: system/bt/stack/a2dp/a2dp_codec_config.cc:658 init: init: initialized Source codec AAC
06-04 09:07:33.584 724 724 I a2dp_codec: system/bt/stack/a2dp/a2dp_codec_config.cc:658 init: init: initialized Source codec SBC
06-04 09:07:33.584 724 724 I a2dp_codec: system/bt/stack/a2dp/a2dp_codec_config.cc:665 init: init: initialized Sink codec AAC SINK
06-04 09:07:33.584 724 724 I a2dp_codec: system/bt/stack/a2dp/a2dp_codec_config.cc:665 init: init: initialized Sink codec SBC SINK
06-04 09:07:33.584 724 724 I a2dp_codec: system/bt/stack/a2dp/a2dp_codec_config.cc:569 init: init
06-04 09:07:33.584 724 724 I a2dp_codec: system/bt/stack/a2dp/a2dp_codec_config.cc:113 createCodec: createCodec: codec SBC
06-04 09:07:33.584 724 724 I a2dp_codec: system/bt/stack/a2dp/a2dp_codec_config.cc:633 init: init: updated SBC codec priority to 1001
06-04 09:07:33.584 724 724 I a2dp_codec: system/bt/stack/a2dp/a2dp_codec_config.cc:113 createCodec: createCodec: codec AAC
06-04 09:07:33.584 724 724 I a2dp_codec: system/bt/stack/a2dp/a2dp_codec_config.cc:633 init: init: updated AAC codec priority to 2001
06-04 09:07:33.584 724 724 I a2dp_codec: system/bt/stack/a2dp/a2dp_codec_config.cc:113 createCodec: createCodec: codec aptX
06-04 09:07:33.586 724 724 E a2dp_vendor_aptx_encoder: system/bt/stack/a2dp/a2dp_vendor_aptx_encoder.cc:123 A2DP_VendorLoadEncoderAptx: A2DP_VendorLoadEncoderAptx: cannot open aptX encoder library libaptX_encoder.so: dlopen failed: library "libaptX_encoder.so" not found
06-04 09:07:33.586 724 724 E a2dp_vendor_aptx: system/bt/stack/a2dp/a2dp_vendor_aptx.cc:465 init: init: cannot load the encoder
06-04 09:07:33.586 724 724 I a2dp_codec: system/bt/stack/a2dp/a2dp_codec_config.cc:113 createCodec: createCodec: codec aptX-HD
06-04 09:07:33.587 724 724 E a2dp_vendor_aptx_hd_encoder: system/bt/stack/a2dp/a2dp_vendor_aptx_hd_encoder.cc:123 A2DP_VendorLoadEncoderAptxHd: A2DP_VendorLoadEncoderAptxHd: cannot open aptX-HD encoder library libaptXHD_encoder.so: dlopen failed: library "libaptXHD_encoder.so" not found
06-04 09:07:33.587 724 724 E a2dp_vendor_aptx_hd: system/bt/stack/a2dp/a2dp_vendor_aptx_hd.cc:483 init: init: cannot load the encoder
06-04 09:07:33.587 724 724 I a2dp_codec: system/bt/stack/a2dp/a2dp_codec_config.cc:113 createCodec: createCodec: codec LDAC
06-04 09:07:33.587 724 724 I a2dp_codec: system/bt/stack/a2dp/a2dp_codec_config.cc:633 init: init: updated LDAC codec priority to 5001
06-04 09:07:33.587 724 724 I a2dp_codec: system/bt/stack/a2dp/a2dp_codec_config.cc:113 createCodec: createCodec: codec SBC SINK
06-04 09:07:33.587 724 724 I a2dp_codec: system/bt/stack/a2dp/a2dp_codec_config.cc:113 createCodec: createCodec: codec AAC SINK
06-04 09:07:33.587 724 724 I a2dp_codec: system/bt/stack/a2dp/a2dp_codec_config.cc:113 createCodec: createCodec: codec LDAC SINK
06-04 09:07:33.588 724 724 E a2dp_vendor_ldac_decoder: system/bt/stack/a2dp/a2dp_vendor_ldac_decoder.cc:134 A2DP_VendorLoadDecoderLdac: A2DP_VendorLoadDecoderLdac: cannot open LDAC decoder library libldacBT_bco.so: dlopen failed: library "libldacBT_bco.so" not found
06-04 09:07:33.588 724 724 E a2dp_vendor_ldac: system/bt/stack/a2dp/a2dp_vendor_ldac.cc:1418 init: init: cannot load the decoder
06-04 09:07:33.588 724 724 I a2dp_codec: system/bt/stack/a2dp/a2dp_codec_config.cc:658 init: init: initialized Source codec LDAC
06-04 09:07:33.588 724 724 I a2dp_codec: system/bt/stack/a2dp/a2dp_codec_config.cc:658 init: init: initialized Source codec AAC
06-04 09:07:33.588 724 724 I a2dp_codec: system/bt/stack/a2dp/a2dp_codec_config.cc:658 init: init: initialized Source codec SBC
06-04 09:07:33.588 724 724 I a2dp_codec: system/bt/stack/a2dp/a2dp_codec_config.cc:665 init: init: initialized Sink codec AAC SINK
06-04 09:07:33.588 724 724 I a2dp_codec: system/bt/stack/a2dp/a2dp_codec_config.cc:665 init: init: initialized Sink codec SBC SINK
06-04 09:07:33.588 724 724 I a2dp_codec: system/bt/stack/a2dp/a2dp_codec_config.cc:569 init: init
06-04 09:07:33.588 724 724 I a2dp_codec: system/bt/stack/a2dp/a2dp_codec_config.cc:113 createCodec: createCodec: codec SBC
06-04 09:07:33.588 724 724 I a2dp_codec: system/bt/stack/a2dp/a2dp_codec_config.cc:633 init: init: updated SBC codec priority to 1001
06-04 09:07:33.588 724 724 I a2dp_codec: system/bt/stack/a2dp/a2dp_codec_config.cc:113 createCodec: createCodec: codec AAC
06-04 09:07:33.588 724 724 I a2dp_codec: system/bt/stack/a2dp/a2dp_codec_config.cc:633 init: init: updated AAC codec priority to 2001
06-04 09:07:33.588 724 724 I a2dp_codec: system/bt/stack/a2dp/a2dp_codec_config.cc:113 createCodec: createCodec: codec aptX
