06-04 09:09:58.694 356 3702 D awplayer: <__SdControl:260>: __SdControll : unknown command (101)...
06-04 09:09:58.699 356 3702 D awplayer: : we still have 103 ms and pass 5 ms
06-04 09:09:58.705 356 3702 D awplayer: : we still have 103 ms and pass 10 ms
06-04 09:09:58.710 356 3702 D awplayer: : we still have 81 ms and pass 15 ms
06-04 09:09:58.715 356 3702 D awplayer: : we still have 81 ms and pass 20 ms
06-04 09:09:58.720 356 3702 D awplayer: : we still have 81 ms and pass 25 ms
06-04 09:09:58.725 356 3702 D awplayer: : we still have 81 ms and pass 30 ms
06-04 09:09:58.731 356 3702 D awplayer: : we still have 60 ms and pass 36 ms
06-04 09:09:58.736 356 3702 D awplayer: : we still have 60 ms and pass 41 ms
06-04 09:09:58.741 356 3702 D awplayer: : we still have 60 ms and pass 46 ms
06-04 09:09:58.746 356 3702 D awplayer: : we still have 60 ms and pass 51 ms
06-04 09:09:58.751 356 3702 D awplayer: : we still have 60 ms and pass 56 ms
06-04 09:09:58.756 356 3702 D awplayer: : we still have 38 ms and pass 62 ms
06-04 09:09:58.761 356 3702 D awplayer: : we still have 38 ms and pass 67 ms
06-04 09:09:58.766 356 3702 D awplayer: : we still have 38 ms and pass 72 ms
06-04 09:09:58.772 356 3702 D awplayer: : we still have 38 ms and pass 77 ms
06-04 09:09:58.777 356 3702 D awplayer: : we still have 16 ms and pass 82 ms
06-04 09:09:58.782 356 3702 D awplayer: : we still have 16 ms and pass 87 ms
06-04 09:09:58.787 356 3702 D awplayer: : we still have 16 ms and pass 92 ms
06-04 09:09:58.792 356 3702 D awplayer: : we still have 16 ms and pass 97 ms
06-04 09:09:58.797 356 3702 D awplayer: : we still have 16 ms and pass 102 ms
06-04 09:09:58.802 356 3702 D awplayer: : we still have 16 ms and pass 107 ms
06-04 09:09:58.807 356 3702 D awplayer: : we still have 16 ms and pass 112 ms
06-04 09:09:58.813 356 3702 D awplayer: : we still have 16 ms and pass 118 ms
06-04 09:09:58.818 356 3702 D awplayer: : we still have 0 ms and pass 123 ms
06-04 09:09:58.818 356 3702 W awplayer: : we quit but still have 0 ms
06-04 09:09:59.042 2766 2766 I DefaultIMS: onStartInput attribute=android.view.inputmethod.EditorInfo@6a5b3e8 restarting=false inputType: 0
06-04 09:09:59.259 517 559 W IorapForwardingService: No service published for: iorapd
06-04 09:09:59.345 268 452 I AudioFlinger: BUFFER TIMEOUT: remove(59) from active list on thread 0xf6ca02c0
06-04 09:09:59.569 1612 2042 D hq : NetWorkStateReceiver:::检查网络,并且持续更新 isConnect=false
06-04 09:10:00.261 517 559 W IorapForwardingService: No service published for: iorapd
06-04 09:10:01.141 2766 2766 I DefaultIMS: onStartInput attribute=android.view.inputmethod.EditorInfo@ece7a01 restarting=false inputType: 0
06-04 09:10:01.152 963 1081 I OpenGLRenderer: Davey! duration=9223371857867ms; Flags=0, FrameTimelineVsyncId=17354, IntendedVsync=178987314930, Vsync=178987314930, InputEventId=546152847, HandleInputStart=178987843501, AnimationStart=178988910001, PerformTraversalsStart=178988915543, DrawStart=179068139751, FrameDeadline=179020648262, FrameInterval=178987831126, FrameStartTime=16666666, SyncQueued=179075464335, SyncStart=179075624043, IssueDrawCommandsStart=179076644293, SwapBuffers=179084475210, FrameCompleted=9223372036854775807, DequeueBufferDuration=58917, QueueBufferDuration=1036500, GpuCompleted=9223372036854775807, SwapBuffersCompleted=179086462626, DisplayPresentTime=0,
06-04 09:10:01.263 517 559 W IorapForwardingService: No service published for: iorapd
06-04 09:10:01.570 1612 2042 D hq : NetWorkStateReceiver:::检查网络,并且持续更新 isConnect=false
06-04 09:10:01.821 251 251 D audio_hw_primary: out_standby
06-04 09:10:02.265 517 559 W IorapForwardingService: No service published for: iorapd
06-04 09:10:02.486 2766 2766 I DefaultIMS: onStartInput attribute=android.view.inputmethod.EditorInfo@4dc70a6 restarting=false inputType: 0
06-04 09:10:02.499 963 1081 I OpenGLRenderer: Davey! duration=9223371856435ms; Flags=0, FrameTimelineVsyncId=17393, IntendedVsync=180419572957, Vsync=180419572957, InputEventId=668192393, HandleInputStart=180425822335, AnimationStart=180426941627, PerformTraversalsStart=180426946419, DrawStart=180427097710, FrameDeadline=180452906289, FrameInterval=180425809669, FrameStartTime=16666666, SyncQueued=180428821960, SyncStart=180429002210, IssueDrawCommandsStart=180429543877, SwapBuffers=180434245835, FrameCompleted=9223372036854775807, DequeueBufferDuration=46500, QueueBufferDuration=988375, GpuCompleted=9223372036854775807, SwapBuffersCompleted=180436087419, DisplayPresentTime=0,
06-04 09:10:03.234 517 1373 D CompatibilityChangeReporter: Compat change id reported: 168419799; UID 10020; state: DISABLED
06-04 09:10:03.267 517 559 W IorapForwardingService: No service published for: iorapd
06-04 09:10:03.285 963 1081 I OpenGLRenderer: Davey! duration=9223371855802ms; Flags=0, FrameTimelineVsyncId=17397, IntendedVsync=181051830703, Vsync=181168497365, InputEventId=631961107, HandleInputStart=181185088502, AnimationStart=181188515794, PerformTraversalsStart=181188522752, DrawStart=181200638961, FrameDeadline=181085164035, FrameInterval=181185073044, FrameStartTime=16666666, SyncQueued=181201517919, SyncStart=181201928669, IssueDrawCommandsStart=181202392044, SwapBuffers=181205950127, FrameCompleted=9223372036854775807, DequeueBufferDuration=41708, QueueBufferDuration=1044709, GpuCompleted=9223372036854775807, SwapBuffersCompleted=181207987461, DisplayPresentTime=0,
06-04 09:10:03.306 257 257 I gralloc : alloc buffer:W:764 H:500 S:768 PL[764 500] SZ:1536000 fmt:1 if:0 af:1 usg:20000b00 fg:00000004
06-04 09:10:03.308 257 257 I gralloc : alloc buffer:W:764 H:500 S:768 PL[764 500] SZ:1536000 fmt:1 if:0 af:1 usg:20000b00 fg:00000004
06-04 09:10:03.310 257 257 I gralloc : alloc buffer:W:764 H:500 S:768 PL[764 500] SZ:1536000 fmt:1 if:0 af:1 usg:20000b00 fg:00000004
06-04 09:10:03.318 517 558 D AutofillUI: destroySaveUiUiThread(): already destroyed
06-04 09:10:03.318 517 1373 D AutofillManagerServiceImpl: Reset component for user 0:
06-04 09:10:03.427 2766 2766 I DefaultIMS: onStartInput attribute=android.view.inputmethod.EditorInfo@292bae7 restarting=false inputType: 33
06-04 09:10:03.429 963 963 D CompatibilityChangeReporter: Compat change id reported: 163400105; UID 10020; state: DISABLED
06-04 09:10:03.442 963 963 D InputMethodManager: showSoftInput() view=androidx.appcompat.widget.AppCompatEditText{e8a2e21 VFED..CL. .F...... 80,156-520,236 #7f080093 app:id/dialog_wifi_edit aid=1073741833} flags=0 reason=SHOW_SOFT_INPUT
06-04 09:10:03.446 2766 2766 I DefaultIMS: DefaultIMS::onCreateInputView() languageResourceReady ? true
06-04 09:10:03.446 2766 2766 I SogouIME: SogouIME::onStartInputView()
06-04 09:10:03.446 2766 2766 I DefaultIMS: onStartInputView attributeandroid.view.inputmethod.EditorInfo@292bae7 restarting=false inputType: 33
06-04 09:10:03.446 2766 2766 I SogouIME: SogouIME::setInputView()
06-04 09:10:03.448 2766 2766 I MainPresenter: onStartInputView: attribute=android.view.inputmethod.EditorInfo@292bae7 isReady=true; restarting: false inputType: 33
06-04 09:10:03.459 2766 2766 I InputContext: onChanged: composing=null
06-04 09:10:03.459 2766 2766 I InputContext: onChanged: forCompose=false
06-04 09:10:03.459 2766 2766 I InputContext: onChanged: candidateWords=[]
06-04 09:10:03.459 2766 2766 I InputContext: onChanged: candidateWordInfo.size=0 global offset: 0pausedCandidateData = false
06-04 09:10:03.460 2766 2766 I MainPresenter: setInputType:
06-04 09:10:03.469 2766 2766 I InputContext: onChanged: composing=null
06-04 09:10:03.470 2766 2766 I InputContext: onChanged: forCompose=false
06-04 09:10:03.470 2766 2766 I InputContext: onChanged: candidateWords=[]
06-04 09:10:03.470 2766 2766 I InputContext: onChanged: candidateWordInfo.size=0 global offset: 0pausedCandidateData = false
06-04 09:10:03.471 2766 2766 I KeyEventTransfer: languageID=0
06-04 09:10:03.471 2766 2766 I KeyEventTransfer: scriptID=1
06-04 09:10:03.471 2766 2766 I KeyEventTransfer: layoutID=2
06-04 09:10:03.572 1612 2042 D hq : NetWorkStateReceiver:::检查网络,并且持续更新 isConnect=false
06-04 09:10:03.592 2766 2766 D CHJNIDefault: setInputMode value=-1
06-04 09:10:03.592 2766 2766 I MainPresenter: loadInputType: 0
06-04 09:10:03.660 2766 2766 I BodyArea: loadKeyboard layoutId1
06-04 09:10:03.662 2766 2766 D SkinEngine: prepareProtoList: execute start
06-04 09:10:03.667 2766 3772 I CountdownExecutor: run:size=2 no=0
06-04 09:10:03.680 2766 3772 I CountdownExecutor: run:size=2 no=1
06-04 09:10:03.680 2766 2766 D SkinEngine: prepareProtoList: execute end
06-04 09:10:03.781 2766 2766 I AbstractLifecycle: onStartInputView: Build_d5523c4_20201222 android_tv_dangbei
06-04 09:10:03.785 2766 2766 I eJ : handle Action on start Input
06-04 09:10:03.807 517 561 D CompatibilityChangeReporter: Compat change id reported: 158002302; UID 10051; state: ENABLED
06-04 09:10:03.809 272 507 W ServiceManager: Permission failure: android.permission.ACCESS_SURFACE_FLINGER from uid=10051 pid=2766
06-04 09:10:03.809 272 507 D PermissionCache: checking android.permission.ACCESS_SURFACE_FLINGER for uid=10051 => denied (910 us)
06-04 09:10:03.810 272 507 W ServiceManager: Permission failure: android.permission.ROTATE_SURFACE_FLINGER from uid=10051 pid=2766
06-04 09:10:03.810 272 507 D PermissionCache: checking android.permission.ROTATE_SURFACE_FLINGER for uid=10051 => denied (296 us)
06-04 09:10:03.824 186 186 I hwservicemanager: getTransport: Cannot find entry android.hardware.configstore@1.0::ISurfaceFlingerConfigs/default in either framework or device VINTF manifest.
06-04 09:10:03.839 272 507 E HWComposer: getSupportedContentTypes: getSupportedContentTypes failed for display 0: Unsupported (8)
06-04 09:10:03.841 186 186 I hwservicemanager: getTransport: Cannot find entry android.hardware.graphics.mapper@4.0::IMapper/default in either framework or device VINTF manifest.
06-04 09:10:03.841 2766 3780 I Gralloc4: mapper 4.x is not supported
06-04 09:10:03.842 186 186 I hwservicemanager: getTransport: Cannot find entry android.hardware.graphics.mapper@3.0::IMapper/default in either framework or device VINTF manifest.
06-04 09:10:03.842 2766 3780 W Gralloc3: mapper 3.x is not supported
06-04 09:10:03.846 2766 3780 E gralloc : Arm Module v1.0
06-04 09:10:03.847 186 186 I hwservicemanager: getTransport: Cannot find entry android.hardware.graphics.allocator@4.0::IAllocator/default in either framework or device VINTF manifest.
06-04 09:10:03.848 2766 3780 W Gralloc4: allocator 4.x is not supported
06-04 09:10:03.848 186 186 I hwservicemanager: getTransport: Cannot find entry android.hardware.graphics.allocator@3.0::IAllocator/default in either framework or device VINTF manifest.
06-04 09:10:03.848 2766 3780 W Gralloc3: allocator 3.x is not supported
06-04 09:10:03.858 257 257 I gralloc : alloc buffer:W:1920 H:1080 S:1920 PL[1920 1080] SZ:8294400 fmt:1 if:0 af:1 usg:20000b00 fg:00000004
06-04 09:10:03.859 2766 3780 E ion : ioctl c0044901 failed with code -1: Inappropriate ioctl for device
06-04 09:10:03.866 257 257 I gralloc : alloc buffer:W:1920 H:1080 S:1920 PL[1920 1080] SZ:8294400 fmt:1 if:0 af:1 usg:20000b00 fg:00000004
06-04 09:10:03.875 257 257 I gralloc : alloc buffer:W:1920 H:1080 S:1920 PL[1920 1080] SZ:8294400 fmt:1 if:0 af:1 usg:20000b00 fg:00000004
06-04 09:10:03.930 963 963 D ViewRootImpl[MainActivity]: updatePointerIcon called with position out of bounds
06-04 09:10:03.950 963 963 D ViewRootImpl[MainActivity]: updatePointerIcon called with position out of bounds
06-04 09:10:03.957 963 963 D InsetsController: show(ime(), fromIme=true)
06-04 09:10:03.967 963 963 D ViewRootImpl[MainActivity]: updatePointerIcon called with position out of bounds
06-04 09:10:03.969 739 739 D TvPipController: onImeVisibilityChanged(), visible=true, height=488
06-04 09:10:03.971 517 560 E system_server: No package ID ff found for ID 0xffffffff.
06-04 09:10:03.983 963 963 D ViewRootImpl[MainActivity]: updatePointerIcon called with position out of bounds
06-04 09:10:03.990 2766 2783 I OpenGLRenderer: Davey! duration=9223371855467ms; Flags=1, FrameTimelineVsyncId=17419, IntendedVsync=181387263332, Vsync=181720596652, InputEventId=0, HandleInputStart=181734038503, AnimationStart=181734043628, PerformTraversalsStart=181734048336, DrawStart=181779523461, FrameDeadline=181403929998, FrameInterval=181734021586, FrameStartTime=16666666, SyncQueued=181824955586, SyncStart=181825139253, IssueDrawCommandsStart=181834905503, SwapBuffers=181879250794, FrameCompleted=9223372036854775807, DequeueBufferDuration=107417, QueueBufferDuration=2771083, GpuCompleted=9223372036854775807, SwapBuffersCompleted=181883168419, DisplayPresentTime=3028958869503083777,
06-04 09:10:03.999 963 963 D ViewRootImpl[MainActivity]: updatePointerIcon called with position out of bounds
06-04 09:10:04.010 517 517 W NotificationHistory: Attempted to add notif for locked/gone/disabled user 0
06-04 09:10:04.012 739 739 V TvNotificationHandler: Notification not added because it isn't relevant for tv
06-04 09:10:04.016 963 963 D ViewRootImpl[MainActivity]: updatePointerIcon called with position out of bounds
06-04 09:10:04.022 739 739 V TvNotificationHandler: Notification not added because it isn't relevant for tv
06-04 09:10:04.035 963 963 D ViewRootImpl[MainActivity]: updatePointerIcon called with position out of bounds
06-04 09:10:04.049 963 963 D ViewRootImpl[MainActivity]: updatePointerIcon called with position out of bounds
06-04 09:10:04.070 963 963 D ViewRootImpl[MainActivity]: updatePointerIcon called with position out of bounds
06-04 09:10:04.070 963 963 D ViewRootImpl[MainActivity]: updatePointerIcon called with position out of bounds
06-04 09:10:04.197 963 963 D ViewRootImpl[MainActivity]: updatePointerIcon called with position out of bounds
06-04 09:10:04.216 963 963 D ViewRootImpl[MainActivity]: updatePointerIcon called with position out of bounds
06-04 09:10:04.233 963 963 D ViewRootImpl[MainActivity]: updatePointerIcon called with position out of bounds
06-04 09:10:04.245 739 739 V TvNotificationHandler: Notification not added because it isn't relevant for tv
06-04 09:10:04.249 963 963 D ViewRootImpl[MainActivity]: updatePointerIcon called with position out of bounds
06-04 09:10:04.266 963 963 D ViewRootImpl[MainActivity]: updatePointerIcon called with position out of bounds
06-04 09:10:04.270 517 559 W IorapForwardingService: No service published for: iorapd
06-04 09:10:04.282 963 963 D ViewRootImpl[MainActivity]: updatePointerIcon called with position out of bounds
06-04 09:10:04.300 963 963 D ViewRootImpl[MainActivity]: updatePointerIcon called with position out of bounds
06-04 09:10:04.316 963 963 D ViewRootImpl[MainActivity]: updatePointerIcon called with position out of bounds
06-04 09:10:04.327 517 1114 W ZramWriteback: Writeback device is not set
06-04 09:10:04.327 517 1114 D ZramWriteback: wait to flush
06-04 09:10:04.333 963 963 D ViewRootImpl[MainActivity]: updatePointerIcon called with position out of bounds
06-04 09:10:04.349 963 963 D ViewRootImpl[MainActivity]: updatePointerIcon called with position out of bounds
06-04 09:10:04.665 963 963 D ViewRootImpl[MainActivity]: updatePointerIcon called with position out of bounds
06-04 09:10:05.271 517 559 W IorapForwardingService: No service published for: iorapd
06-04 09:10:05.574 1612 2042 D hq : NetWorkStateReceiver:::检查网络,并且持续更新 isConnect=false
06-04 09:10:06.271 517 559 W IorapForwardingService: No service published for: iorapd
06-04 09:10:06.517 2766 2766 D PopupLayer: dispatchTouchEvent: MotionEvent { action=ACTION_DOWN, actionButton=0, id[0]=0, x[0]=1089.8757, y[0]=750.9213, toolType[0]=TOOL_TYPE_MOUSE, buttonState=BUTTON_PRIMARY, classification=NONE, metaState=META_NUM_LOCK_ON, flags=0x0, edgeFlags=0x0, pointerCount=1, historySize=0, eventTime=184452, downTime=184452, deviceId=4, source=0x2002, displayId=0, eventId=285103712 }
06-04 09:10:06.517 2766 2766 I YA : MotionEvent action0: x/rawX: 1089.8757/1089.8757
06-04 09:10:06.621 2322 2386 D UtilLog : 日志批量上报 进行正常循环 !!!!!!本次有0次请求,共0条数据
06-04 09:10:06.710 2766 2766 I YA : MotionEvent action1: x/rawX: 1089.8757/1089.8757
06-04 09:10:06.711 2766 2766 I fB : onKeyClick: property=100 code=100 symbol=null
06-04 09:10:06.711 2766 2766 I KeyEventTransfer: doKeyInput: property=100 code=100 text=d miniText=null
06-04 09:10:06.732 2766 2766 I ENKeyHandler: on selection update: oldStart: 0, oldEnd: 0, newStart: 1, newEnd: 1, composingStart: -1, composingEnd: -1
06-04 09:10:07.274 517 559 W IorapForwardingService: No service published for: iorapd
06-04 09:10:07.340 963 963 I RenderThread: type=1400 audit(0.0:2301): avc: denied { unlink } for name="com.android.opengl.shaders_cache" dev="mmcblk0p25" ino=2157 scontext=u:r:platform_app:s0:c512,c768 tcontext=u:object_r:app_data_file:s0:c512,c768 tclass=file permissive=1 app=com.dangbei.hqguide
06-04 09:10:07.340 963 963 I RenderThread: type=1400 audit(0.0:2302): avc: denied { create } for name="com.android.opengl.shaders_cache" scontext=u:r:platform_app:s0:c512,c768 tcontext=u:object_r:app_data_file:s0:c512,c768 tclass=file permissive=1 app=com.dangbei.hqguide
06-04 09:10:07.340 963 963 I RenderThread: type=1400 audit(0.0:2303): avc: denied { open } for path="/data/user_de/0/com.dangbei.hqguide/code_cache/com.android.opengl.shaders_cache" dev="mmcblk0p25" ino=2367 scontext=u:r:platform_app:s0:c512,c768 tcontext=u:object_r:app_data_file:s0:c512,c768 tclass=file permissive=1 app=com.dangbei.hqguide
06-04 09:10:07.340 963 963 I RenderThread: type=1400 audit(0.0:2304): avc: denied { setattr } for name="com.android.opengl.shaders_cache" dev="mmcblk0p25" ino=2367 scontext=u:r:platform_app:s0:c512,c768 tcontext=u:object_r:app_data_file:s0:c512,c768 tclass=file permissive=1 app=com.dangbei.hqguide
06-04 09:10:07.576 1612 2042 D hq : NetWorkStateReceiver:::检查网络,并且持续更新 isConnect=false
06-04 09:10:08.275 517 559 W IorapForwardingService: No service published for: iorapd
06-04 09:10:08.365 2766 2766 D PopupLayer: dispatchTouchEvent: MotionEvent { action=ACTION_DOWN, actionButton=0, id[0]=0, x[0]=757.0753, y[0]=758.2283, toolType[0]=TOOL_TYPE_MOUSE, buttonState=BUTTON_PRIMARY, classification=NONE, metaState=META_NUM_LOCK_ON, flags=0x0, edgeFlags=0x0, pointerCount=1, historySize=0, eventTime=186302, downTime=186302, deviceId=4, source=0x2002, displayId=0, eventId=31707974 }
06-04 09:10:08.366 2766 2766 I YA : MotionEvent action0: x/rawX: 757.0753/757.0753
06-04 09:10:08.402 2766 2783 I OpenGLRenderer: Davey! duration=9223371850533ms; Flags=0, FrameTimelineVsyncId=17898, IntendedVsync=186320665608, Vsync=186320665608, InputEventId=52476997, HandleInputStart=186321332046, AnimationStart=186321339296, PerformTraversalsStart=186321344630, DrawStart=186321906130, FrameDeadline=186353998940, FrameInterval=186321316213, FrameStartTime=16666666, SyncQueued=186323909046, SyncStart=186324174755, IssueDrawCommandsStart=186331693963, SwapBuffers=186333657463, FrameCompleted=9223372036854775807, DequeueBufferDuration=54250, QueueBufferDuration=997250, GpuCompleted=9223372036854775807, SwapBuffersCompleted=186335357588, DisplayPresentTime=-9162497831205199207,
06-04 09:10:08.537 2766 2766 I YA : MotionEvent action1: x/rawX: 757.0753/757.0753
06-04 09:10:08.538 2766 2766 I fB : onKeyClick: property=97 code=97 symbol=null
06-04 09:10:08.538 2766 2766 I KeyEventTransfer: doKeyInput: property=97 code=97 text=a miniText=null
06-04 09:10:08.548 2766 2766 I ENKeyHandler: on selection update: oldStart: 1, oldEnd: 1, newStart: 2, newEnd: 2, composingStart: -1, composingEnd: -1
06-04 09:10:08.569 2766 2783 I OpenGLRenderer: Davey! duration=9223371850367ms; Flags=0, FrameTimelineVsyncId=17901, IntendedVsync=186487351313, Vsync=186487351313, InputEventId=742990801, HandleInputStart=186487883463, AnimationStart=186489105880, PerformTraversalsStart=186489113463, DrawStart=186489986088, FrameDeadline=186520684645, FrameInterval=186487871463, FrameStartTime=16666666, SyncQueued=186491880380, SyncStart=186492139713, IssueDrawCommandsStart=186499106880, SwapBuffers=186500157547, FrameCompleted=9223372036854775807, DequeueBufferDuration=54541, QueueBufferDuration=1130500, GpuCompleted=9223372036854775807, SwapBuffersCompleted=186501841172, DisplayPresentTime=217883828737373544,
06-04 09:10:08.581 1418 1601 I efs.send_log: log cann't be send because net status is disconnected
06-04 09:10:09.277 517 559 W IorapForwardingService: No service published for: iorapd
06-04 09:10:09.577 1612 2042 D hq : NetWorkStateReceiver:::检查网络,并且持续更新 isConnect=false
06-04 09:10:09.903 2766 2766 D PopupLayer: dispatchTouchEvent: MotionEvent { action=ACTION_DOWN, actionButton=0, id[0]=0, x[0]=1408.1636, y[0]=840.7766, toolType[0]=TOOL_TYPE_MOUSE, buttonState=BUTTON_PRIMARY, classification=NONE, metaState=META_NUM_LOCK_ON, flags=0x0, edgeFlags=0x0, pointerCount=1, historySize=0, eventTime=187840, downTime=187840, deviceId=4, source=0x2002, displayId=0, eventId=536777114 }
06-04 09:10:09.904 2766 2766 I YA : MotionEvent action0: x/rawX: 1408.1636/1408.1636
06-04 09:10:09.966 2766 2766 I YA : MotionEvent action2: x/rawX: 1408.1636/1408.1636
06-04 09:10:10.058 2766 2766 I YA : MotionEvent action1: x/rawX: 1408.1636/1408.1636
06-04 09:10:10.058 2766 2766 I fB : onKeyClick: property=110 code=110 symbol=null
06-04 09:10:10.058 2766 2766 I KeyEventTransfer: doKeyInput: property=110 code=110 text=n miniText=null
06-04 09:10:10.083 2766 2766 I ENKeyHandler: on selection update: oldStart: 2, oldEnd: 2, newStart: 3, newEnd: 3, composingStart: -1, composingEnd: -1
06-04 09:10:10.279 517 559 W IorapForwardingService: No service published for: iorapd
06-04 09:10:10.521 517 599 I WifiService: startScan uid=10020
06-04 09:10:11.000 2766 2766 D PopupLayer: dispatchTouchEvent: MotionEvent { action=ACTION_DOWN, actionButton=0, id[0]=0, x[0]=1412.1481, y[0]=772.7611, toolType[0]=TOOL_TYPE_MOUSE, buttonState=BUTTON_PRIMARY, classification=NONE, metaState=META_NUM_LOCK_ON, flags=0x0, edgeFlags=0x0, pointerCount=1, historySize=0, eventTime=188938, downTime=188938, deviceId=4, source=0x2002, displayId=0, eventId=835206803 }
06-04 09:10:11.002 2766 2766 I YA : MotionEvent action0: x/rawX: 1412.1481/1412.1481
06-04 09:10:11.195 2766 2766 I YA : MotionEvent action1: x/rawX: 1412.1481/1412.1481
06-04 09:10:11.196 2766 2766 I fB : onKeyClick: property=103 code=103 symbol=null
06-04 09:10:11.196 2766 2766 I KeyEventTransfer: doKeyInput: property=103 code=103 text=g miniText=null
06-04 09:10:11.211 2766 2766 I ENKeyHandler: on selection update: oldStart: 3, oldEnd: 3, newStart: 4, newEnd: 4, composingStart: -1, composingEnd: -1
06-04 09:10:11.220 2766 2783 I OpenGLRenderer: Davey! duration=9223371847717ms; Flags=0, FrameTimelineVsyncId=18102, IntendedVsync=189137307162, Vsync=189137307162, InputEventId=265377612, HandleInputStart=189137938214, AnimationStart=189139075298, PerformTraversalsStart=189139082756, DrawStart=189140081048, FrameDeadline=189153973828, FrameInterval=189137924423, FrameStartTime=16666666, SyncQueued=189141938173, SyncStart=189142051673, IssueDrawCommandsStart=189149765839, SwapBuffers=189151193006, FrameCompleted=9223372036854775807, DequeueBufferDuration=59542, QueueBufferDuration=1223625, GpuCompleted=9223372036854775807, SwapBuffersCompleted=189153029964, DisplayPresentTime=7312282780104549218,
06-04 09:10:11.281 517 559 W IorapForwardingService: No service published for: iorapd
06-04 09:10:11.579 1612 2042 D hq : NetWorkStateReceiver:::检查网络,并且持续更新 isConnect=false
06-04 09:10:11.637 517 599 D WifiNl80211Manager: Scan result ready event
06-04 09:10:11.637 517 599 D WifiNative: Scan result ready event
06-04 09:10:11.679 1612 1612 E hq : NetWorkStateReceiver:::NetWorkStateReceiver onReceive: 网络变化广播 >>>> intent.action=android.net.wifi.SCAN_RESULTS
06-04 09:10:11.686 714 714 E WifiHAL : wifi_get_link_stats: requestResponse Error:-5
06-04 09:10:11.688 517 668 E WifiVendorHal: getWifiLinkLayerStats_1_5_Internal(l.1191) failed {.code = ERROR_INVALID_ARGS, .description = }
06-04 09:10:11.708 1612 1612 W eventbuscore: post Event:com.dangbei.leard.base.entity.event.NetWifiRssiEvent
06-04 09:10:11.720 264 278 D hdmi-cec: receive invalid cec message!
06-04 09:10:11.720 264 278 D hdmi-cec: receive poll message [04], skip!
06-04 09:10:12.286 517 559 W IorapForwardingService: No service published for: iorapd
06-04 09:10:12.615 2766 2766 D PopupLayer: dispatchTouchEvent: MotionEvent { action=ACTION_DOWN, actionButton=0, id[0]=0, x[0]=1185.4713, y[0]=1015.8074, toolType[0]=TOOL_TYPE_MOUSE, buttonState=BUTTON_PRIMARY, classification=NONE, metaState=META_NUM_LOCK_ON, flags=0x0, edgeFlags=0x0, pointerCount=1, historySize=0, eventTime=190552, downTime=190552, deviceId=4, source=0x2002, displayId=0, eventId=778334921 }
06-04 09:10:12.616 2766 2766 I YA : MotionEvent action0: x/rawX: 1185.4713/1185.4713
06-04 09:10:12.845 2766 2766 I YA : MotionEvent action1: x/rawX: 1185.4713/1185.4713
06-04 09:10:12.846 2766 2766 I fB : onKeyClick: property=122 code=122 symbol=null
06-04 09:10:12.846 2766 2766 I KeyEventTransfer: doKeyInput: property=122 code=122 text=z miniText=null
06-04 09:10:12.860 2766 2766 I ENKeyHandler: on selection update: oldStart: 4, oldEnd: 4, newStart: 5, newEnd: 5, composingStart: -1, composingEnd: -1
06-04 09:10:12.869 2766 2782 I OpenGLRenderer: Davey! duration=9223371846067ms; Flags=0, FrameTimelineVsyncId=18239, IntendedVsync=190787361544, Vsync=190787361544, InputEventId=113533125, HandleInputStart=190788116007, AnimationStart=190789127424, PerformTraversalsStart=190789133090, DrawStart=190789913299, FrameDeadline=190820694876, FrameInterval=190788102590, FrameStartTime=16666666, SyncQueued=190791850632, SyncStart=190791974007, IssueDrawCommandsStart=190799019965, SwapBuffers=190800579757, FrameCompleted=9223372036854775807, DequeueBufferDuration=46208, QueueBufferDuration=1213083, GpuCompleted=9223372036854775807, SwapBuffersCompleted=190802512924, DisplayPresentTime=8083461252710556004,
06-04 09:10:13.288 517 559 W IorapForwardingService: No service published for: iorapd
06-04 09:10:13.581 1612 2042 D hq : NetWorkStateReceiver:::检查网络,并且持续更新 isConnect=false
06-04 09:10:14.145 2766 2766 D PopupLayer: dispatchTouchEvent: MotionEvent { action=ACTION_DOWN, actionButton=0, id[0]=0, x[0]=714.37915, y[0]=855.3715, toolType[0]=TOOL_TYPE_MOUSE, buttonState=BUTTON_PRIMARY, classification=NONE, metaState=META_NUM_LOCK_ON, flags=0x0, edgeFlags=0x0, pointerCount=1, historySize=0, eventTime=192082, downTime=192082, deviceId=4, source=0x2002, displayId=0, eventId=687420628 }
06-04 09:10:14.146 2766 2766 I YA : MotionEvent action0: x/rawX: 714.37915/714.37915
06-04 09:10:14.249 2766 2766 I YA : MotionEvent action2: x/rawX: 714.37915/714.37915
06-04 09:10:14.290 517 559 W IorapForwardingService: No service published for: iorapd
06-04 09:10:14.332 2766 2766 I YA : MotionEvent action1: x/rawX: 714.37915/714.37915
06-04 09:10:14.332 2766 2766 I fB : onKeyClick: property=104 code=104 symbol=null
06-04 09:10:14.332 2766 2766 I KeyEventTransfer: doKeyInput: property=104 code=104 text=h miniText=null
06-04 09:10:14.342 2766 2766 I ENKeyHandler: on selection update: oldStart: 5, oldEnd: 5, newStart: 6, newEnd: 6, composingStart: -1, composingEnd: -1
06-04 09:10:14.910 2766 2766 D PopupLayer: dispatchTouchEvent: MotionEvent { action=ACTION_DOWN, actionButton=0, id[0]=0, x[0]=848.4345, y[0]=862.5383, toolType[0]=TOOL_TYPE_MOUSE, buttonState=BUTTON_PRIMARY, classification=NONE, metaState=META_NUM_LOCK_ON, flags=0x0, edgeFlags=0x0, pointerCount=1, historySize=0, eventTime=192847, downTime=192847, deviceId=4, source=0x2002, displayId=0, eventId=876985038 }
06-04 09:10:14.911 2766 2766 I YA : MotionEvent action0: x/rawX: 848.4345/848.4345
06-04 09:10:15.089 2766 2766 I YA : MotionEvent action1: x/rawX: 848.4345/848.4345
06-04 09:10:15.090 2766 2766 I fB : onKeyClick: property=105 code=105 symbol=null
06-04 09:10:15.090 2766 2766 I KeyEventTransfer: doKeyInput: property=105 code=105 text=i miniText=null
06-04 09:10:15.099 2766 2766 I ENKeyHandler: on selection update: oldStart: 6, oldEnd: 6, newStart: 7, newEnd: 7, composingStart: -1, composingEnd: -1
06-04 09:10:15.118 2766 2781 I OpenGLRenderer: Davey! duration=9223371843817ms; Flags=0, FrameTimelineVsyncId=18412, IntendedVsync=193037332563, Vsync=193037332563, InputEventId=933620711, HandleInputStart=193038789591, AnimationStart=193040204050, PerformTraversalsStart=193040211216, DrawStart=193041064466, FrameDeadline=193070665895, FrameInterval=193038775716, FrameStartTime=16666666, SyncQueued=193043004675, SyncStart=193043255800, IssueDrawCommandsStart=193050746258, SwapBuffers=193052702758, FrameCompleted=9223372036854775807, DequeueBufferDuration=67084, QueueBufferDuration=570375, GpuCompleted=9223372036854775807, SwapBuffersCompleted=193053840300, DisplayPresentTime=724246167056376393,
06-04 09:10:15.292 517 559 W IorapForwardingService: No service published for: iorapd
06-04 09:10:15.584 1612 2042 D hq : NetWorkStateReceiver:::检查网络,并且持续更新 isConnect=false
06-04 09:10:16.231 2766 2766 D PopupLayer: dispatchTouchEvent: MotionEvent { action=ACTION_DOWN, actionButton=0, id[0]=0, x[0]=338.75516, y[0]=773.6261, toolType[0]=TOOL_TYPE_MOUSE, buttonState=BUTTON_PRIMARY, classification=NONE, metaState=META_NUM_LOCK_ON, flags=0x0, edgeFlags=0x0, pointerCount=1, historySize=0, eventTime=194168, downTime=194168, deviceId=4, source=0x2002, displayId=0, eventId=617640271 }
06-04 09:10:16.231 2766 2766 I YA : MotionEvent action0: x/rawX: 338.75516/338.75516
06-04 09:10:16.252 2766 2781 I OpenGLRenderer: Davey! duration=9223371842683ms; Flags=0, FrameTimelineVsyncId=18529, IntendedVsync=194170652879, Vsync=194170652879, InputEventId=67585664, HandleInputStart=194172143384, AnimationStart=194172165467, PerformTraversalsStart=194172169134, DrawStart=194172537717, FrameDeadline=194203986211, FrameInterval=194172134675, FrameStartTime=16666666, SyncQueued=194175190009, SyncStart=194175318134, IssueDrawCommandsStart=194182297509, SwapBuffers=194184813675, FrameCompleted=9223372036854775807, DequeueBufferDuration=56291, QueueBufferDuration=1238125, GpuCompleted=9223372036854775807, SwapBuffersCompleted=194186982425, DisplayPresentTime=4704101113428143728,
06-04 09:10:16.294 517 559 W IorapForwardingService: No service published for: iorapd
06-04 09:10:16.410 2766 2766 I YA : MotionEvent action1: x/rawX: 338.75516/338.75516
06-04 09:10:16.411 2766 2766 I fB : onKeyClick: property=61440 code=49 symbol=1
06-04 09:10:16.411 2766 2766 I KeyEventTransfer: doKeyInput: property=61440 code=49 text=1 miniText=null
06-04 09:10:16.427 2766 2766 I ENKeyHandler: on selection update: oldStart: 7, oldEnd: 7, newStart: 8, newEnd: 8, composingStart: -1, composingEnd: -1
06-04 09:10:16.436 2766 2783 I OpenGLRenderer: Davey! duration=9223371842500ms; Flags=0, FrameTimelineVsyncId=18532, IntendedVsync=194353996463, Vsync=194353996463, InputEventId=419228182, HandleInputStart=194354825467, AnimationStart=194355794175, PerformTraversalsStart=194355800634, DrawStart=194356875717, FrameDeadline=194387329795, FrameInterval=194354816925, FrameStartTime=16666666, SyncQueued=194359035217, SyncStart=194359384134, IssueDrawCommandsStart=194366038467, SwapBuffers=194367554509, FrameCompleted=9223372036854775807, DequeueBufferDuration=55333, QueueBufferDuration=1191750, GpuCompleted=9223372036854775807, SwapBuffersCompleted=194369456050, DisplayPresentTime=7813572933961740832,
06-04 09:10:16.621 2322 2386 D UtilLog : 日志批量上报 进行正常循环 !!!!!!本次有0次请求,共0条数据
06-04 09:10:16.969 2766 2766 D PopupLayer: dispatchTouchEvent: MotionEvent { action=ACTION_DOWN, actionButton=0, id[0]=0, x[0]=410.4292, y[0]=774.6261, toolType[0]=TOOL_TYPE_MOUSE, buttonState=BUTTON_PRIMARY, classification=NONE, metaState=META_NUM_LOCK_ON, flags=0x0, edgeFlags=0x0, pointerCount=1, historySize=0, eventTime=194906, downTime=194906, deviceId=4, source=0x2002, displayId=0, eventId=452013281 }
06-04 09:10:16.970 2766 2766 I YA : MotionEvent action0: x/rawX: 410.4292/410.4292
06-04 09:10:17.002 2766 2781 I OpenGLRenderer: Davey! duration=9223371841933ms; Flags=0, FrameTimelineVsyncId=18589, IntendedVsync=194920625055, Vsync=194920625055, InputEventId=935720662, HandleInputStart=194921119217, AnimationStart=194921123134, PerformTraversalsStart=194921127634, DrawStart=194921595676, FrameDeadline=194953958387, FrameInterval=194921104134, FrameStartTime=16666666, SyncQueued=194923418259, SyncStart=194923619926, IssueDrawCommandsStart=194931343009, SwapBuffers=194933742176, FrameCompleted=9223372036854775807, DequeueBufferDuration=60917, QueueBufferDuration=1755666, GpuCompleted=9223372036854775807, SwapBuffersCompleted=194936322467, DisplayPresentTime=8449939726062793066,
06-04 09:10:17.136 2766 2766 I YA : MotionEvent action1: x/rawX: 410.4292/410.4292
06-04 09:10:17.137 2766 2766 I fB : onKeyClick: property=61440 code=48 symbol=0x32
06-04 09:10:17.137 2766 2766 I KeyEventTransfer: doKeyInput: property=61440 code=48 text=2 miniText=null
06-04 09:10:17.146 2766 2766 I ENKeyHandler: on selection update: oldStart: 8, oldEnd: 8, newStart: 9, newEnd: 9, composingStart: -1, composingEnd: -1
06-04 09:10:17.169 2766 2781 I OpenGLRenderer: Davey! duration=9223371841767ms; Flags=0, FrameTimelineVsyncId=18592, IntendedVsync=195087320225, Vsync=195087320225, InputEventId=1067013620, HandleInputStart=195087803676, AnimationStart=195088761467, PerformTraversalsStart=195088768259, DrawStart=195089652634, FrameDeadline=195120653557, FrameInterval=195087791426, FrameStartTime=16666666, SyncQueued=195092190467, SyncStart=195092382217, IssueDrawCommandsStart=195100528342, SwapBuffers=195102494301, FrameCompleted=9223372036854775807, DequeueBufferDuration=50583, QueueBufferDuration=661500, GpuCompleted=9223372036854775807, SwapBuffersCompleted=195103708051, DisplayPresentTime=8315177835151783265,
06-04 09:10:17.296 517 559 W IorapForwardingService: No service published for: iorapd
06-04 09:10:17.586 1612 2042 D hq : NetWorkStateReceiver:::检查网络,并且持续更新 isConnect=false
06-04 09:10:17.688 2766 2766 D PopupLayer: dispatchTouchEvent: MotionEvent { action=ACTION_DOWN, actionButton=0, id[0]=0, x[0]=544.72906, y[0]=771.22253, toolType[0]=TOOL_TYPE_MOUSE, buttonState=BUTTON_PRIMARY, classification=NONE, metaState=META_NUM_LOCK_ON, flags=0x0, edgeFlags=0x0, pointerCount=1, historySize=0, eventTime=195625, downTime=195625, deviceId=4, source=0x2002, displayId=0, eventId=619163624 }
06-04 09:10:17.689 2766 2766 I YA : MotionEvent action0: x/rawX: 544.72906/544.72906
06-04 09:10:17.850 2766 2766 I YA : MotionEvent action1: x/rawX: 544.72906/544.72906
06-04 09:10:17.851 2766 2766 I fB : onKeyClick: property=61440 code=51 symbol=3
06-04 09:10:17.851 2766 2766 I KeyEventTransfer: doKeyInput: property=61440 code=51 text=3 miniText=null
06-04 09:10:17.860 2766 2766 I ENKeyHandler: on selection update: oldStart: 9, oldEnd: 9, newStart: 10, newEnd: 10, composingStart: -1, composingEnd: -1
06-04 09:10:17.886 2766 2782 I OpenGLRenderer: Davey! duration=9223371841050ms; Flags=0, FrameTimelineVsyncId=18648, IntendedVsync=195803975933, Vsync=195803975933, InputEventId=422108582, HandleInputStart=195804477926, AnimationStart=195805420843, PerformTraversalsStart=195805426009, DrawStart=195806207009, FrameDeadline=195837309265, FrameInterval=195804467551, FrameStartTime=16666666, SyncQueued=195808208468, SyncStart=195808452884, IssueDrawCommandsStart=195815479468, SwapBuffers=195817083884, FrameCompleted=9223372036854775807, DequeueBufferDuration=58875, QueueBufferDuration=615500, GpuCompleted=9223372036854775807, SwapBuffersCompleted=195818299926, DisplayPresentTime=8083460173749774698,
06-04 09:10:18.297 517 559 W IorapForwardingService: No service published for: iorapd
06-04 09:10:18.435 2766 2766 D PopupLayer: dispatchTouchEvent: MotionEvent { action=ACTION_DOWN, actionButton=0, id[0]=0, x[0]=331.54996, y[0]=855.0456, toolType[0]=TOOL_TYPE_MOUSE, buttonState=BUTTON_PRIMARY, classification=NONE, metaState=META_NUM_LOCK_ON, flags=0x0, edgeFlags=0x0, pointerCount=1, historySize=0, eventTime=196372, downTime=196372, deviceId=4, source=0x2002, displayId=0, eventId=935661015 }
06-04 09:10:18.436 2766 2766 I YA : MotionEvent action0: x/rawX: 331.54996/331.54996
06-04 09:10:18.609 2766 2766 I YA : MotionEvent action1: x/rawX: 331.54996/331.54996
06-04 09:10:18.609 2766 2766 I fB : onKeyClick: property=61440 code=52 symbol=4
06-04 09:10:18.610 2766 2766 I KeyEventTransfer: doKeyInput: property=61440 code=52 text=4 miniText=null
06-04 09:10:18.628 2766 2766 I ENKeyHandler: on selection update: oldStart: 10, oldEnd: 10, newStart: 11, newEnd: 11, composingStart: -1, composingEnd: -1
06-04 09:10:18.629 1418 1601 I efs.send_log: log cann't be send because net status is disconnected
06-04 09:10:18.635 2766 2782 I OpenGLRenderer: Davey! duration=9223371840300ms; Flags=0, FrameTimelineVsyncId=18711, IntendedVsync=196554002019, Vsync=196554002019, InputEventId=481996280, HandleInputStart=196554516093, AnimationStart=196555382885, PerformTraversalsStart=196555389676, DrawStart=196556473968, FrameDeadline=196587335351, FrameInterval=196554505301, FrameStartTime=16666666, SyncQueued=196559025593, SyncStart=196559218260, IssueDrawCommandsStart=196566399343, SwapBuffers=196568212093, FrameCompleted=9223372036854775807, DequeueBufferDuration=67041, QueueBufferDuration=869500, GpuCompleted=9223372036854775807, SwapBuffersCompleted=196570536926, DisplayPresentTime=8800097943708591977,
06-04 09:10:19.081 2766 2766 D PopupLayer: dispatchTouchEvent: MotionEvent { action=ACTION_DOWN, actionButton=0, id[0]=0, x[0]=435.13858, y[0]=861.31396, toolType[0]=TOOL_TYPE_MOUSE, buttonState=BUTTON_PRIMARY, classification=NONE, metaState=META_NUM_LOCK_ON, flags=0x0, edgeFlags=0x0, pointerCount=1, historySize=0, eventTime=197018, downTime=197018, deviceId=4, source=0x2002, displayId=0, eventId=716714294 }
06-04 09:10:19.082 2766 2766 I YA : MotionEvent action0: x/rawX: 435.13858/435.13858
06-04 09:10:19.132 2766 2766 I YA : MotionEvent action2: x/rawX: 436.13858/436.13858
06-04 09:10:19.149 2766 2766 I YA : MotionEvent action2: x/rawX: 436.13858/436.13858
06-04 09:10:19.257 2766 2766 I YA : MotionEvent action1: x/rawX: 436.13858/436.13858
06-04 09:10:19.258 2766 2766 I fB : onKeyClick: property=61440 code=53 symbol=5
06-04 09:10:19.258 2766 2766 I KeyEventTransfer: doKeyInput: property=61440 code=53 text=5 miniText=null
06-04 09:10:19.277 2766 2766 I ENKeyHandler: on selection update: oldStart: 11, oldEnd: 11, newStart: 12, newEnd: 12, composingStart: -1, composingEnd: -1
06-04 09:10:19.286 2766 2782 I OpenGLRenderer: Davey! duration=9223371839650ms; Flags=0, FrameTimelineVsyncId=18762, IntendedVsync=197204014400, Vsync=197204014400, InputEventId=504385218, HandleInputStart=197204870260, AnimationStart=197206074885, PerformTraversalsStart=197206082468, DrawStart=197207086885, FrameDeadline=197237347732, FrameInterval=197204854885, FrameStartTime=16666666, SyncQueued=197209425302, SyncStart=197209655093, IssueDrawCommandsStart=197215216885, SwapBuffers=197217775093, FrameCompleted=9223372036854775807, DequeueBufferDuration=65583, QueueBufferDuration=1306833, GpuCompleted=9223372036854775807, SwapBuffersCompleted=197220201135, DisplayPresentTime=8157273885410013288,
06-04 09:10:19.286 963 983 I OpenGLRenderer: Davey! duration=9223371839650ms; Flags=0, FrameTimelineVsyncId=18762, IntendedVsync=197204014400, Vsync=197204014400, InputEventId=0, HandleInputStart=197206410177, AnimationStart=197206416427, PerformTraversalsStart=197206422135, DrawStart=197209116260, FrameDeadline=197220681066, FrameInterval=197206397552, FrameStartTime=16666666, SyncQueued=197215805885, SyncStart=197216069843, IssueDrawCommandsStart=197216275343, SwapBuffers=197218246427, FrameCompleted=9223372036854775807, DequeueBufferDuration=46833, QueueBufferDuration=1369000, GpuCompleted=9223372036854775807, SwapBuffersCompleted=197220189385, DisplayPresentTime=0,
06-04 09:10:19.299 517 559 W IorapForwardingService: No service published for: iorapd
06-04 09:10:19.588 1612 2042 D hq : NetWorkStateReceiver:::检查网络,并且持续更新 isConnect=false
06-04 09:10:19.689 2766 2766 D PopupLayer: dispatchTouchEvent: MotionEvent { action=ACTION_DOWN, actionButton=0, id[0]=0, x[0]=523.00464, y[0]=863.6414, toolType[0]=TOOL_TYPE_MOUSE, buttonState=BUTTON_PRIMARY, classification=NONE, metaState=META_NUM_LOCK_ON, flags=0x0, edgeFlags=0x0, pointerCount=1, historySize=0, eventTime=197626, downTime=197626, deviceId=4, source=0x2002, displayId=0, eventId=427933084 }
06-04 09:10:19.690 2766 2766 I YA : MotionEvent action0: x/rawX: 523.00464/523.00464
06-04 09:10:19.890 2766 2766 I YA : MotionEvent action1: x/rawX: 523.00464/523.00464
06-04 09:10:19.891 2766 2766 I fB : onKeyClick: property=61440 code=54 symbol=6
06-04 09:10:19.891 2766 2766 I KeyEventTransfer: doKeyInput: property=61440 code=54 text=6 miniText=null
06-04 09:10:19.911 2766 2766 I ENKeyHandler: on selection update: oldStart: 12, oldEnd: 12, newStart: 13, newEnd: 13, composingStart: -1, composingEnd: -1
06-04 09:10:19.918 2766 2783 I OpenGLRenderer: Davey! duration=9223371839017ms; Flags=0, FrameTimelineVsyncId=18802, IntendedVsync=197837298557, Vsync=197837298557, InputEventId=452857191, HandleInputStart=197838000427, AnimationStart=197838946094, PerformTraversalsStart=197838955177, DrawStart=197839745094, FrameDeadline=197870631889, FrameInterval=197837989552, FrameStartTime=16666666, SyncQueued=197841864635, SyncStart=197842208135, IssueDrawCommandsStart=197849551302, SwapBuffers=197851161094, FrameCompleted=9223372036854775807, DequeueBufferDuration=57666, QueueBufferDuration=1006916, GpuCompleted=9223372036854775807, SwapBuffersCompleted=197852821510, DisplayPresentTime=7881666627950480701,
06-04 09:10:20.251 963 963 D ViewRootImpl[MainActivity]: updatePointerIcon called with position out of bounds
06-04 09:10:20.266 963 963 D ViewRootImpl[MainActivity]: updatePointerIcon called with position out of bounds
06-04 09:10:20.283 963 963 D ViewRootImpl[MainActivity]: updatePointerIcon called with position out of bounds
06-04 09:10:20.299 963 963 D ViewRootImpl[MainActivity]: updatePointerIcon called with position out of bounds
06-04 09:10:20.301 517 559 W IorapForwardingService: No service published for: iorapd
06-04 09:10:20.316 963 963 D ViewRootImpl[MainActivity]: updatePointerIcon called with position out of bounds
06-04 09:10:21.251 2766 2766 I SogouIME: onFinishInputView:
06-04 09:10:21.252 2766 2766 I DefaultIMS: onFinishInputView: true
06-04 09:10:21.253 2766 2766 I MainPresenter: onFinishInputView: on starting, return
06-04 09:10:21.270 2766 2766 D EnInputSession: getCandidateWords: count=0
06-04 09:10:21.271 2766 2766 I eJ : handle Action on finish Input
06-04 09:10:21.272 2766 2766 I PhysicalKeyHandler: resetPhysicalKeyboardStatus
06-04 09:10:21.278 2766 2766 I DefaultIMS: onStartInput attribute=android.view.inputmethod.EditorInfo@4d475f9 restarting=false inputType: 0
06-04 09:10:21.278 2766 2766 I SogouIME: SogouIME::onStartInputView()
06-04 09:10:21.278 2766 2766 I DefaultIMS: onStartInputView attributeandroid.view.inputmethod.EditorInfo@4d475f9 restarting=false inputType: 0
06-04 09:10:21.278 2766 2766 I SogouIME: SogouIME::setInputView()
06-04 09:10:21.282 2766 2766 I MainPresenter: onStartInputView: attribute=android.view.inputmethod.EditorInfo@4d475f9 isReady=true; restarting: false inputType: 0
06-04 09:10:21.282 2766 2766 I RootPresenter: hideInputWindow:
06-04 09:10:21.294 2766 2766 I eJ : handle Action on start Input
06-04 09:10:21.304 517 559 W IorapForwardingService: No service published for: iorapd
06-04 09:10:21.314 2766 2766 I SogouIME: onFinishInputView:
06-04 09:10:21.314 2766 2766 I DefaultIMS: onFinishInputView: false
06-04 09:10:21.316 963 963 D InsetsController: show(ime(), fromIme=true)
06-04 09:10:21.339 517 517 D CompatibilityChangeReporter: Compat change id reported: 175319604; UID 1000; state: DISABLED
06-04 09:10:21.340 517 517 D CompatibilityChangeReporter: Compat change id reported: 175319604; UID 1000; state: ENABLED
06-04 09:10:21.343 2766 2766 D EnInputSession: getCandidateWords: count=0
06-04 09:10:21.343 517 517 D CompatibilityChangeReporter: Compat change id reported: 175319604; UID 10063; state: ENABLED
06-04 09:10:21.356 739 739 D TvPipController: onImeVisibilityChanged(), visible=false, height=0
06-04 09:10:21.361 2766 2766 D EnInputSession: getCandidateWords: count=0
06-04 09:10:21.362 2766 2766 I eJ : handle Action on finish Input
06-04 09:10:21.362 2766 2766 I PhysicalKeyHandler: resetPhysicalKeyboardStatus
06-04 09:10:21.388 2766 2783 I OpenGLRenderer: Davey! duration=9223371837600ms; Flags=0, FrameTimelineVsyncId=18915, IntendedVsync=199253955415, Vsync=199287288747, InputEventId=0, HandleInputStart=199302738261, AnimationStart=199302742553, PerformTraversalsStart=199302747094, DrawStart=199316083803, FrameDeadline=199287288747, FrameInterval=199302726094, FrameStartTime=16666666, SyncQueued=199316395886, SyncStart=199316483469, IssueDrawCommandsStart=199316769094, SwapBuffers=199318244844, FrameCompleted=9223372036854775807, DequeueBufferDuration=51416, QueueBufferDuration=1897917, GpuCompleted=9223372036854775807, SwapBuffersCompleted=199321730761, DisplayPresentTime=3618467806007865681,
06-04 09:10:21.507 517 517 I NotificationService: Cannot find enqueued record for key: -1|android|8|null|1000
06-04 09:10:21.589 1612 2042 D hq : NetWorkStateReceiver:::检查网络,并且持续更新 isConnect=false
06-04 09:10:21.924 257 257 I gralloc : alloc buffer:W:33 H:42 S:48 PL[33 42] SZ:8064 fmt:1 if:0 af:1 usg:966 fg:00000004
06-04 09:10:22.306 517 559 W IorapForwardingService: No service published for: iorapd
06-04 09:10:22.897 517 836 I WifiService: disconnect uid=10020
06-04 09:10:22.897 517 668 E WifiClientModeImpl[wlan0]: Error! unhandled message{ when=0 what=131145 arg1=2 target=com.android.wifi.x.com.android.internal.util.StateMachine$SmHandler }
06-04 09:10:22.914 517 599 I WifiService: addOrUpdateNetwork uid=10020
06-04 09:10:22.914 517 599 I addOrUpdateNetworkInternal: uid = 10020 SSID "DZNB" nid=-1
06-04 09:10:22.916 517 836 W InputManager-JNI: Input channel object 'd56238 com.dangbei.hqguide/com.dangbei.hqguide.main.MainActivity (client)' was disposed without first being removed with the input manager!
06-04 09:10:22.917 517 668 E WifiConfigManager: Cannot find network with networkId -1 or configKey "DZNB"WPA_PSK or upgradable security type check
06-04 09:10:22.917 517 668 E WifiConfigManager: Cannot find network with networkId -1 or configKey "DZNB"WPA_PSK or upgradable security type check
06-04 09:10:22.926 963 963 D CompatibilityChangeReporter: Compat change id reported: 147798919; UID 10020; state: ENABLED
06-04 09:10:22.936 210 210 I SELinux : SELinux: Loaded keystore2_key_contexts from:
06-04 09:10:22.937 210 210 I SELinux : /system/etc/selinux/plat_keystore2_key_contexts
06-04 09:10:22.955 517 668 E WifiConfigManager: Cannot find network with configKey "DZNB"WPA_PSK
06-04 09:10:22.955 517 668 D WifiConfigurationUtil: Add upgradable SAE configuration.
06-04 09:10:22.956 517 668 D WifiConfigManager: Enable disabled network: "DZNB" num=0
06-04 09:10:22.978 2766 2766 I DefaultIMS: onStartInput attribute=android.view.inputmethod.EditorInfo@ec1cf69 restarting=false inputType: 0
06-04 09:10:22.986 517 668 D WifiConfigStore: Writing to stores completed in 12 ms.
06-04 09:10:22.987 963 987 I OpenGLRenderer: Davey! duration=9223371835965ms; Flags=0, FrameTimelineVsyncId=19071, IntendedVsync=200887351270, Vsync=200887351270, InputEventId=1576738560, HandleInputStart=200888150387, AnimationStart=200888154762, PerformTraversalsStart=200888158887, DrawStart=200903415470, FrameDeadline=200920684602, FrameInterval=200888137720, FrameStartTime=16666666, SyncQueued=200904882178, SyncStart=200906546012, IssueDrawCommandsStart=200907633887, SwapBuffers=200913204303, FrameCompleted=9223372036854775807, DequeueBufferDuration=66459, QueueBufferDuration=1190916, GpuCompleted=9223372036854775807, SwapBuffersCompleted=200916469262, DisplayPresentTime=0,
06-04 09:10:23.002 517 1373 I WifiService: enableNetwork uid=10020 disableOthers=true
06-04 09:10:23.009 517 668 D WifiConfigManager: Enable disabled network: "DZNB" num=0
06-04 09:10:23.041 517 668 D WifiConfigStore: Writing to stores completed in 10 ms.
06-04 09:10:23.043 517 668 D WifiClientModeImpl[wlan0]: connectToUserSelectNetwork netId 0, uid 10020, forceReconnect = false
06-04 09:10:23.050 517 668 D WifiScoreReport: setShouldReduceNetworkScore=false mNetworkAgent is null? true
06-04 09:10:23.054 517 668 D WifiClientModeImpl[wlan0]: CMD_START_CONNECT my state DisconnectedState nid=0 roam=false
06-04 09:10:23.058 517 668 E WifiBlocklistMonitor: Invalid max BSSID blocklist size: 0
06-04 09:10:23.067 272 339 E HWComposer: getSupportedContentTypes: getSupportedContentTypes failed for display 0: Unsupported (8)
06-04 09:10:23.082 257 257 I gralloc : alloc buffer:W:123 H:77 S:128 PL[123 77] SZ:39424 fmt:1 if:0 af:1 usg:20000b00 fg:00000004
06-04 09:10:23.086 257 257 I gralloc : alloc buffer:W:123 H:77 S:128 PL[123 77] SZ:39424 fmt:1 if:0 af:1 usg:20000b00 fg:00000004
06-04 09:10:23.086 257 257 I gralloc : alloc buffer:W:123 H:77 S:128 PL[123 77] SZ:39424 fmt:1 if:0 af:1 usg:20000b00 fg:00000004
06-04 09:10:23.183 2766 2766 I DefaultIMS: onStartInput attribute=android.view.inputmethod.EditorInfo@9ed7dee restarting=false inputType: 0
06-04 09:10:23.186 963 983 I OpenGLRenderer: Davey! duration=9223371835895ms; Flags=0, FrameTimelineVsyncId=19082, IntendedVsync=200953974786, Vsync=200953974786, InputEventId=0, HandleInputStart=200954761345, AnimationStart=200954768387, PerformTraversalsStart=200954772512, DrawStart=201084605804, FrameDeadline=200987308118, FrameInterval=200954749137, FrameStartTime=16666666, SyncQueued=201093075679, SyncStart=201098780095, IssueDrawCommandsStart=201100137887, SwapBuffers=201112300512, FrameCompleted=9223372036854775807, DequeueBufferDuration=51250, QueueBufferDuration=4452291, GpuCompleted=9223372036854775807, SwapBuffersCompleted=201118102762, DisplayPresentTime=0,
