06-04 09:07:28.610 517 517 I WindowManager: Override config changes=10000000 {1.0 ?mcc?mnc [zh_CN] ldltr sw720dp w1280dp h696dp 240dpi xlrg long land television -touch qwerty/v/v dpad/v winConfig={ mBounds=Rect(0, 0 - 1920, 1080) mAppBounds=Rect(0, 0 - 1920, 1080) mMaxBounds=Rect(0, 0 - 1920, 1080) mWindowingMode=fullscreen mDisplayWindowingMode=fullscreen mActivityType=undefined mAlwaysOnTop=undefined mRotation=ROTATION_0} s.6 fontWeightAdjustment=0} for displayId=0
06-04 09:07:28.612 517 517 I SystemServerTiming: Ugm.onSystemReady
06-04 09:07:28.613 517 517 I SystemServerTiming: updateForceBackgroundCheck
06-04 09:07:28.614 517 517 I SystemServer: Making services ready
06-04 09:07:28.614 517 517 I SystemServerTiming: StartActivityManagerReadyPhase
06-04 09:07:28.614 517 517 I SystemServiceManager: Starting phase 550
06-04 09:07:28.614 517 517 I SystemServerTiming: OnBootPhase_550
06-04 09:07:28.615 186 186 I hwservicemanager: getTransport: Cannot find entry android.hardware.thermal@2.0::IThermal/default in either framework or device VINTF manifest.
06-04 09:07:28.616 517 517 E ThermalHalWrapper: Thermal HAL 2.0 service not connected.
06-04 09:07:28.617 186 186 I hwservicemanager: getTransport: Cannot find entry android.hardware.thermal@1.1::IThermal/default in either framework or device VINTF manifest.
06-04 09:07:28.617 517 517 E ThermalHalWrapper: Thermal HAL 1.1 service not connected.
06-04 09:07:28.618 186 186 I hwservicemanager: getTransport: Cannot find entry android.hardware.thermal@1.0::IThermal/default in either framework or device VINTF manifest.
06-04 09:07:28.618 517 517 E ThermalHalWrapper: Thermal HAL 1.0 service not connected.
06-04 09:07:28.618 517 517 W ThermalManagerService: No Thermal HAL service on this device
06-04 09:07:28.621 517 517 W ActivityManager: Unable to start service Intent { act=com.android.ITelecomService cmp=com.android.server.telecom/.components.TelecomService } U=0: not found
06-04 09:07:28.621 517 517 D BluetoothManagerService: Bluetooth boot completed
06-04 09:07:28.621 517 517 D BluetoothManagerService: Auto-enabling Bluetooth.
06-04 09:07:28.622 517 559 D BluetoothManagerService: MESSAGE_ENABLE(0): mBluetooth = null
06-04 09:07:28.622 517 559 D BluetoothManagerService: binding Bluetooth service
06-04 09:07:28.623 517 517 D BluetoothA2dp: Binding service...
06-04 09:07:28.625 517 559 D CompatibilityChangeReporter: Compat change id reported: 135634846; UID 1002; state: DISABLED
06-04 09:07:28.627 517 517 I BluetoothAirplaneModeListener: start
06-04 09:07:28.640 246 246 D Zygote : Forked child process 724
06-04 09:07:28.640 517 517 W InputMethodUtils: Found no fallback locale. imis=[InputMethodInfo{com.sohu.inputmethod.sogou.tv/.SogouIME, settings: com.sohu.inputmethod.sogou.SogouIMESettingsLauncher}]
06-04 09:07:28.641 517 517 W InputMethodUtils: No software keyboard is found. imis=[InputMethodInfo{com.sohu.inputmethod.sogou.tv/.SogouIME, settings: com.sohu.inputmethod.sogou.SogouIMESettingsLauncher}] systemLocale=zh_CN fallbackLocale=null
06-04 09:07:28.641 517 567 I ActivityManager: app.processName = com.android.bluetooth
06-04 09:07:28.641 517 567 I ActivityManager: Start proc 724:com.android.bluetooth/1002 for service {com.android.bluetooth/com.android.bluetooth.btservice.AdapterService}
06-04 09:07:28.647 724 724 I Zygote : seccomp disabled by setenforce 0
06-04 09:07:28.656 517 517 I LockSettingsService: Migrated migrated_frp.
06-04 09:07:28.656 517 517 I RebootEscrowManager: No reboot escrow data found for users, skipping loading escrow data
06-04 09:07:28.659 517 517 I WallpaperManagerService: No static wallpaper imagery; defaults will be shown
06-04 09:07:28.660 517 517 V WallpaperManagerService: bindWallpaperComponentLocked: componentName=ComponentInfo{com.android.systemui/com.android.systemui.ImageWallpaper}
06-04 09:07:28.664 395 415 I adbd : jdwp connection from 724
06-04 09:07:28.665 517 517 D CompatibilityChangeReporter: Compat change id reported: 135634846; UID 10063; state: DISABLED
06-04 09:07:28.665 517 517 D CompatibilityChangeReporter: Compat change id reported: 177438394; UID 10063; state: DISABLED
06-04 09:07:28.665 517 517 D CompatibilityChangeReporter: Compat change id reported: 135772972; UID 10063; state: DISABLED
06-04 09:07:28.666 517 517 D CompatibilityChangeReporter: Compat change id reported: 135754954; UID 10063; state: ENABLED
06-04 09:07:28.667 517 567 D CompatibilityChangeReporter: Compat change id reported: 143937733; UID 10063; state: ENABLED
06-04 09:07:28.675 714 714 I sunxi-rfkill soc@3000000: rfkill: wlan power on success
06-04 09:07:28.675 714 714 I WCN : marlin chip en pull up
06-04 09:07:28.674 517 517 W WallpaperManagerService: no current wallpaper -- first boot?
06-04 09:07:28.675 517 517 D AdbService: systemReady
06-04 09:07:28.676 251 251 V audio_hw_primary: adev_set_parameters, A2dpSuspended=false
06-04 09:07:28.678 517 685 D BluetoothManagerService: Trying to bind to profile: 1, while Bluetooth was disabled
06-04 09:07:28.678 517 554 D CompatibilityChangeReporter: Compat change id reported: 168419799; UID 1002; state: DISABLED
06-04 09:07:28.678 517 517 D SoundTriggerService: onBootPhase: 550 : false
06-04 09:07:28.678 517 601 I SystemServerTimingAsync: InitThreadPoolExec:UsbService$Lifecycle#onBootPhase
06-04 09:07:28.678 517 601 D SystemServerInitThreadPool: Started executing UsbService$Lifecycle#onBootPhase
06-04 09:07:28.679 246 246 D Zygote : Forked child process 739
06-04 09:07:28.680 265 285 E android.hardware.usb@1.0-service: Failed to open /sys/class/typec
06-04 09:07:28.682 517 695 E UsbPortManager: port status enquiry failed
06-04 09:07:28.682 517 601 D SystemServerInitThreadPool: Finished executing UsbService$Lifecycle#onBootPhase
06-04 09:07:28.691 517 685 D BluetoothA2dp: Binding service...
06-04 09:07:28.692 517 567 I ActivityManager: app.processName = com.android.systemui
06-04 09:07:28.692 517 567 I ActivityManager: Start proc 739:com.android.systemui/u0a63 for service {com.android.systemui/com.android.systemui.ImageWallpaper}
06-04 09:07:28.693 517 517 I AppBindingService: Updating constants with: null
06-04 09:07:28.693 739 739 I Zygote : seccomp disabled by setenforce 0
06-04 09:07:28.694 251 251 V audio_hw_primary: adev_set_parameters, BT_SCO=off
06-04 09:07:28.698 724 724 D CompatibilityChangeReporter: Compat change id reported: 171979766; UID 1002; state: ENABLED
06-04 09:07:28.699 517 686 I AS.AudioDeviceInventory: removePreferredDevicesForStrategySync, strategy: 14
06-04 09:07:28.702 517 557 D CompatibilityChangeReporter: Compat change id reported: 135634846; UID 10073; state: DISABLED
06-04 09:07:28.703 517 557 D CompatibilityChangeReporter: Compat change id reported: 177438394; UID 10073; state: DISABLED
06-04 09:07:28.703 517 557 D CompatibilityChangeReporter: Compat change id reported: 135772972; UID 10073; state: DISABLED
06-04 09:07:28.703 517 557 D CompatibilityChangeReporter: Compat change id reported: 135754954; UID 10073; state: DISABLED
06-04 09:07:28.700 330 330 I rainbow_flow: type=1400 audit(0.0:319): avc: denied { ioctl } for path="/dev/spidev1.0" dev="tmpfs" ino=1280 ioctlcmd=0x6b00 scontext=u:r:init:s0 tcontext=u:object_r:device:s0 tclass=chr_file permissive=1
06-04 09:07:28.699 714 714 I sdiohal : sdiohal_scan_card
06-04 09:07:28.699 714 714 I sunxi-rfkill soc@3000000: rfkill: bus_index: 1
06-04 09:07:28.700 0 0 E : [ C0] sunxi-mmc 4021000.sdmmc: smc 2 p1 err, cmd 52, RTO !!
06-04 09:07:28.706 517 567 D CompatibilityChangeReporter: Compat change id reported: 143937733; UID 10073; state: DISABLED
06-04 09:07:28.714 268 268 I AudioFlinger: systemReady
06-04 09:07:28.716 395 415 I adbd : jdwp connection from 739
06-04 09:07:28.719 246 246 D Zygote : Forked child process 756
06-04 09:07:28.721 517 567 I ActivityManager: app.processName = com.android.permissioncontroller
06-04 09:07:28.721 517 567 I ActivityManager: Start proc 756:com.android.permissioncontroller/u0a73 for service {com.android.permissioncontroller/com.android.permissioncontroller.permission.service.PermissionControllerServiceImpl}
06-04 09:07:28.720 318 318 I xiriservice_All: type=1400 audit(0.0:320): avc: denied { read } for scontext=u:r:init:s0 tcontext=u:r:init:s0 tclass=netlink_kobject_uevent_socket permissive=1
06-04 09:07:28.723 322 327 D XM_HIDREAD: add@ add@/bus/sdio/drivers/sdiohal
06-04 09:07:28.726 517 685 D AS.AudioService: No vibrator found
06-04 09:07:28.729 756 756 I Zygote : seccomp disabled by setenforce 0
06-04 09:07:28.734 517 554 D CompatibilityChangeReporter: Compat change id reported: 168419799; UID 10063; state: DISABLED
06-04 09:07:28.708 0 0 E : [ C0] sunxi-mmc 4021000.sdmmc: smc 2 p1 err, cmd 7, RTO !!
06-04 09:07:28.716 0 0 E : [ C0] sunxi-mmc 4021000.sdmmc: smc 2 p1 err, cmd 7, RTO !!
06-04 09:07:28.722 714 714 W sdiohal : probe of mmc2:8800:1 failed with error -110
06-04 09:07:28.726 0 0 E : [ C0] sunxi-mmc 4021000.sdmmc: smc 2 p1 err, cmd 7, RTO !!
06-04 09:07:28.734 0 0 E : [ C0] sunxi-mmc 4021000.sdmmc: smc 2 p1 err, cmd 7, RTO !!
06-04 09:07:28.740 322 327 D XM_HIDREAD: remove@ remove@/devices/platform/soc@3000000/4021000.sdmmc/mmc_host/mmc2/mmc2:8800/mmc2:8800:1
06-04 09:07:28.743 711 711 I mmc2 : card 8800 removed
06-04 09:07:28.741 322 327 D XM_HIDREAD: remove@ remove@/devices/platform/soc@3000000/4021000.sdmmc/mmc_host/mmc2/mmc2:8800
06-04 09:07:28.743 711 711 I sunxi-mmc 4021000.sdmmc: sdc set ios:clk 0Hz bm PP pm OFF vdd 0 width 1 timing LEGACY(SDR12) dt B
06-04 09:07:28.740 322 322 I xm_hidread: type=1400 audit(0.0:321): avc: denied { read } for scontext=u:r:init:s0 tcontext=u:r:init:s0 tclass=netlink_kobject_uevent_socket permissive=1
06-04 09:07:28.744 711 711 I sunxi-mmc 4021000.sdmmc: sdc set ios:clk 0Hz bm PP pm UP vdd 23 width 1 timing LEGACY(SDR12) dt B
06-04 09:07:28.748 739 739 D CompatibilityChangeReporter: Compat change id reported: 171979766; UID 10063; state: ENABLED
06-04 09:07:28.755 711 711 I sunxi-mmc 4021000.sdmmc: sdc set ios:clk 400000Hz bm PP pm ON vdd 23 width 1 timing LEGACY(SDR12) dt B
06-04 09:07:28.758 395 415 I adbd : jdwp connection from 756
06-04 09:07:28.772 374 374 I update_engine: [INFO:cleanup_previous_update_action.cc(112)] Executing task 9
06-04 09:07:28.773 517 553 D CompatibilityChangeReporter: Compat change id reported: 168419799; UID 10073; state: DISABLED
06-04 09:07:28.768 0 0 E : [ C0] sunxi-mmc 4021000.sdmmc: smc 2 p1 err, cmd 52, RTO !!
06-04 09:07:28.777 0 0 E : [ C0] sunxi-mmc 4021000.sdmmc: smc 2 p1 err, cmd 52, RTO !!
06-04 09:07:28.782 756 756 D CompatibilityChangeReporter: Compat change id reported: 171979766; UID 10073; state: DISABLED
06-04 09:07:28.785 711 711 I sunxi-mmc 4021000.sdmmc: sdc set ios:clk 400000Hz bm PP pm ON vdd 23 width 1 timing LEGACY(SDR12) dt B
06-04 09:07:28.786 374 374 I update_engine: [INFO:cleanup_previous_update_action.cc(124)] CleanupPreviousUpdateAction scheduled task ID 10 for WaitBootCompleted
06-04 09:07:28.788 356 472 D MediaCodecList: Allowing all OMX codecs
06-04 09:07:28.788 711 711 I sunxi-mmc 4021000.sdmmc: sdc set ios:clk 400000Hz bm PP pm ON vdd 23 width 1 timing LEGACY(SDR12) dt B
06-04 09:07:28.791 356 472 E cutils-trace: Error opening trace file: No such file or directory (2)
06-04 09:07:28.788 739 739 I ndroid.systemui: type=1400 audit(0.0:322): avc: denied { getattr } for path="/data/user_de/0/com.android.systemui" dev="mmcblk0p25" ino=483 scontext=u:r:platform_app:s0:c512,c768 tcontext=u:object_r:app_data_file:s0:c512,c768 tclass=dir permissive=1 app=com.softwinner.screenshot
06-04 09:07:28.795 724 724 V GraphicsEnvironment: ANGLE Developer option for 'com.android.bluetooth' set to: 'default'
06-04 09:07:28.796 724 724 V GraphicsEnvironment: Neither updatable production driver nor prerelease driver is supported.
06-04 09:07:28.796 779 779 I logd : start watching /data/system/packages.list ...
06-04 09:07:28.799 779 779 I logd : ReadPackageList, total packages: 82
06-04 09:07:28.798 724 724 D NetworkSecurityConfig: No Network Security Config specified, using platform default
06-04 09:07:28.799 724 724 D NetworkSecurityConfig: No Network Security Config specified, using platform default
06-04 09:07:28.800 356 472 I OMXClient: IOmx service obtained
06-04 09:07:28.801 756 756 D ApplicationLoaders: Returning zygote-cached class loader: /system/framework/android.test.base.jar
06-04 09:07:28.801 362 362 I OMXStore: makeComponentInstance(OMX.allwinner.video.decoder.avc) in android.hardwar process
06-04 09:07:28.805 322 327 D XM_HIDREAD: add@ add@/devices/platform/soc@3000000/4021000.sdmmc/mmc_host/mmc2/mmc2:8800
06-04 09:07:28.805 322 327 D XM_HIDREAD: add@ add@/devices/platform/soc@3000000/4021000.sdmmc/mmc_host/mmc2/mmc2:8800/mmc2:8800:1
06-04 09:07:28.805 711 711 I sunxi-mmc 4021000.sdmmc: sdc set ios:clk 400000Hz bm PP pm ON vdd 23 width 4 timing LEGACY(SDR12) dt B
06-04 09:07:28.805 711 711 I sunxi-mmc 4021000.sdmmc: sdc set ios:clk 400000Hz bm PP pm ON vdd 23 width 4 timing UHS-SDR104 dt B
06-04 09:07:28.805 711 711 I sunxi-mmc 4021000.sdmmc: sdc set ios:clk 150000000Hz bm PP pm ON vdd 23 width 4 timing UHS-SDR104 dt B
06-04 09:07:28.806 711 711 I mmc2 : new ultra high speed SDR104 SDIO card at address 8800
06-04 09:07:28.808 711 711 I sdiohal : sdiohal_probe: func->class=0, vendor=0x0000, device=0x0000, func_num=0x0001, clock=150000000, SDIOHAL_RX_RECVBUF_LEN:200,SDIOHAL_32_BIT_RX_RECVBUF_LEN:32.
06-04 09:07:28.809 711 711 I WCN : marlin_get_wcn_chipid: chipid: 0x56630001
06-04 09:07:28.809 711 711 I WCN : marlin_scan_finish!
06-04 09:07:28.809 711 711 I sdiohal : sdiohal_probe: sdio_dev_host, max_req_size=0x2000000, max_blk_count=0x2000, max_blk_size=0x1000
06-04 09:07:28.809 711 711 I sdiohal : probe ok
06-04 09:07:28.809 714 714 I sdiohal : scan end!
06-04 09:07:28.809 714 714 I WCN : then marlin start to download
06-04 09:07:28.809 410 410 I WCN : marlin_request_firmware from /vendor/etc/firmware/wcnmodem.bin start!
06-04 09:07:28.815 410 410 I WCN : marlin_firmware_parse_image imagepack is WCNE type,need parse it
06-04 09:07:28.815 410 410 I WCN : marlin marlin_firmware_write imagepack is WCNE type,need parse it
06-04 09:07:28.816 0 0 E : [ C0] sunxi-mmc 4021000.sdmmc: smc 2 p1 err, cmd 53, WR DCE !!
06-04 09:07:28.824 739 739 I ndroid.systemui: type=1400 audit(0.0:323): avc: denied { search } for name="com.android.systemui" dev="mmcblk0p25" ino=483 scontext=u:r:platform_app:s0:c512,c768 tcontext=u:object_r:app_data_file:s0:c512,c768 tclass=dir permissive=1 app=com.softwinner.screenshot
06-04 09:07:28.824 132 132 I sunxi-mmc 4021000.sdmmc: *****retry:start*****
06-04 09:07:28.824 132 132 I sunxi-mmc 4021000.sdmmc: REG_DRV_DL: 0x00010000
06-04 09:07:28.824 132 132 I sunxi-mmc 4021000.sdmmc: REG_SD_NTSR: 0x81710000
06-04 09:07:28.824 132 132 I sunxi-mmc 4021000.sdmmc: *****retry:re-send cmd*****
06-04 09:07:28.824 0 0 E : [ C0] sunxi-mmc 4021000.sdmmc: smc 2 p1 err, cmd 53, WR DCE !!
06-04 09:07:28.832 132 132 I sunxi-mmc 4021000.sdmmc: *****retry:start*****
06-04 09:07:28.832 132 132 I sunxi-mmc 4021000.sdmmc: REG_DRV_DL: 0x00010000
06-04 09:07:28.832 132 132 I sunxi-mmc 4021000.sdmmc: REG_SD_NTSR: 0x81710000
06-04 09:07:28.832 132 132 I sunxi-mmc 4021000.sdmmc: *****retry:re-send cmd*****
06-04 09:07:28.832 0 0 E : [ C0] sunxi-mmc 4021000.sdmmc: smc 2 p1 err, cmd 53, WR DCE !!
06-04 09:07:28.840 132 132 I sunxi-mmc 4021000.sdmmc: *****retry:start*****
06-04 09:07:28.840 132 132 I sunxi-mmc 4021000.sdmmc: REG_DRV_DL: 0x00010000
06-04 09:07:28.827 739 739 V GraphicsEnvironment: ANGLE Developer option for 'com.android.systemui' set to: 'default'
06-04 09:07:28.840 132 132 I sunxi-mmc 4021000.sdmmc: REG_SD_NTSR: 0x81710000
06-04 09:07:28.827 739 739 V GraphicsEnvironment: Neither updatable production driver nor prerelease driver is supported.
06-04 09:07:28.841 132 132 I sunxi-mmc 4021000.sdmmc: *****retry:re-send cmd*****
06-04 09:07:28.828 739 739 D NetworkSecurityConfig: No Network Security Config specified, using platform default
06-04 09:07:28.829 739 739 D NetworkSecurityConfig: No Network Security Config specified, using platform default
06-04 09:07:28.841 0 0 E : [ C0] sunxi-mmc 4021000.sdmmc: smc 2 p1 err, cmd 53, WR DCE !!
06-04 09:07:28.831 739 739 V SystemUIService: SystemUIApplication constructed.
06-04 09:07:28.835 362 362 I omx_vdec_aw: : OmxDecoderCreate.
06-04 09:07:28.849 132 132 I sunxi-mmc 4021000.sdmmc: *****retry:start*****
06-04 09:07:28.836 362 362 W omx_vdec: <__AwOmxVdecSetParameter:1561>: Set Parameter called in valid state
06-04 09:07:28.837 362 362 W omx_vdec: : pParamProfileLevel->nProfileIndex[0x3] error!
06-04 09:07:28.837 362 362 E OMXNodeInstance: getParameter(0xf6040000:allwinner.decoder.avc, ParamVideoProfileLevelQuerySupported(0x600000f)) ERROR: BadParameter(0x80001005)
06-04 09:07:28.837 362 362 W omx_vdec: <__AwOmxVdecGetExtensionIndex:1737>: GetExtensionIndex OMX.google.android.index.describeColorFormat, err [0x80001001].
06-04 09:07:28.837 362 362 W omx_vdec: <__AwOmxVdecGetExtensionIndex:1737>: GetExtensionIndex OMX.google.android.index.describeColorFormat2, err [0x80001001].
06-04 09:07:28.838 362 362 E omx_vdec: : erro: pParamData->nIndex > m_sPortFormatType.nIndex
06-04 09:07:28.849 132 132 I sunxi-mmc 4021000.sdmmc: REG_DRV_DL: 0x00030000
06-04 09:07:28.838 362 362 W omx_vdec: <__AwOmxVdecGetExtensionIndex:1737>: GetExtensionIndex OMX.google.android.index.describeColorFormat, err [0x80001001].
06-04 09:07:28.838 362 362 W omx_vdec: <__AwOmxVdecGetExtensionIndex:1737>: GetExtensionIndex OMX.google.android.index.describeColorFormat2, err [0x80001001].
06-04 09:07:28.838 362 362 E omx_vdec: : erro: pParamData->nIndex > m_sPortFormatType.nIndex
06-04 09:07:28.838 362 362 W omx_vdec: <__AwOmxVdecGetExtensionIndex:1737>: GetExtensionIndex OMX.google.android.index.describeColorFormat, err [0x80001001].
06-04 09:07:28.838 362 362 W omx_vdec: <__AwOmxVdecGetExtensionIndex:1737>: GetExtensionIndex OMX.google.android.index.describeColorFormat2, err [0x80001001].
06-04 09:07:28.838 362 362 E omx_vdec: : erro: pParamData->nIndex > m_sPortFormatType.nIndex
06-04 09:07:28.839 362 362 W omx_vdec: <__AwOmxVdecGetExtensionIndex:1737>: GetExtensionIndex OMX.google.android.index.describeColorFormat, err [0x80001001].
06-04 09:07:28.840 362 362 W omx_vdec: <__AwOmxVdecGetExtensionIndex:1737>: GetExtensionIndex OMX.google.android.index.describeColorFormat2, err [0x80001001].
06-04 09:07:28.849 132 132 I sunxi-mmc 4021000.sdmmc: REG_SD_NTSR: 0x81710110
06-04 09:07:28.840 362 362 E omx_vdec: : erro: pParamData->nIndex > m_sPortFormatType.nIndex
06-04 09:07:28.849 132 132 I sunxi-mmc 4021000.sdmmc: *****retry:re-send cmd*****
06-04 09:07:28.840 362 362 W omx_vdec: <__AwOmxVdecGetExtensionIndex:1737>: GetExtensionIndex OMX.google.android.index.describeColorFormat, err [0x80001001].
06-04 09:07:28.840 362 362 W omx_vdec: <__AwOmxVdecGetExtensionIndex:1737>: GetExtensionIndex OMX.google.android.index.describeColorFormat2, err [0x80001001].
06-04 09:07:28.840 362 362 E omx_vdec: : erro: pParamData->nIndex > m_sPortFormatType.nIndex
06-04 09:07:28.840 362 362 W omx_vdec: <__AwOmxVdecGetExtensionIndex:1737>: GetExtensionIndex OMX.google.android.index.describeColorFormat, err [0x80001001].
06-04 09:07:28.840 362 362 W omx_vdec: <__AwOmxVdecGetExtensionIndex:1737>: GetExtensionIndex OMX.google.android.index.describeColorFormat2, err [0x80001001].
06-04 09:07:28.840 362 362 E omx_vdec: : erro: pParamData->nIndex > m_sPortFormatType.nIndex
06-04 09:07:28.840 362 362 W omx_vdec: <__AwOmxVdecGetExtensionIndex:1737>: GetExtensionIndex OMX.google.android.index.describeColorFormat, err [0x80001001].
06-04 09:07:28.841 362 362 W omx_vdec: <__AwOmxVdecGetExtensionIndex:1737>: GetExtensionIndex OMX.google.android.index.describeColorFormat2, err [0x80001001].
06-04 09:07:28.841 362 362 E omx_vdec: : erro: pParamData->nIndex > m_sPortFormatType.nIndex
06-04 09:07:28.841 362 362 W omx_vdec: <__AwOmxVdecGetExtensionIndex:1737>: GetExtensionIndex OMX.google.android.index.describeColorFormat, err [0x80001001].
06-04 09:07:28.849 0 0 D : [ C0] 4,end
06-04 09:07:28.841 362 362 W omx_vdec: <__AwOmxVdecGetExtensionIndex:1737>: GetExtensionIndex OMX.google.android.index.describeColorFormat2, err [0x80001001].
06-04 09:07:28.841 362 362 E omx_vdec: : erro: pParamData->nIndex > m_sPortFormatType.nIndex
06-04 09:07:28.841 362 362 W omx_vdec: <__AwOmxVdecGetExtensionIndex:1737>: GetExtensionIndex OMX.google.android.index.describeColorFormat, err [0x80001001].
06-04 09:07:28.841 362 362 W omx_vdec: <__AwOmxVdecGetExtensionIndex:1737>: GetExtensionIndex OMX.google.android.index.describeColorFormat2, err [0x80001001].
06-04 09:07:28.841 362 362 E omx_vdec: : erro: pParamData->nIndex > m_sPortFormatType.nIndex
06-04 09:07:28.841 362 362 W omx_vdec: <__AwOmxVdecGetExtensionIndex:1737>: GetExtensionIndex OMX.google.android.index.describeColorFormat, err [0x80001001].
06-04 09:07:28.842 362 362 W omx_vdec: <__AwOmxVdecGetExtensionIndex:1737>: GetExtensionIndex OMX.google.android.index.describeColorFormat2, err [0x80001001].
06-04 09:07:28.842 362 362 E omx_vdec: : erro: pParamData->nIndex > m_sPortFormatType.nIndex
06-04 09:07:28.842 362 362 W omx_vdec: <__AwOmxVdecGetExtensionIndex:1737>: GetExtensionIndex OMX.google.android.index.describeColorFormat, err [0x80001001].
06-04 09:07:28.842 362 362 W omx_vdec: <__AwOmxVdecGetExtensionIndex:1737>: GetExtensionIndex OMX.google.android.index.describeColorFormat2, err [0x80001001].
06-04 09:07:28.842 362 362 E omx_vdec: : erro: pParamData->nIndex > m_sPortFormatType.nIndex
06-04 09:07:28.842 362 362 W omx_vdec: <__AwOmxVdecGetExtensionIndex:1737>: GetExtensionIndex OMX.google.android.index.describeColorFormat, err [0x80001001].
06-04 09:07:28.842 362 362 W omx_vdec: <__AwOmxVdecGetExtensionIndex:1737>: GetExtensionIndex OMX.google.android.index.describeColorFormat2, err [0x80001001].
06-04 09:07:28.842 362 362 E omx_vdec: : erro: pParamData->nIndex > m_sPortFormatType.nIndex
06-04 09:07:28.842 362 362 W omx_vdec: <__AwOmxVdecGetExtensionIndex:1737>: GetExtensionIndex OMX.google.android.index.describeColorFormat, err [0x80001001].
06-04 09:07:28.842 362 362 W omx_vdec: <__AwOmxVdecGetExtensionIndex:1737>: GetExtensionIndex OMX.google.android.index.describeColorFormat2, err [0x80001001].
06-04 09:07:28.843 362 362 E omx_vdec: : erro: pParamData->nIndex > m_sPortFormatType.nIndex
06-04 09:07:28.843 362 362 W omx_vdec: <__AwOmxVdecGetExtensionIndex:1737>: GetExtensionIndex OMX.google.android.index.describeColorFormat, err [0x80001001].
06-04 09:07:28.843 362 362 W omx_vdec: <__AwOmxVdecGetExtensionIndex:1737>: GetExtensionIndex OMX.google.android.index.describeColorFormat2, err [0x80001001].
06-04 09:07:28.843 362 362 E omx_vdec: : erro: pParamData->nIndex > m_sPortFormatType.nIndex
06-04 09:07:28.843 362 362 W omx_vdec: <__AwOmxVdecGetExtensionIndex:1737>: GetExtensionIndex OMX.google.android.index.describeColorFormat, err [0x80001001].
06-04 09:07:28.843 362 362 W omx_vdec: <__AwOmxVdecGetExtensionIndex:1737>: GetExtensionIndex OMX.google.android.index.describeColorFormat2, err [0x80001001].
06-04 09:07:28.843 362 362 E omx_vdec: : erro: pParamData->nIndex > m_sPortFormatType.nIndex
06-04 09:07:28.843 362 362 W omx_vdec: <__AwOmxVdecGetExtensionIndex:1737>: GetExtensionIndex OMX.google.android.index.describeColorFormat, err [0x80001001].
06-04 09:07:28.843 362 362 W omx_vdec: <__AwOmxVdecGetExtensionIndex:1737>: GetExtensionIndex OMX.google.android.index.describeColorFormat2, err [0x80001001].
06-04 09:07:28.843 362 362 E omx_vdec: : erro: pParamData->nIndex > m_sPortFormatType.nIndex
06-04 09:07:28.844 362 362 W omx_vdec: <__AwOmxVdecGetExtensionIndex:1737>: GetExtensionIndex OMX.google.android.index.describeColorFormat, err [0x80001001].
06-04 09:07:28.844 362 362 W omx_vdec: <__AwOmxVdecGetExtensionIndex:1737>: GetExtensionIndex OMX.google.android.index.describeColorFormat2, err [0x80001001].
06-04 09:07:28.844 362 362 E omx_vdec: : erro: pParamData->nIndex > m_sPortFormatType.nIndex
06-04 09:07:28.844 362 362 W omx_vdec: <__AwOmxVdecGetExtensionIndex:1737>: GetExtensionIndex OMX.google.android.index.describeColorFormat, err [0x80001001].
06-04 09:07:28.844 362 362 W omx_vdec: <__AwOmxVdecGetExtensionIndex:1737>: GetExtensionIndex OMX.google.android.index.describeColorFormat2, err [0x80001001].
06-04 09:07:28.844 362 362 E omx_vdec: : erro: pParamData->nIndex > m_sPortFormatType.nIndex
06-04 09:07:28.844 362 362 W omx_vdec: <__AwOmxVdecGetExtensionIndex:1737>: GetExtensionIndex OMX.google.android.index.describeColorFormat, err [0x80001001].
06-04 09:07:28.844 362 362 W omx_vdec: <__AwOmxVdecGetExtensionIndex:1737>: GetExtensionIndex OMX.google.android.index.describeColorFormat2, err [0x80001001].
06-04 09:07:28.844 362 362 E omx_vdec: : erro: pParamData->nIndex > m_sPortFormatType.nIndex
06-04 09:07:28.845 362 362 W omx_vdec: <__AwOmxVdecGetExtensionIndex:1737>: GetExtensionIndex OMX.google.android.index.describeColorFormat, err [0x80001001].
06-04 09:07:28.845 362 362 W omx_vdec: <__AwOmxVdecGetExtensionIndex:1737>: GetExtensionIndex OMX.google.android.index.describeColorFormat2, err [0x80001001].
06-04 09:07:28.845 362 362 E omx_vdec: : erro: pParamData->nIndex > m_sPortFormatType.nIndex
06-04 09:07:28.845 362 362 W omx_vdec: <__AwOmxVdecGetExtensionIndex:1737>: GetExtensionIndex OMX.google.android.index.describeColorFormat, err [0x80001001].
06-04 09:07:28.845 362 362 W omx_vdec: <__AwOmxVdecGetExtensionIndex:1737>: GetExtensionIndex OMX.google.android.index.describeColorFormat2, err [0x80001001].
06-04 09:07:28.845 362 362 E omx_vdec: : erro: pParamData->nIndex > m_sPortFormatType.nIndex
06-04 09:07:28.845 362 362 W omx_vdec: <__AwOmxVdecGetExtensionIndex:1737>: GetExtensionIndex OMX.google.android.index.describeColorFormat, err [0x80001001].
06-04 09:07:28.845 362 362 W omx_vdec: <__AwOmxVdecGetExtensionIndex:1737>: GetExtensionIndex OMX.google.android.index.describeColorFormat2, err [0x80001001].
06-04 09:07:28.845 362 362 E omx_vdec: : erro: pParamData->nIndex > m_sPortFormatType.nIndex
06-04 09:07:28.846 362 362 W omx_vdec: <__AwOmxVdecGetExtensionIndex:1737>: GetExtensionIndex OMX.google.android.index.describeColorFormat, err [0x80001001].
06-04 09:07:28.846 362 362 W omx_vdec: <__AwOmxVdecGetExtensionIndex:1737>: GetExtensionIndex OMX.google.android.index.describeColorFormat2, err [0x80001001].
06-04 09:07:28.846 362 362 E omx_vdec: : erro: pParamData->nIndex > m_sPortFormatType.nIndex
06-04 09:07:28.846 362 362 W omx_vdec: <__AwOmxVdecGetExtensionIndex:1737>: GetExtensionIndex OMX.google.android.index.describeColorFormat, err [0x80001001].
06-04 09:07:28.847 362 362 W omx_vdec: <__AwOmxVdecGetExtensionIndex:1737>: GetExtensionIndex OMX.google.android.index.describeColorFormat2, err [0x80001001].
06-04 09:07:28.847 362 362 E omx_vdec: : erro: pParamData->nIndex > m_sPortFormatType.nIndex
06-04 09:07:28.848 362 362 W omx_vdec: <__AwOmxVdecGetExtensionIndex:1737>: GetExtensionIndex OMX.google.android.index.describeColorFormat, err [0x80001001].
06-04 09:07:28.848 362 362 W omx_vdec: <__AwOmxVdecGetExtensionIndex:1737>: GetExtensionIndex OMX.google.android.index.describeColorFormat2, err [0x80001001].
06-04 09:07:28.848 362 362 E omx_vdec: : erro: pParamData->nIndex > m_sPortFormatType.nIndex
06-04 09:07:28.848 362 362 W omx_vdec: <__AwOmxVdecGetExtensionIndex:1737>: GetExtensionIndex OMX.google.android.index.describeColorFormat, err [0x80001001].
06-04 09:07:28.849 756 756 V GraphicsEnvironment: ANGLE Developer option for 'com.android.permissioncontroller' set to: 'default'
06-04 09:07:28.849 362 362 W omx_vdec: <__AwOmxVdecGetExtensionIndex:1737>: GetExtensionIndex OMX.google.android.index.describeColorFormat2, err [0x80001001].
06-04 09:07:28.849 756 756 V GraphicsEnvironment: Neither updatable production driver nor prerelease driver is supported.
06-04 09:07:28.850 362 362 E omx_vdec: : erro: pParamData->nIndex > m_sPortFormatType.nIndex
06-04 09:07:28.850 362 398 W omx_vdec: <__AwOmxVdecGetExtensionIndex:1737>: GetExtensionIndex OMX.google.android.index.describeColorFormat, err [0x80001001].
06-04 09:07:28.850 362 398 W omx_vdec: <__AwOmxVdecGetExtensionIndex:1737>: GetExtensionIndex OMX.google.android.index.describeColorFormat2, err [0x80001001].
06-04 09:07:28.850 362 398 E omx_vdec: : erro: pParamData->nIndex > m_sPortFormatType.nIndex
06-04 09:07:28.850 362 398 W omx_vdec: <__AwOmxVdecGetExtensionIndex:1737>: GetExtensionIndex OMX.google.android.index.describeColorFormat, err [0x80001001].
06-04 09:07:28.851 362 398 W omx_vdec: <__AwOmxVdecGetExtensionIndex:1737>: GetExtensionIndex OMX.google.android.index.describeColorFormat2, err [0x80001001].
06-04 09:07:28.851 362 398 E omx_vdec: : erro: pParamData->nIndex > m_sPortFormatType.nIndex
06-04 09:07:28.851 362 398 W omx_vdec: <__AwOmxVdecGetExtensionIndex:1737>: GetExtensionIndex OMX.google.android.index.describeColorFormat, err [0x80001001].
06-04 09:07:28.851 362 398 W omx_vdec: <__AwOmxVdecGetExtensionIndex:1737>: GetExtensionIndex OMX.google.android.index.describeColorFormat2, err [0x80001001].
06-04 09:07:28.851 362 398 E omx_vdec: : erro: pParamData->nIndex > m_sPortFormatType.nIndex
06-04 09:07:28.851 756 756 D NetworkSecurityConfig: No Network Security Config specified, using platform default
06-04 09:07:28.851 362 398 W omx_vdec: <__AwOmxVdecGetExtensionIndex:1737>: GetExtensionIndex OMX.google.android.index.describeColorFormat, err [0x80001001].
06-04 09:07:28.851 362 398 W omx_vdec: <__AwOmxVdecGetExtensionIndex:1737>: GetExtensionIndex OMX.google.android.index.describeColorFormat2, err [0x80001001].
06-04 09:07:28.851 362 398 E omx_vdec: : erro: pParamData->nIndex > m_sPortFormatType.nIndex
06-04 09:07:28.852 756 756 D NetworkSecurityConfig: No Network Security Config specified, using platform default
06-04 09:07:28.852 362 398 W omx_vdec: <__AwOmxVdecGetExtensionIndex:1737>: GetExtensionIndex OMX.google.android.index.describeColorFormat, err [0x80001001].
06-04 09:07:28.852 362 398 W omx_vdec: <__AwOmxVdecGetExtensionIndex:1737>: GetExtensionIndex OMX.google.android.index.describeColorFormat2, err [0x80001001].
06-04 09:07:28.852 362 398 E omx_vdec: : erro: pParamData->nIndex > m_sPortFormatType.nIndex
06-04 09:07:28.854 362 398 W omx_vdec: <__AwOmxVdecGetExtensionIndex:1737>: GetExtensionIndex OMX.google.android.index.describeColorFormat, err [0x80001001].
06-04 09:07:28.854 362 398 W omx_vdec: <__AwOmxVdecGetExtensionIndex:1737>: GetExtensionIndex OMX.google.android.index.describeColorFormat2, err [0x80001001].
06-04 09:07:28.854 362 398 E omx_vdec: : erro: pParamData->nIndex > m_sPortFormatType.nIndex
06-04 09:07:28.855 362 398 W omx_vdec: <__AwOmxVdecGetExtensionIndex:1737>: GetExtensionIndex OMX.google.android.index.describeColorFormat, err [0x80001001].
06-04 09:07:28.855 362 398 W omx_vdec: <__AwOmxVdecGetExtensionIndex:1737>: GetExtensionIndex OMX.google.android.index.describeColorFormat2, err [0x80001001].
06-04 09:07:28.855 356 472 W ACodec : [OMX.allwinner.video.decoder.avc] stopping checking formats after 32: COLOR_FormatYUV420Planar(13)
06-04 09:07:28.855 362 398 W omx_vdec: <__AwOmxVdecGetExtensionIndex:1737>: GetExtensionIndex OMX.google.android.index.configureVideoTunnelMode, err [0x80001001].
06-04 09:07:28.855 362 398 E OMXNodeInstance: getExtensionIndex(0xf6040000:allwinner.decoder.avc, OMX.google.android.index.configureVideoTunnelMode) ERROR: Undefined(0x80001001)
06-04 09:07:28.855 356 472 D MediaCodecInfo: detail feature-tunneled-playback wasn't present to remove
06-04 09:07:28.855 362 398 W omx_vdec: <__AwOmxVdecGetExtensionIndex:1737>: GetExtensionIndex OMX.google.android.index.storeANWBufferInMetadata, err [0x80001001].
06-04 09:07:28.855 362 398 W omx_vdec_aw: <__anSetExtPara:3011>: Setparameter: unknown param 2131755011
06-04 09:07:28.855 362 398 W OMXNodeInstance: [0xf6040000:allwinner.decoder.avc] component does not support metadata mode; using fallback
06-04 09:07:28.856 362 784 W libc : invalid pthread_t (0) passed to pthread_join
06-04 09:07:28.856 362 784 W libc : invalid pthread_t (0) passed to pthread_join
06-04 09:07:28.856 362 784 W libc : invalid pthread_t (0) passed to pthread_join
06-04 09:07:28.856 517 554 W StorageManagerService: No primary storage defined yet; hacking together a stub
06-04 09:07:28.860 356 472 I OMXClient: IOmx service obtained
06-04 09:07:28.860 362 398 I OMXStore: makeComponentInstance(OMX.allwinner.video.decoder.avc.secure) in android.hardwar process
06-04 09:07:28.862 756 756 I CarUiInstaller: CarUiInstaller started for com.android.permissioncontroller
06-04 09:07:28.867 362 398 E omx_vdec: : This platform does not support secure video playback
06-04 09:07:28.867 362 398 E omx_sem : : handle is null
06-04 09:07:28.867 362 398 E omx_sem : : handle is null
06-04 09:07:28.867 362 398 E omx_sem : : handle is null
06-04 09:07:28.867 362 398 E omx_sem : : handle is null
06-04 09:07:28.867 362 398 E omx_sem : : handle is null
06-04 09:07:28.867 362 398 W omx_vdec_aw: : pdec is null
06-04 09:07:28.867 362 398 E android.hardware.media.omx@1.0-service: Failed to allocate omx component 'OMX.allwinner.video.decoder.avc.secure' err=InvalidComponentName(0x80001002)
06-04 09:07:28.867 724 724 V AdapterServiceConfig: Adding HeadsetService
06-04 09:07:28.868 356 472 W OmxInfoBuilder: Fail to add media type video/avc to codec OMX.allwinner.video.decoder.avc.secure
06-04 09:07:28.868 724 724 V AdapterServiceConfig: Adding A2dpService
06-04 09:07:28.868 724 724 V AdapterServiceConfig: Adding HidHostService
06-04 09:07:28.868 724 724 V AdapterServiceConfig: Adding PanService
06-04 09:07:28.868 724 724 V AdapterServiceConfig: Adding GattService
06-04 09:07:28.869 724 724 V AdapterServiceConfig: Adding BluetoothMapService
06-04 09:07:28.869 724 724 V AdapterServiceConfig: Adding AvrcpTargetService
06-04 09:07:28.869 724 724 V AdapterServiceConfig: Adding HidDeviceService
06-04 09:07:28.869 356 472 I OMXClient: IOmx service obtained
06-04 09:07:28.869 724 724 V AdapterServiceConfig: Adding BluetoothOppService
06-04 09:07:28.869 724 724 V AdapterServiceConfig: Adding BluetoothPbapService
06-04 09:07:28.869 362 398 I OMXStore: makeComponentInstance(OMX.allwinner.video.decoder.hevc) in android.hardwar process
06-04 09:07:28.871 362 398 I omx_vdec_aw: : OmxDecoderCreate.
06-04 09:07:28.872 362 398 W omx_vdec: <__AwOmxVdecSetParameter:1561>: Set Parameter called in valid state
06-04 09:07:28.872 362 398 W omx_vdec: : pParamProfileLevel->nProfileIndex[0x1] error!
06-04 09:07:28.872 362 398 E OMXNodeInstance: getParameter(0xf6040000:allwinner.decoder.hevc, ParamVideoProfileLevelQuerySupported(0x600000f)) ERROR: BadParameter(0x80001005)
06-04 09:07:28.874 362 398 W omx_vdec: <__AwOmxVdecGetExtensionIndex:1737>: GetExtensionIndex OMX.google.android.index.describeColorFormat, err [0x80001001].
06-04 09:07:28.874 362 398 W omx_vdec: <__AwOmxVdecGetExtensionIndex:1737>: GetExtensionIndex OMX.google.android.index.describeColorFormat2, err [0x80001001].
06-04 09:07:28.874 362 398 E omx_vdec: : erro: pParamData->nIndex > m_sPortFormatType.nIndex
06-04 09:07:28.875 362 398 W omx_vdec: <__AwOmxVdecGetExtensionIndex:1737>: GetExtensionIndex OMX.google.android.index.describeColorFormat, err [0x80001001].
06-04 09:07:28.875 362 398 W omx_vdec: <__AwOmxVdecGetExtensionIndex:1737>: GetExtensionIndex OMX.google.android.index.describeColorFormat2, err [0x80001001].
06-04 09:07:28.875 362 398 E omx_vdec: : erro: pParamData->nIndex > m_sPortFormatType.nIndex
06-04 09:07:28.875 362 398 W omx_vdec: <__AwOmxVdecGetExtensionIndex:1737>: GetExtensionIndex OMX.google.android.index.describeColorFormat, err [0x80001001].
06-04 09:07:28.875 362 398 W omx_vdec: <__AwOmxVdecGetExtensionIndex:1737>: GetExtensionIndex OMX.google.android.index.describeColorFormat2, err [0x80001001].
06-04 09:07:28.875 362 398 E omx_vdec: : erro: pParamData->nIndex > m_sPortFormatType.nIndex
06-04 09:07:28.875 362 398 W omx_vdec: <__AwOmxVdecGetExtensionIndex:1737>: GetExtensionIndex OMX.google.android.index.describeColorFormat, err [0x80001001].
06-04 09:07:28.875 362 398 W omx_vdec: <__AwOmxVdecGetExtensionIndex:1737>: GetExtensionIndex OMX.google.android.index.describeColorFormat2, err [0x80001001].
06-04 09:07:28.876 362 398 E omx_vdec: : erro: pParamData->nIndex > m_sPortFormatType.nIndex
06-04 09:07:28.876 362 398 W omx_vdec: <__AwOmxVdecGetExtensionIndex:1737>: GetExtensionIndex OMX.google.android.index.describeColorFormat, err [0x80001001].
06-04 09:07:28.876 362 398 W omx_vdec: <__AwOmxVdecGetExtensionIndex:1737>: GetExtensionIndex OMX.google.android.index.describeColorFormat2, err [0x80001001].
06-04 09:07:28.876 362 398 E omx_vdec: : erro: pParamData->nIndex > m_sPortFormatType.nIndex
06-04 09:07:28.876 362 398 W omx_vdec: <__AwOmxVdecGetExtensionIndex:1737>: GetExtensionIndex OMX.google.android.index.describeColorFormat, err [0x80001001].
06-04 09:07:28.876 362 398 W omx_vdec: <__AwOmxVdecGetExtensionIndex:1737>: GetExtensionIndex OMX.google.android.index.describeColorFormat2, err [0x80001001].
06-04 09:07:28.876 362 398 E omx_vdec: : erro: pParamData->nIndex > m_sPortFormatType.nIndex
06-04 09:07:28.877 362 398 W omx_vdec: <__AwOmxVdecGetExtensionIndex:1737>: GetExtensionIndex OMX.google.android.index.describeColorFormat, err [0x80001001].
06-04 09:07:28.877 362 398 W omx_vdec: <__AwOmxVdecGetExtensionIndex:1737>: GetExtensionIndex OMX.google.android.index.describeColorFormat2, err [0x80001001].
06-04 09:07:28.877 362 398 E omx_vdec: : erro: pParamData->nIndex > m_sPortFormatType.nIndex
06-04 09:07:28.877 362 398 W omx_vdec: <__AwOmxVdecGetExtensionIndex:1737>: GetExtensionIndex OMX.google.android.index.describeColorFormat, err [0x80001001].
06-04 09:07:28.877 362 398 W omx_vdec: <__AwOmxVdecGetExtensionIndex:1737>: GetExtensionIndex OMX.google.android.index.describeColorFormat2, err [0x80001001].
06-04 09:07:28.877 362 398 E omx_vdec: : erro: pParamData->nIndex > m_sPortFormatType.nIndex
06-04 09:07:28.877 362 398 W omx_vdec: <__AwOmxVdecGetExtensionIndex:1737>: GetExtensionIndex OMX.google.android.index.describeColorFormat, err [0x80001001].
06-04 09:07:28.877 362 398 W omx_vdec: <__AwOmxVdecGetExtensionIndex:1737>: GetExtensionIndex OMX.google.android.index.describeColorFormat2, err [0x80001001].
06-04 09:07:28.878 362 398 E omx_vdec: : erro: pParamData->nIndex > m_sPortFormatType.nIndex
06-04 09:07:28.878 362 398 W omx_vdec: <__AwOmxVdecGetExtensionIndex:1737>: GetExtensionIndex OMX.google.android.index.describeColorFormat, err [0x80001001].
06-04 09:07:28.878 362 398 W omx_vdec: <__AwOmxVdecGetExtensionIndex:1737>: GetExtensionIndex OMX.google.android.index.describeColorFormat2, err [0x80001001].
06-04 09:07:28.878 362 398 E omx_vdec: : erro: pParamData->nIndex > m_sPortFormatType.nIndex
06-04 09:07:28.878 362 398 W omx_vdec: <__AwOmxVdecGetExtensionIndex:1737>: GetExtensionIndex OMX.google.android.index.describeColorFormat, err [0x80001001].
06-04 09:07:28.878 362 398 W omx_vdec: <__AwOmxVdecGetExtensionIndex:1737>: GetExtensionIndex OMX.google.android.index.describeColorFormat2, err [0x80001001].
06-04 09:07:28.878 362 398 E omx_vdec: : erro: pParamData->nIndex > m_sPortFormatType.nIndex
06-04 09:07:28.879 362 398 W omx_vdec: <__AwOmxVdecGetExtensionIndex:1737>: GetExtensionIndex OMX.google.android.index.describeColorFormat, err [0x80001001].
06-04 09:07:28.879 362 398 W omx_vdec: <__AwOmxVdecGetExtensionIndex:1737>: GetExtensionIndex OMX.google.android.index.describeColorFormat2, err [0x80001001].
06-04 09:07:28.879 362 398 E omx_vdec: : erro: pParamData->nIndex > m_sPortFormatType.nIndex
06-04 09:07:28.879 362 398 W omx_vdec: <__AwOmxVdecGetExtensionIndex:1737>: GetExtensionIndex OMX.google.android.index.describeColorFormat, err [0x80001001].
06-04 09:07:28.879 362 398 W omx_vdec: <__AwOmxVdecGetExtensionIndex:1737>: GetExtensionIndex OMX.google.android.index.describeColorFormat2, err [0x80001001].
06-04 09:07:28.879 362 398 E omx_vdec: : erro: pParamData->nIndex > m_sPortFormatType.nIndex
06-04 09:07:28.879 362 398 W omx_vdec: <__AwOmxVdecGetExtensionIndex:1737>: GetExtensionIndex OMX.google.android.index.describeColorFormat, err [0x80001001].
06-04 09:07:28.879 362 398 W omx_vdec: <__AwOmxVdecGetExtensionIndex:1737>: GetExtensionIndex OMX.google.android.index.describeColorFormat2, err [0x80001001].
06-04 09:07:28.880 362 398 E omx_vdec: : erro: pParamData->nIndex > m_sPortFormatType.nIndex
06-04 09:07:28.880 362 398 W omx_vdec: <__AwOmxVdecGetExtensionIndex:1737>: GetExtensionIndex OMX.google.android.index.describeColorFormat, err [0x80001001].
06-04 09:07:28.880 362 398 W omx_vdec: <__AwOmxVdecGetExtensionIndex:1737>: GetExtensionIndex OMX.google.android.index.describeColorFormat2, err [0x80001001].
06-04 09:07:28.880 362 398 E omx_vdec: : erro: pParamData->nIndex > m_sPortFormatType.nIndex
06-04 09:07:28.880 362 398 W omx_vdec: <__AwOmxVdecGetExtensionIndex:1737>: GetExtensionIndex OMX.google.android.index.describeColorFormat, err [0x80001001].
06-04 09:07:28.880 362 398 W omx_vdec: <__AwOmxVdecGetExtensionIndex:1737>: GetExtensionIndex OMX.google.android.index.describeColorFormat2, err [0x80001001].
06-04 09:07:28.880 362 398 E omx_vdec: : erro: pParamData->nIndex > m_sPortFormatType.nIndex
06-04 09:07:28.880 362 398 W omx_vdec: <__AwOmxVdecGetExtensionIndex:1737>: GetExtensionIndex OMX.google.android.index.describeColorFormat, err [0x80001001].
06-04 09:07:28.880 362 398 W omx_vdec: <__AwOmxVdecGetExtensionIndex:1737>: GetExtensionIndex OMX.google.android.index.describeColorFormat2, err [0x80001001].
06-04 09:07:28.881 362 362 E omx_vdec: : erro: pParamData->nIndex > m_sPortFormatType.nIndex
06-04 09:07:28.881 362 362 W omx_vdec: <__AwOmxVdecGetExtensionIndex:1737>: GetExtensionIndex OMX.google.android.index.describeColorFormat, err [0x80001001].
06-04 09:07:28.881 362 362 W omx_vdec: <__AwOmxVdecGetExtensionIndex:1737>: GetExtensionIndex OMX.google.android.index.describeColorFormat2, err [0x80001001].
06-04 09:07:28.881 362 362 E omx_vdec: : erro: pParamData->nIndex > m_sPortFormatType.nIndex
06-04 09:07:28.881 362 362 W omx_vdec: <__AwOmxVdecGetExtensionIndex:1737>: GetExtensionIndex OMX.google.android.index.describeColorFormat, err [0x80001001].
06-04 09:07:28.881 362 362 W omx_vdec: <__AwOmxVdecGetExtensionIndex:1737>: GetExtensionIndex OMX.google.android.index.describeColorFormat2, err [0x80001001].
06-04 09:07:28.882 362 362 E omx_vdec: : erro: pParamData->nIndex > m_sPortFormatType.nIndex
06-04 09:07:28.882 362 362 W omx_vdec: <__AwOmxVdecGetExtensionIndex:1737>: GetExtensionIndex OMX.google.android.index.describeColorFormat, err [0x80001001].
06-04 09:07:28.882 362 362 W omx_vdec: <__AwOmxVdecGetExtensionIndex:1737>: GetExtensionIndex OMX.google.android.index.describeColorFormat2, err [0x80001001].
06-04 09:07:28.882 362 362 E omx_vdec: : erro: pParamData->nIndex > m_sPortFormatType.nIndex
06-04 09:07:28.882 362 362 W omx_vdec: <__AwOmxVdecGetExtensionIndex:1737>: GetExtensionIndex OMX.google.android.index.describeColorFormat, err [0x80001001].
06-04 09:07:28.882 362 362 W omx_vdec: <__AwOmxVdecGetExtensionIndex:1737>: GetExtensionIndex OMX.google.android.index.describeColorFormat2, err [0x80001001].
06-04 09:07:28.882 362 362 E omx_vdec: : erro: pParamData->nIndex > m_sPortFormatType.nIndex
06-04 09:07:28.882 362 362 W omx_vdec: <__AwOmxVdecGetExtensionIndex:1737>: GetExtensionIndex OMX.google.android.index.describeColorFormat, err [0x80001001].
06-04 09:07:28.882 362 362 W omx_vdec: <__AwOmxVdecGetExtensionIndex:1737>: GetExtensionIndex OMX.google.android.index.describeColorFormat2, err [0x80001001].
06-04 09:07:28.883 362 362 E omx_vdec: : erro: pParamData->nIndex > m_sPortFormatType.nIndex
06-04 09:07:28.883 362 362 W omx_vdec: <__AwOmxVdecGetExtensionIndex:1737>: GetExtensionIndex OMX.google.android.index.describeColorFormat, err [0x80001001].
06-04 09:07:28.883 362 362 W omx_vdec: <__AwOmxVdecGetExtensionIndex:1737>: GetExtensionIndex OMX.google.android.index.describeColorFormat2, err [0x80001001].
06-04 09:07:28.883 362 362 E omx_vdec: : erro: pParamData->nIndex > m_sPortFormatType.nIndex
06-04 09:07:28.883 362 362 W omx_vdec: <__AwOmxVdecGetExtensionIndex:1737>: GetExtensionIndex OMX.google.android.index.describeColorFormat, err [0x80001001].
06-04 09:07:28.883 362 362 W omx_vdec: <__AwOmxVdecGetExtensionIndex:1737>: GetExtensionIndex OMX.google.android.index.describeColorFormat2, err [0x80001001].
06-04 09:07:28.884 362 362 E omx_vdec: : erro: pParamData->nIndex > m_sPortFormatType.nIndex
06-04 09:07:28.884 362 362 W omx_vdec: <__AwOmxVdecGetExtensionIndex:1737>: GetExtensionIndex OMX.google.android.index.describeColorFormat, err [0x80001001].
06-04 09:07:28.884 362 362 W omx_vdec: <__AwOmxVdecGetExtensionIndex:1737>: GetExtensionIndex OMX.google.android.index.describeColorFormat2, err [0x80001001].
06-04 09:07:28.884 362 362 E omx_vdec: : erro: pParamData->nIndex > m_sPortFormatType.nIndex
06-04 09:07:28.884 362 362 W omx_vdec: <__AwOmxVdecGetExtensionIndex:1737>: GetExtensionIndex OMX.google.android.index.describeColorFormat, err [0x80001001].
06-04 09:07:28.885 362 362 W omx_vdec: <__AwOmxVdecGetExtensionIndex:1737>: GetExtensionIndex OMX.google.android.index.describeColorFormat2, err [0x80001001].
06-04 09:07:28.885 362 362 E omx_vdec: : erro: pParamData->nIndex > m_sPortFormatType.nIndex
06-04 09:07:28.885 362 362 W omx_vdec: <__AwOmxVdecGetExtensionIndex:1737>: GetExtensionIndex OMX.google.android.index.describeColorFormat, err [0x80001001].
06-04 09:07:28.885 362 362 W omx_vdec: <__AwOmxVdecGetExtensionIndex:1737>: GetExtensionIndex OMX.google.android.index.describeColorFormat2, err [0x80001001].
06-04 09:07:28.885 362 362 E omx_vdec: : erro: pParamData->nIndex > m_sPortFormatType.nIndex
06-04 09:07:28.885 362 362 W omx_vdec: <__AwOmxVdecGetExtensionIndex:1737>: GetExtensionIndex OMX.google.android.index.describeColorFormat, err [0x80001001].
06-04 09:07:28.885 362 362 W omx_vdec: <__AwOmxVdecGetExtensionIndex:1737>: GetExtensionIndex OMX.google.android.index.describeColorFormat2, err [0x80001001].
06-04 09:07:28.885 362 362 E omx_vdec: : erro: pParamData->nIndex > m_sPortFormatType.nIndex
06-04 09:07:28.885 362 362 W omx_vdec: <__AwOmxVdecGetExtensionIndex:1737>: GetExtensionIndex OMX.google.android.index.describeColorFormat, err [0x80001001].
06-04 09:07:28.886 362 362 W omx_vdec: <__AwOmxVdecGetExtensionIndex:1737>: GetExtensionIndex OMX.google.android.index.describeColorFormat2, err [0x80001001].
06-04 09:07:28.886 362 362 E omx_vdec: : erro: pParamData->nIndex > m_sPortFormatType.nIndex
06-04 09:07:28.886 362 362 W omx_vdec: <__AwOmxVdecGetExtensionIndex:1737>: GetExtensionIndex OMX.google.android.index.describeColorFormat, err [0x80001001].
06-04 09:07:28.886 362 362 W omx_vdec: <__AwOmxVdecGetExtensionIndex:1737>: GetExtensionIndex OMX.google.android.index.describeColorFormat2, err [0x80001001].
06-04 09:07:28.886 362 362 E omx_vdec: : erro: pParamData->nIndex > m_sPortFormatType.nIndex
06-04 09:07:28.886 362 362 W omx_vdec: <__AwOmxVdecGetExtensionIndex:1737>: GetExtensionIndex OMX.google.android.index.describeColorFormat, err [0x80001001].
06-04 09:07:28.886 362 362 W omx_vdec: <__AwOmxVdecGetExtensionIndex:1737>: GetExtensionIndex OMX.google.android.index.describeColorFormat2, err [0x80001001].
06-04 09:07:28.886 362 362 E omx_vdec: : erro: pParamData->nIndex > m_sPortFormatType.nIndex
06-04 09:07:28.886 362 362 W omx_vdec: <__AwOmxVdecGetExtensionIndex:1737>: GetExtensionIndex OMX.google.android.index.describeColorFormat, err [0x80001001].
06-04 09:07:28.887 362 362 W omx_vdec: <__AwOmxVdecGetExtensionIndex:1737>: GetExtensionIndex OMX.google.android.index.describeColorFormat2, err [0x80001001].
06-04 09:07:28.887 362 362 E omx_vdec: : erro: pParamData->nIndex > m_sPortFormatType.nIndex
06-04 09:07:28.887 362 362 W omx_vdec: <__AwOmxVdecGetExtensionIndex:1737>: GetExtensionIndex OMX.google.android.index.describeColorFormat, err [0x80001001].
06-04 09:07:28.887 362 362 W omx_vdec: <__AwOmxVdecGetExtensionIndex:1737>: GetExtensionIndex OMX.google.android.index.describeColorFormat2, err [0x80001001].
06-04 09:07:28.887 356 472 W ACodec : [OMX.allwinner.video.decoder.hevc] stopping checking formats after 32: COLOR_FormatYUV420Planar(13)
06-04 09:07:28.887 362 362 W omx_vdec: <__AwOmxVdecGetExtensionIndex:1737>: GetExtensionIndex OMX.google.android.index.configureVideoTunnelMode, err [0x80001001].
06-04 09:07:28.887 362 362 E OMXNodeInstance: getExtensionIndex(0xf6040000:allwinner.decoder.hevc, OMX.google.android.index.configureVideoTunnelMode) ERROR: Undefined(0x80001001)
06-04 09:07:28.887 356 472 D MediaCodecInfo: detail feature-tunneled-playback wasn't present to remove
06-04 09:07:28.887 362 362 W omx_vdec: <__AwOmxVdecGetExtensionIndex:1737>: GetExtensionIndex OMX.google.android.index.storeANWBufferInMetadata, err [0x80001001].
06-04 09:07:28.887 362 362 W omx_vdec_aw: <__anSetExtPara:3011>: Setparameter: unknown param 2131755011
06-04 09:07:28.887 362 362 W OMXNodeInstance: [0xf6040000:allwinner.decoder.hevc] component does not support metadata mode; using fallback
06-04 09:07:28.888 362 786 W libc : invalid pthread_t (0) passed to pthread_join
06-04 09:07:28.888 362 786 W libc : invalid pthread_t (0) passed to pthread_join
06-04 09:07:28.888 362 786 W libc : invalid pthread_t (0) passed to pthread_join
06-04 09:07:28.890 356 472 I OMXClient: IOmx service obtained
06-04 09:07:28.890 362 362 I OMXStore: makeComponentInstance(OMX.allwinner.video.decoder.hevc.secure) in android.hardwar process
06-04 09:07:28.890 756 756 W Role : Cannot get ApplicationInfo for default holder: com.android.messaging
06-04 09:07:28.891 362 362 E omx_vdec: : This platform does not support secure video playback
06-04 09:07:28.891 362 362 E omx_sem : : handle is null
06-04 09:07:28.891 362 362 E omx_sem : : handle is null
06-04 09:07:28.891 362 362 E omx_sem : : handle is null
06-04 09:07:28.891 362 362 E omx_sem : : handle is null
