06-04 09:07:12.904 362 362 D MediaCodecsXmlParser: MediaCodec: cannot update non-existing codec: OMX.google.vp9.decoder at line 107 of /vendor/etc/media_codecs_performance.xml
06-04 09:07:12.905 362 362 I MediaCodecsXmlParser: Did not find media_codecs_shaping.xml in search path
06-04 09:07:12.905 272 272 W Gralloc3: mapper 3.x is not supported
06-04 09:07:12.905 362 362 E MediaCodecsXmlParser: Cannot find the role for a decoder of type video/divx
06-04 09:07:12.905 362 362 E MediaCodecsXmlParser: Cannot find the role for a decoder of type video/jpeg
06-04 09:07:12.906 322 327 D XM_HIDREAD: add@ add@/devices/platform/mtty.0
06-04 09:07:12.907 369 369 I HidlServiceManagement: Registered android.hardware.radio.config@1.3::IRadioConfig/default
06-04 09:07:12.908 362 362 E MediaCodecsXmlParser: Cannot find the role for a decoder of type video/mpeg1
06-04 09:07:12.908 362 362 E MediaCodecsXmlParser: Cannot find the role for a decoder of type video/x-ms-mpeg4v1
06-04 09:07:12.908 362 362 E MediaCodecsXmlParser: Cannot find the role for a decoder of type video/x-ms-mpeg4v2
06-04 09:07:12.909 362 362 E MediaCodecsXmlParser: Cannot find the role for a decoder of type video/rvg2
06-04 09:07:12.909 362 362 E MediaCodecsXmlParser: Cannot find the role for a decoder of type video/flv1
06-04 09:07:12.909 362 362 E MediaCodecsXmlParser: Cannot find the role for a decoder of type video/wvc1
06-04 09:07:12.909 362 362 E MediaCodecsXmlParser: Cannot find the role for a decoder of type video/x-vnd.on2.vp6
06-04 09:07:12.904 169 169 E : uwe5621_bt_tty_init
06-04 09:07:12.909 362 362 E MediaCodecsXmlParser: Cannot find the role for a decoder of type video/wmv1
06-04 09:07:12.909 362 362 E MediaCodecsXmlParser: Cannot find the role for a decoder of type video/wmv2
06-04 09:07:12.909 362 362 E MediaCodecsXmlParser: Cannot find the role for a decoder of type video/xvid
06-04 09:07:12.912 246 246 I zygote : Using memfd for future sealing
06-04 09:07:12.915 322 327 D XM_HIDREAD: add@ add@/devices/virtual/tty/ttyBT0
06-04 09:07:12.921 358 358 W storaged: health: invalid battery status
06-04 09:07:12.932 272 272 E gralloc : Arm Module v1.0
06-04 09:07:12.914 169 169 E : mtty_probe unisoc soc, continue
06-04 09:07:12.921 169 169 I : mtty_probe init device addr: 0x00000000373a355a
06-04 09:07:12.935 169 169 E : rfkill_bluetooth_init
06-04 09:07:12.939 369 369 I HidlServiceManagement: Registered android.hardware.radio@1.2::ISap/slot1
06-04 09:07:12.940 362 362 I HidlServiceManagement: Registered android.hardware.media.omx@1.0::IOmxStore/default
06-04 09:07:12.940 362 362 I HidlServiceManagement: Removing namespace from process name android.hardware.media.omx@1.0-service to omx@1.0-service.
06-04 09:07:12.945 322 327 D XM_HIDREAD: add@ add@/devices/platform/mtty.0/rfkill/rfkill1
06-04 09:07:12.946 186 186 I hwservicemanager: getTransport: Cannot find entry android.hardware.graphics.allocator@4.0::IAllocator/default in either framework or device VINTF manifest.
06-04 09:07:12.948 358 358 I ServiceManager: Waiting for service 'package_native' on '/dev/binder'...
06-04 09:07:12.948 272 272 W Gralloc4: allocator 4.x is not supported
06-04 09:07:12.949 186 186 I hwservicemanager: getTransport: Cannot find entry android.hardware.graphics.allocator@3.0::IAllocator/default in either framework or device VINTF manifest.
06-04 09:07:12.951 169 169 E : rfkill_bluetooth_init end
06-04 09:07:12.954 272 272 W Gralloc3: allocator 3.x is not supported
06-04 09:07:12.961 169 169 E : marlin_sdio_init
06-04 09:07:12.966 351 351 I MediaExtractorFactory: plugin directory not present (/system/lib/extractors)
06-04 09:07:12.966 351 351 I MediaExtractorFactory: plugin directory not present (/system_ext/lib/extractors)
06-04 09:07:12.968 322 322 I xm_hidread: type=1400 audit(0.0:236): avc: denied { read } for scontext=u:r:init:s0 tcontext=u:r:init:s0 tclass=netlink_kobject_uevent_socket permissive=1
06-04 09:07:12.972 322 327 D XM_HIDREAD: add@ add@/bus/platform/drivers/mtty
06-04 09:07:12.975 265 265 I android.hardware.usb.gadget@1.1-service.aw: setCurrentUsbFunctions Adb
06-04 09:07:12.975 395 395 I adbd : persist.adb.watchdog set to ''
06-04 09:07:12.975 265 265 I android.hardware.usb.gadget@1.1-service.aw: Service started
06-04 09:07:12.975 322 327 D XM_HIDREAD: add@ add@/module/sprdbt_tty
06-04 09:07:12.975 265 265 I android.hardware.usb.gadget@1.1-service.aw: enable usbradio debug functions
06-04 09:07:12.976 265 265 I android.hardware.usb.gadget@1.1-service.aw: Usb Gadget setcurrent functions called successfully
06-04 09:07:12.976 395 395 I adbd : persist.sys.test_harness set to ''
06-04 09:07:12.976 395 395 I adbd : adb watchdog timeout set to 600 seconds
06-04 09:07:12.977 257 257 E ion : ioctl c0044901 failed with code -1: Inappropriate ioctl for device
06-04 09:07:12.978 257 257 I gralloc : alloc buffer:W:1 H:1 S:16 PL[1 1] SZ:64 fmt:1 if:0 af:1 usg:300 fg:00000004
06-04 09:07:12.978 272 272 E ion : ioctl c0044901 failed with code -1: Inappropriate ioctl for device
06-04 09:07:12.981 186 379 W libc : Unable to set property "ctl.interface_start" to "vendor.display.config@1.0::IDisplayConfig/default": error code: 0x20
06-04 09:07:12.982 186 379 I hwservicemanager: Tried to start vendor.display.config@1.0::IDisplayConfig/default as a lazy service, but was unable to. Usually this happens when a service is not installed, but if the service is intended to be used as a lazy service, then it may be configured incorrectly.
06-04 09:07:12.982 346 346 D gpioservice: main gpio service is running.
06-04 09:07:12.983 272 272 I RenderEngine: OpenGL ES informations:
06-04 09:07:12.983 272 272 I RenderEngine: vendor : ARM
06-04 09:07:12.983 272 272 I RenderEngine: renderer : Mali-G31
06-04 09:07:12.983 272 272 I RenderEngine: version : OpenGL ES 3.2 v1.r20p0-01rel0.9f6475d0baffb05079096179e1278b1d
06-04 09:07:12.983 395 395 I adbd : Setup mdns on port= 5555
06-04 09:07:12.983 272 272 I RenderEngine: extensions: GL_EXT_debug_marker GL_ARM_rgba8 GL_ARM_mali_shader_binary GL_OES_depth24 GL_OES_depth_texture GL_OES_depth_texture_cube_map GL_OES_packed_depth_stencil GL_OES_rgb8_rgba8 GL_EXT_read_format_bgra GL_OES_compressed_paletted_texture GL_OES_compressed_ETC1_RGB8_texture GL_OES_standard_derivatives GL_OES_EGL_image GL_OES_EGL_image_external GL_OES_EGL_image_external_essl3 GL_OES_EGL_sync GL_OES_texture_npot GL_OES_vertex_half_float GL_OES_required_internalformat GL_OES_vertex_array_object GL_OES_mapbuffer GL_EXT_texture_format_BGRA8888 GL_EXT_texture_rg GL_EXT_texture_type_2_10_10_10_REV GL_OES_fbo_render_mipmap GL_OES_element_index_uint GL_EXT_shadow_samplers GL_OES_texture_compression_astc GL_KHR_texture_compression_astc_ldr GL_KHR_texture_compression_astc_hdr GL_KHR_texture_compression_astc_sliced_3d GL_EXT_texture_compression_astc_decode_mode GL_EXT_texture_compression_astc_decode_mode_rgb9e5 GL_KHR_debug GL_EXT_occlusion_query_boolean GL_EXT_disjoint_timer_query GL_EXT_blend_minmax GL_EXT_discard_
06-04 09:07:12.983 272 272 I RenderEngine: GL_MAX_TEXTURE_SIZE = 8192
06-04 09:07:12.983 272 272 I RenderEngine: GL_MAX_VIEWPORT_DIMS = 8192
06-04 09:07:12.983 272 272 W libprocessgroup: Failed to open /dev/cpuset/system-background/tasks: Permission denied: Permission denied
06-04 09:07:12.983 272 272 W libprocessgroup: Failed to apply SFMainPolicy task profile: Permission denied
06-04 09:07:12.985 346 346 I gpioservice: ServiceManager: 0xea3d1cc0
06-04 09:07:12.986 346 346 D GpioService: GpioService created
06-04 09:07:12.986 185 185 E SELinux : avc: denied { add } for pid=346 uid=0 name=softwinner.gpio scontext=u:r:gpioservice:s0 tcontext=u:object_r:default_android_service:s0 tclass=service_manager permissive=1
06-04 09:07:12.988 395 409 I adbd : opening control endpoint /dev/usb-ffs/adb/ep0
06-04 09:07:12.989 169 169 I sunxi-rfkill soc@3000000: rfkill: set block: 1
06-04 09:07:12.989 169 169 I sunxi-rfkill soc@3000000: rfkill: bt power off success
06-04 09:07:12.989 265 405 I android.hardware.usb.gadget@1.1-service.aw: GADGET pulled up
06-04 09:07:12.989 395 407 I adbd : Waiting for persist.adb.tls_server.enable=1
06-04 09:07:12.991 395 407 I adbd : persist.adb.tls_server.enable changed to 1
06-04 09:07:12.992 395 395 I adbd : adbd listening on tcp:5555
06-04 09:07:12.993 395 395 I adbd : adbd listening on vsock:5555
06-04 09:07:12.993 395 395 I adbd : adbd started
06-04 09:07:12.992 409 409 I : read descriptors
06-04 09:07:12.992 409 409 I : read strings
06-04 09:07:12.994 395 409 I adbd : UsbFfsConnection constructed
06-04 09:07:12.995 186 186 I hwservicemanager: getTransport: Cannot find entry android.hardware.graphics.mapper@4.0::IMapper/default in either framework or device VINTF manifest.
06-04 09:07:12.996 260 313 I ComposerResources: failed to get mapper 4.0 service, falling back to mapper 3.0
06-04 09:07:12.997 186 186 I hwservicemanager: getTransport: Cannot find entry android.hardware.graphics.mapper@3.0::IMapper/default in either framework or device VINTF manifest.
06-04 09:07:12.998 260 313 I ComposerResources: failed to get mapper 3.0 service, falling back to mapper 2.0
06-04 09:07:13.002 260 313 E gralloc : Arm Module v1.0
06-04 09:07:13.005 260 313 I sunxihwc: createDeviceFactory: IDeviceFactory from hardware/aw/display/hwc-hal/disp2/HomletDeviceFactory.cpp
06-04 09:07:13.005 260 313 I sunxihwc: Device name: raven
06-04 09:07:13.006 260 418 I sunxihwc: threadLoop: EventThread start
06-04 09:07:13.007 260 313 D sunxihwc: Device config file: /vendor/etc/dispconfigs/homlet-default.json
06-04 09:07:13.008 395 416 I adbd : UsbFfs-monitor thread spawned
06-04 09:07:13.008 395 416 I adbd : USB event: FUNCTIONFS_BIND
06-04 09:07:13.009 260 313 D sunxihwc: Parse 'Display0' config
06-04 09:07:13.010 260 313 D sunxihwc: Parse 'Display1' config
06-04 09:07:13.012 260 313 I HidlServiceManagement: Registered vendor.display.config@1.0::IDisplayConfig/default
06-04 09:07:13.012 260 313 D android.hardware.graphics.composer@2.2-service: IDisplayConfig register: ok
06-04 09:07:13.012 260 313 I sunxihwc: initialize: DisplayConfigService init: ok
06-04 09:07:13.012 260 313 D sunxihwc: setHotplugState: mbHotplug = 1
06-04 09:07:13.012 260 313 E sunxihwc: notifyDeviceChanged: DeviceChangedListener not register yet!
06-04 09:07:13.012 260 313 I sunxihwc: setVendorInterface: register IVendorInterface: 0xec8a3310
06-04 09:07:13.013 260 313 D sunxihwc: HAL device config file: /vendor/etc/dispconfigs/homlet-default.json
06-04 09:07:13.013 260 313 D sunxihwc: Displays (2 entries)
06-04 09:07:13.013 260 313 D sunxihwc: + Display{id=0, framebuffer=1920x1080(override=1), dpi=160x160}
06-04 09:07:13.013 260 313 D sunxihwc: DisplayEnginePortId=0
06-04 09:07:13.013 260 313 D sunxihwc: InterfaceType=HDMI
06-04 09:07:13.013 260 313 D sunxihwc: DefaultOutputMode=0
06-04 09:07:13.013 260 313 D sunxihwc: HotplugSupported=0
06-04 09:07:13.013 260 313 D sunxihwc: AfbcSupported=0
06-04 09:07:13.013 260 313 D sunxihwc: HardwareRotateSupported=0
06-04 09:07:13.013 260 313 D sunxihwc: BandwidthLimited=338800 Bytes per frame
06-04 09:07:13.013 260 313 D sunxihwc: + Display{id=1, framebuffer=1920x1080(override=1), dpi=160x160}
06-04 09:07:13.013 260 313 D sunxihwc: DisplayEnginePortId=1
06-04 09:07:13.013 260 313 D sunxihwc: InterfaceType=CVBS
06-04 09:07:13.013 260 313 D sunxihwc: DefaultOutputMode=0
06-04 09:07:13.013 260 313 D sunxihwc: HotplugSupported=0
06-04 09:07:13.013 260 313 D sunxihwc: AfbcSupported=0
06-04 09:07:13.013 260 313 D sunxihwc: HardwareRotateSupported=0
06-04 09:07:13.013 260 313 D sunxihwc: BandwidthLimited=338800 Bytes per frame
06-04 09:07:13.013 260 313 W sunxihwc: bringupDevices: display.1 was off, request type 2, try to bringup it!
06-04 09:07:13.013 260 313 I sunxihwc: scanConnectedDevice: wait for device connect
06-04 09:07:13.013 260 420 W displayd: xxxxxxx: threadedStartup begin
06-04 09:07:13.013 260 420 I sunxihwc: Device name: raven
06-04 09:07:13.013 260 420 D sunxihwc: Device config file: /vendor/etc/dispconfigs/homlet-default.json
06-04 09:07:13.014 260 420 D sunxihwc: Parse 'Display0' config
06-04 09:07:13.015 260 420 D sunxihwc: Parse 'Display1' config
06-04 09:07:13.015 260 420 W displayd: xxxxxxx: HAL device config file: /vendor/etc/dispconfigs/homlet-default.json
06-04 09:07:13.015 260 420 W displayd: Displays (2 entries)
06-04 09:07:13.015 260 420 W displayd: + Display{id=0, framebuffer=1920x1080(override=1), dpi=160x160}
06-04 09:07:13.015 260 420 W displayd: DisplayEnginePortId=0
06-04 09:07:13.015 260 420 W displayd: InterfaceType=HDMI
06-04 09:07:13.015 260 420 W displayd: DefaultOutputMode=0
06-04 09:07:13.015 260 420 W displayd: HotplugSupported=0
06-04 09:07:13.015 260 420 W displayd: AfbcSupported=0
06-04 09:07:13.015 260 420 W displayd: HardwareRotateSupported=0
06-04 09:07:13.015 260 420 W displayd: BandwidthLimited=338800 Bytes per frame
06-04 09:07:13.015 260 420 W displayd: + Display{id=1, framebuffer=1920x1080(override=1), dpi=160x160}
06-04 09:07:13.015 260 420 W displayd: DisplayEnginePortId=1
06-04 09:07:13.015 260 420 W displayd: InterfaceType=CVBS
06-04 09:07:13.015 260 420 W displayd: DefaultOutputMode=0
06-04 09:07:13.015 260 420 W displayd: HotplugSupported=0
06-04 09:07:13.015 260 420 W displayd: AfbcSupported=0
06-04 09:07:13.015 260 420 W displayd: HardwareRotateSupported=0
06-04 09:07:13.015 260 420 W displayd: BandwidthLimited=338800 Bytes per frame
06-04 09:07:13.015 260 420 W displayd: xxxxxxx: display output policy: dual
06-04 09:07:13.015 260 420 W displayd: xxxxxxx: Display.0 output type: 4
06-04 09:07:13.016 260 420 W displayd: xxxxxxx: Display.1 output type: 2
06-04 09:07:13.016 260 420 W displayd: xxxxxxx: createDevice: type=4 on port 0
06-04 09:07:13.012 260 260 I MQ-Thread: type=1400 audit(0.0:237): avc: denied { read } for name="u:object_r:system_prop:s0" dev="tmpfs" ino=6433 scontext=u:r:hal_graphics_composer_default:s0 tcontext=u:object_r:system_prop:s0 tclass=file permissive=1
06-04 09:07:13.012 260 260 I MQ-Thread: type=1400 audit(0.0:238): avc: denied { open } for path="/dev/__properties__/u:object_r:system_prop:s0" dev="tmpfs" ino=6433 scontext=u:r:hal_graphics_composer_default:s0 tcontext=u:object_r:system_prop:s0 tclass=file permissive=1
06-04 09:07:13.012 260 260 I MQ-Thread: type=1400 audit(0.0:239): avc: denied { getattr } for path="/dev/__properties__/u:object_r:system_prop:s0" dev="tmpfs" ino=6433 scontext=u:r:hal_graphics_composer_default:s0 tcontext=u:object_r:system_prop:s0 tclass=file permissive=1
06-04 09:07:13.016 395 407 I adbd : adbwifi started on port 36581
06-04 09:07:13.012 260 260 I MQ-Thread: type=1400 audit(0.0:240): avc: denied { map } for path="/dev/__properties__/u:object_r:system_prop:s0" dev="tmpfs" ino=6433 scontext=u:r:hal_graphics_composer_default:s0 tcontext=u:object_r:system_prop:s0 tclass=file permissive=1
06-04 09:07:13.012 260 260 I MQ-Thread: type=1400 audit(0.0:241): avc: denied { read } for name="u:object_r:default_prop:s0" dev="tmpfs" ino=6306 scontext=u:r:hal_graphics_composer_default:s0 tcontext=u:object_r:default_prop:s0 tclass=file permissive=1
06-04 09:07:13.012 260 260 I MQ-Thread: type=1400 audit(0.0:242): avc: denied { open } for path="/dev/__properties__/u:object_r:default_prop:s0" dev="tmpfs" ino=6306 scontext=u:r:hal_graphics_composer_default:s0 tcontext=u:object_r:default_prop:s0 tclass=file permissive=1
06-04 09:07:13.017 395 407 I adbd : TlsServer running on port 36581
06-04 09:07:13.017 260 420 W displayd: xxxxxxx: Device hdmi init
06-04 09:07:13.012 260 260 I MQ-Thread: type=1400 audit(0.0:243): avc: denied { getattr } for path="/dev/__properties__/u:object_r:default_prop:s0" dev="tmpfs" ino=6306 scontext=u:r:hal_graphics_composer_default:s0 tcontext=u:object_r:default_prop:s0 tclass=file permissive=1
06-04 09:07:13.017 260 420 W displayd: xxxxxxx: createDevice: type=2 on port 1
06-04 09:07:13.017 395 407 I adbd : adb wifi started on port 36581
06-04 09:07:13.017 260 420 W displayd: xxxxxxx: Device cvbs init
06-04 09:07:13.017 260 420 W displayd: xxxxxxx: Initizlize display device mapping
06-04 09:07:13.017 260 420 D displayd: xxxxxxx: updateConnectState: type=-1 connected=-1
06-04 09:07:13.018 395 407 I adbd : Waiting for persist.adb.tls_server.enable=0
06-04 09:07:13.018 260 420 W displayd: xxxxxxx: platformGetDeviceConnectStatePath:
06-04 09:07:13.018 260 420 W displayd: hdmi: /sys/class/extcon/extcon0/state
06-04 09:07:13.018 260 420 W displayd: cvbs: /sys/class/extcon/extcon1/state
06-04 09:07:13.018 260 420 D displayd: xxxxxxx: updated: type=2 connected=0
06-04 09:07:13.012 260 260 I MQ-Thread: type=1400 audit(0.0:244): avc: denied { map } for path="/dev/__properties__/u:object_r:default_prop:s0" dev="tmpfs" ino=6306 scontext=u:r:hal_graphics_composer_default:s0 tcontext=u:object_r:default_prop:s0 tclass=file permissive=1
06-04 09:07:13.018 260 420 D displayd: xxxxxxx: updated: type=4 connected=1
06-04 09:07:13.018 350 350 D isomountservice: main isomount service is running.
06-04 09:07:13.018 260 420 W displayd: xxxxxxx: setupDefaultOutput: hdmi user strategy: 255
06-04 09:07:13.018 260 420 W edid : Parse block0:
06-04 09:07:13.018 260 420 W edid : Extension block count: 1
06-04 09:07:13.018 260 420 W edid : Parse CEA extension block (version: 3)
06-04 09:07:13.018 260 420 W edid : CEA data length: 66 bytes
06-04 09:07:13.016 260 260 I MQ-Thread: type=1400 audit(0.0:245): avc: denied { getattr } for path="/sys/devices/platform/soc@3000000/6520000.tv0/extcon/extcon1/state" dev="sysfs" ino=19386 scontext=u:r:hal_graphics_composer_default:s0 tcontext=u:object_r:sysfs:s0 tclass=file permissive=1
06-04 09:07:13.019 350 350 I isomountservice: ServiceManager: 0xed683cc0
06-04 09:07:13.016 1 1 I /system/bin/init: type=1107 audit(0.0:246): uid=0 auid=4294967295 ses=4294967295 subj=u:r:init:s0 msg='avc: denied { set } for property=vendor.sys.tv_vdid_fex pid=260 uid=1000 gid=1003 scontext=u:r:hal_graphics_composer_default:s0 tcontext=u:object_r:vendor_default_prop:s0 tclass=property_service permissive=1'
06-04 09:07:13.022 186 186 I hw-BpHwBinder: onLastStrongRef automatically unlinking death recipients
06-04 09:07:13.022 266 266 I display.output-service: platform is homlet
06-04 09:07:13.023 395 421 I adbd : Registering secure_connect service (adb-DZOH58251929088-jeIXbj)
06-04 09:07:13.024 185 185 I servicemanager: Found vendor.display.output.IDisplayOutputManager/default in device VINTF manifest.
06-04 09:07:13.025 260 420 W displayd: xxxxxxx: performDefaultConfig dirty=0
06-04 09:07:13.026 260 420 W displayd: xxxxxxx: Old config: type[4] mode[10] pixelformat[1] bits[0] eotf[4] colorspace[257]
06-04 09:07:13.026 260 420 W displayd: xxxxxxx: New config: type[4] mode[10] pixelformat[1] bits[0] eotf[4] colorspace[257]
06-04 09:07:13.027 260 420 D displayd: xxxxxxx: Update config to boot
06-04 09:07:13.027 260 420 E displayd: xxxxxxx: Could not open '/Reserve0/disp_rsl.fex', No such file or directory(2)
06-04 09:07:13.028 260 420 E displayd: xxxxxxx: getFileData failed with I/O error
06-04 09:07:13.028 1 1 I /system/bin/init: type=1107 audit(0.0:247): uid=0 auid=4294967295 ses=4294967295 subj=u:r:init:s0 msg='avc: denied { set } for property=persist.disp.device_config.hdmi pid=260 uid=1000 gid=1003 scontext=u:r:hal_graphics_composer_default:s0 tcontext=u:object_r:default_prop:s0 tclass=property_service permissive=1'
06-04 09:07:13.037 355 355 V MediaUtils: physMem: 2055442432
06-04 09:07:13.038 355 355 V MediaUtils: requested limit: 134217728
06-04 09:07:13.038 355 355 I libc : malloc_limit: Allocation limit enabled, max size 134217728 bytes
06-04 09:07:13.039 355 355 D AudioPowerUsage: AudioPowerUsage
06-04 09:07:13.040 355 355 D AudioAnalytics: AudioAnalytics
06-04 09:07:13.040 355 355 D MediaMetricsService: MediaMetricsService
06-04 09:07:13.043 359 359 D systemmixservice: main SystemMix service is running.
06-04 09:07:13.044 359 359 I systemmixservice: ServiceManager: 0xe9801cb0
06-04 09:07:13.044 359 359 D SystemMixService: SystemMixService created
06-04 09:07:13.045 185 185 E SELinux : avc: denied { add } for pid=359 uid=0 name=softwinner.systemmix scontext=u:r:systemmix:s0 tcontext=u:object_r:default_android_service:s0 tclass=service_manager permissive=1
06-04 09:07:13.054 268 268 I ServiceManager: Waiting for service 'media.metrics' on '/dev/binder' successful after waiting 412ms
06-04 09:07:13.055 268 268 I AudioFlinger: Using default 3000 mSec as standby time.
06-04 09:07:13.056 355 425 I ServiceManager: Waiting for service 'package_native' on '/dev/binder'...
06-04 09:07:13.074 260 420 I sunxihwc: switchDevice: display[1]: type=2 mode=0 enable=0
06-04 09:07:13.074 260 420 I sunxihwc: switchDevice: display[0]: type=4 mode=10 enable=1
06-04 09:07:13.075 260 420 D sunxihwc: setHotplugState: mbHotplug = 1
06-04 09:07:13.075 260 420 I sunxihwc: createSyncTimeline: DisplayEngine Frequency: 696000000 Hz
06-04 09:07:13.075 260 420 I sunxihwc: setup: timeline0 create
06-04 09:07:13.075 260 420 E sunxihwc: readFromFile: Could not open '/sys/firmware/devicetree/base/dram/dram_clk', No such file or directory(2)
06-04 09:07:13.075 260 420 E sunxihwc: readFromFile: Could not open '/sys/firmware/devicetree/base/dram/dram_mr1', No such file or directory(2)
06-04 09:07:13.075 260 420 E sunxihwc: readFromFile: Could not open '/sys/firmware/devicetree/base/dram/dram_type', No such file or directory(2)
06-04 09:07:13.075 260 420 I sunxihwc: getDramInfoFromDeviceTree: draminfo: freq 0 MHz, bus width 32 bits, type 0
06-04 09:07:13.075 260 420 I sunxihwc: computeEffectiveBandwidth: dram effective bandwidth: 0 MBytes
06-04 09:07:13.075 260 420 E sunxihwc: calculateBandwidthLimitation: getDramFrequency return error(0), fallback to default bandwidth config
06-04 09:07:13.075 260 420 I sunxihwc: setup: Bandwidth limitation: 49152000 Bytes per frame
06-04 09:07:13.076 260 420 I sunxihwc: setDisplaydCb: get mDisplaydCb =0x0x696c4372
06-04 09:07:13.076 260 420 I sunxihwc: updateConnectedDevices: display[0] connected=1 type=4 device=0xec83a00c
06-04 09:07:13.076 260 420 I sunxihwc: updateConnectedDevices: display[1] connected=0 type=2 device=0x0
06-04 09:07:13.076 260 420 D sunxihwc: enqueueEvent: enqueueEvent: event 1
06-04 09:07:13.076 260 313 D sunxihwc: enqueueEvent: enqueueEvent: event 1
06-04 09:07:13.076 260 418 W sunxihwc: deviceChangedEventProcess: Display.0 (hdmi0) connect
06-04 09:07:13.076 260 313 I sunxihwc: waitForHotplugIssued: Wait for display connect
06-04 09:07:13.076 260 418 I sunxihwc: onHotplugReceived: display(0) connect state[1]
06-04 09:07:13.076 260 418 I sunxihwc: onHotplugReceived: display size: 0 display.0 0 display.1 0 display.0 0
06-04 09:07:13.076 260 420 I sunxihwc: setMargin: display[0]: margin 100 100 100 100
06-04 09:07:13.076 260 420 W displayd: xxxxxxx: Turen on display(0), margin(100,100,100,100)
06-04 09:07:13.076 260 418 W sunxihwc: onHotplugReceived: display(0) is 0xec6de010
06-04 09:07:13.076 260 418 D sunxihwc: setDisplays: display =0xec6de010
06-04 09:07:13.076 260 420 W displayd: xxxxxxx: Current device mapping:
06-04 09:07:13.076 260 420 W displayd: + display [1]: enable=0 type=2 mode=0
06-04 09:07:13.076 260 420 W displayd: + display [0]: enable=1 type=4 mode=10
06-04 09:07:13.076 260 418 D sunxihwc: setDisplays: display size=1
06-04 09:07:13.076 260 420 I sunxihwc: registerCallback: registerCallback mEventCallback =0x0
06-04 09:07:13.076 260 418 D sunxihwc: setHotplugState: mbHotplug = 0
06-04 09:07:13.076 260 420 I sunxihwc: setDisplaydCb: get mDisplaydCb =0x0xec8d73a0
06-04 09:07:13.076 260 418 D sunxihwc: setHotplugState: mbHotplug = 0
06-04 09:07:13.076 260 430 I sunxihwc: pollThreadLoop: polling VsyncThread start
06-04 09:07:13.076 272 272 I SurfaceFlinger: onComposerHalHotplug(0, connected)
06-04 09:07:13.077 272 272 I HWComposer: Switching to legacy multi-display mode
06-04 09:07:13.077 272 272 E HWComposer: getAttribute: getDisplayAttribute failed for display 0: BadConfig (1)
06-04 09:07:13.078 272 272 E HWComposer: getDisplayConnectionType: getDisplayConnectionType failed for display 0: Unsupported (8)
06-04 09:07:13.079 272 432 W EventThread: Ignoring VSYNC request while display is disconnected
06-04 09:07:13.079 272 432 W EventThread: Ignoring VSYNC request while display is disconnected
06-04 09:07:13.079 272 433 W EventThread: Ignoring VSYNC request while display is disconnected
06-04 09:07:13.079 272 433 W EventThread: Ignoring VSYNC request while display is disconnected
06-04 09:07:13.080 260 420 W displayd: xxxxxxx: threadedStartup end
06-04 09:07:13.080 272 432 W EventThread: Ignoring VSYNC request while display is disconnected
06-04 09:07:13.080 272 432 W EventThread: Ignoring VSYNC request while display is disconnected
06-04 09:07:13.080 260 313 D sunxihwc: getHdrCapabilities: getHdrCapabilities: support hdr10 and hlg
06-04 09:07:13.080 272 272 W HwcComposer: getPerFrameMetadataKeys failed with 8
06-04 09:07:13.084 260 429 I sunxihwc: threadLoop: set CommitThread priority as HAL_PRIORITY_URGENT_DISPLAY
06-04 09:07:13.086 257 257 I gralloc : alloc buffer:W:1920 H:1080 S:1920 PL[1920 1080] SZ:8294400 fmt:1 if:0 af:1 usg:1b00 fg:00000004
06-04 09:07:13.090 257 292 I gralloc : alloc buffer:W:1920 H:1080 S:1920 PL[1920 1080] SZ:8294400 fmt:1 if:0 af:1 usg:1b00 fg:00000004
06-04 09:07:13.091 272 272 I SurfaceFlinger: Dispatching display hotplug event displayId=0, connected=1
06-04 09:07:13.093 272 437 W SurfaceFlinger: Failed to set thread name on dispatch thread
06-04 09:07:13.109 344 344 I cameraserver: ServiceManager: 0xf5559960
06-04 09:07:13.110 344 344 I CameraService: CameraService started (pid=344)
06-04 09:07:13.110 344 344 I CameraService: CameraService process starting
06-04 09:07:13.112 344 344 W BatteryNotifier: batterystats service unavailable!
06-04 09:07:13.112 344 344 W BatteryNotifier: batterystats service unavailable!
06-04 09:07:13.112 344 344 E cutils-trace: Error opening trace file: No such file or directory (2)
06-04 09:07:13.121 357 357 D multiir : multi_ir open uinput dev
06-04 09:07:13.121 344 344 I CameraProviderManager: Connecting to new camera provider: external/0, isRemote? 1
06-04 09:07:13.123 344 344 I CameraProviderManager: Camera provider external/0 ready with 0 camera devices
06-04 09:07:13.123 322 327 D XM_HIDREAD: add@ add@/devices/virtual/input/input1
06-04 09:07:13.123 344 441 W CameraProviderManager: addProviderLocked: Camera provider HAL with name 'external/0' already registered
06-04 09:07:13.124 344 344 I cameraserver: Waiting for activity service
06-04 09:07:13.116 264 264 I EventThread: type=1400 audit(0.0:248): avc: denied { search } for name="extcon" dev="sysfs" ino=18109 scontext=u:r:hal_tv_cec_default:s0 tcontext=u:object_r:sysfs_extcon:s0 tclass=dir permissive=1
06-04 09:07:13.127 322 327 D XM_HIDREAD: add@ add@/devices/virtual/input/input1/event1
06-04 09:07:13.129 357 357 I input : sunxi-ir-uinput as /devices/virtual/input/input1
06-04 09:07:13.131 357 357 D multiir : uinputfd=4
06-04 09:07:13.148 268 268 E APM::HwModule: refreshSupportedDevices: invalid source devices for primary input
06-04 09:07:13.148 268 268 E APM::HwModule: refreshSupportedDevices: invalid source devices for fast input
06-04 09:07:13.153 268 268 D APM_EngineLoader: Loaded engine from libaudiopolicyenginedefault.so
06-04 09:07:13.154 268 268 D APM::AudioPolicyEngine/Base: loadAudioPolicyEngineConfig: No configuration found, using default matching phone experience.
06-04 09:07:13.172 268 268 W APM::AudioPolicyEngine/Base: loadAudioPolicyEngineConfig: No configuration of AUDIO_STREAM_ASSISTANT found, using default volume configuration
06-04 09:07:13.172 268 268 W APM::AudioPolicyEngine/Base: loadAudioPolicyEngineConfig: No configuration of AUDIO_STREAM_CALL_ASSISTANT found, using default volume configuration
06-04 09:07:13.186 357 357 D multiir : uevent listen start
06-04 09:07:13.202 251 251 V audio_hw_primary: init_audio_devices, line: 611
06-04 09:07:13.203 251 251 D audio_hw_primary: read card /sys/class/sound/card0/id
06-04 09:07:13.205 251 251 D audio_hw_primary: /sys/class/sound/card0/id, audiocodec, len: 11
06-04 09:07:13.205 251 251 D audio_hw_primary: linux name = audiocodec, android name = AUDIO_CODEC
06-04 09:07:13.205 251 251 D audio_hw_primary: find name map, card_id = audiocodec, card_name = AUDIO_CODEC
06-04 09:07:13.205 251 251 V audio_hw_primary: card: 0, name: AUDIO_CODEC, capture: 0, playback: 1
06-04 09:07:13.205 251 251 D audio_hw_primary: read card /sys/class/sound/card1/id
06-04 09:07:13.205 251 251 D audio_hw_primary: /sys/class/sound/card1/id, sndspdif, len: 9
06-04 09:07:13.205 251 251 D audio_hw_primary: linux name = sndspdif, android name = AUDIO_SPDIF
06-04 09:07:13.205 251 251 D audio_hw_primary: find name map, card_id = sndspdif, card_name = AUDIO_SPDIF
06-04 09:07:13.205 251 251 V audio_hw_primary: card: 1, name: AUDIO_SPDIF, capture: 1, playback: 1
06-04 09:07:13.205 251 251 D audio_hw_primary: read card /sys/class/sound/card2/id
06-04 09:07:13.206 251 251 D audio_hw_primary: /sys/class/sound/card2/id, ahubdam, len: 8
06-04 09:07:13.206 251 251 D audio_hw_primary: linux name = ahubdam, android name = AUDIO_DAM
06-04 09:07:13.206 251 251 D audio_hw_primary: find name map, card_id = ahubdam, card_name = AUDIO_DAM
06-04 09:07:13.206 251 251 V audio_hw_primary: card: 2, name: AUDIO_DAM, capture: 0, playback: 0
06-04 09:07:13.206 251 251 D audio_hw_primary: read card /sys/class/sound/card3/id
06-04 09:07:13.206 251 251 D audio_hw_primary: /sys/class/sound/card3/id, ahubhdmi, len: 9
06-04 09:07:13.206 251 251 D audio_hw_primary: linux name = ahubhdmi, android name = AUDIO_HDMI
06-04 09:07:13.206 251 251 D audio_hw_primary: find name map, card_id = ahubhdmi, card_name = AUDIO_HDMI
06-04 09:07:13.206 251 251 V audio_hw_primary: card: 3, name: AUDIO_HDMI, capture: 1, playback: 1
06-04 09:07:13.206 251 251 D audio_hw_primary: read card /sys/class/sound/card4/id
06-04 09:07:13.207 251 251 D audio_hw_primary: /sys/class/sound/card4/id, ahubi2s2, len: 9
06-04 09:07:13.207 251 251 D audio_hw_primary: linux name = ahubi2s2, android name = AUDIO_I2S2
06-04 09:07:13.207 251 251 D audio_hw_primary: find name map, card_id = ahubi2s2, card_name = AUDIO_I2S2
06-04 09:07:13.207 251 251 V audio_hw_primary: card: 4, name: AUDIO_I2S2, capture: 1, playback: 1
06-04 09:07:13.207 251 251 D audio_hw_primary: getCardNumbyName: name = AUDIO_CODEC , card = 0
06-04 09:07:13.207 251 251 D audio_hw_primary: getCardNumbyName: name = AUDIO_DAM , card = 2
06-04 09:07:13.207 251 251 D audio_hw_primary: getCardNumbyName: name = AUDIO_HDMI , card = 3
06-04 09:07:13.207 251 251 D audio_hw_primary: getCardNumbyName: name = AUDIO_I2S2 , card = 4
06-04 09:07:13.207 251 251 D audio_hw_primary: getCardNumbyName: name = AUDIO_SPDIF , card = 1
06-04 09:07:13.207 251 251 E audio_hw_primary: AUDIO_BT card does not exist
06-04 09:07:13.208 251 251 E audio_hw_primary: AUDIO_MIX card does not exist
06-04 09:07:13.208 251 251 V audio_hw_primary: init_audio_devices_active, line: 635
06-04 09:07:13.208 251 251 V audio_hw_primary: init_audio_devices_active: get property persist.vendor.audio.input.active failed, No such file or directory
06-04 09:07:13.208 251 251 V audio_hw_primary: init_audio_devices_active: get property persist.vendor.audio.output.active failed, No such file or directory
06-04 09:07:13.208 251 251 V audio_hw_primary: OK, default use AUDIO_CODEC playback
06-04 09:07:13.208 251 251 V audio_hw_primary: OK, default use AUDIO_SPDIF capture
06-04 09:07:13.208 251 251 D audio_hw_primary: XX 2 1 2 0
06-04 09:07:13.212 251 251 W audio_route: Control 'External Speaker Switch' doesn't exist - skipping
06-04 09:07:13.212 251 251 W audio_route: Control 'Headphone Switch' doesn't exist - skipping
06-04 09:07:13.212 251 251 W audio_route: Control 'Earpiece Switch' doesn't exist - skipping
06-04 09:07:13.212 251 251 W audio_route: Control 'AIF1IN0R Mux' doesn't exist - skipping
06-04 09:07:13.212 251 251 W audio_route: Control 'AIF1IN0L Mux' doesn't exist - skipping
06-04 09:07:13.212 251 251 W audio_route: Control 'DACR Mixer AIF1DA0R Switch' doesn't exist - skipping
06-04 09:07:13.213 251 251 W audio_route: Control 'DACL Mixer AIF1DA0L Switch' doesn't exist - skipping
06-04 09:07:13.213 251 251 W audio_route: Control 'AIF1OUT0L Mux' doesn't exist - skipping
06-04 09:07:13.213 251 251 W audio_route: Control 'AIF1OUT0R Mux' doesn't exist - skipping
06-04 09:07:13.213 251 251 W audio_route: Control 'AIF1 AD0L Mixer ADCL Switch' doesn't exist - skipping
06-04 09:07:13.213 251 251 W audio_route: Control 'AIF1 AD0R Mixer ADCR Switch' doesn't exist - skipping
06-04 09:07:13.213 251 251 W audio_route: Control 'ADCR Mux' doesn't exist - skipping
06-04 09:07:13.213 251 251 W audio_route: Control 'ADCL Mux' doesn't exist - skipping
06-04 09:07:13.213 251 251 W audio_route: Control 'HP_R Mux' doesn't exist - skipping
06-04 09:07:13.213 251 251 W audio_route: Control 'HP_L Mux' doesn't exist - skipping
06-04 09:07:13.213 251 251 W audio_route: Control 'HP_R Mux' doesn't exist - skipping
06-04 09:07:13.213 251 251 W audio_route: Control 'HP_L Mux' doesn't exist - skipping
06-04 09:07:13.213 251 251 W audio_route: Control 'Right Output Mixer DACR Switch' doesn't exist - skipping
06-04 09:07:13.213 251 251 W audio_route: Control 'Left Output Mixer DACL Switch' doesn't exist - skipping
06-04 09:07:13.213 251 251 W audio_route: Control 'SPK_L Mux' doesn't exist - skipping
06-04 09:07:13.214 251 251 W audio_route: Control 'SPK_R Mux' doesn't exist - skipping
06-04 09:07:13.214 251 251 W audio_route: Control 'External Speaker Switch' doesn't exist - skipping
06-04 09:07:13.214 251 251 W audio_route: Control 'Headphone Switch' doesn't exist - skipping
06-04 09:07:13.214 251 251 W audio_route: Control 'AIF1IN0R Mux' doesn't exist - skipping
06-04 09:07:13.214 251 251 W audio_route: Control 'AIF1IN0L Mux' doesn't exist - skipping
06-04 09:07:13.215 251 251 W audio_route: Control 'DACR Mixer AIF1DA0R Switch' doesn't exist - skipping
06-04 09:07:13.215 251 251 W audio_route: Control 'DACL Mixer AIF1DA0L Switch' doesn't exist - skipping
06-04 09:07:13.215 251 251 W audio_route: Control 'Left Output Mixer DACR Switch' doesn't exist - skipping
06-04 09:07:13.215 251 251 W audio_route: Control 'Left Output Mixer DACL Switch' doesn't exist - skipping
06-04 09:07:13.215 251 251 W audio_route: Control 'SPK_L Mux' doesn't exist - skipping
06-04 09:07:13.215 251 251 W audio_route: Control 'External Speaker Switch' doesn't exist - skipping
06-04 09:07:13.215 251 251 W audio_route: unknown enum value string 0 for ctl LINEOUTL src LR
06-04 09:07:13.215 251 251 W audio_route: unknown enum value string 0 for ctl LINEOUTR src LR
06-04 09:07:13.215 251 251 W audio_route: Control 'DACR Mixer AIF1DA0R Switch' doesn't exist - skipping
06-04 09:07:13.215 251 251 W audio_route: Control 'DACL Mixer AIF1DA0L Switch' doesn't exist - skipping
06-04 09:07:13.215 251 251 W audio_route: Control 'AIF1 AD0L Mixer ADCL Switch' doesn't exist - skipping
06-04 09:07:13.215 251 251 W audio_route: Control 'AIF1 AD0R Mixer ADCR Switch' doesn't exist - skipping
06-04 09:07:13.216 251 251 W audio_route: Control 'Left Output Mixer DACL Switch' doesn't exist - skipping
06-04 09:07:13.216 251 251 W audio_route: Control 'Left Output Mixer DACR Switch' doesn't exist - skipping
06-04 09:07:13.216 251 251 W audio_route: Control 'Right Output Mixer DACL Switch' doesn't exist - skipping
06-04 09:07:13.216 251 251 W audio_route: Control 'Right Output Mixer DACR Switch' doesn't exist - skipping
06-04 09:07:13.216 251 251 W audio_route: Control 'Headphone Switch' doesn't exist - skipping
06-04 09:07:13.216 251 251 W audio_route: Control 'External Speaker Switch' doesn't exist - skipping
06-04 09:07:13.216 251 251 W audio_route: Control 'AIF1OUT0R Mux' doesn't exist - skipping
06-04 09:07:13.216 251 251 W audio_route: Control 'AIF1OUT0L Mux' doesn't exist - skipping
06-04 09:07:13.216 251 251 W audio_route: Control 'AIF1 AD0R Mixer ADCR Switch' doesn't exist - skipping
06-04 09:07:13.216 251 251 W audio_route: Control 'AIF1 AD0L Mixer ADCL Switch' doesn't exist - skipping
06-04 09:07:13.217 251 251 W audio_route: Control 'ADCR Mux' doesn't exist - skipping
06-04 09:07:13.217 251 251 W audio_route: Control 'ADCL Mux' doesn't exist - skipping
06-04 09:07:13.217 251 251 W audio_route: Control 'LADC input Mixer MIC1 boost Switch' doesn't exist - skipping
06-04 09:07:13.217 251 251 W audio_route: Control 'RADC input Mixer MIC1 boost Switch' doesn't exist - skipping
06-04 09:07:13.217 251 251 W audio_route: Control 'AIF1OUT0R Mux' doesn't exist - skipping
06-04 09:07:13.217 251 251 W audio_route: Control 'AIF1OUT0L Mux' doesn't exist - skipping
06-04 09:07:13.217 251 251 W audio_route: Control 'AIF1 AD0R Mixer ADCR Switch' doesn't exist - skipping
06-04 09:07:13.218 251 251 W audio_route: Control 'AIF1 AD0L Mixer ADCL Switch' doesn't exist - skipping
06-04 09:07:13.218 251 251 W audio_route: Control 'ADCR Mux' doesn't exist - skipping
06-04 09:07:13.218 251 251 W audio_route: Control 'ADCL Mux' doesn't exist - skipping
06-04 09:07:13.218 251 251 W audio_route: Control 'MIC2 SRC' doesn't exist - skipping
06-04 09:07:13.218 251 251 W audio_route: Control 'LADC input Mixer MIC2 boost Switch' doesn't exist - skipping
06-04 09:07:13.218 251 251 W audio_route: Control 'RADC input Mixer MIC2 boost Switch' doesn't exist - skipping
06-04 09:07:13.218 251 251 W audio_route: Control 'ADCL Mux' doesn't exist - skipping
06-04 09:07:13.218 251 251 W audio_route: Control 'ADCR Mux' doesn't exist - skipping
06-04 09:07:13.218 251 251 W audio_route: Control 'AIF1 AD0L Mixer ADCL Switch' doesn't exist - skipping
06-04 09:07:13.218 251 251 W audio_route: Control 'AIF1 AD0R Mixer ADCR Switch' doesn't exist - skipping
06-04 09:07:13.218 251 251 W audio_route: Control 'AIF1OUT0L Mux' doesn't exist - skipping
06-04 09:07:13.218 251 251 W audio_route: Control 'AIF1OUT0R Mux' doesn't exist - skipping
06-04 09:07:13.218 251 251 W audio_route: Control 'AIF2 ADC volume' doesn't exist - skipping
06-04 09:07:13.218 251 251 W audio_route: Control 'LEFT ADC input Mixer MIC1 boost Switch' doesn't exist - skipping
06-04 09:07:13.219 251 251 W audio_route: Control 'ADCL Mux' doesn't exist - skipping
06-04 09:07:13.219 251 251 W audio_route: Control 'AIF2 ADL Mixer ADCL Switch' doesn't exist - skipping
06-04 09:07:13.219 251 251 W audio_route: Control 'AIF2OUTL Mux' doesn't exist - skipping
06-04 09:07:13.219 251 251 W audio_route: Control 'AIF2INL Mux' doesn't exist - skipping
06-04 09:07:13.219 251 251 W audio_route: Control 'AIF2INL Mux switch aif2inl aif2Switch' doesn't exist - skipping
06-04 09:07:13.219 251 251 W audio_route: Control 'DACL Mixer AIF2DACL Switch' doesn't exist - skipping
06-04 09:07:13.219 251 251 W audio_route: Control 'Right Output Mixer DACL Switch' doesn't exist - skipping
06-04 09:07:13.220 251 251 W audio_route: Control 'Left Output Mixer DACL Switch' doesn't exist - skipping
06-04 09:07:13.220 251 251 W audio_route: Control 'SPK_L Mux' doesn't exist - skipping
06-04 09:07:13.220 251 251 W audio_route: Control 'SPK_R Mux' doesn't exist - skipping
06-04 09:07:13.220 251 251 W audio_route: Control 'External Speaker Switch' doesn't exist - skipping
06-04 09:07:13.220 251 251 W audio_route: Control 'AIF2 ADC volume' doesn't exist - skipping
06-04 09:07:13.220 251 251 W audio_route: Control 'MIC2 SRC' doesn't exist - skipping
06-04 09:07:13.220 251 251 W audio_route: Control 'LEFT ADC input Mixer MIC2 boost Switch' doesn't exist - skipping
06-04 09:07:13.220 251 251 W audio_route: Control 'ADCL Mux' doesn't exist - skipping
06-04 09:07:13.220 251 251 W audio_route: Control 'AIF2 ADL Mixer ADCL Switch' doesn't exist - skipping
06-04 09:07:13.220 251 251 W audio_route: Control 'AIF2OUTL Mux' doesn't exist - skipping
06-04 09:07:13.220 251 251 W audio_route: Control 'AIF2INL Mux' doesn't exist - skipping
06-04 09:07:13.220 251 251 W audio_route: Control 'AIF2INL Mux switch aif2inl aif2Switch' doesn't exist - skipping
06-04 09:07:13.220 251 251 W audio_route: Control 'DACL Mixer AIF2DACL Switch' doesn't exist - skipping
06-04 09:07:13.220 251 251 W audio_route: Control 'Left Output Mixer DACL Switch' doesn't exist - skipping
06-04 09:07:13.220 251 251 W audio_route: Control 'Right Output Mixer DACL Switch' doesn't exist - skipping
06-04 09:07:13.220 251 251 W audio_route: Control 'HP_L Mux' doesn't exist - skipping
06-04 09:07:13.220 251 251 W audio_route: Control 'HP_R Mux' doesn't exist - skipping
06-04 09:07:13.220 251 251 W audio_route: Control 'Headphone Switch' doesn't exist - skipping
06-04 09:07:13.220 251 251 W audio_route: Control 'AIF2 ADC volume' doesn't exist - skipping
06-04 09:07:13.221 251 251 W audio_route: Control 'LEFT ADC input Mixer MIC1 boost Switch' doesn't exist - skipping
06-04 09:07:13.221 251 251 W audio_route: Control 'ADCL Mux' doesn't exist - skipping
06-04 09:07:13.221 251 251 W audio_route: Control 'AIF2 ADL Mixer ADCL Switch' doesn't exist - skipping
06-04 09:07:13.221 251 251 W audio_route: Control 'AIF2OUTL Mux' doesn't exist - skipping
06-04 09:07:13.221 251 251 W audio_route: Control 'AIF2INL Mux' doesn't exist - skipping
06-04 09:07:13.222 251 251 W audio_route: Control 'AIF2INL Mux switch aif2inl aif2Switch' doesn't exist - skipping
06-04 09:07:13.222 251 251 W audio_route: Control 'DACL Mixer AIF2DACL Switch' doesn't exist - skipping
06-04 09:07:13.222 251 251 W audio_route: Control 'Left Output Mixer DACL Switch' doesn't exist - skipping
06-04 09:07:13.222 251 251 W audio_route: Control 'Right Output Mixer DACL Switch' doesn't exist - skipping
06-04 09:07:13.222 251 251 W audio_route: Control 'HP_L Mux' doesn't exist - skipping
06-04 09:07:13.222 251 251 W audio_route: Control 'HP_R Mux' doesn't exist - skipping
06-04 09:07:13.222 251 251 W audio_route: Control 'Headphone Switch' doesn't exist - skipping
06-04 09:07:13.222 251 251 W audio_route: Control 'AIF2INL Mux' doesn't exist - skipping
06-04 09:07:13.222 251 251 W audio_route: Control 'AIF2INL Mux switch aif2inl aif2Switch' doesn't exist - skipping
06-04 09:07:13.222 251 251 W audio_route: Control 'AIF2 ADR Mixer AIF2 DACL Switch' doesn't exist - skipping
06-04 09:07:13.222 251 251 W audio_route: Control 'AIF3OUT Mux' doesn't exist - skipping
06-04 09:07:13.222 251 251 W audio_route: Control 'AIF2INR Mux VIR switch aif2inr aif3Switch' doesn't exist - skipping
06-04 09:07:13.222 251 251 W audio_route: Control 'AIF2 ADL Mixer AIF2 DACR Switch' doesn't exist - skipping
06-04 09:07:13.223 251 251 W audio_route: Control 'AIF2OUTL Mux' doesn't exist - skipping
06-04 09:07:13.223 251 251 W audio_route: Control 'AIF2 ADC volume' doesn't exist - skipping
06-04 09:07:13.223 251 251 W audio_route: Control 'LEFT ADC input Mixer MIC1 boost Switch' doesn't exist - skipping
06-04 09:07:13.223 251 251 W audio_route: Control 'ADCL Mux' doesn't exist - skipping
06-04 09:07:13.223 251 251 W audio_route: Control 'AIF2 ADL Mixer ADCL Switch' doesn't exist - skipping
06-04 09:07:13.223 251 251 W audio_route: Control 'AIF2OUTL Mux' doesn't exist - skipping
06-04 09:07:13.223 251 251 W audio_route: Control 'AIF2INL Mux' doesn't exist - skipping
06-04 09:07:13.223 251 251 W audio_route: Control 'AIF2INL Mux switch aif2inl aif2Switch' doesn't exist - skipping
06-04 09:07:13.223 251 251 W audio_route: Control 'DACL Mixer AIF2DACL Switch' doesn't exist - skipping
06-04 09:07:13.223 251 251 W audio_route: Control 'EAR Mux' doesn't exist - skipping
06-04 09:07:13.223 251 251 W audio_route: Control 'Earpiece Switch' doesn't exist - skipping
06-04 09:07:13.223 251 251 W audio_route: Control 'AIF1 AD0L Mixer ADCL Switch' doesn't exist - skipping
06-04 09:07:13.223 251 251 W audio_route: Control 'AIF1 AD0L Mixer AIF2 DACL Switch' doesn't exist - skipping
06-04 09:07:13.223 251 251 W audio_route: Control 'AIF1OUT0L Mux' doesn't exist - skipping
06-04 09:07:13.223 251 251 W audio_route: Control 'AIF1 AD0L Mixer ADCL Switch' doesn't exist - skipping
06-04 09:07:13.223 251 251 W audio_route: Control 'AIF1 AD0L Mixer AIF2 DACL Switch' doesn't exist - skipping
06-04 09:07:13.224 251 251 W audio_route: Control 'AIF1OUT0L Mux' doesn't exist - skipping
06-04 09:07:13.224 251 251 W audio_route: Control 'AIF1 AD0L Mixer AIF2 DACL Switch' doesn't exist - skipping
06-04 09:07:13.224 251 251 W audio_route: Control 'AIF1 AD0L Mixer AIF2 DACR Switch' doesn't exist - skipping
06-04 09:07:13.224 251 251 W audio_route: Control 'AIF1OUT0L Mux' doesn't exist - skipping
06-04 09:07:13.224 251 251 W audio_route: Control 'Line Out Mixer MIC1 boost Switch' doesn't exist - skipping
06-04 09:07:13.224 251 251 W audio_route: Control 'MIC2 SRC' doesn't exist - skipping
06-04 09:07:13.224 251 251 W audio_route: Control 'Line Out Mixer MIC2 boost Switch' doesn't exist - skipping
06-04 09:07:13.224 251 251 W audio_route: Control 'Left Output Mixer LINEINL-LINEINR Switch' doesn't exist - skipping
06-04 09:07:13.224 251 251 W audio_route: Control 'Right Output Mixer LINEINL-LINEINR Switch' doesn't exist - skipping
06-04 09:07:13.224 251 251 W audio_route: Control 'EAR Mux' doesn't exist - skipping
06-04 09:07:13.224 251 251 W audio_route: Control 'External Speaker Switch' doesn't exist - skipping
06-04 09:07:13.224 251 251 W audio_route: Control 'Headphone Switch' doesn't exist - skipping
06-04 09:07:13.224 251 251 W audio_route: Control 'Headphone Switch' doesn't exist - skipping
06-04 09:07:13.225 251 251 W audio_route: Control 'Earpiece Switch' doesn't exist - skipping
06-04 09:07:13.225 251 251 W audio_route: Control 'LEFT ADC input Mixer LININL-R Switch' doesn't exist - skipping
06-04 09:07:13.225 251 251 W audio_route: Control 'ADCL Mux' doesn't exist - skipping
06-04 09:07:13.225 251 251 W audio_route: Control 'AIF2 ADL Mixer ADCL Switch' doesn't exist - skipping
06-04 09:07:13.225 251 251 W audio_route: Control 'AIF3OUT Mux' doesn't exist - skipping
06-04 09:07:13.225 251 251 W audio_route: Control 'AIF2INL Mux switch aif2inl aif2Switch' doesn't exist - skipping
06-04 09:07:13.225 251 251 W audio_route: Control 'AIF2INR Mux VIR switch aif2inr aif3Switch' doesn't exist - skipping
06-04 09:07:13.225 251 251 W audio_route: Control 'DACR Mixer AIF2DACR Switch' doesn't exist - skipping
06-04 09:07:13.225 251 251 W audio_route: Control 'Right Output Mixer DACR Switch' doesn't exist - skipping
06-04 09:07:13.225 251 251 W audio_route: Control 'Line Out Mixer Right Output mixer Switch' doesn't exist - skipping
06-04 09:07:13.225 251 251 W audio_route: Control 'AIF1OUT0L Mux' doesn't exist - skipping
06-04 09:07:13.226 251 251 W audio_route: Control 'AIF1 AD0L Mixer ADCL Switch' doesn't exist - skipping
06-04 09:07:13.226 251 251 W audio_route: Control 'ADCL Mux' doesn't exist - skipping
06-04 09:07:13.227 251 251 W audio_route: Control 'LEFT ADC input Mixer MIC1 boost Switch' doesn't exist - skipping
06-04 09:07:13.227 251 251 W audio_route: Control 'LEFT ADC input Mixer LININL-R Switch' doesn't exist - skipping
06-04 09:07:13.227 251 251 W audio_route: Control 'AIF1OUT0L Mux' doesn't exist - skipping
06-04 09:07:13.227 251 251 W audio_route: Control 'AIF1 AD0L Mixer ADCL Switch' doesn't exist - skipping
06-04 09:07:13.227 251 251 W audio_route: Control 'ADCL Mux' doesn't exist - skipping
06-04 09:07:13.227 251 251 W audio_route: Control 'LEFT ADC input Mixer MIC2 boost Switch' doesn't exist - skipping
06-04 09:07:13.227 251 251 W audio_route: Control 'LEFT ADC input Mixer LININL-R Switch' doesn't exist - skipping
06-04 09:07:13.227 251 251 W audio_route: Control 'AIF1OUT0L Mux' doesn't exist - skipping
06-04 09:07:13.227 251 251 W audio_route: Control 'AIF1 AD0L Mixer ADCL Switch' doesn't exist - skipping
06-04 09:07:13.227 251 251 W audio_route: Control 'AIF1 AD0L Mixer AIF2 DACR Switch' doesn't exist - skipping
06-04 09:07:13.227 251 251 W audio_route: Control 'AIF1IN0L Mux' doesn't exist - skipping
06-04 09:07:13.228 251 251 W audio_route: Control 'AIF2 ADL Mixer AIF1 DA0L Switch' doesn't exist - skipping
06-04 09:07:13.228 251 251 W audio_route: Control 'AIF2 ADL Mixer AIF1 DA0L Switch' doesn't exist - skipping
06-04 09:07:13.228 251 251 W audio_route: Control 'AIF3OUT Mux' doesn't exist - skipping
06-04 09:07:13.228 251 251 W audio_route: Control 'AIF2INR Mux switch aif2inr aif2Switch' doesn't exist - skipping
06-04 09:07:13.228 251 251 W audio_route: Control 'AIF2INR Mux VIR switch aif2inr aif3Switch' doesn't exist - skipping
06-04 09:07:13.229 251 251 W audio_route: Control 'AIF1 AD0L Mixer AIF2 DACR Switch' doesn't exist - skipping
06-04 09:07:13.229 251 251 W audio_route: Control 'AIF1OUT0L Mux' doesn't exist - skipping
06-04 09:07:13.229 251 251 W audio_route: Control 'AC DACR mixer I2S_DACDATR Switch' doesn't exist - skipping
06-04 09:07:13.229 251 251 W audio_route: Control 'AC DACL mixer I2S_DACDATL Switch' doesn't exist - skipping
06-04 09:07:13.229 251 251 W audio_route: Control 'Right Output Mixer DACR Switch' doesn't exist - skipping
06-04 09:07:13.229 251 251 W audio_route: Control 'Left Output Mixer DACL Switch' doesn't exist - skipping
06-04 09:07:13.229 251 251 W audio_route: Control 'External Speaker Switch' doesn't exist - skipping
06-04 09:07:13.229 251 251 D audio_route: Apply path: media-speaker-headphones
06-04 09:07:13.229 251 251 D audio_route: Apply path: media-headset-mic
06-04 09:07:13.230 251 321 V audio_hw_primary: adev_get_master_volume, line: 3587
06-04 09:07:13.231 251 321 V audio_hw_primary: adev_set_master_volume, line: 3579
06-04 09:07:13.231 268 268 I AudioFlinger: loadHwModule() Loaded primary audio interface, handle 10
06-04 09:07:13.232 268 268 I AudioFlinger: openOutput() this 0xf7044000, module 10 Device type:0x2,@:, SamplingRate 48000, Format 0x000001, Channels 0x3, flags 0x2
06-04 09:07:13.232 251 321 D audio_hw_primary: adev_open_output_stream
06-04 09:07:13.232 251 321 V audio_hw_primary: adev_open_output_stream, flags: 2
06-04 09:07:13.233 251 321 V audio_hw_primary: +++++++++++++++ adev_open_output_stream: req_sample_rate: 44100, fmt: 1, channel_count: 3
