06-04 09:10:23.205 963 987 I OpenGLRenderer: Davey! duration=9223371835865ms; Flags=0, FrameTimelineVsyncId=19088, IntendedVsync=200987299534, Vsync=201120632862, InputEventId=0, HandleInputStart=201124669887, AnimationStart=201124677095, PerformTraversalsStart=201124680595, DrawStart=201124893720, FrameDeadline=201020632866, FrameInterval=201124647762, FrameStartTime=16666666, SyncQueued=201125820220, SyncStart=201128269137, IssueDrawCommandsStart=201128847970, SwapBuffers=201132572095, FrameCompleted=9223372036854775807, DequeueBufferDuration=71375, QueueBufferDuration=4335708, GpuCompleted=9223372036854775807, SwapBuffersCompleted=201138409262, DisplayPresentTime=0,
06-04 09:10:23.235 517 668 W LastMileLogger: Failed to open free_buffer pseudo-file: /sys/kernel/debug/tracing/instances/wifi/free_buffer: open failed: ENOENT (No such file or directory)
06-04 09:10:23.236 517 668 W LastMileLogger: Failed to arm fail-safe.
06-04 09:10:23.238 517 668 I WifiClientModeImpl[wlan0]: Connecting with b4:2f:03:16:18:c0 as the mac address
06-04 09:10:23.239 361 361 W wificond: Scan is not started. Ignore abort request
06-04 09:10:23.241 517 668 D SupplicantStaIfaceHal: connectToNetwork "DZNB"WPA_PSK
06-04 09:10:23.242 517 668 I SupplicantStaIfaceHal: addSupplicantStaNetwork via HIDL
06-04 09:10:23.261 517 668 D SupplicantStaNetworkHal: The target security params: Security Parameters:
06-04 09:10:23.261 517 668 D SupplicantStaNetworkHal: Type: 2
06-04 09:10:23.261 517 668 D SupplicantStaNetworkHal: Enabled: true
06-04 09:10:23.261 517 668 D SupplicantStaNetworkHal: KeyMgmt: WPA_PSK
06-04 09:10:23.261 517 668 D SupplicantStaNetworkHal: Protocols: WPA RSN
06-04 09:10:23.261 517 668 D SupplicantStaNetworkHal: AuthAlgorithms:
06-04 09:10:23.261 517 668 D SupplicantStaNetworkHal: PairwiseCiphers: TKIP CCMP
06-04 09:10:23.261 517 668 D SupplicantStaNetworkHal: GroupCiphers: WEP40 WEP104 TKIP CCMP
06-04 09:10:23.261 517 668 D SupplicantStaNetworkHal: GroupMgmtCiphers:
06-04 09:10:23.261 517 668 D SupplicantStaNetworkHal: SuiteBCiphers:
06-04 09:10:23.261 517 668 D SupplicantStaNetworkHal: RequirePmf: false
06-04 09:10:23.261 517 668 D SupplicantStaNetworkHal: IsAddedByAutoUpgrade: false
06-04 09:10:23.261 517 668 D SupplicantStaNetworkHal: IsSaeH2eOnlyMode: false
06-04 09:10:23.261 517 668 D SupplicantStaNetworkHal: IsSaePkOnlyMode: false
06-04 09:10:23.271 517 527 I system_server: Background young concurrent copying GC freed 218898(7778KB) AllocSpace objects, 9(324KB) LOS objects, 39% free, 10MB/16MB, paused 456us total 302.033ms
06-04 09:10:23.308 517 559 W IorapForwardingService: No service published for: iorapd
06-04 09:10:23.313 517 668 D WifiCountryCode: evaluateAllCmmStateAndApplyIfAllReady: {ConcreteClientModeManager{id=26301 iface=wlan0 role=ROLE_CLIENT_PRIMARY}=false}
06-04 09:10:23.313 517 668 D WifiClientModeImpl[wlan0]: Start Connecting Watchdog 1
06-04 09:10:23.318 1595 1595 D RockyReceiver: action: android.net.wifi.STATE_CHANGE
06-04 09:10:23.319 517 1373 E ConnectivityService: Exception = android.content.pm.PackageManager$NameNotFoundException: android.net.cts
06-04 09:10:23.591 1612 2042 D hq : NetWorkStateReceiver:::检查网络,并且持续更新 isConnect=false
06-04 09:10:24.310 517 559 W IorapForwardingService: No service published for: iorapd
06-04 09:10:24.543 361 361 I wificond: Received external scan result notification from kernel.
06-04 09:10:24.544 517 806 D WifiNl80211Manager: Scan result ready event
06-04 09:10:24.544 517 806 D WifiNative: Scan result ready event
06-04 09:10:24.553 855 855 I wpa_supplicant: wlan0: Trying to associate with 58:c7:ac:78:f0:02 (SSID='DZNB' freq=5260 MHz)
06-04 09:10:24.557 1595 1595 D RockyReceiver: action: android.net.wifi.STATE_CHANGE
06-04 09:10:24.558 517 806 E ConnectivityService: Exception = android.content.pm.PackageManager$NameNotFoundException: android.net.cts
06-04 09:10:24.618 361 361 I wificond: Regulatory domain changed to country: CN on wiphy_index: 0
06-04 09:10:24.619 855 855 I wpa_supplicant: wlan0: Associated with 58:c7:ac:78:f0:02
06-04 09:10:24.619 855 855 I wpa_supplicant: wlan0: CTRL-EVENT-SUBNET-STATUS-UPDATE status=0
06-04 09:10:24.619 517 806 D WifiNl80211Manager: OnRegDomainChanged CN
06-04 09:10:24.619 855 855 I wpa_supplicant: wlan0: CTRL-EVENT-REGDOM-CHANGE init=COUNTRY_IE type=COUNTRY alpha2=CN
06-04 09:10:24.620 517 806 D WifiNative: onCountryCodeChanged: CN
06-04 09:10:24.620 517 806 I WifiCountryCode: Receive onDriverCountryCodeChanged CN
06-04 09:10:24.622 517 668 I WifiService: onDriverCountryCodeChanged CN
06-04 09:10:24.622 361 361 I wificond: 2.4Ghz frequencies: 2412 2417 2422 2427 2432 2437 2442 2447 2452 2457 2462 2467 2472
06-04 09:10:24.623 361 361 I wificond: 5Ghz non-DFS frequencies: 5180 5200 5220 5240 5745 5765 5785 5805 5825
06-04 09:10:24.623 361 361 I wificond: 5Ghz DFS frequencies: 5260 5280 5300 5320
06-04 09:10:24.623 361 361 I wificond: 6Ghz frequencies:
06-04 09:10:24.623 361 361 I wificond: 60Ghz frequencies:
06-04 09:10:24.625 855 855 I wpa_supplicant: wlan0: WPA: RX message 1 of 4-Way Handshake from 58:c7:ac:78:f0:02 (ver=2)
06-04 09:10:24.626 855 855 I wpa_supplicant: wlan0: WPA: Sending EAPOL-Key 2/4
06-04 09:10:24.629 855 855 I wpa_supplicant: wlan0: WPA: RX message 3 of 4-Way Handshake from 58:c7:ac:78:f0:02 (ver=2)
06-04 09:10:24.629 855 855 I wpa_supplicant: wlan0: WPA: Sending EAPOL-Key 4/4
06-04 09:10:24.633 855 855 I wpa_supplicant: wlan0: WPA: Key negotiation completed with 58:c7:ac:78:f0:02 [PTK=CCMP GTK=TKIP]
06-04 09:10:24.633 855 855 I wpa_supplicant: wlan0: CTRL-EVENT-CONNECTED - Connection to 58:c7:ac:78:f0:02 completed [id=0 id_str=%7B%22configKey%22%3A%22%5C%22DZNB%5C%22WPA_PSK%22%2C%22creatorUid%22%3A%2210020%22%7D]
06-04 09:10:24.635 517 557 W PppoeNetworkFactory: interfaceLinkStateChanged
06-04 09:10:24.635 517 557 D PppoeNetworkFactory: updateInterface: mIface: mPhyIface:eth0 iface:wlan0 link:up
06-04 09:10:24.635 517 557 D PppoeNetworkFactory: not tracker interface
06-04 09:10:24.635 517 557 I EthernetTracker: interfaceLinkStateChanged, iface: wlan0, up: true
06-04 09:10:24.639 917 943 I Tethering: adding IpServer for: wlan0
06-04 09:10:24.647 1595 1595 D RockyReceiver: action: android.net.wifi.STATE_CHANGE
06-04 09:10:24.649 517 1373 E ConnectivityService: Exception = android.content.pm.PackageManager$NameNotFoundException: android.net.cts
06-04 09:10:24.653 517 1373 I WifiService: updateInterfaceIpState uid=1073
06-04 09:10:24.656 517 664 W BestClock: java.time.DateTimeException: Missing NTP fix
06-04 09:10:24.657 1595 1595 D RockyReceiver: action: android.net.wifi.STATE_CHANGE
06-04 09:10:24.658 517 836 E ConnectivityService: Exception = android.content.pm.PackageManager$NameNotFoundException: android.net.cts
06-04 09:10:24.663 517 668 D ConnectivityService: registerNetworkAgent NetworkAgentInfo{network{100} handle{432902426637} ni{WIFI CONNECTING extra: } Score(60 ; KeepConnected : 0 ; Policies : IS_UNMETERED) lp{{LinkAddresses: [ ] DnsAddresses: [ ] Domains: null MTU: 0 Routes: [ ]}} nc{[ Transports: WIFI Capabilities: NOT_METERED&INTERNET&NOT_RESTRICTED&TRUSTED&NOT_VPN&NOT_ROAMING&FOREGROUND&NOT_CONGESTED&NOT_SUSPENDED&NOT_VCN_MANAGED LinkUpBandwidth>=866000Kbps LinkDnBandwidth>=866000Kbps Specifier: TransportInfo: OwnerUid: 10020 AdminUids: [10020] SSID: "DZNB"]}}
06-04 09:10:24.669 1595 1595 D RockyReceiver: action: android.net.wifi.STATE_CHANGE
06-04 09:10:24.670 517 1373 E ConnectivityService: Exception = android.content.pm.PackageManager$NameNotFoundException: android.net.cts
06-04 09:10:24.673 714 714 E WifiHAL : wifi_get_packet_filter_capabilities: requestResponse() error: -3
06-04 09:10:24.673 714 714 I WifiHAL : Packet filtering is not supprted
06-04 09:10:24.677 714 714 E WifiHAL : wifi_get_link_stats: requestResponse Error:-5
06-04 09:10:24.679 517 668 E WifiVendorHal: getWifiLinkLayerStats_1_5_Internal(l.1191) failed {.code = ERROR_INVALID_ARGS, .description = }
06-04 09:10:24.684 517 836 D CompatibilityChangeReporter: Compat change id reported: 171306433; UID 1073; state: ENABLED
06-04 09:10:24.686 517 668 D WifiService: updateInterfaceIpState: ifaceName=wlan0 mode=-1 previous LOHS mode= -1
06-04 09:10:24.684 917 917 I IpClient.wlan0: type=1400 audit(0.0:2305): avc: denied { search } for name="net" dev="sysfs" ino=10442 scontext=u:r:network_stack:s0 tcontext=u:object_r:sysfs_net:s0 tclass=dir permissive=1
06-04 09:10:24.684 917 917 I IpClient.wlan0: type=1400 audit(0.0:2306): avc: denied { read } for name="address" dev="sysfs" ino=16906 scontext=u:r:network_stack:s0 tcontext=u:object_r:sysfs_net:s0 tclass=file permissive=1
06-04 09:10:24.684 917 917 I IpClient.wlan0: type=1400 audit(0.0:2307): avc: denied { open } for path="/sys/devices/virtual/net/dummy0/address" dev="sysfs" ino=16906 scontext=u:r:network_stack:s0 tcontext=u:object_r:sysfs_net:s0 tclass=file permissive=1
06-04 09:10:24.684 917 917 I IpClient.wlan0: type=1400 audit(0.0:2308): avc: denied { getattr } for path="/sys/devices/virtual/net/dummy0/address" dev="sysfs" ino=16906 scontext=u:r:network_stack:s0 tcontext=u:object_r:sysfs_net:s0 tclass=file permissive=1
06-04 09:10:24.690 714 714 E WifiHAL : wifi_get_link_stats: requestResponse Error:-5
06-04 09:10:24.691 517 668 E WifiVendorHal: getWifiLinkLayerStats_1_5_Internal(l.1191) failed {.code = ERROR_INVALID_ARGS, .description = }
06-04 09:10:24.692 917 917 I IpClient.wlan0: type=1400 audit(0.0:2309): avc: denied { read } for name="address" dev="sysfs" ino=26267 scontext=u:r:network_stack:s0 tcontext=u:object_r:sysfs:s0 tclass=file permissive=1
06-04 09:10:24.701 517 664 W BestClock: java.time.DateTimeException: Missing NTP fix
06-04 09:10:24.697 1006 1006 W audit : audit_lost=1786 audit_rate_limit=5 audit_backlog_limit=64
06-04 09:10:24.692 917 917 I IpClient.wlan0: type=1400 audit(0.0:2310): avc: denied { open } for path="/sys/devices/platform/unisoc_wifi/net/wlan1/address" dev="sysfs" ino=26267 scontext=u:r:network_stack:s0 tcontext=u:object_r:sysfs:s0 tclass=file permissive=1
06-04 09:10:24.697 1006 1006 E audit : rate limit exceeded
06-04 09:10:24.706 517 665 W BestClock: java.time.DateTimeException: Missing NTP fix
06-04 09:10:24.707 517 665 W BestClock: java.time.DateTimeException: Missing NTP fix
06-04 09:10:24.712 517 675 D ConnectivityService: [100 WIFI] EVENT_NETWORK_INFO_CHANGED, going from CONNECTING to CONNECTING
06-04 09:10:24.713 517 675 D ConnectivityService: NetReassign [no changes]
06-04 09:10:24.716 517 675 D ConnectivityService: NetReassign [no changes]
06-04 09:10:24.718 517 675 D ConnectivityService: NetReassign [no changes]
06-04 09:10:24.719 517 668 E WifiVendorHal: configureNeighborDiscoveryOffload(l.2704) failed {.code = ERROR_INVALID_ARGS, .description = }
06-04 09:10:24.745 517 675 D ConnectivityService: Adding iface wlan0 to network 100
06-04 09:10:24.746 245 310 E Netd : no such netId 100
06-04 09:10:24.747 517 675 W ConnectivityService: Exception adding interface: android.os.ServiceSpecificException: Machine is not on the network (code 64)
06-04 09:10:24.748 245 310 E Netd : no such netId 100
06-04 09:10:24.751 517 675 W BestClock: java.time.DateTimeException: Missing NTP fix
06-04 09:10:24.784 517 675 W BestClock: java.time.DateTimeException: Missing NTP fix
06-04 09:10:24.785 714 714 E WifiHAL : wifi_get_link_stats: requestResponse Error:-5
06-04 09:10:24.786 517 668 E WifiVendorHal: getWifiLinkLayerStats_1_5_Internal(l.1191) failed {.code = ERROR_INVALID_ARGS, .description = }
06-04 09:10:24.786 517 665 W BestClock: java.time.DateTimeException: Missing NTP fix
06-04 09:10:24.787 517 665 W BestClock: java.time.DateTimeException: Missing NTP fix
06-04 09:10:24.800 917 1006 D DhcpClient: Broadcasting DHCPDISCOVER
06-04 09:10:24.897 917 1006 D DhcpClient: Received packet: b4:2f:03:16:18:c0 OFFER, ip /192.168.3.141, mask /255.255.254.0, DNS servers: /202.96.134.133 /202.96.128.166 , gateways [/192.168.3.1], lease time 3600, domain null
06-04 09:10:24.899 917 1006 D DhcpClient: Got pending lease: android.net.networkstack.DhcpResults@81b0797 DHCP server /192.168.3.1 Vendor info null lease 3600 seconds Servername
06-04 09:10:24.904 917 1006 D DhcpClient: Broadcasting DHCPREQUEST ciaddr=0.0.0.0 request=192.168.3.141 serverid=192.168.3.1
06-04 09:10:25.002 917 1006 D DhcpClient: Received packet: b4:2f:03:16:18:c0 ACK: your new IP /192.168.3.141, netmask /255.255.254.0, gateways [/192.168.3.1] DNS servers: /202.96.134.133 /202.96.128.166 , lease time 3600
06-04 09:10:25.004 917 1006 D DhcpClient: Confirmed lease: android.net.networkstack.DhcpResults@511096d DHCP server /192.168.3.1 Vendor info null lease 3600 seconds Servername
06-04 09:10:25.016 2413 2498 D nStackXDFinder: IfAddrMsgHandle:[85] :Interface wlan0 got new address.
06-04 09:10:25.017 2413 2498 I nStackXDFinder: UpdateLocalNetworkInterface:[472] :UpdateLocalNetworkInterface exec,initerfaceName:wlan0
06-04 09:10:25.017 2413 2498 E nStackXDFinder: GetLocalIp:[401] :GetLocalIp exec
06-04 09:10:25.017 2413 2498 E nStackXDFinder: GetLocalIp:[407] :GetLocalIp, ifInfo is null
06-04 09:10:25.017 2413 2498 I nStackXDFinder: UpdateLocalNetworkInterface:[498] :UpdateLocalNetworkInterface copy ip value in default process
06-04 09:10:25.017 2413 2498 E nStackXDFinder: GetLocalIp:[401] :GetLocalIp exec
06-04 09:10:25.017 2413 2498 D nStackXCoAP: CoapServerInit:[174] :CoapServerInit is called
06-04 09:10:25.017 2413 2498 E nStackXDFinder: GetLocalIp:[401] :GetLocalIp exec
06-04 09:10:25.017 2413 2498 I nStackXUtil: BindToDevice:[352] :BindToDevice exec
06-04 09:10:25.018 2413 2498 I nStackXUtil: GetInterfaceByPriority:[279] :GetInterfaceByPriority exec
06-04 09:10:25.018 2413 2498 I nStackXUtil: GetInterfaceByDefault:[309] :GetInterfaceByDefault exec
06-04 09:10:25.018 2413 2498 I nStackXUtil: GetInterfaceByDefault:[316] :GetInterfaceByDefault, ndevice name: lo
06-04 09:10:25.018 2413 2498 I nStackXUtil: GetInterfaceByDefault:[316] :GetInterfaceByDefault, ndevice name: wlan0
06-04 09:10:25.018 2413 2498 I nStackXUtil: BindToDevice:[374] :BindToDevice, Bind localAddr name: wlan0
06-04 09:10:25.018 2413 2498 E nStackXUtil: BindToDeviceInner:[188] :setsockopt fail, errno = 1
06-04 09:10:25.018 2413 2498 E nStackXCoAP: CoapGetContext:[250] :bind to device fail
06-04 09:10:25.018 2413 2498 D nStackXCoAP: CoapInitResources:[744] :CoapInitResources g_wlanOrEthContext update
06-04 09:10:25.023 1595 1595 D RockyReceiver: action: android.net.wifi.STATE_CHANGE
06-04 09:10:25.024 245 310 E Netd : no such netId 100
06-04 09:10:25.024 517 836 E ConnectivityService: Exception = android.content.pm.PackageManager$NameNotFoundException: android.net.cts
06-04 09:10:25.027 517 675 E ConnectivityService: Exception in networkAddRouteParcel for non-gateway: android.os.ServiceSpecificException: Machine is not on the network (code 64)
06-04 09:10:25.028 245 310 E Netd : no such netId 100
06-04 09:10:25.029 517 675 E ConnectivityService: Exception in networkAddRouteParcel for gateway: android.os.ServiceSpecificException: Machine is not on the network (code 64)
06-04 09:10:25.033 1595 1595 D RockyReceiver: action: android.net.wifi.STATE_CHANGE
06-04 09:10:25.034 517 806 E ConnectivityService: Exception = android.content.pm.PackageManager$NameNotFoundException: android.net.cts
06-04 09:10:25.038 517 675 W BestClock: java.time.DateTimeException: Missing NTP fix
06-04 09:10:25.040 917 1006 D DhcpClient: Scheduling renewal in 1799s
06-04 09:10:25.040 917 1006 D DhcpClient: Scheduling rebind in 3149s
06-04 09:10:25.040 917 1006 D DhcpClient: Scheduling expiry in 3599s
06-04 09:10:25.048 517 668 W WifiScoreReport: Cannot start external scoring netId=100 currentNetId=100 currentNetCapabilities=[ Transports: WIFI Capabilities: NOT_METERED&INTERNET&NOT_RESTRICTED&TRUSTED&NOT_VPN&NOT_ROAMING&NOT_CONGESTED&NOT_SUSPENDED&NOT_VCN_MANAGED LinkUpBandwidth>=12000Kbps LinkDnBandwidth>=60000Kbps Specifier: TransportInfo: SignalStrength: 0 OwnerUid: 10020 AdminUids: [10020] SSID: "DZNB"] sessionId=1008
06-04 09:10:25.059 517 1373 D WifiMemoryStoreImpl: Set cluster G3064c99f26a1735d for Wffd010aee9aedacd: SUCCESS
06-04 09:10:25.067 517 1373 D WifiMemoryStoreImpl: Set cluster G3064c99f26a1735d for Wd287deac0b547ab0: SUCCESS
06-04 09:10:25.069 517 675 W BestClock: java.time.DateTimeException: Missing NTP fix
06-04 09:10:25.072 517 665 W BestClock: java.time.DateTimeException: Missing NTP fix
06-04 09:10:25.073 517 665 W BestClock: java.time.DateTimeException: Missing NTP fix
06-04 09:10:25.075 517 675 D ConnectivityService: Setting DNS servers for network 100 to [/202.96.134.133, /202.96.128.166]
06-04 09:10:25.077 517 1373 D WifiMemoryStoreImpl: Set cluster G3064c99f26a1735d for W286d8056738d1391: SUCCESS
06-04 09:10:25.089 517 1373 D WifiMemoryStoreImpl: Set cluster G3064c99f26a1735d for Wb454f081f60be663: SUCCESS
06-04 09:10:25.095 517 675 W BestClock: java.time.DateTimeException: Missing NTP fix
06-04 09:10:25.097 714 714 E WifiHAL : wifi_get_link_stats: requestResponse Error:-5
06-04 09:10:25.097 517 806 D WifiMemoryStoreImpl: Set cluster G3064c99f26a1735d for W6de43a6b43373060: SUCCESS
06-04 09:10:25.098 517 668 E WifiVendorHal: getWifiLinkLayerStats_1_5_Internal(l.1191) failed {.code = ERROR_INVALID_ARGS, .description = }
06-04 09:10:25.104 517 806 D WifiMemoryStoreImpl: Set cluster G3064c99f26a1735d for W162fef72d862d67b: SUCCESS
06-04 09:10:25.110 517 806 D WifiMemoryStoreImpl: Set cluster G3064c99f26a1735d for W674b11c5c6703c31: SUCCESS
06-04 09:10:25.115 517 806 D WifiMemoryStoreImpl: Set cluster G3064c99f26a1735d for W3064c99f26a1735d: SUCCESS
06-04 09:10:25.124 517 675 W BestClock: java.time.DateTimeException: Missing NTP fix
06-04 09:10:25.126 517 675 D ConnectivityService: [100 WIFI] EVENT_NETWORK_INFO_CHANGED, going from CONNECTING to CONNECTED
06-04 09:10:25.127 517 665 W BestClock: java.time.DateTimeException: Missing NTP fix
06-04 09:10:25.128 517 665 W BestClock: java.time.DateTimeException: Missing NTP fix
06-04 09:10:25.130 517 675 D DnsManager: sendDnsConfigurationForNetwork(100, [202.96.134.133, 202.96.128.166], [], 1800, 25, 8, 64, 0, 0, , [])
06-04 09:10:25.133 517 675 W DnsManager: updatePrivateDns(100, PrivateDnsConfig{true:/[]})
06-04 09:10:25.133 517 675 D ConnectivityService: Setting DNS servers for network 100 to [/202.96.134.133, /202.96.128.166]
06-04 09:10:25.134 517 675 D DnsManager: sendDnsConfigurationForNetwork(100, [202.96.134.133, 202.96.128.166], [], 1800, 25, 8, 64, 0, 0, , [202.96.134.133, 202.96.128.166])
06-04 09:10:25.135 245 3980 W resolv : Validating DnsTlsServer 202.96.134.133 with mark 0xf0064
06-04 09:10:25.136 245 3979 W resolv : Validating DnsTlsServer 202.96.128.166 with mark 0xf0064
06-04 09:10:25.137 245 3980 W resolv : Socket failed to connect: Network is unreachable
06-04 09:10:25.137 517 675 D ConnectivityService: Adding iface wlan0 to network 100
06-04 09:10:25.137 245 3980 W resolv : TCP Handshake failed: 101
06-04 09:10:25.137 245 3980 W resolv : query failed
06-04 09:10:25.138 245 3980 W resolv : validateDnsTlsServer returned 0 for 202.96.134.133
06-04 09:10:25.138 245 3980 W resolv : Validation failed
06-04 09:10:25.138 245 3979 W resolv : Socket failed to connect: Network is unreachable
06-04 09:10:25.138 245 3979 W resolv : TCP Handshake failed: 101
06-04 09:10:25.138 245 3979 W resolv : query failed
06-04 09:10:25.138 245 3979 W resolv : validateDnsTlsServer returned 0 for 202.96.128.166
06-04 09:10:25.138 245 3979 W resolv : Validation failed
06-04 09:10:25.148 517 675 D ConnectivityService: Setting DNS servers for network 100 to [/202.96.134.133, /202.96.128.166]
06-04 09:10:25.149 517 675 D DnsManager: sendDnsConfigurationForNetwork(100, [202.96.134.133, 202.96.128.166], [], 1800, 25, 8, 64, 0, 0, , [202.96.134.133, 202.96.128.166])
06-04 09:10:25.150 245 3981 W resolv : Validating DnsTlsServer 202.96.128.166 with mark 0xf0064
06-04 09:10:25.150 245 3982 W resolv : Validating DnsTlsServer 202.96.134.133 with mark 0xf0064
06-04 09:10:25.157 517 675 W BestClock: java.time.DateTimeException: Missing NTP fix
06-04 09:10:25.164 824 824 E sprdwl : reorder_msdu_process: BA SESSION IS NO ACTIVE sta_lut_index: 6, tid: 0
06-04 09:10:25.182 517 675 W BestClock: java.time.DateTimeException: Missing NTP fix
06-04 09:10:25.185 517 665 W BestClock: java.time.DateTimeException: Missing NTP fix
06-04 09:10:25.186 517 665 W BestClock: java.time.DateTimeException: Missing NTP fix
06-04 09:10:25.186 517 668 D WifiClientModeImpl[wlan0]: Received signal strength thresholds: []
06-04 09:10:25.186 517 675 D ConnectivityService: NetReassign [31 : null → 100, 3 : null → 100, 1 : null → 100, 19 : null → 100, 34 : null → 100, 21 : null → 100, 10 : null → 100, 29 : null → 100, 27 : null → 100, 17 : null → 100, 23 : null → 100]
06-04 09:10:25.187 517 668 E WifiVendorHal: stopRssiMonitoring(l.2617) failed {.code = ERROR_NOT_AVAILABLE, .description = }
06-04 09:10:25.188 517 675 D ConnectivityService: Switching to new default network for: uid/pid:1000/517 activeRequest: 1 callbackRequest: 1 [NetworkRequest [ REQUEST id=1, [ Capabilities: INTERNET&NOT_RESTRICTED&TRUSTED&NOT_VPN&NOT_VCN_MANAGED RequestorUid: 1000 RequestorPkg: android] ]] callback flags: 1 priority: 2147483647 using NetworkAgentInfo{network{100} handle{432902426637} ni{WIFI CONNECTED extra: } Score(60 ; KeepConnected : 0 ; Policies : TRANSPORT_PRIMARY&IS_UNMETERED) lp{{InterfaceName: wlan0 LinkAddresses: [ fe80::4a96:409e:4e1c:c654/64,192.168.3.141/23 ] DnsAddresses: [ /202.96.134.133,/202.96.128.166 ] Domains: null MTU: 0 ServerAddress: /192.168.3.1 TcpBufferSizes: 524288,1048576,2097152,262144,524288,1048576 Routes: [ fe80::/64 -> :: wlan0 mtu 0,192.168.2.0/23 -> 0.0.0.0 wlan0 mtu 0,0.0.0.0/0 -> 192.168.3.1 wlan0 mtu 0 ]}} nc{[ Transports: WIFI Capabilities: NOT_METERED&INTERNET&NOT_RESTRICTED&TRUSTED&NOT_VPN&NOT_ROAMING&FOREGROUND&NOT_CONGESTED&NOT_SUSPENDED&NOT_VCN_MANAGED LinkUpBandwidth>=12000Kbps LinkDnBandwidth>=60000Kbps Specifier: TransportInfo: SignalStrength: 0 OwnerUid: 10020 AdminUids: [10020] SSID: "DZNB"]}}
06-04 09:10:25.191 917 3983 D NetworkMonitor/100: Validation disabled.
06-04 09:10:25.200 517 675 W BestClock: java.time.DateTimeException: Missing NTP fix
06-04 09:10:25.208 917 3974 W UnsafeUtil: platform method missing - proto runtime falling back to safer methods: java.lang.NoSuchMethodException: sun.misc.Unsafe.copyMemory [class java.lang.Object, long, class java.lang.Object, long, long]
06-04 09:10:25.226 517 675 W BestClock: java.time.DateTimeException: Missing NTP fix
06-04 09:10:25.228 517 665 W BestClock: java.time.DateTimeException: Missing NTP fix
06-04 09:10:25.229 517 665 W BestClock: java.time.DateTimeException: Missing NTP fix
06-04 09:10:25.234 917 943 D UpstreamNetworkMonitor: New default Internet network: 100
06-04 09:10:25.235 517 675 D ConnectivityService: Sending CONNECTED broadcast for type 1 [100 WIFI] isDefaultNetwork=true
06-04 09:10:25.237 517 675 W ContextImpl: Calling a method in the system process without a qualified user: android.app.ContextImpl.sendStickyBroadcast:1559 com.android.server.ConnectivityService.sendStickyBroadcast:2884 com.android.server.ConnectivityService.sendGeneralBroadcast:2859 com.android.server.ConnectivityService.sendConnectedBroadcast:2832 com.android.server.ConnectivityService.sendLegacyNetworkBroadcast:8784
06-04 09:10:25.237 517 923 D NetworkTimeUpdateService: New default network 100; checking time.
06-04 09:10:25.243 1595 1595 D RockyReceiver: action: android.net.conn.CONNECTIVITY_CHANGE
06-04 09:10:25.244 2413 2413 D NearFieldManagerImpl: onReceive action get:android.net.conn.CONNECTIVITY_CHANGE
06-04 09:10:25.245 517 599 E ConnectivityService: Exception = android.content.pm.PackageManager$NameNotFoundException: android.net.cts
06-04 09:10:25.246 1612 1612 E hq : NetWorkStateReceiver:::NetWorkStateReceiver onReceive: 网络变化广播 >>>> intent.action=android.net.conn.CONNECTIVITY_CHANGE
06-04 09:10:25.246 1418 1418 E StartupService: onConnected:
06-04 09:10:25.248 1595 1595 I Receiver: 网络连接成功
06-04 09:10:25.245 517 665 W BestClock: java.time.DateTimeException: Missing NTP fix
06-04 09:10:25.250 1830 1830 D aaa : action:android.net.conn.CONNECTIVITY_CHANGE
06-04 09:10:25.254 517 665 W BestClock: java.time.DateTimeException: Missing NTP fix
06-04 09:10:25.256 517 665 W BestClock: java.time.DateTimeException: Missing NTP fix
06-04 09:10:25.260 517 566 W BroadcastQueue: Target SDK mismatch: receiver ActivityInfo{d1e2ecc com.dangbei.screencast.startup.BootReceiver} targets 28 but delivery restricted to [0, 23] broadcasting Intent { act=android.net.conn.CONNECTIVITY_CHANGE flg=0x4200010 (has extras) } from android (pid=517, uid=1000) to com.dangbei.screencast/.startup.BootReceiver
06-04 09:10:25.260 2766 2766 I SendAliveManager: doWhenNetworkStateChanged
06-04 09:10:25.260 517 566 W BroadcastQueue: Target SDK mismatch: receiver ActivityInfo{5e44515 com.dangbei.euthenia.receiver.NetworkChangeReceiver} targets 26 but delivery restricted to [0, 23] broadcasting Intent { act=android.net.conn.CONNECTIVITY_CHANGE flg=0x4200010 (has extras) } from android (pid=517, uid=1000) to com.dangbei.lerad.videoposter/com.dangbei.euthenia.receiver.NetworkChangeReceiver
06-04 09:10:25.264 2413 2413 D NearFieldUtils: getPreferredIpAddress exec
06-04 09:10:25.264 2413 2413 D NearFieldUtils: getPreferredIpAddress by custom priority
06-04 09:10:25.264 2413 2413 D NearFieldUtils: getIpByInterfaceSetting customIdnNetworkPriority:[]
06-04 09:10:25.264 2413 2413 D NearFieldUtils: getPreferredIpAddress by default priority
06-04 09:10:25.275 517 675 W ContextImpl: Calling a method in the system process without a qualified user: android.app.ContextImpl.sendStickyBroadcast:1559 com.android.server.ConnectivityService.sendStickyBroadcast:2884 com.android.server.ConnectivityService.sendGeneralBroadcast:2859 com.android.server.ConnectivityService.sendConnectedBroadcast:2832 com.android.server.ConnectivityService.sendLegacyNetworkBroadcast:8784
06-04 09:10:25.272 1612 1612 E hq : NetWorkStateReceiver:::Network is available. isConnect=false 是否频次过快=false t=1748999425271
06-04 09:10:25.277 1612 1612 W eventbuscore: post Event:com.dangbei.leard.base.entity.event.NetStateEvent
06-04 09:10:25.280 1595 1595 D RockyReceiver: action: android.net.conn.CONNECTIVITY_CHANGE
06-04 09:10:25.281 517 1696 E ConnectivityService: Exception = android.content.pm.PackageManager$NameNotFoundException: android.net.cts
06-04 09:10:25.282 517 665 W BestClock: java.time.DateTimeException: Missing NTP fix
06-04 09:10:25.282 1612 2042 D AppManager: requestBlackAndWhiteList
06-04 09:10:25.283 517 665 W BestClock: java.time.DateTimeException: Missing NTP fix
06-04 09:10:25.283 1612 2042 D AppListModel: requestAppFilterList: true , false
06-04 09:10:25.284 2322 2479 I System.out: true
06-04 09:10:25.285 1595 1595 I Receiver: 网络连接成功
06-04 09:10:25.289 1830 1830 D aaa : action:android.net.conn.CONNECTIVITY_CHANGE
06-04 09:10:25.293 517 566 W BroadcastQueue: Target SDK mismatch: receiver ActivityInfo{f656bb8 com.dangbei.screencast.startup.BootReceiver} targets 28 but delivery restricted to [0, 23] broadcasting Intent { act=android.net.conn.CONNECTIVITY_CHANGE flg=0x4200010 (has extras) } from android (pid=517, uid=1000) to com.dangbei.screencast/.startup.BootReceiver
06-04 09:10:25.293 517 566 W BroadcastQueue: Target SDK mismatch: receiver ActivityInfo{d511d91 com.dangbei.euthenia.receiver.NetworkChangeReceiver} targets 26 but delivery restricted to [0, 23] broadcasting Intent { act=android.net.conn.CONNECTIVITY_CHANGE flg=0x4200010 (has extras) } from android (pid=517, uid=1000) to com.dangbei.lerad.videoposter/com.dangbei.euthenia.receiver.NetworkChangeReceiver
06-04 09:10:25.294 2766 2766 I SendAliveManager: doWhenNetworkStateChanged
06-04 09:10:25.308 517 675 D ConnectivityService: [100 WIFI] validation passed
06-04 09:10:25.311 517 559 W IorapForwardingService: No service published for: iorapd
06-04 09:10:25.328 517 517 D CompatibilityChangeReporter: Compat change id reported: 135634846; UID 10060; state: DISABLED
06-04 09:10:25.328 1612 1612 W eventbuscore: post Event:com.dangbei.leard.base.entity.event.NetChangeEvent
06-04 09:10:25.328 517 567 D CompatibilityChangeReporter: Compat change id reported: 143937733; UID 10060; state: ENABLED
06-04 09:10:25.343 1612 1612 E hq : NetWorkStateReceiver:::NetWorkStateReceiver onReceive: 网络变化广播 >>>> intent.action=android.net.conn.CONNECTIVITY_CHANGE
06-04 09:10:25.365 246 246 D Zygote : Forked child process 3994
06-04 09:10:25.370 1181 1181 D LanSocketServer: connect
06-04 09:10:25.378 1612 1612 E hq : NetWorkStateReceiver:::Network is available. isConnect=true 是否频次过快=true t=1748999425378
06-04 09:10:25.379 1612 1612 W eventbuscore: post Event:com.dangbei.leard.base.entity.event.NetChangeEvent
06-04 09:10:25.384 3994 3994 I Zygote : seccomp disabled by setenforce 0
06-04 09:10:25.415 395 415 I adbd : jdwp connection from 3994
06-04 09:10:25.420 517 675 D ConnectivityService: Setting DNS servers for network 100 to [/202.96.134.133, /202.96.128.166]
06-04 09:10:25.423 517 675 D DnsManager: sendDnsConfigurationForNetwork(100, [202.96.134.133, 202.96.128.166], [], 1800, 25, 8, 64, 0, 0, , [202.96.134.133, 202.96.128.166])
06-04 09:10:25.466 1612 1612 E hq : listenerNet:::重新来网了 key=image_error isConnect=true
06-04 09:10:25.466 1612 1612 E hq : listenerNet:::重新来网了 key=requestAppWhiteList isConnect=true
06-04 09:10:25.494 1612 1612 E hq : listenerNet:::重新来网了 key=clearDeviceHistoryDataByFirstBoot isConnect=true
06-04 09:10:25.495 1612 1612 E FactoryResetOperateImpl: isFirstBoot 0
06-04 09:10:25.496 1612 1612 E FactoryResetOperateImpl: isFirstBoot:true deleteHistorySuccessByFistBoot:false deleteHistoryFailureByFistBoot:false
06-04 09:10:25.497 1612 1612 E hq : listenerNet:::重新来网了 key=ConfigureInterface:Init isConnect=true
06-04 09:10:25.503 517 567 W ActivityManager: Slow operation: 177ms so far, now at startProcess: done updating battery stats
06-04 09:10:25.503 517 567 W ActivityManager: Slow operation: 177ms so far, now at startProcess: building log message
06-04 09:10:25.503 517 567 I ActivityManager: app.processName = com.android.webview:webview_service
06-04 09:10:25.503 517 567 I ActivityManager: Start proc 3994:com.android.webview:webview_service/u0a60 for service {com.android.webview/org.chromium.android_webview.services.AwVariationsSeedFetcher}
06-04 09:10:25.503 517 567 W ActivityManager: Slow operation: 177ms so far, now at startProcess: starting to update pids map
06-04 09:10:25.504 517 567 W ActivityManager: Slow operation: 178ms so far, now at startProcess: done updating pids map
06-04 09:10:25.510 517 675 W ContextImpl: Calling a method in the system process without a qualified user: android.app.ContextImpl.sendStickyBroadcast:1559 com.android.server.ConnectivityService.sendStickyBroadcast:2884 com.android.server.ConnectivityService.sendGeneralBroadcast:2859 com.android.server.ConnectivityService.sendInetConditionBroadcast:2836 com.android.server.ConnectivityService.updateInetCondition:8529
06-04 09:10:25.511 517 599 D CompatibilityChangeReporter: Compat change id reported: 168419799; UID 10060; state: DISABLED
06-04 09:10:25.513 2766 2766 I DefaultIMS: onStartInput attribute=android.view.inputmethod.EditorInfo@a91528f restarting=false inputType: 0
06-04 09:10:25.516 2413 2498 E nStackXDFinder: GetLocalIp:[401] :GetLocalIp exec
06-04 09:10:25.519 2413 2498 W nStackXCoAP: CoapServiceDiscoverInner:[565] :clear device list
06-04 09:10:25.519 2413 2498 E nStackXDFinder: GetLocalIp:[401] :GetLocalIp exec
06-04 09:10:25.519 2413 2498 E nStackXDFinder: GetLocalIp:[401] :GetLocalIp exec
06-04 09:10:25.521 2413 2498 I nStackXCoAP: CoapServiceDiscoverInner:[580] :the first time for device discover.
06-04 09:10:25.531 963 983 I OpenGLRenderer: Davey! duration=9223371833583ms; Flags=0, FrameTimelineVsyncId=19176, IntendedVsync=203270622245, Vsync=203270622245, InputEventId=33112380, HandleInputStart=203275164930, AnimationStart=203275170888, PerformTraversalsStart=203275175138, DrawStart=203410276471, FrameDeadline=203303955577, FrameInterval=203275151221, FrameStartTime=16666666, SyncQueued=203419943513, SyncStart=203420138846, IssueDrawCommandsStart=203421359971, SwapBuffers=203438400596, FrameCompleted=9223372036854775807, DequeueBufferDuration=74750, QueueBufferDuration=2645500, GpuCompleted=9223372036854775807, SwapBuffersCompleted=203446874930, DisplayPresentTime=0,
06-04 09:10:25.532 2413 2498 D nStackXCoAP: IsInSameNetwork:[276] :IsInSameNetwork exec
06-04 09:10:25.532 2413 2498 I nStackXDFinder: GetLocalInterfaceDetail:[461] :GetLocalInterfaceDetail in
06-04 09:10:25.532 2413 2498 E nStackXCoAP: IsInSameNetwork:[281] :IsInSameNetwork: not priority process
06-04 09:10:25.533 2413 2498 I nStackXDFinder: NotifyDeviceListChanged:[540] :notify callback: device list changed callback is null
06-04 09:10:25.535 2413 2498 D nStackXCoAP: IsInSameNetwork:[276] :IsInSameNetwork exec
06-04 09:10:25.535 2413 2498 I nStackXDFinder: GetLocalInterfaceDetail:[461] :GetLocalInterfaceDetail in
06-04 09:10:25.535 2413 2498 E nStackXCoAP: IsInSameNetwork:[281] :IsInSameNetwork: not priority process
06-04 09:10:25.535 2413 2498 I nStackXDFinder: NotifyDeviceListChanged:[540] :notify callback: device list changed callback is null
06-04 09:10:25.538 2413 2498 D nStackXCoAP: IsInSameNetwork:[276] :IsInSameNetwork exec
06-04 09:10:25.538 2413 2498 I nStackXDFinder: GetLocalInterfaceDetail:[461] :GetLocalInterfaceDetail in
06-04 09:10:25.538 2413 2498 E nStackXCoAP: IsInSameNetwork:[281] :IsInSameNetwork: not priority process
06-04 09:10:25.538 2413 2498 I nStackXDFinder: NotifyDeviceListChanged:[540] :notify callback: device list changed callback is null
06-04 09:10:25.554 2413 2498 D nStackXCoAP: IsInSameNetwork:[276] :IsInSameNetwork exec
06-04 09:10:25.555 2413 2498 I nStackXDFinder: GetLocalInterfaceDetail:[461] :GetLocalInterfaceDetail in
06-04 09:10:25.555 2413 2498 E nStackXCoAP: IsInSameNetwork:[281] :IsInSameNetwork: not priority process
06-04 09:10:25.555 2413 2498 I nStackXDFinder: NotifyDeviceListChanged:[540] :notify callback: device list changed callback is null
06-04 09:10:25.574 1612 1612 E hq : listenerNet:::重新来网了 key=sendInspectUpdate isConnect=true
06-04 09:10:25.575 517 599 W ActivityManager: Slow operation: 70ms so far, now at attachApplicationLocked: immediately after bindApplication
06-04 09:10:25.575 517 599 W ActivityManager: Slow operation: 70ms so far, now at attachApplicationLocked: after updateLruProcessLocked
06-04 09:10:25.577 1612 1612 E hq : listenerNet:::重新来网了 key=1748999321 isConnect=true
06-04 09:10:25.587 2413 2498 D nStackXCoAP: IsInSameNetwork:[276] :IsInSameNetwork exec
06-04 09:10:25.588 2413 2498 I nStackXDFinder: GetLocalInterfaceDetail:[461] :GetLocalInterfaceDetail in
06-04 09:10:25.588 2413 2498 E nStackXCoAP: IsInSameNetwork:[281] :IsInSameNetwork: not priority process
06-04 09:10:25.588 2413 2498 I nStackXDFinder: NotifyDeviceListChanged:[540] :notify callback: device list changed callback is null
06-04 09:10:25.593 517 599 W ActivityManager: Slow operation: 87ms so far, now at attachApplicationLocked: after mServices.attachApplicationLocked
06-04 09:10:25.604 517 668 W LastMileLogger: Failed to stop event tracing: /sys/kernel/debug/tracing/instances/wifi/tracing_on: open failed: ENOENT (No such file or directory)
06-04 09:10:25.604 3994 3994 D CompatibilityChangeReporter: Compat change id reported: 171979766; UID 10060; state: ENABLED
06-04 09:10:25.626 2413 2498 E nStackXDFinder: GetLocalIp:[401] :GetLocalIp exec
06-04 09:10:25.626 2413 2498 E nStackXDFinder: GetLocalIp:[401] :GetLocalIp exec
06-04 09:10:25.626 2413 2498 E nStackXDFinder: GetLocalIp:[401] :GetLocalIp exec
06-04 09:10:25.627 2413 2498 I nStackXCoAP: CoapServiceDiscoverTimerHandle:[524] :the 2 times for device discover.
06-04 09:10:25.628 517 517 D CompatibilityChangeReporter: Compat change id reported: 168419799; UID 10064; state: DISABLED
06-04 09:10:25.635 517 806 D WifiMemoryStoreImpl: Set cluster G3064c99f26a1735d for Wd287deac0b547ab0: SUCCESS
06-04 09:10:25.694 2413 2498 D nStackXCoAP: IsInSameNetwork:[276] :IsInSameNetwork exec
06-04 09:10:25.694 2413 2498 I nStackXDFinder: GetLocalInterfaceDetail:[461] :GetLocalInterfaceDetail in
06-04 09:10:25.694 2413 2498 E nStackXCoAP: IsInSameNetwork:[281] :IsInSameNetwork: not priority process
06-04 09:10:25.695 2413 2498 I nStackXDFinder: NotifyDeviceListChanged:[540] :notify callback: device list changed callback is null
06-04 09:10:25.705 517 517 W Looper : Slow dispatch took 383ms main h=com.android.server.job.JobSchedulerService$JobHandler c=null m=1
06-04 09:10:25.706 517 517 W Looper : Slow delivery took 383ms main h=com.android.server.job.controllers.ConnectivityController$CcHandler c=null m=0
06-04 09:10:25.716 2077 2077 I pool-2-thread-1: type=1400 audit(0.0:2346): avc: denied { lock } for path="/data/user/0/com.android.statementservice/no_backup/androidx.work.workdb-shm" dev="mmcblk0p25" ino=2154 scontext=u:r:platform_app:s0:c512,c768 tcontext=u:object_r:app_data_file:s0:c512,c768 tclass=file permissive=1 app=com.android.statementservice
06-04 09:10:25.738 963 983 I OpenGLRenderer: Davey! duration=9223371833532ms; Flags=0, FrameTimelineVsyncId=19178, IntendedVsync=203321061265, Vsync=203437727927, InputEventId=0, HandleInputStart=203453211221, AnimationStart=203453216263, PerformTraversalsStart=203453220013, DrawStart=203623809138, FrameDeadline=203354394597, FrameInterval=203453195971, FrameStartTime=16666666, SyncQueued=203633659555, SyncStart=203634419013, IssueDrawCommandsStart=203636194721, SwapBuffers=203658776930, FrameCompleted=9223372036854775807, DequeueBufferDuration=78500, QueueBufferDuration=2798083, GpuCompleted=9223372036854775807, SwapBuffersCompleted=203668369555, DisplayPresentTime=0,
06-04 09:10:25.739 2231 2231 I RemoteProvisioningService: Starting provisioning job
06-04 09:10:25.741 2413 2498 D nStackXCoAP: IsInSameNetwork:[276] :IsInSameNetwork exec
06-04 09:10:25.741 2413 2498 I nStackXDFinder: GetLocalInterfaceDetail:[461] :GetLocalInterfaceDetail in
06-04 09:10:25.741 2413 2498 E nStackXCoAP: IsInSameNetwork:[281] :IsInSameNetwork: not priority process
06-04 09:10:25.742 2413 2498 I nStackXDFinder: NotifyDeviceListChanged:[540] :notify callback: device list changed callback is null
06-04 09:10:25.740 264 264 I EventThread: type=1400 audit(0.0:2347): avc: denied { search } for name="extcon" dev="sysfs" ino=18109 scontext=u:r:hal_tv_cec_default:s0 tcontext=u:object_r:sysfs_extcon:s0 tclass=dir permissive=1
06-04 09:10:25.746 3994 3994 D nativeloader: classloader namespace configured for unbundled product apk. library_path=/product/app/webview/lib/arm:/product/app/webview/webview.apk!/lib/armeabi-v7a:/product/lib:/system/product/lib
06-04 09:10:25.748 517 668 I WifiClientModeImpl: Default Gateway MAC address of 58:c7:ac:78:f0:02 from routes is : 70:3a:a6:36:a8:d7
06-04 09:10:25.792 2413 2498 D nStackXCoAP: IsInSameNetwork:[276] :IsInSameNetwork exec
06-04 09:10:25.792 2413 2498 I nStackXDFinder: GetLocalInterfaceDetail:[461] :GetLocalInterfaceDetail in
06-04 09:10:25.792 2413 2498 E nStackXCoAP: IsInSameNetwork:[281] :IsInSameNetwork: not priority process
06-04 09:10:25.792 2413 2498 I nStackXDFinder: NotifyDeviceListChanged:[540] :notify callback: device list changed callback is null
06-04 09:10:25.805 1830 1830 D aaa : WiFi is connect
06-04 09:10:25.811 2413 2498 D nStackXCoAP: IsInSameNetwork:[276] :IsInSameNetwork exec
06-04 09:10:25.811 2413 2498 I nStackXDFinder: GetLocalInterfaceDetail:[461] :GetLocalInterfaceDetail in
06-04 09:10:25.812 2413 2498 E nStackXCoAP: IsInSameNetwork:[281] :IsInSameNetwork: not priority process
06-04 09:10:25.812 2413 2498 I nStackXDFinder: NotifyDeviceListChanged:[540] :notify callback: device list changed callback is null
06-04 09:10:25.815 517 668 D WifiConfigStore: Writing to stores completed in 62 ms.
06-04 09:10:25.817 1830 1830 D aaa : WiFi is connect
06-04 09:10:25.805 2077 2113 I WM-WorkerWrapper: Worker result SUCCESS for Work [ id=2a149b65-20fa-4863-a149-781f366acbfe, tags={ com.android.statementservice.domain.worker.RetryRequestWorker } ]
06-04 09:10:25.816 1 1 I /system/bin/init: type=1107 audit(0.0:2348): uid=0 auid=4294967295 ses=4294967295 subj=u:r:init:s0 msg='avc: denied { set } for property=vendor.led_switch pid=1830 uid=1000 gid=1000 scontext=u:r:system_app:s0 tcontext=u:object_r:vendor_default_prop:s0 tclass=property_service permissive=1'
06-04 09:10:25.824 1 1 I init : processing action (vendor.led_switch=*) from (/vendor/etc/init/hw/init.oranth.rc:133)
06-04 09:10:25.825 1 1 I init : starting service 'exec 19 (/vendor/bin/led_switch.sh 1)'...
06-04 09:10:25.833 1 1 I init : SVC_EXEC service 'exec 19 (/vendor/bin/led_switch.sh 1)' pid 4047 (uid 0 gid 0+0 context default) started; waiting...
06-04 09:10:25.826 1595 1595 I Receiver: ----------netConnectInitSDK--------------
06-04 09:10:25.827 1595 1595 D RockyNetMessageUtil: initTipsList tipEntity = TipEntity{movieType=[我想看喜剧片, 动作片, 枪战片], movie=[庆余年, 误杀, 美丽人生, 爆笑虫子, 哪吒, 小猪佩奇, 胡歌的电视剧, 张艺谋导演的电影, 切换到1080P, 收藏], appController=[打开当贝市场, 下载当贝影视, 爱奇艺, 卸载腾讯视频], weather=[今天的天气, 未来五天的天气, 杭州天气怎么样, 明天下不下雨], music=[我要听歌, 周杰伦的歌, 上一首, 下一首, 快进一分钟, 暂停], liveAppDownload='非常抱歉,没有此类内容哦。 如果您想安装软件,可以使用电脑浏览器搜索相应的应用软件。下载并拷贝至U盘,然后将U盘插入设备终端,通过U盘安装相关应用软件。安装成功后即可使用相关功能。 如有疑问,您可以通过以下联系方式,获得更多帮助。 固定电话:400-000-3505', subscreen=[SubScreenEntity{appName='动态屏', type=1}, SubScreenEntity{appName='时钟', type=2}, SubScreenEntity{appName='画廊', type=3}, SubScreenEntity{appName='当贝云相册', type=4}, SubScreenEntity{appName='当贝酷狗音乐', type=5}, SubScreenEntity{appName='应用', type=6}], wakeUpVoiceResponse=null, unrecognizedVoiceResponse=null, notUnderstandVoiceResponse=null} isRequestTipSuccess = false
06-04 09:10:25.833 2413 2498 D nStackXCoAP: IsInSameNetwork:[276] :IsInSameNetwork exec
06-04 09:10:25.834 2413 2498 I nStackXDFinder: GetLocalInterfaceDetail:[461] :GetLocalInterfaceDetail in
06-04 09:10:25.834 2413 2498 E nStackXCoAP: IsInSameNetwork:[281] :IsInSameNetwork: not priority process
06-04 09:10:25.834 2413 2498 I nStackXDFinder: NotifyDeviceListChanged:[540] :notify callback: device list changed callback is null
06-04 09:10:25.834 2413 2498 E nStackXDFinder: GetLocalIp:[401] :GetLocalIp exec
06-04 09:10:25.834 2413 2498 E nStackXDFinder: GetLocalIp:[401] :GetLocalIp exec
06-04 09:10:25.834 2413 2498 E nStackXDFinder: GetLocalIp:[401] :GetLocalIp exec
06-04 09:10:25.847 1830 1830 D aaa : WiFi is connect
06-04 09:10:25.848 1595 1911 D XHttpObservable: handleRequest: start https://tyapi.qun7.com/v1/voice/getsoundshowmsg ,,, isCache = false
06-04 09:10:25.854 2766 2766 I DefaultIMS: onStartInput attribute=android.view.inputmethod.EditorInfo@a1e91c restarting=false inputType: 0
06-04 09:10:25.876 4047 4047 W audit : audit_lost=1821 audit_rate_limit=5 audit_backlog_limit=64
06-04 09:10:25.858 1595 1595 D RockyNetMessageUtil: initMediaControlPage pageEntity = PageEntity{list=[ContentEntity{packageName='com.dangbei.leard.leradlauncher', activityName='FilmDetailActivity'}, ContentEntity{packageName='com.dangbei.leard.leradlauncher', activityName='FullScreenDetailActivity'}, ContentEntity{packageName='com.dangbei.leard.leradlauncher', activityName='TencentSportActivity'}]} isRequestPageControlSuccess = false
06-04 09:10:25.859 2413 2498 I nStackXCoAP: CoapServiceDiscoverTimerHandle:[524] :the 3 times for device discover.
06-04 09:10:25.887 2413 2498 D nStackXCoAP: IsInSameNetwork:[276] :IsInSameNetwork exec
06-04 09:10:25.887 2413 2498 I nStackXDFinder: GetLocalInterfaceDetail:[461] :GetLocalInterfaceDetail in
06-04 09:10:25.887 2413 2498 E nStackXCoAP: IsInSameNetwork:[281] :IsInSameNetwork: not priority process
06-04 09:10:25.888 2413 2498 I nStackXDFinder: NotifyDeviceListChanged:[540] :notify callback: device list changed callback is null
06-04 09:10:25.907 2413 2498 D nStackXCoAP: IsInSameNetwork:[276] :IsInSameNetwork exec
06-04 09:10:25.907 2413 2498 I nStackXDFinder: GetLocalInterfaceDetail:[461] :GetLocalInterfaceDetail in
06-04 09:10:25.907 2413 2498 E nStackXCoAP: IsInSameNetwork:[281] :IsInSameNetwork: not priority process
06-04 09:10:25.907 2413 2498 I nStackXDFinder: NotifyDeviceListChanged:[540] :notify callback: device list changed callback is null
06-04 09:10:25.933 2413 2498 D nStackXCoAP: IsInSameNetwork:[276] :IsInSameNetwork exec
06-04 09:10:25.933 2413 2498 I nStackXDFinder: GetLocalInterfaceDetail:[461] :GetLocalInterfaceDetail in
06-04 09:10:25.933 2413 2498 E nStackXCoAP: IsInSameNetwork:[281] :IsInSameNetwork: not priority process
06-04 09:10:25.933 2413 2498 I nStackXDFinder: NotifyDeviceListChanged:[540] :notify callback: device list changed callback is null
06-04 09:10:25.945 1595 1893 D XHttpObservable: handleRequest: start https://tyapi.qun7.com/v1/voice/getResponseControlPage ,,, isCache = false
06-04 09:10:25.951 2413 2498 D nStackXCoAP: IsInSameNetwork:[276] :IsInSameNetwork exec
06-04 09:10:25.951 2413 2498 I nStackXDFinder: GetLocalInterfaceDetail:[461] :GetLocalInterfaceDetail in
06-04 09:10:25.951 2413 2498 E nStackXCoAP: IsInSameNetwork:[281] :IsInSameNetwork: not priority process
06-04 09:10:25.951 2413 2498 I nStackXDFinder: NotifyDeviceListChanged:[540] :notify callback: device list changed callback is null
06-04 09:10:25.864 4047 4047 I led_switch.sh: type=1400 audit(0.0:2349): avc: denied { write } for name="tmp" dev="mmcblk0p25" ino=83 scontext=u:r:init:s0 tcontext=u:object_r:shell_data_file:s0 tclass=dir permissive=1 bug=b/77873135
06-04 09:10:25.868 4047 4047 I led_switch.sh: type=1400 audit(0.0:2350): avc: denied { add_name } for name="led_swith.txt" scontext=u:r:init:s0 tcontext=u:object_r:shell_data_file:s0 tclass=dir permissive=1 bug=b/77873135
06-04 09:10:25.876 4047 4047 E audit : rate limit exceeded
06-04 09:10:25.948 1 1 I init : Control message: Processed ctl.stop for 'rainbow_flow' from pid: 4049 (stop rainbow_flow voice breathe flow_led net_disconnect)
06-04 09:10:25.950 1 1 I init : Control message: Processed ctl.stop for 'voice' from pid: 4049 (stop rainbow_flow voice breathe flow_led net_disconnect)
06-04 09:10:25.951 1 1 I init : Control message: Processed ctl.stop for 'breathe' from pid: 4049 (stop rainbow_flow voice breathe flow_led net_disconnect)
06-04 09:10:25.954 1 1 I init : Control message: Processed ctl.stop for 'flow_led' from pid: 4049 (stop rainbow_flow voice breathe flow_led net_disconnect)
06-04 09:10:25.955 1 1 I init : Sending signal 9 to service 'net_disconnect' (pid 1104) process group...
06-04 09:10:25.962 1 1 I libprocessgroup: Successfully killed process cgroup uid 0 pid 1104 in 7ms
06-04 09:10:25.963 1 1 I init : Control message: Processed ctl.stop for 'net_disconnect' from pid: 4049 (stop rainbow_flow voice breathe flow_led net_disconnect)
06-04 09:10:25.968 2413 2498 D nStackXCoAP: IsInSameNetwork:[276] :IsInSameNetwork exec
06-04 09:10:25.973 2413 2498 I nStackXDFinder: GetLocalInterfaceDetail:[461] :GetLocalInterfaceDetail in
06-04 09:10:25.973 2413 2498 E nStackXCoAP: IsInSameNetwork:[281] :IsInSameNetwork: not priority process
06-04 09:10:25.973 2413 2498 I nStackXDFinder: NotifyDeviceListChanged:[540] :notify callback: device list changed callback is null
06-04 09:10:25.986 1830 1830 D aaa : WiFi is connect
06-04 09:10:25.994 2413 2498 D nStackXCoAP: IsInSameNetwork:[276] :IsInSameNetwork exec
06-04 09:10:25.994 2413 2498 I nStackXDFinder: GetLocalInterfaceDetail:[461] :GetLocalInterfaceDetail in
06-04 09:10:25.994 2413 2498 E nStackXCoAP: IsInSameNetwork:[281] :IsInSameNetwork: not priority process
06-04 09:10:25.995 2413 2498 I nStackXDFinder: NotifyDeviceListChanged:[540] :notify callback: device list changed callback is null
06-04 09:10:26.001 3994 3994 V GraphicsEnvironment: ANGLE Developer option for 'com.android.webview' set to: 'default'
06-04 09:10:26.002 3994 3994 V GraphicsEnvironment: Neither updatable production driver nor prerelease driver is supported.
06-04 09:10:26.005 517 517 W Looper : Drained
06-04 09:10:26.046 2413 2498 D nStackXCoAP: IsInSameNetwork:[276] :IsInSameNetwork exec
06-04 09:10:26.046 2413 2498 I nStackXDFinder: GetLocalInterfaceDetail:[461] :GetLocalInterfaceDetail in
06-04 09:10:26.046 2413 2498 E nStackXCoAP: IsInSameNetwork:[281] :IsInSameNetwork: not priority process
06-04 09:10:26.046 2413 2498 I nStackXDFinder: NotifyDeviceListChanged:[540] :notify callback: device list changed callback is null
06-04 09:10:26.056 2413 2498 D nStackXCoAP: IsInSameNetwork:[276] :IsInSameNetwork exec
06-04 09:10:26.056 2413 2498 I nStackXDFinder: GetLocalInterfaceDetail:[461] :GetLocalInterfaceDetail in
06-04 09:10:26.056 2413 2498 E nStackXCoAP: IsInSameNetwork:[281] :IsInSameNetwork: not priority process
06-04 09:10:26.057 2413 2498 I nStackXDFinder: NotifyDeviceListChanged:[540] :notify callback: device list changed callback is null
06-04 09:10:26.079 1181 1181 W System.err: SLF4J: Failed to load class "org.slf4j.impl.StaticLoggerBinder".
06-04 09:10:26.091 2413 2498 E nStackXDFinder: GetLocalIp:[401] :GetLocalIp exec
06-04 09:10:26.091 2413 2498 E nStackXDFinder: GetLocalIp:[401] :GetLocalIp exec
06-04 09:10:26.091 2413 2498 E nStackXDFinder: GetLocalIp:[401] :GetLocalIp exec
06-04 09:10:26.105 3994 3994 D NetworkSecurityConfig: No Network Security Config specified, using platform default
06-04 09:10:26.106 963 983 I OpenGLRenderer: Davey! duration=9223371833333ms; Flags=0, FrameTimelineVsyncId=19181, IntendedVsync=203521054783, Vsync=203787721439, InputEventId=0, HandleInputStart=203790719971, AnimationStart=203790726930, PerformTraversalsStart=203790730680, DrawStart=204008648805, FrameDeadline=203554388115, FrameInterval=203790700013, FrameStartTime=16666666, SyncQueued=204019024847, SyncStart=204019204430, IssueDrawCommandsStart=204020546513, SwapBuffers=204030918597, FrameCompleted=9223372036854775807, DequeueBufferDuration=68209, QueueBufferDuration=2103208, GpuCompleted=9223372036854775807, SwapBuffersCompleted=204035140847, DisplayPresentTime=0,
