06-04 09:07:17.616 517 517 I SystemServiceManager: Starting com.android.server.powerstats.PowerStatsService
06-04 09:07:17.618 517 564 I SystemConfig: Reading permissions from /system_ext/etc/permissions/com.android.systemui.xml
06-04 09:07:17.619 185 185 E servicemanager: Could not find android.hardware.power.stats.IPowerStats/default in the VINTF manifest.
06-04 09:07:17.621 517 564 I SystemConfig: Reading permissions from /system_ext/etc/permissions/com.android.carrierconfig.xml
06-04 09:07:17.622 517 564 I SystemConfig: Reading permissions from /system_ext/etc/permissions/com.android.provision.xml
06-04 09:07:17.623 186 186 I hwservicemanager: getTransport: Cannot find entry android.hardware.power.stats@1.0::IPowerStats/default in either framework or device VINTF manifest.
06-04 09:07:17.623 517 517 E PowerStatsService: Unable to get power.stats HAL service.
06-04 09:07:17.623 517 517 E PowerStatsService: nativeInit failed to connect to power.stats HAL
06-04 09:07:17.624 517 517 I SystemServerTiming: StartIStatsService
06-04 09:07:17.625 186 186 I hwservicemanager: getTransport: Cannot find entry android.frameworks.stats@1.0::IStats/default in either framework or device VINTF manifest.
06-04 09:07:17.625 517 517 E HidlServiceManagement: Service android.frameworks.stats@1.0::IStats/default must be in VINTF manifest in order to register/get.
06-04 09:07:17.625 517 517 W system_server: Cannot register HIDL android.frameworks.stats@1.0::IStats: -2147483648
06-04 09:07:17.626 517 564 I SystemConfig: Reading permissions from /apex/com.android.ipsec/etc/permissions/android.net.ipsec.ike.xml
06-04 09:07:17.626 185 185 I servicemanager: Found android.frameworks.stats.IStats/default in framework VINTF manifest.
06-04 09:07:17.627 517 517 I SystemServerTiming: MemtrackProxyService
06-04 09:07:17.628 186 186 I hwservicemanager: getTransport: Cannot find entry android.hardware.memtrack@1.0::IMemtrack/default in either framework or device VINTF manifest.
06-04 09:07:17.628 185 185 E servicemanager: Could not find android.hardware.memtrack.IMemtrack/default in the VINTF manifest.
06-04 09:07:17.629 517 517 I Stability: Interface set with vintf stability wire protocol version 1 downgraded to system stability wire protocol version 1 stability
06-04 09:07:17.629 517 517 I SystemServerTiming: StartActivityManager
06-04 09:07:17.630 517 517 I SystemServiceManager: Starting com.android.server.wm.ActivityTaskManagerService$Lifecycle
06-04 09:07:17.636 517 564 W SystemConfig: Failed to read public libraries file /vendor/etc/public.libraries.txt
06-04 09:07:17.636 517 564 W SystemConfig: java.io.FileNotFoundException: /vendor/etc/public.libraries.txt: open failed: ENOENT (No such file or directory)
06-04 09:07:17.636 517 564 W SystemConfig: at libcore.io.IoBridge.open(IoBridge.java:575)
06-04 09:07:17.636 517 564 W SystemConfig: at java.io.FileInputStream.(FileInputStream.java:160)
06-04 09:07:17.636 517 564 W SystemConfig: at java.io.FileReader.(FileReader.java:72)
06-04 09:07:17.636 517 564 W SystemConfig: at com.android.server.SystemConfig.readPublicLibrariesListFile(SystemConfig.java:1601)
06-04 09:07:17.636 517 564 W SystemConfig: at com.android.server.SystemConfig.readPublicNativeLibrariesList(SystemConfig.java:1583)
06-04 09:07:17.636 517 564 W SystemConfig: at com.android.server.SystemConfig.(SystemConfig.java:484)
06-04 09:07:17.636 517 564 W SystemConfig: at com.android.server.SystemConfig.getInstance(SystemConfig.java:272)
06-04 09:07:17.636 517 564 W SystemConfig: at com.android.server.SystemServer$$ExternalSyntheticLambda7.run(Unknown Source:0)
06-04 09:07:17.636 517 564 W SystemConfig: at com.android.server.SystemServerInitThreadPool.lambda$submitTask$0$SystemServerInitThreadPool(SystemServerInitThreadPool.java:105)
06-04 09:07:17.636 517 564 W SystemConfig: at com.android.server.SystemServerInitThreadPool$$ExternalSyntheticLambda0.run(Unknown Source:6)
06-04 09:07:17.636 517 564 W SystemConfig: at java.util.concurrent.Executors$RunnableAdapter.call(Executors.java:462)
06-04 09:07:17.636 517 564 W SystemConfig: at java.util.concurrent.FutureTask.run(FutureTask.java:266)
06-04 09:07:17.636 517 564 W SystemConfig: at java.util.concurrent.ThreadPoolExecutor.runWorker(ThreadPoolExecutor.java:1167)
06-04 09:07:17.636 517 564 W SystemConfig: at java.util.concurrent.ThreadPoolExecutor$Worker.run(ThreadPoolExecutor.java:641)
06-04 09:07:17.636 517 564 W SystemConfig: at com.android.internal.util.ConcurrentUtils$1$1.run(ConcurrentUtils.java:65)
06-04 09:07:17.636 517 564 W SystemConfig: Caused by: android.system.ErrnoException: open failed: ENOENT (No such file or directory)
06-04 09:07:17.636 517 564 W SystemConfig: at libcore.io.Linux.open(Native Method)
06-04 09:07:17.636 517 564 W SystemConfig: at libcore.io.ForwardingOs.open(ForwardingOs.java:567)
06-04 09:07:17.636 517 564 W SystemConfig: at libcore.io.BlockGuardOs.open(BlockGuardOs.java:273)
06-04 09:07:17.636 517 564 W SystemConfig: at libcore.io.IoBridge.open(IoBridge.java:561)
06-04 09:07:17.636 517 564 W SystemConfig: ... 14 more
06-04 09:07:17.637 517 564 D SystemServerInitThreadPool: Finished executing ReadingSystemConfig
06-04 09:07:17.640 517 517 I SystemServiceManager: Starting com.android.server.am.ActivityManagerService$Lifecycle
06-04 09:07:17.652 517 517 I ActivityManager: Memory class: 256
06-04 09:07:17.654 517 566 I Binder : Setting heavy hitter watcher config: false, 0, 0.0
06-04 09:07:17.687 517 517 D BatteryStatsImpl: Reading daily items from /data/system/batterystats-daily.xml
06-04 09:07:17.690 186 186 I hwservicemanager: getTransport: Cannot find entry android.hardware.power.stats@1.0::IPowerStats/default in either framework or device VINTF manifest.
06-04 09:07:17.690 517 573 E BatteryStatsService: Unable to load Power.Stats.HAL. Setting rail availability to false
06-04 09:07:17.691 517 573 E BluetoothAdapter: Bluetooth binder is null
06-04 09:07:17.691 517 573 I KernelCpuUidFreqTimeReader: mPerClusterTimesAvailable=false
06-04 09:07:17.694 517 573 W KernelCpuUidFreqTimeBpfMapReader: Failed to start tracking
06-04 09:07:17.695 517 573 W KernelCpuProcStringReader: File not found. It's normal if not implemented: /proc/uid_time_in_state
06-04 09:07:17.696 517 573 W KernelCpuUidActiveTimeBpfMapReader: Failed to start tracking
06-04 09:07:17.696 517 573 W KernelCpuProcStringReader: File not found. It's normal if not implemented: /proc/uid_concurrent_active_time
06-04 09:07:17.696 517 573 W KernelCpuUidClusterTimeBpfMapReader: Failed to start tracking
06-04 09:07:17.697 517 573 W KernelCpuProcStringReader: File not found. It's normal if not implemented: /proc/uid_concurrent_policy_time
06-04 09:07:17.697 517 573 E KernelCpuSpeedReader: Failed to read cpu-freq: /sys/devices/system/cpu/cpu0/cpufreq/stats/time_in_state: open failed: ENOENT (No such file or directory)
06-04 09:07:17.697 517 573 E system_server: Cannot read thread CPU times for PID 517
06-04 09:07:17.696 209 209 I Binder:209_2: type=1400 audit(0.0:253): avc: denied { read } for name="event_count" dev="sysfs" ino=22115 scontext=u:r:system_suspend:s0 tcontext=u:object_r:sysfs:s0 tclass=file permissive=1
06-04 09:07:17.696 209 209 I Binder:209_2: type=1400 audit(0.0:254): avc: denied { open } for path="/sys/devices/platform/soc@3000000/7040000.s_cir/wakeup/wakeup4/event_count" dev="sysfs" ino=22115 scontext=u:r:system_suspend:s0 tcontext=u:object_r:sysfs:s0 tclass=file permissive=1
06-04 09:07:17.696 209 209 I Binder:209_2: type=1400 audit(0.0:255): avc: denied { getattr } for path="/sys/devices/platform/soc@3000000/7040000.s_cir/wakeup/wakeup4/event_count" dev="sysfs" ino=22115 scontext=u:r:system_suspend:s0 tcontext=u:object_r:sysfs:s0 tclass=file permissive=1
06-04 09:07:17.705 274 294 D Sunxi_PQ: has no clients connectted, close the socket.
06-04 09:07:17.709 517 573 W KernelMemoryBandwidthStats: No kernel memory bandwidth stats available
06-04 09:07:17.862 517 517 I AppOps : No existing app ops /data/system/appops.xml; starting empty
06-04 09:07:17.868 517 517 I IntentFirewall: Read new rules (A:0 B:0 S:0)
06-04 09:07:17.884 517 517 E libprocessgroup: Failed to open /dev/memcg/apps: Permission denied
06-04 09:07:17.886 517 517 D AppOps : AppOpsService published
06-04 09:07:17.887 517 517 I SystemServerTiming: StartDataLoaderManagerService
06-04 09:07:17.887 517 517 I SystemServiceManager: Starting com.android.server.pm.DataLoaderManagerService
06-04 09:07:17.895 517 517 I SystemServerTiming: StartIncrementalService
06-04 09:07:17.898 517 517 I incfs-mounts: [incfs] Loaded incremental-fs mount info: 0 instances, 0 mount points
06-04 09:07:17.902 517 517 I SystemServerTiming: StartPowerManager
06-04 09:07:17.903 517 517 I SystemServiceManager: Starting com.android.server.power.PowerManagerService
06-04 09:07:17.920 185 185 I servicemanager: Found android.hardware.power.IPower/default in device VINTF manifest.
06-04 09:07:17.922 186 186 I hw-BpHwBinder: onLastStrongRef automatically unlinking death recipients
06-04 09:07:17.924 263 263 I AW_PowerHAL: Power setMode: INTERACTIVE to: 1
06-04 09:07:17.925 263 263 I AW_PowerHAL: not completed yet, ignore mode request other
06-04 09:07:17.925 263 263 I AW_PowerHAL: check: Mode 0 not Supported ,do nothing
06-04 09:07:17.927 517 517 I SystemServerTiming: StartThermalManager
06-04 09:07:17.927 517 517 I SystemServiceManager: Starting com.android.server.power.ThermalManagerService
06-04 09:07:17.928 517 517 I SystemServerTiming: StartHintManager
06-04 09:07:17.929 517 517 I SystemServiceManager: Starting com.android.server.power.hint.HintManagerService
06-04 09:07:17.930 517 517 E PowerHalController: getHintSessionPreferredRate failed: Status(-129, EX_TRANSACTION_FAILED): 'UNKNOWN_TRANSACTION: '
06-04 09:07:17.931 517 517 I SystemServerTiming: InitPowerManagement
06-04 09:07:17.933 517 517 I SystemServerTiming: StartRecoverySystemService
06-04 09:07:17.933 517 517 I SystemServiceManager: Starting com.android.server.recoverysystem.RecoverySystemService$Lifecycle
06-04 09:07:17.936 517 517 I PackageWatchdog: Syncing state, reason: added new observer
06-04 09:07:17.936 517 517 I PackageWatchdog: Not pruning observers, elapsed time: 0ms
06-04 09:07:17.937 517 517 I PackageWatchdog: Cancelling state sync, nothing to sync
06-04 09:07:17.937 517 565 I PackageWatchdog: Saving observer state to file
06-04 09:07:17.938 517 517 I SystemServerTiming: StartLightsService
06-04 09:07:17.938 517 517 I SystemServiceManager: Starting com.android.server.lights.LightsService
06-04 09:07:17.941 185 185 I servicemanager: Found android.hardware.light.ILights/default in device VINTF manifest.
06-04 09:07:17.943 262 262 I android.hardware.lights-service: Lights reporting supported lights size=1
06-04 09:07:17.944 517 517 I SystemServerTiming: StartSidekickService
06-04 09:07:17.944 517 517 I SystemServerTiming: StartDisplayManager
06-04 09:07:17.944 517 517 I SystemServiceManager: Starting com.android.server.display.DisplayManagerService
06-04 09:07:17.957 272 338 E HWComposer: getSupportedContentTypes: getSupportedContentTypes failed for display 0: Unsupported (8)
06-04 09:07:17.959 517 517 I SystemServerTiming: WaitForDisplay
06-04 09:07:17.959 517 517 I SystemServiceManager: Starting phase 100
06-04 09:07:17.959 517 517 I SystemServerTiming: OnBootPhase_100
06-04 09:07:17.970 517 560 I DisplayDeviceRepository: Display device added: DisplayDeviceInfo{"内置屏幕": uniqueId="local:0", 1920 x 1080, modeId 1, defaultModeId 1, supportedModes [{id=1, width=1920, height=1080, fps=60.000004, alternativeRefreshRates=[]}], colorMode 0, supportedColorModes [0], hdrCapabilities HdrCapabilities{mSupportedHdrTypes=[2, 3], mMaxLuminance=500.0, mMaxAverageLuminance=500.0, mMinLuminance=0.0}, allmSupported false, gameContentTypeSupported false, density 240, 0.16 x 0.16 dpi, appVsyncOff 1000000, presDeadline 16666666, touch INTERNAL, rotation 0, type INTERNAL, address {port=0}, deviceProductInfo null, state UNKNOWN, frameRateOverride , brightnessMinimum 0.0, brightnessMaximum 1.0, brightnessDefault 0.39763778, FLAG_DEFAULT_DISPLAY, FLAG_ROTATES_WITH_CONTENT, FLAG_SECURE, FLAG_SUPPORTS_PROTECTED_BUFFERS}
06-04 09:07:17.971 517 560 I LogicalDisplayMapper: Applying layout: [{addr: {port=0}, dispId: 0(ON)}], Previous layout: null
06-04 09:07:17.973 517 560 I LogicalDisplayMapper: Adding new display: 0: DisplayInfo{"内置屏幕", displayId 0", displayGroupId -1, FLAG_SECURE, FLAG_SUPPORTS_PROTECTED_BUFFERS, FLAG_TRUSTED, real 1920 x 1080, largest app 1920 x 1080, smallest app 1920 x 1080, appVsyncOff 1000000, presDeadline 16666666, mode 1, defaultMode 1, modes [{id=1, width=1920, height=1080, fps=60.000004, alternativeRefreshRates=[]}], hdrCapabilities HdrCapabilities{mSupportedHdrTypes=[2, 3], mMaxLuminance=500.0, mMaxAverageLuminance=500.0, mMinLuminance=0.0}, userDisabledHdrTypes [], minimalPostProcessingSupported false, rotation 0, state UNKNOWN, type INTERNAL, uniqueId "local:0", app 1920 x 1080, density 240 (0.16 x 0.16) dpi, layerStack 0, colorMode 0, supportedColorModes [0], address {port=0}, deviceProductInfo null, removeMode 0, refreshRateOverride 0.0, brightnessMinimum 0.0, brightnessMaximum 1.0, brightnessDefault 0.39763778}
06-04 09:07:17.973 517 560 I LogicalDisplayMapper: Setting new display group 0 for display 0, from previous group: null
06-04 09:07:17.977 517 517 I SystemServerTiming: StartDomainVerificationService
06-04 09:07:17.994 358 358 W ServiceManager: Service package_native didn't start. Returning NULL
06-04 09:07:17.995 358 358 E storaged: getService package_native failed
06-04 09:07:17.996 517 517 I SystemServerTiming: StartPackageManagerService
06-04 09:07:17.996 358 586 I storaged: storaged: Start
06-04 09:07:17.996 517 517 I Watchdog: Pausing HandlerChecker: main thread for reason: packagemanagermain. Pause count: 1
06-04 09:07:17.998 358 586 I ServiceManager: Waiting for service 'package_native' on '/dev/binder'...
06-04 09:07:18.002 517 517 I PackageManagerTiming: create package manager
06-04 09:07:18.009 517 517 E PackageManager: /oem/delete.txt not exist
06-04 09:07:18.009 517 517 I PackageManagerTiming: createSubComponents
06-04 09:07:18.030 517 517 W FileUtils: Failed to chmod(/data/system/packages.list): android.system.ErrnoException: chmod failed: ENOENT (No such file or directory)
06-04 09:07:18.035 517 517 I PackageManagerTiming: addSharedUsers
06-04 09:07:18.038 517 517 I PackageManagerTiming: get system config
06-04 09:07:18.041 517 517 D PackageManager: Directories scanned as system partitions: [/system:0, /vendor:524288, /odm:4194304, /oem:262144, /product:1048576, /system/system_ext:2097152, /apex/com.android.wifi:8388608, /apex/com.android.vndk.v31:8388608, /apex/com.android.tzdata:8388608, /apex/com.android.tethering:8388608, /apex/com.android.sdkext:8388608, /apex/com.android.scheduling:8388608, /apex/com.android.runtime:8388608, /apex/com.android.resolv:8388608, /apex/com.android.permission:8388608, /apex/com.android.os.statsd:8388608, /apex/com.android.neuralnetworks:8388608, /apex/com.android.mediaprovider:8388608, /apex/com.android.media.swcodec:8388608, /apex/com.android.media:8388608, /apex/com.android.ipsec:8388608, /apex/com.android.i18n:8388608, /apex/com.android.extservices:8388608, /apex/com.android.conscrypt:8388608, /apex/com.android.art:8388608, /apex/com.android.appsearch:8388608, /apex/com.android.adbd:8388608]
06-04 09:07:18.043 517 517 D SELinuxMMAC: Using policy file /system/etc/selinux/plat_mac_permissions.xml
06-04 09:07:18.046 517 517 D SELinuxMMAC: Using policy file /system_ext/etc/selinux/system_ext_mac_permissions.xml
06-04 09:07:18.047 517 517 D SELinuxMMAC: Using policy file /vendor/etc/selinux/vendor_mac_permissions.xml
06-04 09:07:18.048 517 517 I PackageManagerTiming: loadFallbacks
06-04 09:07:18.050 517 517 D FallbackCategoryProvider: Found 1 fallback categories
06-04 09:07:18.050 517 517 I PackageManagerTiming: read user settings
06-04 09:07:18.051 517 517 I PackageManager: No settings file; creating initial state
06-04 09:07:18.056 517 556 D SystemServerInitThreadPool: Finished executing loadPreinstalledSystemFontMap
06-04 09:07:18.061 517 517 D PackageManager: No files in app dir /system/system_ext/overlay
06-04 09:07:18.072 517 517 I PackageManager: /product/overlay/NavigationBarModeGestural changed; collecting certs
06-04 09:07:18.080 517 517 I PackageBackwardCompatibility: Loaded android.content.pm.AndroidTestBaseUpdater
06-04 09:07:18.086 517 517 D CompatibilityChangeReporter: Compat change id reported: 143539591; UID -1; state: ENABLED
06-04 09:07:18.091 517 517 I PackageManager: /product/overlay/NavigationBarModeGesturalNarrowBack changed; collecting certs
06-04 09:07:18.096 517 517 I PackageManager: /product/overlay/OneHandedModeGestural changed; collecting certs
06-04 09:07:18.102 517 517 I PackageManager: /product/overlay/AwAccentColor changed; collecting certs
06-04 09:07:18.107 517 517 I PackageManager: /product/overlay/TetheringConfig.apk changed; collecting certs
06-04 09:07:18.110 355 425 W ServiceManager: Service package_native didn't start. Returning NULL
06-04 09:07:18.110 355 425 E ServiceUtilities: getInfo: Cannot find package_native
06-04 09:07:18.110 355 425 W AudioAnalytics: (key=audio.flinger) Audioflinger constructor event detected
06-04 09:07:18.112 517 517 I PackageManager: /product/overlay/GoogleSearchGoOverlay.apk changed; collecting certs
06-04 09:07:18.118 517 517 I PackageManager: /product/overlay/FontNotoSerifSource changed; collecting certs
06-04 09:07:18.123 517 517 I PackageManager: /product/overlay/NetworkStackConfig.apk changed; collecting certs
06-04 09:07:18.128 517 517 I PackageManager: /product/overlay/NavigationBarModeGesturalExtraWideBack changed; collecting certs
06-04 09:07:18.133 517 517 I PackageManager: /product/overlay/AwIconShape changed; collecting certs
06-04 09:07:18.137 517 517 I PackageManager: /product/overlay/NavigationBarMode3Button changed; collecting certs
06-04 09:07:18.143 517 517 I PackageManager: /product/overlay/NavigationBarModeGesturalWideBack changed; collecting certs
06-04 09:07:18.148 517 517 D PackageManager: No files in app dir /oem/overlay
06-04 09:07:18.148 517 517 D PackageManager: No files in app dir /odm/overlay
06-04 09:07:18.154 517 517 I PackageManager: /vendor/overlay/framework-res__auto_generated_rro_vendor.apk changed; collecting certs
06-04 09:07:18.162 517 517 W PackageManager: Failed to parse /system/framework/oat: Missing base APK in /system/framework/oat/arm
06-04 09:07:18.164 517 517 W PackageManager: Failed to parse /system/framework/arm: Missing base APK in /system/framework/arm
06-04 09:07:18.237 517 592 D PackageParsing: homlet: force set orientation: 0
06-04 09:07:18.237 517 592 D PackageParsing: homlet: force set orientation: 0
06-04 09:07:18.237 517 592 D PackageParsing: homlet: force set orientation: 0
06-04 09:07:18.237 517 592 D PackageParsing: homlet: force set orientation: 0
06-04 09:07:18.238 517 592 D PackageParsing: homlet: force set orientation: 0
06-04 09:07:18.238 517 592 D PackageParsing: homlet: force set orientation: 0
06-04 09:07:18.238 517 592 D PackageParsing: homlet: force set orientation: 0
06-04 09:07:18.238 517 592 D PackageParsing: homlet: force set orientation: 0
06-04 09:07:18.238 517 592 D PackageParsing: homlet: force set orientation: 0
06-04 09:07:18.238 517 592 D PackageParsing: homlet: force set orientation: 0
06-04 09:07:18.238 517 592 D PackageParsing: homlet: force set orientation: 0
06-04 09:07:18.239 517 592 D PackageParsing: homlet: force set orientation: 0
06-04 09:07:18.239 517 592 D PackageParsing: homlet: force set orientation: 0
06-04 09:07:18.239 517 592 D PackageParsing: homlet: force set orientation: 0
06-04 09:07:18.239 517 592 D PackageParsing: homlet: force set orientation: 0
06-04 09:07:18.239 517 592 D PackageParsing: homlet: force set orientation: 0
06-04 09:07:18.239 517 592 D PackageParsing: homlet: force set orientation: 0
06-04 09:07:18.239 517 592 D PackageParsing: homlet: force set orientation: 0
06-04 09:07:18.240 517 592 D PackageParsing: homlet: force set orientation: 0
06-04 09:07:18.240 517 592 D PackageParsing: homlet: force set orientation: 0
06-04 09:07:18.240 517 592 D PackageParsing: homlet: force set orientation: 0
06-04 09:07:18.240 517 592 D PackageParsing: homlet: force set orientation: 0
06-04 09:07:18.240 517 592 D PackageParsing: homlet: force set orientation: 0
06-04 09:07:18.258 517 517 I PackageManager: /system/framework/framework-res.apk changed; collecting certs
06-04 09:07:18.267 517 517 W PackageManager: Adding duplicate shared id: 1000 name=android
06-04 09:07:18.291 517 594 D PackageParsing: homlet: force set orientation: 0
06-04 09:07:18.291 517 594 D PackageParsing: homlet: force set orientation: 0
06-04 09:07:18.291 517 594 D PackageParsing: homlet: force set orientation: 0
06-04 09:07:18.305 517 593 D PackageParsing: homlet: force set orientation: 0
06-04 09:07:18.305 517 593 D PackageParsing: homlet: force set orientation: 0
06-04 09:07:18.305 517 593 D PackageParsing: homlet: force set orientation: 0
06-04 09:07:18.305 517 593 D PackageParsing: homlet: force set orientation: 0
06-04 09:07:18.305 517 593 D PackageParsing: homlet: force set orientation: 0
06-04 09:07:18.306 517 593 D PackageParsing: homlet: force set orientation: 0
06-04 09:07:18.306 517 593 D PackageParsing: homlet: force set orientation: 0
06-04 09:07:18.306 517 593 D PackageParsing: homlet: force set orientation: 0
06-04 09:07:18.306 517 593 D PackageParsing: homlet: force set orientation: 0
06-04 09:07:18.306 517 593 D PackageParsing: homlet: force set orientation: 0
06-04 09:07:18.314 517 517 I PackageManager: /system/priv-app/MusicFX changed; collecting certs
06-04 09:07:18.326 517 594 D PackageParsing: homlet: force set orientation: 0
06-04 09:07:18.326 517 592 D PackageParsing: homlet: force set orientation: 0
06-04 09:07:18.326 517 594 D PackageParsing: homlet: force set orientation: 0
06-04 09:07:18.326 517 594 D PackageParsing: homlet: force set orientation: 0
06-04 09:07:18.326 517 592 D PackageParsing: homlet: force set orientation: 0
06-04 09:07:18.326 517 594 D PackageParsing: homlet: force set orientation: 0
06-04 09:07:18.327 517 592 D PackageParsing: homlet: force set orientation: 0
06-04 09:07:18.328 517 517 I PackageManager: New shared user android.uid.shared: id=10014
06-04 09:07:18.328 517 517 I PackageManager: /system/priv-app/BlockedNumberProvider changed; collecting certs
06-04 09:07:18.334 517 517 W PackageManager: Adding duplicate app id: 10014 name=com.android.providers.blockednumber
06-04 09:07:18.337 517 517 I PackageManager: /system/priv-app/PackageInstaller changed; collecting certs
06-04 09:07:18.339 517 593 W PackageParsing: Ignoring duplicate uses-permissions/uses-permissions-sdk-m: android.permission.HI_SYSTEM_MANAGER_SERVICE in package: com.dangbei.leard.leradlauncher at: Binary XML file line #96
06-04 09:07:18.340 517 593 D PackageParsing: homlet: force set orientation: 0
06-04 09:07:18.340 517 593 D PackageParsing: homlet: force set orientation: 0
06-04 09:07:18.342 517 594 D PackageParsing: homlet: force set orientation: 0
06-04 09:07:18.344 517 517 W PackageManager: Adding duplicate shared id: 1000 name=com.android.packageinstaller
06-04 09:07:18.345 517 595 D PackageParsing: homlet: force set orientation: 0
06-04 09:07:18.347 517 593 D PackageParsing: homlet: force set orientation: 0
06-04 09:07:18.347 517 517 I PackageManager: /system/priv-app/LocalTransport changed; collecting certs
06-04 09:07:18.347 517 593 D PackageParsing: homlet: force set orientation: 0
06-04 09:07:18.349 517 593 D CompatibilityChangeReporter: Compat change id reported: 150232615; UID -1; state: DISABLED
06-04 09:07:18.350 517 593 D PackageParsing: homlet: force set orientation: 0
06-04 09:07:18.350 517 593 D PackageParsing: homlet: force set orientation: 0
06-04 09:07:18.351 517 593 D PackageParsing: homlet: force set orientation: 0
06-04 09:07:18.351 517 593 D PackageParsing: homlet: force set orientation: 0
06-04 09:07:18.351 517 593 D PackageParsing: homlet: force set orientation: 0
06-04 09:07:18.351 517 593 D PackageParsing: homlet: force set orientation: 0
06-04 09:07:18.351 517 593 D PackageParsing: homlet: force set orientation: 0
06-04 09:07:18.351 517 593 D PackageParsing: homlet: force set orientation: 0
06-04 09:07:18.352 517 593 D PackageParsing: homlet: force set orientation: 0
06-04 09:07:18.352 517 593 D PackageParsing: homlet: force set orientation: 0
06-04 09:07:18.352 517 593 D PackageParsing: homlet: force set orientation: 0
06-04 09:07:18.352 517 593 D PackageParsing: homlet: force set orientation: 0
06-04 09:07:18.352 517 593 D PackageParsing: homlet: force set orientation: 0
06-04 09:07:18.352 517 593 D PackageParsing: homlet: force set orientation: 0
06-04 09:07:18.353 517 593 D PackageParsing: homlet: force set orientation: 0
06-04 09:07:18.353 517 593 D PackageParsing: homlet: force set orientation: 0
06-04 09:07:18.353 517 593 D PackageParsing: homlet: force set orientation: 0
06-04 09:07:18.353 517 593 D PackageParsing: homlet: force set orientation: 0
06-04 09:07:18.354 517 517 W PackageManager: Adding duplicate shared id: 1000 name=com.android.localtransport
06-04 09:07:18.354 517 593 D PackageParsing: homlet: force set orientation: 0
06-04 09:07:18.354 517 593 D PackageParsing: homlet: force set orientation: 0
06-04 09:07:18.354 517 593 D PackageParsing: homlet: force set orientation: 0
06-04 09:07:18.354 517 593 D PackageParsing: homlet: force set orientation: 0
06-04 09:07:18.354 517 593 D PackageParsing: homlet: force set orientation: 0
06-04 09:07:18.354 517 593 D PackageParsing: homlet: force set orientation: 0
06-04 09:07:18.355 517 593 D PackageParsing: homlet: force set orientation: 0
06-04 09:07:18.355 517 593 D PackageParsing: homlet: force set orientation: 0
06-04 09:07:18.355 517 593 D PackageParsing: homlet: force set orientation: 0
06-04 09:07:18.355 517 593 D PackageParsing: homlet: force set orientation: 0
06-04 09:07:18.356 517 592 D PackageParsing: homlet: force set orientation: 0
06-04 09:07:18.356 517 517 I PackageManager: /system/priv-app/VpnDialogs changed; collecting certs
06-04 09:07:18.357 517 592 D CompatibilityChangeReporter: Compat change id reported: 150232615; UID -1; state: ENABLED
06-04 09:07:18.357 517 593 D PackageParsing: homlet: force set orientation: 0
06-04 09:07:18.358 517 593 D PackageParsing: homlet: force set orientation: 0
06-04 09:07:18.358 517 593 D PackageParsing: homlet: force set orientation: 0
06-04 09:07:18.358 517 593 D PackageParsing: homlet: force set orientation: 0
06-04 09:07:18.358 517 593 D PackageParsing: homlet: force set orientation: 0
06-04 09:07:18.358 517 593 D PackageParsing: homlet: force set orientation: 0
06-04 09:07:18.359 517 593 D PackageParsing: homlet: force set orientation: 0
06-04 09:07:18.359 517 593 D PackageParsing: homlet: force set orientation: 0
06-04 09:07:18.359 517 595 D PackageParsing: homlet: force set orientation: 0
06-04 09:07:18.359 517 593 D PackageParsing: homlet: force set orientation: 0
06-04 09:07:18.359 517 595 D PackageParsing: homlet: force set orientation: 0
06-04 09:07:18.360 517 593 D PackageParsing: homlet: force set orientation: 0
06-04 09:07:18.360 517 595 D PackageParsing: homlet: force set orientation: 0
06-04 09:07:18.360 517 593 D PackageParsing: homlet: force set orientation: 0
06-04 09:07:18.360 517 593 D PackageParsing: homlet: force set orientation: 0
06-04 09:07:18.360 517 593 D PackageParsing: homlet: force set orientation: 0
06-04 09:07:18.361 517 593 D PackageParsing: homlet: force set orientation: 0
06-04 09:07:18.361 517 593 D PackageParsing: homlet: force set orientation: 0
06-04 09:07:18.362 517 593 D PackageParsing: homlet: force set orientation: 0
06-04 09:07:18.362 517 593 D PackageParsing: homlet: force set orientation: 0
06-04 09:07:18.362 517 595 D PackageParsing: homlet: force set orientation: 0
06-04 09:07:18.362 517 593 D PackageParsing: homlet: force set orientation: 0
06-04 09:07:18.362 517 593 D PackageParsing: homlet: force set orientation: 0
06-04 09:07:18.362 517 595 D PackageParsing: homlet: force set orientation: 0
06-04 09:07:18.363 517 595 D PackageParsing: homlet: force set orientation: 0
06-04 09:07:18.363 517 593 D PackageParsing: homlet: force set orientation: 0
06-04 09:07:18.363 517 593 D PackageParsing: homlet: force set orientation: 0
06-04 09:07:18.363 517 595 D PackageParsing: homlet: force set orientation: 0
06-04 09:07:18.364 517 595 D PackageParsing: homlet: force set orientation: 0
06-04 09:07:18.364 517 595 D PackageParsing: homlet: force set orientation: 0
06-04 09:07:18.364 517 595 D PackageParsing: homlet: force set orientation: 0
06-04 09:07:18.365 517 595 D PackageParsing: homlet: force set orientation: 0
06-04 09:07:18.365 517 595 D PackageParsing: homlet: force set orientation: 0
06-04 09:07:18.367 517 517 I PackageManager: /system/priv-app/Traceur changed; collecting certs
06-04 09:07:18.378 517 517 I PackageManager: New shared user android.media: id=10017
06-04 09:07:18.378 517 517 I PackageManager: /system/priv-app/SoundPicker changed; collecting certs
06-04 09:07:18.384 517 592 D PackageParsing: homlet: force set orientation: 0
06-04 09:07:18.384 517 517 W PackageManager: Adding duplicate app id: 10017 name=com.android.soundpicker
06-04 09:07:18.385 517 592 D PackageParsing: homlet: force set orientation: 0
06-04 09:07:18.388 517 517 I PackageManager: /system/priv-app/SharedStorageBackup changed; collecting certs
06-04 09:07:18.395 517 517 I PackageManager: /system/priv-app/ContactsProvider changed; collecting certs
06-04 09:07:18.401 517 595 D PackageParsing: homlet: force set orientation: 0
06-04 09:07:18.401 517 595 D PackageParsing: homlet: force set orientation: 0
06-04 09:07:18.402 517 595 D PackageParsing: homlet: force set orientation: 0
06-04 09:07:18.403 517 595 D PackageParsing: homlet: force set orientation: 0
06-04 09:07:18.403 517 595 D PackageParsing: homlet: force set orientation: 0
06-04 09:07:18.403 517 595 D PackageParsing: homlet: force set orientation: 0
06-04 09:07:18.403 517 595 D PackageParsing: homlet: force set orientation: 0
06-04 09:07:18.404 517 595 D PackageParsing: homlet: force set orientation: 0
06-04 09:07:18.404 517 595 D PackageParsing: homlet: force set orientation: 0
06-04 09:07:18.405 517 595 D PackageParsing: homlet: force set orientation: 0
06-04 09:07:18.405 517 595 D PackageParsing: homlet: force set orientation: 0
06-04 09:07:18.406 517 595 D PackageParsing: homlet: force set orientation: 0
06-04 09:07:18.408 517 517 W PackageManager: Adding duplicate app id: 10014 name=com.android.providers.contacts
06-04 09:07:18.411 517 517 W PackageManager: Failed to parse /system/priv-app/SettingsAssist: /system/priv-app/SettingsAssist/SettingsAssist.apk (at Binary XML file line #34): com.softwinner.settingsassist.Recovery: Targeting S+ (version 31 and above) requires that an explicit value for android:exported be defined when intent filters are present
06-04 09:07:18.411 517 517 I PackageManager: /system/priv-app/CtsShimPrivPrebuilt changed; collecting certs
06-04 09:07:18.422 517 517 D CompatibilityChangeReporter: Compat change id reported: 143539591; UID -1; state: DISABLED
06-04 09:07:18.427 517 517 D CompatibilityChangeReporter: Compat change id reported: 168782947; UID -1; state: DISABLED
06-04 09:07:18.429 517 592 D PackageParsing: homlet: force set orientation: 0
06-04 09:07:18.430 517 517 I PackageManager: /system/priv-app/dangbei-launcher changed; collecting certs
06-04 09:07:18.430 517 592 D PackageParsing: homlet: force set orientation: 0
06-04 09:07:18.431 517 592 D PackageParsing: homlet: force set orientation: 0
06-04 09:07:18.431 517 592 D PackageParsing: homlet: force set orientation: 0
06-04 09:07:18.431 517 592 D PackageParsing: homlet: force set orientation: 0
06-04 09:07:18.431 517 592 D PackageParsing: homlet: force set orientation: 0
06-04 09:07:18.433 517 592 D PackageParsing: homlet: force set orientation: 0
06-04 09:07:18.434 517 592 D PackageParsing: homlet: force set orientation: 0
06-04 09:07:18.435 517 592 D PackageParsing: homlet: force set orientation: 0
06-04 09:07:18.435 517 592 D PackageParsing: homlet: force set orientation: 0
06-04 09:07:18.437 517 592 D PackageParsing: homlet: force set orientation: 0
06-04 09:07:18.438 517 592 D PackageParsing: homlet: force set orientation: 0
06-04 09:07:18.438 517 517 W PackageManager: Adding duplicate shared id: 1000 name=com.dangbei.leard.leradlauncher
06-04 09:07:18.440 517 517 W PackageManager: Provider ComponentInfo{com.dangbei.leard.leradlauncher/androidx.core.content.FileProvider} already defined; ignoring
06-04 09:07:18.442 517 517 I PackageManager: /system/priv-app/NetworkStack changed; collecting certs
06-04 09:07:18.448 517 592 D PackageParsing: homlet: force set orientation: 0
06-04 09:07:18.449 517 594 D PackageParsing: homlet: force set orientation: 0
06-04 09:07:18.450 517 594 D PackageParsing: homlet: force set orientation: 0
06-04 09:07:18.452 517 517 W PackageManager: Adding duplicate shared id: 1073 name=com.android.networkstack
06-04 09:07:18.456 517 517 I PackageManager: /system/priv-app/FusedLocation changed; collecting certs
06-04 09:07:18.463 517 517 W PackageManager: Adding duplicate shared id: 1000 name=com.android.location.fused
06-04 09:07:18.466 517 517 I PackageManager: /system/priv-app/dangbei-boot-guide changed; collecting certs
06-04 09:07:18.475 517 592 D PackageParsing: homlet: force set orientation: 0
06-04 09:07:18.475 517 594 D PackageParsing: homlet: force set orientation: 0
06-04 09:07:18.475 517 517 I PackageManager: /system/priv-app/DownloadProvider changed; collecting certs
06-04 09:07:18.475 517 594 D PackageParsing: homlet: force set orientation: 0
06-04 09:07:18.476 517 595 D PackageParsing: homlet: force set orientation: 0
06-04 09:07:18.476 517 595 D PackageParsing: homlet: force set orientation: 0
06-04 09:07:18.477 517 595 D PackageParsing: homlet: force set orientation: 0
06-04 09:07:18.477 517 595 D PackageParsing: homlet: force set orientation: 0
06-04 09:07:18.477 517 595 D PackageParsing: homlet: force set orientation: 0
06-04 09:07:18.477 517 595 D PackageParsing: homlet: force set orientation: 0
06-04 09:07:18.477 517 595 D PackageParsing: homlet: force set orientation: 0
06-04 09:07:18.478 517 595 D PackageParsing: homlet: force set orientation: 0
06-04 09:07:18.478 517 595 D PackageParsing: homlet: force set orientation: 0
06-04 09:07:18.480 517 517 W PackageManager: Adding duplicate app id: 10017 name=com.android.providers.downloads
06-04 09:07:18.483 517 517 I PackageManager: /system/priv-app/ManagedProvisioning changed; collecting certs
06-04 09:07:18.491 517 517 I PackageManager: /system/priv-app/StatementService changed; collecting certs
06-04 09:07:18.495 517 594 D PackageParsing: homlet: force set orientation: 0
06-04 09:07:18.498 517 517 I PackageManager: /system/priv-app/TvProvider changed; collecting certs
06-04 09:07:18.504 517 593 D PackageParsing: homlet: force set orientation: 0
06-04 09:07:18.506 517 593 D PackageParsing: homlet: force set orientation: 0
06-04 09:07:18.506 517 517 I PackageManager: /system/priv-app/InputDevices changed; collecting certs
06-04 09:07:18.507 517 594 D PackageParsing: homlet: force set orientation: 0
06-04 09:07:18.508 517 593 D PackageParsing: homlet: force set orientation: 0
06-04 09:07:18.509 517 593 D PackageParsing: homlet: force set orientation: 0
06-04 09:07:18.509 517 593 D PackageParsing: homlet: force set orientation: 0
06-04 09:07:18.511 517 593 D PackageParsing: homlet: force set orientation: 0
06-04 09:07:18.512 517 517 W PackageManager: Adding duplicate shared id: 1000 name=com.android.inputdevices
06-04 09:07:18.514 517 517 I PackageManager: /system/priv-app/ExternalStorageProvider changed; collecting certs
06-04 09:07:18.518 517 592 D PackageParsing: homlet: force set orientation: 0
06-04 09:07:18.518 517 592 D PackageParsing: homlet: force set orientation: 0
06-04 09:07:18.519 517 592 D PackageParsing: homlet: force set orientation: 0
06-04 09:07:18.519 517 592 D PackageParsing: homlet: force set orientation: 0
06-04 09:07:18.522 517 517 I PackageManager: /system/priv-app/dangbei-setting changed; collecting certs
06-04 09:07:18.526 517 594 D PackageParsing: homlet: force set orientation: 0
06-04 09:07:18.527 517 595 W PackageParsing: Ignoring duplicate uses-permissions/uses-permissions-sdk-m: android.permission.INTERNET in package: com.dangbei.screencast at: Binary XML file line #18
06-04 09:07:18.527 517 595 W PackageParsing: Ignoring duplicate uses-permissions/uses-permissions-sdk-m: android.permission.ACCESS_WIFI_STATE in package: com.dangbei.screencast at: Binary XML file line #19
06-04 09:07:18.527 517 595 W PackageParsing: Ignoring duplicate uses-permissions/uses-permissions-sdk-m: android.permission.ACCESS_NETWORK_STATE in package: com.dangbei.screencast at: Binary XML file line #23
06-04 09:07:18.527 517 595 W PackageParsing: Ignoring duplicate uses-permissions/uses-permissions-sdk-m: android.permission.ACCESS_WIFI_STATE in package: com.dangbei.screencast at: Binary XML file line #24
06-04 09:07:18.527 517 595 W PackageParsing: Ignoring duplicate uses-permissions/uses-permissions-sdk-m: android.permission.INTERNET in package: com.dangbei.screencast at: Binary XML file line #26
06-04 09:07:18.528 517 517 W PackageManager: Adding duplicate shared id: 1000 name=com.dangbei.haqusetting
06-04 09:07:18.530 517 517 I PackageManager: /system/priv-app/MmsService changed; collecting certs
06-04 09:07:18.531 517 595 D PackageParsing: homlet: force set orientation: 0
06-04 09:07:18.531 517 595 D PackageParsing: homlet: force set orientation: 0
06-04 09:07:18.531 517 595 D PackageParsing: homlet: force set orientation: 0
06-04 09:07:18.532 517 595 D PackageParsing: homlet: force set orientation: 0
06-04 09:07:18.532 517 595 D PackageParsing: homlet: force set orientation: 0
06-04 09:07:18.532 517 595 D PackageParsing: homlet: force set orientation: 0
06-04 09:07:18.532 517 595 D PackageParsing: homlet: force set orientation: 0
06-04 09:07:18.532 517 595 D PackageParsing: homlet: force set orientation: 0
06-04 09:07:18.532 517 595 D PackageParsing: homlet: force set orientation: 0
06-04 09:07:18.532 517 595 D PackageParsing: homlet: force set orientation: 0
06-04 09:07:18.532 517 595 D PackageParsing: homlet: force set orientation: 0
06-04 09:07:18.533 517 595 D PackageParsing: homlet: force set orientation: 0
06-04 09:07:18.533 517 595 D PackageParsing: homlet: force set orientation: 0
06-04 09:07:18.533 517 595 D PackageParsing: homlet: force set orientation: 0
06-04 09:07:18.533 517 595 D PackageParsing: homlet: force set orientation: 0
06-04 09:07:18.533 517 595 D PackageParsing: homlet: force set orientation: 0
06-04 09:07:18.533 517 595 D PackageParsing: homlet: force set orientation: 0
06-04 09:07:18.533 517 595 D PackageParsing: homlet: force set orientation: 0
06-04 09:07:18.533 517 595 D PackageParsing: homlet: force set orientation: 0
06-04 09:07:18.533 517 595 D PackageParsing: homlet: force set orientation: 0
06-04 09:07:18.534 517 595 D PackageParsing: homlet: force set orientation: 0
06-04 09:07:18.534 517 595 D PackageParsing: homlet: force set orientation: 0
06-04 09:07:18.534 517 595 D PackageParsing: homlet: force set orientation: 0
06-04 09:07:18.534 517 595 D PackageParsing: homlet: force set orientation: 0
06-04 09:07:18.534 517 595 D PackageParsing: homlet: force set orientation: 0
06-04 09:07:18.535 517 595 D PackageParsing: homlet: force set orientation: 0
06-04 09:07:18.535 517 517 W PackageManager: Adding duplicate shared id: 1001 name=com.android.mms.service
06-04 09:07:18.535 517 595 D PackageParsing: homlet: force set orientation: 0
06-04 09:07:18.536 517 595 D PackageParsing: homlet: force set orientation: 0
06-04 09:07:18.536 517 595 D PackageParsing: homlet: force set orientation: 0
06-04 09:07:18.536 517 595 D PackageParsing: homlet: force set orientation: 0
06-04 09:07:18.536 517 595 D PackageParsing: homlet: force set orientation: 0
06-04 09:07:18.538 517 517 I PackageManager: /system/priv-app/Shell changed; collecting certs
06-04 09:07:18.542 517 517 W PackageManager: Adding duplicate shared id: 2000 name=com.android.shell
06-04 09:07:18.545 517 517 I PackageManager: /system/priv-app/BackupRestoreConfirmation changed; collecting certs
06-04 09:07:18.551 517 517 I PackageManager: /system/priv-app/UserDictionaryProvider changed; collecting certs
06-04 09:07:18.556 517 517 W PackageManager: Adding duplicate app id: 10014 name=com.android.providers.userdictionary
06-04 09:07:18.558 517 517 I PackageManager: /system/priv-app/MediaProviderLegacy changed; collecting certs
06-04 09:07:18.562 517 517 W PackageManager: Adding duplicate app id: 10017 name=com.android.providers.media
06-04 09:07:18.565 517 517 I PackageManager: /system/priv-app/DynamicSystemInstallationService changed; collecting certs
06-04 09:07:18.569 517 517 W PackageManager: Adding duplicate shared id: 1000 name=com.android.dynsystem
06-04 09:07:18.571 517 517 I PackageManager: New shared user android.uid.calendar: id=10026
06-04 09:07:18.571 517 517 I PackageManager: /system/priv-app/CalendarProvider changed; collecting certs
06-04 09:07:18.576 517 517 W PackageManager: Adding duplicate app id: 10026 name=com.android.providers.calendar
06-04 09:07:18.578 517 517 I PackageManager: /system/priv-app/dangbei-etna-service changed; collecting certs
06-04 09:07:18.584 517 517 W PackageManager: Adding duplicate shared id: 1000 name=com.dangbei.lerad.etna.haqu
06-04 09:07:18.587 517 517 I PackageManager: /system/priv-app/ProxyHandler changed; collecting certs
06-04 09:07:18.592 517 517 I PackageManager: /system/priv-app/SettingsProvider changed; collecting certs
06-04 09:07:18.596 517 517 W PackageManager: Adding duplicate shared id: 1000 name=com.android.providers.settings
06-04 09:07:18.599 517 517 I PackageManager: /system/priv-app/NetworkPermissionConfig changed; collecting certs
06-04 09:07:18.605 517 517 W PackageManager: Adding duplicate shared id: 1073 name=com.android.networkstack.permissionconfig
06-04 09:07:18.608 517 517 I PackageManager: /system/priv-app/DownloadProviderUi changed; collecting certs
06-04 09:07:18.612 517 517 W PackageManager: Adding duplicate app id: 10017 name=com.android.providers.downloads.ui
06-04 09:07:18.614 517 517 I PackageManager: /system/priv-app/AwManager changed; collecting certs
06-04 09:07:18.619 517 517 I PackageManager: /system/priv-app/DocumentsUI changed; collecting certs
06-04 09:07:18.623 517 517 D CompatibilityChangeReporter: Compat change id reported: 168782947; UID -1; state: ENABLED
06-04 09:07:18.627 517 517 I PackageManager: /system/priv-app/BuiltInPrintService changed; collecting certs
06-04 09:07:18.634 517 517 I PackageManager: /system/priv-app/MtpService changed; collecting certs
06-04 09:07:18.639 517 517 W PackageManager: Adding duplicate app id: 10017 name=com.android.mtp
06-04 09:07:18.641 517 517 I PackageManager: /system/priv-app/dangbei-screencast changed; collecting certs
06-04 09:07:18.667 517 592 D PackageParsing: homlet: force set orientation: 0
06-04 09:07:18.671 517 517 I PackageManager: /system/app/Lowstoragedialog changed; collecting certs
06-04 09:07:18.671 517 594 D PackageParsing: homlet: force set orientation: 0
06-04 09:07:18.671 517 594 D PackageParsing: homlet: force set orientation: 0
06-04 09:07:18.672 517 594 D PackageParsing: homlet: force set orientation: 0
06-04 09:07:18.672 517 594 D PackageParsing: homlet: force set orientation: 0
06-04 09:07:18.672 517 594 D PackageParsing: homlet: force set orientation: 0
06-04 09:07:18.673 517 594 D PackageParsing: homlet: force set orientation: 0
06-04 09:07:18.674 517 595 D PackageParsing: homlet: force set orientation: 0
06-04 09:07:18.678 517 517 W PackageManager: Adding duplicate shared id: 1000 name=com.oranth.storage
06-04 09:07:18.680 517 517 I PackageManager: /system/app/SecureElement changed; collecting certs
06-04 09:07:18.686 517 517 W PackageManager: Adding duplicate shared id: 1068 name=com.android.se
06-04 09:07:18.690 517 517 I PackageManager: /system/app/AwlogSettings changed; collecting certs
06-04 09:07:18.690 517 593 D PackageParsing: homlet: force set orientation: 0
06-04 09:07:18.690 517 593 D PackageParsing: homlet: force set orientation: 0
06-04 09:07:18.691 517 592 W PackageParsing: Ignoring duplicate uses-permissions/uses-permissions-sdk-m: android.permission.WRITE_EXTERNAL_STORAGE in package: com.softwinner.miracastReceiver at: Binary XML file line #20
06-04 09:07:18.691 517 593 D PackageParsing: homlet: force set orientation: 0
06-04 09:07:18.693 517 592 D PackageParsing: homlet: force set orientation: 0
06-04 09:07:18.697 517 517 I PackageManager: /system/app/EasterEgg changed; collecting certs
06-04 09:07:18.699 517 595 D PackageParsing: homlet: force set orientation: 0
06-04 09:07:18.700 517 595 D PackageParsing: homlet: force set orientation: 0
06-04 09:07:18.700 517 595 D PackageParsing: homlet: force set orientation: 0
06-04 09:07:18.700 517 595 D PackageParsing: homlet: force set orientation: 0
06-04 09:07:18.705 517 593 D PackageParsing: homlet: force set orientation: 0
06-04 09:07:18.706 517 517 I PackageManager: /system/app/PrintSpooler changed; collecting certs
06-04 09:07:18.708 517 594 D PackageParsing: homlet: force set orientation: 0
06-04 09:07:18.710 517 594 D PackageParsing: homlet: force set orientation: 0
06-04 09:07:18.710 517 594 D PackageParsing: homlet: force set orientation: 0
06-04 09:07:18.710 517 594 D PackageParsing: homlet: force set orientation: 0
06-04 09:07:18.710 517 594 D PackageParsing: homlet: force set orientation: 0
06-04 09:07:18.710 517 594 D PackageParsing: homlet: force set orientation: 0
06-04 09:07:18.710 517 594 D PackageParsing: homlet: force set orientation: 0
06-04 09:07:18.711 517 594 D PackageParsing: homlet: force set orientation: 0
06-04 09:07:18.711 517 594 D PackageParsing: homlet: force set orientation: 0
06-04 09:07:18.713 517 594 D PackageParsing: homlet: force set orientation: 0
06-04 09:07:18.713 517 517 I PackageManager: /system/app/MiracastReceiver changed; collecting certs
06-04 09:07:18.715 517 592 D PackageParsing: homlet: force set orientation: 0
06-04 09:07:18.721 374 374 I update_engine: [INFO:cleanup_previous_update_action.cc(112)] Executing task 4
06-04 09:07:18.722 517 593 D PackageParsing: homlet: force set orientation: 0
06-04 09:07:18.723 517 517 W PackageManager: Adding duplicate shared id: 1000 name=com.softwinner.miracastReceiver
06-04 09:07:18.726 517 517 I PackageManager: /system/app/BookmarkProvider changed; collecting certs
06-04 09:07:18.729 517 595 D PackageParsing: homlet: force set orientation: 0
06-04 09:07:18.729 517 595 D PackageParsing: homlet: force set orientation: 0
06-04 09:07:18.729 517 595 D PackageParsing: homlet: force set orientation: 0
06-04 09:07:18.729 517 595 D PackageParsing: homlet: force set orientation: 0
06-04 09:07:18.733 517 517 I PackageManager: /system/app/TimerSwitch changed; collecting certs
06-04 09:07:18.737 374 374 I update_engine: [INFO:cleanup_previous_update_action.cc(124)] CleanupPreviousUpdateAction scheduled task ID 5 for WaitBootCompleted
06-04 09:07:18.740 517 594 D PackageParsing: homlet: force set orientation: 0
06-04 09:07:18.743 517 517 I PackageManager: /system/app/HTMLViewer changed; collecting certs
06-04 09:07:18.754 517 517 I PackageManager: /system/app/FT-H618 changed; collecting certs
06-04 09:07:18.754 517 594 I PackageParsing: com.oranth.ledstatus: compat added android.permission.WRITE_EXTERNAL_STORAGE android.permission.READ_PHONE_STATE
06-04 09:07:18.756 517 592 D PackageParsing: homlet: force set orientation: 0
06-04 09:07:18.756 517 592 D PackageParsing: homlet: force set orientation: 0
06-04 09:07:18.757 517 592 D PackageParsing: homlet: force set orientation: 0
06-04 09:07:18.757 517 592 D PackageParsing: homlet: force set orientation: 0
06-04 09:07:18.757 517 592 D PackageParsing: homlet: force set orientation: 0
06-04 09:07:18.758 517 592 D PackageParsing: homlet: force set orientation: 0
06-04 09:07:18.758 517 592 D PackageParsing: homlet: force set orientation: 0
06-04 09:07:18.761 517 517 W PackageManager: Adding duplicate shared id: 1000 name=com.oranth.factory
06-04 09:07:18.764 517 593 D PackageParsing: homlet: force set orientation: 0
06-04 09:07:18.764 517 593 D PackageParsing: homlet: force set orientation: 0
06-04 09:07:18.764 517 517 I PackageManager: /system/app/Bluetooth changed; collecting certs
06-04 09:07:18.769 517 593 D PackageParsing: homlet: force set orientation: 0
06-04 09:07:18.769 517 593 D PackageParsing: homlet: force set orientation: 0
06-04 09:07:18.770 517 517 W PackageManager: Adding duplicate shared id: 1002 name=com.android.bluetooth
06-04 09:07:18.774 517 517 I PackageManager: /system/app/InputMacSn changed; collecting certs
06-04 09:07:18.775 517 595 D PackageParsing: homlet: force set orientation: 0
06-04 09:07:18.775 517 595 D PackageParsing: homlet: force set orientation: 0
06-04 09:07:18.776 517 595 D PackageParsing: homlet: force set orientation: 0
06-04 09:07:18.776 517 595 D PackageParsing: homlet: force set orientation: 0
06-04 09:07:18.776 517 595 D PackageParsing: homlet: force set orientation: 0
06-04 09:07:18.776 517 595 D PackageParsing: homlet: force set orientation: 0
06-04 09:07:18.776 517 595 D PackageParsing: homlet: force set orientation: 0
06-04 09:07:18.776 517 595 D PackageParsing: homlet: force set orientation: 0
06-04 09:07:18.776 517 595 D PackageParsing: homlet: force set orientation: 0
06-04 09:07:18.776 517 595 D PackageParsing: homlet: force set orientation: 0
06-04 09:07:18.777 517 595 D PackageParsing: homlet: force set orientation: 0
06-04 09:07:18.777 517 595 D PackageParsing: homlet: force set orientation: 0
06-04 09:07:18.777 517 595 D PackageParsing: homlet: force set orientation: 0
