06-04 09:07:34.192 185 185 I servicemanager: Found android.hardware.power.IPower/default in device VINTF manifest.
06-04 09:07:34.193 272 338 I PowerAdvisor: Loaded AIDL Power HAL service
06-04 09:07:34.194 263 263 I AW_PowerHAL: check: Mode 6 not Supported ,do nothing
06-04 09:07:34.194 263 263 I AW_PowerHAL: isBoostSupported: 1
06-04 09:07:34.206 263 263 I AW_PowerHAL: Power setMode: LAUNCH to: 0
06-04 09:07:34.206 263 263 I AW_PowerHAL: not completed yet, ignore mode request other
06-04 09:07:34.210 517 560 I ActivityManagerTiming: FinishBooting
06-04 09:07:34.224 1 1 I init : Sending signal 9 to service 'rainbow_flow' (pid 330) process group...
06-04 09:07:34.226 517 560 I ActivityManagerTiming: FinishBooting
06-04 09:07:34.226 246 246 W Zygote : forkRepeatedly terminated due to non-simple command
06-04 09:07:34.227 246 246 D Zygote : mbuffer starts with 1 , nice name is , mEnd = 19, mNext = 19, mLinesLeft = 0, mFd = 4
06-04 09:07:34.228 517 560 I ActivityManager: About to commit checkpoint
06-04 09:07:34.230 1 1 I libprocessgroup: Successfully killed process cgroup uid 0 pid 330 in 5ms
06-04 09:07:34.231 1 1 I init : Control message: Processed ctl.stop for 'rainbow_flow' from pid: 1094 (stop rainbow_flow voice breathe flow_led net_disconnect)
06-04 09:07:34.231 1 1 I init : Service 'rainbow_flow' (pid 330) received signal 9 oneshot service took 22.294001 seconds in background
06-04 09:07:34.229 517 560 I SystemServiceManager: Starting phase 1000
06-04 09:07:34.229 517 560 I ActivityManagerTiming: OnBootPhase_1000
06-04 09:07:34.230 517 560 E PowerStatsService: Failed to start PowerStatsService loggers
06-04 09:07:34.231 517 581 V DisplayPowerController[0]: Brightness [0.39763778] reason changing to: 'manual', previous reason: 'override'.
06-04 09:07:34.232 1 1 I init : Control message: Processed ctl.stop for 'voice' from pid: 1094 (stop rainbow_flow voice breathe flow_led net_disconnect)
06-04 09:07:34.234 1 1 I init : Control message: Processed ctl.stop for 'breathe' from pid: 1094 (stop rainbow_flow voice breathe flow_led net_disconnect)
06-04 09:07:34.236 517 607 D RollbackManager: mRollbackLifetimeDurationInMillis=1209600000
06-04 09:07:34.239 1 1 I init : Control message: Processed ctl.stop for 'flow_led' from pid: 1094 (stop rainbow_flow voice breathe flow_led net_disconnect)
06-04 09:07:34.240 517 605 D AppStandbyController: Loading headless system app cache. appIdleEnabled=false
06-04 09:07:34.244 517 560 D IorapForwardingService: BgJob Scheduled (jobId=283673059, interval: 86400000ms)
06-04 09:07:34.244 517 623 D StorageManagerService: Thinking about init, mBootCompleted=true, mDaemonConnected=true
06-04 09:07:34.245 517 560 D TestHarnessModeService: Completing Test Harness Mode setup.
06-04 09:07:34.245 517 623 D StorageManagerService: Setting up emulation state, initlocked=false
06-04 09:07:34.245 191 191 D vold : fscrypt_unlock_user_key 0 serial=0
06-04 09:07:34.245 191 191 E vold : Failed to chmod /data/system_ce/0: No such file or directory
06-04 09:07:34.245 191 191 E vold : Failed to chmod /data/misc_ce/0: No such file or directory
06-04 09:07:34.246 191 191 E vold : Failed to chmod /data/media/0: No such file or directory
06-04 09:07:34.246 517 623 D StorageManagerService: Thinking about reset, mBootCompleted=true, mDaemonConnected=true
06-04 09:07:34.246 517 623 I StorageSessionController: Started resetting external storage service...
06-04 09:07:34.246 517 623 I StorageSessionController: Finished resetting external storage service
06-04 09:07:34.247 517 623 I StorageManagerService: Resetting vold...
06-04 09:07:34.248 517 623 I StorageManagerService: Reset vold
06-04 09:07:34.248 191 191 I vold : onUserAdded: 0
06-04 09:07:34.259 517 668 D WifiService: Handle boot completed
06-04 09:07:34.260 517 557 D AdbService: boot completed
06-04 09:07:34.261 517 560 D SoundTriggerService: onBootPhase: 1000 : false
06-04 09:07:34.266 917 943 I Tethering: USB bcast connected:false configured:false rndis:false ncm:false
06-04 09:07:34.267 517 668 I WifiScoreCard: Installing MemoryStore
06-04 09:07:34.267 517 668 I WifiHealthMonitor: Installing MemoryStore
06-04 09:07:34.268 517 1103 I HibernationStateDiskStore: No hibernation file on disk for file /data/system/hibernation/states
06-04 09:07:34.270 517 560 D CompatibilityChangeReporter: Compat change id reported: 168936375; UID 1000; state: DISABLED
06-04 09:07:34.271 517 560 D CompatibilityChangeReporter: Compat change id reported: 168936375; UID 1000; state: ENABLED
06-04 09:07:34.280 517 668 D WifiNetworkFactory: Registering NetworkFactory
06-04 09:07:34.280 517 668 D UntrustedWifiNetworkFactory: Registering NetworkFactory
06-04 09:07:34.280 517 668 D OemPaidWifiNetworkFactory: Registering NetworkFactory
06-04 09:07:34.283 517 675 D ConnectivityService: Got NetworkProvider Messenger for WifiNetworkFactory
06-04 09:07:34.283 517 675 D ConnectivityService: Got NetworkProvider Messenger for UntrustedWifiNetworkFactory
06-04 09:07:34.283 517 675 D ConnectivityService: Got NetworkProvider Messenger for OemPaidWifiNetworkFactory
06-04 09:07:34.285 517 560 D CompatibilityChangeReporter: Compat change id reported: 73144566; UID 1000; state: DISABLED
06-04 09:07:34.290 395 408 I adbd : adbd_auth: received a new framework connection
06-04 09:07:34.291 395 408 I adbd : adbd_auth: received new framework fd 31 (current = -1)
06-04 09:07:34.291 517 560 D CompatibilityChangeReporter: Compat change id reported: 73144566; UID 1000; state: ENABLED
06-04 09:07:34.298 517 557 I AdbDebuggingManager: Not connected to any wireless network. Not enabling adbwifi.
06-04 09:07:34.299 517 560 D GameManagerService: onBootCompleted
06-04 09:07:34.302 517 557 D AdbService: setAdbEnabled(true), mIsAdbUsbEnabled=true, mIsAdbWifiEnabled=true, transportType=1
06-04 09:07:34.302 517 668 I WifiService: onDriverCountryCodeChanged CN
06-04 09:07:34.304 517 560 D AppSearchStatsCollector: atoms registered
06-04 09:07:34.304 517 560 D ActivityManagerTiming: TotalBootTime took to complete: 17258ms
06-04 09:07:34.305 517 560 D SystemServerInitThreadPool: Shutdown requested
06-04 09:07:34.305 517 560 I SystemServerTiming: WaitInitThreadPoolShutdown
06-04 09:07:34.307 517 668 D WifiNetworkFactory: got request NetworkRequest [ REQUEST id=17, [ Capabilities: INTERNET&NOT_RESTRICTED&TRUSTED&NOT_VCN_MANAGED Uid: 1000 RequestorUid: 1000 RequestorPkg: android] ]
06-04 09:07:34.307 517 560 D SystemServerInitThreadPool: Shutdown successful
06-04 09:07:34.308 517 560 D CompatibilityChangeReporter: Compat change id reported: 135634846; UID 10075; state: DISABLED
06-04 09:07:34.310 517 567 D CompatibilityChangeReporter: Compat change id reported: 143937733; UID 10075; state: ENABLED
06-04 09:07:34.311 517 668 D WifiConnectivityHelper: Firmware supported feature set: d8108a881003d
06-04 09:07:34.311 517 560 D ActivityManager: refreshZramWriteback
06-04 09:07:34.312 517 560 D ActivityManager: real start flush
06-04 09:07:34.313 517 560 D ActivityManager: set persist.sys.boot.first to false
06-04 09:07:34.316 517 668 D WifiConnectivityHelper: Firmware roaming supported with capabilities: max num blocklist bssid=0 max num allowlist ssid=0
06-04 09:07:34.318 714 714 E WifiHAL : wifi_get_link_stats: requestResponse Error:-5
06-04 09:07:34.316 1110 1110 I rgb_led_ctl: type=1400 audit(0.0:377): avc: denied { write } for name="spidev1.0" dev="tmpfs" ino=1280 scontext=u:r:init:s0 tcontext=u:object_r:device:s0 tclass=chr_file permissive=1
06-04 09:07:34.316 1110 1110 I rgb_led_ctl: type=1400 audit(0.0:378): avc: denied { open } for path="/dev/spidev1.0" dev="tmpfs" ino=1280 scontext=u:r:init:s0 tcontext=u:object_r:device:s0 tclass=chr_file permissive=1
06-04 09:07:34.319 517 1114 W ZramWriteback: Writeback device is not set
06-04 09:07:34.319 517 1114 D ZramWriteback: wait to flush
06-04 09:07:34.320 517 668 E WifiVendorHal: getWifiLinkLayerStats_1_5_Internal(l.1191) failed {.code = ERROR_INVALID_ARGS, .description = }
06-04 09:07:34.324 517 560 I ActivityManager: User 0 state changed from BOOTING to RUNNING_LOCKED
06-04 09:07:34.325 517 560 W ActivityManager: UserLifecycleEvent 4 received without an active userJourneySession.
06-04 09:07:34.329 517 668 E WifiScoringParams: Invalid frequency(-1), using 5G as default rssi array
06-04 09:07:34.335 517 668 D WifiNetworkFactory: got request NetworkRequest [ REQUEST id=10, [ Capabilities: INTERNET&NOT_RESTRICTED&TRUSTED&NOT_VCN_MANAGED Uid: 1000 RequestorUid: 1000 RequestorPkg: android] ]
06-04 09:07:34.335 517 668 D WifiNetworkFactory: got request NetworkRequest [ REQUEST id=19, [ Capabilities: INTERNET&NOT_RESTRICTED&TRUSTED&NOT_VCN_MANAGED Uid: 1073 RequestorUid: 1073 RequestorPkg: com.android.networkstack] ]
06-04 09:07:34.335 517 668 D WifiNetworkFactory: got request NetworkRequest [ REQUEST id=1, [ Capabilities: INTERNET&NOT_RESTRICTED&TRUSTED&NOT_VPN&NOT_VCN_MANAGED RequestorUid: 1000 RequestorPkg: android] ]
06-04 09:07:34.335 517 668 D WifiNetworkFactory: got request NetworkRequest [ REQUEST id=3, [ Transports: WIFI Capabilities: INTERNET&NOT_RESTRICTED&TRUSTED&NOT_VPN&NOT_VCN_MANAGED RequestorUid: 1000 RequestorPkg: android] ]
06-04 09:07:34.335 517 668 D UntrustedWifiNetworkFactory: got request NetworkRequest [ REQUEST id=17, [ Capabilities: INTERNET&NOT_RESTRICTED&TRUSTED&NOT_VCN_MANAGED Uid: 1000 RequestorUid: 1000 RequestorPkg: android] ]
06-04 09:07:34.335 517 668 D UntrustedWifiNetworkFactory: got request NetworkRequest [ REQUEST id=10, [ Capabilities: INTERNET&NOT_RESTRICTED&TRUSTED&NOT_VCN_MANAGED Uid: 1000 RequestorUid: 1000 RequestorPkg: android] ]
06-04 09:07:34.335 517 668 D UntrustedWifiNetworkFactory: got request NetworkRequest [ REQUEST id=19, [ Capabilities: INTERNET&NOT_RESTRICTED&TRUSTED&NOT_VCN_MANAGED Uid: 1073 RequestorUid: 1073 RequestorPkg: com.android.networkstack] ]
06-04 09:07:34.335 517 668 D UntrustedWifiNetworkFactory: got request NetworkRequest [ REQUEST id=1, [ Capabilities: INTERNET&NOT_RESTRICTED&TRUSTED&NOT_VPN&NOT_VCN_MANAGED RequestorUid: 1000 RequestorPkg: android] ]
06-04 09:07:34.335 517 668 D UntrustedWifiNetworkFactory: got request NetworkRequest [ REQUEST id=3, [ Transports: WIFI Capabilities: INTERNET&NOT_RESTRICTED&TRUSTED&NOT_VPN&NOT_VCN_MANAGED RequestorUid: 1000 RequestorPkg: android] ]
06-04 09:07:34.336 517 668 D OemPaidWifiNetworkFactory: got request NetworkRequest [ REQUEST id=17, [ Capabilities: INTERNET&NOT_RESTRICTED&TRUSTED&NOT_VCN_MANAGED Uid: 1000 RequestorUid: 1000 RequestorPkg: android] ]
06-04 09:07:34.336 517 668 D OemPaidWifiNetworkFactory: got request NetworkRequest [ REQUEST id=10, [ Capabilities: INTERNET&NOT_RESTRICTED&TRUSTED&NOT_VCN_MANAGED Uid: 1000 RequestorUid: 1000 RequestorPkg: android] ]
06-04 09:07:34.336 517 668 D OemPaidWifiNetworkFactory: got request NetworkRequest [ REQUEST id=19, [ Capabilities: INTERNET&NOT_RESTRICTED&TRUSTED&NOT_VCN_MANAGED Uid: 1073 RequestorUid: 1073 RequestorPkg: com.android.networkstack] ]
06-04 09:07:34.336 517 668 D OemPaidWifiNetworkFactory: got request NetworkRequest [ REQUEST id=1, [ Capabilities: INTERNET&NOT_RESTRICTED&TRUSTED&NOT_VPN&NOT_VCN_MANAGED RequestorUid: 1000 RequestorPkg: android] ]
06-04 09:07:34.336 517 668 D OemPaidWifiNetworkFactory: got request NetworkRequest [ REQUEST id=3, [ Transports: WIFI Capabilities: INTERNET&NOT_RESTRICTED&TRUSTED&NOT_VPN&NOT_VCN_MANAGED RequestorUid: 1000 RequestorPkg: android] ]
06-04 09:07:34.345 246 246 D Zygote : Forked child process 1117
06-04 09:07:34.346 517 560 D StorageManagerService: unlockUserKey: 0 isFileEncryptedNativeOrEmulated: false hasToken: false hasSecret: false
06-04 09:07:34.347 517 560 W ActivityManager: UserLifecycleEvent 5 received without an active userJourneySession.
06-04 09:07:34.348 517 560 D ActivityManager: Started unlocking user 0
06-04 09:07:34.348 517 560 D ActivityManager: Unlocking user 0 progress 0
06-04 09:07:34.348 517 560 D ActivityManager: Unlocking user 0 progress 5
06-04 09:07:34.351 191 191 D vold : fscrypt_prepare_user_storage for volume null, user 0, serial 0, flags 2
06-04 09:07:34.352 191 191 D vold : Preparing: /data/system_ce/0
06-04 09:07:34.352 191 191 D vold : Preparing: /data/misc_ce/0
06-04 09:07:34.352 191 191 D vold : Preparing: /data/vendor_ce/0
06-04 09:07:34.352 191 191 D vold : Preparing: /data/media/0
06-04 09:07:34.353 191 191 D vold : Preparing: /data/data
06-04 09:07:34.353 191 191 D vold : Starting restorecon of /data/system_ce/0
06-04 09:07:34.360 191 191 D vold : Finished restorecon of /data/system_ce/0
06-04 09:07:34.360 191 191 D vold : Starting restorecon of /data/vendor_ce/0
06-04 09:07:34.361 1117 1117 I Zygote : seccomp disabled by setenforce 0
06-04 09:07:34.364 724 832 I bt_btif_dm: system/bt/btif/src/btif_dm.cc:548 btif_update_remote_properties: cod from storage is also unclassified
06-04 09:07:34.364 191 191 D vold : Finished restorecon of /data/vendor_ce/0
06-04 09:07:34.364 191 191 D vold : Starting restorecon of /data/misc_ce/0
06-04 09:07:34.370 191 191 D vold : Finished restorecon of /data/misc_ce/0
06-04 09:07:34.370 191 191 D vold : /system/bin/vold_prepare_subdirs
06-04 09:07:34.370 191 191 D vold : prepare
06-04 09:07:34.370 191 191 D vold :
06-04 09:07:34.370 191 191 D vold : 0
06-04 09:07:34.370 191 191 D vold : 2
06-04 09:07:34.405 395 415 I adbd : jdwp connection from 1117
06-04 09:07:34.416 1121 1121 D vold_prepare_subdirs: Setting up mode 771 uid 1000 gid 1000 context u:object_r:system_data_file:s0:c512,c768 on path: /data/data
06-04 09:07:34.417 1121 1121 I vold_prepare_subdirs: Relabelling from u:object_r:system_data_file:s0 to u:object_r:system_data_file:s0:c512,c768: /data/data
06-04 09:07:34.418 1121 1121 D vold_prepare_subdirs: Setting up mode 700 uid 0 gid 0 context u:object_r:vold_data_file:s0 on path: /data/misc_ce/0/vold
06-04 09:07:34.418 1121 1121 D vold_prepare_subdirs: Setting up mode 700 uid 0 gid 0 context u:object_r:storaged_data_file:s0 on path: /data/misc_ce/0/storaged
06-04 09:07:34.419 1121 1121 D vold_prepare_subdirs: Setting up mode 700 uid 0 gid 0 context u:object_r:rollback_data_file:s0 on path: /data/misc_ce/0/rollback
06-04 09:07:34.419 1121 1121 D vold_prepare_subdirs: Setting up mode 700 uid 0 gid 0 context u:object_r:apex_rollback_data_file:s0 on path: /data/misc_ce/0/apexrollback
06-04 09:07:34.420 1121 1121 D vold_prepare_subdirs: Setting up mode 711 uid 0 gid 0 context u:object_r:apex_module_data_file:s0 on path: /data/misc_ce/0/apexdata
06-04 09:07:34.421 1121 1121 D vold_prepare_subdirs: Setting up mode 771 uid 0 gid 1000 context u:object_r:apex_wifi_data_file:s0 on path: /data/misc_ce/0/apexdata/com.android.wifi
06-04 09:07:34.422 1121 1121 D vold_prepare_subdirs: Setting up mode 771 uid 0 gid 1000 context u:object_r:apex_module_data_file:s0 on path: /data/misc_ce/0/apexdata/com.android.vndk.v31
06-04 09:07:34.423 1121 1121 D vold_prepare_subdirs: Setting up mode 771 uid 0 gid 1000 context u:object_r:apex_module_data_file:s0 on path: /data/misc_ce/0/apexdata/com.android.tzdata
06-04 09:07:34.423 1121 1121 D vold_prepare_subdirs: Setting up mode 771 uid 0 gid 1000 context u:object_r:apex_module_data_file:s0 on path: /data/misc_ce/0/apexdata/com.android.tethering
06-04 09:07:34.424 1121 1121 D vold_prepare_subdirs: Setting up mode 771 uid 0 gid 1000 context u:object_r:apex_module_data_file:s0 on path: /data/misc_ce/0/apexdata/com.android.sdkext
06-04 09:07:34.425 1121 1121 D vold_prepare_subdirs: Setting up mode 771 uid 0 gid 1000 context u:object_r:apex_module_data_file:s0 on path: /data/misc_ce/0/apexdata/com.android.scheduling
06-04 09:07:34.425 1121 1121 D vold_prepare_subdirs: Setting up mode 771 uid 0 gid 1000 context u:object_r:apex_module_data_file:s0 on path: /data/misc_ce/0/apexdata/com.android.runtime
06-04 09:07:34.426 1121 1121 D vold_prepare_subdirs: Setting up mode 771 uid 0 gid 1000 context u:object_r:apex_module_data_file:s0 on path: /data/misc_ce/0/apexdata/com.android.resolv
06-04 09:07:34.427 1121 1121 D vold_prepare_subdirs: Setting up mode 771 uid 0 gid 1000 context u:object_r:apex_permission_data_file:s0 on path: /data/misc_ce/0/apexdata/com.android.permission
06-04 09:07:34.427 1121 1121 D vold_prepare_subdirs: Setting up mode 771 uid 0 gid 1000 context u:object_r:apex_module_data_file:s0 on path: /data/misc_ce/0/apexdata/com.android.os.statsd
06-04 09:07:34.428 1121 1121 D vold_prepare_subdirs: Setting up mode 771 uid 0 gid 1000 context u:object_r:apex_module_data_file:s0 on path: /data/misc_ce/0/apexdata/com.android.neuralnetworks
06-04 09:07:34.428 1121 1121 D vold_prepare_subdirs: Setting up mode 771 uid 0 gid 1000 context u:object_r:apex_module_data_file:s0 on path: /data/misc_ce/0/apexdata/com.android.mediaprovider
06-04 09:07:34.429 1121 1121 D vold_prepare_subdirs: Setting up mode 771 uid 0 gid 1000 context u:object_r:apex_module_data_file:s0 on path: /data/misc_ce/0/apexdata/com.android.media.swcodec
06-04 09:07:34.429 1121 1121 D vold_prepare_subdirs: Setting up mode 771 uid 0 gid 1000 context u:object_r:apex_module_data_file:s0 on path: /data/misc_ce/0/apexdata/com.android.media
06-04 09:07:34.430 1121 1121 D vold_prepare_subdirs: Setting up mode 771 uid 0 gid 1000 context u:object_r:apex_module_data_file:s0 on path: /data/misc_ce/0/apexdata/com.android.ipsec
06-04 09:07:34.430 1121 1121 D vold_prepare_subdirs: Setting up mode 771 uid 0 gid 1000 context u:object_r:apex_module_data_file:s0 on path: /data/misc_ce/0/apexdata/com.android.i18n
06-04 09:07:34.431 1121 1121 D vold_prepare_subdirs: Setting up mode 771 uid 0 gid 1000 context u:object_r:apex_module_data_file:s0 on path: /data/misc_ce/0/apexdata/com.android.extservices
06-04 09:07:34.432 1121 1121 D vold_prepare_subdirs: Setting up mode 771 uid 0 gid 1000 context u:object_r:apex_module_data_file:s0 on path: /data/misc_ce/0/apexdata/com.android.conscrypt
06-04 09:07:34.432 1121 1121 D vold_prepare_subdirs: Setting up mode 771 uid 0 gid 1000 context u:object_r:apex_module_data_file:s0 on path: /data/misc_ce/0/apexdata/com.android.art
06-04 09:07:34.433 1121 1121 D vold_prepare_subdirs: Setting up mode 771 uid 0 gid 1000 context u:object_r:apex_appsearch_data_file:s0 on path: /data/misc_ce/0/apexdata/com.android.appsearch
06-04 09:07:34.434 1121 1121 D vold_prepare_subdirs: Setting up mode 771 uid 0 gid 1000 context u:object_r:apex_module_data_file:s0 on path: /data/misc_ce/0/apexdata/com.android.adbd
06-04 09:07:34.434 1121 1121 D vold_prepare_subdirs: Setting up mode 700 uid 1000 gid 1000 context u:object_r:backup_data_file:s0 on path: /data/system_ce/0/backup
06-04 09:07:34.435 1121 1121 D vold_prepare_subdirs: Setting up mode 700 uid 1000 gid 1000 context u:object_r:backup_data_file:s0 on path: /data/system_ce/0/backup_stage
06-04 09:07:34.435 1121 1121 D vold_prepare_subdirs: Setting up mode 700 uid 1000 gid 1000 context u:object_r:face_vendor_data_file:s0 on path: /data/vendor_ce/0/facedata
06-04 09:07:34.438 517 560 V UserDataPreparer: Found /data/user/0 with serial number 0
06-04 09:07:34.438 517 560 V UserDataPreparer: Found /data/system_ce/0 with serial number -1
06-04 09:07:34.438 517 560 D UserDataPreparer: Serial number missing on /data/system_ce/0; assuming current is valid
06-04 09:07:34.439 517 560 D UserDataPreparer: Setting property: sys.user.0.ce_available=true
06-04 09:07:34.440 517 560 V PackageManager: reconcileAppsData for null u0 0x2 migrateAppData=true
06-04 09:07:34.456 264 264 I EventThread: type=1400 audit(0.0:379): avc: denied { search } for name="extcon" dev="sysfs" ino=18109 scontext=u:r:hal_tv_cec_default:s0 tcontext=u:object_r:sysfs_extcon:s0 tclass=dir permissive=1
06-04 09:07:34.464 268 452 D AudioFlinger: mixer(0xf6ca02c0) throttle end: throttle time(6)
06-04 09:07:34.517 127 127 I binder : undelivered transaction 25231, process died.
06-04 09:07:34.552 1104 1104 I net_disconnect.: type=1400 audit(0.0:380): avc: denied { execute } for name="rgb_led_ctl" dev="dm-1" ino=188 scontext=u:r:init:s0 tcontext=u:object_r:vendor_file:s0 tclass=file permissive=1
06-04 09:07:34.552 1138 1138 I net_disconnect.: type=1400 audit(0.0:381): avc: denied { execute_no_trans } for path="/vendor/bin/rgb_led_ctl" dev="dm-1" ino=188 scontext=u:r:init:s0 tcontext=u:object_r:vendor_file:s0 tclass=file permissive=1
06-04 09:07:34.568 1138 1138 I rgb_led_ctl: type=1400 audit(0.0:382): avc: denied { write } for name="spidev1.0" dev="tmpfs" ino=1280 scontext=u:r:init:s0 tcontext=u:object_r:device:s0 tclass=chr_file permissive=1
06-04 09:07:34.568 1138 1138 I rgb_led_ctl: type=1400 audit(0.0:383): avc: denied { open } for path="/dev/spidev1.0" dev="tmpfs" ino=1280 scontext=u:r:init:s0 tcontext=u:object_r:device:s0 tclass=chr_file permissive=1
06-04 09:07:34.568 1138 1138 I rgb_led_ctl: type=1400 audit(0.0:384): avc: denied { ioctl } for path="/dev/spidev1.0" dev="tmpfs" ino=1280 ioctlcmd=0x6b01 scontext=u:r:init:s0 tcontext=u:object_r:device:s0 tclass=chr_file permissive=1
06-04 09:07:34.574 517 806 D WifiNl80211Manager: Scan result ready event
06-04 09:07:34.575 517 806 D WifiNative: Scan result ready event
06-04 09:07:34.623 303 303 D XiriService: check file name: /data/data/com.android.cts.priv.ctsshim/lib
06-04 09:07:34.620 303 303 I xiriservice_All: type=1400 audit(0.0:385): avc: denied { search } for name="com.android.cts.priv.ctsshim" dev="mmcblk0p25" ino=566 scontext=u:r:init:s0 tcontext=u:object_r:privapp_data_file:s0:c512,c768 tclass=dir permissive=1
06-04 09:07:34.624 303 303 D XiriService: check file name: /data/data/com.android.cts.priv.ctsshim/lib
06-04 09:07:34.624 303 303 D XiriService: check file name: /data/data/com.android.cts.priv.ctsshim/lib
06-04 09:07:34.620 303 303 I xiriservice_All: type=1400 audit(0.0:386): avc: denied { read } for name="lib" dev="mmcblk0p25" ino=1701 scontext=u:r:init:s0 tcontext=u:object_r:privapp_data_file:s0:c512,c768 tclass=lnk_file permissive=1
06-04 09:07:34.628 303 303 D XiriService: check file name: /data/data/com.android.cts.priv.ctsshim/lib
06-04 09:07:34.628 303 303 D XiriService: check file name: /data/data/com.android.cts.priv.ctsshim/lib
06-04 09:07:34.628 303 303 D XiriService: check file name: /data/data/com.android.cts.priv.ctsshim/lib
06-04 09:07:34.628 303 303 D XiriService: check file name: /data/data/com.android.cts.priv.ctsshim/lib
06-04 09:07:34.634 303 303 D XiriService: check file name: /data/data/com.android.dynsystem/lib
06-04 09:07:34.632 303 303 I xiriservice_All: type=1400 audit(0.0:387): avc: denied { search } for name="com.android.dynsystem" dev="mmcblk0p25" ino=574 scontext=u:r:init:s0 tcontext=u:object_r:system_app_data_file:s0 tclass=dir permissive=1
06-04 09:07:34.632 303 303 I xiriservice_All: type=1400 audit(0.0:388): avc: denied { read } for name="lib" dev="mmcblk0p25" ino=1703 scontext=u:r:init:s0 tcontext=u:object_r:system_app_data_file:s0 tclass=lnk_file permissive=1
06-04 09:07:34.634 303 303 D XiriService: check file name: /data/data/com.android.dynsystem/lib
06-04 09:07:34.634 303 303 D XiriService: check file name: /data/data/com.android.dynsystem/lib
06-04 09:07:34.638 303 303 D XiriService: check file name: /data/data/com.android.dynsystem/lib
06-04 09:07:34.638 303 303 D XiriService: check file name: /data/data/com.android.dynsystem/lib
06-04 09:07:34.639 303 303 D XiriService: check file name: /data/data/com.android.dynsystem/lib
06-04 09:07:34.639 303 303 D XiriService: check file name: /data/data/com.dangbei.lerad.rocky/lib
06-04 09:07:34.640 303 303 D XiriService: check file name: /data/data/com.dangbei.lerad.rocky/lib
06-04 09:07:34.640 303 303 D XiriService: check file name: /data/data/com.dangbei.lerad.rocky/lib
06-04 09:07:34.643 303 303 D XiriService: check file name: /data/data/com.dangbei.lerad.rocky/lib
06-04 09:07:34.643 303 303 D XiriService: check file name: /data/data/com.dangbei.lerad.rocky/lib
06-04 09:07:34.643 303 303 D XiriService: check file name: /data/data/com.dangbei.lerad.rocky/lib
06-04 09:07:34.643 303 303 D XiriService: check file name: /data/data/com.dangbei.lerad.rocky/lib
06-04 09:07:34.647 517 858 D BufferPoolAccessor2.0: bufferpool2 0xedb512d8 : 0(0 size) total buffers - 0(0 size) used buffers - 2/7 (recycle/alloc) - 9/294 (fetch/transfer)
06-04 09:07:34.647 517 858 D BufferPoolAccessor2.0: evictor expired: 1, evicted: 1
06-04 09:07:34.647 303 303 D XiriService: check file name: /data/data/com.android.tv.settings/lib
06-04 09:07:34.648 303 303 D XiriService: check file name: /data/data/com.android.tv.settings/lib
06-04 09:07:34.648 303 303 D XiriService: check file name: /data/data/com.android.tv.settings/lib
06-04 09:07:34.651 370 813 D BufferPoolAccessor2.0: bufferpool2 0xec0afdd8 : 0(0 size) total buffers - 0(0 size) used buffers - 141/145 (recycle/alloc) - 8/144 (fetch/transfer)
06-04 09:07:34.651 370 813 D BufferPoolAccessor2.0: evictor expired: 1, evicted: 1
06-04 09:07:34.651 303 303 D XiriService: check file name: /data/data/com.android.tv.settings/lib
06-04 09:07:34.651 303 303 D XiriService: check file name: /data/data/com.android.tv.settings/lib
06-04 09:07:34.652 303 303 D XiriService: check file name: /data/data/com.android.tv.settings/lib
06-04 09:07:34.652 303 303 D XiriService: check file name: /data/data/com.android.tv.settings/lib
06-04 09:07:34.657 303 303 D XiriService: check file name: /data/data/com.oranth.factory/lib
06-04 09:07:34.660 303 303 D XiriService: check file name: /data/data/com.oranth.factory/lib
06-04 09:07:34.660 303 303 D XiriService: check file name: /data/data/com.oranth.factory/lib
06-04 09:07:34.661 303 303 D XiriService: check file name: /data/data/com.oranth.factory/lib
06-04 09:07:34.661 303 303 D XiriService: check file name: /data/data/com.oranth.factory/lib
06-04 09:07:34.664 303 303 D XiriService: check file name: /data/data/com.dangbei.zhushou.os/lib
06-04 09:07:34.664 303 303 D XiriService: check file name: /data/data/com.dangbei.zhushou.os/lib
06-04 09:07:34.665 303 303 D XiriService: check file name: /data/data/com.dangbei.zhushou.os/lib
06-04 09:07:34.665 303 303 D XiriService: check file name: /data/data/com.dangbei.zhushou.os/lib
06-04 09:07:34.667 303 303 D XiriService: check file name: /data/data/com.dangbei.zhushou.os/lib
06-04 09:07:34.668 303 303 D XiriService: check file name: /data/data/com.dangbei.zhushou.os/lib
06-04 09:07:34.668 303 303 D XiriService: check file name: /data/data/com.dangbei.zhushou.os/lib
06-04 09:07:34.668 303 303 D XiriService: check file name: /data/data/com.dangbei.zhushou.os/lib
06-04 09:07:34.677 303 303 D XiriService: check file name: /data/data/com.sohu.inputmethod.sogou.tv/lib
06-04 09:07:34.677 303 303 D XiriService: check file name: /data/data/com.sohu.inputmethod.sogou.tv/lib
06-04 09:07:34.676 303 303 I xiriservice_All: type=1400 audit(0.0:389): avc: denied { search } for name="com.sohu.inputmethod.sogou.tv" dev="mmcblk0p25" ino=1405 scontext=u:r:init:s0 tcontext=u:object_r:app_data_file:s0:c51,c256,c512,c768 tclass=dir permissive=1
06-04 09:07:34.678 303 303 D XiriService: check file name: /data/data/com.sohu.inputmethod.sogou.tv/lib
06-04 09:07:34.678 303 303 D XiriService: check file name: /data/data/com.sohu.inputmethod.sogou.tv/lib
06-04 09:07:34.676 303 303 I xiriservice_All: type=1400 audit(0.0:390): avc: denied { read } for name="lib" dev="mmcblk0p25" ino=1713 scontext=u:r:init:s0 tcontext=u:object_r:app_data_file:s0:c51,c256,c512,c768 tclass=lnk_file permissive=1
06-04 09:07:34.681 303 303 D XiriService: check file name: /data/data/com.sohu.inputmethod.sogou.tv/lib
06-04 09:07:34.681 303 303 D XiriService: check file name: /data/data/com.sohu.inputmethod.sogou.tv/lib
06-04 09:07:34.682 303 303 D XiriService: check file name: /data/data/com.sohu.inputmethod.sogou.tv/lib
06-04 09:07:34.682 303 303 D XiriService: check file name: /data/data/com.sohu.inputmethod.sogou.tv/lib
06-04 09:07:34.703 303 303 D XiriService: check file name: /data/data/com.oranth.ledstatus/lib
06-04 09:07:34.704 303 303 D XiriService: check file name: /data/data/com.oranth.ledstatus/lib
06-04 09:07:34.704 303 303 D XiriService: check file name: /data/data/com.oranth.ledstatus/lib
06-04 09:07:34.704 303 303 D XiriService: check file name: /data/data/com.oranth.ledstatus/lib
06-04 09:07:34.707 303 303 D XiriService: check file name: /data/data/com.oranth.ledstatus/lib
06-04 09:07:34.707 303 303 D XiriService: check file name: /data/data/com.oranth.ledstatus/lib
06-04 09:07:34.707 303 303 D XiriService: check file name: /data/data/com.oranth.ledstatus/lib
06-04 09:07:34.707 303 303 D XiriService: check file name: /data/data/com.oranth.ledstatus/lib
06-04 09:07:34.708 303 303 D XiriService: check file name: /data/data/com.dangbei.lerad.videoposter/lib
06-04 09:07:34.704 303 303 I xiriservice_All: type=1400 audit(0.0:391): avc: denied { search } for name="com.dangbei.lerad.videoposter" dev="mmcblk0p25" ino=746 scontext=u:r:init:s0 tcontext=u:object_r:app_data_file:s0:c512,c768 tclass=dir permissive=1
06-04 09:07:34.704 303 303 I xiriservice_All: type=1400 audit(0.0:392): avc: denied { read } for name="lib" dev="mmcblk0p25" ino=1717 scontext=u:r:init:s0 tcontext=u:object_r:app_data_file:s0:c512,c768 tclass=lnk_file permissive=1
06-04 09:07:34.708 303 303 D XiriService: check file name: /data/data/com.dangbei.lerad.videoposter/lib
06-04 09:07:34.708 303 303 D XiriService: check file name: /data/data/com.dangbei.lerad.videoposter/lib
06-04 09:07:34.708 303 303 D XiriService: check file name: /data/data/com.dangbei.lerad.videoposter/lib
06-04 09:07:34.711 303 303 D XiriService: check file name: /data/data/com.dangbei.lerad.videoposter/lib
06-04 09:07:34.711 303 303 D XiriService: check file name: /data/data/com.dangbei.lerad.videoposter/lib
06-04 09:07:34.712 303 303 D XiriService: check file name: /data/data/com.dangbei.lerad.videoposter/lib
06-04 09:07:34.712 303 303 D XiriService: check file name: /data/data/com.dangbei.lerad.videoposter/lib
06-04 09:07:34.720 303 303 D XiriService: check file name: /data/data/com.android.networkstack/lib
06-04 09:07:34.720 303 303 D XiriService: check file name: /data/data/com.android.networkstack/lib
06-04 09:07:34.720 303 303 D XiriService: check file name: /data/data/com.android.networkstack/lib
06-04 09:07:34.720 303 303 D XiriService: check file name: /data/data/com.android.networkstack/lib
06-04 09:07:34.716 303 303 I xiriservice_All: type=1400 audit(0.0:393): avc: denied { read } for name="lib" dev="mmcblk0p25" ino=1719 scontext=u:r:init:s0 tcontext=u:object_r:radio_data_file:s0 tclass=lnk_file permissive=1
06-04 09:07:34.723 303 303 D XiriService: check file name: /data/data/com.android.networkstack/lib
06-04 09:07:34.723 303 303 D XiriService: check file name: /data/data/com.android.networkstack/lib
06-04 09:07:34.723 303 303 D XiriService: check file name: /data/data/com.android.networkstack/lib
06-04 09:07:34.723 303 303 D XiriService: check file name: /data/data/com.android.networkstack/lib
06-04 09:07:34.738 303 303 D XiriService: check file name: /data/data/android/lib
06-04 09:07:34.738 303 303 D XiriService: check file name: /data/data/android/lib
06-04 09:07:34.738 303 303 D XiriService: check file name: /data/data/android/lib
06-04 09:07:34.738 303 303 D XiriService: check file name: /data/data/android/lib
06-04 09:07:34.740 303 303 D XiriService: check file name: /data/data/android/lib
06-04 09:07:34.741 303 303 D XiriService: check file name: /data/data/android/lib
06-04 09:07:34.741 303 303 D XiriService: check file name: /data/data/android/lib
06-04 09:07:34.741 303 303 D XiriService: check file name: /data/data/android/lib
06-04 09:07:34.758 303 303 D XiriService: check file name: /data/data/com.dangbei.screencast/lib
06-04 09:07:34.758 303 303 D XiriService: check file name: /data/data/com.dangbei.screencast/lib
06-04 09:07:34.759 303 303 D XiriService: check file name: /data/data/com.dangbei.screencast/lib
06-04 09:07:34.759 303 303 D XiriService: check file name: /data/data/com.dangbei.screencast/lib
06-04 09:07:34.761 303 303 D XiriService: check file name: /data/data/com.dangbei.screencast/lib
06-04 09:07:34.762 303 303 D XiriService: check file name: /data/data/com.dangbei.screencast/lib
06-04 09:07:34.762 303 303 D XiriService: check file name: /data/data/com.dangbei.screencast/lib
06-04 09:07:34.762 303 303 D XiriService: check file name: /data/data/com.dangbei.screencast/lib
06-04 09:07:34.767 303 303 D XiriService: check file name: /data/data/com.dangbei.leard.leradlauncher/lib
06-04 09:07:34.767 303 303 D XiriService: check file name: /data/data/com.dangbei.leard.leradlauncher/lib
06-04 09:07:34.768 303 303 D XiriService: check file name: /data/data/com.dangbei.leard.leradlauncher/lib
06-04 09:07:34.768 303 303 D XiriService: check file name: /data/data/com.dangbei.leard.leradlauncher/lib
06-04 09:07:34.771 303 303 D XiriService: check file name: /data/data/com.dangbei.leard.leradlauncher/lib
06-04 09:07:34.771 303 303 D XiriService: check file name: /data/data/com.dangbei.leard.leradlauncher/lib
06-04 09:07:34.771 303 303 D XiriService: check file name: /data/data/com.dangbei.leard.leradlauncher/lib
06-04 09:07:34.771 303 303 D XiriService: check file name: /data/data/com.dangbei.leard.leradlauncher/lib
06-04 09:07:34.772 303 303 D XiriService: check file name: /data/data/com.android.providers.settings/lib
06-04 09:07:34.772 303 303 D XiriService: check file name: /data/data/com.android.providers.settings/lib
06-04 09:07:34.772 303 303 D XiriService: check file name: /data/data/com.android.providers.settings/lib
06-04 09:07:34.772 303 303 D XiriService: check file name: /data/data/com.android.providers.settings/lib
06-04 09:07:34.775 303 303 D XiriService: check file name: /data/data/com.android.providers.settings/lib
06-04 09:07:34.775 303 303 D XiriService: check file name: /data/data/com.android.providers.settings/lib
06-04 09:07:34.775 303 303 D XiriService: check file name: /data/data/com.android.providers.settings/lib
06-04 09:07:34.775 303 303 D XiriService: check file name: /data/data/com.android.providers.settings/lib
06-04 09:07:34.778 303 303 D XiriService: check file name: /data/data/com.android.printspooler/lib
06-04 09:07:34.776 303 303 I xiriservice_All: type=1400 audit(0.0:394): avc: denied { search } for name="com.android.printspooler" dev="mmcblk0p25" ino=930 scontext=u:r:init:s0 tcontext=u:object_r:app_data_file:s0:c34,c256,c512,c768 tclass=dir permissive=1
06-04 09:07:34.778 303 303 D XiriService: check file name: /data/data/com.android.printspooler/lib
06-04 09:07:34.779 303 303 D XiriService: check file name: /data/data/com.android.printspooler/lib
06-04 09:07:34.776 303 303 I xiriservice_All: type=1400 audit(0.0:395): avc: denied { read } for name="lib" dev="mmcblk0p25" ino=1729 scontext=u:r:init:s0 tcontext=u:object_r:app_data_file:s0:c34,c256,c512,c768 tclass=lnk_file permissive=1
06-04 09:07:34.784 303 303 D XiriService: check file name: /data/data/com.android.printspooler/lib
06-04 09:07:34.785 303 303 D XiriService: check file name: /data/data/com.android.webview/lib
06-04 09:07:34.785 303 303 D XiriService: check file name: /data/data/com.android.webview/lib
06-04 09:07:34.784 303 303 I xiriservice_All: type=1400 audit(0.0:396): avc: denied { search } for name="com.android.webview" dev="mmcblk0p25" ino=950 scontext=u:r:init:s0 tcontext=u:object_r:app_data_file:s0:c60,c256,c512,c768 tclass=dir permissive=1
06-04 09:07:34.786 303 303 D XiriService: check file name: /data/data/com.android.webview/lib
06-04 09:07:34.786 303 303 D XiriService: check file name: /data/data/com.android.webview/lib
06-04 09:07:34.784 303 303 I xiriservice_All: type=1400 audit(0.0:397): avc: denied { read } for name="lib" dev="mmcblk0p25" ino=1731 scontext=u:r:init:s0 tcontext=u:object_r:app_data_file:s0:c60,c256,c512,c768 tclass=lnk_file permissive=1
06-04 09:07:34.788 303 303 D XiriService: check file name: /data/data/com.android.webview/lib
06-04 09:07:34.789 303 303 D XiriService: check file name: /data/data/com.android.webview/lib
06-04 09:07:34.789 303 303 D XiriService: check file name: /data/data/com.android.webview/lib
06-04 09:07:34.789 303 303 D XiriService: check file name: /data/data/com.android.webview/lib
06-04 09:07:34.794 303 303 D XiriService: check file name: /data/data/com.android.inputdevices/lib
06-04 09:07:34.794 303 303 D XiriService: check file name: /data/data/com.android.inputdevices/lib
06-04 09:07:34.794 303 303 D XiriService: check file name: /data/data/com.android.inputdevices/lib
06-04 09:07:34.794 303 303 D XiriService: check file name: /data/data/com.android.inputdevices/lib
06-04 09:07:34.797 303 303 D XiriService: check file name: /data/data/com.android.inputdevices/lib
06-04 09:07:34.797 303 303 D XiriService: check file name: /data/data/com.android.inputdevices/lib
06-04 09:07:34.797 303 303 D XiriService: check file name: /data/data/com.android.inputdevices/lib
06-04 09:07:34.798 303 303 D XiriService: check file name: /data/data/com.android.inputdevices/lib
06-04 09:07:34.798 303 303 D XiriService: check file name: /data/data/com.android.bips/lib
06-04 09:07:34.799 303 303 D XiriService: check file name: /data/data/com.android.bips/lib
06-04 09:07:34.799 374 374 I update_engine: [INFO:cleanup_previous_update_action.cc(112)] Executing task 12
06-04 09:07:34.801 374 374 I update_engine: [INFO:cleanup_previous_update_action.cc(189)] Boot completed, waiting on markBootSuccessful()
06-04 09:07:34.802 303 303 D XiriService: check file name: /data/data/com.android.bips/lib
06-04 09:07:34.803 303 303 D XiriService: check file name: /data/data/com.android.bips/lib
06-04 09:07:34.803 303 303 D XiriService: check file name: /data/data/com.android.bips/lib
06-04 09:07:34.804 303 303 D XiriService: check file name: /data/data/com.android.bips/lib
06-04 09:07:34.804 374 374 I update_engine: EnsureMetadataMounted does nothing in Android mode.
06-04 09:07:34.805 303 303 D XiriService: check file name: /data/data/com.oranth.inputmacsn/lib
06-04 09:07:34.805 303 303 D XiriService: check file name: /data/data/com.oranth.inputmacsn/lib
06-04 09:07:34.807 374 374 I update_engine: Read merge statistics file failed: No such file or directory
06-04 09:07:34.809 303 303 D XiriService: check file name: /data/data/com.oranth.inputmacsn/lib
06-04 09:07:34.809 303 303 D XiriService: check file name: /data/data/com.oranth.inputmacsn/lib
06-04 09:07:34.810 303 303 D XiriService: check file name: /data/data/com.oranth.inputmacsn/lib
06-04 09:07:34.810 303 303 D XiriService: check file name: /data/data/com.oranth.inputmacsn/lib
06-04 09:07:34.813 374 374 I update_engine: [INFO:cleanup_previous_update_action.cc(261)] Waiting for any previous merge request to complete. This can take up to several minutes.
06-04 09:07:34.816 374 374 E update_engine: Read state file failed: No such file or directory
06-04 09:07:34.819 374 374 E update_engine: Read state file failed: No such file or directory
06-04 09:07:34.822 374 374 I update_engine: CheckMergeState for snapshots returned: 0
06-04 09:07:34.825 374 374 I update_engine: ProcessUpdateState handling state: 0
06-04 09:07:34.828 374 374 I update_engine: [INFO:cleanup_previous_update_action.cc(287)] Can't find any snapshot to merge.
06-04 09:07:34.830 303 303 D XiriService: check file name: /data/data/com.android.keychain/lib
06-04 09:07:34.831 303 303 D XiriService: check file name: /data/data/com.android.keychain/lib
06-04 09:07:34.831 303 303 D XiriService: check file name: /data/data/com.android.keychain/lib
06-04 09:07:34.831 303 303 D XiriService: check file name: /data/data/com.android.keychain/lib
06-04 09:07:34.833 374 374 E update_engine: Read state file failed: No such file or directory
06-04 09:07:34.836 374 374 I update_engine: [INFO:cleanup_previous_update_action.cc(130)] Stopping/suspending/completing CleanupPreviousUpdateAction
06-04 09:07:34.838 303 303 D XiriService: check file name: /data/data/com.android.keychain/lib
06-04 09:07:34.839 374 374 I update_engine: [INFO:cleanup_previous_update_action.cc(469)] Not reporting merge stats because state is None
06-04 09:07:34.839 303 303 D XiriService: check file name: /data/data/com.android.keychain/lib
06-04 09:07:34.839 303 303 D XiriService: check file name: /data/data/com.android.keychain/lib
06-04 09:07:34.839 303 303 D XiriService: check file name: /data/data/com.android.keychain/lib
06-04 09:07:34.844 374 374 I update_engine: [INFO:cleanup_previous_update_action.cc(130)] Stopping/suspending/completing CleanupPreviousUpdateAction
06-04 09:07:34.847 374 374 I update_engine: [INFO:action_processor.cc(116)] ActionProcessor: finished last action CleanupPreviousUpdateAction with code ErrorCode::kSuccess
06-04 09:07:34.849 303 303 D XiriService: check file name: /data/data/android.ext.services/lib
06-04 09:07:34.852 303 303 D XiriService: check file name: /data/data/android.ext.services/lib
06-04 09:07:34.853 374 374 I update_engine: [INFO:update_attempter_android.cc(549)] Processing Done.
06-04 09:07:34.855 303 303 D XiriService: check file name: /data/data/android.ext.services/lib
06-04 09:07:34.855 303 303 D XiriService: check file name: /data/data/android.ext.services/lib
06-04 09:07:34.856 303 303 D XiriService: check file name: /data/data/android.ext.services/lib
06-04 09:07:34.856 303 303 D XiriService: check file name: /data/data/android.ext.services/lib
06-04 09:07:34.856 374 374 I update_engine: [INFO:update_attempter_android.cc(701)] Terminating cleanup previous update.
06-04 09:07:34.861 303 303 D XiriService: check file name: /data/data/com.android.localtransport/lib
06-04 09:07:34.862 303 303 D XiriService: check file name: /data/data/com.android.localtransport/lib
06-04 09:07:34.867 303 303 D XiriService: check file name: /data/data/com.android.localtransport/lib
06-04 09:07:34.867 303 303 D XiriService: check file name: /data/data/com.android.localtransport/lib
06-04 09:07:34.867 303 303 D XiriService: check file name: /data/data/com.android.localtransport/lib
06-04 09:07:34.867 303 303 D XiriService: check file name: /data/data/com.android.localtransport/lib
06-04 09:07:34.869 303 303 D XiriService: check file name: /data/data/com.android.packageinstaller/lib
06-04 09:07:34.870 303 303 D XiriService: check file name: /data/data/com.android.packageinstaller/lib
06-04 09:07:34.874 303 303 D XiriService: check file name: /data/data/com.android.packageinstaller/lib
06-04 09:07:34.874 303 303 D XiriService: check file name: /data/data/com.android.packageinstaller/lib
06-04 09:07:34.874 303 303 D XiriService: check file name: /data/data/com.android.packageinstaller/lib
06-04 09:07:34.874 303 303 D XiriService: check file name: /data/data/com.android.packageinstaller/lib
06-04 09:07:34.888 303 303 D XiriService: check file name: /data/data/com.oranth.usbopenft/lib
06-04 09:07:34.889 303 303 D XiriService: check file name: /data/data/com.oranth.usbopenft/lib
06-04 09:07:34.891 303 303 D XiriService: check file name: /data/data/com.oranth.usbopenft/lib
06-04 09:07:34.891 303 303 D XiriService: check file name: /data/data/com.oranth.usbopenft/lib
06-04 09:07:34.891 303 303 D XiriService: check file name: /data/data/com.oranth.usbopenft/lib
06-04 09:07:34.891 303 303 D XiriService: check file name: /data/data/com.oranth.usbopenft/lib
06-04 09:07:34.892 303 303 D XiriService: check file name: /data/data/com.android.networkstack.tethering/lib
06-04 09:07:34.893 303 303 D XiriService: check file name: /data/data/com.android.networkstack.tethering/lib
06-04 09:07:34.897 303 303 D XiriService: check file name: /data/data/com.android.networkstack.tethering/lib
06-04 09:07:34.897 303 303 D XiriService: check file name: /data/data/com.android.networkstack.tethering/lib
06-04 09:07:34.897 303 303 D XiriService: check file name: /data/data/com.android.networkstack.tethering/lib
06-04 09:07:34.897 303 303 D XiriService: check file name: /data/data/com.android.networkstack.tethering/lib
06-04 09:07:34.902 303 303 D XiriService: check file name: /data/data/com.dangbei.lerad.etna.haqu/lib
06-04 09:07:34.903 303 303 D XiriService: check file name: /data/data/com.dangbei.lerad.etna.haqu/lib
06-04 09:07:34.903 303 303 D XiriService: check file name: /data/data/com.dangbei.lerad.etna.haqu/lib
06-04 09:07:34.906 517 559 W IorapForwardingService: No service published for: iorapd
06-04 09:07:34.906 303 303 D XiriService: check file name: /data/data/com.dangbei.lerad.etna.haqu/lib
06-04 09:07:34.906 303 303 D XiriService: check file name: /data/data/com.dangbei.lerad.etna.haqu/lib
06-04 09:07:34.906 303 303 D XiriService: check file name: /data/data/com.dangbei.lerad.etna.haqu/lib
06-04 09:07:34.906 303 303 D XiriService: check file name: /data/data/com.dangbei.lerad.etna.haqu/lib
06-04 09:07:34.921 303 303 D XiriService: check file name: /data/data/com.oranth.powerwindow/lib
06-04 09:07:34.923 303 303 D XiriService: check file name: /data/data/com.oranth.powerwindow/lib
06-04 09:07:34.925 303 303 D XiriService: check file name: /data/data/com.oranth.powerwindow/lib
06-04 09:07:34.925 303 303 D XiriService: check file name: /data/data/com.oranth.powerwindow/lib
06-04 09:07:34.926 303 303 D XiriService: check file name: /data/data/com.oranth.powerwindow/lib
06-04 09:07:34.926 303 303 D XiriService: check file name: /data/data/com.oranth.powerwindow/lib
06-04 09:07:34.938 303 303 D XiriService: check file name: /data/data/com.android.networkstack.permissionconfig/lib
06-04 09:07:34.940 303 303 D XiriService: check file name: /data/data/com.android.networkstack.permissionconfig/lib
06-04 09:07:34.943 303 303 D XiriService: check file name: /data/data/com.android.networkstack.permissionconfig/lib
06-04 09:07:34.943 303 303 D XiriService: check file name: /data/data/com.android.networkstack.permissionconfig/lib
06-04 09:07:34.944 303 303 D XiriService: check file name: /data/data/com.android.networkstack.permissionconfig/lib
06-04 09:07:34.944 303 303 D XiriService: check file name: /data/data/com.android.networkstack.permissionconfig/lib
06-04 09:07:34.949 303 303 D XiriService: check file name: /data/data/com.dangbei.lerad.screensaver/lib
06-04 09:07:34.948 303 303 I xiriservice_All: type=1400 audit(0.0:398): avc: denied { search } for name="com.dangbei.lerad.screensaver" dev="mmcblk0p25" ino=1184 scontext=u:r:init:s0 tcontext=u:object_r:app_data_file:s0:c40,c256,c512,c768 tclass=dir permissive=1
06-04 09:07:34.948 303 303 I xiriservice_All: type=1400 audit(0.0:399): avc: denied { read } for name="lib" dev="mmcblk0p25" ino=1510 scontext=u:r:init:s0 tcontext=u:object_r:app_data_file:s0:c40,c256,c512,c768 tclass=lnk_file permissive=1
06-04 09:07:34.950 303 303 D XiriService: check file name: /data/data/com.dangbei.lerad.screensaver/lib
06-04 09:07:34.954 303 303 D XiriService: check file name: /data/data/com.dangbei.lerad.screensaver/lib
06-04 09:07:34.954 303 303 D XiriService: check file name: /data/data/com.dangbei.lerad.screensaver/lib
06-04 09:07:34.954 303 303 D XiriService: check file name: /data/data/com.dangbei.lerad.screensaver/lib
06-04 09:07:34.955 303 303 D XiriService: check file name: /data/data/com.dangbei.lerad.screensaver/lib
06-04 09:07:34.980 303 303 D XiriService: check file name: /data/data/com.android.wallpaperbackup/lib
06-04 09:07:34.980 303 303 D XiriService: check file name: /data/data/com.android.wallpaperbackup/lib
06-04 09:07:34.984 303 303 D XiriService: check file name: /data/data/com.android.wallpaperbackup/lib
06-04 09:07:34.984 303 303 D XiriService: check file name: /data/data/com.android.wallpaperbackup/lib
06-04 09:07:34.984 303 303 D XiriService: check file name: /data/data/com.android.wallpaperbackup/lib
06-04 09:07:34.984 303 303 D XiriService: check file name: /data/data/com.android.wallpaperbackup/lib
06-04 09:07:34.996 303 303 D XiriService: check file name: /data/data/com.android.providers.media.module/lib
06-04 09:07:34.992 303 303 I xiriservice_All: type=1400 audit(0.0:400): avc: denied { search } for name="com.android.providers.media.module" dev="mmcblk0p25" ino=1256 scontext=u:r:init:s0 tcontext=u:object_r:privapp_data_file:s0:c74,c256,c512,c768 tclass=dir permissive=1
06-04 09:07:34.997 169 169 I init (169): drop_caches: 3
06-04 09:07:34.992 303 303 I xiriservice_All: type=1400 audit(0.0:401): avc: denied { read } for name="lib" dev="mmcblk0p25" ino=1525 scontext=u:r:init:s0 tcontext=u:object_r:privapp_data_file:s0:c74,c256,c512,c768 tclass=lnk_file permissive=1
06-04 09:07:34.996 169 169 I init : type=1400 audit(0.0:402): avc: denied { write } for name="dirty_expire_centisecs" dev="proc" ino=16184 scontext=u:r:vendor_init:s0 tcontext=u:object_r:proc_dirty:s0 tclass=file permissive=1
06-04 09:07:34.998 303 303 D XiriService: check file name: /data/data/com.android.providers.media.module/lib
06-04 09:07:35.001 303 303 D XiriService: check file name: /data/data/com.android.providers.media.module/lib
06-04 09:07:35.001 303 303 D XiriService: check file name: /data/data/com.android.providers.media.module/lib
06-04 09:07:35.002 303 303 D XiriService: check file name: /data/data/com.android.providers.media.module/lib
06-04 09:07:35.002 303 303 D XiriService: check file name: /data/data/com.android.providers.media.module/lib
06-04 09:07:35.007 303 303 D XiriService: check file name: /data/data/com.oranth.storage/lib
06-04 09:07:35.007 303 303 D XiriService: check file name: /data/data/com.oranth.storage/lib
06-04 09:07:35.011 303 303 D XiriService: check file name: /data/data/com.oranth.storage/lib
06-04 09:07:35.012 303 303 D XiriService: check file name: /data/data/com.oranth.storage/lib
06-04 09:07:35.012 303 303 D XiriService: check file name: /data/data/com.oranth.storage/lib
06-04 09:07:35.012 303 303 D XiriService: check file name: /data/data/com.oranth.storage/lib
06-04 09:07:35.013 322 327 D XM_HIDREAD: add@ add@/kernel/slab/:0000008
06-04 09:07:35.012 318 318 I xiriservice_All: type=1400 audit(0.0:403): avc: denied { read } for scontext=u:r:init:s0 tcontext=u:r:init:s0 tclass=netlink_kobject_uevent_socket permissive=1
06-04 09:07:35.016 1 1 I zram0 : detected capacity change from 0 to 1541578752
