06-04 09:07:29.829 517 557 I EthernetTracker: interfaceLinkStateChanged, iface: wlan0, up: true
06-04 09:07:29.835 517 517 I SystemServerTiming: MakeNetworkPolicyServiceReady
06-04 09:07:29.838 855 855 D wpa_supplicant: Add interface wlan0 to a new radio phy0
06-04 09:07:29.840 517 675 D ConnectivityService: NetReassign [no changes]
06-04 09:07:29.841 855 855 D wpa_supplicant: nl80211: No channel number found for frequency 5920 MHz
06-04 09:07:29.841 855 855 D wpa_supplicant: nl80211: No channel number found for frequency 5940 MHz
06-04 09:07:29.842 855 855 D wpa_supplicant: nl80211: Regulatory information - country=CN (DFS-FCC)
06-04 09:07:29.842 855 855 D wpa_supplicant: nl80211: 2400-2483 @ 40 MHz 20 mBm
06-04 09:07:29.842 855 855 D wpa_supplicant: nl80211: 5150-5350 @ 80 MHz 20 mBm (DFS)
06-04 09:07:29.842 855 855 D wpa_supplicant: nl80211: 5725-5850 @ 80 MHz 33 mBm
06-04 09:07:29.842 855 855 D wpa_supplicant: nl80211: 57240-59400 @ 2160 MHz 28 mBm
06-04 09:07:29.842 855 855 D wpa_supplicant: nl80211: 59400-63720 @ 2160 MHz 44 mBm
06-04 09:07:29.842 855 855 D wpa_supplicant: nl80211: 63720-65880 @ 2160 MHz 28 mBm
06-04 09:07:29.842 855 855 D wpa_supplicant: nl80211: Added 802.11b mode based on 802.11g information
06-04 09:07:29.842 855 855 D wpa_supplicant: nl80211: Mode IEEE 802.11g: 2412 2417 2422 2427 2432 2437 2442 2447 2452 2457 2462 2467 2472 2484[DISABLED]
06-04 09:07:29.842 855 855 D wpa_supplicant: nl80211: Mode IEEE 802.11a: 5170[DISABLED] 5180 5200 5220 5240 5260[RADAR] 5280[RADAR] 5300[RADAR] 5320[RADAR] 5500[DISABLED][RADAR] 5520[DISABLED][RADAR] 5540[DISABLED][RADAR] 5560[DISABLED][RADAR] 5580[DISABLED][RADAR]
06-04 09:07:29.842 855 855 D wpa_supplicant: nl80211: Mode IEEE 802.11b: 2412 2417 2422 2427 2432 2437 2442 2447 2452 2457 2462 2467 2472 2484[DISABLED]
06-04 09:07:29.843 517 517 I SystemServerTiming: PhaseThirdPartyAppsCanStart
06-04 09:07:29.844 517 517 I SystemServiceManager: Starting phase 600
06-04 09:07:29.844 517 517 I SystemServerTiming: OnBootPhase_600
06-04 09:07:29.850 246 246 W Zygote : forkRepeatedly terminated due to non-simple command
06-04 09:07:29.851 246 246 D Zygote : mbuffer starts with 14, nice name is webview_zygote, mEnd = 401, mNext = 159, mLinesLeft = 6, mFd = 4
06-04 09:07:29.861 517 517 I ExplicitHealthCheckController: Explicit health checks enabled.
06-04 09:07:29.861 517 517 I PackageWatchdog: Syncing state, reason: health check state enabled
06-04 09:07:29.861 517 517 I PackageWatchdog: Not pruning observers, elapsed time: 0ms
06-04 09:07:29.861 517 517 I PackageWatchdog: Cancelling state sync, nothing to sync
06-04 09:07:29.862 517 565 I PackageWatchdog: Saving observer state to file
06-04 09:07:29.865 855 855 D wpa_supplicant: wlan0: Own MAC address: b4:2f:03:16:18:c0
06-04 09:07:29.866 855 855 D wpa_supplicant: wpa_driver_nl80211_set_key: ifindex=14 (wlan0) alg=0 addr=0x0 key_idx=0 set_tx=0 seq_len=0 key_len=0 key_flag=0x10
06-04 09:07:29.866 855 855 D wpa_supplicant: nl80211: DEL_KEY
06-04 09:07:29.866 855 855 D wpa_supplicant: broadcast key
06-04 09:07:29.866 855 855 D wpa_supplicant: wpa_driver_nl80211_set_key: ifindex=14 (wlan0) alg=0 addr=0x0 key_idx=1 set_tx=0 seq_len=0 key_len=0 key_flag=0x10
06-04 09:07:29.866 855 855 D wpa_supplicant: nl80211: DEL_KEY
06-04 09:07:29.866 855 855 D wpa_supplicant: broadcast key
06-04 09:07:29.866 855 855 D wpa_supplicant: wpa_driver_nl80211_set_key: ifindex=14 (wlan0) alg=0 addr=0x0 key_idx=2 set_tx=0 seq_len=0 key_len=0 key_flag=0x10
06-04 09:07:29.866 855 855 D wpa_supplicant: nl80211: DEL_KEY
06-04 09:07:29.866 855 855 D wpa_supplicant: broadcast key
06-04 09:07:29.866 855 855 D wpa_supplicant: wpa_driver_nl80211_set_key: ifindex=14 (wlan0) alg=0 addr=0x0 key_idx=3 set_tx=0 seq_len=0 key_len=0 key_flag=0x10
06-04 09:07:29.866 855 855 D wpa_supplicant: nl80211: DEL_KEY
06-04 09:07:29.866 855 855 D wpa_supplicant: broadcast key
06-04 09:07:29.867 855 855 D wpa_supplicant: wpa_driver_nl80211_set_key: ifindex=14 (wlan0) alg=0 addr=0x0 key_idx=4 set_tx=0 seq_len=0 key_len=0 key_flag=0x10
06-04 09:07:29.867 855 855 D wpa_supplicant: nl80211: DEL_KEY
06-04 09:07:29.867 855 855 D wpa_supplicant: broadcast key
06-04 09:07:29.867 855 855 D wpa_supplicant: wpa_driver_nl80211_set_key: ifindex=14 (wlan0) alg=0 addr=0x0 key_idx=5 set_tx=0 seq_len=0 key_len=0 key_flag=0x10
06-04 09:07:29.867 855 855 D wpa_supplicant: nl80211: DEL_KEY
06-04 09:07:29.867 855 855 D wpa_supplicant: broadcast key
06-04 09:07:29.867 855 855 D wpa_supplicant: wlan0: RSN: flushing PMKID list in the driver
06-04 09:07:29.867 855 855 D wpa_supplicant: nl80211: Flush PMKIDs
06-04 09:07:29.870 855 855 D wpa_supplicant: wlan0: State: DISCONNECTED -> INACTIVE
06-04 09:07:29.870 855 855 D wpa_supplicant: Notifying state change event to hidl control: 2
06-04 09:07:29.875 739 739 W AlarmManager: Unrecognized alarm listener com.android.systemui.keyguard.KeyguardSliceProvider$$ExternalSyntheticLambda0@7bf1e6c
06-04 09:07:29.880 246 246 D Zygote : Forked child process 887
06-04 09:07:29.883 517 851 W ZygoteProcess: Got error connecting to zygote, retrying. msg= Connection refused
06-04 09:07:29.885 854 854 I WebViewLoader-: System.exit called, status: 0
06-04 09:07:29.885 854 854 I AndroidRuntime: VM exiting with result code 0, cleanup skipped.
06-04 09:07:29.889 855 855 D wpa_supplicant: TDLS: TDLS operation not supported by driver
06-04 09:07:29.889 855 855 D wpa_supplicant: TDLS: Driver uses internal link setup
06-04 09:07:29.889 855 855 D wpa_supplicant: TDLS: Driver does not support TDLS channel switching
06-04 09:07:29.890 855 855 D wpa_supplicant: wlan0: WPS: UUID based on MAC address: 7f8bc6c4-f711-5c9d-b18e-69d5dabb2af9
06-04 09:07:29.891 855 855 D wpa_supplicant: EAPOL: SUPP_PAE entering state DISCONNECTED
06-04 09:07:29.891 855 855 D wpa_supplicant: EAPOL: Supplicant port status: Unauthorized
06-04 09:07:29.891 855 855 D wpa_supplicant: nl80211: Skip set_supp_port(unauthorized) while not associated
06-04 09:07:29.891 855 855 D wpa_supplicant: EAPOL: KEY_RX entering state NO_KEY_RECEIVE
06-04 09:07:29.891 855 855 D wpa_supplicant: EAPOL: SUPP_BE entering state INITIALIZE
06-04 09:07:29.891 855 855 D wpa_supplicant: EAP: EAP entering state DISABLED
06-04 09:07:29.891 855 855 D wpa_supplicant: Using existing control interface directory.
06-04 09:07:29.891 887 887 I Zygote : seccomp disabled by setenforce 0
06-04 09:07:29.892 855 855 D wpa_supplicant: nl80211: Setting wowlan
06-04 09:07:29.895 855 855 D wpa_supplicant: MBO: Update non-preferred channels, non_pref_chan=N/A
06-04 09:07:29.895 855 855 D wpa_supplicant: Registering interface to hidl control: wlan0
06-04 09:07:29.895 855 855 D wpa_supplicant: wlan0: Added interface wlan0
06-04 09:07:29.895 855 855 D wpa_supplicant: wlan0: State: INACTIVE -> DISCONNECTED
06-04 09:07:29.895 855 855 D wpa_supplicant: nl80211: Set wlan0 operstate 0->0 (DORMANT)
06-04 09:07:29.895 855 855 D wpa_supplicant: netlink: Operstate: ifindex=14 linkmode=-1 (no change), operstate=5 (IF_OPER_DORMANT)
06-04 09:07:29.895 855 855 D wpa_supplicant: Notifying state change event to hidl control: 0
06-04 09:07:29.895 855 855 D wpa_supplicant: nl80211: Create interface iftype 10 (P2P_DEVICE)
06-04 09:07:29.895 855 855 D wpa_supplicant: nl80211: New P2P Device interface p2p-dev-wlan0 (0x3) created
06-04 09:07:29.895 855 855 D wpa_supplicant: Override interface parameter: ctrl_interface ('/data/vendor/wifi/wpa/sockets' -> '/data/vendor/wifi/wpa/sockets')
06-04 09:07:29.895 855 855 D wpa_supplicant: Initializing interface 'p2p-dev-wlan0' conf '/data/vendor/wifi/wpa/wpa_supplicant.conf' driver 'nl80211' ctrl_interface '/data/vendor/wifi/wpa/sockets' bridge 'N/A'
06-04 09:07:29.895 855 855 D wpa_supplicant: Configuration file '/data/vendor/wifi/wpa/wpa_supplicant.conf' -> '/data/vendor/wifi/wpa/wpa_supplicant.conf'
06-04 09:07:29.895 855 855 D wpa_supplicant: Reading configuration file '/data/vendor/wifi/wpa/wpa_supplicant.conf'
06-04 09:07:29.896 855 855 D wpa_supplicant: update_config=1
06-04 09:07:29.896 855 855 D wpa_supplicant: eapol_version=1
06-04 09:07:29.896 855 855 D wpa_supplicant: ap_scan=1
06-04 09:07:29.896 855 855 D wpa_supplicant: fast_reauth=1
06-04 09:07:29.896 855 855 D wpa_supplicant: pmf=1
06-04 09:07:29.896 855 855 D wpa_supplicant: p2p_add_cli_chan=1
06-04 09:07:29.896 855 855 D wpa_supplicant: oce=1
06-04 09:07:29.896 855 855 D wpa_supplicant: sae_pwe=2
06-04 09:07:29.897 855 855 D wpa_supplicant: nl80211: Supported cipher 00-0f-ac:1
06-04 09:07:29.897 855 855 D wpa_supplicant: nl80211: Supported cipher 00-0f-ac:5
06-04 09:07:29.897 855 855 D wpa_supplicant: nl80211: Supported cipher 00-0f-ac:2
06-04 09:07:29.897 855 855 D wpa_supplicant: nl80211: Supported cipher 00-0f-ac:4
06-04 09:07:29.897 855 855 D wpa_supplicant: nl80211: Supported cipher 00-14-72:1
06-04 09:07:29.897 855 855 D wpa_supplicant: nl80211: Supported cipher 00-0f-ac:6
06-04 09:07:29.897 855 855 D wpa_supplicant: nl80211: Supported cipher 00-0f-ac:255
06-04 09:07:29.897 855 855 D wpa_supplicant: nl80211: Supported vendor command: vendor_id=0x1374 subcmd=9
06-04 09:07:29.897 855 855 D wpa_supplicant: nl80211: Supported vendor command: vendor_id=0x1374 subcmd=12
06-04 09:07:29.897 855 855 D wpa_supplicant: nl80211: Supported vendor command: vendor_id=0x1374 subcmd=14
06-04 09:07:29.897 855 855 D wpa_supplicant: nl80211: Supported vendor command: vendor_id=0x1374 subcmd=15
06-04 09:07:29.897 855 855 D wpa_supplicant: nl80211: Supported vendor command: vendor_id=0x1374 subcmd=16
06-04 09:07:29.897 855 855 D wpa_supplicant: nl80211: Supported vendor command: vendor_id=0x1374 subcmd=20
06-04 09:07:29.897 855 855 D wpa_supplicant: nl80211: Supported vendor command: vendor_id=0x1a11 subcmd=6
06-04 09:07:29.897 855 855 D wpa_supplicant: nl80211: Supported vendor command: vendor_id=0x1374 subcmd=21
06-04 09:07:29.897 855 855 D wpa_supplicant: nl80211: Supported vendor command: vendor_id=0x1374 subcmd=22
06-04 09:07:29.898 855 855 D wpa_supplicant: nl80211: Supported vendor command: vendor_id=0x1374 subcmd=23
06-04 09:07:29.898 855 855 D wpa_supplicant: nl80211: Supported vendor command: vendor_id=0x1374 subcmd=24
06-04 09:07:29.898 855 855 D wpa_supplicant: nl80211: Supported vendor command: vendor_id=0x1374 subcmd=29
06-04 09:07:29.898 855 855 D wpa_supplicant: nl80211: Supported vendor command: vendor_id=0x1374 subcmd=30
06-04 09:07:29.898 855 855 D wpa_supplicant: nl80211: Supported vendor command: vendor_id=0x1374 subcmd=32
06-04 09:07:29.898 855 855 D wpa_supplicant: nl80211: Supported vendor command: vendor_id=0x1374 subcmd=33
06-04 09:07:29.898 855 855 D wpa_supplicant: nl80211: Supported vendor command: vendor_id=0x1374 subcmd=38
06-04 09:07:29.898 855 855 D wpa_supplicant: nl80211: Supported vendor command: vendor_id=0x1374 subcmd=39
06-04 09:07:29.898 855 855 D wpa_supplicant: nl80211: Supported vendor command: vendor_id=0x1374 subcmd=42
06-04 09:07:29.898 855 855 D wpa_supplicant: nl80211: Supported vendor command: vendor_id=0x1374 subcmd=55
06-04 09:07:29.898 855 855 D wpa_supplicant: nl80211: Supported vendor command: vendor_id=0x1374 subcmd=61
06-04 09:07:29.898 855 855 D wpa_supplicant: nl80211: Supported vendor command: vendor_id=0x1374 subcmd=62
06-04 09:07:29.898 855 855 D wpa_supplicant: nl80211: Supported vendor command: vendor_id=0x1374 subcmd=63
06-04 09:07:29.898 855 855 D wpa_supplicant: nl80211: Supported vendor command: vendor_id=0x1374 subcmd=64
06-04 09:07:29.898 855 855 D wpa_supplicant: nl80211: Supported vendor command: vendor_id=0x1374 subcmd=65
06-04 09:07:29.898 855 855 D wpa_supplicant: nl80211: Supported vendor command: vendor_id=0x1374 subcmd=66
06-04 09:07:29.898 855 855 D wpa_supplicant: nl80211: Supported vendor command: vendor_id=0x1374 subcmd=69
06-04 09:07:29.898 855 855 D wpa_supplicant: nl80211: Supported vendor command: vendor_id=0x1374 subcmd=70
06-04 09:07:29.898 855 855 D wpa_supplicant: nl80211: Supported vendor command: vendor_id=0x1374 subcmd=71
06-04 09:07:29.898 855 855 D wpa_supplicant: nl80211: Supported vendor command: vendor_id=0x1374 subcmd=76
06-04 09:07:29.898 855 855 D wpa_supplicant: nl80211: Supported vendor command: vendor_id=0x1374 subcmd=77
06-04 09:07:29.898 855 855 D wpa_supplicant: nl80211: Supported vendor command: vendor_id=0x1374 subcmd=79
06-04 09:07:29.898 855 855 D wpa_supplicant: nl80211: Supported vendor command: vendor_id=0x1374 subcmd=80
06-04 09:07:29.898 855 855 D wpa_supplicant: nl80211: Supported vendor command: vendor_id=0x1374 subcmd=82
06-04 09:07:29.898 855 855 D wpa_supplicant: nl80211: Supported vendor command: vendor_id=0x1374 subcmd=85
06-04 09:07:29.898 855 855 D wpa_supplicant: nl80211: Supported vendor command: vendor_id=0x1374 subcmd=146
06-04 09:07:29.898 855 855 D wpa_supplicant: nl80211: Supported vendor command: vendor_id=0x1374 subcmd=12
06-04 09:07:29.898 855 855 D wpa_supplicant: nl80211: Supported vendor command: vendor_id=0x1374 subcmd=128
06-04 09:07:29.898 855 855 D wpa_supplicant: nl80211: Supported vendor command: vendor_id=0x1374 subcmd=129
06-04 09:07:29.898 855 855 D wpa_supplicant: nl80211: Supported vendor command: vendor_id=0x1374 subcmd=130
06-04 09:07:29.898 855 855 D wpa_supplicant: nl80211: Supported vendor command: vendor_id=0x1374 subcmd=133
06-04 09:07:29.898 855 855 D wpa_supplicant: nl80211: Supported vendor command: vendor_id=0x1374 subcmd=176
06-04 09:07:29.898 855 855 D wpa_supplicant: nl80211: Supported vendor event: vendor_id=0x1374 subcmd=80
06-04 09:07:29.898 855 855 D wpa_supplicant: nl80211: Supported vendor event: vendor_id=0x1374 subcmd=1
06-04 09:07:29.898 855 855 D wpa_supplicant: nl80211: Supported vendor event: vendor_id=0x1374 subcmd=1
06-04 09:07:29.898 855 855 D wpa_supplicant: nl80211: Supported vendor event: vendor_id=0x1374 subcmd=1
06-04 09:07:29.898 855 855 D wpa_supplicant: nl80211: Supported vendor event: vendor_id=0x1374 subcmd=1
06-04 09:07:29.898 855 855 D wpa_supplicant: nl80211: Supported vendor event: vendor_id=0x1374 subcmd=1
06-04 09:07:29.898 855 855 D wpa_supplicant: nl80211: Supported vendor event: vendor_id=0x1374 subcmd=20
06-04 09:07:29.898 855 855 D wpa_supplicant: nl80211: Supported vendor event: vendor_id=0x1374 subcmd=21
06-04 09:07:29.898 855 855 D wpa_supplicant: nl80211: Supported vendor event: vendor_id=0x1374 subcmd=23
06-04 09:07:29.898 855 855 D wpa_supplicant: nl80211: Supported vendor event: vendor_id=0x1374 subcmd=24
06-04 09:07:29.898 855 855 D wpa_supplicant: nl80211: Supported vendor event: vendor_id=0x1374 subcmd=25
06-04 09:07:29.898 855 855 D wpa_supplicant: nl80211: Supported vendor event: vendor_id=0x1374 subcmd=26
06-04 09:07:29.898 855 855 D wpa_supplicant: nl80211: Supported vendor event: vendor_id=0x1374 subcmd=27
06-04 09:07:29.898 855 855 D wpa_supplicant: nl80211: Supported vendor event: vendor_id=0x1374 subcmd=28
06-04 09:07:29.898 855 855 D wpa_supplicant: nl80211: Supported vendor event: vendor_id=0x1374 subcmd=41
06-04 09:07:29.898 855 855 D wpa_supplicant: nl80211: Supported vendor event: vendor_id=0x1374 subcmd=29
06-04 09:07:29.898 855 855 D wpa_supplicant: nl80211: Supported vendor event: vendor_id=0x1374 subcmd=30
06-04 09:07:29.898 855 855 D wpa_supplicant: nl80211: Supported vendor event: vendor_id=0x1374 subcmd=31
06-04 09:07:29.898 855 855 D wpa_supplicant: nl80211: Supported vendor event: vendor_id=0x1374 subcmd=32
06-04 09:07:29.898 855 855 D wpa_supplicant: nl80211: Supported vendor event: vendor_id=0x1374 subcmd=33
06-04 09:07:29.898 855 855 D wpa_supplicant: nl80211: Supported vendor event: vendor_id=0x0 subcmd=0
06-04 09:07:29.898 855 855 D wpa_supplicant: nl80211: Supported vendor event: vendor_id=0x0 subcmd=0
06-04 09:07:29.898 855 855 D wpa_supplicant: nl80211: Supported vendor event: vendor_id=0x0 subcmd=0
06-04 09:07:29.898 855 855 D wpa_supplicant: nl80211: Supported vendor event: vendor_id=0x0 subcmd=0
06-04 09:07:29.898 855 855 D wpa_supplicant: nl80211: Supported vendor event: vendor_id=0x0 subcmd=0
06-04 09:07:29.898 855 855 D wpa_supplicant: nl80211: Supported vendor event: vendor_id=0x0 subcmd=0
06-04 09:07:29.898 855 855 D wpa_supplicant: nl80211: Supported vendor event: vendor_id=0x0 subcmd=0
06-04 09:07:29.898 855 855 D wpa_supplicant: nl80211: Supported vendor event: vendor_id=0x0 subcmd=0
06-04 09:07:29.898 855 855 D wpa_supplicant: nl80211: Supported vendor event: vendor_id=0x0 subcmd=0
06-04 09:07:29.898 855 855 D wpa_supplicant: nl80211: Supported vendor event: vendor_id=0x0 subcmd=0
06-04 09:07:29.898 855 855 D wpa_supplicant: nl80211: Supported vendor event: vendor_id=0x0 subcmd=0
06-04 09:07:29.898 855 855 D wpa_supplicant: nl80211: Supported vendor event: vendor_id=0x0 subcmd=0
06-04 09:07:29.898 855 855 D wpa_supplicant: nl80211: Supported vendor event: vendor_id=0x1374 subcmd=5120
06-04 09:07:29.898 855 855 D wpa_supplicant: nl80211: Supported vendor event: vendor_id=0x0 subcmd=0
06-04 09:07:29.898 855 855 D wpa_supplicant: nl80211: Supported vendor event: vendor_id=0x0 subcmd=0
06-04 09:07:29.898 855 855 D wpa_supplicant: nl80211: Supported vendor event: vendor_id=0x0 subcmd=0
06-04 09:07:29.898 855 855 D wpa_supplicant: nl80211: Supported vendor event: vendor_id=0x0 subcmd=0
06-04 09:07:29.898 855 855 D wpa_supplicant: nl80211: Supported vendor event: vendor_id=0x0 subcmd=0
06-04 09:07:29.898 855 855 D wpa_supplicant: nl80211: Supported vendor event: vendor_id=0x0 subcmd=0
06-04 09:07:29.898 855 855 D wpa_supplicant: nl80211: Supported vendor event: vendor_id=0x0 subcmd=0
06-04 09:07:29.898 855 855 D wpa_supplicant: nl80211: Supported vendor event: vendor_id=0x0 subcmd=0
06-04 09:07:29.898 855 855 D wpa_supplicant: nl80211: Supported vendor event: vendor_id=0x0 subcmd=0
06-04 09:07:29.898 855 855 D wpa_supplicant: nl80211: Supported vendor event: vendor_id=0x0 subcmd=0
06-04 09:07:29.898 855 855 D wpa_supplicant: nl80211: Supported vendor event: vendor_id=0x0 subcmd=0
06-04 09:07:29.898 855 855 D wpa_supplicant: nl80211: Supported vendor event: vendor_id=0x0 subcmd=0
06-04 09:07:29.898 855 855 D wpa_supplicant: nl80211: Supported vendor event: vendor_id=0x0 subcmd=0
06-04 09:07:29.898 855 855 D wpa_supplicant: nl80211: Supported vendor event: vendor_id=0x0 subcmd=0
06-04 09:07:29.898 855 855 D wpa_supplicant: nl80211: Supported vendor event: vendor_id=0x0 subcmd=0
06-04 09:07:29.898 855 855 D wpa_supplicant: nl80211: Supported vendor event: vendor_id=0x0 subcmd=0
06-04 09:07:29.898 855 855 D wpa_supplicant: nl80211: Supported vendor event: vendor_id=0x0 subcmd=0
06-04 09:07:29.898 855 855 D wpa_supplicant: nl80211: Supported vendor event: vendor_id=0x0 subcmd=0
06-04 09:07:29.898 855 855 D wpa_supplicant: nl80211: Supported vendor event: vendor_id=0x0 subcmd=0
06-04 09:07:29.899 855 855 D wpa_supplicant: nl80211: Supported vendor event: vendor_id=0x0 subcmd=0
06-04 09:07:29.899 855 855 D wpa_supplicant: nl80211: Supported vendor event: vendor_id=0x0 subcmd=0
06-04 09:07:29.899 855 855 D wpa_supplicant: nl80211: Supported vendor event: vendor_id=0x0 subcmd=0
06-04 09:07:29.899 855 855 D wpa_supplicant: nl80211: Supported vendor event: vendor_id=0x0 subcmd=0
06-04 09:07:29.899 855 855 D wpa_supplicant: nl80211: Supported vendor event: vendor_id=0x0 subcmd=0
06-04 09:07:29.899 855 855 D wpa_supplicant: nl80211: Supported vendor event: vendor_id=0x0 subcmd=0
06-04 09:07:29.899 855 855 D wpa_supplicant: nl80211: Supported vendor event: vendor_id=0x0 subcmd=0
06-04 09:07:29.899 855 855 D wpa_supplicant: nl80211: Supported vendor event: vendor_id=0x0 subcmd=0
06-04 09:07:29.899 855 855 D wpa_supplicant: nl80211: Supported vendor event: vendor_id=0x0 subcmd=0
06-04 09:07:29.899 855 855 D wpa_supplicant: nl80211: Supported vendor event: vendor_id=0x0 subcmd=0
06-04 09:07:29.899 855 855 D wpa_supplicant: nl80211: Supported vendor event: vendor_id=0x0 subcmd=0
06-04 09:07:29.899 855 855 D wpa_supplicant: nl80211: Supported vendor event: vendor_id=0x0 subcmd=0
06-04 09:07:29.899 855 855 D wpa_supplicant: nl80211: Supported vendor event: vendor_id=0x1374 subcmd=131
06-04 09:07:29.899 855 855 D wpa_supplicant: nl80211: Supported vendor event: vendor_id=0x1374 subcmd=132
06-04 09:07:29.899 855 855 D wpa_supplicant: nl80211: Supported vendor event: vendor_id=0x0 subcmd=0
06-04 09:07:29.899 855 855 D wpa_supplicant: nl80211: Supported vendor event: vendor_id=0x0 subcmd=0
06-04 09:07:29.899 855 855 D wpa_supplicant: nl80211: Supported vendor event: vendor_id=0x0 subcmd=0
06-04 09:07:29.899 855 855 D wpa_supplicant: nl80211: Supported vendor event: vendor_id=0x0 subcmd=0
06-04 09:07:29.899 855 855 D wpa_supplicant: nl80211: Supported vendor event: vendor_id=0x0 subcmd=0
06-04 09:07:29.899 855 855 D wpa_supplicant: nl80211: Supported vendor event: vendor_id=0x0 subcmd=0
06-04 09:07:29.899 855 855 D wpa_supplicant: nl80211: Supported vendor event: vendor_id=0x1374 subcmd=72
06-04 09:07:29.899 855 855 D wpa_supplicant: nl80211: Use separate P2P group interface (driver advertised support)
06-04 09:07:29.899 855 855 D wpa_supplicant: nl80211: Enable multi-channel concurrent (driver advertised support)
06-04 09:07:29.899 855 855 D wpa_supplicant: nl80211: use P2P_DEVICE support
06-04 09:07:29.899 517 559 W IorapForwardingService: No service published for: iorapd
06-04 09:07:29.899 855 855 D wpa_supplicant: nl80211: key_mgmt=0xd0f enc=0x10f auth=0x7 flags=0x100100007a007ac0 rrm_flags=0x0 probe_resp_offloads=0x0 max_stations=10 max_remain_on_chan=5000 max_scan_ssids=12
06-04 09:07:29.899 855 855 D wpa_supplicant: nl80211: interface p2p-dev-wlan0 in phy phy0
06-04 09:07:29.899 855 855 D wpa_supplicant: nl80211: Set mode ifindex 0 iftype 10 (P2P_DEVICE)
06-04 09:07:29.900 855 855 D wpa_supplicant: nl80211: Failed to set interface 0 to mode 10: -22 (Invalid argument)
06-04 09:07:29.900 855 855 D wpa_supplicant: nl80211: Subscribe to mgmt frames with non-AP handle 0xebab1848
06-04 09:07:29.900 855 855 D wpa_supplicant: nl80211: Register frame type=0xb0 (WLAN_FC_STYPE_AUTH) nl_handle=0xebab1848 match=0300 multicast=0
06-04 09:07:29.900 855 855 D wpa_supplicant: nl80211: Register frame command failed (type=176): ret=-22 (Invalid argument)
06-04 09:07:29.900 855 855 D wpa_supplicant: nl80211: Register frame match - hexdump(len=2): 03 00
06-04 09:07:29.900 855 855 D wpa_supplicant: nl80211: Register frame type=0xd0 (WLAN_FC_STYPE_ACTION) nl_handle=0xebab1848 match=0104 multicast=0
06-04 09:07:29.900 855 855 D wpa_supplicant: nl80211: Register frame type=0xd0 (WLAN_FC_STYPE_ACTION) nl_handle=0xebab1848 match=040a multicast=0
06-04 09:07:29.900 855 855 D wpa_supplicant: nl80211: Register frame type=0xd0 (WLAN_FC_STYPE_ACTION) nl_handle=0xebab1848 match=040b multicast=0
06-04 09:07:29.900 855 855 D wpa_supplicant: nl80211: Register frame type=0xd0 (WLAN_FC_STYPE_ACTION) nl_handle=0xebab1848 match=040c multicast=0
06-04 09:07:29.900 855 855 D wpa_supplicant: nl80211: Register frame type=0xd0 (WLAN_FC_STYPE_ACTION) nl_handle=0xebab1848 match=040d multicast=0
06-04 09:07:29.900 855 855 D wpa_supplicant: nl80211: Register frame type=0xd0 (WLAN_FC_STYPE_ACTION) nl_handle=0xebab1848 match=090a multicast=0
06-04 09:07:29.901 855 855 D wpa_supplicant: nl80211: Register frame type=0xd0 (WLAN_FC_STYPE_ACTION) nl_handle=0xebab1848 match=090b multicast=0
06-04 09:07:29.901 855 855 D wpa_supplicant: nl80211: Register frame type=0xd0 (WLAN_FC_STYPE_ACTION) nl_handle=0xebab1848 match=090c multicast=0
06-04 09:07:29.901 855 855 D wpa_supplicant: nl80211: Register frame type=0xd0 (WLAN_FC_STYPE_ACTION) nl_handle=0xebab1848 match=090d multicast=0
06-04 09:07:29.901 855 855 D wpa_supplicant: nl80211: Register frame type=0xd0 (WLAN_FC_STYPE_ACTION) nl_handle=0xebab1848 match=0409506f9a09 multicast=0
06-04 09:07:29.901 855 855 D wpa_supplicant: nl80211: Register frame type=0xd0 (WLAN_FC_STYPE_ACTION) nl_handle=0xebab1848 match=7f506f9a09 multicast=0
06-04 09:07:29.901 855 855 D wpa_supplicant: nl80211: Register frame type=0xd0 (WLAN_FC_STYPE_ACTION) nl_handle=0xebab1848 match=0409506f9a1a multicast=0
06-04 09:07:29.901 855 855 D wpa_supplicant: nl80211: Register frame type=0xd0 (WLAN_FC_STYPE_ACTION) nl_handle=0xebab1848 match=0801 multicast=0
06-04 09:07:29.901 855 855 D wpa_supplicant: nl80211: Register frame type=0xd0 (WLAN_FC_STYPE_ACTION) nl_handle=0xebab1848 match=06 multicast=0
06-04 09:07:29.902 855 855 D wpa_supplicant: nl80211: Register frame type=0xd0 (WLAN_FC_STYPE_ACTION) nl_handle=0xebab1848 match=0a07 multicast=0
06-04 09:07:29.902 855 855 D wpa_supplicant: nl80211: Register frame type=0xd0 (WLAN_FC_STYPE_ACTION) nl_handle=0xebab1848 match=0a11 multicast=0
06-04 09:07:29.902 855 855 D wpa_supplicant: nl80211: Register frame type=0xd0 (WLAN_FC_STYPE_ACTION) nl_handle=0xebab1848 match=0a0b multicast=0
06-04 09:07:29.902 855 855 D wpa_supplicant: nl80211: Register frame type=0xd0 (WLAN_FC_STYPE_ACTION) nl_handle=0xebab1848 match=0a1a multicast=0
06-04 09:07:29.902 855 855 D wpa_supplicant: nl80211: Register frame type=0xd0 (WLAN_FC_STYPE_ACTION) nl_handle=0xebab1848 match=1101 multicast=0
06-04 09:07:29.902 855 855 D wpa_supplicant: nl80211: Register frame type=0xd0 (WLAN_FC_STYPE_ACTION) nl_handle=0xebab1848 match=1102 multicast=0
06-04 09:07:29.902 855 855 D wpa_supplicant: nl80211: Register frame type=0xd0 (WLAN_FC_STYPE_ACTION) nl_handle=0xebab1848 match=0505 multicast=0
06-04 09:07:29.902 855 855 D wpa_supplicant: nl80211: Register frame type=0xd0 (WLAN_FC_STYPE_ACTION) nl_handle=0xebab1848 match=0500 multicast=0
06-04 09:07:29.902 855 855 D wpa_supplicant: nl80211: Register frame type=0xd0 (WLAN_FC_STYPE_ACTION) nl_handle=0xebab1848 match=1305 multicast=0
06-04 09:07:29.903 855 855 I wpa_supplicant: rfkill: Cannot get wiphy information
06-04 09:07:29.903 855 855 D wpa_supplicant: nl80211: RFKILL status not available
06-04 09:07:29.900 330 330 I rainbow_flow: type=1400 audit(0.0:336): avc: denied { ioctl } for path="/dev/spidev1.0" dev="tmpfs" ino=1280 ioctlcmd=0x6b00 scontext=u:r:init:s0 tcontext=u:object_r:device:s0 tclass=chr_file permissive=1
06-04 09:07:29.906 855 855 D wpa_supplicant: nl80211: Start P2P Device p2p-dev-wlan0 (0x3): Success
06-04 09:07:29.908 855 855 D wpa_supplicant: Add interface p2p-dev-wlan0 to existing radio phy0
06-04 09:07:29.909 855 855 D wpa_supplicant: nl80211: No channel number found for frequency 5920 MHz
06-04 09:07:29.909 855 855 D wpa_supplicant: nl80211: No channel number found for frequency 5940 MHz
06-04 09:07:29.909 855 855 D wpa_supplicant: nl80211: Regulatory information - country=CN (DFS-FCC)
06-04 09:07:29.910 855 855 D wpa_supplicant: nl80211: 2400-2483 @ 40 MHz 20 mBm
06-04 09:07:29.910 855 855 D wpa_supplicant: nl80211: 5150-5350 @ 80 MHz 20 mBm (DFS)
06-04 09:07:29.910 855 855 D wpa_supplicant: nl80211: 5725-5850 @ 80 MHz 33 mBm
06-04 09:07:29.910 855 855 D wpa_supplicant: nl80211: 57240-59400 @ 2160 MHz 28 mBm
06-04 09:07:29.910 855 855 D wpa_supplicant: nl80211: 59400-63720 @ 2160 MHz 44 mBm
06-04 09:07:29.910 855 855 D wpa_supplicant: nl80211: 63720-65880 @ 2160 MHz 28 mBm
06-04 09:07:29.910 855 855 D wpa_supplicant: nl80211: Added 802.11b mode based on 802.11g information
06-04 09:07:29.910 855 855 D wpa_supplicant: nl80211: Mode IEEE 802.11g: 2412 2417 2422 2427 2432 2437 2442 2447 2452 2457 2462 2467 2472 2484[DISABLED]
06-04 09:07:29.910 855 855 D wpa_supplicant: nl80211: Mode IEEE 802.11a: 5170[DISABLED] 5180 5200 5220 5240 5260[RADAR] 5280[RADAR] 5300[RADAR] 5320[RADAR] 5500[DISABLED][RADAR] 5520[DISABLED][RADAR] 5540[DISABLED][RADAR] 5560[DISABLED][RADAR] 5580[DISABLED][RADAR]
06-04 09:07:29.910 855 855 D wpa_supplicant: nl80211: Mode IEEE 802.11b: 2412 2417 2422 2427 2432 2437 2442 2447 2452 2457 2462 2467 2472 2484[DISABLED]
06-04 09:07:29.910 855 855 D wpa_supplicant: p2p-dev-wlan0: Own MAC address: b6:2f:03:16:18:c0
06-04 09:07:29.910 855 855 D wpa_supplicant: p2p-dev-wlan0: RSN: flushing PMKID list in the driver
06-04 09:07:29.910 855 855 D wpa_supplicant: nl80211: Flush PMKIDs
06-04 09:07:29.910 855 855 D wpa_supplicant: p2p-dev-wlan0: State: DISCONNECTED -> INACTIVE
06-04 09:07:29.910 855 855 D wpa_supplicant: p2p-dev-wlan0: WPS: UUID from the first interface: 7f8bc6c4-f711-5c9d-b18e-69d5dabb2af9
06-04 09:07:29.910 855 855 D wpa_supplicant: EAPOL: SUPP_PAE entering state DISCONNECTED
06-04 09:07:29.910 855 855 D wpa_supplicant: EAPOL: Supplicant port status: Unauthorized
06-04 09:07:29.910 855 855 D wpa_supplicant: nl80211: Skip set_supp_port(unauthorized) while not associated
06-04 09:07:29.911 855 855 D wpa_supplicant: EAPOL: KEY_RX entering state NO_KEY_RECEIVE
06-04 09:07:29.911 855 855 D wpa_supplicant: EAPOL: SUPP_BE entering state INITIALIZE
06-04 09:07:29.911 855 855 D wpa_supplicant: EAP: EAP entering state DISABLED
06-04 09:07:29.911 855 855 D wpa_supplicant: Using existing control interface directory.
06-04 09:07:29.911 855 855 D wpa_supplicant: P2P: Add operating class 81
06-04 09:07:29.911 855 855 D wpa_supplicant: P2P: Channels - hexdump(len=13): 01 02 03 04 05 06 07 08 09 0a 0b 0c 0d
06-04 09:07:29.911 855 855 D wpa_supplicant: P2P: Add operating class 115
06-04 09:07:29.911 855 855 D wpa_supplicant: P2P: Channels - hexdump(len=4): 24 28 2c 30
06-04 09:07:29.911 855 855 D wpa_supplicant: P2P: Add operating class 116
06-04 09:07:29.911 855 855 D wpa_supplicant: P2P: Channels - hexdump(len=2): 24 2c
06-04 09:07:29.911 855 855 D wpa_supplicant: P2P: Add operating class 117
06-04 09:07:29.911 855 855 D wpa_supplicant: P2P: Channels - hexdump(len=2): 28 30
06-04 09:07:29.911 855 855 D wpa_supplicant: P2P: Add operating class 124
06-04 09:07:29.911 855 855 D wpa_supplicant: P2P: Channels - hexdump(len=4): 95 99 9d a1
06-04 09:07:29.911 855 855 D wpa_supplicant: P2P: Add operating class 125
06-04 09:07:29.911 855 855 D wpa_supplicant: P2P: Channels - hexdump(len=5): 95 99 9d a1 a5
06-04 09:07:29.911 855 855 D wpa_supplicant: P2P: Add operating class 126
06-04 09:07:29.911 855 855 D wpa_supplicant: P2P: Channels - hexdump(len=2): 95 9d
06-04 09:07:29.912 855 855 D wpa_supplicant: P2P: Add operating class 127
06-04 09:07:29.912 855 855 D wpa_supplicant: P2P: Channels - hexdump(len=2): 99 a1
06-04 09:07:29.912 855 855 D wpa_supplicant: P2P: Add operating class 128
06-04 09:07:29.912 855 855 D wpa_supplicant: P2P: Channels - hexdump(len=8): 24 28 2c 30 95 99 9d a1
06-04 09:07:29.912 855 855 D wpa_supplicant: P2P: Add operating class 130
06-04 09:07:29.912 855 855 D wpa_supplicant: P2P: Channels - hexdump(len=9): 24 28 2c 30 95 99 9d a1 a5
06-04 09:07:29.912 855 855 D wpa_supplicant: P2P: Own listen channel: 81:11
06-04 09:07:29.912 855 855 D wpa_supplicant: P2P: Random operating channel: 81:1
06-04 09:07:29.912 855 855 D wpa_supplicant: P2P: initialized
06-04 09:07:29.912 855 855 D wpa_supplicant: P2P: channels: 81:1,2,3,4,5,6,7,8,9,10,11,12,13 115:36,40,44,48 116:36,44 117:40,48 124:149,153,157,161 125:149,153,157,161,165 126:149,157 127:153,161 128:36,40,44,48,149,153,157,161 130:36,40,44,48,149,153,157,161,165
06-04 09:07:29.913 855 855 D wpa_supplicant: P2P: cli_channels:
06-04 09:07:29.913 855 855 D wpa_supplicant: MBO: Update non-preferred channels, non_pref_chan=N/A
06-04 09:07:29.913 855 855 D wpa_supplicant: Registering interface to hidl control: p2p-dev-wlan0
06-04 09:07:29.914 246 246 I Zygote : Process 854 exited cleanly (0)
06-04 09:07:29.914 517 600 I ActivityManager: Process WebViewLoader-armeabi-v7a (pid 854) has died: psvc PER
06-04 09:07:29.914 517 568 I libprocessgroup: Successfully killed process cgroup uid 1037 pid 854 in 0ms
06-04 09:07:29.913 855 855 D wpa_supplicant: p2p-dev-wlan0: Added interface p2p-dev-wlan0
06-04 09:07:29.916 855 855 D wpa_supplicant: p2p-dev-wlan0: State: INACTIVE -> DISCONNECTED
06-04 09:07:29.916 855 855 D wpa_supplicant: nl80211: Set p2p-dev-wlan0 operstate 0->0 (DORMANT)
06-04 09:07:29.916 855 855 D wpa_supplicant: netlink: Operstate: ifindex=0 linkmode=-1 (no change), operstate=5 (IF_OPER_DORMANT)
06-04 09:07:29.916 855 855 D wpa_supplicant: p2p-dev-wlan0: Determining shared radio frequencies (max len 2)
06-04 09:07:29.916 855 855 D wpa_supplicant: p2p-dev-wlan0: Shared frequencies (len=0): completed iteration
06-04 09:07:29.916 855 855 D wpa_supplicant: P2P: Add operating class 81
06-04 09:07:29.916 855 855 D wpa_supplicant: P2P: Channels - hexdump(len=13): 01 02 03 04 05 06 07 08 09 0a 0b 0c 0d
06-04 09:07:29.916 855 855 D wpa_supplicant: P2P: Add operating class 115
06-04 09:07:29.916 855 855 D wpa_supplicant: P2P: Channels - hexdump(len=4): 24 28 2c 30
06-04 09:07:29.916 855 855 D wpa_supplicant: P2P: Add operating class 116
06-04 09:07:29.916 855 855 D wpa_supplicant: P2P: Channels - hexdump(len=2): 24 2c
06-04 09:07:29.916 855 855 D wpa_supplicant: P2P: Add operating class 117
06-04 09:07:29.916 855 855 D wpa_supplicant: P2P: Channels - hexdump(len=2): 28 30
06-04 09:07:29.916 855 855 D wpa_supplicant: P2P: Add operating class 124
06-04 09:07:29.916 855 855 D wpa_supplicant: P2P: Channels - hexdump(len=4): 95 99 9d a1
06-04 09:07:29.916 855 855 D wpa_supplicant: P2P: Add operating class 125
06-04 09:07:29.916 855 855 D wpa_supplicant: P2P: Channels - hexdump(len=5): 95 99 9d a1 a5
06-04 09:07:29.916 855 855 D wpa_supplicant: P2P: Add operating class 126
06-04 09:07:29.916 855 855 D wpa_supplicant: P2P: Channels - hexdump(len=2): 95 9d
06-04 09:07:29.916 855 855 D wpa_supplicant: P2P: Add operating class 127
06-04 09:07:29.916 855 855 D wpa_supplicant: P2P: Channels - hexdump(len=2): 99 a1
06-04 09:07:29.916 855 855 D wpa_supplicant: P2P: Add operating class 128
06-04 09:07:29.916 855 855 D wpa_supplicant: P2P: Channels - hexdump(len=8): 24 28 2c 30 95 99 9d a1
06-04 09:07:29.916 855 855 D wpa_supplicant: P2P: Add operating class 130
06-04 09:07:29.916 855 855 D wpa_supplicant: P2P: Channels - hexdump(len=9): 24 28 2c 30 95 99 9d a1 a5
06-04 09:07:29.916 855 855 D wpa_supplicant: P2P: Update channel list
06-04 09:07:29.917 855 855 D wpa_supplicant: P2P: channels: 81:1,2,3,4,5,6,7,8,9,10,11,12,13 115:36,40,44,48 116:36,44 117:40,48 124:149,153,157,161 125:149,153,157,161,165 126:149,157 127:153,161 128:36,40,44,48,149,153,157,161 130:36,40,44,48,149,153,157,161,165
06-04 09:07:29.917 855 855 D wpa_supplicant: P2P: cli_channels:
06-04 09:07:29.917 855 855 D wpa_supplicant: RTM_NEWLINK: ifi_index=14 ifname=wlan0 operstate=5 linkmode=0 ifi_family=0 ifi_flags=0x11003 ([UP][LOWER_UP])
06-04 09:07:29.917 855 855 D wpa_supplicant: RTM_NEWLINK: ifi_index=14 ifname=wlan0 operstate=5 linkmode=1 ifi_family=0 ifi_flags=0x11003 ([UP][LOWER_UP])
06-04 09:07:29.926 517 668 D SupplicantStaIfaceHal: Newer HAL is found, skip V1_3 remaining init flow.
06-04 09:07:29.926 887 887 I WebViewZygoteInit: Starting WebViewZygoteInit
06-04 09:07:29.926 517 668 D SupplicantStaIfaceHal: Newer HAL is found, skip V1_2 remaining init flow.
06-04 09:07:29.926 517 668 D SupplicantStaIfaceHal: Newer HAL is found, skip V1_1 remaining init flow.
06-04 09:07:29.926 517 668 D SupplicantStaIfaceHal: Newer HAL is found, skip V1_0 remaining init flow.
06-04 09:07:29.928 887 887 I Zygote : seccomp disabled by setenforce 0
06-04 09:07:29.947 887 887 I WebViewZygoteInit: Beginning application preload for com.android.webview
06-04 09:07:29.948 714 714 E WifiHAL : wifi_get_logger_supported_feature_set: Error -5 happened.
06-04 09:07:29.948 517 517 W SystemServiceManager: Service com.android.server.notification.NotificationManagerService took 72 ms in onBootPhase
06-04 09:07:29.950 714 714 I ieee80211 phy0: sprdwl_vendor_get_support_feature
06-04 09:07:29.951 517 517 W LocationManagerService: no network location provider found
06-04 09:07:29.955 714 714 I ieee80211 phy0: sprdwl_vendor_get_support_feature
06-04 09:07:29.953 714 714 E WifiHAL : wifi_get_logger_supported_feature_set: Error -5 happened.
06-04 09:07:29.957 855 855 D wpa_supplicant: Driver capability mask: 0xd
06-04 09:07:29.958 517 668 I WifiNative: Successfully switched to connectivity mode on iface=Iface:{Name=wlan0,Id=0,Type=STA_CONNECTIVITY}
06-04 09:07:29.958 517 668 D WifiClientModeManager[wlan0]: entering ConnectModeState, starting ClientModeImpl
06-04 09:07:29.968 887 887 D nativeloader: classloader namespace configured for unbundled product apk. library_path=/product/app/webview/lib/arm:/product/app/webview/webview.apk!/lib/armeabi-v7a:/product/lib:/system/product/lib
06-04 09:07:29.970 517 517 I ServiceWatcher: [fused] chose new implementation 1000/com.android.location.fused/.FusedLocationService@0
06-04 09:07:29.974 517 668 D WifiScoreReport: setShouldReduceNetworkScore=false mNetworkAgent is null? true
06-04 09:07:29.974 517 668 V WifiClientModeManager[wlan0]: ClientModeManager started in role: Role: ROLE_CLIENT_PRIMARY, RequestorWs: WorkSource{1000 com.android.tv.settings}, ModeListener: com.android.server.wifi.ActiveModeWarden$ClientListener@343f35
06-04 09:07:29.976 517 557 D CompatibilityChangeReporter: Compat change id reported: 168419799; UID 1000; state: DISABLED
06-04 09:07:29.984 517 668 D WifiScanRequestProxy: Sending scan available broadcast: true
06-04 09:07:29.984 517 672 I WifiScanningService: Received a request to enable scanning, UID = 1000
06-04 09:07:29.995 517 668 I WifiScanRequestProxy: Scanning is enabled
06-04 09:07:29.995 517 668 I WifiScanRequestProxy: Scanning for hidden networks is enabled
06-04 09:07:30.008 517 672 I WifiScanningService: Created a new impl for wlan0
06-04 09:07:30.021 517 668 E WifiVendorHal: setMultiStaUseCase(l.3286) failed {.code = ERROR_NOT_SUPPORTED, .description = }
06-04 09:07:30.028 739 739 I ndroid.systemui: type=1400 audit(0.0:337): avc: denied { search } for name="com.android.systemui" dev="mmcblk0p25" ino=483 scontext=u:r:platform_app:s0:c512,c768 tcontext=u:object_r:app_data_file:s0:c512,c768 tclass=dir permissive=1 app=com.softwinner.screenshot
06-04 09:07:30.033 185 185 E servicemanager: Could not find android.hardware.gnss.IGnss/default in the VINTF manifest.
06-04 09:07:30.034 517 517 D GnssLocationProviderJni: Trying IGnss_V2_1::getService()
06-04 09:07:30.035 186 186 I hwservicemanager: getTransport: Cannot find entry android.hardware.gnss@2.1::IGnss/default in either framework or device VINTF manifest.
06-04 09:07:30.036 517 517 D GnssLocationProviderJni: gnssHal 2.1 was null, trying 2.0
06-04 09:07:30.036 186 186 I hwservicemanager: getTransport: Cannot find entry android.hardware.gnss@2.0::IGnss/default in either framework or device VINTF manifest.
06-04 09:07:30.037 517 517 D GnssLocationProviderJni: gnssHal 2.0 was null, trying 1.1
06-04 09:07:30.039 186 186 I hwservicemanager: getTransport: Cannot find entry android.hardware.gnss@1.1::IGnss/default in either framework or device VINTF manifest.
06-04 09:07:30.039 517 517 D GnssLocationProviderJni: gnssHal 1.1 was null, trying 1.0
06-04 09:07:30.039 186 186 I hwservicemanager: getTransport: Cannot find entry android.hardware.gnss@1.0::IGnss/default in either framework or device VINTF manifest.
06-04 09:07:30.040 517 668 E WifiVendorHal: setMultiStaPrimaryConnection(l.3252) failed {.code = ERROR_NOT_SUPPORTED, .description = }
06-04 09:07:30.041 517 672 E WifiBackgroundScanStateMachine: invalid max buckets in scan capabilities 0
06-04 09:07:30.043 517 668 D WifiCountryCode: evaluateAllCmmStateAndApplyIfAllReady: {ConcreteClientModeManager{id=26301 iface=wlan0 role=ROLE_CLIENT_PRIMARY}=true}
06-04 09:07:30.045 517 668 D WifiCountryCode: Reading country code from telephony
06-04 09:07:30.048 517 517 E LocationManagerService: no geocoder provider found
06-04 09:07:30.049 739 739 V SystemUIService: SystemUIApplication created.
06-04 09:07:30.049 517 517 E ActivityRecognitionHardware: activity_recognition HAL is deprecated. is_supported is effectively a no-op
06-04 09:07:30.049 517 517 E LocationManagerService: unable to bind ActivityRecognitionProxy
06-04 09:07:30.049 517 517 W SystemServiceManager: Service com.android.server.location.LocationManagerService$Lifecycle took 101 ms in onBootPhase
06-04 09:07:30.050 517 517 I WallpaperManagerService: switch-user-0
06-04 09:07:30.050 517 517 V WallpaperManagerService: bindWallpaperComponentLocked: componentName=null
06-04 09:07:30.050 517 517 V WallpaperManagerService: No default component; using image wallpaper
06-04 09:07:30.051 739 739 D SystemUIService: is homlet
06-04 09:07:30.053 517 668 D WifiCountryCode: Set telephony country code to:
06-04 09:07:30.054 517 668 D WifiCountryCode: updateCountryCode to CN
06-04 09:07:30.055 855 855 D WifiHWInfo: Start to load wireless module hardware info table...
06-04 09:07:30.056 855 855 D WifiHWInfo: Entry [01], BUS: SDIO, ID: 0x024C8179, Name: rtl8189es.
06-04 09:07:30.056 855 855 D WifiHWInfo: Entry [02], BUS: SDIO, ID: 0x024CB723, Name: rtl8723bs_vq0.
06-04 09:07:30.056 855 855 D WifiHWInfo: Entry [03], BUS: SDIO, ID: 0x024CB703, Name: rtl8723cs.
06-04 09:07:30.056 855 855 D WifiHWInfo: Entry [04], BUS: SDIO, ID: 0x024CD723, Name: rtl8723ds.
06-04 09:07:30.056 855 855 D WifiHWInfo: Entry [05], BUS: SDIO, ID: 0x024CF179, Name: rtl8189fs.
06-04 09:07:30.056 855 855 D WifiHWInfo: Entry [06], BUS: SDIO, ID: 0x024CB822, Name: rtl88x2bs.
06-04 09:07:30.056 855 855 D WifiHWInfo: Entry [07], BUS: USB, ID: 0x0BDAD723, Name: rtl8723du.
06-04 09:07:30.056 855 855 D WifiHWInfo: Entry [08], BUS: USB, ID: 0x0BDA8179, Name: rtl8188etv.
06-04 09:07:30.056 855 855 D WifiHWInfo: Entry [09], BUS: USB, ID: 0x0BDA0179, Name: rtl8188eu.
06-04 09:07:30.056 855 855 D WifiHWInfo: Entry [10], BUS: USB, ID: 0x0BDA818B, Name: rtl8192eu.
06-04 09:07:30.056 855 855 D WifiHWInfo: Entry [11], BUS: USB, ID: 0x0BDAB720, Name: rtl8723bu.
06-04 09:07:30.056 855 855 D WifiHWInfo: Entry [12], BUS: USB, ID: 0x0BDAC82C, Name: rtl8822cu.
06-04 09:07:30.056 855 855 D WifiHWInfo: Entry [13], BUS: USB, ID: 0x0BDAF179, Name: rtl8188fu.
06-04 09:07:30.056 855 855 D WifiHWInfo: Entry [14], BUS: SDIO, ID: 0x02D0A9A6, Name: ap6212.
06-04 09:07:30.056 855 855 D WifiHWInfo: Entry [15], BUS: SDIO, ID: 0x02D04330, Name: ap6330.
06-04 09:07:30.056 855 855 D WifiHWInfo: Entry [16], BUS: SDIO, ID: 0x02D04356, Name: ap6356s.
06-04 09:07:30.056 855 855 D WifiHWInfo: Entry [17], BUS: SDIO, ID: 0x02D0A9BF, Name: ap6255.
06-04 09:07:30.056 855 855 D WifiHWInfo: Entry [18], BUS: SDIO, ID: 0x02D04334, Name: bcm43342.
06-04 09:07:30.056 855 855 D WifiHWInfo: Entry [19], BUS: SDIO, ID: 0x00202281, Name: xr819.
06-04 09:07:30.056 855 855 D WifiHWInfo: Entry [20], BUS: SDIO, ID: 0x0A9E2282, Name: xr829.
06-04 09:07:30.056 855 855 D WifiHWInfo: Entry [21], BUS: SDIO, ID: 0x0271050A, Name: qca6174a.
06-04 09:07:30.056 855 855 D WifiHWInfo: Entry [22], BUS: SDIO, ID: 0x30303030, Name: ssv6x5x.
06-04 09:07:30.056 855 855 D WifiHWInfo: Entry [23], BUS: SDIO, ID: 0x00000000, Name: uwe5621.
06-04 09:07:30.056 855 855 D WifiHWInfo: Entry [24], BUS: SDIO, ID: 0x54490145, Name: aic8800.
06-04 09:07:30.056 855 855 D WifiHWInfo: Entry [25], BUS: SDIO, ID: 0xC8A1C08D, Name: aic8800.
06-04 09:07:30.056 855 855 D WifiHWInfo: Entry [26], BUS: USB, ID: 0xA69C8800, Name: aic8800.
06-04 09:07:30.056 855 855 D WifiHWInfo: Entry [27], BUS: USB, ID: 0x007A8888, Name: atbm6023is.
06-04 09:07:30.056 855 855 D WifiHWInfo: Entry [28], BUS: SDIO, ID: 0x02E79086, Name: 9012p.
06-04 09:07:30.056 855 855 D WifiHWInfo: Entry [29], BUS: SDIO, ID: 0x007A6011, Name: atbm613x_wifi_sdio.
06-04 09:07:30.056 855 855 D WifiHWInfo: Entry [30], BUS: SDIO, ID: 0x024CC822, Name: 88x2cs.
06-04 09:07:30.056 855 855 D WifiHWInfo: Entry [31], BUS: SDIO, ID: 0x000018F0, Name: dummy.
06-04 09:07:30.056 855 855 W wpa_supplicant: check_initialed for nl80211, use sprd wpa_supplicant_8_lib.
06-04 09:07:30.056 855 855 W wpa_supplicant: check_initialed found wpa_supplicant_8_lib vendor implement for sprd.
06-04 09:07:30.056 855 855 D wpa_supplicant: wlan0: Event CHANNEL_LIST_CHANGED (27) received
06-04 09:07:30.057 855 855 I wpa_supplicant: wlan0: CTRL-EVENT-REGDOM-CHANGE init=USER type=COUNTRY alpha2=CN
06-04 09:07:30.057 855 855 D wpa_supplicant: p2p-dev-wlan0: Updating hw mode
06-04 09:07:30.057 739 739 I SystemUIService: Found SurfaceFlinger's GPU Priority: 12545
06-04 09:07:30.058 855 855 D wpa_supplicant: nl80211: No channel number found for frequency 5920 MHz
06-04 09:07:30.058 855 855 D wpa_supplicant: nl80211: No channel number found for frequency 5940 MHz
06-04 09:07:30.058 855 855 D wpa_supplicant: nl80211: Regulatory information - country=CN (DFS-FCC)
06-04 09:07:30.058 855 855 D wpa_supplicant: nl80211: 2400-2483 @ 40 MHz 20 mBm
06-04 09:07:30.058 855 855 D wpa_supplicant: nl80211: 5150-5350 @ 80 MHz 20 mBm (DFS)
06-04 09:07:30.058 855 855 D wpa_supplicant: nl80211: 5725-5850 @ 80 MHz 33 mBm
06-04 09:07:30.058 855 855 D wpa_supplicant: nl80211: 57240-59400 @ 2160 MHz 28 mBm
06-04 09:07:30.058 855 855 D wpa_supplicant: nl80211: 59400-63720 @ 2160 MHz 44 mBm
06-04 09:07:30.058 855 855 D wpa_supplicant: nl80211: 63720-65880 @ 2160 MHz 28 mBm
06-04 09:07:30.058 855 855 D wpa_supplicant: nl80211: Added 802.11b mode based on 802.11g information
06-04 09:07:30.058 855 855 D wpa_supplicant: nl80211: Mode IEEE 802.11g: 2412 2417 2422 2427 2432 2437 2442 2447 2452 2457 2462 2467 2472 2484[DISABLED]
06-04 09:07:30.058 855 855 D wpa_supplicant: nl80211: Mode IEEE 802.11a: 5170[DISABLED] 5180 5200 5220 5240 5260[RADAR] 5280[RADAR] 5300[RADAR] 5320[RADAR] 5500[DISABLED][RADAR] 5520[DISABLED][RADAR] 5540[DISABLED][RADAR] 5560[DISABLED][RADAR] 5580[DISABLED][RADAR]
06-04 09:07:30.059 855 855 D wpa_supplicant: nl80211: Mode IEEE 802.11b: 2412 2417 2422 2427 2432 2437 2442 2447 2452 2457 2462 2467 2472 2484[DISABLED]
06-04 09:07:30.059 855 855 D wpa_supplicant: wlan0: Updating hw mode
06-04 09:07:30.059 855 855 D wpa_supplicant: nl80211: No channel number found for frequency 5920 MHz
06-04 09:07:30.060 855 855 D wpa_supplicant: nl80211: No channel number found for frequency 5940 MHz
06-04 09:07:30.060 855 855 D wpa_supplicant: nl80211: Regulatory information - country=CN (DFS-FCC)
06-04 09:07:30.060 855 855 D wpa_supplicant: nl80211: 2400-2483 @ 40 MHz 20 mBm
06-04 09:07:30.060 855 855 D wpa_supplicant: nl80211: 5150-5350 @ 80 MHz 20 mBm (DFS)
06-04 09:07:30.060 855 855 D wpa_supplicant: nl80211: 5725-5850 @ 80 MHz 33 mBm
06-04 09:07:30.060 855 855 D wpa_supplicant: nl80211: 57240-59400 @ 2160 MHz 28 mBm
06-04 09:07:30.060 855 855 D wpa_supplicant: nl80211: 59400-63720 @ 2160 MHz 44 mBm
06-04 09:07:30.060 855 855 D wpa_supplicant: nl80211: 63720-65880 @ 2160 MHz 28 mBm
06-04 09:07:30.060 855 855 D wpa_supplicant: nl80211: Added 802.11b mode based on 802.11g information
06-04 09:07:30.060 855 855 D wpa_supplicant: nl80211: Mode IEEE 802.11g: 2412 2417 2422 2427 2432 2437 2442 2447 2452 2457 2462 2467 2472 2484[DISABLED]
06-04 09:07:30.060 855 855 D wpa_supplicant: nl80211: Mode IEEE 802.11a: 5170[DISABLED] 5180 5200 5220 5240 5260[RADAR] 5280[RADAR] 5300[RADAR] 5320[RADAR] 5500[DISABLED][RADAR] 5520[DISABLED][RADAR] 5540[DISABLED][RADAR] 5560[DISABLED][RADAR] 5580[DISABLED][RADAR]
06-04 09:07:30.060 855 855 D wpa_supplicant: nl80211: Mode IEEE 802.11b: 2412 2417 2422 2427 2432 2437 2442 2447 2452 2457 2462 2467 2472 2484[DISABLED]
06-04 09:07:30.060 855 855 D wpa_supplicant: wlan0: Determining shared radio frequencies (max len 2)
06-04 09:07:30.060 855 855 D wpa_supplicant: wlan0: Shared frequencies (len=0): completed iteration
06-04 09:07:30.060 855 855 D wpa_supplicant: P2P: Add operating class 81
06-04 09:07:30.060 855 855 D wpa_supplicant: P2P: Channels - hexdump(len=13): 01 02 03 04 05 06 07 08 09 0a 0b 0c 0d
06-04 09:07:30.060 855 855 D wpa_supplicant: P2P: Add operating class 115
06-04 09:07:30.060 855 855 D wpa_supplicant: P2P: Channels - hexdump(len=4): 24 28 2c 30
06-04 09:07:30.060 855 855 D wpa_supplicant: P2P: Add operating class 116
06-04 09:07:30.060 855 855 D wpa_supplicant: P2P: Channels - hexdump(len=2): 24 2c
06-04 09:07:30.060 855 855 D wpa_supplicant: P2P: Add operating class 117
06-04 09:07:30.060 855 855 D wpa_supplicant: P2P: Channels - hexdump(len=2): 28 30
06-04 09:07:30.060 855 855 D wpa_supplicant: P2P: Add operating class 124
06-04 09:07:30.060 855 855 D wpa_supplicant: P2P: Channels - hexdump(len=4): 95 99 9d a1
06-04 09:07:30.060 855 855 D wpa_supplicant: P2P: Add operating class 125
06-04 09:07:30.060 855 855 D wpa_supplicant: P2P: Channels - hexdump(len=5): 95 99 9d a1 a5
06-04 09:07:30.060 855 855 D wpa_supplicant: P2P: Add operating class 126
06-04 09:07:30.060 855 855 D wpa_supplicant: P2P: Channels - hexdump(len=2): 95 9d
06-04 09:07:30.061 855 855 D wpa_supplicant: P2P: Add operating class 127
06-04 09:07:30.061 855 855 D wpa_supplicant: P2P: Channels - hexdump(len=2): 99 a1
06-04 09:07:30.061 855 855 D wpa_supplicant: P2P: Add operating class 128
06-04 09:07:30.061 855 855 D wpa_supplicant: P2P: Channels - hexdump(len=8): 24 28 2c 30 95 99 9d a1
06-04 09:07:30.061 855 855 D wpa_supplicant: P2P: Add operating class 130
06-04 09:07:30.061 855 855 D wpa_supplicant: P2P: Channels - hexdump(len=9): 24 28 2c 30 95 99 9d a1 a5
06-04 09:07:30.061 855 855 D wpa_supplicant: P2P: Update channel list
06-04 09:07:30.063 855 855 D wpa_supplicant: P2P: channels: 81:1,2,3,4,5,6,7,8,9,10,11,12,13 115:36,40,44,48 116:36,44 117:40,48 124:149,153,157,161 125:149,153,157,161,165 126:149,157 127:153,161 128:36,40,44,48,149,153,157,161 130:36,40,44,48,149,153,157,161,165
06-04 09:07:30.063 855 855 D wpa_supplicant: P2P: cli_channels:
06-04 09:07:30.063 855 855 D wpa_supplicant: sprd_wpa_driver_nl80211_driver_cmd COUNTRY CN len = 0, 10
06-04 09:07:30.066 517 668 D WifiNative: onSetCountryCodeSucceeded: CN
06-04 09:07:30.066 517 668 I WifiCountryCode: Receive onSetCountryCodeSucceeded CN
06-04 09:07:30.076 887 887 I WebViewZygoteInit: Application preload done
06-04 09:07:30.078 517 668 D WakeupController: onWifiEnabled()
06-04 09:07:30.078 517 668 W WifiClientModeImpl: No cached packet filter to apply
06-04 09:07:30.083 517 668 D WifiClientModeImpl[wlan0]: entering ConnectableState: ifaceName = wlan0
06-04 09:07:30.086 855 855 D wpa_supplicant: sprd_wpa_driver_nl80211_driver_cmd SETSUSPENDMODE 1 len = 0, 16
