06-04 09:07:35.023 303 303 D XiriService: check file name: /data/data/com.android.location.fused/lib
06-04 09:07:35.024 303 303 D XiriService: check file name: /data/data/com.android.location.fused/lib
06-04 09:07:35.027 303 303 D XiriService: check file name: /data/data/com.android.location.fused/lib
06-04 09:07:35.027 303 303 D XiriService: check file name: /data/data/com.android.location.fused/lib
06-04 09:07:35.028 303 303 D XiriService: check file name: /data/data/com.android.location.fused/lib
06-04 09:07:35.028 303 303 D XiriService: check file name: /data/data/com.android.location.fused/lib
06-04 09:07:35.033 303 303 D XiriService: check file name: /data/data/com.dangbei.haqusetting/lib
06-04 09:07:35.034 303 303 D XiriService: check file name: /data/data/com.dangbei.haqusetting/lib
06-04 09:07:35.038 303 303 D XiriService: check file name: /data/data/com.dangbei.haqusetting/lib
06-04 09:07:35.038 303 303 D XiriService: check file name: /data/data/com.dangbei.haqusetting/lib
06-04 09:07:35.038 303 303 D XiriService: check file name: /data/data/com.dangbei.haqusetting/lib
06-04 09:07:35.038 303 303 D XiriService: check file name: /data/data/com.dangbei.haqusetting/lib
06-04 09:07:35.047 1 1 I mkswap : Swapspace size: 1505444k, UUID=737fccca-9b0d-4939-affc-cfbb16efe22f
06-04 09:07:35.053 303 303 D XiriService: check file name: /data/data/com.softwinner.miracastReceiver/lib
06-04 09:07:35.054 303 303 D XiriService: check file name: /data/data/com.softwinner.miracastReceiver/lib
06-04 09:07:35.057 303 303 D XiriService: check file name: /data/data/com.softwinner.miracastReceiver/lib
06-04 09:07:35.057 303 303 D XiriService: check file name: /data/data/com.softwinner.miracastReceiver/lib
06-04 09:07:35.057 303 303 D XiriService: check file name: /data/data/com.softwinner.miracastReceiver/lib
06-04 09:07:35.057 303 303 D XiriService: check file name: /data/data/com.softwinner.miracastReceiver/lib
06-04 09:07:35.062 303 303 D XiriService: check file name: /data/data/com.android.bluetooth/lib
06-04 09:07:35.060 303 303 I xiriservice_All: type=1400 audit(0.0:404): avc: denied { read } for name="lib" dev="mmcblk0p25" ino=1544 scontext=u:r:init:s0 tcontext=u:object_r:bluetooth_data_file:s0 tclass=lnk_file permissive=1
06-04 09:07:35.063 303 303 D XiriService: check file name: /data/data/com.android.bluetooth/lib
06-04 09:07:35.066 303 303 D XiriService: check file name: /data/data/com.android.bluetooth/lib
06-04 09:07:35.066 303 303 D XiriService: check file name: /data/data/com.android.bluetooth/lib
06-04 09:07:35.066 303 303 D XiriService: check file name: /data/data/com.android.bluetooth/lib
06-04 09:07:35.066 303 303 D XiriService: check file name: /data/data/com.android.bluetooth/lib
06-04 09:07:35.067 1 1 I : Adding 1505444k swap on /dev/block/zram0. Priority:-2 extents:1 across:1505444k SS
06-04 09:07:35.068 1144 1144 I init : type=1400 audit(0.0:405): avc: denied { entrypoint } for path="/system/bin/appsdisable" dev="dm-0" ino=892 scontext=u:r:shell:s0 tcontext=u:object_r:system_file:s0 tclass=file permissive=1
06-04 09:07:35.091 517 560 V PackageManager: reconcileAppsData finished 112 packages
06-04 09:07:35.092 517 560 I ActivityManager: User 0 state changed from RUNNING_LOCKED to RUNNING_UNLOCKING
06-04 09:07:35.102 517 560 D ActivityManager: Unlocking user 0 progress 20
06-04 09:07:35.110 517 567 W ActivityManager: Slow operation: 803ms so far, now at startProcess: done updating battery stats
06-04 09:07:35.111 517 567 W ActivityManager: Slow operation: 803ms so far, now at startProcess: building log message
06-04 09:07:35.111 517 567 I ActivityManager: app.processName = android.ext.services
06-04 09:07:35.111 517 567 I ActivityManager: Start proc 1117:android.ext.services/u0a75 for on-hold
06-04 09:07:35.111 517 567 W ActivityManager: Slow operation: 804ms so far, now at startProcess: starting to update pids map
06-04 09:07:35.111 517 567 W ActivityManager: Slow operation: 804ms so far, now at startProcess: done updating pids map
06-04 09:07:35.113 517 566 I SystemServerTimingAsync: ssm.UnlockingUser-0
06-04 09:07:35.113 517 566 I SystemServiceManager: Calling onUnlockingUser 0
06-04 09:07:35.131 517 566 D BluetoothManagerService: User 0 unlocked
06-04 09:07:35.137 739 739 D SystemUIService: Starting Wifi now
06-04 09:07:35.136 739 739 I ndroid.systemui: type=1400 audit(0.0:406): avc: denied { search } for name="com.android.systemui" dev="mmcblk0p25" ino=483 scontext=u:r:platform_app:s0:c512,c768 tcontext=u:object_r:app_data_file:s0:c512,c768 tclass=dir permissive=1 app=com.softwinner.screenshot
06-04 09:07:35.144 517 566 D StorageManagerService: onUnlockUser 0
06-04 09:07:35.144 517 566 I StorageSessionController: On user unlock 0
06-04 09:07:35.144 517 566 I StorageSessionController: Initialialising...
06-04 09:07:35.146 517 559 D BluetoothManagerService: MESSAGE_USER_UNLOCKED
06-04 09:07:35.146 191 191 I vold : onUserStarted: 0
06-04 09:07:35.150 517 599 D CompatibilityChangeReporter: Compat change id reported: 168419799; UID 10075; state: DISABLED
06-04 09:07:35.153 1146 1146 I bootstat: Service started: /system/bin/bootstat --record_boot_complete --record_boot_reason --record_time_since_factory_reset -l
06-04 09:07:35.155 1146 1146 E bootstat: Failed to read /data/misc/bootstat/last_boot_time_utc: No such file or directory
06-04 09:07:35.155 1146 1146 E bootstat: Failed to parse boot time record: /data/misc/bootstat/last_boot_time_utc
06-04 09:07:35.155 1146 1146 E bootstat: Failed to read /data/misc/bootstat/build_date: No such file or directory
06-04 09:07:35.155 1146 1146 E bootstat: Failed to parse boot time record: /data/misc/bootstat/build_date
06-04 09:07:35.156 1146 1146 I bootstat: Canonical boot reason: reboot,factory_reset
06-04 09:07:35.160 517 566 W TextServicesManagerService: no available spell checker services found
06-04 09:07:35.162 1146 1146 E bootstat: Failed to read /data/misc/bootstat/post_decrypt_time_elapsed: No such file or directory
06-04 09:07:35.162 1146 1146 E bootstat: Failed to parse boot time record: /data/misc/bootstat/post_decrypt_time_elapsed
06-04 09:07:35.164 517 566 D WifiService: Handle user unlock 0
06-04 09:07:35.165 1146 1146 E bootstat: Failed to read /data/misc/bootstat/factory_reset: No such file or directory
06-04 09:07:35.166 1146 1146 E bootstat: Failed to parse boot time record: /data/misc/bootstat/factory_reset
06-04 09:07:35.167 1146 1146 W bootstat: LogBootEvents, atomInfo not defined for events:last_boot_time_utc,build_date,ro.boottime.init.cold_boot_wait,boot_reason,system_boot_reason
06-04 09:07:35.169 517 566 I WallpaperManagerService: on-unlock-user-0
06-04 09:07:35.170 517 565 I UsageStatsService: Starting migration to system CE for user 0
06-04 09:07:35.172 517 806 V StorageManagerService: Found primary storage at VolumeInfo{emulated;0}:
06-04 09:07:35.172 517 806 V StorageManagerService: type=EMULATED diskId=null partGuid= mountFlags=0 mountUserId=0
06-04 09:07:35.172 517 806 V StorageManagerService: state=UNMOUNTED
06-04 09:07:35.172 517 806 V StorageManagerService: fsType=null fsUuid=null fsLabel=null
06-04 09:07:35.172 517 806 V StorageManagerService: path=null internalPath=null
06-04 09:07:35.173 517 565 I UsageStatsService: Finished migration to system CE for user 0
06-04 09:07:35.174 517 599 W ActivityManager: Slow operation: 54ms so far, now at attachApplicationLocked: after mServices.attachApplicationLocked
06-04 09:07:35.179 517 565 I UsageStatsDatabase: Upgrading from version 0 to 5
06-04 09:07:35.179 517 565 I UsageStatsDatabase: Deleting all usage stats files
06-04 09:07:35.181 517 560 D AW_CODE : rotation =0
06-04 09:07:35.182 517 623 I StorageManagerService: Mounting volume VolumeInfo{emulated;0}:
06-04 09:07:35.182 517 623 I StorageManagerService: type=EMULATED diskId=null partGuid= mountFlags=PRIMARY|VISIBLE
06-04 09:07:35.182 517 623 I StorageManagerService: mountUserId=0 state=UNMOUNTED
06-04 09:07:35.182 517 623 I StorageManagerService: fsType=null fsUuid=null fsLabel=null
06-04 09:07:35.182 517 623 I StorageManagerService: path=null internalPath=null
06-04 09:07:35.183 517 565 I UsageStatsService: User[0] Rollover scheduled @ 2025-06-05 09:07:35(1749085655174)
06-04 09:07:35.183 517 565 D AppStandbyController: Initializing defaults for system apps on user 0, appIdleEnabled=false
06-04 09:07:35.184 191 191 I vold : Mounting emulated fuse volume
06-04 09:07:35.190 517 517 W InputMethodUtils: Found no fallback locale. imis=[InputMethodInfo{com.sohu.inputmethod.sogou.tv/.SogouIME, settings: com.sohu.inputmethod.sogou.SogouIMESettingsLauncher}]
06-04 09:07:35.194 517 560 D AW_CODE : rotation =0
06-04 09:07:35.196 517 517 W InputMethodUtils: No software keyboard is found. imis=[InputMethodInfo{com.sohu.inputmethod.sogou.tv/.SogouIME, settings: com.sohu.inputmethod.sogou.SogouIMESettingsLauncher}] systemLocale=zh_CN fallbackLocale=null
06-04 09:07:35.198 517 565 W AppHibernationService: Attempt to call setHibernatingForUser before states have been read from disk
06-04 09:07:35.199 517 565 W AppHibernationService: Attempt to call setHibernatingForUser before states have been read from disk
06-04 09:07:35.199 517 565 W AppHibernationService: Attempt to call setHibernatingForUser before states have been read from disk
06-04 09:07:35.200 322 327 D XM_HIDREAD: add@ add@/devices/virtual/bdi/0:52
06-04 09:07:35.203 191 191 I vold : Bind mounting /data/media to /mnt/pass_through/0/emulated
06-04 09:07:35.204 517 897 I ActivityManager: com.android.tv.settings is exempt from freezer
06-04 09:07:35.204 517 897 D CompatibilityChangeReporter: Compat change id reported: 135634846; UID 1000; state: DISABLED
06-04 09:07:35.205 517 565 W AppHibernationService: Attempt to call setHibernatingForUser before states have been read from disk
06-04 09:07:35.206 1117 1117 D CompatibilityChangeReporter: Compat change id reported: 171979766; UID 10075; state: DISABLED
06-04 09:07:35.205 517 565 W AppHibernationService: Attempt to call setHibernatingForUser before states have been read from disk
06-04 09:07:35.214 517 565 W AppHibernationService: Attempt to call setHibernatingForUser before states have been read from disk
06-04 09:07:35.214 517 565 W AppHibernationService: Attempt to call setHibernatingForUser before states have been read from disk
06-04 09:07:35.215 322 327 D XM_HIDREAD: add@ add@/class/hci_reg
06-04 09:07:35.215 322 327 D XM_HIDREAD: add@ add@/module/sunxi_hci
06-04 09:07:35.215 517 565 W AppHibernationService: Attempt to call setHibernatingForUser before states have been read from disk
06-04 09:07:35.215 517 565 W AppHibernationService: Attempt to call setHibernatingForUser before states have been read from disk
06-04 09:07:35.215 517 565 W AppHibernationService: Attempt to call setHibernatingForUser before states have been read from disk
06-04 09:07:35.215 517 565 W AppHibernationService: Attempt to call setHibernatingForUser before states have been read from disk
06-04 09:07:35.215 517 565 W AppHibernationService: Attempt to call setHibernatingForUser before states have been read from disk
06-04 09:07:35.216 517 565 W AppHibernationService: Attempt to call setHibernatingForUser before states have been read from disk
06-04 09:07:35.216 517 565 W AppHibernationService: Attempt to call setHibernatingForUser before states have been read from disk
06-04 09:07:35.216 517 565 W AppHibernationService: Attempt to call setHibernatingForUser before states have been read from disk
06-04 09:07:35.216 517 565 W AppHibernationService: Attempt to call setHibernatingForUser before states have been read from disk
06-04 09:07:35.222 517 517 I NotificationHistory: Attempted to unlock gone/disabled user 0
06-04 09:07:35.222 517 696 I BackupManagerService: Starting service for user: 0
06-04 09:07:35.223 517 623 I StorageSessionController: On volume mount VolumeInfo{emulated;0}:
06-04 09:07:35.223 517 623 I StorageSessionController: type=EMULATED diskId=null partGuid= mountFlags=PRIMARY|VISIBLE
06-04 09:07:35.223 517 623 I StorageSessionController: mountUserId=0 state=CHECKING
06-04 09:07:35.223 517 623 I StorageSessionController: fsType=null fsUuid=null fsLabel=null
06-04 09:07:35.223 517 623 I StorageSessionController: path=/storage/emulated internalPath=/data/media
06-04 09:07:35.223 517 566 W VoiceInteractionManager: no available voice recognition services found for user 0
06-04 09:07:35.224 517 696 V BackupManagerService: [UserID:0] Starting with transport com.android.localtransport/.LocalTransport
06-04 09:07:35.224 517 565 W AppHibernationService: Attempt to call setHibernatingForUser before states have been read from disk
06-04 09:07:35.224 517 565 W AppHibernationService: Attempt to call setHibernatingForUser before states have been read from disk
06-04 09:07:35.224 517 565 W AppHibernationService: Attempt to call setHibernatingForUser before states have been read from disk
06-04 09:07:35.225 517 696 D BackupManagerService: [UserID:0] Started thread backup-0
06-04 09:07:35.225 517 565 W AppHibernationService: Attempt to call setHibernatingForUser before states have been read from disk
06-04 09:07:35.226 517 565 W AppHibernationService: Attempt to call setHibernatingForUser before states have been read from disk
06-04 09:07:35.228 517 623 I StorageSessionController: Creating connection for user: 0
06-04 09:07:35.231 517 565 W AppHibernationService: Attempt to call setHibernatingForUser before states have been read from disk
06-04 09:07:35.231 517 565 W AppHibernationService: Attempt to call setHibernatingForUser before states have been read from disk
06-04 09:07:35.233 246 246 D Zygote : Forked child process 1159
06-04 09:07:35.234 1159 1159 I Zygote : seccomp disabled by setenforce 0
06-04 09:07:35.234 517 567 I ActivityManager: app.processName = com.android.tv.settings
06-04 09:07:35.234 517 567 I ActivityManager: Start proc 1159:com.android.tv.settings/1000 for broadcast {com.android.tv.settings/com.android.tv.settings.users.UserSwitchListenerService$BootReceiver}
06-04 09:07:35.235 517 1103 I HibernationStateDiskStore: No hibernation file on disk for file /data/system_ce/0/hibernation/states
06-04 09:07:35.237 517 565 I UsageStatsService: User[0] Flushing usage stats to disk
06-04 09:07:35.238 517 623 I StorageSessionController: Creating and starting session with id: emulated;0
06-04 09:07:35.239 517 623 I StorageUserConnection: Binding to the ExternalStorageService for user 0
06-04 09:07:35.245 714 714 E WifiHAL : wifi_get_link_stats: requestResponse Error:-5
06-04 09:07:35.246 517 668 E WifiVendorHal: getWifiLinkLayerStats_1_5_Internal(l.1191) failed {.code = ERROR_INVALID_ARGS, .description = }
06-04 09:07:35.250 517 696 I SELinux : SELinux: Loaded file_contexts
06-04 09:07:35.263 322 327 D XM_HIDREAD: add@ add@/devices/virtual/devlink/regulator.8--5101000.ehci0-controller
06-04 09:07:35.264 169 169 W sunxi-ehci: EHCI SUNXI driver
06-04 09:07:35.265 169 169 W : sunxi ehci0-controller don't init wakeup source
06-04 09:07:35.265 169 169 W [sunxi-ehci0]: probe, pdev->name: 5101000.ehci0-controller, sunxi_ehci: 0xffffffc008f81018, 0x:ffffffc012205000, irq_no:32
06-04 09:07:35.267 169 169 I sunxi-ehci 5101000.ehci0-controller: EHCI Host Controller
06-04 09:07:35.267 169 169 I sunxi-ehci 5101000.ehci0-controller: new USB bus registered, assigned bus number 1
06-04 09:07:35.267 169 169 I sunxi-ehci 5101000.ehci0-controller: irq 50, io mem 0x05101000
06-04 09:07:35.266 395 415 I adbd : jdwp connection from 1159
06-04 09:07:35.264 1157 1157 I runin.sh: type=1400 audit(0.0:408): avc: denied { dac_read_search } for capability=2 scontext=u:r:shell:s0 tcontext=u:r:shell:s0 tclass=capability permissive=1
06-04 09:07:35.267 517 696 E BackupPasswordManager: Unable to read backup pw version
06-04 09:07:35.267 517 696 E BackupPasswordManager: Unable to read saved backup pw hash
06-04 09:07:35.272 517 558 D AW_CODE : rotation =0
06-04 09:07:35.275 517 558 D AutofillUI: destroySaveUiUiThread(): already destroyed
06-04 09:07:35.275 517 623 D CompatibilityChangeReporter: Compat change id reported: 135634846; UID 10074; state: DISABLED
06-04 09:07:35.276 517 567 D CompatibilityChangeReporter: Compat change id reported: 143937733; UID 10074; state: ENABLED
06-04 09:07:35.276 517 566 D AutofillManagerServiceImpl: Reset component for user 0:
06-04 09:07:35.279 322 327 D XM_HIDREAD: add@ add@/devices/platform/soc@3000000/5101000.ehci0-controller/usb1
06-04 09:07:35.280 322 327 D XM_HIDREAD: add@ add@/devices/platform/soc@3000000/5101000.ehci0-controller/usb1/1-0:1.0
06-04 09:07:35.280 169 169 I sunxi-ehci 5101000.ehci0-controller: USB 2.0 started, EHCI 1.00
06-04 09:07:35.280 169 169 I usb1 : New USB device found, idVendor=1d6b, idProduct=0002, bcdDevice= 5.04
06-04 09:07:35.280 169 169 I usb1 : New USB device strings: Mfr=3, Product=2, SerialNumber=1
06-04 09:07:35.280 169 169 I usb1 : Product: EHCI Host Controller
06-04 09:07:35.280 169 169 I usb1 : Manufacturer: Linux 5.4.125+ ehci_hcd
06-04 09:07:35.280 169 169 I usb1 : SerialNumber: sunxi-ehci
06-04 09:07:35.282 169 169 I hub 1-0 : 1.0: USB hub found
06-04 09:07:35.283 169 169 I hub 1-0 : 1.0: 1 port detected
06-04 09:07:35.287 322 327 D XM_HIDREAD: add@ add@/devices/virtual/devlink/regulator.8--5200000.ehci1-controller
06-04 09:07:35.288 169 169 W : sunxi ehci1-controller don't init wakeup source
06-04 09:07:35.288 169 169 W [sunxi-ehci1]: probe, pdev->name: 5200000.ehci1-controller, sunxi_ehci: 0xffffffc008f816d8, 0x:ffffffc013321000, irq_no:34
06-04 09:07:35.290 169 169 I sunxi-ehci 5200000.ehci1-controller: EHCI Host Controller
06-04 09:07:35.290 169 169 I sunxi-ehci 5200000.ehci1-controller: new USB bus registered, assigned bus number 2
06-04 09:07:35.290 169 169 I sunxi-ehci 5200000.ehci1-controller: irq 52, io mem 0x05200000
06-04 09:07:35.292 246 246 D Zygote : Forked child process 1178
06-04 09:07:35.294 517 567 I Watchdog: Interesting Java process com.android.providers.media.module started. Pid 1178
06-04 09:07:35.294 517 567 I ActivityManager: app.processName = com.android.providers.media.module
06-04 09:07:35.294 517 567 I ActivityManager: Start proc 1178:com.android.providers.media.module/u0a74 for service {com.android.providers.media.module/com.android.providers.media.fuse.ExternalStorageServiceImpl}
06-04 09:07:35.301 517 566 D FieldClassificationStrategy: reset(): service is not bound. Do nothing.
06-04 09:07:35.301 517 566 W AppBindingService: [Default SMS app] u0 Target package not found
06-04 09:07:35.302 517 565 W Searchables: No global search activity found
06-04 09:07:35.303 517 566 I ActivityTaskManager: Loading recents for user 0 into memory.
06-04 09:07:35.303 517 566 E TaskPersister: restoreTasksForUserLocked: Unable to list files from /data/system_ce/0/recent_tasks
06-04 09:07:35.303 517 566 V PackageConfigPersister: loadPackages: empty list files from /data/system_ce/0/package_configs
06-04 09:07:35.303 517 566 W ActivityManager: UserLifecycleEvent 5 received without an active userJourneySession.
06-04 09:07:35.303 517 566 W ActivityManager: UserLifecycleEvent 6 received without an active userJourneySession.
06-04 09:07:35.304 517 566 I ActivityManager: User 0 state changed from RUNNING_UNLOCKING to RUNNING_UNLOCKED
06-04 09:07:35.304 517 566 D SystemServerTiming: SystemUserUnlock took to complete: 957ms
06-04 09:07:35.306 517 566 I ActivityManager: com.dangbei.lerad.etna.haqu is exempt from freezer
06-04 09:07:35.306 517 623 I StorageUserConnection: Bound to the ExternalStorageService for user 0
06-04 09:07:35.308 517 668 D WakeupConfigStoreData: WifiWake user data has been read
06-04 09:07:35.303 169 169 I sunxi-ehci 5200000.ehci1-controller: USB 2.0 started, EHCI 1.00
06-04 09:07:35.303 169 169 E debugfs : Directory 'sunxi-ehci' with parent 'ehci' already present!
06-04 09:07:35.313 169 169 I usb2 : New USB device found, idVendor=1d6b, idProduct=0002, bcdDevice= 5.04
06-04 09:07:35.313 169 169 I usb2 : New USB device strings: Mfr=3, Product=2, SerialNumber=1
06-04 09:07:35.313 169 169 I usb2 : Product: EHCI Host Controller
06-04 09:07:35.313 169 169 I usb2 : Manufacturer: Linux 5.4.125+ ehci_hcd
06-04 09:07:35.313 169 169 I usb2 : SerialNumber: sunxi-ehci
06-04 09:07:35.314 322 327 D XM_HIDREAD: add@ add@/devices/platform/soc@3000000/5200000.ehci1-controller/usb2
06-04 09:07:35.315 517 1160 V BackupManagerConstants: getKeyValueBackupIntervalMilliseconds(...) returns 14400000
06-04 09:07:35.315 517 1160 V BackupManagerConstants: getKeyValueBackupFuzzMilliseconds(...) returns 600000
06-04 09:07:35.316 517 1160 V BackupManagerConstants: getKeyValueBackupRequiredNetworkType(...) returns 1
06-04 09:07:35.316 517 1160 V BackupManagerConstants: getKeyValueBackupRequireCharging(...) returns true
06-04 09:07:35.321 169 169 I hub 2-0 : 1.0: USB hub found
06-04 09:07:35.321 169 169 I hub 2-0 : 1.0: 1 port detected
06-04 09:07:35.316 517 1160 V KeyValueBackupJob: Scheduling k/v pass in 248 minutes
06-04 09:07:35.318 322 327 D XM_HIDREAD: add@ add@/devices/platform/soc@3000000/5200000.ehci1-controller/usb2/2-0:1.0
06-04 09:07:35.323 322 327 D XM_HIDREAD: add@ add@/devices/virtual/devlink/regulator.8--5310000.ehci2-controller
06-04 09:07:35.325 169 169 W : sunxi ehci2-controller don't init wakeup source
06-04 09:07:35.325 169 169 W [sunxi-ehci2]: probe, pdev->name: 5310000.ehci2-controller, sunxi_ehci: 0xffffffc008f81d98, 0x:ffffffc013585000, irq_no:36
06-04 09:07:35.326 169 169 I sunxi-ehci 5310000.ehci2-controller: EHCI Host Controller
06-04 09:07:35.326 169 169 I sunxi-ehci 5310000.ehci2-controller: new USB bus registered, assigned bus number 3
06-04 09:07:35.326 169 169 I sunxi-ehci 5310000.ehci2-controller: irq 54, io mem 0x05310000
06-04 09:07:35.324 1117 1117 I id.ext.services: type=1400 audit(0.0:409): avc: denied { getattr } for path="/data/data/android.ext.services" dev="mmcblk0p25" ino=435 scontext=u:r:platform_app:s0:c512,c768 tcontext=u:object_r:app_data_file:s0:c512,c768 tclass=dir permissive=1 app=android.ext.services
06-04 09:07:35.329 517 668 D WifiConfigStore: Reading from user stores completed in 9 ms.
06-04 09:07:35.331 246 246 D Zygote : Forked child process 1181
06-04 09:07:35.332 1178 1178 I Zygote : seccomp disabled by setenforce 0
06-04 09:07:35.332 1104 1104 I net_disconnect.: type=1400 audit(0.0:410): avc: denied { execute } for name="rgb_led_ctl" dev="dm-1" ino=188 scontext=u:r:init:s0 tcontext=u:object_r:vendor_file:s0 tclass=file permissive=1
06-04 09:07:35.335 517 696 V BackupManagerService: [UserID:0] No ancestral data
06-04 09:07:35.332 1182 1182 I net_disconnect.: type=1400 audit(0.0:411): avc: denied { execute_no_trans } for path="/vendor/bin/rgb_led_ctl" dev="dm-1" ino=188 scontext=u:r:init:s0 tcontext=u:object_r:vendor_file:s0 tclass=file permissive=1
06-04 09:07:35.340 1181 1181 I Zygote : seccomp disabled by setenforce 0
06-04 09:07:35.344 517 567 I ActivityManager: app.processName = com.dangbei.lerad.etna.haqu
06-04 09:07:35.344 517 567 I ActivityManager: Start proc 1181:com.dangbei.lerad.etna.haqu/1000 for added application com.dangbei.lerad.etna.haqu
06-04 09:07:35.339 169 169 I sunxi-ehci 5310000.ehci2-controller: USB 2.0 started, EHCI 1.00
06-04 09:07:35.339 169 169 E debugfs : Directory 'sunxi-ehci' with parent 'ehci' already present!
06-04 09:07:35.349 517 1160 D ConnectivityService: requestNetwork for uid/pid:1000/517 activeRequest: null callbackRequest: 22 [NetworkRequest [ REQUEST id=23, [ Capabilities: INTERNET&NOT_RESTRICTED&TRUSTED&NOT_VCN_MANAGED Uid: 1000 RequestorUid: 1000 RequestorPkg: android] ]] callback flags: 0 priority: 2147483647
06-04 09:07:35.348 318 318 I xiriservice_All: type=1400 audit(0.0:412): avc: denied { read } for scontext=u:r:init:s0 tcontext=u:r:init:s0 tclass=netlink_kobject_uevent_socket permissive=1
06-04 09:07:35.354 169 169 I usb3 : New USB device found, idVendor=1d6b, idProduct=0002, bcdDevice= 5.04
06-04 09:07:35.354 169 169 I usb3 : New USB device strings: Mfr=3, Product=2, SerialNumber=1
06-04 09:07:35.354 169 169 I usb3 : Product: EHCI Host Controller
06-04 09:07:35.354 169 169 I usb3 : Manufacturer: Linux 5.4.125+ ehci_hcd
06-04 09:07:35.354 169 169 I usb3 : SerialNumber: sunxi-ehci
06-04 09:07:35.361 169 169 I hub 3-0 : 1.0: USB hub found
06-04 09:07:35.364 169 169 I hub 3-0 : 1.0: 1 port detected
06-04 09:07:35.369 169 169 W : sunxi ehci3-controller don't init wakeup source
06-04 09:07:35.369 169 169 W [sunxi-ehci3]: probe, pdev->name: 5311000.ehci3-controller, sunxi_ehci: 0xffffffc008f82458, 0x:ffffffc013643000, irq_no:38
06-04 09:07:35.350 517 675 D ConnectivityService: NetReassign [no changes]
06-04 09:07:35.350 517 710 D PPPOE : got request NetworkRequest [ REQUEST id=23, [ Capabilities: INTERNET&NOT_RESTRICTED&TRUSTED&NOT_VCN_MANAGED Uid: 1000 RequestorUid: 1000 RequestorPkg: android] ]
06-04 09:07:35.351 517 709 D Ethernet: got request NetworkRequest [ REQUEST id=23, [ Capabilities: INTERNET&NOT_RESTRICTED&TRUSTED&NOT_VCN_MANAGED Uid: 1000 RequestorUid: 1000 RequestorPkg: android] ]
06-04 09:07:35.351 517 709 D EthernetNetworkFactory: acceptRequest, request: NetworkRequest [ REQUEST id=23, [ Capabilities: INTERNET&NOT_RESTRICTED&TRUSTED&NOT_VCN_MANAGED Uid: 1000 RequestorUid: 1000 RequestorPkg: android] ]
06-04 09:07:35.351 517 709 I EthernetNetworkFactory: networkForRequest, request: NetworkRequest [ REQUEST id=23, [ Capabilities: INTERNET&NOT_RESTRICTED&TRUSTED&NOT_VCN_MANAGED Uid: 1000 RequestorUid: 1000 RequestorPkg: android] ], network: null
06-04 09:07:35.351 517 566 I PreBootBroadcaster: Pre-boot of {com.android.documentsui/com.android.documentsui.PreBootReceiver} for user 0
06-04 09:07:35.353 322 327 D XM_HIDREAD: add@ add@/devices/platform/soc@3000000/5310000.ehci2-controller/usb3
06-04 09:07:35.355 517 517 W NotificationHistory: Attempted to add notif for locked/gone/disabled user 0
06-04 09:07:35.358 322 327 D XM_HIDREAD: add@ add@/devices/platform/soc@3000000/5310000.ehci2-controller/usb3/3-0:1.0
06-04 09:07:35.367 395 415 I adbd : jdwp connection from 1181
06-04 09:07:35.369 322 327 D XM_HIDREAD: add@ add@/devices/virtual/devlink/regulator.8--5311000.ehci3-controller
06-04 09:07:35.372 169 169 I sunxi-ehci 5311000.ehci3-controller: EHCI Host Controller
06-04 09:07:35.372 169 169 I sunxi-ehci 5311000.ehci3-controller: new USB bus registered, assigned bus number 4
06-04 09:07:35.372 169 169 I sunxi-ehci 5311000.ehci3-controller: irq 56, io mem 0x05311000
06-04 09:07:35.384 1182 1182 I rgb_led_ctl: type=1400 audit(0.0:413): avc: denied { write } for name="spidev1.0" dev="tmpfs" ino=1280 scontext=u:r:init:s0 tcontext=u:object_r:device:s0 tclass=chr_file permissive=1
06-04 09:07:35.384 1182 1182 I rgb_led_ctl: type=1400 audit(0.0:414): avc: denied { open } for path="/dev/spidev1.0" dev="tmpfs" ino=1280 scontext=u:r:init:s0 tcontext=u:object_r:device:s0 tclass=chr_file permissive=1
06-04 09:07:35.384 1182 1182 I rgb_led_ctl: type=1400 audit(0.0:415): avc: denied { ioctl } for path="/dev/spidev1.0" dev="tmpfs" ino=1280 ioctlcmd=0x6b01 scontext=u:r:init:s0 tcontext=u:object_r:device:s0 tclass=chr_file permissive=1
06-04 09:07:35.387 169 169 I sunxi-ehci 5311000.ehci3-controller: USB 2.0 started, EHCI 1.00
06-04 09:07:35.387 169 169 E debugfs : Directory 'sunxi-ehci' with parent 'ehci' already present!
06-04 09:07:35.398 169 169 I usb4 : New USB device found, idVendor=1d6b, idProduct=0002, bcdDevice= 5.04
06-04 09:07:35.398 169 169 I usb4 : New USB device strings: Mfr=3, Product=2, SerialNumber=1
06-04 09:07:35.398 169 169 I usb4 : Product: EHCI Host Controller
06-04 09:07:35.398 169 169 I usb4 : Manufacturer: Linux 5.4.125+ ehci_hcd
06-04 09:07:35.398 169 169 I usb4 : SerialNumber: sunxi-ehci
06-04 09:07:35.404 169 169 I hub 4-0 : 1.0: USB hub found
06-04 09:07:35.406 169 169 I hub 4-0 : 1.0: 1 port detected
06-04 09:07:35.429 1117 1117 W audit : audit_lost=1 audit_rate_limit=5 audit_backlog_limit=64
06-04 09:07:35.429 1117 1117 E audit : rate limit exceeded
06-04 09:07:35.372 1159 1159 D CompatibilityChangeReporter: Compat change id reported: 171979766; UID 1000; state: ENABLED
06-04 09:07:35.379 517 668 W FileUtils: Failed to chmod(/data/misc_ce/0/apexdata/com.android.wifi/WifiConfigStore.xml, 384):
06-04 09:07:35.379 517 668 W FileUtils: android.system.ErrnoException: chmod failed: ENOENT (No such file or directory)
06-04 09:07:35.379 517 668 W FileUtils: at libcore.io.Linux.chmod(Native Method)
06-04 09:07:35.379 517 668 W FileUtils: at libcore.io.ForwardingOs.chmod(ForwardingOs.java:168)
06-04 09:07:35.379 517 668 W FileUtils: at libcore.io.BlockGuardOs.chmod(BlockGuardOs.java:83)
06-04 09:07:35.379 517 668 W FileUtils: at android.system.Os.chmod(Os.java:121)
06-04 09:07:35.379 517 668 W FileUtils: at com.android.server.wifi.util.FileUtils.chmod(FileUtils.java:44)
06-04 09:07:35.379 517 668 W FileUtils: at com.android.server.wifi.WifiConfigStore$StoreFile.writeBufferedRawData(WifiConfigStore.java:941)
06-04 09:07:35.379 517 668 W FileUtils: at com.android.server.wifi.WifiConfigStore.writeBufferedData(WifiConfigStore.java:510)
06-04 09:07:35.379 517 668 W FileUtils: at com.android.server.wifi.WifiConfigStore.write(WifiConfigStore.java:430)
06-04 09:07:35.379 517 668 W FileUtils: at com.android.server.wifi.WifiConfigManager.saveToStore(WifiConfigManager.java:3386)
06-04 09:07:35.379 517 668 W FileUtils: at com.android.server.wifi.WifiConfigManager.handleUserUnlockOrSwitch(WifiConfigManager.java:2933)
06-04 09:07:35.379 517 668 W FileUtils: at com.android.server.wifi.WifiConfigManager.handleUserUnlock(WifiConfigManager.java:3012)
06-04 09:07:35.379 517 668 W FileUtils: at com.android.server.wifi.WifiServiceImpl.lambda$handleUserUnlock$4(WifiServiceImpl.java:575)
06-04 09:07:35.379 517 668 W FileUtils: at com.android.server.wifi.WifiServiceImpl.$r8$lambda$pIHmbQfs3TB9X9eA4_RgrBdIdio(Unknown Source:0)
06-04 09:07:35.379 517 668 W FileUtils: at com.android.server.wifi.WifiServiceImpl$$ExternalSyntheticLambda17.run(Unknown Source:4)
06-04 09:07:35.379 517 668 W FileUtils: at android.os.Handler.handleCallback(Handler.java:938)
06-04 09:07:35.379 517 668 W FileUtils: at android.os.Handler.dispatchMessage(Handler.java:99)
06-04 09:07:35.379 517 668 W FileUtils: at android.os.Looper.loopOnce(Looper.java:201)
06-04 09:07:35.379 517 668 W FileUtils: at android.os.Looper.loop(Looper.java:288)
06-04 09:07:35.379 517 668 W FileUtils: at android.os.HandlerThread.run(HandlerThread.java:67)
06-04 09:07:35.376 724 724 D BluetoothOppFileProvider: Initialized
06-04 09:07:35.390 517 517 V NotificationAssistants: enabling notification assistant for 0: ComponentInfo{android.ext.services/android.ext.services.notification.Assistant}
06-04 09:07:35.390 517 517 V NotificationAssistants: Not registering ComponentInfo{android.ext.services/android.ext.services.notification.Assistant} is already bound
06-04 09:07:35.397 322 327 D XM_HIDREAD: add@ add@/devices/platform/soc@3000000/5311000.ehci3-controller/usb4
06-04 09:07:35.401 322 327 D XM_HIDREAD: add@ add@/devices/platform/soc@3000000/5311000.ehci3-controller/usb4/4-0:1.0
06-04 09:07:35.409 322 327 D XM_HIDREAD: add@ add@/bus/platform/drivers/sunxi-ehci
06-04 09:07:35.409 322 327 D XM_HIDREAD: add@ add@/module/ehci_sunxi
06-04 09:07:35.412 517 599 D CompatibilityChangeReporter: Compat change id reported: 168419799; UID 1000; state: DISABLED
06-04 09:07:35.418 517 559 E BluetoothManagerService: Wait for STATE_OFF timeout
06-04 09:07:35.418 517 559 D BluetoothManagerService: Handle enable is finished
06-04 09:07:35.424 395 415 I adbd : jdwp connection from 1178
06-04 09:07:35.425 1181 1181 D CompatibilityChangeReporter: Compat change id reported: 171979766; UID 1000; state: DISABLED
06-04 09:07:35.433 517 1175 E system_server: No package ID 7f found for ID 0x7f070090.
06-04 09:07:35.433 517 1175 E system_server: No package ID 7f found for ID 0x7f10009b.
06-04 09:07:35.434 1117 1117 V GraphicsEnvironment: ANGLE Developer option for 'android.ext.services' set to: 'default'
06-04 09:07:35.435 1117 1117 V GraphicsEnvironment: Neither updatable production driver nor prerelease driver is supported.
06-04 09:07:35.435 1181 1181 D ApplicationLoaders: Returning zygote-cached class loader: /system/framework/android.test.base.jar
06-04 09:07:35.435 1181 1181 D ApplicationLoaders: Returning zygote-cached class loader: /system/framework/android.hidl.manager-V1.0-java.jar
06-04 09:07:35.435 1181 1181 D ApplicationLoaders: Returning zygote-cached class loader: /system/framework/android.hidl.base-V1.0-java.jar
06-04 09:07:35.436 1117 1117 D NetworkSecurityConfig: No Network Security Config specified, using platform default
06-04 09:07:35.437 1117 1117 D NetworkSecurityConfig: No Network Security Config specified, using platform default
06-04 09:07:35.441 517 668 D WifiConfigStore: Writing to stores completed in 84 ms.
06-04 09:07:35.441 517 668 D WifiNetworkFactory: got request NetworkRequest [ REQUEST id=23, [ Capabilities: INTERNET&NOT_RESTRICTED&TRUSTED&NOT_VCN_MANAGED Uid: 1000 RequestorUid: 1000 RequestorPkg: android] ]
06-04 09:07:35.441 517 668 D UntrustedWifiNetworkFactory: got request NetworkRequest [ REQUEST id=23, [ Capabilities: INTERNET&NOT_RESTRICTED&TRUSTED&NOT_VCN_MANAGED Uid: 1000 RequestorUid: 1000 RequestorPkg: android] ]
06-04 09:07:35.441 517 668 D OemPaidWifiNetworkFactory: got request NetworkRequest [ REQUEST id=23, [ Capabilities: INTERNET&NOT_RESTRICTED&TRUSTED&NOT_VCN_MANAGED Uid: 1000 RequestorUid: 1000 RequestorPkg: android] ]
06-04 09:07:35.452 169 169 W sunxi-ohci: OHCI SUNXI driver
06-04 09:07:35.453 169 169 W : sunxi ohci0-controller don't init wakeup source
06-04 09:07:35.453 169 169 W [sunxi-ohci0]: probe, pdev->name: 5101400.ohci0-controller, sunxi_ohci: 0xffffffc008f81378
06-04 09:07:35.453 169 169 I sunxi-ohci 5101400.ohci0-controller: OHCI Host Controller
06-04 09:07:35.454 169 169 I sunxi-ohci 5101400.ohci0-controller: new USB bus registered, assigned bus number 5
06-04 09:07:35.454 169 169 I sunxi-ohci 5101400.ohci0-controller: irq 51, io mem 0x05101400
06-04 09:07:35.450 517 806 D CompatibilityChangeReporter: Compat change id reported: 168419799; UID 10074; state: DISABLED
06-04 09:07:35.451 322 327 D XM_HIDREAD: add@ add@/devices/virtual/devlink/regulator.8--5101400.ohci0-controller
06-04 09:07:35.454 517 696 I BackupManagerService: isBackupEnabled() => false due to absent settings file
06-04 09:07:35.454 517 696 D BackupManagerService: user:0 readBackupEnableState enabled:false
06-04 09:07:35.454 517 696 I BackupManagerService: [UserID:0] Backup enabled => false
06-04 09:07:35.458 517 517 I AccountsDb: Creating DE database for user 0
06-04 09:07:35.466 1178 1178 D CompatibilityChangeReporter: Compat change id reported: 171979766; UID 10074; state: DISABLED
06-04 09:07:35.476 517 565 I ActivityManager: com.android.keychain is exempt from freezer
06-04 09:07:35.477 517 517 I AccountManagerService: User 0 is unlocked - opening CE database
06-04 09:07:35.477 517 565 D CompatibilityChangeReporter: Compat change id reported: 135634846; UID 1000; state: DISABLED
06-04 09:07:35.493 246 246 D Zygote : Forked child process 1217
06-04 09:07:35.495 517 567 I ActivityManager: app.processName = com.android.keychain
06-04 09:07:35.495 517 567 I ActivityManager: Start proc 1217:com.android.keychain/1000 for service {com.android.keychain/com.android.keychain.KeyChainService}
06-04 09:07:35.502 1217 1217 I Zygote : seccomp disabled by setenforce 0
06-04 09:07:35.506 517 517 I AccountsDb: Creating CE database /data/system_ce/0/accounts_ce.db
06-04 09:07:35.514 322 327 D XM_HIDREAD: add@ add@/devices/platform/soc@3000000/5101400.ohci0-controller/usb5
06-04 09:07:35.516 169 169 I usb5 : New USB device found, idVendor=1d6b, idProduct=0001, bcdDevice= 5.04
06-04 09:07:35.516 169 169 I usb5 : New USB device strings: Mfr=3, Product=2, SerialNumber=1
06-04 09:07:35.516 169 169 I usb5 : Product: OHCI Host Controller
06-04 09:07:35.516 169 169 I usb5 : Manufacturer: Linux 5.4.125+ ohci_hcd
06-04 09:07:35.516 169 169 I usb5 : SerialNumber: sunxi-ohci
06-04 09:07:35.520 169 169 I hub 5-0 : 1.0: USB hub found
06-04 09:07:35.518 322 327 D XM_HIDREAD: add@ add@/devices/platform/soc@3000000/5101400.ohci0-controller/usb5/5-0:1.0
06-04 09:07:35.519 322 327 D XM_HIDREAD: add@ add@/devices/virtual/devlink/regulator.8--5200400.ohci1-controller
06-04 09:07:35.519 395 415 I adbd : jdwp connection from 1217
06-04 09:07:35.520 169 169 I hub 5-0 : 1.0: 1 port detected
06-04 09:07:35.521 169 169 W : sunxi ohci1-controller don't init wakeup source
06-04 09:07:35.521 169 169 W [sunxi-ohci1]: probe, pdev->name: 5200400.ohci1-controller, sunxi_ohci: 0xffffffc008f81a38
06-04 09:07:35.522 169 169 I sunxi-ohci 5200400.ohci1-controller: OHCI Host Controller
06-04 09:07:35.522 169 169 I sunxi-ohci 5200400.ohci1-controller: new USB bus registered, assigned bus number 6
06-04 09:07:35.522 169 169 E debugfs : Directory 'sunxi-ohci' with parent 'ohci' already present!
06-04 09:07:35.534 517 848 D CompatibilityChangeReporter: Compat change id reported: 168419799; UID 1000; state: DISABLED
06-04 09:07:35.540 517 517 W Looper : Slow dispatch took 148ms main h=android.app.ActivityThread$H c=android.app.LoadedApk$ReceiverDispatcher$Args$$ExternalSyntheticLambda0@1d0d518 m=0
06-04 09:07:35.540 169 169 I sunxi-ohci 5200400.ohci1-controller: irq 53, io mem 0x05200400
06-04 09:07:35.544 517 517 W NotificationHistory: Attempted to add notif for locked/gone/disabled user 0
06-04 09:07:35.547 1217 1217 D CompatibilityChangeReporter: Compat change id reported: 171979766; UID 1000; state: ENABLED
06-04 09:07:35.548 517 1160 V BackupManagerConstants: getKeyValueBackupIntervalMilliseconds(...) returns 14400000
06-04 09:07:35.548 517 1160 V BackupManagerConstants: getKeyValueBackupFuzzMilliseconds(...) returns 600000
06-04 09:07:35.548 517 1160 V BackupManagerConstants: getKeyValueBackupRequiredNetworkType(...) returns 1
06-04 09:07:35.548 517 1160 V BackupManagerConstants: getKeyValueBackupRequireCharging(...) returns true
06-04 09:07:35.548 517 1160 V KeyValueBackupJob: Scheduling k/v pass in 246 minutes
06-04 09:07:35.548 517 721 I SyncManager: Loaded persisted syncs: 0 periodic syncs, 0 oneshot syncs, 15 total system server jobs, JobStats: FirstLoad: 0/0/0 LastSave: 1/1/0
06-04 09:07:35.556 517 517 V NotificationAssistants: 0 notification assistant service connected: ComponentInfo{android.ext.services/android.ext.services.notification.Assistant}
06-04 09:07:35.558 517 517 I ExplicitHealthCheckController: Explicit health check service is connected ComponentInfo{android.ext.services/android.ext.services.watchdog.ExplicitHealthCheckServiceImpl}
06-04 09:07:35.559 517 517 I ExplicitHealthCheckController: Service initialized, syncing requests
06-04 09:07:35.559 517 517 I PackageWatchdog: Syncing health check requests for packages: {}
06-04 09:07:35.559 517 517 D ExplicitHealthCheckController: Getting health check supported packages
06-04 09:07:35.566 517 806 I ExplicitHealthCheckController: Explicit health check supported packages [PackageConfig{com.android.networkstack, 86400000}]
06-04 09:07:35.566 517 806 D PackageWatchdog: Received supported packages [PackageConfig{com.android.networkstack, 86400000}]
06-04 09:07:35.566 517 806 D ExplicitHealthCheckController: Getting health check requested packages
06-04 09:07:35.568 517 806 I ExplicitHealthCheckController: Explicit health check requested packages []
06-04 09:07:35.568 517 806 I ExplicitHealthCheckController: No more health check requests, unbinding...
06-04 09:07:35.571 517 806 I ExplicitHealthCheckController: Explicit health check service is unbound
06-04 09:07:35.595 1178 1178 V GraphicsEnvironment: ANGLE Developer option for 'com.android.providers.media.module' set to: 'default'
06-04 09:07:35.596 1178 1178 V GraphicsEnvironment: Neither updatable production driver nor prerelease driver is supported.
06-04 09:07:35.598 1178 1178 D NetworkSecurityConfig: No Network Security Config specified, using platform default
06-04 09:07:35.598 1178 1178 D NetworkSecurityConfig: No Network Security Config specified, using platform default
06-04 09:07:35.602 322 327 D XM_HIDREAD: add@ add@/devices/platform/soc@3000000/5200400.ohci1-controller/usb6
06-04 09:07:35.602 322 327 D XM_HIDREAD: add@ add@/devices/platform/soc@3000000/5200400.ohci1-controller/usb6/6-0:1.0
06-04 09:07:35.604 169 169 I usb6 : New USB device found, idVendor=1d6b, idProduct=0001, bcdDevice= 5.04
06-04 09:07:35.604 169 169 I usb6 : New USB device strings: Mfr=3, Product=2, SerialNumber=1
06-04 09:07:35.604 169 169 I usb6 : Product: OHCI Host Controller
06-04 09:07:35.604 169 169 I usb6 : Manufacturer: Linux 5.4.125+ ohci_hcd
06-04 09:07:35.604 169 169 I usb6 : SerialNumber: sunxi-ohci
06-04 09:07:35.605 322 327 D XM_HIDREAD: add@ add@/devices/virtual/devlink/regulator.8--5310400.ohci2-controller
06-04 09:07:35.605 169 169 I hub 6-0 : 1.0: USB hub found
06-04 09:07:35.605 169 169 I hub 6-0 : 1.0: 1 port detected
06-04 09:07:35.607 169 169 W : sunxi ohci2-controller don't init wakeup source
06-04 09:07:35.607 169 169 W [sunxi-ohci2]: probe, pdev->name: 5310400.ohci2-controller, sunxi_ohci: 0xffffffc008f820f8
06-04 09:07:35.608 169 169 I sunxi-ohci 5310400.ohci2-controller: OHCI Host Controller
06-04 09:07:35.608 169 169 I sunxi-ohci 5310400.ohci2-controller: new USB bus registered, assigned bus number 7
06-04 09:07:35.608 169 169 E debugfs : Directory 'sunxi-ohci' with parent 'ohci' already present!
06-04 09:07:35.614 1181 1181 V GraphicsEnvironment: ANGLE Developer option for 'com.dangbei.lerad.etna.haqu' set to: 'default'
06-04 09:07:35.615 1181 1181 V GraphicsEnvironment: Neither updatable production driver nor prerelease driver is supported.
06-04 09:07:35.618 169 169 I sunxi-ohci 5310400.ohci2-controller: irq 55, io mem 0x05310400
06-04 09:07:35.618 1181 1181 D NetworkSecurityConfig: Using Network Security Config from resource network_security_config debugBuild: false
06-04 09:07:35.621 1181 1181 D NetworkSecurityConfig: Using Network Security Config from resource network_security_config debugBuild: false
06-04 09:07:35.648 517 858 D BufferPoolAccessor2.0: bufferpool2 0xedb51558 : 0(0 size) total buffers - 0(0 size) used buffers - 1/7 (recycle/alloc) - 6/294 (fetch/transfer)
06-04 09:07:35.648 517 858 D BufferPoolAccessor2.0: bufferpool2 0xeda1d958 : 0(0 size) total buffers - 0(0 size) used buffers - 1/7 (recycle/alloc) - 6/42 (fetch/transfer)
06-04 09:07:35.648 517 858 D BufferPoolAccessor2.0: bufferpool2 0xefcef5d8 : 0(0 size) total buffers - 0(0 size) used buffers - 2/7 (recycle/alloc) - 5/68 (fetch/transfer)
06-04 09:07:35.648 517 858 D BufferPoolAccessor2.0: bufferpool2 0xefcee818 : 0(0 size) total buffers - 0(0 size) used buffers - 2/7 (recycle/alloc) - 5/76 (fetch/transfer)
06-04 09:07:35.648 517 858 D BufferPoolAccessor2.0: bufferpool2 0xeda1d818 : 0(0 size) total buffers - 0(0 size) used buffers - 2/7 (recycle/alloc) - 9/46 (fetch/transfer)
06-04 09:07:35.648 517 858 D BufferPoolAccessor2.0: evictor expired: 5, evicted: 5
06-04 09:07:35.651 370 813 D BufferPoolAccessor2.0: bufferpool2 0xec0b0cd8 : 0(0 size) total buffers - 0(0 size) used buffers - 33/36 (recycle/alloc) - 3/35 (fetch/transfer)
06-04 09:07:35.652 370 813 D BufferPoolAccessor2.0: bufferpool2 0xec0aff18 : 0(0 size) total buffers - 0(0 size) used buffers - 141/145 (recycle/alloc) - 4/144 (fetch/transfer)
06-04 09:07:35.652 370 813 D BufferPoolAccessor2.0: bufferpool2 0xec0b0198 : 0(0 size) total buffers - 0(0 size) used buffers - 18/21 (recycle/alloc) - 3/20 (fetch/transfer)
06-04 09:07:35.652 370 813 D BufferPoolAccessor2.0: bufferpool2 0xec0b0558 : 0(0 size) total buffers - 0(0 size) used buffers - 28/32 (recycle/alloc) - 4/31 (fetch/transfer)
06-04 09:07:35.652 370 813 D BufferPoolAccessor2.0: bufferpool2 0xec0b0418 : 0(0 size) total buffers - 0(0 size) used buffers - 15/19 (recycle/alloc) - 4/18 (fetch/transfer)
06-04 09:07:35.652 370 813 D BufferPoolAccessor2.0: evictor expired: 5, evicted: 5
06-04 09:07:35.671 1217 1217 V GraphicsEnvironment: ANGLE Developer option for 'com.android.keychain' set to: 'default'
06-04 09:07:35.671 1217 1217 V GraphicsEnvironment: Neither updatable production driver nor prerelease driver is supported.
06-04 09:07:35.674 1217 1217 D NetworkSecurityConfig: No Network Security Config specified, using platform default
06-04 09:07:35.675 1159 1159 V GraphicsEnvironment: ANGLE Developer option for 'com.android.tv.settings' set to: 'default'
06-04 09:07:35.675 1217 1217 D NetworkSecurityConfig: No Network Security Config specified, using platform default
06-04 09:07:35.675 1159 1159 V GraphicsEnvironment: Neither updatable production driver nor prerelease driver is supported.
06-04 09:07:35.676 1159 1159 D NetworkSecurityConfig: No Network Security Config specified, using platform default
06-04 09:07:35.677 1159 1159 D NetworkSecurityConfig: No Network Security Config specified, using platform default
06-04 09:07:35.678 322 327 D XM_HIDREAD: add@ add@/devices/platform/soc@3000000/5310400.ohci2-controller/usb7
06-04 09:07:35.679 322 327 D XM_HIDREAD: add@ add@/devices/platform/soc@3000000/5310400.ohci2-controller/usb7/7-0:1.0
06-04 09:07:35.680 1178 1178 V MediaProvider: Attached media from com.android.providers.media.module
06-04 09:07:35.680 169 169 I usb7 : New USB device found, idVendor=1d6b, idProduct=0001, bcdDevice= 5.04
06-04 09:07:35.680 169 169 I usb7 : New USB device strings: Mfr=3, Product=2, SerialNumber=1
06-04 09:07:35.682 322 327 D XM_HIDREAD: add@ add@/devices/virtual/devlink/regulator.8--5311400.ohci3-controller
06-04 09:07:35.680 169 169 I usb7 : Product: OHCI Host Controller
06-04 09:07:35.680 169 169 I usb7 : Manufacturer: Linux 5.4.125+ ohci_hcd
06-04 09:07:35.680 169 169 I usb7 : SerialNumber: sunxi-ohci
06-04 09:07:35.681 169 169 I hub 7-0 : 1.0: USB hub found
06-04 09:07:35.681 169 169 I hub 7-0 : 1.0: 1 port detected
06-04 09:07:35.684 169 169 W : sunxi ohci3-controller don't init wakeup source
06-04 09:07:35.684 169 169 W [sunxi-ohci3]: probe, pdev->name: 5311400.ohci3-controller, sunxi_ohci: 0xffffffc008f827b8
06-04 09:07:35.685 169 169 I sunxi-ohci 5311400.ohci3-controller: OHCI Host Controller
06-04 09:07:35.685 169 169 I sunxi-ohci 5311400.ohci3-controller: new USB bus registered, assigned bus number 8
06-04 09:07:35.686 169 169 E debugfs : Directory 'sunxi-ohci' with parent 'ohci' already present!
06-04 09:07:35.695 169 169 I sunxi-ohci 5311400.ohci3-controller: irq 57, io mem 0x05311400
06-04 09:07:35.722 1181 1181 I MultiDex: VM with version 2.1.0 has multidex support
06-04 09:07:35.722 1181 1181 I MultiDex: Installing application
06-04 09:07:35.722 1181 1181 I MultiDex: VM has multidex support, MultiDex support library is disabled.
06-04 09:07:35.738 1178 1178 I TranscodeHelper: Empty transcode compat stale
06-04 09:07:35.739 1178 1178 I TranscodeHelper: Parsed 0 packages from resource
06-04 09:07:35.739 1178 1178 I TranscodeHelper: Empty device config transcode compat manifest
06-04 09:07:35.754 322 327 D XM_HIDREAD: add@ add@/devices/platform/soc@3000000/5311400.ohci3-controller/usb8
06-04 09:07:35.755 1178 1178 V MediaStore: Examining volume emulated;0 with name external_primary and state checking
06-04 09:07:35.756 169 169 I usb8 : New USB device found, idVendor=1d6b, idProduct=0001, bcdDevice= 5.04
06-04 09:07:35.756 169 169 I usb8 : New USB device strings: Mfr=3, Product=2, SerialNumber=1
06-04 09:07:35.756 169 169 I usb8 : Product: OHCI Host Controller
06-04 09:07:35.756 169 169 I usb8 : Manufacturer: Linux 5.4.125+ ohci_hcd
06-04 09:07:35.756 169 169 I usb8 : SerialNumber: sunxi-ohci
06-04 09:07:35.757 322 327 D XM_HIDREAD: add@ add@/devices/platform/soc@3000000/5311400.ohci3-controller/usb8/8-0:1.0
06-04 09:07:35.759 322 327 D XM_HIDREAD: add@ add@/bus/platform/drivers/sunxi-ohci
06-04 09:07:35.760 322 327 D XM_HIDREAD: add@ add@/module/ohci_sunxi
06-04 09:07:35.760 169 169 I hub 8-0 : 1.0: USB hub found
06-04 09:07:35.760 169 169 I hub 8-0 : 1.0: 1 port detected
06-04 09:07:35.763 1178 1178 D CompatibilityChangeReporter: Compat change id reported: 148180766; UID 10074; state: ENABLED
06-04 09:07:35.767 1178 1178 D PulledMetrics: Registering callback with StatsManager
06-04 09:07:35.779 322 327 D XM_HIDREAD: add@ add@/bus/platform/drivers/otg manager
06-04 09:07:35.779 322 327 D XM_HIDREAD: add@ add@/module/sunxi_usbc
06-04 09:07:35.780 169 169 D : get det_vbus is fail, -84
06-04 09:07:35.780 169 169 D : get id is fail, -84
06-04 09:07:35.793 517 1162 I StorageUserConnection: Service: [ComponentInfo{com.android.providers.media.module/com.android.providers.media.fuse.ExternalStorageServiceImpl}] connected. User [0]
06-04 09:07:35.796 517 806 D WifiNl80211Manager: Scan result ready event
06-04 09:07:35.796 517 806 D WifiNative: Scan result ready event
06-04 09:07:35.797 1178 1248 I ExternalStorageServiceImpl: Starting session for id: emulated;0
06-04 09:07:35.798 1178 1248 V FuseDaemonThread: Waiting 1000ms for FUSE start. Count 4
06-04 09:07:35.800 1178 1245 V MediaProvider: onConfigure() for external.db
06-04 09:07:35.803 1178 1250 I FuseDaemonThread: Starting thread for emulated;0 ...
06-04 09:07:35.804 1178 1245 V MediaProvider: onCreate() for external.db
06-04 09:07:35.809 1178 1250 I FuseDaemon: Starting fuse...
06-04 09:07:35.816 724 724 D GattService: Unlocked userId 0
06-04 09:07:35.816 724 724 D HeadsetService: Unlocked userId 0
06-04 09:07:35.816 724 724 D A2dpService: Unlocked userId 0
06-04 09:07:35.816 724 724 D HidHostService: Unlocked userId 0
06-04 09:07:35.816 724 724 D PanService: Unlocked userId 0
06-04 09:07:35.816 724 724 D BluetoothMapService: Unlocked userId 0
06-04 09:07:35.816 724 724 D AvrcpTargetService: Unlocked userId 0
06-04 09:07:35.816 724 724 I AvrcpTargetService: User unlocked, initializing the service
06-04 09:07:35.816 724 724 V MediaPlayerList: Initializing MediaPlayerList
