06-04 09:07:37.050 1418 1418 W System.err: at com.dangbei.screencast.provider.PartsInfoProvider.onCreate(:2)
06-04 09:07:37.050 1418 1418 W System.err: at android.content.ContentProvider.attachInfo(ContentProvider.java:2404)
06-04 09:07:37.050 1418 1418 W System.err: at android.content.ContentProvider.attachInfo(ContentProvider.java:2374)
06-04 09:07:37.050 1418 1418 W System.err: at android.app.ActivityThread.installProvider(ActivityThread.java:7437)
06-04 09:07:37.050 1418 1418 W System.err: at android.app.ActivityThread.installContentProviders(ActivityThread.java:6954)
06-04 09:07:37.050 1418 1418 W System.err: at android.app.ActivityThread.handleBindApplication(ActivityThread.java:6725)
06-04 09:07:37.050 1418 1418 W System.err: at android.app.ActivityThread.access$1500(ActivityThread.java:247)
06-04 09:07:37.050 1418 1418 W System.err: at android.app.ActivityThread$H.handleMessage(ActivityThread.java:2053)
06-04 09:07:37.050 1418 1418 W System.err: at android.os.Handler.dispatchMessage(Handler.java:106)
06-04 09:07:37.050 1418 1418 W System.err: at android.os.Looper.loopOnce(Looper.java:201)
06-04 09:07:37.051 1418 1418 W System.err: at android.os.Looper.loop(Looper.java:288)
06-04 09:07:37.051 1418 1418 W System.err: at android.app.ActivityThread.main(ActivityThread.java:7854)
06-04 09:07:37.051 1418 1418 W System.err: at java.lang.reflect.Method.invoke(Native Method)
06-04 09:07:37.051 1418 1418 W System.err: at com.android.internal.os.RuntimeInit$MethodAndArgsCaller.run(RuntimeInit.java:548)
06-04 09:07:37.051 1418 1418 W System.err: at com.android.internal.os.ZygoteInit.main(ZygoteInit.java:1182)
06-04 09:07:37.051 1482 1482 I Zygote : seccomp disabled by setenforce 0
06-04 09:07:37.051 517 623 D StorageManagerService: Volume emulated;0 broadcasting mounted to UserHandle{0}
06-04 09:07:37.067 1181 1181 E ccc : cccccc ota-path is cache/recovery/
06-04 09:07:37.073 1181 1181 W ContextImpl: Calling a method in the system process without a qualified user: android.app.ContextImpl.startService:1816 android.content.ContextWrapper.startService:774 com.dangbei.lerad.etna.core.EtnaManager.startService:64 com.dangbei.lerad.etna.core.EtnaManager.init:39 com.dangbei.lerad.etna.haqu.EtnaApplication.init:87
06-04 09:07:37.075 395 415 I adbd : jdwp connection from 1482
06-04 09:07:37.080 517 1399 W ActivityManager: Background start not allowed: service Intent { act=com.dangbei.screencast.STARTUP pkg=com.dangbei.screencast } to com.dangbei.screencast/.startup.StartupService from pid=1418 uid=10031 pkg=com.dangbei.screencast startFg?=false
06-04 09:07:37.084 1418 1418 W System.err: android.app.BackgroundServiceStartNotAllowedException: Not allowed to start service Intent { act=com.dangbei.screencast.STARTUP pkg=com.dangbei.screencast }: app is in background uid UidRecord{19356ac u0a31 RCVR idle change:idle|uncached procs:0 seq(0,0,0)}
06-04 09:07:37.085 1181 1181 W ContextImpl: Calling a method in the system process without a qualified user: android.app.ContextImpl.startService:1816 android.content.ContextWrapper.startService:774 com.dangbei.andes.CoreService$Companion.start:29 com.dangbei.lerad.etna.haqu.EtnaApplication.init:88 com.dangbei.lerad.etna.haqu.EtnaApplication.onCreate:59
06-04 09:07:37.088 1418 1418 W System.err: at android.app.ContextImpl.startServiceCommon(ContextImpl.java:1861)
06-04 09:07:37.088 1418 1418 W System.err: at android.app.ContextImpl.startService(ContextImpl.java:1817)
06-04 09:07:37.088 1418 1418 W System.err: at android.content.ContextWrapper.startService(ContextWrapper.java:774)
06-04 09:07:37.088 1418 1418 W System.err: at b.f.f.h.g.k.a(Unknown Source:20)
06-04 09:07:37.088 1418 1418 W System.err: at com.dangbei.screencast.common.utils.remotepreferences.ScreenCastPreferenceProvider.onCreate(Unknown Source:11)
06-04 09:07:37.088 1418 1418 W System.err: at android.content.ContentProvider.attachInfo(ContentProvider.java:2404)
06-04 09:07:37.088 1418 1418 W System.err: at android.content.ContentProvider.attachInfo(ContentProvider.java:2374)
06-04 09:07:37.088 1418 1418 W System.err: at android.app.ActivityThread.installProvider(ActivityThread.java:7437)
06-04 09:07:37.088 1418 1418 W System.err: at android.app.ActivityThread.installContentProviders(ActivityThread.java:6954)
06-04 09:07:37.088 1418 1418 W System.err: at android.app.ActivityThread.handleBindApplication(ActivityThread.java:6725)
06-04 09:07:37.088 1418 1418 W System.err: at android.app.ActivityThread.access$1500(ActivityThread.java:247)
06-04 09:07:37.088 1418 1418 W System.err: at android.app.ActivityThread$H.handleMessage(ActivityThread.java:2053)
06-04 09:07:37.088 1418 1418 W System.err: at android.os.Handler.dispatchMessage(Handler.java:106)
06-04 09:07:37.088 1418 1418 W System.err: at android.os.Looper.loopOnce(Looper.java:201)
06-04 09:07:37.088 1418 1418 W System.err: at android.os.Looper.loop(Looper.java:288)
06-04 09:07:37.088 1418 1418 W System.err: at android.app.ActivityThread.main(ActivityThread.java:7854)
06-04 09:07:37.088 1418 1418 W System.err: at java.lang.reflect.Method.invoke(Native Method)
06-04 09:07:37.088 1418 1418 W System.err: at com.android.internal.os.RuntimeInit$MethodAndArgsCaller.run(RuntimeInit.java:548)
06-04 09:07:37.088 1418 1418 W System.err: at com.android.internal.os.ZygoteInit.main(ZygoteInit.java:1182)
06-04 09:07:37.096 1181 1181 D DisplayOutputManager: ro.build.characteristics=homlet
06-04 09:07:37.096 517 897 D CompatibilityChangeReporter: Compat change id reported: 168419799; UID 10014; state: DISABLED
06-04 09:07:37.098 185 185 I servicemanager: Found vendor.display.output.IDisplayOutputManager/default in device VINTF manifest.
06-04 09:07:37.102 1181 1181 D HomletDisplayOutputManager: get IDisplayOutputManager service success
06-04 09:07:37.104 1181 1181 D AudioManagerEx: AudioManagerEx
06-04 09:07:37.108 251 251 D audio_hw_primary: Mic get_audio_devices_active:
06-04 09:07:37.108 251 251 D audio_hw_primary: get_audio_devices_active: AUDIO_CODEC
06-04 09:07:37.109 1482 1482 D CompatibilityChangeReporter: Compat change id reported: 171979766; UID 10014; state: ENABLED
06-04 09:07:37.109 251 321 D xm_audio: adev_get_parameters
06-04 09:07:37.109 268 444 I hash_map_utils: system/bt/osi/src/hash_map_utils.cc:81 hash_map_utils_dump_string_keys_string_values: key: 'audio_devices_out_active' value: ''
06-04 09:07:37.110 1181 1181 D AudioManagerEx: type audio_devices_out_active list AUDIO_CODEC=
06-04 09:07:37.123 251 251 D audio_hw_primary: getAudioDevices()
06-04 09:07:37.123 251 251 D audio_hw_primary: out dev:AUDIO_CODEC
06-04 09:07:37.123 251 251 D audio_hw_primary: in dev:AUDIO_SPDIF
06-04 09:07:37.123 251 251 D audio_hw_primary: out dev:AUDIO_SPDIF
06-04 09:07:37.123 251 251 D audio_hw_primary: in dev:AUDIO_HDMI
06-04 09:07:37.123 251 251 D audio_hw_primary: out dev:AUDIO_HDMI
06-04 09:07:37.123 251 251 D audio_hw_primary: in dev:AUDIO_I2S2
06-04 09:07:37.123 251 251 D audio_hw_primary: out playback: AUDIO_CODEC,AUDIO_SPDIF,AUDIO_HDMI
06-04 09:07:37.123 251 251 D xm_audio: adev_get_parameters
06-04 09:07:37.123 268 444 I hash_map_utils: system/bt/osi/src/hash_map_utils.cc:81 hash_map_utils_dump_string_keys_string_values: key: 'audio_devices_out' value: ''
06-04 09:07:37.124 1181 1181 D AudioManagerEx: type audio_devices_out list AUDIO_CODEC,AUDIO_SPDIF,AUDIO_HDMI=
06-04 09:07:37.147 1418 1418 D AndroidAutoSize: designWidthInDp = 360, designHeightInDp = 640, screenWidth = 1920, screenHeight = 1080
06-04 09:07:37.147 1418 1418 D AndroidAutoSize: initDensity = 1.5, initScaledDensity = 1.5
06-04 09:07:37.151 1181 1506 W ContextImpl: Calling a method in the system process without a qualified user: android.app.ContextImpl.bindService:1895 android.content.ContextWrapper.bindService:810 com.dangbei.lerad.etna.lib.client.EtnaClient.bindServer:138 com.dangbei.lerad.etna.lib.client.EtnaClient.access$600:29 com.dangbei.lerad.etna.lib.client.EtnaClient$3.call:205
06-04 09:07:37.154 517 675 D ConnectivityService: NetReassign [no changes]
06-04 09:07:37.153 429 429 I : DVI mode selected: packets not configured
06-04 09:07:37.153 429 429 I : Error: set vsif failed
06-04 09:07:37.159 1482 1482 V GraphicsEnvironment: ANGLE Developer option for 'com.android.providers.contacts' set to: 'default'
06-04 09:07:37.159 1482 1482 V GraphicsEnvironment: Neither updatable production driver nor prerelease driver is supported.
06-04 09:07:37.161 1482 1482 D NetworkSecurityConfig: No Network Security Config specified, using platform default
06-04 09:07:37.162 1482 1482 D NetworkSecurityConfig: No Network Security Config specified, using platform default
06-04 09:07:37.162 517 675 D ConnectivityService: NetReassign [no changes]
06-04 09:07:37.170 429 429 I : DVI mode selected: packets not configured
06-04 09:07:37.170 429 429 I : Error: set vsif failed
06-04 09:07:37.186 429 429 I : DVI mode selected: packets not configured
06-04 09:07:37.186 429 429 I : Error: set vsif failed
06-04 09:07:37.203 429 429 I : DVI mode selected: packets not configured
06-04 09:07:37.203 429 429 I : Error: set vsif failed
06-04 09:07:37.205 1181 1518 W ContextImpl: Calling a method in the system process without a qualified user: android.app.ContextImpl.bindService:1895 android.content.ContextWrapper.bindService:810 com.dangbei.lerad.etna.lib.client.EtnaClient.bindServer:138 com.dangbei.lerad.etna.lib.client.EtnaClient.access$600:29 com.dangbei.lerad.etna.lib.client.EtnaClient$3.call:205
06-04 09:07:37.208 517 1399 D CompatibilityChangeReporter: Compat change id reported: 149924527; UID 10031; state: ENABLED
06-04 09:07:37.209 517 1399 D CompatibilityChangeReporter: Compat change id reported: 132649864; UID 10031; state: DISABLED
06-04 09:07:37.220 429 429 I : DVI mode selected: packets not configured
06-04 09:07:37.220 429 429 I : Error: set vsif failed
06-04 09:07:37.236 429 429 I : DVI mode selected: packets not configured
06-04 09:07:37.236 429 429 I : Error: set vsif failed
06-04 09:07:37.258 1181 1181 I OrmDBHelper2: onCreate
06-04 09:07:37.259 1482 1482 I ContactsPerf: VoicemailContentProvider.onCreate start
06-04 09:07:37.263 1181 1181 I OrmDBHelper2: onCreate
06-04 09:07:37.272 1181 1181 I OrmDBHelper2: onCreate
06-04 09:07:37.275 1181 1181 I OrmDBHelper2: onCreate
06-04 09:07:37.277 1482 1482 I ContactsPerf: VoicemailContentProvider.onCreate finish
06-04 09:07:37.280 374 374 E update_engine: [ERROR:update_attempter_android.cc(-1)] unknown(...): Domain=update_engine, Code=generic_error, Message=No ongoing update to cancel.
06-04 09:07:37.286 374 374 E update_engine: [ERROR:update_attempter_android.cc(90)] Replying with failure: pc:0x1d19a79: No ongoing update to cancel.
06-04 09:07:37.289 1181 1181 E ccc : cccccc 故意做的cancel 捕获 No ongoing update to cancel.
06-04 09:07:37.289 1181 1181 W System.err: android.os.ServiceSpecificException: No ongoing update to cancel. (code 1)
06-04 09:07:37.291 1181 1181 W System.err: at android.os.Parcel.createExceptionOrNull(Parcel.java:2439)
06-04 09:07:37.291 1181 1181 W System.err: at android.os.Parcel.createException(Parcel.java:2409)
06-04 09:07:37.291 1181 1181 W System.err: at android.os.Parcel.readException(Parcel.java:2392)
06-04 09:07:37.291 1181 1181 W System.err: at android.os.Parcel.readException(Parcel.java:2334)
06-04 09:07:37.291 1181 1181 W System.err: at android.os.IUpdateEngine$Stub$Proxy.cancel(IUpdateEngine.java:480)
06-04 09:07:37.291 1181 1181 W System.err: at android.os.UpdateEngine.cancel(UpdateEngine.java:381)
06-04 09:07:37.291 1181 1181 W System.err: at com.oranth.otalibrary.OTAManager.cancel(OTAManager.java:54)
06-04 09:07:37.292 1181 1181 W System.err: at com.dangbei.etna.update.ota.OtaUpdateHelper.cancelInstalling(OtaUpdateHelper.kt:134)
06-04 09:07:37.292 1181 1181 W System.err: at com.dangbei.etna.update.ota.OtaUpdateHelper.init(OtaUpdateHelper.kt:72)
06-04 09:07:37.292 1181 1181 W System.err: at com.dangbei.etna.update.UpdateHelper.init(UpdateHelper.kt:60)
06-04 09:07:37.292 1181 1181 W System.err: at com.dangbei.lerad.etna.haqu.EtnaApplication.init(EtnaApplication.kt:97)
06-04 09:07:37.292 1181 1181 W System.err: at com.dangbei.lerad.etna.haqu.EtnaApplication.onCreate(EtnaApplication.kt:59)
06-04 09:07:37.292 1181 1181 W System.err: at android.app.Instrumentation.callApplicationOnCreate(Instrumentation.java:1211)
06-04 09:07:37.293 1181 1181 W System.err: at android.app.ActivityThread.handleBindApplication(ActivityThread.java:6740)
06-04 09:07:37.293 1181 1181 W System.err: at android.app.ActivityThread.access$1500(ActivityThread.java:247)
06-04 09:07:37.293 1181 1181 W System.err: at android.app.ActivityThread$H.handleMessage(ActivityThread.java:2053)
06-04 09:07:37.253 429 429 I : DVI mode selected: packets not configured
06-04 09:07:37.253 429 429 I : Error: set vsif failed
06-04 09:07:37.270 429 429 I : DVI mode selected: packets not configured
06-04 09:07:37.270 429 429 I : Error: set vsif failed
06-04 09:07:37.294 1181 1181 W System.err: at android.os.Handler.dispatchMessage(Handler.java:106)
06-04 09:07:37.295 1181 1181 W System.err: at android.os.Looper.loopOnce(Looper.java:201)
06-04 09:07:37.295 1181 1181 W System.err: at android.os.Looper.loop(Looper.java:288)
06-04 09:07:37.295 1181 1181 W System.err: at android.app.ActivityThread.main(ActivityThread.java:7854)
06-04 09:07:37.295 1181 1181 W System.err: at java.lang.reflect.Method.invoke(Native Method)
06-04 09:07:37.295 1181 1181 W System.err: at com.android.internal.os.RuntimeInit$MethodAndArgsCaller.run(RuntimeInit.java:548)
06-04 09:07:37.295 1181 1181 W System.err: at com.android.internal.os.ZygoteInit.main(ZygoteInit.java:1182)
06-04 09:07:37.295 374 374 I update_engine: [INFO:update_attempter_android.cc(365)] Attempting to reset state from UPDATE_STATUS_IDLE to UpdateStatus::IDLE
06-04 09:07:37.297 374 374 I update_engine: [INFO:update_attempter_android.cc(369)] Cleaning up reserved space for compressed APEX (if any)
06-04 09:07:37.302 374 374 I update_engine: [INFO:dynamic_partition_control_android.cc(1284)] ResetUpdate resetting update state and deleting snapshots.
06-04 09:07:37.307 374 374 I update_engine: [INFO:delta_performer.cc(1389)] Resetting recorded hash for prepared partitions.
06-04 09:07:37.314 374 374 E update_engine: Read state file failed: No such file or directory
06-04 09:07:37.322 1181 1181 E ccc : cccccc 只是做下reset 哈
06-04 09:07:37.323 1181 1181 I MMKV : loading [mmkv.default] with 0 actual size, file size 4096, InterProcess 0, meta info version:0
06-04 09:07:37.323 1181 1181 I MMKV : loaded [mmkv.default] with 0 key-values
06-04 09:07:37.364 517 1399 D CountryDetector: The first listener is added
06-04 09:07:37.375 1482 1482 I ContactsDatabaseHelper: updateUseStrictPhoneNumberComparison: CN
06-04 09:07:37.373 1181 1181 E ccc : cccccc updateHelper 通知更新
06-04 09:07:37.378 1181 1181 E ccc : cccccc updateHelper 通知更新
06-04 09:07:37.386 1181 1181 E ccc : cccccc updateHelper 通知更新
06-04 09:07:37.411 1482 1528 I ContactsDatabaseHelper: Bootstrapping database contacts2.db version: 1501
06-04 09:07:37.423 1482 1482 D StrictMode: StrictMode policy violation; ~duration=33 ms: android.os.strictmode.DiskWriteViolation
06-04 09:07:37.423 1482 1482 D StrictMode: at android.os.StrictMode$AndroidBlockGuardPolicy.onWriteToDisk(StrictMode.java:1615)
06-04 09:07:37.423 1482 1482 D StrictMode: at libcore.io.BlockGuardOs.mkdir(BlockGuardOs.java:254)
06-04 09:07:37.423 1482 1482 D StrictMode: at libcore.io.ForwardingOs.mkdir(ForwardingOs.java:494)
06-04 09:07:37.423 1482 1482 D StrictMode: at android.system.Os.mkdir(Os.java:466)
06-04 09:07:37.423 1482 1482 D StrictMode: at android.app.ContextImpl.ensurePrivateDirExists(ContextImpl.java:746)
06-04 09:07:37.423 1482 1482 D StrictMode: at android.app.ContextImpl.ensurePrivateDirExists(ContextImpl.java:734)
06-04 09:07:37.423 1482 1482 D StrictMode: at android.app.ContextImpl.getPreferencesDir(ContextImpl.java:690)
06-04 09:07:37.423 1482 1482 D StrictMode: at android.app.ContextImpl.getSharedPreferencesPath(ContextImpl.java:915)
06-04 09:07:37.423 1482 1482 D StrictMode: at android.app.ContextImpl.getSharedPreferences(ContextImpl.java:537)
06-04 09:07:37.423 1482 1482 D StrictMode: at android.content.ContextWrapper.getSharedPreferences(ContextWrapper.java:196)
06-04 09:07:37.423 1482 1482 D StrictMode: at android.preference.PreferenceManager.getDefaultSharedPreferences(PreferenceManager.java:545)
06-04 09:07:37.423 1482 1482 D StrictMode: at com.android.providers.contacts.FastScrollingIndexCache.getInstance(FastScrollingIndexCache.java:95)
06-04 09:07:37.423 1482 1482 D StrictMode: at com.android.providers.contacts.ContactsProvider2.initialize(ContactsProvider2.java:1525)
06-04 09:07:37.423 1482 1482 D StrictMode: at com.android.providers.contacts.ContactsProvider2.onCreate(ContactsProvider2.java:1500)
06-04 09:07:37.423 1482 1482 D StrictMode: at android.content.ContentProvider.attachInfo(ContentProvider.java:2404)
06-04 09:07:37.423 1482 1482 D StrictMode: at android.content.ContentProvider.attachInfo(ContentProvider.java:2374)
06-04 09:07:37.423 1482 1482 D StrictMode: at android.app.ActivityThread.installProvider(ActivityThread.java:7437)
06-04 09:07:37.423 1482 1482 D StrictMode: at android.app.ActivityThread.installContentProviders(ActivityThread.java:6954)
06-04 09:07:37.423 1482 1482 D StrictMode: at android.app.ActivityThread.handleBindApplication(ActivityThread.java:6725)
06-04 09:07:37.423 1482 1482 D StrictMode: at android.app.ActivityThread.access$1500(ActivityThread.java:247)
06-04 09:07:37.423 1482 1482 D StrictMode: at android.app.ActivityThread$H.handleMessage(ActivityThread.java:2053)
06-04 09:07:37.423 1482 1482 D StrictMode: at android.os.Handler.dispatchMessage(Handler.java:106)
06-04 09:07:37.423 1482 1482 D StrictMode: at android.os.Looper.loopOnce(Looper.java:201)
06-04 09:07:37.423 1482 1482 D StrictMode: at android.os.Looper.loop(Looper.java:288)
06-04 09:07:37.423 1482 1482 D StrictMode: at android.app.ActivityThread.main(ActivityThread.java:7854)
06-04 09:07:37.423 1482 1482 D StrictMode: at java.lang.reflect.Method.invoke(Native Method)
06-04 09:07:37.423 1482 1482 D StrictMode: at com.android.internal.os.RuntimeInit$MethodAndArgsCaller.run(RuntimeInit.java:548)
06-04 09:07:37.423 1482 1482 D StrictMode: at com.android.internal.os.ZygoteInit.main(ZygoteInit.java:1182)
06-04 09:07:37.424 1482 1482 D StrictMode: StrictMode policy violation; ~duration=33 ms: android.os.strictmode.DiskWriteViolation
06-04 09:07:37.424 1482 1482 D StrictMode: at android.os.StrictMode$AndroidBlockGuardPolicy.onWriteToDisk(StrictMode.java:1615)
06-04 09:07:37.424 1482 1482 D StrictMode: at libcore.io.BlockGuardOs.chmod(BlockGuardOs.java:81)
06-04 09:07:37.424 1482 1482 D StrictMode: at libcore.io.ForwardingOs.chmod(ForwardingOs.java:168)
06-04 09:07:37.424 1482 1482 D StrictMode: at android.system.Os.chmod(Os.java:121)
06-04 09:07:37.424 1482 1482 D StrictMode: at android.app.ContextImpl.ensurePrivateDirExists(ContextImpl.java:747)
06-04 09:07:37.424 1482 1482 D StrictMode: at android.app.ContextImpl.ensurePrivateDirExists(ContextImpl.java:734)
06-04 09:07:37.424 1482 1482 D StrictMode: at android.app.ContextImpl.getPreferencesDir(ContextImpl.java:690)
06-04 09:07:37.424 1482 1482 D StrictMode: at android.app.ContextImpl.getSharedPreferencesPath(ContextImpl.java:915)
06-04 09:07:37.424 1482 1482 D StrictMode: at android.app.ContextImpl.getSharedPreferences(ContextImpl.java:537)
06-04 09:07:37.424 1482 1482 D StrictMode: at android.content.ContextWrapper.getSharedPreferences(ContextWrapper.java:196)
06-04 09:07:37.424 1482 1482 D StrictMode: at android.preference.PreferenceManager.getDefaultSharedPreferences(PreferenceManager.java:545)
06-04 09:07:37.424 1482 1482 D StrictMode: at com.android.providers.contacts.FastScrollingIndexCache.getInstance(FastScrollingIndexCache.java:95)
06-04 09:07:37.424 1482 1482 D StrictMode: at com.android.providers.contacts.ContactsProvider2.initialize(ContactsProvider2.java:1525)
06-04 09:07:37.424 1482 1482 D StrictMode: at com.android.providers.contacts.ContactsProvider2.onCreate(ContactsProvider2.java:1500)
06-04 09:07:37.424 1482 1482 D StrictMode: at android.content.ContentProvider.attachInfo(ContentProvider.java:2404)
06-04 09:07:37.424 1482 1482 D StrictMode: at android.content.ContentProvider.attachInfo(ContentProvider.java:2374)
06-04 09:07:37.424 1482 1482 D StrictMode: at android.app.ActivityThread.installProvider(ActivityThread.java:7437)
06-04 09:07:37.424 1482 1482 D StrictMode: at android.app.ActivityThread.installContentProviders(ActivityThread.java:6954)
06-04 09:07:37.424 1482 1482 D StrictMode: at android.app.ActivityThread.handleBindApplication(ActivityThread.java:6725)
06-04 09:07:37.424 1482 1482 D StrictMode: at android.app.ActivityThread.access$1500(ActivityThread.java:247)
06-04 09:07:37.424 1482 1482 D StrictMode: at android.app.ActivityThread$H.handleMessage(ActivityThread.java:2053)
06-04 09:07:37.424 1482 1482 D StrictMode: at android.os.Handler.dispatchMessage(Handler.java:106)
06-04 09:07:37.424 1482 1482 D StrictMode: at android.os.Looper.loopOnce(Looper.java:201)
06-04 09:07:37.424 1482 1482 D StrictMode: at android.os.Looper.loop(Looper.java:288)
06-04 09:07:37.424 1482 1482 D StrictMode: at android.app.ActivityThread.main(ActivityThread.java:7854)
06-04 09:07:37.424 1482 1482 D StrictMode: at java.lang.reflect.Method.invoke(Native Method)
06-04 09:07:37.424 1482 1482 D StrictMode: at com.android.internal.os.RuntimeInit$MethodAndArgsCaller.run(RuntimeInit.java:548)
06-04 09:07:37.424 1482 1482 D StrictMode: at com.android.internal.os.ZygoteInit.main(ZygoteInit.java:1182)
06-04 09:07:37.432 1418 1418 I Thread-4: type=1400 audit(0.0:524): avc: denied { read } for name="logs" dev="mmcblk0p25" ino=1932 scontext=u:r:platform_app:s0:c512,c768 tcontext=u:object_r:app_data_file:s0:c512,c768 tclass=dir permissive=1 app=com.dangbei.screencast
06-04 09:07:37.436 1418 1418 I Thread-4: type=1400 audit(0.0:525): avc: denied { open } for path="/data/user/0/com.dangbei.screencast/crashsdk/logs" dev="mmcblk0p25" ino=1932 scontext=u:r:platform_app:s0:c512,c768 tcontext=u:object_r:app_data_file:s0:c512,c768 tclass=dir permissive=1 app=com.dangbei.screencast
06-04 09:07:37.442 1482 1482 I ContactsUpgradeReceiver: Creating or opening contacts database
06-04 09:07:37.459 1418 1556 I crashsdk: version unique build id: 6230cced
06-04 09:07:37.462 1418 1556 I crashsdk: Is new version ('' -> 'v2.8.3/release/6230cced'), deleting old stats data!
06-04 09:07:37.464 264 264 I EventThread: type=1400 audit(0.0:526): avc: denied { search } for name="extcon" dev="sysfs" ino=18109 scontext=u:r:hal_tv_cec_default:s0 tcontext=u:object_r:sysfs_extcon:s0 tclass=dir permissive=1
06-04 09:07:37.464 1418 1418 I Thread-4: type=1400 audit(0.0:527): avc: denied { read } for name="version" dev="proc" ino=4026532049 scontext=u:r:platform_app:s0:c512,c768 tcontext=u:object_r:proc_version:s0 tclass=file permissive=1 app=com.dangbei.screencast
06-04 09:07:37.464 1418 1418 I Thread-4: type=1400 audit(0.0:528): avc: denied { open } for path="/proc/version" dev="proc" ino=4026532049 scontext=u:r:platform_app:s0:c512,c768 tcontext=u:object_r:proc_version:s0 tclass=file permissive=1 app=com.dangbei.screencast
06-04 09:07:37.471 1526 1526 W audit : audit_lost=104 audit_rate_limit=5 audit_backlog_limit=64
06-04 09:07:37.471 1526 1526 E audit : rate limit exceeded
06-04 09:07:37.472 1181 1181 E ccc : cccccc etna-service onCreate
06-04 09:07:37.473 1181 1181 W ContextImpl: Calling a method in the system process without a qualified user: android.app.ContextImpl.sendBroadcast:1173 android.content.ContextWrapper.sendBroadcast:479 com.dangbei.lerad.etna.core.EtnaManager.sendRebootBroadcast:82 com.dangbei.lerad.etna.core.EtnaService.onStartCommand:89 android.app.ActivityThread.handleServiceArgs:4639
06-04 09:07:37.474 517 897 E ActivityManager: Sending non-protected broadcast lerad.service.etna.haqu from system 1181:com.dangbei.lerad.etna.haqu/1000 pkg com.dangbei.lerad.etna.haqu
06-04 09:07:37.474 517 897 E ActivityManager: java.lang.Throwable
06-04 09:07:37.474 517 897 E ActivityManager: at com.android.server.am.ActivityManagerService.checkBroadcastFromSystem(ActivityManagerService.java:12816)
06-04 09:07:37.474 517 897 E ActivityManager: at com.android.server.am.ActivityManagerService.broadcastIntentLocked(ActivityManagerService.java:13416)
06-04 09:07:37.474 517 897 E ActivityManager: at com.android.server.am.ActivityManagerService.broadcastIntentLocked(ActivityManagerService.java:12833)
06-04 09:07:37.474 517 897 E ActivityManager: at com.android.server.am.ActivityManagerService.broadcastIntentWithFeature(ActivityManagerService.java:13670)
06-04 09:07:37.474 517 897 E ActivityManager: at android.app.IActivityManager$Stub.onTransact(IActivityManager.java:2326)
06-04 09:07:37.474 517 897 E ActivityManager: at com.android.server.am.ActivityManagerService.onTransact(ActivityManagerService.java:2509)
06-04 09:07:37.474 517 897 E ActivityManager: at android.os.Binder.execTransactInternal(Binder.java:1179)
06-04 09:07:37.474 517 897 E ActivityManager: at android.os.Binder.execTransact(Binder.java:1143)
06-04 09:07:37.475 517 897 E ActivityManager: Sending non-protected broadcast lerad.service.etna.haqu from system 1181:com.dangbei.lerad.etna.haqu/1000 pkg com.dangbei.lerad.etna.haqu
06-04 09:07:37.475 517 897 E ActivityManager: java.lang.Throwable
06-04 09:07:37.475 517 897 E ActivityManager: at com.android.server.am.ActivityManagerService.checkBroadcastFromSystem(ActivityManagerService.java:12816)
06-04 09:07:37.475 517 897 E ActivityManager: at com.android.server.am.ActivityManagerService.broadcastIntentLocked(ActivityManagerService.java:13513)
06-04 09:07:37.475 517 897 E ActivityManager: at com.android.server.am.ActivityManagerService.broadcastIntentLocked(ActivityManagerService.java:12833)
06-04 09:07:37.475 517 897 E ActivityManager: at com.android.server.am.ActivityManagerService.broadcastIntentWithFeature(ActivityManagerService.java:13670)
06-04 09:07:37.475 517 897 E ActivityManager: at android.app.IActivityManager$Stub.onTransact(IActivityManager.java:2326)
06-04 09:07:37.475 517 897 E ActivityManager: at com.android.server.am.ActivityManagerService.onTransact(ActivityManagerService.java:2509)
06-04 09:07:37.475 517 897 E ActivityManager: at android.os.Binder.execTransactInternal(Binder.java:1179)
06-04 09:07:37.475 517 897 E ActivityManager: at android.os.Binder.execTransact(Binder.java:1143)
06-04 09:07:37.476 1181 1181 E ccc : cccccc etna-service onStartCommand
06-04 09:07:37.476 517 566 I DropBoxManagerService: add tag=system_server_wtf isTagEnabled=true flags=0x2
06-04 09:07:37.482 517 566 I DropBoxManagerService: add tag=system_server_wtf isTagEnabled=true flags=0x2
06-04 09:07:37.483 1181 1181 E CoreService: onStartCommand
06-04 09:07:37.485 1418 1526 I crashsdk: begin hack android.os.Process
06-04 09:07:37.486 1418 1526 I crashsdk: end hack android.os.Process
06-04 09:07:37.490 1181 1506 W ContextImpl: Calling a method in the system process without a qualified user: android.app.ContextImpl.bindService:1895 android.content.ContextWrapper.bindService:810 com.dangbei.lerad.etna.lib.client.EtnaClient.bindServer:138 com.dangbei.lerad.etna.lib.client.EtnaClient.access$600:29 com.dangbei.lerad.etna.lib.client.EtnaClient$3.call:205
06-04 09:07:37.487 1418 1562 D crashsdk: Native log stat thread 1562 setup, waiting
06-04 09:07:37.492 1181 1518 W ContextImpl: Calling a method in the system process without a qualified user: android.app.ContextImpl.bindService:1895 android.content.ContextWrapper.bindService:810 com.dangbei.lerad.etna.lib.client.EtnaClient.bindServer:138 com.dangbei.lerad.etna.lib.client.EtnaClient.access$600:29 com.dangbei.lerad.etna.lib.client.EtnaClient$3.call:205
06-04 09:07:37.493 1181 1181 E ccc : cccccc etnaService addListener com.dangbei.lerad.etna.lib.client.EtnaServerListener@c62a08e com.dangbei.etna.setting
06-04 09:07:37.493 1181 1181 E ccc : cccccc SettingHelper onServerConnected
06-04 09:07:37.495 1181 1181 W ContextImpl: Calling a method in the system process without a qualified user: android.app.ContextImpl.startService:1816 android.content.ContextWrapper.startService:774 com.dangbei.etna.setting.core.SettingHelper.startSetting:274 com.dangbei.etna.setting.core.SettingHelper.preWork:117 com.dangbei.etna.setting.core.SettingEtnaClientListener.onServerConnected:10
06-04 09:07:37.507 1181 1563 W ContextImpl: Calling a method in the system process without a qualified user: android.app.ContextImpl.bindService:1895 android.content.ContextWrapper.bindService:810 com.dangbei.lerad.etna.lib.client.EtnaClient.bindServer:138 com.dangbei.lerad.etna.lib.client.EtnaClient.access$600:29 com.dangbei.lerad.etna.lib.client.EtnaClient$3.call:205
06-04 09:07:37.512 517 897 I ActivityManager: com.dangbei.haqusetting is exempt from freezer
06-04 09:07:37.513 517 897 D CompatibilityChangeReporter: Compat change id reported: 135634846; UID 1000; state: DISABLED
06-04 09:07:37.522 1181 1181 E ccc : cccccc etnaService addListener com.dangbei.lerad.etna.lib.client.EtnaServerListener@bfdf445 com.dangbei.etna.update
06-04 09:07:37.522 1181 1181 E ccc : cccccc UpdateHelper onServerConnected
06-04 09:07:37.522 1181 1181 E ccc : cccccc etnaService addListener com.dangbei.lerad.etna.lib.client.EtnaServerListener@c62a08e com.dangbei.etna.setting
06-04 09:07:37.522 1181 1181 E ccc : cccccc SettingHelper onServerConnected
06-04 09:07:37.526 1181 1181 E ccc : cccccc etnaService addListener com.dangbei.lerad.etna.lib.client.EtnaServerListener@bfdf445 com.dangbei.etna.update
06-04 09:07:37.526 1181 1181 E ccc : cccccc UpdateHelper onServerConnected
06-04 09:07:37.526 1181 1516 E ccc : cccccc sendCycleCheckBootGuideStatusMessage
06-04 09:07:37.528 1181 1181 E ccc : cccccc etnaService addListener com.dangbei.lerad.etna.lib.client.EtnaServerListener@dec379a com.dangbei.lerad.etna.haqu.andes
06-04 09:07:37.529 1181 1516 W ContextImpl: Calling a method in the system process without a qualified user: android.app.ContextImpl.startService:1816 android.content.ContextWrapper.startService:774 com.dangbei.etna.setting.core.SettingHelper.startRocky:260 com.dangbei.etna.setting.core.SettingHelper.sendCycleCheckBootGuideStatusMessage:206 com.dangbei.etna.setting.core.SettingHelper.startLoop:195
06-04 09:07:37.534 517 600 I ActivityManager: com.dangbei.lerad.rocky is exempt from freezer
06-04 09:07:37.537 1181 1516 E ccc : cccccc sendCycleCheckBroadcast
06-04 09:07:37.538 1181 1516 W ContextImpl: Calling a method in the system process without a qualified user: android.app.ContextImpl.sendBroadcast:1173 android.content.ContextWrapper.sendBroadcast:479 com.dangbei.etna.setting.core.SettingHelper.sendCycleToProjector:250 com.dangbei.etna.setting.core.SettingHelper.sendCycleCheckBroadcast:219 com.dangbei.etna.setting.core.SettingHelper.sendCycleCheckBootGuideStatusMessage:207
06-04 09:07:37.543 1181 1516 W ContextImpl: Calling a method in the system process without a qualified user: android.app.ContextImpl.sendBroadcast:1173 android.content.ContextWrapper.sendBroadcast:479 com.dangbei.etna.setting.core.SettingHelper.sendCycleToVoice:235 com.dangbei.etna.setting.core.SettingHelper.sendCycleCheckBroadcast:220 com.dangbei.etna.setting.core.SettingHelper.sendCycleCheckBootGuideStatusMessage:207
06-04 09:07:37.543 1418 1418 I TDLog : setReportUncaughtExceptions: true
06-04 09:07:37.546 517 600 E ActivityManager: Sending non-protected broadcast com.dangbei.etna.setting.action_cycle_check_broadcast from system 1181:com.dangbei.lerad.etna.haqu/1000 pkg com.dangbei.lerad.etna.haqu
06-04 09:07:37.546 517 600 E ActivityManager: java.lang.Throwable
06-04 09:07:37.546 517 600 E ActivityManager: at com.android.server.am.ActivityManagerService.checkBroadcastFromSystem(ActivityManagerService.java:12816)
06-04 09:07:37.546 517 600 E ActivityManager: at com.android.server.am.ActivityManagerService.broadcastIntentLocked(ActivityManagerService.java:13513)
06-04 09:07:37.546 517 600 E ActivityManager: at com.android.server.am.ActivityManagerService.broadcastIntentLocked(ActivityManagerService.java:12833)
06-04 09:07:37.546 517 600 E ActivityManager: at com.android.server.am.ActivityManagerService.broadcastIntentWithFeature(ActivityManagerService.java:13670)
06-04 09:07:37.546 517 600 E ActivityManager: at android.app.IActivityManager$Stub.onTransact(IActivityManager.java:2326)
06-04 09:07:37.546 517 600 E ActivityManager: at com.android.server.am.ActivityManagerService.onTransact(ActivityManagerService.java:2509)
06-04 09:07:37.546 517 600 E ActivityManager: at android.os.Binder.execTransactInternal(Binder.java:1179)
06-04 09:07:37.546 517 600 E ActivityManager: at android.os.Binder.execTransact(Binder.java:1143)
06-04 09:07:37.554 517 566 I DropBoxManagerService: add tag=system_server_wtf isTagEnabled=true flags=0x2
06-04 09:07:37.557 246 246 D Zygote : Forked child process 1575
06-04 09:07:37.559 517 567 I ActivityManager: app.processName = com.dangbei.haqusetting
06-04 09:07:37.559 517 567 I ActivityManager: Start proc 1575:com.dangbei.haqusetting/1000 for service {com.dangbei.haqusetting/com.dangbei.haqusetting.service.SettingService}
06-04 09:07:37.561 1575 1575 I Zygote : seccomp disabled by setenforce 0
06-04 09:07:37.578 1181 1517 E ccc : cccccc sendCycleCheckBootGuideStatusMessage
06-04 09:07:37.579 1181 1517 W ContextImpl: Calling a method in the system process without a qualified user: android.app.ContextImpl.startService:1816 android.content.ContextWrapper.startService:774 com.dangbei.etna.setting.core.SettingHelper.startRocky:260 com.dangbei.etna.setting.core.SettingHelper.sendCycleCheckBootGuideStatusMessage:206 com.dangbei.etna.setting.core.SettingHelper.startLoop:195
06-04 09:07:37.582 1418 1418 E Application: onCreate:Version:v2.8.3/20830/883432e
06-04 09:07:37.596 1482 1528 I ContactsProviderV1: Bootstrapping database legacy support
06-04 09:07:37.602 517 678 D NsdService: New client listening to asynchronous messages
06-04 09:07:37.603 517 678 D NsdService: New client, channel: com.android.internal.util.AsyncChannel@3236c39 messenger: android.os.Messenger@e24a27e
06-04 09:07:37.603 1181 1517 E ccc : cccccc sendCycleCheckBroadcast
06-04 09:07:37.604 1181 1181 D CompatibilityChangeReporter: Compat change id reported: 191844585; UID 1000; state: DISABLED
06-04 09:07:37.604 1181 1517 W ContextImpl: Calling a method in the system process without a qualified user: android.app.ContextImpl.sendBroadcast:1173 android.content.ContextWrapper.sendBroadcast:479 com.dangbei.etna.setting.core.SettingHelper.sendCycleToProjector:250 com.dangbei.etna.setting.core.SettingHelper.sendCycleCheckBroadcast:219 com.dangbei.etna.setting.core.SettingHelper.sendCycleCheckBootGuideStatusMessage:207
06-04 09:07:37.604 246 246 D Zygote : Forked child process 1595
06-04 09:07:37.605 517 567 W ActivityManager: Slow operation: 74ms so far, now at startProcess: returned from zygote!
06-04 09:07:37.606 517 567 W ActivityManager: Slow operation: 75ms so far, now at startProcess: done updating battery stats
06-04 09:07:37.606 517 567 W ActivityManager: Slow operation: 75ms so far, now at startProcess: building log message
06-04 09:07:37.606 517 567 I ActivityManager: app.processName = com.dangbei.lerad.rocky
06-04 09:07:37.606 517 567 I ActivityManager: Start proc 1595:com.dangbei.lerad.rocky/1000 for service {com.dangbei.lerad.rocky/com.dangbei.rocky.RockyService}
06-04 09:07:37.606 517 567 W ActivityManager: Slow operation: 75ms so far, now at startProcess: starting to update pids map
06-04 09:07:37.609 517 567 W ActivityManager: Slow operation: 78ms so far, now at startProcess: done updating pids map
06-04 09:07:37.612 395 415 I adbd : jdwp connection from 1575
06-04 09:07:37.613 1595 1595 I Zygote : seccomp disabled by setenforce 0
06-04 09:07:37.626 517 897 I ActivityManager: com.dangbei.leard.leradlauncher is exempt from freezer
06-04 09:07:37.627 517 678 D NsdService: mdnssd [start-service]
06-04 09:07:37.630 517 678 E NsdService: Failed to execute mdnssd [start-service]
06-04 09:07:37.630 517 678 E NsdService: com.android.server.NativeDaemonConnector$NativeDaemonFailureException: command '1 mdnssd start-service' failed with '402 1 Service already running'
06-04 09:07:37.630 517 678 E NsdService: at com.android.server.NativeDaemonConnector.executeForList(NativeDaemonConnector.java:516)
06-04 09:07:37.630 517 678 E NsdService: at com.android.server.NativeDaemonConnector.execute(NativeDaemonConnector.java:412)
06-04 09:07:37.630 517 678 E NsdService: at com.android.server.NativeDaemonConnector.execute(NativeDaemonConnector.java:407)
06-04 09:07:37.630 517 678 E NsdService: at com.android.server.NsdService$DaemonConnection.execute(NsdService.java:743)
06-04 09:07:37.630 517 678 E NsdService: at com.android.server.NsdService$DaemonConnection.maybeStart(NsdService.java:758)
06-04 09:07:37.630 517 678 E NsdService: at com.android.server.NsdService$NsdStateMachine.maybeStartDaemon(NsdService.java:100)
06-04 09:07:37.630 517 678 E NsdService: at com.android.server.NsdService$NsdStateMachine.access$1600(NsdService.java:88)
06-04 09:07:37.630 517 678 E NsdService: at com.android.server.NsdService$NsdStateMachine$DefaultState.processMessage(NsdService.java:223)
06-04 09:07:37.630 517 678 E NsdService: at com.android.internal.util.StateMachine$SmHandler.processMsg(StateMachine.java:993)
06-04 09:07:37.630 517 678 E NsdService: at com.android.internal.util.StateMachine$SmHandler.handleMessage(StateMachine.java:810)
06-04 09:07:37.630 517 678 E NsdService: at android.os.Handler.dispatchMessage(Handler.java:106)
06-04 09:07:37.630 517 678 E NsdService: at android.os.Looper.loopOnce(Looper.java:201)
06-04 09:07:37.630 517 678 E NsdService: at android.os.Looper.loop(Looper.java:288)
06-04 09:07:37.630 517 678 E NsdService: at android.os.HandlerThread.run(HandlerThread.java:67)
06-04 09:07:37.643 1181 1517 W ContextImpl: Calling a method in the system process without a qualified user: android.app.ContextImpl.sendBroadcast:1173 android.content.ContextWrapper.sendBroadcast:479 com.dangbei.etna.setting.core.SettingHelper.sendCycleToVoice:235 com.dangbei.etna.setting.core.SettingHelper.sendCycleCheckBroadcast:220 com.dangbei.etna.setting.core.SettingHelper.sendCycleCheckBootGuideStatusMessage:207
06-04 09:07:37.654 517 600 E ActivityManager: Sending non-protected broadcast com.dangbei.etna.setting.action_cycle_check_broadcast from system 1181:com.dangbei.lerad.etna.haqu/1000 pkg com.dangbei.lerad.etna.haqu
06-04 09:07:37.654 517 600 E ActivityManager: java.lang.Throwable
06-04 09:07:37.654 517 600 E ActivityManager: at com.android.server.am.ActivityManagerService.checkBroadcastFromSystem(ActivityManagerService.java:12816)
06-04 09:07:37.654 517 600 E ActivityManager: at com.android.server.am.ActivityManagerService.broadcastIntentLocked(ActivityManagerService.java:13513)
06-04 09:07:37.654 517 600 E ActivityManager: at com.android.server.am.ActivityManagerService.broadcastIntentLocked(ActivityManagerService.java:12833)
06-04 09:07:37.654 517 600 E ActivityManager: at com.android.server.am.ActivityManagerService.broadcastIntentWithFeature(ActivityManagerService.java:13670)
06-04 09:07:37.654 517 600 E ActivityManager: at android.app.IActivityManager$Stub.onTransact(IActivityManager.java:2326)
06-04 09:07:37.654 517 600 E ActivityManager: at com.android.server.am.ActivityManagerService.onTransact(ActivityManagerService.java:2509)
06-04 09:07:37.654 517 600 E ActivityManager: at android.os.Binder.execTransactInternal(Binder.java:1179)
06-04 09:07:37.654 517 600 E ActivityManager: at android.os.Binder.execTransact(Binder.java:1143)
06-04 09:07:37.656 395 415 I adbd : jdwp connection from 1595
06-04 09:07:37.657 517 566 I DropBoxManagerService: add tag=system_server_wtf isTagEnabled=true flags=0x2
06-04 09:07:37.658 246 246 D Zygote : Forked child process 1612
06-04 09:07:37.659 517 567 I ActivityManager: app.processName = com.dangbei.leard.leradlauncher
06-04 09:07:37.659 517 567 I ActivityManager: Start proc 1612:com.dangbei.leard.leradlauncher/1000 for content provider {com.dangbei.leard.leradlauncher/com.dangbei.leard.login.ui.login.UserInfoProvider}
06-04 09:07:37.669 1612 1612 I Zygote : seccomp disabled by setenforce 0
06-04 09:07:37.684 517 897 D CompatibilityChangeReporter: Compat change id reported: 168419799; UID 1000; state: DISABLED
06-04 09:07:37.694 395 415 I adbd : jdwp connection from 1612
06-04 09:07:37.708 1418 1418 E UsbEventBroadcastReceiver: onReceive: android.hardware.usb.action.USB_DEVICE_ATTACHED
06-04 09:07:37.711 1418 1418 E z : isUsbCastSupport getModel:DBBOX-A2
06-04 09:07:37.714 1575 1575 D CompatibilityChangeReporter: Compat change id reported: 171979766; UID 1000; state: ENABLED
06-04 09:07:37.715 1482 1528 D ContactsDatabaseHelper: WAL enabled for contacts2.db: true
06-04 09:07:37.719 1418 1526 E caisq : replace paconfig 0 149480817
06-04 09:07:37.720 1418 1418 E UsbEventBroadcastReceiver: return USB_CAST_SWITCH false
06-04 09:07:37.722 517 1373 D CompatibilityChangeReporter: Compat change id reported: 168419799; UID 1000; state: DISABLED
06-04 09:07:37.726 1418 1418 I crashsdk: Catcher mask: 5000, 20480
06-04 09:07:37.727 1418 1418 I crashsdk: Catcher thread 1427
06-04 09:07:37.727 1418 1418 D crashsdk: Register ANR handler ...
06-04 09:07:37.740 963 1081 I OpenGLRenderer: Davey! duration=9223372001200ms; Flags=0, FrameTimelineVsyncId=744, IntendedVsync=35653961837, Vsync=35653961837, InputEventId=0, HandleInputStart=35654844183, AnimationStart=35654858975, PerformTraversalsStart=35654870308, DrawStart=35655491391, FrameDeadline=35670628503, FrameInterval=35654798558, FrameStartTime=16666666, SyncQueued=35657472391, SyncStart=35657533475, IssueDrawCommandsStart=35657667933, SwapBuffers=35659053058, FrameCompleted=9223372036854775807, DequeueBufferDuration=45750, QueueBufferDuration=1303083, GpuCompleted=9223372036854775807, SwapBuffersCompleted=35661485266, DisplayPresentTime=0,
06-04 09:07:37.749 517 897 D CompatibilityChangeReporter: Compat change id reported: 168419799; UID 1000; state: DISABLED
06-04 09:07:37.753 963 983 I OpenGLRenderer: Davey! duration=9223372001184ms; Flags=0, FrameTimelineVsyncId=746, IntendedVsync=35670628177, Vsync=35670628177, InputEventId=0, HandleInputStart=35671585725, AnimationStart=35671598850, PerformTraversalsStart=35671617516, DrawStart=35672211475, FrameDeadline=35703961509, FrameInterval=35671541725, FrameStartTime=16666666, SyncQueued=35674808308, SyncStart=35674862266, IssueDrawCommandsStart=35674988308, SwapBuffers=35676454641, FrameCompleted=9223372036854775807, DequeueBufferDuration=42000, QueueBufferDuration=1225833, GpuCompleted=9223372036854775807, SwapBuffersCompleted=35678752308, DisplayPresentTime=0,
06-04 09:07:37.764 1612 1612 D CompatibilityChangeReporter: Compat change id reported: 171979766; UID 1000; state: DISABLED
06-04 09:07:37.766 1418 1526 I Matrix.AnrTracer: anrTrace, final mAnrBeatTime:400, mAnrBeatRate:400
06-04 09:07:37.768 963 983 I OpenGLRenderer: Davey! duration=9223372001167ms; Flags=0, FrameTimelineVsyncId=748, IntendedVsync=35687294517, Vsync=35687294517, InputEventId=0, HandleInputStart=35688319600, AnimationStart=35688338808, PerformTraversalsStart=35688349683, DrawStart=35688895933, FrameDeadline=35720627849, FrameInterval=35688273725, FrameStartTime=16666666, SyncQueued=35691200975, SyncStart=35691262600, IssueDrawCommandsStart=35691637808, SwapBuffers=35693231350, FrameCompleted=9223372036854775807, DequeueBufferDuration=43792, QueueBufferDuration=872584, GpuCompleted=9223372036854775807, SwapBuffersCompleted=35695176183, DisplayPresentTime=0,
06-04 09:07:37.775 1612 1612 D ApplicationLoaders: Returning zygote-cached class loader: /system/framework/android.test.base.jar
06-04 09:07:37.775 1612 1612 D ApplicationLoaders: Returning zygote-cached class loader: /system/framework/android.hidl.manager-V1.0-java.jar
06-04 09:07:37.775 1612 1612 D ApplicationLoaders: Returning zygote-cached class loader: /system/framework/android.hidl.base-V1.0-java.jar
06-04 09:07:37.780 1595 1595 D CompatibilityChangeReporter: Compat change id reported: 171979766; UID 1000; state: DISABLED
06-04 09:07:37.784 963 983 I OpenGLRenderer: Davey! duration=9223372001150ms; Flags=0, FrameTimelineVsyncId=750, IntendedVsync=35703958402, Vsync=35703958402, InputEventId=0, HandleInputStart=35706914350, AnimationStart=35706931391, PerformTraversalsStart=35706941683, DrawStart=35707593350, FrameDeadline=35737291734, FrameInterval=35706872016, FrameStartTime=16666666, SyncQueued=35708952683, SyncStart=35709282391, IssueDrawCommandsStart=35709671558, SwapBuffers=35711031933, FrameCompleted=9223372036854775807, DequeueBufferDuration=49625, QueueBufferDuration=1186167, GpuCompleted=9223372036854775807, SwapBuffersCompleted=35715539683, DisplayPresentTime=0,
06-04 09:07:37.790 1418 1526 D LaunchConfigManager: random check in
06-04 09:07:37.794 1482 1528 I CallLogDatabaseHelper: Migrating from old tables...
06-04 09:07:37.794 1482 1528 I CallLogDatabaseHelper: Source tables don't exist.
06-04 09:07:37.801 963 983 I OpenGLRenderer: Davey! duration=9223372001134ms; Flags=0, FrameTimelineVsyncId=752, IntendedVsync=35720626280, Vsync=35720626280, InputEventId=0, HandleInputStart=35721653100, AnimationStart=35721672183, PerformTraversalsStart=35721682683, DrawStart=35722234475, FrameDeadline=35753959612, FrameInterval=35721607225, FrameStartTime=16666666, SyncQueued=35723653058, SyncStart=35723715683, IssueDrawCommandsStart=35723841100, SwapBuffers=35725899558, FrameCompleted=9223372036854775807, DequeueBufferDuration=38708, QueueBufferDuration=1932042, GpuCompleted=9223372036854775807, SwapBuffersCompleted=35728842766, DisplayPresentTime=0,
06-04 09:07:37.818 963 983 I OpenGLRenderer: Davey! duration=9223372001117ms; Flags=0, FrameTimelineVsyncId=754, IntendedVsync=35737295901, Vsync=35737295901, InputEventId=0, HandleInputStart=35738202016, AnimationStart=35738220058, PerformTraversalsStart=35738230808, DrawStart=35738740600, FrameDeadline=35770629233, FrameInterval=35738160600, FrameStartTime=16666666, SyncQueued=35740726058, SyncStart=35740792100, IssueDrawCommandsStart=35740914850, SwapBuffers=35742409766, FrameCompleted=9223372036854775807, DequeueBufferDuration=38334, QueueBufferDuration=1111791, GpuCompleted=9223372036854775807, SwapBuffersCompleted=35744703850, DisplayPresentTime=0,
06-04 09:07:37.822 1595 1595 D ApplicationLoaders: Returning zygote-cached class loader: /system/framework/android.test.base.jar
06-04 09:07:37.822 1595 1595 D ApplicationLoaders: Returning zygote-cached class loader: /system/framework/android.hidl.manager-V1.0-java.jar
06-04 09:07:37.824 1595 1595 D ApplicationLoaders: Returning zygote-cached class loader: /system/framework/android.hidl.base-V1.0-java.jar
06-04 09:07:37.827 517 1373 E ConnectivityService: Exception = android.content.pm.PackageManager$NameNotFoundException: android.net.cts
06-04 09:07:37.832 1418 1526 I UMCrash : begin register common callback. key is umid.
06-04 09:07:37.834 963 983 I OpenGLRenderer: Davey! duration=9223372001100ms; Flags=0, FrameTimelineVsyncId=756, IntendedVsync=35753962748, Vsync=35753962748, InputEventId=0, HandleInputStart=35755348266, AnimationStart=35755367683, PerformTraversalsStart=35755378641, DrawStart=35756499558, FrameDeadline=35787296080, FrameInterval=35755305058, FrameStartTime=16666666, SyncQueued=35757927808, SyncStart=35758024808, IssueDrawCommandsStart=35758208808, SwapBuffers=35759855725, FrameCompleted=9223372036854775807, DequeueBufferDuration=45792, QueueBufferDuration=1183917, GpuCompleted=9223372036854775807, SwapBuffersCompleted=35762297016, DisplayPresentTime=0,
06-04 09:07:37.845 1418 1649 I LaunchTrace: begin sendLaunchCache
06-04 09:07:37.851 963 983 I OpenGLRenderer: Davey! duration=9223372001084ms; Flags=0, FrameTimelineVsyncId=758, IntendedVsync=35770627353, Vsync=35770627353, InputEventId=0, HandleInputStart=35772120475, AnimationStart=35772140308, PerformTraversalsStart=35772151558, DrawStart=35772808016, FrameDeadline=35803960685, FrameInterval=35772075433, FrameStartTime=16666666, SyncQueued=35774623683, SyncStart=35774672100, IssueDrawCommandsStart=35774798016, SwapBuffers=35776119433, FrameCompleted=9223372036854775807, DequeueBufferDuration=37667, QueueBufferDuration=2086458, GpuCompleted=9223372036854775807, SwapBuffersCompleted=35779355433, DisplayPresentTime=0,
06-04 09:07:37.859 1418 1601 W efs.send_log: tryFileLock start!
06-04 09:07:37.861 1482 1482 I ContactsDatabaseHelper: Bootstrapping database contacts2.db version: 1501
06-04 09:07:37.868 963 983 I OpenGLRenderer: Davey! duration=9223372001067ms; Flags=0, FrameTimelineVsyncId=760, IntendedVsync=35787292836, Vsync=35787292836, InputEventId=0, HandleInputStart=35791033558, AnimationStart=35791052016, PerformTraversalsStart=35791062433, DrawStart=35791566225, FrameDeadline=35820626168, FrameInterval=35790980308, FrameStartTime=16666666, SyncQueued=35792839516, SyncStart=35792886766, IssueDrawCommandsStart=35792997141, SwapBuffers=35794358475, FrameCompleted=9223372036854775807, DequeueBufferDuration=38542, QueueBufferDuration=3017416, GpuCompleted=9223372036854775807, SwapBuffersCompleted=35799081308, DisplayPresentTime=0,
06-04 09:07:37.885 963 983 I OpenGLRenderer: Davey! duration=9223372001050ms; Flags=0, FrameTimelineVsyncId=762, IntendedVsync=35803959265, Vsync=35803959265, InputEventId=0, HandleInputStart=35807005308, AnimationStart=35807030933, PerformTraversalsStart=35807041933, DrawStart=35807607600, FrameDeadline=35837292597, FrameInterval=35806944141, FrameStartTime=16666666, SyncQueued=35809152058, SyncStart=35809202183, IssueDrawCommandsStart=35809340433, SwapBuffers=35811403433, FrameCompleted=9223372036854775807, DequeueBufferDuration=47250, QueueBufferDuration=1145500, GpuCompleted=9223372036854775807, SwapBuffersCompleted=35814399475, DisplayPresentTime=0,
