06-04 09:07:40.168 1482 1482 D StrictMode: at libcore.io.ForwardingOs.stat(ForwardingOs.java:853)
06-04 09:07:40.168 1482 1482 D StrictMode: at android.app.ActivityThread$AndroidOs.stat(ActivityThread.java:7754)
06-04 09:07:40.168 1482 1482 D StrictMode: at android.system.Os.stat(Os.java:919)
06-04 09:07:40.168 1482 1482 D StrictMode: at android.app.SharedPreferencesImpl.writeToFile(SharedPreferencesImpl.java:825)
06-04 09:07:40.168 1482 1482 D StrictMode: at android.app.SharedPreferencesImpl.access$900(SharedPreferencesImpl.java:59)
06-04 09:07:40.168 1482 1482 D StrictMode: at android.app.SharedPreferencesImpl$2.run(SharedPreferencesImpl.java:678)
06-04 09:07:40.168 1482 1482 D StrictMode: at android.app.SharedPreferencesImpl.enqueueDiskWrite(SharedPreferencesImpl.java:697)
06-04 09:07:40.168 1482 1482 D StrictMode: at android.app.SharedPreferencesImpl.access$100(SharedPreferencesImpl.java:59)
06-04 09:07:40.168 1482 1482 D StrictMode: at android.app.SharedPreferencesImpl$EditorImpl.commit(SharedPreferencesImpl.java:610)
06-04 09:07:40.168 1482 1482 D StrictMode: at com.android.providers.contacts.ContactsUpgradeReceiver.onReceive(ContactsUpgradeReceiver.java:76)
06-04 09:07:40.168 1482 1482 D StrictMode: at android.app.ActivityThread.handleReceiver(ActivityThread.java:4308)
06-04 09:07:40.168 1482 1482 D StrictMode: at android.app.ActivityThread.access$1600(ActivityThread.java:247)
06-04 09:07:40.168 1482 1482 D StrictMode: at android.app.ActivityThread$H.handleMessage(ActivityThread.java:2064)
06-04 09:07:40.168 1482 1482 D StrictMode: at android.os.Handler.dispatchMessage(Handler.java:106)
06-04 09:07:40.168 1482 1482 D StrictMode: at android.os.Looper.loopOnce(Looper.java:201)
06-04 09:07:40.168 1482 1482 D StrictMode: at android.os.Looper.loop(Looper.java:288)
06-04 09:07:40.168 1482 1482 D StrictMode: at android.app.ActivityThread.main(ActivityThread.java:7854)
06-04 09:07:40.168 1482 1482 D StrictMode: at java.lang.reflect.Method.invoke(Native Method)
06-04 09:07:40.168 1482 1482 D StrictMode: at com.android.internal.os.RuntimeInit$MethodAndArgsCaller.run(RuntimeInit.java:548)
06-04 09:07:40.168 1482 1482 D StrictMode: at com.android.internal.os.ZygoteInit.main(ZygoteInit.java:1182)
06-04 09:07:40.170 1482 1482 D StrictMode: StrictMode policy violation; ~duration=2634 ms: android.os.strictmode.DiskWriteViolation
06-04 09:07:40.170 1482 1482 D StrictMode: at android.os.StrictMode$AndroidBlockGuardPolicy.onWriteToDisk(StrictMode.java:1615)
06-04 09:07:40.170 1482 1482 D StrictMode: at libcore.io.BlockGuardOs.remove(BlockGuardOs.java:364)
06-04 09:07:40.170 1482 1482 D StrictMode: at libcore.io.ForwardingOs.remove(ForwardingOs.java:678)
06-04 09:07:40.170 1482 1482 D StrictMode: at android.app.ActivityThread$AndroidOs.remove(ActivityThread.java:7772)
06-04 09:07:40.170 1482 1482 D StrictMode: at java.io.UnixFileSystem.delete(UnixFileSystem.java:331)
06-04 09:07:40.170 1482 1482 D StrictMode: at java.io.File.delete(File.java:1035)
06-04 09:07:40.170 1482 1482 D StrictMode: at android.app.SharedPreferencesImpl.writeToFile(SharedPreferencesImpl.java:839)
06-04 09:07:40.170 1482 1482 D StrictMode: at android.app.SharedPreferencesImpl.access$900(SharedPreferencesImpl.java:59)
06-04 09:07:40.170 1482 1482 D StrictMode: at android.app.SharedPreferencesImpl$2.run(SharedPreferencesImpl.java:678)
06-04 09:07:40.170 1482 1482 D StrictMode: at android.app.SharedPreferencesImpl.enqueueDiskWrite(SharedPreferencesImpl.java:697)
06-04 09:07:40.170 1482 1482 D StrictMode: at android.app.SharedPreferencesImpl.access$100(SharedPreferencesImpl.java:59)
06-04 09:07:40.170 1482 1482 D StrictMode: at android.app.SharedPreferencesImpl$EditorImpl.commit(SharedPreferencesImpl.java:610)
06-04 09:07:40.170 1482 1482 D StrictMode: at com.android.providers.contacts.ContactsUpgradeReceiver.onReceive(ContactsUpgradeReceiver.java:76)
06-04 09:07:40.170 1482 1482 D StrictMode: at android.app.ActivityThread.handleReceiver(ActivityThread.java:4308)
06-04 09:07:40.170 1482 1482 D StrictMode: at android.app.ActivityThread.access$1600(ActivityThread.java:247)
06-04 09:07:40.170 1482 1482 D StrictMode: at android.app.ActivityThread$H.handleMessage(ActivityThread.java:2064)
06-04 09:07:40.170 1482 1482 D StrictMode: at android.os.Handler.dispatchMessage(Handler.java:106)
06-04 09:07:40.170 1482 1482 D StrictMode: at android.os.Looper.loopOnce(Looper.java:201)
06-04 09:07:40.170 1482 1482 D StrictMode: at android.os.Looper.loop(Looper.java:288)
06-04 09:07:40.170 1482 1482 D StrictMode: at android.app.ActivityThread.main(ActivityThread.java:7854)
06-04 09:07:40.170 1482 1482 D StrictMode: at java.lang.reflect.Method.invoke(Native Method)
06-04 09:07:40.170 1482 1482 D StrictMode: at com.android.internal.os.RuntimeInit$MethodAndArgsCaller.run(RuntimeInit.java:548)
06-04 09:07:40.170 1482 1482 D StrictMode: at com.android.internal.os.ZygoteInit.main(ZygoteInit.java:1182)
06-04 09:07:40.171 517 1399 I ActivityManager: com.tv.filemanager.os is exempt from freezer
06-04 09:07:40.171 517 1399 D CompatibilityChangeReporter: Compat change id reported: 135634846; UID 10043; state: DISABLED
06-04 09:07:40.171 517 1399 D CompatibilityChangeReporter: Compat change id reported: 177438394; UID 10043; state: DISABLED
06-04 09:07:40.172 517 1399 D CompatibilityChangeReporter: Compat change id reported: 135772972; UID 10043; state: DISABLED
06-04 09:07:40.172 517 1399 D CompatibilityChangeReporter: Compat change id reported: 135754954; UID 10043; state: DISABLED
06-04 09:07:40.177 1612 1612 E hq : 检查user:::switchDao id=-1
06-04 09:07:40.178 1595 1886 W bei.lerad.rock: Class com.iflytek.aiui.utils.c failed lock verification and will run slower.
06-04 09:07:40.179 517 567 D CompatibilityChangeReporter: Compat change id reported: 143937733; UID 10043; state: DISABLED
06-04 09:07:40.199 1482 1552 I ContactsProvider: Upgrading aggregation algorithm
06-04 09:07:40.204 1482 1552 I ContactAggregator: Marked all visible contacts for aggregation: 0 raw contacts, 2 ms
06-04 09:07:40.207 1595 1886 W bei.lerad.rock: Class com.iflytek.aiui.utils.l failed lock verification and will run slower.
06-04 09:07:40.219 963 1081 I OpenGLRenderer: Davey! duration=9223371998734ms; Flags=0, FrameTimelineVsyncId=961, IntendedVsync=38120628982, Vsync=38120628982, InputEventId=0, HandleInputStart=38128518226, AnimationStart=38128527601, PerformTraversalsStart=38128533726, DrawStart=38129177392, FrameDeadline=38153962314, FrameInterval=38128477226, FrameStartTime=16666666, SyncQueued=38131321726, SyncStart=38131426476, IssueDrawCommandsStart=38132096767, SwapBuffers=38135957184, FrameCompleted=9223372036854775807, DequeueBufferDuration=77625, QueueBufferDuration=1542417, GpuCompleted=9223372036854775807, SwapBuffersCompleted=38152510101, DisplayPresentTime=0,
06-04 09:07:40.223 1482 1552 I ContactsProvider: Aggregation algorithm upgraded for 0 raw contacts in 21ms
06-04 09:07:40.223 246 246 D Zygote : Forked child process 1892
06-04 09:07:40.226 517 567 W ActivityManager: Slow operation: 59ms so far, now at startProcess: returned from zygote!
06-04 09:07:40.227 1482 1778 D CompatibilityChangeReporter: Compat change id reported: 150939131; UID 10014; state: ENABLED
06-04 09:07:40.230 517 567 W ActivityManager: Slow operation: 60ms so far, now at startProcess: done updating battery stats
06-04 09:07:40.230 517 567 W ActivityManager: Slow operation: 63ms so far, now at startProcess: building log message
06-04 09:07:40.230 517 567 I ActivityManager: app.processName = com.tv.filemanager.os
06-04 09:07:40.230 517 567 I ActivityManager: Start proc 1892:com.tv.filemanager.os/u0a43 for broadcast {com.tv.filemanager.os/com.dangbei.lerad.filemanager.receives.USBReceiver}
06-04 09:07:40.230 517 567 W ActivityManager: Slow operation: 63ms so far, now at startProcess: starting to update pids map
06-04 09:07:40.232 517 567 W ActivityManager: Slow operation: 64ms so far, now at startProcess: done updating pids map
06-04 09:07:40.236 963 1081 I OpenGLRenderer: Davey! duration=9223371998708ms; Flags=0, FrameTimelineVsyncId=963, IntendedVsync=38137295620, Vsync=38137295620, InputEventId=0, HandleInputStart=38141156559, AnimationStart=38141166017, PerformTraversalsStart=38141172392, DrawStart=38141765476, FrameDeadline=38170628952, FrameInterval=38141120767, FrameStartTime=16666666, SyncQueued=38143213017, SyncStart=38152618726, IssueDrawCommandsStart=38153116517, SwapBuffers=38160778559, FrameCompleted=9223372036854775807, DequeueBufferDuration=36250, QueueBufferDuration=1344708, GpuCompleted=9223372036854775807, SwapBuffersCompleted=38165551392, DisplayPresentTime=0,
06-04 09:07:40.238 1892 1892 I Zygote : seccomp disabled by setenforce 0
06-04 09:07:40.245 1595 1595 D RockyNetMessageUtil: initMediaControlPage pageEntity = null isRequestPageControlSuccess = false
06-04 09:07:40.253 963 1081 I OpenGLRenderer: Davey! duration=9223371998692ms; Flags=0, FrameTimelineVsyncId=965, IntendedVsync=38153963009, Vsync=38153963009, InputEventId=0, HandleInputStart=38155183684, AnimationStart=38155200851, PerformTraversalsStart=38155206517, DrawStart=38155938226, FrameDeadline=38187296341, FrameInterval=38155142517, FrameStartTime=16666666, SyncQueued=38157714059, SyncStart=38165630309, IssueDrawCommandsStart=38166142059, SwapBuffers=38169689934, FrameCompleted=9223372036854775807, DequeueBufferDuration=55833, QueueBufferDuration=5955625, GpuCompleted=9223372036854775807, SwapBuffersCompleted=38179029517, DisplayPresentTime=0,
06-04 09:07:40.260 724 1883 D BluetoothPbapUtils: primaryVersionCounter = 0, secondaryVersionCounter=0
06-04 09:07:40.262 1595 1893 D XHttpObservable: handleRequest: start https://tyapi.qun7.com/v1/voice/getsoundshowmsg ,,, isCache = false
06-04 09:07:40.263 1595 1750 I UtilCommon: bluetoothMac=B4:2F:03:15:A3:36
06-04 09:07:40.272 395 415 I adbd : jdwp connection from 1892
06-04 09:07:40.273 963 1081 I OpenGLRenderer: Davey! duration=9223371998679ms; Flags=0, FrameTimelineVsyncId=967, IntendedVsync=38170630798, Vsync=38170630798, InputEventId=0, HandleInputStart=38171999642, AnimationStart=38172075684, PerformTraversalsStart=38172083267, DrawStart=38172846601, FrameDeadline=38203964130, FrameInterval=38171963101, FrameStartTime=16666666, SyncQueued=38174444809, SyncStart=38179102684, IssueDrawCommandsStart=38179660976, SwapBuffers=38182479892, FrameCompleted=9223372036854775807, DequeueBufferDuration=82334, QueueBufferDuration=10133667, GpuCompleted=9223372036854775807, SwapBuffersCompleted=38193672518, DisplayPresentTime=0,
06-04 09:07:40.288 1830 1830 D ApplicationLoaders: Returning zygote-cached class loader: /system/framework/android.test.base.jar
06-04 09:07:40.289 1830 1830 D ApplicationLoaders: Returning zygote-cached class loader: /system/framework/android.hidl.manager-V1.0-java.jar
06-04 09:07:40.289 1830 1830 D ApplicationLoaders: Returning zygote-cached class loader: /system/framework/android.hidl.base-V1.0-java.jar
06-04 09:07:40.301 517 554 D CompatibilityChangeReporter: Compat change id reported: 168419799; UID 10043; state: DISABLED
06-04 09:07:40.326 1595 1900 W System.err: java.net.UnknownHostException: Unable to resolve host "tyapi.qun7.com": No address associated with hostname
06-04 09:07:40.327 1595 1900 W System.err: at java.net.Inet6AddressImpl.lookupHostByName(Inet6AddressImpl.java:156)
06-04 09:07:40.327 1595 1900 W System.err: at java.net.Inet6AddressImpl.lookupAllHostAddr(Inet6AddressImpl.java:103)
06-04 09:07:40.327 1595 1900 W System.err: at java.net.InetAddress.getAllByName(InetAddress.java:1152)
06-04 09:07:40.327 1595 1900 W System.err: at com.android.okhttp.Dns$1.lookup(Dns.java:41)
06-04 09:07:40.327 1595 1900 W System.err: at com.android.okhttp.internal.http.RouteSelector.resetNextInetSocketAddress(RouteSelector.java:178)
06-04 09:07:40.327 1595 1900 W System.err: at com.android.okhttp.internal.http.RouteSelector.nextProxy(RouteSelector.java:144)
06-04 09:07:40.327 1595 1900 W System.err: at com.android.okhttp.internal.http.RouteSelector.next(RouteSelector.java:86)
06-04 09:07:40.327 1595 1900 W System.err: at com.android.okhttp.internal.http.StreamAllocation.findConnection(StreamAllocation.java:176)
06-04 09:07:40.327 1595 1900 W System.err: at com.android.okhttp.internal.http.StreamAllocation.findHealthyConnection(StreamAllocation.java:128)
06-04 09:07:40.327 1595 1900 W System.err: at com.android.okhttp.internal.http.StreamAllocation.newStream(StreamAllocation.java:97)
06-04 09:07:40.327 1595 1900 W System.err: at com.android.okhttp.internal.http.HttpEngine.connect(HttpEngine.java:289)
06-04 09:07:40.327 1595 1900 W System.err: at com.android.okhttp.internal.http.HttpEngine.sendRequest(HttpEngine.java:232)
06-04 09:07:40.327 1595 1900 W System.err: at com.android.okhttp.internal.huc.HttpURLConnectionImpl.execute(HttpURLConnectionImpl.java:465)
06-04 09:07:40.327 1595 1900 W System.err: at com.android.okhttp.internal.huc.HttpURLConnectionImpl.getResponse(HttpURLConnectionImpl.java:411)
06-04 09:07:40.327 1595 1900 W System.err: at com.android.okhttp.internal.huc.HttpURLConnectionImpl.getResponseCode(HttpURLConnectionImpl.java:542)
06-04 09:07:40.327 1595 1900 W System.err: at com.dangbei.statistics.UtilCommon.networkGetIp(UtilCommon.java:826)
06-04 09:07:40.327 1595 1900 W System.err: at com.dangbei.statistics.UtilCommon$1.accept(UtilCommon.java:807)
06-04 09:07:40.328 1595 1900 W System.err: at com.dangbei.statistics.UtilCommon$1.accept(UtilCommon.java:803)
06-04 09:07:40.328 1595 1900 W System.err: at io.reactivex.internal.operators.observable.ObservableDoOnEach$DoOnEachObserver.onNext(ObservableDoOnEach.java:93)
06-04 09:07:40.328 1595 1900 W System.err: at io.reactivex.internal.operators.observable.ObservableObserveOn$ObserveOnObserver.drainNormal(ObservableObserveOn.java:201)
06-04 09:07:40.328 1595 1900 W System.err: at io.reactivex.internal.operators.observable.ObservableObserveOn$ObserveOnObserver.run(ObservableObserveOn.java:255)
06-04 09:07:40.328 1595 1900 W System.err: at io.reactivex.internal.schedulers.ScheduledRunnable.run(ScheduledRunnable.java:66)
06-04 09:07:40.328 1595 1900 W System.err: at io.reactivex.internal.schedulers.ScheduledRunnable.call(ScheduledRunnable.java:57)
06-04 09:07:40.328 1595 1900 W System.err: at java.util.concurrent.FutureTask.run(FutureTask.java:266)
06-04 09:07:40.328 1595 1900 W System.err: at java.util.concurrent.ScheduledThreadPoolExecutor$ScheduledFutureTask.run(ScheduledThreadPoolExecutor.java:301)
06-04 09:07:40.328 1595 1900 W System.err: at java.util.concurrent.ThreadPoolExecutor.runWorker(ThreadPoolExecutor.java:1167)
06-04 09:07:40.328 1595 1900 W System.err: at java.util.concurrent.ThreadPoolExecutor$Worker.run(ThreadPoolExecutor.java:641)
06-04 09:07:40.328 1595 1900 W System.err: at java.lang.Thread.run(Thread.java:920)
06-04 09:07:40.328 1595 1900 W System.err: Caused by: android.system.GaiException: android_getaddrinfo failed: EAI_NODATA (No address associated with hostname)
06-04 09:07:40.328 1595 1900 W System.err: at libcore.io.Linux.android_getaddrinfo(Native Method)
06-04 09:07:40.328 1595 1900 W System.err: at libcore.io.ForwardingOs.android_getaddrinfo(ForwardingOs.java:136)
06-04 09:07:40.328 1595 1900 W System.err: at libcore.io.BlockGuardOs.android_getaddrinfo(BlockGuardOs.java:221)
06-04 09:07:40.328 1595 1900 W System.err: at libcore.io.ForwardingOs.android_getaddrinfo(ForwardingOs.java:136)
06-04 09:07:40.328 1595 1900 W System.err: at java.net.Inet6AddressImpl.lookupHostByName(Inet6AddressImpl.java:135)
06-04 09:07:40.328 1595 1900 W System.err: ... 27 more
06-04 09:07:40.362 517 554 W ActivityManager: Slow operation: 65ms so far, now at attachApplicationLocked: after sendPendingBroadcastsLocked
06-04 09:07:40.364 1595 1914 I AIUI : start save id
06-04 09:07:40.371 1892 1892 D CompatibilityChangeReporter: Compat change id reported: 171979766; UID 10043; state: DISABLED
06-04 09:07:40.374 1595 1911 D XHttpObservable: handleRequest: start https://tyapi.qun7.com/v1/voice/getResponseControlPage ,,, isCache = false
06-04 09:07:40.391 1482 1552 I ContactsFTS: Rebuild contact search index in 133ms, 0 contacts
06-04 09:07:40.402 1595 1595 W SoundPool: Use of stream types is deprecated for operations other than volume control
06-04 09:07:40.402 1595 1595 W SoundPool: See the documentation of SoundPool() for what to use instead with android.media.AudioAttributes to qualify your playback use case
06-04 09:07:40.426 1830 1830 W ranth.ledstatu: ClassLoaderContext shared library size mismatch. Expected=0, found=4 (PCL[] | PCL[]{PCL[/system/framework/android.test.base.jar*3790657674]#PCL[/system/framework/android.hidl.manager-V1.0-java.jar*1809561547]#PCL[/system/framework/android.hidl.base-V1.0-java.jar*2233032481]#PCL[/system/framework/org.apache.http.legacy.jar*2058259660]})
06-04 09:07:40.459 1612 1612 D AdHelper: ad server environment is official? false
06-04 09:07:40.460 1612 1612 D AdHelper: ad server environment is official? false
06-04 09:07:40.460 1612 1612 D AdHelper: ad server environment is official? false
06-04 09:07:40.460 1612 1612 D AdHelper: ad server environment is official? false
06-04 09:07:40.469 1595 1914 I AIUI : save id end
06-04 09:07:40.483 1595 1595 D RockyReceiver: action: android.net.wifi.WIFI_STATE_CHANGED
06-04 09:07:40.531 1612 1612 D AdHelper: AdHelper init: end
06-04 09:07:40.540 1892 1892 D ApplicationLoaders: Returning zygote-cached class loader: /system/framework/android.test.base.jar
06-04 09:07:40.569 963 987 I OpenGLRenderer: Davey! duration=9223371998384ms; Flags=0, FrameTimelineVsyncId=1003, IntendedVsync=38470624109, Vsync=38470624109, InputEventId=0, HandleInputStart=38472450851, AnimationStart=38472458184, PerformTraversalsStart=38472463226, DrawStart=38473087518, FrameDeadline=38503957441, FrameInterval=38472426893, FrameStartTime=16666666, SyncQueued=38478860643, SyncStart=38478945268, IssueDrawCommandsStart=38479638434, SwapBuffers=38488358559, FrameCompleted=9223372036854775807, DequeueBufferDuration=3136375, QueueBufferDuration=1911334, GpuCompleted=9223372036854775807, SwapBuffersCompleted=38495186726, DisplayPresentTime=0,
06-04 09:07:40.585 963 1081 I OpenGLRenderer: Davey! duration=9223371998367ms; Flags=0, FrameTimelineVsyncId=1005, IntendedVsync=38487290728, Vsync=38487290728, InputEventId=0, HandleInputStart=38495903018, AnimationStart=38495909184, PerformTraversalsStart=38495914226, DrawStart=38496695434, FrameDeadline=38520624060, FrameInterval=38495876101, FrameStartTime=16666666, SyncQueued=38505227684, SyncStart=38505304393, IssueDrawCommandsStart=38505915434, SwapBuffers=38512299643, FrameCompleted=9223372036854775807, DequeueBufferDuration=53459, QueueBufferDuration=4670584, GpuCompleted=9223372036854775807, SwapBuffersCompleted=38519152143, DisplayPresentTime=0,
06-04 09:07:40.602 963 1081 I OpenGLRenderer: Davey! duration=9223371998347ms; Flags=0, FrameTimelineVsyncId=1007, IntendedVsync=38503957872, Vsync=38503957872, InputEventId=0, HandleInputStart=38520391851, AnimationStart=38520399726, PerformTraversalsStart=38520404143, DrawStart=38520990143, FrameDeadline=38537291204, FrameInterval=38520368643, FrameStartTime=16666666, SyncQueued=38522878434, SyncStart=38525957893, IssueDrawCommandsStart=38528680434, SwapBuffers=38531454726, FrameCompleted=9223372036854775807, DequeueBufferDuration=71209, QueueBufferDuration=1793583, GpuCompleted=9223372036854775807, SwapBuffersCompleted=38534513268, DisplayPresentTime=0,
06-04 09:07:40.618 963 1081 I OpenGLRenderer: Davey! duration=9223371998317ms; Flags=0, FrameTimelineVsyncId=1011, IntendedVsync=38537292729, Vsync=38537292729, InputEventId=0, HandleInputStart=38539174893, AnimationStart=38539184184, PerformTraversalsStart=38539192351, DrawStart=38539987893, FrameDeadline=38570626061, FrameInterval=38539141684, FrameStartTime=16666666, SyncQueued=38541520143, SyncStart=38541682518, IssueDrawCommandsStart=38542336268, SwapBuffers=38545654768, FrameCompleted=9223372036854775807, DequeueBufferDuration=62375, QueueBufferDuration=1464292, GpuCompleted=9223372036854775807, SwapBuffersCompleted=38548426726, DisplayPresentTime=0,
06-04 09:07:40.636 963 987 I OpenGLRenderer: Davey! duration=9223371998300ms; Flags=0, FrameTimelineVsyncId=1013, IntendedVsync=38553961501, Vsync=38553961501, InputEventId=0, HandleInputStart=38555043018, AnimationStart=38555049018, PerformTraversalsStart=38555052643, DrawStart=38555526476, FrameDeadline=38587294833, FrameInterval=38555013268, FrameStartTime=16666666, SyncQueued=38557455684, SyncStart=38558033684, IssueDrawCommandsStart=38558636976, SwapBuffers=38561895268, FrameCompleted=9223372036854775807, DequeueBufferDuration=69625, QueueBufferDuration=1361666, GpuCompleted=9223372036854775807, SwapBuffersCompleted=38565754268, DisplayPresentTime=0,
06-04 09:07:40.654 963 1081 I OpenGLRenderer: Davey! duration=9223371998284ms; Flags=0, FrameTimelineVsyncId=1015, IntendedVsync=38570630988, Vsync=38570630988, InputEventId=0, HandleInputStart=38571970101, AnimationStart=38571975976, PerformTraversalsStart=38571980309, DrawStart=38573176851, FrameDeadline=38603964320, FrameInterval=38571932268, FrameStartTime=16666666, SyncQueued=38575251726, SyncStart=38575314934, IssueDrawCommandsStart=38575792934, SwapBuffers=38578937601, FrameCompleted=9223372036854775807, DequeueBufferDuration=50083, QueueBufferDuration=1262000, GpuCompleted=9223372036854775807, SwapBuffersCompleted=38581394643, DisplayPresentTime=0,
06-04 09:07:40.670 963 987 I OpenGLRenderer: Davey! duration=9223371998267ms; Flags=0, FrameTimelineVsyncId=1017, IntendedVsync=38587297740, Vsync=38587297740, InputEventId=0, HandleInputStart=38588685518, AnimationStart=38588693851, PerformTraversalsStart=38588698518, DrawStart=38589265476, FrameDeadline=38620631072, FrameInterval=38588652893, FrameStartTime=16666666, SyncQueued=38590825393, SyncStart=38591062226, IssueDrawCommandsStart=38591649768, SwapBuffers=38594912893, FrameCompleted=9223372036854775807, DequeueBufferDuration=61584, QueueBufferDuration=1185042, GpuCompleted=9223372036854775807, SwapBuffersCompleted=38597931434, DisplayPresentTime=0,
06-04 09:07:40.697 779 779 I logd : start watching /data/system/packages.list ...
06-04 09:07:40.702 779 779 I logd : ReadPackageList, total packages: 82
06-04 09:07:40.711 517 1399 E ConnectivityService: Exception = android.content.pm.PackageManager$NameNotFoundException: android.net.cts
06-04 09:07:40.724 1595 1595 I AIUIPushConnect: type=1400 audit(0.0:792): avc: denied { ioctl } for path="socket:[21716]" dev="sockfs" ino=21716 ioctlcmd=0x8927 scontext=u:r:system_app:s0 tcontext=u:r:system_app:s0 tclass=tcp_socket permissive=1
06-04 09:07:40.746 1830 1830 V GraphicsEnvironment: ANGLE Developer option for 'com.oranth.ledstatus' set to: 'default'
06-04 09:07:40.755 1892 1892 V GraphicsEnvironment: ANGLE Developer option for 'com.tv.filemanager.os' set to: 'default'
06-04 09:07:40.753 963 987 I OpenGLRenderer: Davey! duration=9223371998200ms; Flags=0, FrameTimelineVsyncId=1024, IntendedVsync=38653965264, Vsync=38653965264, InputEventId=0, HandleInputStart=38655026309, AnimationStart=38655032559, PerformTraversalsStart=38655036018, DrawStart=38655538726, FrameDeadline=38687298596, FrameInterval=38655002434, FrameStartTime=16666666, SyncQueued=38658323851, SyncStart=38658393184, IssueDrawCommandsStart=38658987268, SwapBuffers=38663593601, FrameCompleted=9223372036854775807, DequeueBufferDuration=1219917, QueueBufferDuration=1069541, GpuCompleted=9223372036854775807, SwapBuffersCompleted=38673836893, DisplayPresentTime=0,
06-04 09:07:40.756 1892 1892 V GraphicsEnvironment: Neither updatable production driver nor prerelease driver is supported.
06-04 09:07:40.756 1830 1830 V GraphicsEnvironment: Neither updatable production driver nor prerelease driver is supported.
06-04 09:07:40.759 1892 1892 D NetworkSecurityConfig: No Network Security Config specified, using platform default
06-04 09:07:40.760 1892 1892 D NetworkSecurityConfig: No Network Security Config specified, using platform default
06-04 09:07:40.766 1892 1892 I MultiDex: VM with version 2.1.0 has multidex support
06-04 09:07:40.767 1892 1892 I MultiDex: Installing application
06-04 09:07:40.767 1892 1892 I MultiDex: VM has multidex support, MultiDex support library is disabled.
06-04 09:07:40.773 963 987 I OpenGLRenderer: Davey! duration=9223371998183ms; Flags=0, FrameTimelineVsyncId=1026, IntendedVsync=38670630440, Vsync=38670630440, InputEventId=0, HandleInputStart=38671587809, AnimationStart=38671593184, PerformTraversalsStart=38671596601, DrawStart=38672173643, FrameDeadline=38703963772, FrameInterval=38671561934, FrameStartTime=16666666, SyncQueued=38674383226, SyncStart=38674539434, IssueDrawCommandsStart=38675095018, SwapBuffers=38679753726, FrameCompleted=9223372036854775807, DequeueBufferDuration=56750, QueueBufferDuration=2483167, GpuCompleted=9223372036854775807, SwapBuffersCompleted=38694886684, DisplayPresentTime=0,
06-04 09:07:40.798 1830 1830 D NetworkSecurityConfig: No Network Security Config specified, using platform default
06-04 09:07:40.815 1612 1804 I WebViewFactory: Loading com.android.webview version 91.0.4472.114 (code 447211450)
06-04 09:07:40.828 1612 1612 E xxxxxxxxxxxxxxx: onConfigurationChanged2===>{1.0 ?mcc?mnc [zh_CN] ldltr sw720dp w1280dp h696dp 240dpi xlrg long land television -touch qwerty/v/v dpad/v winConfig={ mBounds=Rect(0, 0 - 1920, 1080) mAppBounds=Rect(0, 0 - 1920, 1080) mMaxBounds=Rect(0, 0 - 1920, 1080) mWindowingMode=fullscreen mDisplayWindowingMode=fullscreen mActivityType=undefined mAlwaysOnTop=undefined mRotation=ROTATION_0} s.6 fontWeightAdjustment=0}
06-04 09:07:40.831 1612 1612 E memInfo.totalMem: memInfo.totalMem=2055442432 1073741824
06-04 09:07:40.824 1612 1612 I nd.statics.boot: type=1400 audit(0.0:793): avc: denied { read } for name="u:object_r:serialno_prop:s0" dev="tmpfs" ino=6417 scontext=u:r:system_app:s0 tcontext=u:object_r:serialno_prop:s0 tclass=file permissive=1
06-04 09:07:40.832 1612 1612 I nd.statics.boot: type=1400 audit(0.0:794): avc: denied { open } for path="/dev/__properties__/u:object_r:serialno_prop:s0" dev="tmpfs" ino=6417 scontext=u:r:system_app:s0 tcontext=u:object_r:serialno_prop:s0 tclass=file permissive=1
06-04 09:07:40.832 1612 1612 I nd.statics.boot: type=1400 audit(0.0:795): avc: denied { getattr } for path="/dev/__properties__/u:object_r:serialno_prop:s0" dev="tmpfs" ino=6417 scontext=u:r:system_app:s0 tcontext=u:object_r:serialno_prop:s0 tclass=file permissive=1
06-04 09:07:40.832 1612 1612 I nd.statics.boot: type=1400 audit(0.0:796): avc: denied { map } for path="/dev/__properties__/u:object_r:serialno_prop:s0" dev="tmpfs" ino=6417 scontext=u:r:system_app:s0 tcontext=u:object_r:serialno_prop:s0 tclass=file permissive=1
06-04 09:07:40.840 1830 1830 D NetworkSecurityConfig: No Network Security Config specified, using platform default
06-04 09:07:40.848 1612 1612 I Choreographer: Skipped 113 frames! The application may be doing too much work on its main thread.
06-04 09:07:40.862 1612 1612 E xxxxxxxxxxxxxxx: onReceive:mIsHDMIPlugged = false
06-04 09:07:40.867 1830 1830 D aaa : onCreate()
06-04 09:07:40.871 185 185 E SELinux : avc: denied { find } for pid=1830 uid=1000 name=MyLedService scontext=u:r:system_app:s0 tcontext=u:object_r:default_android_service:s0 tclass=service_manager permissive=1
06-04 09:07:40.873 185 185 E SELinux : avc: denied { add } for pid=1830 uid=1000 name=MyLedService scontext=u:r:system_app:s0 tcontext=u:object_r:default_android_service:s0 tclass=service_manager permissive=1
06-04 09:07:40.877 1892 1892 I MultiDex: Installing application
06-04 09:07:40.878 1892 1892 I MultiDex: VM has multidex support, MultiDex support library is disabled.
06-04 09:07:40.888 1892 1892 W .filemanager.o: Accessing hidden field Landroid/app/ActivityThread;->mHiddenApiWarningShown:Z (max-target-o, reflection, denied)
06-04 09:07:40.889 1892 1892 W System.err: java.lang.NoSuchFieldException: No field mHiddenApiWarningShown in class Landroid/app/ActivityThread; (declaration of 'android.app.ActivityThread' appears in /system/framework/framework.jar)
06-04 09:07:40.890 1612 1804 D nativeloader: classloader namespace configured for unbundled product apk. library_path=/product/app/webview/lib/arm:/product/app/webview/webview.apk!/lib/armeabi-v7a:/product/lib:/system/product/lib
06-04 09:07:40.890 1892 1892 W System.err: at java.lang.Class.getDeclaredField(Native Method)
06-04 09:07:40.890 1892 1892 W System.err: at com.dangbei.lerad.filemanager.application.App.disableAPIDialog(App.java:166)
06-04 09:07:40.890 1892 1892 W System.err: at com.dangbei.lerad.filemanager.application.App.onCreate(App.java:95)
06-04 09:07:40.890 1892 1892 W System.err: at android.app.Instrumentation.callApplicationOnCreate(Instrumentation.java:1211)
06-04 09:07:40.890 1892 1892 W System.err: at android.app.ActivityThread.handleBindApplication(ActivityThread.java:6740)
06-04 09:07:40.890 1892 1892 W System.err: at android.app.ActivityThread.access$1500(ActivityThread.java:247)
06-04 09:07:40.890 1892 1892 W System.err: at android.app.ActivityThread$H.handleMessage(ActivityThread.java:2053)
06-04 09:07:40.890 1892 1892 W System.err: at android.os.Handler.dispatchMessage(Handler.java:106)
06-04 09:07:40.890 1892 1892 W System.err: at android.os.Looper.loopOnce(Looper.java:201)
06-04 09:07:40.890 1892 1892 W System.err: at android.os.Looper.loop(Looper.java:288)
06-04 09:07:40.890 1892 1892 W System.err: at android.app.ActivityThread.main(ActivityThread.java:7854)
06-04 09:07:40.890 1892 1892 W System.err: at java.lang.reflect.Method.invoke(Native Method)
06-04 09:07:40.890 1892 1892 W System.err: at com.android.internal.os.RuntimeInit$MethodAndArgsCaller.run(RuntimeInit.java:548)
06-04 09:07:40.890 1892 1892 W System.err: at com.android.internal.os.ZygoteInit.main(ZygoteInit.java:1182)
06-04 09:07:40.910 1612 1936 D getEthernetMacAddr: getEthernetMacAddr use eth0
06-04 09:07:40.945 1830 1830 D aaa : LedStatusService onStartCommand begin
06-04 09:07:40.948 1830 1943 D aaa : topPkg is -------------- :com.dangbei.hqguide
06-04 09:07:40.978 517 559 W IorapForwardingService: No service published for: iorapd
06-04 09:07:41.069 1892 1892 E ActivityThread: Failed to find provider info for lerad.provider.etna
06-04 09:07:41.112 1892 1892 D USBReceiver: usb > onReceive: action = android.intent.action.MEDIA_MOUNTED
06-04 09:07:41.123 1612 1936 E UMConfigure: 检测到SDK初始化过程遗漏UMConfigure.preInit函数,请参考【友盟+】合规指南: https://developer.umeng.com/docs/119267/detail/182050
06-04 09:07:41.124 1612 1936 E UMConfigure: 检测到未调用隐私授权API,详情见:https://developer.umeng.com/docs/119267/detail/182050
06-04 09:07:41.133 1310 1310 D NetworkSecurityConfig: No Network Security Config specified, using platform default
06-04 09:07:41.189 1612 1959 W ContextImpl: Calling a method in the system process without a qualified user: android.app.ContextImpl.bindService:1895 android.content.ContextWrapper.bindService:810 android.content.ContextWrapper.bindService:810 Am0.run:15 java.lang.Thread.run:920
06-04 09:07:41.197 517 553 D CompatibilityChangeReporter: Compat change id reported: 135634846; UID 10060; state: DISABLED
06-04 09:07:41.198 517 567 D CompatibilityChangeReporter: Compat change id reported: 143937733; UID 10060; state: ENABLED
06-04 09:07:41.220 517 600 D CompatibilityChangeReporter: Compat change id reported: 168419799; UID 10074; state: DISABLED
06-04 09:07:41.226 246 246 D Zygote : Forked child process 1963
06-04 09:07:41.231 517 567 I ActivityManager: app.processName = com.android.webview:webview_service
06-04 09:07:41.231 517 567 I ActivityManager: Start proc 1963:com.android.webview:webview_service/u0a60 for service {com.android.webview/org.chromium.android_webview.services.VariationsSeedServer}
06-04 09:07:41.237 517 600 I ActivityManager: com.oranth.usbopenft is exempt from freezer
06-04 09:07:41.238 517 600 D CompatibilityChangeReporter: Compat change id reported: 135634846; UID 1000; state: DISABLED
06-04 09:07:41.254 1963 1963 I Zygote : seccomp disabled by setenforce 0
06-04 09:07:41.267 246 246 D Zygote : Forked child process 1964
06-04 09:07:41.273 963 1081 I OpenGLRenderer: Davey! duration=9223371997683ms; Flags=0, FrameTimelineVsyncId=1086, IntendedVsync=39170627736, Vsync=39170627736, InputEventId=0, HandleInputStart=39175078643, AnimationStart=39175084976, PerformTraversalsStart=39175088810, DrawStart=39175700018, FrameDeadline=39203961068, FrameInterval=39175045310, FrameStartTime=16666666, SyncQueued=39178835643, SyncStart=39179882560, IssueDrawCommandsStart=39181075268, SwapBuffers=39186328101, FrameCompleted=9223372036854775807, DequeueBufferDuration=57209, QueueBufferDuration=1289834, GpuCompleted=9223372036854775807, SwapBuffersCompleted=39198636851, DisplayPresentTime=0,
06-04 09:07:41.274 517 567 I ActivityManager: app.processName = com.oranth.usbopenft
06-04 09:07:41.274 517 567 I ActivityManager: Start proc 1964:com.oranth.usbopenft/1000 for broadcast {com.oranth.usbopenft/com.oranth.usbopenft.UsbReceiver}
06-04 09:07:41.279 1964 1964 I Zygote : seccomp disabled by setenforce 0
06-04 09:07:41.280 1612 1959 W ContextImpl: Calling a method in the system process without a qualified user: android.app.ContextImpl.bindService:1895 android.content.ContextWrapper.bindService:810 android.content.ContextWrapper.bindService:810 Am0.run:22 java.lang.Thread.run:920
06-04 09:07:41.281 395 415 I adbd : jdwp connection from 1963
06-04 09:07:41.286 963 1081 I OpenGLRenderer: Davey! duration=9223371997661ms; Flags=0, FrameTimelineVsyncId=1088, IntendedVsync=39187295041, Vsync=39187295041, InputEventId=0, HandleInputStart=39191374810, AnimationStart=39191388101, PerformTraversalsStart=39191392476, DrawStart=39192121560, FrameDeadline=39220628373, FrameInterval=39189983810, FrameStartTime=16666666, SyncQueued=39193224185, SyncStart=39198751726, IssueDrawCommandsStart=39199689685, SwapBuffers=39202691768, FrameCompleted=9223372036854775807, DequeueBufferDuration=43334, QueueBufferDuration=9526417, GpuCompleted=9223372036854775807, SwapBuffersCompleted=39213305601, DisplayPresentTime=0,
06-04 09:07:41.309 395 415 I adbd : jdwp connection from 1964
06-04 09:07:41.310 1936 1936 W audit : audit_lost=357 audit_rate_limit=5 audit_backlog_limit=64
06-04 09:07:41.310 1936 1936 E audit : rate limit exceeded
06-04 09:07:41.330 517 600 D CompatibilityChangeReporter: Compat change id reported: 168419799; UID 10060; state: DISABLED
06-04 09:07:41.338 517 600 D CompatibilityChangeReporter: Compat change id reported: 181136395; UID 10020; state: DISABLED
06-04 09:07:41.340 517 600 D CompatibilityChangeReporter: Compat change id reported: 174042936; UID 10020; state: DISABLED
06-04 09:07:41.352 1963 1963 D CompatibilityChangeReporter: Compat change id reported: 171979766; UID 10060; state: ENABLED
06-04 09:07:41.353 517 553 D CompatibilityChangeReporter: Compat change id reported: 168419799; UID 1000; state: DISABLED
06-04 09:07:41.365 1964 1964 D CompatibilityChangeReporter: Compat change id reported: 171979766; UID 1000; state: ENABLED
06-04 09:07:41.382 1963 1963 D nativeloader: classloader namespace configured for unbundled product apk. library_path=/product/app/webview/lib/arm:/product/app/webview/webview.apk!/lib/armeabi-v7a:/product/lib:/system/product/lib
06-04 09:07:41.416 1963 1963 V GraphicsEnvironment: ANGLE Developer option for 'com.android.webview' set to: 'default'
06-04 09:07:41.416 1963 1963 V GraphicsEnvironment: Neither updatable production driver nor prerelease driver is supported.
06-04 09:07:41.428 1612 1804 D hq : NetWorkStateReceiver:::检查网络,并且持续更新 isConnect=false
06-04 09:07:41.428 1963 1963 D NetworkSecurityConfig: No Network Security Config specified, using platform default
06-04 09:07:41.429 1963 1963 D NetworkSecurityConfig: No Network Security Config specified, using platform default
06-04 09:07:41.438 1964 1964 V GraphicsEnvironment: ANGLE Developer option for 'com.oranth.usbopenft' set to: 'default'
06-04 09:07:41.439 1964 1964 V GraphicsEnvironment: Neither updatable production driver nor prerelease driver is supported.
06-04 09:07:41.442 1964 1964 D NetworkSecurityConfig: No Network Security Config specified, using platform default
06-04 09:07:41.443 1964 1964 D NetworkSecurityConfig: No Network Security Config specified, using platform default
06-04 09:07:41.465 517 553 D CompatibilityChangeReporter: Compat change id reported: 168419799; UID 10031; state: DISABLED
06-04 09:07:41.473 264 278 D hdmi-cec: receive invalid cec message!
06-04 09:07:41.473 264 278 D hdmi-cec: receive poll message [04], skip!
06-04 09:07:41.478 517 553 I ActivityManager: Background started FGS: Allowed [callingPackage: com.dangbei.screencast; callingUid: 10031; uidState: RCVR; intent: Intent { act=com.dangbei.screencast.STARTUP pkg=com.dangbei.screencast }; code:SYSTEM_ALERT_WINDOW_PERMISSION; tempAllowListReason:; targetSdkVersion:28; callerTargetSdkVersion:28; startForegroundCount:0; bindFromPackage:null]
06-04 09:07:41.522 517 1346 D ConnectivityService: requestNetwork for uid/pid:1000/517 asUid: 10060 activeRequest: null callbackRequest: 26 [NetworkRequest [ REQUEST id=27, [ Capabilities: INTERNET&NOT_RESTRICTED&TRUSTED&NOT_VCN_MANAGED Uid: 10060 RequestorUid: 1000 RequestorPkg: android] ]] callback flags: 0 priority: 2147483647
06-04 09:07:41.523 517 675 D ConnectivityService: NetReassign [no changes]
06-04 09:07:41.525 517 668 D WifiNetworkFactory: got request NetworkRequest [ REQUEST id=27, [ Capabilities: INTERNET&NOT_RESTRICTED&TRUSTED&NOT_VCN_MANAGED Uid: 10060 RequestorUid: 1000 RequestorPkg: android] ]
06-04 09:07:41.525 517 710 D PPPOE : got request NetworkRequest [ REQUEST id=27, [ Capabilities: INTERNET&NOT_RESTRICTED&TRUSTED&NOT_VCN_MANAGED Uid: 10060 RequestorUid: 1000 RequestorPkg: android] ]
06-04 09:07:41.525 517 668 D UntrustedWifiNetworkFactory: got request NetworkRequest [ REQUEST id=27, [ Capabilities: INTERNET&NOT_RESTRICTED&TRUSTED&NOT_VCN_MANAGED Uid: 10060 RequestorUid: 1000 RequestorPkg: android] ]
06-04 09:07:41.526 517 709 D Ethernet: got request NetworkRequest [ REQUEST id=27, [ Capabilities: INTERNET&NOT_RESTRICTED&TRUSTED&NOT_VCN_MANAGED Uid: 10060 RequestorUid: 1000 RequestorPkg: android] ]
06-04 09:07:41.526 517 709 D EthernetNetworkFactory: acceptRequest, request: NetworkRequest [ REQUEST id=27, [ Capabilities: INTERNET&NOT_RESTRICTED&TRUSTED&NOT_VCN_MANAGED Uid: 10060 RequestorUid: 1000 RequestorPkg: android] ]
06-04 09:07:41.526 517 709 I EthernetNetworkFactory: networkForRequest, request: NetworkRequest [ REQUEST id=27, [ Capabilities: INTERNET&NOT_RESTRICTED&TRUSTED&NOT_VCN_MANAGED Uid: 10060 RequestorUid: 1000 RequestorPkg: android] ], network: null
06-04 09:07:41.532 517 554 D CompatibilityChangeReporter: Compat change id reported: 168419799; UID 1000; state: DISABLED
06-04 09:07:41.534 1595 1595 D RockyVoice: RestartReceiver onReceive
06-04 09:07:41.538 517 668 D OemPaidWifiNetworkFactory: got request NetworkRequest [ REQUEST id=27, [ Capabilities: INTERNET&NOT_RESTRICTED&TRUSTED&NOT_VCN_MANAGED Uid: 10060 RequestorUid: 1000 RequestorPkg: android] ]
06-04 09:07:41.546 517 554 W ActivityManager: Foreground service started from background can not have location/camera/microphone access: service com.dangbei.screencast/.startup.StartupService
06-04 09:07:41.557 517 566 I ActivityManager: Deferring FGS notification in legacy app com.dangbei.screencast/u0a31 : Notification(channel=channel_record shortcut=null contentView=null vibrate=null sound=null defaults=0x0 flags=0x60 color=0x00000000 category=transport vis=PUBLIC)
06-04 09:07:41.574 1612 1936 I UtilCommon: bluetoothMac=B4:2F:03:15:A3:36
06-04 09:07:41.577 1612 1936 E wangli : env: 0_false
06-04 09:07:41.604 1418 1418 E raop : *********************AirplayBroadcastServer+++++++++
06-04 09:07:41.610 517 678 D NsdService: New client listening to asynchronous messages
06-04 09:07:41.610 517 678 D NsdService: New client, channel: com.android.internal.util.AsyncChannel@3b00be3 messenger: android.os.Messenger@a2669e0
06-04 09:07:41.611 1418 1418 D CompatibilityChangeReporter: Compat change id reported: 191844585; UID 10031; state: DISABLED
06-04 09:07:41.638 1418 1418 I ConnectAuthJNI: JNI_OnLoad begin load
06-04 09:07:41.638 1418 1418 I ConnectAuthJNI: RegisterNativeMethod begin
06-04 09:07:41.638 1418 1418 I ConnectAuthJNI: RegisterNativeMethod end
06-04 09:07:41.638 1418 1418 I ConnectAuthJNI: RegisterNativeMethod 1004 methodLen=10
06-04 09:07:41.638 1418 1418 I ConnectAuthJNI: RegisterNativeMethod 1007 RegisterNatives=0
06-04 09:07:41.638 1418 1418 I ConnectAuthJNI: InitArraylist 1013
06-04 09:07:41.639 1418 1418 I ConnectAuthJNI: InitConnectAuthStaticJNIMethod 1114 methodRet=0
06-04 09:07:41.639 1418 1418 E ConnectAuthJNI: JNI_OnLoad finish....1138
06-04 09:07:41.645 517 1346 I ActivityManager: Background started FGS: Allowed [callingPackage: com.dangbei.screencast; callingUid: 10031; uidState: FGS ; intent: Intent { cmp=com.dangbei.screencast/.huaweicast.service.HuaweiCastService }; code:PROC_STATE_FGS; tempAllowListReason:; targetSdkVersion:28; callerTargetSdkVersion:28; startForegroundCount:0; bindFromPackage:null]
06-04 09:07:41.649 1418 1418 E H264FrameQueue: H264FrameQueue: mFullQueueCount:200
06-04 09:07:41.710 1418 2013 E StartupService: onFailure: java.net.UnknownHostException: Unable to resolve host "tyapi.qun7.com": No address associated with hostname
06-04 09:07:41.712 1418 1418 E HuaweiCastService: onCreate called().
06-04 09:07:41.713 1595 1595 D RockyVoice: RestartReceiver onReceive
06-04 09:07:41.722 517 553 I WifiService: acquireMulticastLock uid=10031
06-04 09:07:41.726 517 1346 I WifiService: acquireMulticastLock uid=10031
06-04 09:07:41.731 1418 1418 E PlayerClient: registerCallback com.dangbei.screencast.huaweicast.service.HuaweiCastService$a@c2f4f89
06-04 09:07:41.731 1418 1418 D PlayerClient: registerCallback true
06-04 09:07:41.731 1418 1418 D PlayerClient: init.
06-04 09:07:41.735 1418 1418 W KIT_FWK_a: KitFwk is not installed, pls do not use related interfaces.
06-04 09:07:41.736 1418 1418 W KIT_FWK_a: KitFwk is not installed, pls do not use related interfaces.
06-04 09:07:41.736 1418 1418 E PlayerClient: bind player service by aar.
06-04 09:07:41.764 1418 1418 D PlayerClient: bind player sink service true
06-04 09:07:41.766 517 554 I PreBootBroadcaster: Pre-boot of {com.android.providers.tv/com.android.providers.tv.TvProviderUpgradeReceiver} for user 0
06-04 09:07:41.773 1612 1940 E FactoryResetOperateImpl: isFirstBoot 0
06-04 09:07:41.775 517 554 D CompatibilityChangeReporter: Compat change id reported: 135634846; UID 10023; state: DISABLED
06-04 09:07:41.775 517 554 D CompatibilityChangeReporter: Compat change id reported: 177438394; UID 10023; state: DISABLED
06-04 09:07:41.776 517 554 D CompatibilityChangeReporter: Compat change id reported: 135772972; UID 10023; state: DISABLED
06-04 09:07:41.776 517 554 D CompatibilityChangeReporter: Compat change id reported: 135754954; UID 10023; state: ENABLED
06-04 09:07:41.778 517 567 D CompatibilityChangeReporter: Compat change id reported: 143937733; UID 10023; state: ENABLED
06-04 09:07:41.783 517 553 W ActivityManager: Foreground service started from background can not have location/camera/microphone access: service com.dangbei.screencast/.huaweicast.service.HuaweiCastService
06-04 09:07:41.789 1178 1245 I MediaUpgradeReceiver: ---> Start upgrade of media database external.db
06-04 09:07:41.795 1418 1418 E HuaweiCastService: startForeground!
06-04 09:07:41.802 1418 1418 E HuaweiCastService: onStartCommand in 0
06-04 09:07:41.824 246 246 D Zygote : Forked child process 2025
06-04 09:07:41.826 517 567 W ActivityManager: Slow operation: 52ms so far, now at startProcess: returned from zygote!
06-04 09:07:41.827 517 567 W ActivityManager: Slow operation: 52ms so far, now at startProcess: done updating battery stats
06-04 09:07:41.827 517 567 W ActivityManager: Slow operation: 53ms so far, now at startProcess: building log message
06-04 09:07:41.827 517 567 I ActivityManager: app.processName = com.android.providers.tv
06-04 09:07:41.827 517 567 I ActivityManager: Start proc 2025:com.android.providers.tv/u0a23 for broadcast {com.android.providers.tv/com.android.providers.tv.TvProviderUpgradeReceiver}
06-04 09:07:41.827 517 567 W ActivityManager: Slow operation: 53ms so far, now at startProcess: starting to update pids map
06-04 09:07:41.836 517 567 W ActivityManager: Slow operation: 62ms so far, now at startProcess: done updating pids map
06-04 09:07:41.836 1178 1245 V MediaProvider: onConfigure() for external.db
06-04 09:07:41.843 2025 2025 I Zygote : seccomp disabled by setenforce 0
06-04 09:07:41.848 1178 1245 V MediaProvider: onOpen() for external.db
06-04 09:07:41.849 1178 1245 V MediaProvider: onOpen() finished for external.db
06-04 09:07:41.858 1178 1245 I MediaUpgradeReceiver: <--- Finished upgrade of media database external.db in 69ms
06-04 09:07:41.859 1418 1418 D HiSight-SinkService: onCreate.
06-04 09:07:41.866 1595 1595 D RockyManager: switchWakeIsAllow isQuitBootGuide: true isBtMode: false
06-04 09:07:41.866 1595 1595 D RockyManager: switchWakeIsAllow isAllowFarWake: true
06-04 09:07:41.869 1418 1418 D HiSight-ConnectionManager: start ConnectionManager
06-04 09:07:41.879 395 415 I adbd : jdwp connection from 2025
06-04 09:07:41.879 1418 1418 D HiSight-SinkService: onBind.
06-04 09:07:41.883 1612 2040 W ContextImpl: Calling a method in the system process without a qualified user: android.app.ContextImpl.bindService:1895 android.content.ContextWrapper.bindService:810 ae.b.h:57 ae.b$c.call:3 ce.c$a.run:5
06-04 09:07:41.892 1418 1418 D PlayerClient: service connected.
06-04 09:07:41.892 1418 1418 D HiSight-SinkService: ITaskBinder registerCallback: true
06-04 09:07:41.892 1418 1418 D HiSight-HiSightManager: ITaskBinder registerCallback.
06-04 09:07:41.892 1418 1418 D HiSight-CallbackManager: addNewCallback. com.dangbei.screencast.huaweicast.service.HuaweiCastService$a@c2f4f89
06-04 09:07:41.894 1418 1418 E HuaweiCastService: eventId: 4001
06-04 09:07:41.895 1612 1806 E hq : LookupControler:::startLookupControllerTimer
06-04 09:07:41.897 1181 1209 E ccc : cccccc etnaService addListener com.dangbei.lerad.etna.aidl.IEtnaAidlListener$Stub$Proxy@b86c4c0 com.dangbei.leard.leradlauncher
06-04 09:07:41.897 1612 1612 E hq : Etna:::etnaClient connectState=true
06-04 09:07:41.896 1418 1418 I gbei.screencast: type=1400 audit(0.0:824): avc: denied { search } for name="com.dangbei.screencast" dev="mmcblk0p25" ino=888 scontext=u:r:platform_app:s0:c512,c768 tcontext=u:object_r:app_data_file:s0:c512,c768 tclass=dir permissive=1 app=com.dangbei.screencast
06-04 09:07:41.896 1418 1418 I gbei.screencast: type=1400 audit(0.0:825): avc: denied { write } for name="shared_prefs" dev="mmcblk0p25" ino=1909 scontext=u:r:platform_app:s0:c512,c768 tcontext=u:object_r:app_data_file:s0:c512,c768 tclass=dir permissive=1 app=com.dangbei.screencast
06-04 09:07:41.896 1418 1418 I gbei.screencast: type=1400 audit(0.0:826): avc: denied { add_name } for name="castplus.xml" scontext=u:r:platform_app:s0:c512,c768 tcontext=u:object_r:app_data_file:s0:c512,c768 tclass=dir permissive=1 app=com.dangbei.screencast
06-04 09:07:41.904 1418 1418 E HuaweiCastService: mPlayerClient is null.
06-04 09:07:41.905 1418 1418 D HiSight-HiSightManager: check capability vbr range not setting, using default value
06-04 09:07:41.905 1418 1418 E HuaweiCastService: mPlayerClient is null.
06-04 09:07:41.904 1418 1418 I gbei.screencast: type=1400 audit(0.0:827): avc: denied { remove_name } for name="castplus.xml" dev="mmcblk0p25" ino=2123 scontext=u:r:platform_app:s0:c512,c768 tcontext=u:object_r:app_data_file:s0:c512,c768 tclass=dir permissive=1 app=com.dangbei.screencast
06-04 09:07:41.907 517 1346 D CompatibilityChangeReporter: Compat change id reported: 168419799; UID 10023; state: DISABLED
06-04 09:07:41.909 1418 1418 D HiSight-SinkService: setAuthMode
06-04 09:07:41.910 1418 1418 W HiSight-ConnectionManager: mSinkId is empty
06-04 09:07:41.923 2025 2025 D CompatibilityChangeReporter: Compat change id reported: 171979766; UID 10023; state: ENABLED
06-04 09:07:41.958 2025 2025 V GraphicsEnvironment: ANGLE Developer option for 'com.android.providers.tv' set to: 'default'
06-04 09:07:41.958 2025 2025 V GraphicsEnvironment: Neither updatable production driver nor prerelease driver is supported.
06-04 09:07:41.959 2025 2025 D NetworkSecurityConfig: No Network Security Config specified, using platform default
06-04 09:07:41.960 2025 2025 D NetworkSecurityConfig: No Network Security Config specified, using platform default
06-04 09:07:41.964 2025 2025 D CompatibilityChangeReporter: Compat change id reported: 160794467; UID 10023; state: ENABLED
06-04 09:07:41.972 264 264 I EventThread: type=1400 audit(0.0:828): avc: denied { search } for name="extcon" dev="sysfs" ino=18109 scontext=u:r:hal_tv_cec_default:s0 tcontext=u:object_r:sysfs_extcon:s0 tclass=dir permissive=1
06-04 09:07:41.980 517 559 W IorapForwardingService: No service published for: iorapd
06-04 09:07:41.989 517 1346 I PreBootBroadcaster: Pre-boot of {com.softwinner.settingssetup/com.softwinner.settingssetup.SettingsReceiver} for user 0
06-04 09:07:41.993 517 1346 D CompatibilityChangeReporter: Compat change id reported: 135634846; UID 10061; state: DISABLED
06-04 09:07:41.993 517 1346 D CompatibilityChangeReporter: Compat change id reported: 177438394; UID 10061; state: DISABLED
06-04 09:07:41.993 517 1346 D CompatibilityChangeReporter: Compat change id reported: 135772972; UID 10061; state: DISABLED
06-04 09:07:41.993 517 1346 D CompatibilityChangeReporter: Compat change id reported: 135754954; UID 10061; state: ENABLED
06-04 09:07:41.994 517 567 D CompatibilityChangeReporter: Compat change id reported: 143937733; UID 10061; state: ENABLED
06-04 09:07:42.004 429 429 W hdr10p_Configure: 203 callbacks suppressed
06-04 09:07:42.004 429 429 I : DVI mode selected: packets not configured
