06-04 09:07:54.942 1178 1244 W MediaProvider: at android.os.Looper.loopOnce(Looper.java:201)
06-04 09:07:54.942 1178 1244 W MediaProvider: at android.os.Looper.loop(Looper.java:288)
06-04 09:07:54.942 1178 1244 W MediaProvider: at android.os.HandlerThread.run(HandlerThread.java:67)
06-04 09:07:54.946 1178 1244 E StorageManager: Failed to set extended attributes for /storage/emulated/0/Android/media to set project id.: Permission denied
06-04 09:07:54.946 1178 1244 W MediaProvider: Failed to update quota type for /storage/emulated/0/Android/media
06-04 09:07:54.946 1178 1244 W MediaProvider: java.io.IOException: Failed to update quota type for /storage/emulated/0/Android/media
06-04 09:07:54.946 1178 1244 W MediaProvider: at android.os.storage.StorageManager.updateExternalStorageFileQuotaType(StorageManager.java:2596)
06-04 09:07:54.946 1178 1244 W MediaProvider: at com.android.providers.media.MediaProvider.updateQuotaTypeForFileInternal(MediaProvider.java:647)
06-04 09:07:54.946 1178 1244 W MediaProvider: at com.android.providers.media.MediaProvider.updateQuotaTypeForUri(MediaProvider.java:621)
06-04 09:07:54.946 1178 1244 W MediaProvider: at com.android.providers.media.MediaProvider.access$1000(MediaProvider.java:257)
06-04 09:07:54.946 1178 1244 W MediaProvider: at com.android.providers.media.MediaProvider$3.lambda$onInsert$0(MediaProvider.java:673)
06-04 09:07:54.946 1178 1244 W MediaProvider: at com.android.providers.media.MediaProvider$3.$r8$lambda$tVGVTcDpunhoNiUjwQEahD_I1Jc(Unknown Source:0)
06-04 09:07:54.946 1178 1244 W MediaProvider: at com.android.providers.media.MediaProvider$3$$ExternalSyntheticLambda2.run(Unknown Source:10)
06-04 09:07:54.946 1178 1244 W MediaProvider: at android.os.Handler.handleCallback(Handler.java:938)
06-04 09:07:54.946 1178 1244 W MediaProvider: at android.os.Handler.dispatchMessage(Handler.java:99)
06-04 09:07:54.946 1178 1244 W MediaProvider: at android.os.Looper.loopOnce(Looper.java:201)
06-04 09:07:54.946 1178 1244 W MediaProvider: at android.os.Looper.loop(Looper.java:288)
06-04 09:07:54.946 1178 1244 W MediaProvider: at android.os.HandlerThread.run(HandlerThread.java:67)
06-04 09:07:54.953 1178 2075 W MediaProvider: isAppCloneUserPair for user 0: false
06-04 09:07:54.972 1178 2075 W MediaProvider: isAppCloneUserPair for user 0: false
06-04 09:07:54.976 1178 2075 W MediaProvider: isAppCloneUserPair for user 0: false
06-04 09:07:54.981 1178 2075 W MediaProvider: isAppCloneUserPair for user 0: false
06-04 09:07:54.988 1178 2075 W MediaProvider: isAppCloneUserPair for user 0: false
06-04 09:07:55.001 1178 2075 W MediaProvider: isAppCloneUserPair for user 0: false
06-04 09:07:55.017 517 559 W IorapForwardingService: No service published for: iorapd
06-04 09:07:55.045 1178 2075 W MediaProvider: isAppCloneUserPair for user 0: false
06-04 09:07:55.051 1178 2075 W MediaProvider: isAppCloneUserPair for user 0: false
06-04 09:07:55.057 1178 2075 W MediaProvider: isAppCloneUserPair for user 0: false
06-04 09:07:55.061 1178 2075 W MediaProvider: isAppCloneUserPair for user 0: false
06-04 09:07:55.094 1178 2075 W MediaProvider: isAppCloneUserPair for user 0: false
06-04 09:07:55.107 1178 2075 W MediaProvider: isAppCloneUserPair for user 0: false
06-04 09:07:55.114 1178 2075 W MediaProvider: isAppCloneUserPair for user 0: false
06-04 09:07:55.124 1178 2075 W MediaProvider: isAppCloneUserPair for user 0: false
06-04 09:07:55.158 1178 2075 W MediaProvider: isAppCloneUserPair for user 0: false
06-04 09:07:55.162 1178 2075 W MediaProvider: isAppCloneUserPair for user 0: false
06-04 09:07:55.168 1178 2075 W MediaProvider: isAppCloneUserPair for user 0: false
06-04 09:07:55.173 1178 2075 W MediaProvider: isAppCloneUserPair for user 0: false
06-04 09:07:55.177 1178 2075 W MediaProvider: isAppCloneUserPair for user 0: false
06-04 09:07:55.194 1178 2075 W MediaProvider: isAppCloneUserPair for user 0: false
06-04 09:07:55.200 1178 2075 W MediaProvider: isAppCloneUserPair for user 0: false
06-04 09:07:55.207 1178 2075 W MediaProvider: isAppCloneUserPair for user 0: false
06-04 09:07:55.221 1178 2075 I MediaProvider: Scanned external_primary due to REASON_MOUNTED, found 39 items in 326ms, 26 inserts 1 updates 0 deletes
06-04 09:07:55.224 1178 2075 I MediaProvider: End Intent { act=com.android.providers.media.action.SCAN_VOLUME (has extras) }
06-04 09:07:55.225 1178 2075 I MediaProvider: Begin Intent { act=android.intent.action.MEDIA_MOUNTED dat=file:///storage/emulated/0 flg=0x5000010 cmp=com.android.providers.media.module/com.android.providers.media.MediaService (has extras) }
06-04 09:07:55.226 1178 2075 I MediaProvider: Volume MediaVolume name: [external_primary] id: [emulated;0] user: [UserHandle{0}] path: [/storage/emulated/0] already attached
06-04 09:07:55.226 1178 2075 I MediaProvider: End Intent { act=android.intent.action.MEDIA_MOUNTED dat=file:///storage/emulated/0 flg=0x5000010 cmp=com.android.providers.media.module/com.android.providers.media.MediaService (has extras) }
06-04 09:07:55.456 1612 1939 D hq : NetWorkStateReceiver:::检查网络,并且持续更新 isConnect=false
06-04 09:07:55.492 517 566 W ActivityManager: Ignoring remove of inactive process: ProcessRecord{a1fdf52 0:com.android.tv.common/u0a57}
06-04 09:07:55.779 517 664 W BestClock: java.time.DateTimeException: Missing NTP fix
06-04 09:07:55.789 2025 2587 D EpgDataCleanupService: Received intent: Intent { act=com.android.providers.tv.intent.CLEAN_UP_EPG_DATA cmp=com.android.providers.tv/.EpgDataCleanupService }
06-04 09:07:55.793 517 517 D CompatibilityChangeReporter: Compat change id reported: 135634846; UID 10057; state: DISABLED
06-04 09:07:55.794 517 517 D CompatibilityChangeReporter: Compat change id reported: 177438394; UID 10057; state: DISABLED
06-04 09:07:55.794 517 517 D CompatibilityChangeReporter: Compat change id reported: 135772972; UID 10057; state: DISABLED
06-04 09:07:55.794 517 517 D CompatibilityChangeReporter: Compat change id reported: 135754954; UID 10057; state: DISABLED
06-04 09:07:55.794 517 567 D CompatibilityChangeReporter: Compat change id reported: 143937733; UID 10057; state: DISABLED
06-04 09:07:55.821 246 246 D Zygote : Forked child process 2589
06-04 09:07:55.823 517 567 I ActivityManager: app.processName = com.android.tv
06-04 09:07:55.823 517 567 I ActivityManager: Start proc 2589:com.android.tv/u0a57 for service {com.android.tv/com.android.tv.data.epg.EpgFetchService}
06-04 09:07:55.825 517 664 W BestClock: java.time.DateTimeException: Missing NTP fix
06-04 09:07:55.824 245 245 I Binder:245_4: type=1400 audit(0.0:2262): avc: denied { add_name } for name="globalAlert" scontext=u:r:netd:s0 tcontext=u:object_r:proc_net:s0 tclass=dir permissive=1
06-04 09:07:55.824 245 245 I Binder:245_4: type=1400 audit(0.0:2263): avc: denied { create } for name="globalAlert" scontext=u:r:netd:s0 tcontext=u:object_r:proc_net:s0 tclass=file permissive=1
06-04 09:07:55.832 2589 2589 I Zygote : seccomp disabled by setenforce 0
06-04 09:07:55.843 517 665 W BestClock: java.time.DateTimeException: Missing NTP fix
06-04 09:07:55.846 517 665 W BestClock: java.time.DateTimeException: Missing NTP fix
06-04 09:07:55.860 395 415 I adbd : jdwp connection from 2589
06-04 09:07:55.888 779 779 I logd : start watching /data/system/packages.list ...
06-04 09:07:55.890 779 779 I logd : ReadPackageList, total packages: 82
06-04 09:07:55.893 517 2321 D CompatibilityChangeReporter: Compat change id reported: 168419799; UID 10057; state: DISABLED
06-04 09:07:55.897 517 2321 W ActivityManager: Stopping service due to app idle: u0a57 -10s344ms com.android.tv/.dvr.recorder.DvrRecordingService
06-04 09:07:55.907 2589 2589 D CompatibilityChangeReporter: Compat change id reported: 171979766; UID 10057; state: DISABLED
06-04 09:07:55.918 2589 2589 D ApplicationLoaders: Returning zygote-cached class loader: /system/framework/android.test.base.jar
06-04 09:07:55.927 2589 2589 D nativeloader: classloader namespace configured for unbundled product apk. library_path=/product/priv-app/LiveTv/lib/arm:/product/lib:/system/product/lib
06-04 09:07:55.947 2589 2589 V GraphicsEnvironment: ANGLE Developer option for 'com.android.tv' set to: 'default'
06-04 09:07:55.947 2589 2589 V GraphicsEnvironment: Neither updatable production driver nor prerelease driver is supported.
06-04 09:07:55.948 2589 2589 D NetworkSecurityConfig: No Network Security Config specified, using platform default
06-04 09:07:55.951 2589 2589 D NetworkSecurityConfig: No Network Security Config specified, using platform default
06-04 09:07:55.967 2589 2589 W UnsafeUtil: platform method missing - proto runtime falling back to safer methods: java.lang.NoSuchMethodException: sun.misc.Unsafe.copyMemory [class java.lang.Object, long, class java.lang.Object, long, long]
06-04 09:07:56.021 517 559 W IorapForwardingService: No service published for: iorapd
06-04 09:07:56.037 517 848 D CompatibilityChangeReporter: Compat change id reported: 135634846; UID 10057; state: DISABLED
06-04 09:07:56.037 517 848 D CompatibilityChangeReporter: Compat change id reported: 177438394; UID 10057; state: DISABLED
06-04 09:07:56.037 517 848 D CompatibilityChangeReporter: Compat change id reported: 135772972; UID 10057; state: DISABLED
06-04 09:07:56.038 517 848 D CompatibilityChangeReporter: Compat change id reported: 135754954; UID 10057; state: DISABLED
06-04 09:07:56.038 517 567 D CompatibilityChangeReporter: Compat change id reported: 143937733; UID 10057; state: DISABLED
06-04 09:07:56.058 2589 2589 I TvApplication: Starting TV app 1.24-asop
06-04 09:07:56.059 2589 2589 I TvApplication: Started TV app 1.24-asop
06-04 09:07:56.059 246 246 D Zygote : Forked child process 2610
06-04 09:07:56.060 517 567 I ActivityManager: app.processName = com.android.tv.common
06-04 09:07:56.060 517 567 I ActivityManager: Start proc 2610:com.android.tv.common/u0a57 for content provider {com.android.tv/com.android.tv.common.CommonPreferenceProvider}
06-04 09:07:56.067 2610 2610 I Zygote : seccomp disabled by setenforce 0
06-04 09:07:56.088 2611 2611 I rgb_led_ctl: type=1400 audit(0.0:2264): avc: denied { write } for name="spidev1.0" dev="tmpfs" ino=1280 scontext=u:r:init:s0 tcontext=u:object_r:device:s0 tclass=chr_file permissive=1
06-04 09:07:56.088 2611 2611 I rgb_led_ctl: type=1400 audit(0.0:2265): avc: denied { open } for path="/dev/spidev1.0" dev="tmpfs" ino=1280 scontext=u:r:init:s0 tcontext=u:object_r:device:s0 tclass=chr_file permissive=1
06-04 09:07:56.088 2611 2611 I rgb_led_ctl: type=1400 audit(0.0:2266): avc: denied { ioctl } for path="/dev/spidev1.0" dev="tmpfs" ino=1280 ioctlcmd=0x6b01 scontext=u:r:init:s0 tcontext=u:object_r:device:s0 tclass=chr_file permissive=1
06-04 09:07:56.093 395 415 I adbd : jdwp connection from 2610
06-04 09:07:56.126 2322 2344 D UtilLog : 日志批量上报 进行正常循环 !!!!!!本次有0次请求,共0条数据
06-04 09:07:56.132 2610 2610 D CompatibilityChangeReporter: Compat change id reported: 171979766; UID 10057; state: DISABLED
06-04 09:07:56.143 2589 2589 I EpgFetcherImpl: Cannot start routine service: country not supported: CN
06-04 09:07:56.152 2610 2610 D ApplicationLoaders: Returning zygote-cached class loader: /system/framework/android.test.base.jar
06-04 09:07:56.160 2610 2610 D nativeloader: classloader namespace configured for unbundled product apk. library_path=/product/priv-app/LiveTv/lib/arm:/product/lib:/system/product/lib
06-04 09:07:56.181 2610 2610 V GraphicsEnvironment: ANGLE Developer option for 'com.android.tv' set to: 'default'
06-04 09:07:56.181 2610 2610 V GraphicsEnvironment: Neither updatable production driver nor prerelease driver is supported.
06-04 09:07:56.183 2610 2610 D NetworkSecurityConfig: No Network Security Config specified, using platform default
06-04 09:07:56.184 2610 2610 D NetworkSecurityConfig: No Network Security Config specified, using platform default
06-04 09:07:56.191 517 2321 I ActivityManager: Killing 1964:com.oranth.usbopenft/1000 (adj 975): empty #17
06-04 09:07:56.194 517 568 I libprocessgroup: Successfully killed process cgroup uid 1000 pid 1964 in 0ms
06-04 09:07:56.210 2610 2610 W UnsafeUtil: platform method missing - proto runtime falling back to safer methods: java.lang.NoSuchMethodException: sun.misc.Unsafe.copyMemory [class java.lang.Object, long, class java.lang.Object, long, long]
06-04 09:07:56.229 246 246 I Zygote : Process 1964 exited due to signal 9 (Killed)
06-04 09:07:56.236 517 2321 I ActivityManager: Killing 1963:com.android.webview:webview_service/u0a60 (adj 985): empty #17
06-04 09:07:56.250 517 568 I libprocessgroup: Successfully killed process cgroup uid 10060 pid 1963 in 0ms
06-04 09:07:56.284 246 246 I Zygote : Process 1963 exited due to signal 9 (Killed)
06-04 09:07:56.354 2610 2610 I TvApplication: Starting TV app 1.24-asop
06-04 09:07:56.356 2610 2610 I TvApplication: Started TV app 1.24-asop
06-04 09:07:56.510 264 278 D hdmi-cec: receive invalid cec message!
06-04 09:07:56.510 264 278 D hdmi-cec: receive poll message [04], skip!
06-04 09:07:56.508 264 264 I EventThread: type=1400 audit(0.0:2267): avc: denied { search } for name="extcon" dev="sysfs" ino=18109 scontext=u:r:hal_tv_cec_default:s0 tcontext=u:object_r:sysfs_extcon:s0 tclass=dir permissive=1
06-04 09:07:56.621 2322 2386 D UtilLog : 日志批量上报 进行正常循环 !!!!!!本次有0次请求,共0条数据
06-04 09:07:57.023 517 559 W IorapForwardingService: No service published for: iorapd
06-04 09:07:57.457 1612 2042 D hq : NetWorkStateReceiver:::检查网络,并且持续更新 isConnect=false
06-04 09:07:57.981 1418 1601 I efs.send_log: log cann't be send because net status is disconnected
06-04 09:07:58.014 517 566 I ActivityManager: Waited long enough for: ServiceRecord{2720dd9 u0 com.oranth.storage/.MainService}
06-04 09:07:58.025 517 559 W IorapForwardingService: No service published for: iorapd
06-04 09:07:58.544 210 820 I keystore2: keystore2::watchdog: Watchdog thread idle -> terminating. Have a great day.
06-04 09:07:58.721 739 2136 I vol.Events: writeEvent level_changed STREAM_MUSIC 5
06-04 09:07:59.027 517 559 W IorapForwardingService: No service published for: iorapd
06-04 09:07:59.459 1612 2042 D hq : NetWorkStateReceiver:::检查网络,并且持续更新 isConnect=false
06-04 09:08:00.028 517 559 W IorapForwardingService: No service published for: iorapd
06-04 09:08:01.029 517 559 W IorapForwardingService: No service published for: iorapd
06-04 09:08:01.461 1612 2042 D hq : NetWorkStateReceiver:::检查网络,并且持续更新 isConnect=false
06-04 09:08:01.633 724 832 I bt_btif_dm: system/bt/btif/src/btif_dm.cc:548 btif_update_remote_properties: cod from storage is also unclassified
06-04 09:08:01.642 1181 1181 E dangbei111: cccccc scan 得到的设备和状态 Dangbei E4:BB:D3:57:C0:7A 10
06-04 09:08:01.644 1181 1181 E dangbei111: cccccc 扫描到了设备 Dangbei E4:BB:D3:57:C0:7A
06-04 09:08:01.646 1181 1181 E dangbei111: cccccc cancelDiscovery begin
06-04 09:08:01.647 1181 1181 E dangbei111: cccccc 停止扫描,开始配对或者连接
06-04 09:08:01.647 1181 1181 D BluetoothAdapter: isLeEnabled(): ON
06-04 09:08:01.655 724 1005 I bt_stack: [INFO:gatt_api.cc(1042)] GATT_Deregister gatt_if=6
06-04 09:08:01.655 1181 1181 E dangbei111: bondOrConnect state=10
06-04 09:08:01.657 1181 1181 E dangbei111: cccccc 开始配对 Dangbei E4:BB:D3:57:C0:7A
06-04 09:08:01.659 724 1005 I bt_btif_dm: system/bt/btif/src/btif_dm.cc:1884 btif_dm_cancel_discovery: Cancel search
06-04 09:08:01.660 724 990 I BluetoothBondStateMachine: Bond address is:E4:BB:D3:57:C0:7A
06-04 09:08:01.660 1181 1181 E dangbei111: cccccc 配对结果 true Dangbei E4:BB:D3:57:C0:7A
06-04 09:08:01.660 724 1005 I bt_btif_config: system/bt/btif/src/btif_config.cc:137 btif_get_device_type: Device [e4:bb:d3:57:c0:7a] device type 2
06-04 09:08:01.660 724 1005 I bt_btif_dm: system/bt/btif/src/btif_dm.cc:384 get_cod: get_cod remote_cod = 0x00001f00
06-04 09:08:01.660 724 1005 I bt_btif_dm: system/bt/btif/src/btif_dm.cc:384 get_cod: get_cod remote_cod = 0x00001f00
06-04 09:08:01.660 724 1005 I bt_btif_config: system/bt/btif/src/btif_config.cc:137 btif_get_device_type: Device [e4:bb:d3:57:c0:7a] device type 2
06-04 09:08:01.660 724 1005 I bt_btif_dm: system/bt/btif/src/btif_dm.cc:384 get_cod: get_cod remote_cod = 0x00001f00
06-04 09:08:01.660 724 1005 I bt_btif_dm: system/bt/btif/src/btif_dm.cc:451 bond_state_changed: Bond state changed to state=1 [0:none, 1:bonding, 2:bonded], prev_state=0, sdp_attempts = 0
06-04 09:08:01.660 724 1005 I bt_btif_config: system/bt/btif/src/btif_config.cc:137 btif_get_device_type: Device [e4:bb:d3:57:c0:7a] device type 2
06-04 09:08:01.661 724 990 I BluetoothBondStateMachine: Entering PendingCommandState State
06-04 09:08:01.662 724 832 I BluetoothBondStateMachine: bondStateChangeCallback: Status: 0 Address: E4:BB:D3:57:C0:7A newState: 1
06-04 09:08:01.663 963 963 D BluetoothAdapter: isLeEnabled(): ON
06-04 09:08:01.672 724 1005 I bt_stack: [INFO:gatt_api.cc(1042)] GATT_Deregister gatt_if=5
06-04 09:08:01.678 724 724 D BluetoothDatabase: updateDatabase E4:BB:D3:57:C0:7A
06-04 09:08:01.688 517 566 W BroadcastQueue: Background execution not allowed: receiving Intent { act=android.bluetooth.device.action.BOND_STATE_CHANGED flg=0x10 (has extras) } to com.dangbei.lerad.etna.haqu/com.dangbei.remotecontroller.RemoteControllerReceiver
06-04 09:08:01.690 724 724 D A2dpService: Bond state changed for device: E4:BB:D3:57:C0:7A state: 11
06-04 09:08:01.691 724 990 I BluetoothBondStateMachine: Bond State Change Intent:E4:BB:D3:57:C0:7A BOND_NONE => BOND_BONDING
06-04 09:08:01.696 739 827 W BluetoothEventManager: Got bonding state changed for E4:BB:D3:57:C0:7A, but we have no record of that device.
06-04 09:08:01.697 1181 1181 I dangbei111: cccccc on receiver=android.bluetooth.device.action.BOND_STATE_CHANGED,mac=E4:BB:D3:57:C0:7A
06-04 09:08:01.697 1181 1181 I dangbei111: Wait for auto connection, processBondStateChange: bondState: 10 --> 11
06-04 09:08:01.708 739 739 I SysUiBg : type=1400 audit(0.0:2268): avc: denied { search } for name="com.android.systemui" dev="mmcblk0p25" ino=483 scontext=u:r:platform_app:s0:c512,c768 tcontext=u:object_r:app_data_file:s0:c512,c768 tclass=dir permissive=1 app=com.softwinner.screenshot
06-04 09:08:01.824 1612 1816 E hq : ErrorCoroutineExceptionHandler:::runTry error:kotlinx.coroutines.CompletionHandlerException: Exception in invokeOnCancellation handler for CancellableContinuation(DispatchedContinuation[Dispatchers.Default, Continuation
at com.dangbei.leard.base.proider.weather.WeatherInterfaceImpl$requestLocation$2.invokeSuspend(WeatherInterfaceImpl.kt:22)@9a0d6a]){Cancelled}@baa325b from=
06-04 09:08:02.031 517 559 W IorapForwardingService: No service published for: iorapd
06-04 09:08:02.293 517 599 I ActivityManager: Killing 2048:com.softwinner.settingssetup/u0a61 (adj 975): empty #17
06-04 09:08:02.326 246 246 I Zygote : Process 2048 exited due to signal 9 (Killed)
06-04 09:08:02.337 517 568 I libprocessgroup: Successfully killed process cgroup uid 10061 pid 2048 in 42ms
06-04 09:08:03.035 517 559 W IorapForwardingService: No service published for: iorapd
06-04 09:08:03.462 1612 2042 D hq : NetWorkStateReceiver:::检查网络,并且持续更新 isConnect=false
06-04 09:08:04.037 517 559 W IorapForwardingService: No service published for: iorapd
06-04 09:08:04.321 517 1114 W ZramWriteback: Writeback device is not set
06-04 09:08:04.321 517 1114 D ZramWriteback: wait to flush
06-04 09:08:04.705 252 1002 E bt_upio : upio_set : /proc/bluetooth/sleep/btwrite(-1) incorrent
06-04 09:08:05.039 517 559 W IorapForwardingService: No service published for: iorapd
06-04 09:08:05.463 1612 2042 D hq : NetWorkStateReceiver:::检查网络,并且持续更新 isConnect=false
06-04 09:08:05.486 517 599 I WifiService: startScan uid=10020
06-04 09:08:06.041 517 559 W IorapForwardingService: No service published for: iorapd
06-04 09:08:06.598 517 599 D WifiNl80211Manager: Scan result ready event
06-04 09:08:06.598 517 599 D WifiNative: Scan result ready event
06-04 09:08:06.622 2322 2386 D UtilLog : 日志批量上报 进行正常循环 !!!!!!本次有0次请求,共0条数据
06-04 09:08:06.649 1612 1612 E hq : NetWorkStateReceiver:::NetWorkStateReceiver onReceive: 网络变化广播 >>>> intent.action=android.net.wifi.SCAN_RESULTS
06-04 09:08:06.652 1418 1418 I locHandlerThrea: type=1400 audit(0.0:2269): avc: denied { lock } for path="/data/user/0/com.dangbei.screencast/files/TDCloud_Control_Cache_Param4" dev="mmcblk0p25" ino=2016 scontext=u:r:platform_app:s0:c512,c768 tcontext=u:object_r:app_data_file:s0:c512,c768 tclass=file permissive=1 app=com.dangbei.screencast
06-04 09:08:06.658 714 714 E WifiHAL : wifi_get_link_stats: requestResponse Error:-5
06-04 09:08:06.660 517 668 E WifiVendorHal: getWifiLinkLayerStats_1_5_Internal(l.1191) failed {.code = ERROR_INVALID_ARGS, .description = }
06-04 09:08:06.684 1612 1612 W eventbuscore: post Event:com.dangbei.leard.base.entity.event.NetWifiRssiEvent
06-04 09:08:06.684 1418 1418 I pool-4-thread-1: type=1400 audit(0.0:2270): avc: denied { getattr } for path="/data/user/0/com.dangbei.screencast/files/__database_reborn_January_one__/td_database2SaaS" dev="mmcblk0p25" ino=2052 scontext=u:r:platform_app:s0:c512,c768 tcontext=u:object_r:app_data_file:s0:c512,c768 tclass=dir permissive=1 app=com.dangbei.screencast
06-04 09:08:06.684 1418 1418 I pool-4-thread-1: type=1400 audit(0.0:2271): avc: denied { read } for name="td_database2SaaS" dev="mmcblk0p25" ino=2052 scontext=u:r:platform_app:s0:c512,c768 tcontext=u:object_r:app_data_file:s0:c512,c768 tclass=dir permissive=1 app=com.dangbei.screencast
06-04 09:08:06.684 1418 1418 I pool-4-thread-1: type=1400 audit(0.0:2272): avc: denied { open } for path="/data/user/0/com.dangbei.screencast/files/__database_reborn_January_one__/td_database2SaaS" dev="mmcblk0p25" ino=2052 scontext=u:r:platform_app:s0:c512,c768 tcontext=u:object_r:app_data_file:s0:c512,c768 tclass=dir permissive=1 app=com.dangbei.screencast
06-04 09:08:06.688 1418 1418 I pool-4-thread-1: type=1400 audit(0.0:2273): avc: denied { write } for name="td_database2SaaS" dev="mmcblk0p25" ino=2052 scontext=u:r:platform_app:s0:c512,c768 tcontext=u:object_r:app_data_file:s0:c512,c768 tclass=dir permissive=1 app=com.dangbei.screencast
06-04 09:08:06.688 1418 1418 I pool-4-thread-1: type=1400 audit(0.0:2274): avc: denied { add_name } for name="1748999286686_1418" scontext=u:r:platform_app:s0:c512,c768 tcontext=u:object_r:app_data_file:s0:c512,c768 tclass=dir permissive=1 app=com.dangbei.screencast
06-04 09:08:06.693 1880 1880 W audit : audit_lost=1780 audit_rate_limit=5 audit_backlog_limit=64
06-04 09:08:06.693 1880 1880 E audit : rate limit exceeded
06-04 09:08:06.835 963 983 I OpenGLRenderer: Davey! duration=9223371972250ms; Flags=0, FrameTimelineVsyncId=4133, IntendedVsync=64603956962, Vsync=64653956960, InputEventId=0, HandleInputStart=64662850113, AnimationStart=64662854363, PerformTraversalsStart=64662857613, DrawStart=64748626072, FrameDeadline=64637290294, FrameInterval=64662836405, FrameStartTime=16666666, SyncQueued=64755277905, SyncStart=64755372405, IssueDrawCommandsStart=64756097405, SwapBuffers=64758150197, FrameCompleted=9223372036854775807, DequeueBufferDuration=72459, QueueBufferDuration=1236208, GpuCompleted=9223372036854775807, SwapBuffersCompleted=64760196739, DisplayPresentTime=0,
06-04 09:08:06.851 963 983 I OpenGLRenderer: Davey! duration=9223371972100ms; Flags=0, FrameTimelineVsyncId=4136, IntendedVsync=64753962000, Vsync=64753962000, InputEventId=0, HandleInputStart=64759191822, AnimationStart=64759196655, PerformTraversalsStart=64759200197, DrawStart=64759365614, FrameDeadline=64787295332, FrameInterval=64759179614, FrameStartTime=16666666, SyncQueued=64759860489, SyncStart=64760260364, IssueDrawCommandsStart=64760704530, SwapBuffers=64762625405, FrameCompleted=9223372036854775807, DequeueBufferDuration=39667, QueueBufferDuration=17300708, GpuCompleted=9223372036854775807, SwapBuffersCompleted=64780571822, DisplayPresentTime=0,
06-04 09:08:06.868 963 983 I OpenGLRenderer: Davey! duration=9223371972075ms; Flags=0, FrameTimelineVsyncId=4138, IntendedVsync=64770628942, Vsync=64770628942, InputEventId=0, HandleInputStart=64771536280, AnimationStart=64771542280, PerformTraversalsStart=64771545614, DrawStart=64771741905, FrameDeadline=64803962274, FrameInterval=64771519447, FrameStartTime=16666666, SyncQueued=64772428739, SyncStart=64780660072, IssueDrawCommandsStart=64781104239, SwapBuffers=64783474405, FrameCompleted=9223372036854775807, DequeueBufferDuration=57833, QueueBufferDuration=15777500, GpuCompleted=9223372036854775807, SwapBuffersCompleted=64800756947, DisplayPresentTime=0,
06-04 09:08:06.900 963 983 I OpenGLRenderer: Davey! duration=9223371972056ms; Flags=0, FrameTimelineVsyncId=4140, IntendedVsync=64787295884, Vsync=64787295884, InputEventId=0, HandleInputStart=64788136489, AnimationStart=64788143114, PerformTraversalsStart=64788146905, DrawStart=64788348239, FrameDeadline=64820629216, FrameInterval=64788116364, FrameStartTime=16666666, SyncQueued=64789885155, SyncStart=64800857364, IssueDrawCommandsStart=64801356072, SwapBuffers=64804413114, FrameCompleted=9223372036854775807, DequeueBufferDuration=50791, QueueBufferDuration=15598250, GpuCompleted=9223372036854775807, SwapBuffersCompleted=64821487447, DisplayPresentTime=0,
06-04 09:08:06.917 963 983 I OpenGLRenderer: Davey! duration=9223371972034ms; Flags=0, FrameTimelineVsyncId=4142, IntendedVsync=64803962302, Vsync=64803962302, InputEventId=0, HandleInputStart=64804827364, AnimationStart=64804839114, PerformTraversalsStart=64804847114, DrawStart=64805096239, FrameDeadline=64837295634, FrameInterval=64804804364, FrameStartTime=16666666, SyncQueued=64805706322, SyncStart=64821557905, IssueDrawCommandsStart=64822063364, SwapBuffers=64824386614, FrameCompleted=9223372036854775807, DequeueBufferDuration=54709, QueueBufferDuration=21443875, GpuCompleted=9223372036854775807, SwapBuffersCompleted=64846458905, DisplayPresentTime=0,
06-04 09:08:06.934 963 983 I OpenGLRenderer: Davey! duration=9223371972011ms; Flags=0, FrameTimelineVsyncId=4144, IntendedVsync=64820630263, Vsync=64820630263, InputEventId=0, HandleInputStart=64822694697, AnimationStart=64822699405, PerformTraversalsStart=64822703822, DrawStart=64822884114, FrameDeadline=64853963595, FrameInterval=64822680655, FrameStartTime=16666666, SyncQueued=64823476114, SyncStart=64846524364, IssueDrawCommandsStart=64846905572, SwapBuffers=64848859822, FrameCompleted=9223372036854775807, DequeueBufferDuration=35292, QueueBufferDuration=18200292, GpuCompleted=9223372036854775807, SwapBuffersCompleted=64867595197, DisplayPresentTime=0,
06-04 09:08:07.043 517 559 W IorapForwardingService: No service published for: iorapd
06-04 09:08:07.465 1612 2042 D hq : NetWorkStateReceiver:::检查网络,并且持续更新 isConnect=false
06-04 09:08:08.029 1418 1601 I efs.send_log: log cann't be send because net status is disconnected
06-04 09:08:08.045 517 559 W IorapForwardingService: No service published for: iorapd
06-04 09:08:08.772 517 599 D CompatibilityChangeReporter: Compat change id reported: 135634846; UID 10051; state: DISABLED
06-04 09:08:08.772 517 567 D CompatibilityChangeReporter: Compat change id reported: 143937733; UID 10051; state: DISABLED
06-04 09:08:08.795 246 246 D Zygote : Forked child process 2766
06-04 09:08:08.796 517 567 I ActivityManager: app.processName = com.sohu.inputmethod.sogou.tv
06-04 09:08:08.796 517 567 I ActivityManager: Start proc 2766:com.sohu.inputmethod.sogou.tv/u0a51 for service {com.sohu.inputmethod.sogou.tv/com.sohu.inputmethod.sogou.tv.SogouIME}
06-04 09:08:08.806 2766 2766 I Zygote : seccomp disabled by setenforce 0
06-04 09:08:08.826 395 415 I adbd : jdwp connection from 2766
06-04 09:08:08.843 517 599 D CompatibilityChangeReporter: Compat change id reported: 168419799; UID 10051; state: DISABLED
06-04 09:08:08.854 2766 2766 D CompatibilityChangeReporter: Compat change id reported: 171979766; UID 10051; state: DISABLED
06-04 09:08:08.863 2766 2766 D ApplicationLoaders: Returning zygote-cached class loader: /system/framework/android.test.base.jar
06-04 09:08:08.863 2766 2766 D ApplicationLoaders: Returning zygote-cached class loader: /system/framework/android.hidl.manager-V1.0-java.jar
06-04 09:08:08.863 2766 2766 D ApplicationLoaders: Returning zygote-cached class loader: /system/framework/android.hidl.base-V1.0-java.jar
06-04 09:08:08.915 2766 2766 V GraphicsEnvironment: ANGLE Developer option for 'com.sohu.inputmethod.sogou.tv' set to: 'default'
06-04 09:08:08.916 2766 2766 V GraphicsEnvironment: Neither updatable production driver nor prerelease driver is supported.
06-04 09:08:08.918 2766 2766 D NetworkSecurityConfig: Using Network Security Config from resource network_security_config debugBuild: false
06-04 09:08:08.921 2766 2766 D NetworkSecurityConfig: Using Network Security Config from resource network_security_config debugBuild: false
06-04 09:08:08.924 2766 2766 I MultiDex: VM with version 2.1.0 has multidex support
06-04 09:08:08.924 2766 2766 I MultiDex: Installing application
06-04 09:08:08.924 2766 2766 I MultiDex: VM has multidex support, MultiDex support library is disabled.
06-04 09:08:08.968 2766 2766 E SogouIME: setupInputSurface
06-04 09:08:09.028 264 264 I EventThread: type=1400 audit(0.0:2277): avc: denied { search } for name="extcon" dev="sysfs" ino=18109 scontext=u:r:hal_tv_cec_default:s0 tcontext=u:object_r:sysfs_extcon:s0 tclass=dir permissive=1
06-04 09:08:09.028 1104 1104 I net_disconnect.: type=1400 audit(0.0:2278): avc: denied { execute } for name="rgb_led_ctl" dev="dm-1" ino=188 scontext=u:r:init:s0 tcontext=u:object_r:vendor_file:s0 tclass=file permissive=1
06-04 09:08:09.032 2786 2786 I net_disconnect.: type=1400 audit(0.0:2279): avc: denied { execute_no_trans } for path="/vendor/bin/rgb_led_ctl" dev="dm-1" ino=188 scontext=u:r:init:s0 tcontext=u:object_r:vendor_file:s0 tclass=file permissive=1
06-04 09:08:09.047 517 559 W IorapForwardingService: No service published for: iorapd
06-04 09:08:09.050 2766 2766 I DefaultIMS: DefaultIMS::onCreate()
06-04 09:08:09.050 2766 2766 I DefaultIMS: DefaultIMS::onCreate() finish
06-04 09:08:09.052 2786 2786 I rgb_led_ctl: type=1400 audit(0.0:2280): avc: denied { write } for name="spidev1.0" dev="tmpfs" ino=1280 scontext=u:r:init:s0 tcontext=u:object_r:device:s0 tclass=chr_file permissive=1
06-04 09:08:09.057 2786 2786 W audit : audit_lost=1782 audit_rate_limit=5 audit_backlog_limit=64
06-04 09:08:09.057 2786 2786 E audit : rate limit exceeded
06-04 09:08:09.052 2786 2786 I rgb_led_ctl: type=1400 audit(0.0:2281): avc: denied { open } for path="/dev/spidev1.0" dev="tmpfs" ino=1280 scontext=u:r:init:s0 tcontext=u:object_r:device:s0 tclass=chr_file permissive=1
06-04 09:08:09.108 517 599 W ActivityTaskManager: Current config: {1.0 ?mcc?mnc [zh_CN] ldltr sw720dp w1280dp h696dp 240dpi xlrg long land television -touch qwerty/v/v dpad/v winConfig={ mBounds=Rect(0, 0 - 1920, 1080) mAppBounds=Rect(0, 0 - 1920, 1080) mMaxBounds=Rect(0, 0 - 1920, 1080) mWindowingMode=fullscreen mDisplayWindowingMode=fullscreen mActivityType=undefined mAlwaysOnTop=undefined mRotation=ROTATION_0} s.6 fontWeightAdjustment=0} unchanged for IME proc com.sohu.inputmethod.sogou.tv
06-04 09:08:09.108 517 599 W ActivityTaskManager: Current config: {1.0 ?mcc?mnc [zh_CN] ldltr sw720dp w1280dp h696dp 240dpi xlrg long land television -touch qwerty/v/v dpad/v winConfig={ mBounds=Rect(0, 0 - 1920, 1080) mAppBounds=Rect(0, 0 - 1920, 1080) mMaxBounds=Rect(0, 0 - 1920, 1080) mWindowingMode=fullscreen mDisplayWindowingMode=fullscreen mActivityType=undefined mAlwaysOnTop=undefined mRotation=ROTATION_0} s.6 fontWeightAdjustment=0} unchanged for IME proc com.sohu.inputmethod.sogou.tv
06-04 09:08:09.130 2766 2766 I DefaultIMS: onInitializeInterface:
06-04 09:08:09.174 2766 2766 I InputModelManager: mLanguageId+0 mInputType=-10000mChInputType=-10000
06-04 09:08:09.175 2766 2766 I nw : loadKeyData: loadLanguageInfoSuccess ? true
06-04 09:08:09.175 2766 2766 I InputModelManager: getCurrentLanguageBean inputMode languageId:0
06-04 09:08:09.176 2766 2766 I nw : onChanged: languageResStatusBean=Language load status:
06-04 09:08:09.176 2766 2766 I nw : {}
06-04 09:08:09.189 2766 2766 I InputModelManager: getCurrentLanguageBean inputMode languageId:0
06-04 09:08:09.196 2766 2793 D ZipUtil : extract zip file from /system/app/com.sohu.inputmethod.sogou.tv/com.sohu.inputmethod.sogou.tv.apk to /data/user_de/0/com.sohu.inputmethod.sogou.tv/files/.dict/zh/
06-04 09:08:09.202 2766 2766 D InputSurface: initView:
06-04 09:08:09.202 2766 2766 I MainPresenter: initView:
06-04 09:08:09.205 2766 2766 D MainLayer: initView:
06-04 09:08:09.208 2766 2766 D BodyAreaPresenter: initView:
06-04 09:08:09.258 2766 2766 I DefaultIMS: DefaultIMS::onInitializeInterface() finish
06-04 09:08:09.261 2766 2766 D CompatibilityChangeReporter: Compat change id reported: 160794467; UID 10051; state: DISABLED
06-04 09:08:09.264 2766 2766 I DefaultIMS: onStartInput attribute=android.view.inputmethod.EditorInfo@51292a3 restarting=false inputType: 0
06-04 09:08:09.336 517 668 E WifiScoringParams: Invalid frequency(-1), using 5G as default rssi array
06-04 09:08:09.339 517 668 E WifiHealthMonitor: Hit PackageManager exception
06-04 09:08:09.339 517 668 E WifiHealthMonitor: android.content.pm.PackageManager$NameNotFoundException: No module info for package: com.android.wifi
06-04 09:08:09.339 517 668 E WifiHealthMonitor: at android.app.ApplicationPackageManager.getModuleInfo(ApplicationPackageManager.java:1079)
06-04 09:08:09.339 517 668 E WifiHealthMonitor: at com.android.server.wifi.WifiHealthMonitor.getWifiStackVersion(WifiHealthMonitor.java:366)
06-04 09:08:09.339 517 668 E WifiHealthMonitor: at com.android.server.wifi.WifiHealthMonitor.extractCurrentSoftwareBuildInfo(WifiHealthMonitor.java:587)
06-04 09:08:09.339 517 668 E WifiHealthMonitor: at com.android.server.wifi.WifiHealthMonitor.postBootSwBuildCheck(WifiHealthMonitor.java:522)
06-04 09:08:09.339 517 668 E WifiHealthMonitor: at com.android.server.wifi.WifiHealthMonitor.postBootDetectionHandler(WifiHealthMonitor.java:513)
06-04 09:08:09.339 517 668 E WifiHealthMonitor: at com.android.server.wifi.WifiHealthMonitor.access$500(WifiHealthMonitor.java:71)
06-04 09:08:09.339 517 668 E WifiHealthMonitor: at com.android.server.wifi.WifiHealthMonitor$2.onAlarm(WifiHealthMonitor.java:190)
06-04 09:08:09.339 517 668 E WifiHealthMonitor: at android.app.AlarmManager$ListenerWrapper.run(AlarmManager.java:323)
06-04 09:08:09.339 517 668 E WifiHealthMonitor: at android.os.Handler.handleCallback(Handler.java:938)
06-04 09:08:09.339 517 668 E WifiHealthMonitor: at android.os.Handler.dispatchMessage(Handler.java:99)
06-04 09:08:09.339 517 668 E WifiHealthMonitor: at android.os.Looper.loopOnce(Looper.java:201)
06-04 09:08:09.339 517 668 E WifiHealthMonitor: at android.os.Looper.loop(Looper.java:288)
06-04 09:08:09.339 517 668 E WifiHealthMonitor: at android.os.HandlerThread.run(HandlerThread.java:67)
06-04 09:08:09.340 714 714 E WifiHAL : wifi_get_driver_version: Error -5 happened.
06-04 09:08:09.340 714 714 E android.hardware.wifi@1.0-service-lazy: Failed to get driver version: INVALID_ARGS
06-04 09:08:09.342 517 668 E WifiVendorHal: requestChipDebugInfo(l.2167) failed {.code = ERROR_INVALID_ARGS, .description = failed to get driver version}
06-04 09:08:09.342 517 668 I WifiVendorHal: Driver: null Firmware: null
06-04 09:08:09.343 714 714 E WifiHAL : wifi_get_driver_version: Error -5 happened.
06-04 09:08:09.343 714 714 E android.hardware.wifi@1.0-service-lazy: Failed to get driver version: INVALID_ARGS
06-04 09:08:09.345 517 668 E WifiVendorHal: requestChipDebugInfo(l.2167) failed {.code = ERROR_INVALID_ARGS, .description = failed to get driver version}
06-04 09:08:09.345 517 668 I WifiVendorHal: Driver: null Firmware: null
06-04 09:08:09.356 517 668 W UnsafeUtil: platform method missing - proto runtime falling back to safer methods: java.lang.NoSuchMethodException: sun.misc.Unsafe.copyMemory [class java.lang.Object, long, class java.lang.Object, long, long]
06-04 09:08:09.468 1612 1939 D hq : NetWorkStateReceiver:::检查网络,并且持续更新 isConnect=false
06-04 09:08:10.050 517 559 W IorapForwardingService: No service published for: iorapd
06-04 09:08:10.376 2766 2793 I LanguageResManager: prepareResource onSuccess:
06-04 09:08:10.376 2766 2766 I nw : onChanged: languageResStatusBean=Language load status:
06-04 09:08:10.376 2766 2766 I nw : {zh=3}
06-04 09:08:10.376 2766 2766 I DefaultIMS: initializedCallback: time tag1=1748999290376
06-04 09:08:10.377 2766 2766 I nw : initializeInputSession: inputMode=languageID=0
06-04 09:08:10.377 2766 2766 I nw : scriptID=2
06-04 09:08:10.377 2766 2766 I nw : layoutID=2
06-04 09:08:10.377 2766 2766 I KeyEventTransfer: languageID=0
06-04 09:08:10.377 2766 2766 I KeyEventTransfer: scriptID=2
06-04 09:08:10.377 2766 2766 I KeyEventTransfer: layoutID=2
06-04 09:08:10.398 517 599 D CompatibilityChangeReporter: Compat change id reported: 149924527; UID 10051; state: ENABLED
06-04 09:08:10.399 517 599 D CompatibilityChangeReporter: Compat change id reported: 132649864; UID 10051; state: DISABLED
06-04 09:08:10.421 1178 1254 W MediaProvider: isAppCloneUserPair for user 0: false
06-04 09:08:10.439 1178 1296 W MediaProvider: isAppCloneUserPair for user 0: false
06-04 09:08:10.512 517 599 D WifiNl80211Manager: Scan result ready event
06-04 09:08:10.512 517 599 D WifiNative: Scan result ready event
06-04 09:08:10.605 963 983 I OpenGLRenderer: Davey! duration=9223371968357ms; Flags=0, FrameTimelineVsyncId=4594, IntendedVsync=68487293327, Vsync=68487293327, InputEventId=0, HandleInputStart=68491640699, AnimationStart=68491644490, PerformTraversalsStart=68491648032, DrawStart=68491889574, FrameDeadline=68520626659, FrameInterval=68491626032, FrameStartTime=16666666, SyncQueued=68492750490, SyncStart=68502864240, IssueDrawCommandsStart=68503464407, SwapBuffers=68515295240, FrameCompleted=9223372036854775807, DequeueBufferDuration=7647666, QueueBufferDuration=1614750, GpuCompleted=9223372036854775807, SwapBuffersCompleted=68520233115, DisplayPresentTime=0,
06-04 09:08:10.611 517 672 D WificondScannerImpl: Filtering out 12 scan results.
06-04 09:08:10.631 1612 1612 E hq : NetWorkStateReceiver:::NetWorkStateReceiver onReceive: 网络变化广播 >>>> intent.action=android.net.wifi.SCAN_RESULTS
06-04 09:08:10.645 714 714 E WifiHAL : wifi_get_link_stats: requestResponse Error:-5
06-04 09:08:10.648 517 668 E WifiVendorHal: getWifiLinkLayerStats_1_5_Internal(l.1191) failed {.code = ERROR_INVALID_ARGS, .description = }
06-04 09:08:10.674 1612 1612 W eventbuscore: post Event:com.dangbei.leard.base.entity.event.NetWifiRssiEvent
06-04 09:08:10.942 2766 2766 I chromium: [0604/090810:INFO:config_service.cc(227)] Load config buffer. err_code = 3, err_msg = Line: 1, column: 1, Unexpected token.
06-04 09:08:11.014 2766 2766 I CHInputSession: set engine mode: 2 layout: 2
06-04 09:08:11.030 2766 2766 D CHJNIDefault: setInputMode value=-1
06-04 09:08:11.032 2766 2766 I InputContext: onChanged: candidateWords=[]
06-04 09:08:11.032 2766 2766 I InputContext: onChanged: candidateWordInfo.size=0 global offset: 0pausedCandidateData = false
06-04 09:08:11.032 2766 2766 I InputContext: onChanged: composing=null
06-04 09:08:11.032 2766 2766 I InputContext: onChanged: forCompose=false
06-04 09:08:11.036 2766 2766 I nw : onChanged: input mode:languageID=0
06-04 09:08:11.036 2766 2766 I nw : scriptID=2
06-04 09:08:11.036 2766 2766 I nw : layoutID=2
06-04 09:08:11.052 517 559 W IorapForwardingService: No service published for: iorapd
06-04 09:08:11.470 1612 2042 D hq : NetWorkStateReceiver:::检查网络,并且持续更新 isConnect=false
06-04 09:08:11.534 264 278 D hdmi-cec: receive invalid cec message!
06-04 09:08:11.534 264 278 D hdmi-cec: receive poll message [04], skip!
06-04 09:08:12.054 517 559 W IorapForwardingService: No service published for: iorapd
06-04 09:08:13.056 517 559 W IorapForwardingService: No service published for: iorapd
06-04 09:08:13.472 1612 2042 D hq : NetWorkStateReceiver:::检查网络,并且持续更新 isConnect=false
06-04 09:08:14.057 517 559 W IorapForwardingService: No service published for: iorapd
06-04 09:08:15.058 517 559 W IorapForwardingService: No service published for: iorapd
06-04 09:08:15.474 1612 2042 D hq : NetWorkStateReceiver:::检查网络,并且持续更新 isConnect=false
06-04 09:08:16.060 517 559 W IorapForwardingService: No service published for: iorapd
06-04 09:08:16.621 2322 2386 D UtilLog : 日志批量上报 进行正常循环 !!!!!!本次有0次请求,共0条数据
06-04 09:08:17.062 517 559 W IorapForwardingService: No service published for: iorapd
06-04 09:08:17.475 1612 2042 D hq : NetWorkStateReceiver:::检查网络,并且持续更新 isConnect=false
06-04 09:08:18.062 517 559 W IorapForwardingService: No service published for: iorapd
06-04 09:08:18.077 1418 1601 I efs.send_log: log cann't be send because net status is disconnected
06-04 09:08:19.064 517 559 W IorapForwardingService: No service published for: iorapd
06-04 09:08:19.477 1612 2042 D hq : NetWorkStateReceiver:::检查网络,并且持续更新 isConnect=false
06-04 09:08:20.066 517 559 W IorapForwardingService: No service published for: iorapd
06-04 09:08:21.067 517 559 W IorapForwardingService: No service published for: iorapd
06-04 09:08:21.478 1612 2042 D hq : NetWorkStateReceiver:::检查网络,并且持续更新 isConnect=false
06-04 09:08:21.705 517 605 I ActivityManager: Killing 2070:com.android.traceur/u0a16 (adj 985): empty #17
06-04 09:08:21.707 517 605 I ActivityManager: Killing 1482:android.process.acore/u0a14 (adj 985): empty #18
06-04 09:08:21.731 1181 1181 E dangbei111: cccccc 有device 正在bonding 暂不开启扫描
06-04 09:08:21.749 517 568 I libprocessgroup: Successfully killed process cgroup uid 10016 pid 2070 in 43ms
06-04 09:08:21.764 517 599 D CountryDetector: No listener is left
06-04 09:08:21.768 246 246 I Zygote : Process 1482 exited due to signal 9 (Killed)
06-04 09:08:21.775 246 246 I Zygote : Process 2070 exited due to signal 9 (Killed)
06-04 09:08:21.795 517 568 I libprocessgroup: Successfully killed process cgroup uid 10014 pid 1482 in 0ms
06-04 09:08:22.069 517 559 W IorapForwardingService: No service published for: iorapd
06-04 09:08:23.071 517 559 W IorapForwardingService: No service published for: iorapd
06-04 09:08:23.480 1612 2042 D hq : NetWorkStateReceiver:::检查网络,并且持续更新 isConnect=false
06-04 09:08:24.073 517 559 W IorapForwardingService: No service published for: iorapd
06-04 09:08:25.075 517 559 W IorapForwardingService: No service published for: iorapd
06-04 09:08:25.481 1612 2042 D hq : NetWorkStateReceiver:::检查网络,并且持续更新 isConnect=false
06-04 09:08:26.077 517 559 W IorapForwardingService: No service published for: iorapd
06-04 09:08:26.558 264 278 D hdmi-cec: receive invalid cec message!
06-04 09:08:26.558 264 278 D hdmi-cec: receive poll message [04], skip!
06-04 09:08:26.621 2322 2386 D UtilLog : 日志批量上报 进行正常循环 !!!!!!本次有0次请求,共0条数据
06-04 09:08:27.079 517 559 W IorapForwardingService: No service published for: iorapd
06-04 09:08:27.483 1612 2042 D hq : NetWorkStateReceiver:::检查网络,并且持续更新 isConnect=false
06-04 09:08:28.081 517 559 W IorapForwardingService: No service published for: iorapd
06-04 09:08:28.125 1418 1601 I efs.send_log: log cann't be send because net status is disconnected
06-04 09:08:28.443 756 772 I PermissionControllerServiceImpl: Updating user sensitive for user 0
06-04 09:08:29.083 517 559 W IorapForwardingService: No service published for: iorapd
06-04 09:08:29.485 1612 2042 D hq : NetWorkStateReceiver:::检查网络,并且持续更新 isConnect=false
06-04 09:08:30.086 517 559 W IorapForwardingService: No service published for: iorapd
06-04 09:08:31.088 517 559 W IorapForwardingService: No service published for: iorapd
06-04 09:08:31.487 1612 1806 D hq : NetWorkStateReceiver:::检查网络,并且持续更新 isConnect=false
06-04 09:08:31.661 724 831 I bt_osi_alarm: system/bt/osi/src/alarm.cc:540 reschedule_root_alarm: reschedule_root_alarm alarm expiration too close for posix timers, switching to guns
06-04 09:08:31.662 724 1005 I bt_stack: [INFO:btsnoop.cc(338)] clear_l2cap_allowlist: Clearing acceptlist from l2cap channel. conn_handle=65535 cid=6:6
06-04 09:08:31.662 252 252 E bt_upio : upio_set : /proc/bluetooth/sleep/btwrite(-1) incorrent
06-04 09:08:31.662 724 1005 W bt_stack: [WARNING:l2c_api.cc(1394)] L2CA_RemoveFixedChnl BDA: e4:bb:d3:57:c0:7a CID: 0x0006 not connected
06-04 09:08:31.662 724 1005 I bt_btif_storage: system/bt/btif/src/btif_storage.cc:1138 btif_storage_remove_ble_bonding_keys: Removing bonding keys for bd addr:e4:bb:d3:57:c0:7a
06-04 09:08:31.662 724 1005 I bt_btif_config: system/bt/btif/src/btif_config.cc:137 btif_get_device_type: Device [e4:bb:d3:57:c0:7a] device type 2
06-04 09:08:31.662 724 1005 I bt_btif_dm: system/bt/btif/src/btif_dm.cc:384 get_cod: get_cod remote_cod = 0x00001f00
06-04 09:08:31.662 724 1005 I bt_btif_dm: system/bt/btif/src/btif_dm.cc:451 bond_state_changed: Bond state changed to state=0 [0:none, 1:bonding, 2:bonded], prev_state=1, sdp_attempts = 0
06-04 09:08:31.662 724 1005 E bt_stack: [ERROR:metric_id_allocator.cc(181)] BluetoothMetricIdAllocatorFailed to forget device because device is not in paired_device_cache_
06-04 09:08:31.662 724 1005 I bt_btif_config: system/bt/btif/src/btif_config.cc:137 btif_get_device_type: Device [e4:bb:d3:57:c0:7a] device type 2
06-04 09:08:31.663 724 1005 E bt_btm : system/bt/main/bte_logmsg.cc:191 LogMsg: btm_proc_smp_cback: p_dev_rec is NULL
06-04 09:08:31.663 724 1005 E bt_stack: [ERROR:bta_gattc_utils.cc(441)] bta_gattc_mark_bg_conn unable to find the bg connection mask for bd_addr=e4:bb:d3:57:c0:7a
06-04 09:08:31.667 724 832 I BluetoothBondStateMachine: bondStateChangeCallback: Status: 1 Address: E4:BB:D3:57:C0:7A newState: 0
06-04 09:08:31.672 724 990 D AdapterProperties: Failed to remove device: E4:BB:D3:57:C0:7A
06-04 09:08:31.676 724 990 I BluetoothBondStateMachine: Bond State Change Intent:E4:BB:D3:57:C0:7A BOND_BONDING => BOND_NONE
06-04 09:08:31.676 724 990 W HeadsetClientService: getHeadsetClientService(): service is null
06-04 09:08:31.676 724 990 W PbapClientService: getPbapClientService(): service is null
06-04 09:08:31.677 724 990 V BluetoothDatabase: setProfileConnectionPolicy connection policy not changed.
06-04 09:08:31.677 724 990 D A2dpService: Saved connectionPolicy E4:BB:D3:57:C0:7A = -1
06-04 09:08:31.678 724 990 V BluetoothDatabase: setProfileConnectionPolicy connection policy not changed.
06-04 09:08:31.678 724 990 I HeadsetService: setConnectionPolicy: device=E4:BB:D3:57:C0:7A, connectionPolicy=-1, uid/pid=1002/724
06-04 09:08:31.678 724 990 V BluetoothDatabase: setProfileConnectionPolicy connection policy not changed.
06-04 09:08:31.678 724 990 I BluetoothBondStateMachine: StableState(): Entering Off State
06-04 09:08:31.688 724 724 D A2dpService: Bond state changed for device: E4:BB:D3:57:C0:7A state: 10
06-04 09:08:31.692 517 566 W BroadcastQueue: Background execution not allowed: receiving Intent { act=android.bluetooth.device.action.BOND_STATE_CHANGED flg=0x10 (has extras) } to com.dangbei.lerad.etna.haqu/com.dangbei.remotecontroller.RemoteControllerReceiver
06-04 09:08:31.692 1181 1181 I dangbei111: cccccc on receiver=android.bluetooth.device.action.BOND_STATE_CHANGED,mac=E4:BB:D3:57:C0:7A
06-04 09:08:31.692 1181 1181 I dangbei111: Wait for auto connection, processBondStateChange: bondState: 11 --> 10
06-04 09:08:31.696 1181 1181 E dangbei111: cccccc 开始扫描
06-04 09:08:31.696 1181 1181 D BluetoothAdapter: isLeEnabled(): ON
06-04 09:08:31.698 724 1005 I bluetooth: system/bt/stack/gatt/gatt_api.cc:1019 GATT_Register: Allocated name:GattClient uuid:0e2219c8-e35d-6a7d-b257-b907c4bd9464 gatt_if:5 eatt_support:0
06-04 09:08:31.699 1181 1209 D BluetoothLeScanner: onScannerRegistered() - status=0 scannerId=5 mScannerId=0
06-04 09:08:31.703 724 1400 D BluetoothDatabase: getCustomMeta: device E4:BB:D3:57:C0:7A is not in cache
06-04 09:08:31.703 739 827 W BluetoothEventManager: showUnbondMessage: Not displaying any message for reason: 9
06-04 09:08:31.705 724 1400 D BluetoothDatabase: getCustomMeta: device E4:BB:D3:57:C0:7A is not in cache
06-04 09:08:31.723 963 963 D BluetoothAdapter: isLeEnabled(): ON
06-04 09:08:31.726 724 1005 I bluetooth: system/bt/stack/gatt/gatt_api.cc:1019 GATT_Register: Allocated name:GattClient uuid:c2956f5b-4889-63de-999f-89266d0d94fc gatt_if:6 eatt_support:0
06-04 09:08:31.726 963 983 D BluetoothLeScanner: onScannerRegistered() - status=0 scannerId=6 mScannerId=0
06-04 09:08:32.090 517 559 W IorapForwardingService: No service published for: iorapd
06-04 09:08:33.092 517 559 W IorapForwardingService: No service published for: iorapd
06-04 09:08:33.489 1612 1806 D hq : NetWorkStateReceiver:::检查网络,并且持续更新 isConnect=false
06-04 09:08:34.093 517 559 W IorapForwardingService: No service published for: iorapd
06-04 09:08:34.323 517 1114 W ZramWriteback: Writeback device is not set
06-04 09:08:34.323 517 1114 D ZramWriteback: wait to flush
06-04 09:08:34.694 517 527 I system_server: Background concurrent copying GC freed 193097(8336KB) AllocSpace objects, 30(1928KB) LOS objects, 49% free, 8491KB/16MB, paused 328us total 371.684ms
06-04 09:08:35.095 517 559 W IorapForwardingService: No service published for: iorapd
06-04 09:08:35.490 1612 1806 D hq : NetWorkStateReceiver:::检查网络,并且持续更新 isConnect=false
06-04 09:08:36.097 517 559 W IorapForwardingService: No service published for: iorapd
06-04 09:08:36.621 2322 2386 D UtilLog : 日志批量上报 进行正常循环 !!!!!!本次有0次请求,共0条数据
06-04 09:08:36.736 517 806 I WifiService: startScan uid=10020
06-04 09:08:37.099 517 559 W IorapForwardingService: No service published for: iorapd
06-04 09:08:37.492 1612 1806 D hq : NetWorkStateReceiver:::检查网络,并且持续更新 isConnect=false
06-04 09:08:37.870 517 806 D WifiNl80211Manager: Scan result ready event
06-04 09:08:37.871 517 806 D WifiNative: Scan result ready event
06-04 09:08:37.897 517 672 D WificondScannerImpl: Filtering out 6 scan results.
06-04 09:08:37.912 1612 1612 E hq : NetWorkStateReceiver:::NetWorkStateReceiver onReceive: 网络变化广播 >>>> intent.action=android.net.wifi.SCAN_RESULTS
06-04 09:08:37.918 714 714 E WifiHAL : wifi_get_link_stats: requestResponse Error:-5
06-04 09:08:37.922 517 668 E WifiVendorHal: getWifiLinkLayerStats_1_5_Internal(l.1191) failed {.code = ERROR_INVALID_ARGS, .description = }
