06-04 09:07:21.621 303 303 D XiriService: check file name: /data/data/com.android.networkstack.tethering/lib
06-04 09:07:21.621 303 303 D XiriService: check file name: /data/data/com.android.networkstack.tethering/lib
06-04 09:07:21.622 303 303 D XiriService: check file name: /data/data/com.android.networkstack.tethering/lib
06-04 09:07:21.625 303 303 D XiriService: check file name: /data/data/com.android.networkstack.tethering/lib
06-04 09:07:21.625 303 303 D XiriService: check file name: /data/data/com.android.networkstack.tethering/lib
06-04 09:07:21.627 303 303 D XiriService: check file name: /data/data/com.android.networkstack.tethering/lib
06-04 09:07:21.628 303 303 D XiriService: check file name: /data/data/com.android.networkstack.tethering/lib
06-04 09:07:21.628 303 303 D XiriService: check file name: /data/data/com.android.networkstack.tethering/lib
06-04 09:07:21.628 303 303 D XiriService: check file name: /data/data/com.android.networkstack.tethering/lib
06-04 09:07:21.629 303 303 D XiriService: check file name: /data/data/com.android.soundpicker/lib
06-04 09:07:21.635 303 303 D XiriService: check file name: /data/data/com.dangbei.lerad.etna.haqu/lib
06-04 09:07:21.635 303 303 D XiriService: check file name: /data/data/com.dangbei.lerad.etna.haqu/lib
06-04 09:07:21.635 303 303 D XiriService: check file name: /data/data/com.dangbei.lerad.etna.haqu/lib
06-04 09:07:21.635 303 303 D XiriService: check file name: /data/data/com.dangbei.lerad.etna.haqu/lib
06-04 09:07:21.636 303 303 D XiriService: check file name: /data/data/com.dangbei.lerad.etna.haqu/lib
06-04 09:07:21.641 303 303 D XiriService: check file name: /data/data/com.dangbei.lerad.etna.haqu/lib
06-04 09:07:21.641 303 303 D XiriService: check file name: /data/data/com.dangbei.lerad.etna.haqu/lib
06-04 09:07:21.641 303 303 D XiriService: check file name: /data/data/com.dangbei.lerad.etna.haqu/lib
06-04 09:07:21.641 303 303 D XiriService: check file name: /data/data/com.dangbei.lerad.etna.haqu/lib
06-04 09:07:21.642 303 303 D XiriService: check file name: /data/data/com.allwinnertech.packageoverride/lib
06-04 09:07:21.648 303 303 D XiriService: check file name: /data/data/com.android.smspush/lib
06-04 09:07:21.655 303 303 D XiriService: check file name: /data/data/com.android.wallpaper.livepicker/lib
06-04 09:07:21.660 303 303 D XiriService: check file name: /data/data/com.tv.filemanager.os/lib
06-04 09:07:21.666 303 303 D XiriService: check file name: /data/data/com.oranth.powerwindow/lib
06-04 09:07:21.666 303 303 D XiriService: check file name: /data/data/com.oranth.powerwindow/lib
06-04 09:07:21.666 303 303 D XiriService: check file name: /data/data/com.oranth.powerwindow/lib
06-04 09:07:21.666 303 303 D XiriService: check file name: /data/data/com.oranth.powerwindow/lib
06-04 09:07:21.666 303 303 D XiriService: check file name: /data/data/com.oranth.powerwindow/lib
06-04 09:07:21.671 303 303 D XiriService: check file name: /data/data/com.oranth.powerwindow/lib
06-04 09:07:21.671 303 303 D XiriService: check file name: /data/data/com.oranth.powerwindow/lib
06-04 09:07:21.671 303 303 D XiriService: check file name: /data/data/com.oranth.powerwindow/lib
06-04 09:07:21.672 303 303 D XiriService: check file name: /data/data/com.oranth.powerwindow/lib
06-04 09:07:21.673 303 303 D XiriService: check file name: /data/data/com.android.storagemanager/lib
06-04 09:07:21.679 303 303 D XiriService: check file name: /data/data/com.android.bookmarkprovider/lib
06-04 09:07:21.686 303 303 D XiriService: check file name: /data/data/com.android.networkstack.permissionconfig/lib
06-04 09:07:21.686 303 303 D XiriService: check file name: /data/data/com.android.networkstack.permissionconfig/lib
06-04 09:07:21.686 303 303 D XiriService: check file name: /data/data/com.android.networkstack.permissionconfig/lib
06-04 09:07:21.686 303 303 D XiriService: check file name: /data/data/com.android.networkstack.permissionconfig/lib
06-04 09:07:21.686 303 303 D XiriService: check file name: /data/data/com.android.networkstack.permissionconfig/lib
06-04 09:07:21.691 303 303 D XiriService: check file name: /data/data/com.android.networkstack.permissionconfig/lib
06-04 09:07:21.692 303 303 D XiriService: check file name: /data/data/com.android.networkstack.permissionconfig/lib
06-04 09:07:21.692 303 303 D XiriService: check file name: /data/data/com.android.networkstack.permissionconfig/lib
06-04 09:07:21.692 303 303 D XiriService: check file name: /data/data/com.android.networkstack.permissionconfig/lib
06-04 09:07:21.692 303 303 D XiriService: check file name: /data/data/com.android.cts.ctsshim/lib
06-04 09:07:21.698 303 303 D XiriService: check file name: /data/data/com.dangbei.lerad.screensaver/lib
06-04 09:07:21.698 303 303 D XiriService: check file name: /data/data/com.dangbei.lerad.screensaver/lib
06-04 09:07:21.698 303 303 D XiriService: check file name: /data/data/com.dangbei.lerad.screensaver/lib
06-04 09:07:21.698 303 303 D XiriService: check file name: /data/data/com.dangbei.lerad.screensaver/lib
06-04 09:07:21.696 303 303 I xiriservice_All: type=1400 audit(0.0:315): avc: denied { read } for name="lib" dev="mmcblk0p25" ino=1509 scontext=u:r:init:s0 tcontext=u:object_r:app_data_file:s0:c40,c256,c512,c768 tclass=lnk_file permissive=1
06-04 09:07:21.699 303 303 D XiriService: check file name: /data/data/com.dangbei.lerad.screensaver/lib
06-04 09:07:21.703 303 303 D XiriService: check file name: /data/data/com.dangbei.lerad.screensaver/lib
06-04 09:07:21.703 303 303 D XiriService: check file name: /data/data/com.dangbei.lerad.screensaver/lib
06-04 09:07:21.704 303 303 D XiriService: check file name: /data/data/com.dangbei.lerad.screensaver/lib
06-04 09:07:21.704 303 303 D XiriService: check file name: /data/data/com.dangbei.lerad.screensaver/lib
06-04 09:07:21.705 303 303 D XiriService: check file name: /data/data/com.android.remoteprovisioner/lib
06-04 09:07:21.711 303 303 D XiriService: check file name: /data/data/com.softwinner.theme.icon/lib
06-04 09:07:21.718 303 303 D XiriService: check file name: /data/data/com.android.wallpaper/lib
06-04 09:07:21.725 303 303 D XiriService: check file name: /data/data/com.android.vpndialogs/lib
06-04 09:07:21.730 303 303 D XiriService: check file name: /data/data/com.android.music/lib
06-04 09:07:21.735 303 303 D XiriService: check file name: /data/data/com.android.wallpaperbackup/lib
06-04 09:07:21.735 303 303 D XiriService: check file name: /data/data/com.android.wallpaperbackup/lib
06-04 09:07:21.735 303 303 D XiriService: check file name: /data/data/com.android.wallpaperbackup/lib
06-04 09:07:21.735 303 303 D XiriService: check file name: /data/data/com.android.wallpaperbackup/lib
06-04 09:07:21.736 303 303 D XiriService: check file name: /data/data/com.android.wallpaperbackup/lib
06-04 09:07:21.741 303 303 D XiriService: check file name: /data/data/com.android.wallpaperbackup/lib
06-04 09:07:21.741 303 303 D XiriService: check file name: /data/data/com.android.wallpaperbackup/lib
06-04 09:07:21.741 303 303 D XiriService: check file name: /data/data/com.android.wallpaperbackup/lib
06-04 09:07:21.741 303 303 D XiriService: check file name: /data/data/com.android.wallpaperbackup/lib
06-04 09:07:21.742 303 303 D XiriService: check file name: /data/data/com.android.providers.blockednumber/lib
06-04 09:07:21.742 349 547 W installd: Requested default storage /data/user_de/0/com.android.providers.blockednumber is not active; migrating from /data/data/com.android.providers.blockednumber
06-04 09:07:21.743 303 303 D XiriService: check file name: /data/data/com.android.providers.blockednumber/lib
06-04 09:07:21.743 303 303 D XiriService: check file name: /data/data/com.android.providers.blockednumber/lib
06-04 09:07:21.744 303 303 D XiriService: check file name: /data/data/com.android.providers.blockednumber/lib
06-04 09:07:21.747 303 303 D XiriService: check file name: /data/data/com.android.providers.blockednumber/lib
06-04 09:07:21.747 303 303 D XiriService: check file name: /data/data/com.android.providers.blockednumber/lib
06-04 09:07:21.751 303 303 D XiriService: check file name: /data/data/com.android.providers.userdictionary/lib
06-04 09:07:21.757 303 303 D XiriService: check file name: /data/data/com.android.providers.media.module/lib
06-04 09:07:21.757 303 303 D XiriService: check file name: /data/data/com.android.providers.media.module/lib
06-04 09:07:21.757 303 303 D XiriService: check file name: /data/data/com.android.providers.media.module/lib
06-04 09:07:21.756 303 303 I xiriservice_All: type=1400 audit(0.0:316): avc: denied { read } for name="lib" dev="mmcblk0p25" ino=1524 scontext=u:r:init:s0 tcontext=u:object_r:privapp_data_file:s0:c74,c256,c512,c768 tclass=lnk_file permissive=1
06-04 09:07:21.757 303 303 D XiriService: check file name: /data/data/com.android.providers.media.module/lib
06-04 09:07:21.758 303 303 D XiriService: check file name: /data/data/com.android.providers.media.module/lib
06-04 09:07:21.763 303 303 D XiriService: check file name: /data/data/com.android.providers.media.module/lib
06-04 09:07:21.763 303 303 D XiriService: check file name: /data/data/com.android.providers.media.module/lib
06-04 09:07:21.764 303 303 D XiriService: check file name: /data/data/com.android.providers.media.module/lib
06-04 09:07:21.764 303 303 D XiriService: check file name: /data/data/com.android.providers.media.module/lib
06-04 09:07:21.764 303 303 D XiriService: check file name: /data/data/com.softwinner.theme.color/lib
06-04 09:07:21.771 303 303 D XiriService: check file name: /data/data/com.oranth.storage/lib
06-04 09:07:21.771 303 303 D XiriService: check file name: /data/data/com.oranth.storage/lib
06-04 09:07:21.771 303 303 D XiriService: check file name: /data/data/com.oranth.storage/lib
06-04 09:07:21.771 303 303 D XiriService: check file name: /data/data/com.oranth.storage/lib
06-04 09:07:21.772 303 303 D XiriService: check file name: /data/data/com.oranth.storage/lib
06-04 09:07:21.776 303 303 D XiriService: check file name: /data/data/com.oranth.storage/lib
06-04 09:07:21.776 303 303 D XiriService: check file name: /data/data/com.oranth.storage/lib
06-04 09:07:21.777 303 303 D XiriService: check file name: /data/data/com.oranth.storage/lib
06-04 09:07:21.777 303 303 D XiriService: check file name: /data/data/com.oranth.storage/lib
06-04 09:07:21.778 303 303 D XiriService: check file name: /data/data/com.android.hotspot2.osulogin/lib
06-04 09:07:21.783 303 303 D XiriService: check file name: /data/data/com.android.internal.systemui.navbar.gestural/lib
06-04 09:07:21.788 303 303 D XiriService: check file name: /data/data/com.dangbei.haqusetting/lib
06-04 09:07:21.788 303 303 D XiriService: check file name: /data/data/com.dangbei.haqusetting/lib
06-04 09:07:21.788 303 303 D XiriService: check file name: /data/data/com.dangbei.haqusetting/lib
06-04 09:07:21.788 303 303 D XiriService: check file name: /data/data/com.dangbei.haqusetting/lib
06-04 09:07:21.789 303 303 D XiriService: check file name: /data/data/com.dangbei.haqusetting/lib
06-04 09:07:21.794 303 303 D XiriService: check file name: /data/data/com.dangbei.haqusetting/lib
06-04 09:07:21.794 303 303 D XiriService: check file name: /data/data/com.dangbei.haqusetting/lib
06-04 09:07:21.795 303 303 D XiriService: check file name: /data/data/com.dangbei.haqusetting/lib
06-04 09:07:21.795 303 303 D XiriService: check file name: /data/data/com.dangbei.haqusetting/lib
06-04 09:07:21.796 303 303 D XiriService: check file name: /data/data/com.android.bluetoothmidiservice/lib
06-04 09:07:21.803 303 303 D XiriService: check file name: /data/data/com.softwinner.awmanager/lib
06-04 09:07:21.808 303 303 D XiriService: check file name: /data/data/com.softwinner.miracastReceiver/lib
06-04 09:07:21.808 303 303 D XiriService: check file name: /data/data/com.softwinner.miracastReceiver/lib
06-04 09:07:21.808 303 303 D XiriService: check file name: /data/data/com.softwinner.miracastReceiver/lib
06-04 09:07:21.808 303 303 D XiriService: check file name: /data/data/com.softwinner.miracastReceiver/lib
06-04 09:07:21.808 303 303 D XiriService: check file name: /data/data/com.softwinner.miracastReceiver/lib
06-04 09:07:21.813 303 303 D XiriService: check file name: /data/data/com.softwinner.miracastReceiver/lib
06-04 09:07:21.814 303 303 D XiriService: check file name: /data/data/com.softwinner.miracastReceiver/lib
06-04 09:07:21.814 303 303 D XiriService: check file name: /data/data/com.softwinner.miracastReceiver/lib
06-04 09:07:21.815 303 303 D XiriService: check file name: /data/data/com.android.traceur/lib
06-04 09:07:21.820 303 303 D XiriService: check file name: /data/data/com.android.bluetooth/lib
06-04 09:07:21.816 303 303 I xiriservice_All: type=1400 audit(0.0:317): avc: denied { read } for name="lib" dev="mmcblk0p25" ino=1540 scontext=u:r:init:s0 tcontext=u:object_r:bluetooth_data_file:s0 tclass=lnk_file permissive=1
06-04 09:07:21.821 303 303 D XiriService: check file name: /data/data/com.android.bluetooth/lib
06-04 09:07:21.821 303 303 D XiriService: check file name: /data/data/com.android.bluetooth/lib
06-04 09:07:21.821 303 303 D XiriService: check file name: /data/data/com.android.bluetooth/lib
06-04 09:07:21.821 349 547 W installd: Requested default storage /data/user_de/0/com.android.bluetooth is not active; migrating from /data/data/com.android.bluetooth
06-04 09:07:21.822 303 303 D XiriService: check file name: /data/data/com.android.bluetooth/lib
06-04 09:07:21.822 303 303 D XiriService: check file name: /data/data/com.android.bluetooth/lib
06-04 09:07:21.823 303 303 D XiriService: check file name: /data/data/com.android.bluetooth/lib
06-04 09:07:21.826 303 303 D XiriService: check file name: /data/data/com.android.bluetooth/lib
06-04 09:07:21.826 303 303 D XiriService: check file name: /data/data/com.android.bluetooth/lib
06-04 09:07:21.828 303 303 D XiriService: check file name: /data/data/com.android.bluetooth/lib
06-04 09:07:21.828 303 303 D XiriService: check file name: /data/data/com.android.bluetooth/lib
06-04 09:07:21.829 303 303 D XiriService: check file name: /data/data/com.android.bluetooth/lib
06-04 09:07:21.829 303 303 D XiriService: check file name: /data/data/com.android.bluetooth/lib
06-04 09:07:21.830 303 303 D XiriService: check file name: /data/data/com.android.providers.contacts/lib
06-04 09:07:21.836 303 303 D XiriService: check file name: /data/data/com.android.captiveportallogin/lib
06-04 09:07:21.842 303 303 D XiriService: check file name: /data/data/com.android.internal.systemui.navbar.gestural_narrow_back/lib
06-04 09:07:21.847 303 303 D XiriService: check file name: /data/data/android.auto_generated_rro_vendor__/lib
06-04 09:07:21.854 517 596 I PackageManager: Deferred reconcileAppsData finished 98 packages
06-04 09:07:21.854 517 596 D SystemServerInitThreadPool: Finished executing prepareAppData
06-04 09:07:21.880 517 559 W IorapForwardingService: No service published for: iorapd
06-04 09:07:21.923 517 517 I PackageDexOptimizer: Running dexopt (dexoptNeeded=1) on: /apex/com.android.extservices/priv-app/ExtServices/ExtServices.apk pkg=android.ext.services isa=arm dexoptFlags=public targetFilter=verify oatDir=null classLoaderContext=PCL[]{}
06-04 09:07:21.925 349 547 V installd: DexInv: --- BEGIN '/apex/com.android.extservices/priv-app/ExtServices/ExtServices.apk' ---
06-04 09:07:21.925 349 547 V installd: Running /apex/com.android.art/bin/dex2oat32 in=ExtServices.apk out=/data/dalvik-cache/arm/apex@com.android.extservices@priv-app@ExtServices@ExtServices.apk@classes.dex
06-04 09:07:21.975 624 624 I dex2oat32: /apex/com.android.art/bin/dex2oat32 --input-vdex-fd=-1 --output-vdex-fd=8 --classpath-dir=/apex/com.android.extservices/priv-app/ExtServices --class-loader-context=PCL[]{} --compact-dex-level=none --compiler-filter=verify --compilation-reason=first-boot --max-image-block-size=524288 --resolve-startup-const-strings=true --generate-mini-debug-info
06-04 09:07:21.979 624 624 E cutils-trace: Error opening trace file: No such file or directory (2)
06-04 09:07:22.005 624 624 W dex2oat32: ART APEX data files are untrusted.
06-04 09:07:22.005 624 624 W dex2oat32: Could not reserve sentinel fault page
06-04 09:07:22.290 624 624 I dex2oat32: dex2oat took 320.802ms (369.329ms cpu) (threads: 4) arena alloc=0B (0B) java alloc=329KB (337424B) native alloc=23MB (25013888B) free=976KB (999808B)
06-04 09:07:22.303 349 547 V installd: DexInv: --- END '/apex/com.android.extservices/priv-app/ExtServices/ExtServices.apk' (success) ---
06-04 09:07:22.614 517 517 I PackageDexOptimizer: Running dexopt (dexoptNeeded=1) on: /apex/com.android.permission/priv-app/PermissionController/PermissionController.apk pkg=com.android.permissioncontroller isa=arm dexoptFlags=public targetFilter=verify oatDir=null classLoaderContext=PCL[]{PCL[/system/framework/android.test.base.jar]}
06-04 09:07:22.615 349 547 V installd: DexInv: --- BEGIN '/apex/com.android.permission/priv-app/PermissionController/PermissionController.apk' ---
06-04 09:07:22.615 349 547 V installd: Running /apex/com.android.art/bin/dex2oat32 in=PermissionController.apk out=/data/dalvik-cache/arm/apex@com.android.permission@priv-app@PermissionController@PermissionController.apk@classes.dex
06-04 09:07:22.664 630 630 I dex2oat32: /apex/com.android.art/bin/dex2oat32 --input-vdex-fd=-1 --output-vdex-fd=8 --classpath-dir=/apex/com.android.permission/priv-app/PermissionController --class-loader-context=PCL[]{PCL[/system/framework/android.test.base.jar]} --compact-dex-level=none --compiler-filter=verify --compilation-reason=first-boot --max-image-block-size=524288 --resolve-startup-const-strings=true --generate-mini-debug-info
06-04 09:07:22.668 630 630 E cutils-trace: Error opening trace file: No such file or directory (2)
06-04 09:07:22.746 374 374 I update_engine: [INFO:cleanup_previous_update_action.cc(112)] Executing task 6
06-04 09:07:22.756 374 374 I update_engine: [INFO:cleanup_previous_update_action.cc(124)] CleanupPreviousUpdateAction scheduled task ID 7 for WaitBootCompleted
06-04 09:07:22.857 630 630 W dex2oat32: ART APEX data files are untrusted.
06-04 09:07:22.884 517 559 W IorapForwardingService: No service published for: iorapd
06-04 09:07:23.640 630 633 W dex2oat32: Class com.android.permissioncontroller.permission.service.AutoRevokePermissions$revokeAppPermissions$$inlined$forEachInParallel$default$1 failed lock verification and will run slower.
06-04 09:07:23.640 630 633 W dex2oat32: Common causes for lock verification issues are non-optimized dex code
06-04 09:07:23.640 630 633 W dex2oat32: and incorrect proguard optimizations.
06-04 09:07:23.723 630 630 I dex2oat32: dex2oat took 1.064s (2.354s cpu) (threads: 4) arena alloc=0B (0B) java alloc=4410KB (4516152B) native alloc=25MB (26714216B) free=983KB (1007512B)
06-04 09:07:23.743 349 547 V installd: DexInv: --- END '/apex/com.android.permission/priv-app/PermissionController/PermissionController.apk' (success) ---
06-04 09:07:23.886 517 559 W IorapForwardingService: No service published for: iorapd
06-04 09:07:24.387 517 517 W system_server: ClassLoaderContext shared library size mismatch. Expected=0, found=4 (PCL[] | PCL[]{PCL[]#PCL[]#PCL[]#PCL[]})
06-04 09:07:24.759 374 374 I update_engine: [INFO:cleanup_previous_update_action.cc(112)] Executing task 7
06-04 09:07:24.765 374 374 I update_engine: [INFO:cleanup_previous_update_action.cc(124)] CleanupPreviousUpdateAction scheduled task ID 8 for WaitBootCompleted
06-04 09:07:24.824 517 527 I system_server: Background young concurrent copying GC freed 82726(5219KB) AllocSpace objects, 80(1804KB) LOS objects, 49% free, 7468KB/14MB, paused 212us total 109.683ms
06-04 09:07:24.888 517 559 W IorapForwardingService: No service published for: iorapd
06-04 09:07:25.336 429 429 W hdr10p_Configure: 118 callbacks suppressed
06-04 09:07:25.336 429 429 I : DVI mode selected: packets not configured
06-04 09:07:25.336 429 429 W set_vsif_config: 118 callbacks suppressed
06-04 09:07:25.336 429 429 I : Error: set vsif failed
06-04 09:07:25.341 517 620 E ReportEncoder: No watchlist hash
06-04 09:07:25.341 517 620 I WatchlistLoggingHandler: Milliseconds spent on tryAggregateRecords(): 4473
06-04 09:07:25.386 429 429 I : DVI mode selected: packets not configured
06-04 09:07:25.386 429 429 I : Error: set vsif failed
06-04 09:07:25.401 517 517 I PackageDexOptimizer: Running dexopt (dexoptNeeded=1) on: /apex/com.android.tethering/priv-app/Tethering/Tethering.apk pkg=com.android.networkstack.tethering isa=arm dexoptFlags=public targetFilter=verify oatDir=null classLoaderContext=PCL[]{PCL[/system/framework/android.test.base.jar]}
06-04 09:07:25.402 349 547 V installd: DexInv: --- BEGIN '/apex/com.android.tethering/priv-app/Tethering/Tethering.apk' ---
06-04 09:07:25.402 349 547 V installd: Running /apex/com.android.art/bin/dex2oat32 in=Tethering.apk out=/data/dalvik-cache/arm/apex@com.android.tethering@priv-app@Tethering@Tethering.apk@classes.dex
06-04 09:07:25.419 429 429 I : DVI mode selected: packets not configured
06-04 09:07:25.419 429 429 I : Error: set vsif failed
06-04 09:07:25.448 637 637 I dex2oat32: /apex/com.android.art/bin/dex2oat32 --input-vdex-fd=-1 --output-vdex-fd=8 --classpath-dir=/apex/com.android.tethering/priv-app/Tethering --class-loader-context=PCL[]{PCL[/system/framework/android.test.base.jar]} --compact-dex-level=none --compiler-filter=verify --compilation-reason=first-boot --max-image-block-size=524288 --resolve-startup-const-strings=true --generate-mini-debug-info
06-04 09:07:25.455 429 429 I : DVI mode selected: packets not configured
06-04 09:07:25.455 429 429 I : Error: set vsif failed
06-04 09:07:25.453 637 637 E cutils-trace: Error opening trace file: No such file or directory (2)
06-04 09:07:25.471 637 637 W dex2oat32: ART APEX data files are untrusted.
06-04 09:07:25.471 637 637 W dex2oat32: Could not reserve sentinel fault page
06-04 09:07:25.503 429 429 I : DVI mode selected: packets not configured
06-04 09:07:25.503 429 429 I : Error: set vsif failed
06-04 09:07:25.537 429 429 I : DVI mode selected: packets not configured
06-04 09:07:25.537 429 429 I : Error: set vsif failed
06-04 09:07:25.586 429 429 I : DVI mode selected: packets not configured
06-04 09:07:25.586 429 429 I : Error: set vsif failed
06-04 09:07:25.619 429 429 I : DVI mode selected: packets not configured
06-04 09:07:25.619 429 429 I : Error: set vsif failed
06-04 09:07:25.656 429 429 I : DVI mode selected: packets not configured
06-04 09:07:25.656 429 429 I : Error: set vsif failed
06-04 09:07:25.703 429 429 I : DVI mode selected: packets not configured
06-04 09:07:25.703 429 429 I : Error: set vsif failed
06-04 09:07:25.758 244 248 W ServiceManager: Service statscompanion didn't start. Returning NULL
06-04 09:07:25.758 244 248 E statsd : Uid 1000 does not have the android.permission.REGISTER_STATS_PULL_ATOM permission when registering atom 10110 (-1)
06-04 09:07:25.792 637 637 I dex2oat32: dex2oat took 350.189ms (714.804ms cpu) (threads: 4) arena alloc=0B (0B) java alloc=180KB (184936B) native alloc=23MB (24842152B) free=952KB (974936B)
06-04 09:07:25.804 349 547 V installd: DexInv: --- END '/apex/com.android.tethering/priv-app/Tethering/Tethering.apk' (success) ---
06-04 09:07:25.890 517 559 W IorapForwardingService: No service published for: iorapd
06-04 09:07:26.205 517 517 I PackageDexOptimizer: Running dexopt (dexoptNeeded=1) on: /apex/com.android.mediaprovider/priv-app/MediaProvider/MediaProvider.apk pkg=com.android.providers.media.module isa=arm dexoptFlags=public targetFilter=verify oatDir=null classLoaderContext=PCL[]{}
06-04 09:07:26.206 349 547 V installd: DexInv: --- BEGIN '/apex/com.android.mediaprovider/priv-app/MediaProvider/MediaProvider.apk' ---
06-04 09:07:26.206 349 547 V installd: Running /apex/com.android.art/bin/dex2oat32 in=MediaProvider.apk out=/data/dalvik-cache/arm/apex@com.android.mediaprovider@priv-app@MediaProvider@MediaProvider.apk@classes.dex
06-04 09:07:26.252 643 643 I dex2oat32: /apex/com.android.art/bin/dex2oat32 --input-vdex-fd=-1 --output-vdex-fd=8 --classpath-dir=/apex/com.android.mediaprovider/priv-app/MediaProvider --class-loader-context=PCL[]{} --compact-dex-level=none --compiler-filter=verify --compilation-reason=first-boot --max-image-block-size=524288 --resolve-startup-const-strings=true --generate-mini-debug-info
06-04 09:07:26.255 643 643 E cutils-trace: Error opening trace file: No such file or directory (2)
06-04 09:07:26.298 643 643 W dex2oat32: ART APEX data files are untrusted.
06-04 09:07:26.674 643 643 I dex2oat32: dex2oat took 428.821ms (922.839ms cpu) (threads: 4) arena alloc=0B (0B) java alloc=1380KB (1413944B) native alloc=24MB (25572712B) free=954KB (977560B)
06-04 09:07:26.689 349 547 V installd: DexInv: --- END '/apex/com.android.mediaprovider/priv-app/MediaProvider/MediaProvider.apk' (success) ---
06-04 09:07:26.706 517 517 I PackageDexOptimizer: Running dexopt (dexoptNeeded=1) on: /apex/com.android.wifi/app/OsuLogin/OsuLogin.apk pkg=com.android.hotspot2.osulogin isa=arm dexoptFlags=public,enable_hidden_api_checks targetFilter=verify oatDir=null classLoaderContext=PCL[]{}
06-04 09:07:26.707 349 547 V installd: DexInv: --- BEGIN '/apex/com.android.wifi/app/OsuLogin/OsuLogin.apk' ---
06-04 09:07:26.707 349 547 V installd: Running /apex/com.android.art/bin/dex2oat32 in=OsuLogin.apk out=/data/dalvik-cache/arm/apex@com.android.wifi@app@OsuLogin@OsuLogin.apk@classes.dex
06-04 09:07:26.753 649 649 I dex2oat32: /apex/com.android.art/bin/dex2oat32 --input-vdex-fd=-1 --output-vdex-fd=8 --classpath-dir=/apex/com.android.wifi/app/OsuLogin --class-loader-context=PCL[]{} --compact-dex-level=none --compiler-filter=verify --compilation-reason=first-boot --max-image-block-size=524288 --resolve-startup-const-strings=true --generate-mini-debug-info
06-04 09:07:26.756 649 649 E cutils-trace: Error opening trace file: No such file or directory (2)
06-04 09:07:26.767 649 649 W dex2oat32: ART APEX data files are untrusted.
06-04 09:07:26.768 374 374 I update_engine: [INFO:cleanup_previous_update_action.cc(112)] Executing task 8
06-04 09:07:26.770 374 374 I update_engine: [INFO:cleanup_previous_update_action.cc(124)] CleanupPreviousUpdateAction scheduled task ID 9 for WaitBootCompleted
06-04 09:07:26.891 517 559 W IorapForwardingService: No service published for: iorapd
06-04 09:07:26.961 649 649 I dex2oat32: dex2oat took 215.391ms (242.760ms cpu) (threads: 4) arena alloc=0B (0B) java alloc=158KB (162032B) native alloc=23MB (24831488B) free=934KB (956928B)
06-04 09:07:26.973 349 547 V installd: DexInv: --- END '/apex/com.android.wifi/app/OsuLogin/OsuLogin.apk' (success) ---
06-04 09:07:27.044 517 517 I PackageDexOptimizer: Running dexopt (dexoptNeeded=1) on: /system/priv-app/AwManager/AwManager.apk pkg=com.softwinner.awmanager isa=arm dexoptFlags=public targetFilter=verify oatDir=null classLoaderContext=PCL[]{}
06-04 09:07:27.045 349 547 V installd: DexInv: --- BEGIN '/system/priv-app/AwManager/AwManager.apk' ---
06-04 09:07:27.045 349 547 V installd: Running /apex/com.android.art/bin/dex2oat32 in=AwManager.apk out=/data/dalvik-cache/arm/system@priv-app@AwManager@AwManager.apk@classes.dex
06-04 09:07:27.089 655 655 I dex2oat32: /apex/com.android.art/bin/dex2oat32 --input-vdex-fd=-1 --output-vdex-fd=8 --classpath-dir=/system/priv-app/AwManager --class-loader-context=PCL[]{} --compact-dex-level=none --compiler-filter=verify --compilation-reason=first-boot --max-image-block-size=524288 --resolve-startup-const-strings=true --generate-mini-debug-info
06-04 09:07:27.093 655 655 E cutils-trace: Error opening trace file: No such file or directory (2)
06-04 09:07:27.101 655 655 W dex2oat32: ART APEX data files are untrusted.
06-04 09:07:27.273 655 655 I dex2oat32: dex2oat took 189.801ms (190.314ms cpu) (threads: 4) arena alloc=0B (0B) java alloc=64KB (66392B) native alloc=23MB (24661112B) free=904KB (926600B)
06-04 09:07:27.284 349 547 V installd: DexInv: --- END '/system/priv-app/AwManager/AwManager.apk' (success) ---
06-04 09:07:27.364 517 517 I Watchdog: Resuming HandlerChecker: main thread for reason: dexopt. Pause count: 0
06-04 09:07:27.364 517 517 I SystemServerTiming: PerformFstrimIfNeeded
06-04 09:07:27.365 517 517 W PackageManager: No disk maintenance in 1748999247365; running immediately
06-04 09:07:27.365 517 517 I SystemServerTiming: StartLockSettingsService
06-04 09:07:27.365 517 623 I StorageManagerService: Running fstrim idle maintenance
06-04 09:07:27.365 517 517 I SystemServiceManager: Starting com.android.server.locksettings.LockSettingsService$Lifecycle
06-04 09:07:27.371 191 661 D vold : Starting trim of /data
06-04 09:07:27.376 191 661 I vold : Trimmed 0 bytes on /data in 4ms
06-04 09:07:27.376 191 661 D vold : Starting trim of /metadata
06-04 09:07:27.378 517 554 I DropBoxManagerService: add tag=storage_trim isTagEnabled=true flags=0x2
06-04 09:07:27.379 191 661 I vold : Trimmed 11915264 bytes on /metadata in 2ms
06-04 09:07:27.380 517 600 I DropBoxManagerService: add tag=storage_trim isTagEnabled=true flags=0x2
06-04 09:07:27.401 517 517 I SystemServerTiming: StartPersistentDataBlock
06-04 09:07:27.402 517 517 I SystemServiceManager: Starting com.android.server.PersistentDataBlockService
06-04 09:07:27.402 517 517 I SystemServerTiming: StartTestHarnessMode
06-04 09:07:27.402 517 517 I SystemServiceManager: Starting com.android.server.testharness.TestHarnessModeService
06-04 09:07:27.402 517 556 I SystemServerTimingAsync: InitThreadPoolExec:PersistentDataBlockService.onStart
06-04 09:07:27.402 517 556 D SystemServerInitThreadPool: Started executing PersistentDataBlockService.onStart
06-04 09:07:27.403 517 517 I SystemServerTiming: StartOemLockService
06-04 09:07:27.403 517 517 I SystemServiceManager: Starting com.android.server.oemlock.OemLockService
06-04 09:07:27.404 186 186 I hwservicemanager: getTransport: Cannot find entry android.hardware.oemlock@1.0::IOemLock/default in either framework or device VINTF manifest.
06-04 09:07:27.404 517 517 I OemLock : OemLock HAL not present on device
06-04 09:07:27.404 517 517 I OemLock : Using persistent data block based lock
06-04 09:07:27.405 517 517 I SystemServerTiming: StartDeviceIdleController
06-04 09:07:27.405 517 517 I SystemServiceManager: Starting com.android.server.DeviceIdleController
06-04 09:07:27.410 517 517 I SystemServerTiming: StartDevicePolicyManager
06-04 09:07:27.410 517 517 I SystemServiceManager: Starting com.android.server.devicepolicy.DevicePolicyManagerService$Lifecycle
06-04 09:07:27.415 517 556 D SystemServerInitThreadPool: Finished executing PersistentDataBlockService.onStart
06-04 09:07:27.421 517 517 I SystemServerTiming: StartStatusBarManagerService
06-04 09:07:27.423 517 517 D SystemServer: MusicRecognitionManagerService not defined by OEM or disabled by flag
06-04 09:07:27.423 517 517 D SystemServer: ContentCaptureService disabled because resource is not overlaid
06-04 09:07:27.423 517 517 D SystemServer: AttentionService is not configured on this device
06-04 09:07:27.423 517 517 D SystemServer: RotationResolverService is not configured on this device
06-04 09:07:27.423 517 517 D SystemServer: SystemCaptionsManagerService disabled because resource is not overlaid
06-04 09:07:27.423 517 517 I SystemServerTiming: StartTextToSpeechManagerService
06-04 09:07:27.424 517 517 I SystemServiceManager: Starting com.android.server.texttospeech.TextToSpeechManagerService
06-04 09:07:27.425 517 517 I SystemServerTiming: StartSpeechRecognitionManagerService
06-04 09:07:27.426 517 517 I SystemServiceManager: Starting com.android.server.speech.SpeechRecognitionManagerService
06-04 09:07:27.427 517 517 D SystemServer: AppPredictionService not defined by OEM
06-04 09:07:27.428 517 517 D SystemServer: ContentSuggestionsService not defined by OEM
06-04 09:07:27.428 517 517 I SystemServerTiming: StartSearchUiService
06-04 09:07:27.428 517 517 I SystemServiceManager: Starting com.android.server.searchui.SearchUiManagerService
06-04 09:07:27.429 517 517 I SystemServerTiming: StartSmartspaceService
06-04 09:07:27.429 517 517 I SystemServiceManager: Starting com.android.server.smartspace.SmartspaceManagerService
06-04 09:07:27.430 517 517 I SystemServerTiming: InitConnectivityModuleConnector
06-04 09:07:27.430 517 517 D ConnectivityModuleConnector: Network stack init
06-04 09:07:27.435 517 517 I SystemServerTiming: InitNetworkStackClient
06-04 09:07:27.436 517 517 I SystemServerTiming: StartNetworkManagementService
06-04 09:07:27.441 517 517 I SystemServerTiming: StartIpSecService
06-04 09:07:27.446 517 517 I SystemServerTiming: StartTextServicesManager
06-04 09:07:27.446 517 601 I SystemServerTimingAsync: InitThreadPoolExec:START_FONT_MANAGER_SERVICE
06-04 09:07:27.446 517 601 D SystemServerInitThreadPool: Started executing START_FONT_MANAGER_SERVICE
06-04 09:07:27.446 517 517 I SystemServiceManager: Starting com.android.server.textservices.TextServicesManagerService$Lifecycle
06-04 09:07:27.446 517 601 I SystemServerTimingAsync: START_FONT_MANAGER_SERVICE
06-04 09:07:27.447 517 517 I SystemServerTiming: StartTextClassificationManagerService
06-04 09:07:27.447 517 517 I SystemServiceManager: Starting com.android.server.textclassifier.TextClassificationManagerService$Lifecycle
06-04 09:07:27.450 517 517 I SystemServerTiming: StartNetworkScoreService
06-04 09:07:27.450 517 517 I SystemServiceManager: Starting com.android.server.NetworkScoreService$Lifecycle
06-04 09:07:27.450 517 517 I NetworkScoreService: Registering network_score
06-04 09:07:27.451 517 517 I SystemServerTiming: StartNetworkStatsService
06-04 09:07:27.455 517 517 I SystemServerTiming: StartNetworkPolicyManagerService
06-04 09:07:27.462 517 517 I SystemServerTiming: StartWifi
06-04 09:07:27.484 517 517 I SystemServiceManager: Starting com.android.server.wifi.WifiService
06-04 09:07:27.496 517 517 I WifiContext: Found Wifi Resources APK at: com.android.wifi.resources
06-04 09:07:27.503 517 517 V NetworkScoreManager: registerNetworkScoreCallback: callback=com.android.server.wifi.WifiNetworkScoreCache@a96754c, executor=com.android.wifi.x.android.os.HandlerExecutor@e954995
06-04 09:07:27.522 517 517 D ScanMetrics: Settings package: com.android.tv.settings
06-04 09:07:27.522 517 517 E ScanMetrics: Can't get GMS uid
06-04 09:07:27.537 517 517 I WifiCoexManager: Default coex algorithm is disabled.
06-04 09:07:27.572 517 517 D WifiOpenNetworkNotifier: Settings toggle enabled=true
06-04 09:07:27.577 517 517 D WifiNl80211Manager: registerCountryCodeEventListener called
06-04 09:07:27.577 361 361 I wificond: New wificond event callback registered
06-04 09:07:27.577 517 517 D WifiCountryCode: Default country code from system property ro.boot.wificountrycode is CN
06-04 09:07:27.584 517 517 D WakeupController: WifiWake enabled
06-04 09:07:27.586 517 517 V HistoricalRegistry: Interaction before persistence initialized
06-04 09:07:27.591 517 517 I WifiService: Registering wifi
06-04 09:07:27.592 517 517 I SystemServerTiming: StartWifiScanning
06-04 09:07:27.593 517 517 I SystemServiceManager: Starting com.android.server.wifi.scanner.WifiScanningService
06-04 09:07:27.593 517 517 I WifiScanningService: Creating wifiscanner
06-04 09:07:27.597 517 517 I WifiScanningService: Publishing wifiscanner
06-04 09:07:27.599 517 517 I SystemServerTiming: StartWifiP2P
06-04 09:07:27.599 517 517 I SystemServiceManager: Starting com.android.server.wifi.p2p.WifiP2pService
06-04 09:07:27.608 517 517 I WifiP2pService: Registering wifip2p
06-04 09:07:27.609 517 517 I SystemServerTiming: StartEthernet
06-04 09:07:27.609 517 517 I system_server: Waiting for a blocking GC ClassLinker
06-04 09:07:27.681 517 667 E system_server: Could not write anonymous vdex /apex/com.android.wifi/javalib/oat/arm/service-wifi.vdex: Could not create directory /apex/com.android.wifi/javalib/oat
06-04 09:07:27.708 517 601 D SystemServerInitThreadPool: Finished executing START_FONT_MANAGER_SERVICE
06-04 09:07:27.848 517 527 I system_server: Background concurrent copying GC freed 183907(8936KB) AllocSpace objects, 25(800KB) LOS objects, 49% free, 5256KB/10MB, paused 183us total 245.118ms
06-04 09:07:27.848 517 517 I system_server: WaitForGcToComplete blocked ClassLinker on Background for 238.418ms
06-04 09:07:27.849 517 517 I SystemServiceManager: Starting com.android.server.ethernet.EthernetService
06-04 09:07:27.849 517 517 I EthernetService: Registering service ethernet
06-04 09:07:27.850 517 517 I SystemServerTiming: StartPacProxyService
06-04 09:07:27.853 517 517 I SystemServerTiming: StartPppoe
06-04 09:07:27.854 517 517 I SystemServiceManager: Starting com.android.server.pppoe.PppoeService
06-04 09:07:27.854 517 517 I PppoeServiceImpl: Creating PppoeServiceImpl
06-04 09:07:27.870 517 517 I PppoeService: Registering service pppoe
06-04 09:07:27.871 517 517 I SystemServerTiming: StartConnectivityService
06-04 09:07:27.880 517 517 I SystemServiceManager: Starting com.android.server.ConnectivityServiceInitializer
06-04 09:07:27.893 517 559 W IorapForwardingService: No service published for: iorapd
06-04 09:07:27.902 517 517 D ConnectivityService: ConnectivityService starting up
06-04 09:07:27.905 517 517 D pppoeNRI:: uid/pid:1000/517 activeRequest: null callbackRequest: 5 [NetworkRequest [ REQUEST id=5, [ Transports: PPPOE Capabilities: INTERNET&NOT_RESTRICTED&TRUSTED&NOT_VPN&NOT_VCN_MANAGED RequestorUid: 1000 RequestorPkg: android] ]] callback flags: 1 priority: 2147483647
06-04 09:07:27.908 517 517 E TAG : Exception = android.content.pm.PackageManager$NameNotFoundException: android.telephony.cts
06-04 09:07:27.909 517 517 E TAG : Exception = android.content.pm.PackageManager$NameNotFoundException: android.net.cts
06-04 09:07:27.912 517 667 E system_server: Could not write anonymous vdex /apex/com.android.tethering/javalib/oat/arm/service-connectivity.vdex: Could not create directory /apex/com.android.tethering/javalib/oat
06-04 09:07:27.925 517 517 D CompatibilityChangeReporter: Compat change id reported: 182478738; UID 1000; state: ENABLED
06-04 09:07:27.930 517 517 I ConnectivityServiceInitializer: Registering connectivity
06-04 09:07:27.931 517 517 I SystemServerTiming: StartVpnManagerService
06-04 09:07:27.934 517 517 D VpnManagerService: VpnManagerService starting up
06-04 09:07:27.935 517 517 I SystemServerTiming: StartVcnManagementService
06-04 09:07:27.939 517 517 I SystemServerTiming: StartNsdService
06-04 09:07:27.940 517 517 D NsdService: Network service discovery is enabled
06-04 09:07:27.942 517 517 I SystemServerTiming: StartSystemUpdateManagerService
06-04 09:07:27.943 517 517 I SystemUpdateManagerService: No existing info file /data/system/system-update-info.xml
06-04 09:07:27.944 517 517 I SystemServerTiming: StartUpdateLockService
06-04 09:07:27.945 517 517 I SystemServerTiming: StartNotificationManager
06-04 09:07:27.945 517 517 I SystemServiceManager: Starting com.android.server.notification.NotificationManagerService
06-04 09:07:27.957 517 517 D ConditionProviders.SCP: new ScheduleConditionProvider()
06-04 09:07:27.960 517 517 I ConditionProviders: Allowing condition provider com.android.camera2 (userSet: true)
06-04 09:07:27.961 517 517 I ConditionProviders: Allowing condition provider android.ext.services/android.ext.services.notification.Assistant (userSet: true)
06-04 09:07:27.961 517 517 I NotificationAssistants: Allowing notification assistant android.ext.services/android.ext.services.notification.Assistant (userSet: false)
06-04 09:07:27.961 517 517 V NotificationAssistants: enabling notification assistant for 0: ComponentInfo{android.ext.services/android.ext.services.notification.Assistant}
06-04 09:07:27.961 517 517 V NotificationAssistants: binding: Intent { act=android.service.notification.NotificationAssistantService cmp=android.ext.services/.notification.Assistant (has extras) }
06-04 09:07:27.965 517 517 D CompatibilityChangeReporter: Compat change id reported: 147600208; UID 1000; state: ENABLED
06-04 09:07:27.966 517 517 D CompatibilityChangeReporter: Compat change id reported: 157233955; UID 1000; state: ENABLED
06-04 09:07:27.976 517 517 I SystemServerTiming: StartDeviceMonitor
06-04 09:07:27.976 517 517 I SystemServiceManager: Starting com.android.server.storage.DeviceStorageMonitorService
06-04 09:07:27.979 517 517 I SystemServerTiming: StartLocationManagerService
06-04 09:07:27.979 517 517 I SystemServiceManager: Starting com.android.server.location.LocationManagerService$Lifecycle
06-04 09:07:27.986 517 517 I SystemServerTiming: StartCountryDetectorService
06-04 09:07:27.987 517 517 I SystemServerTiming: StartTimeDetectorService
06-04 09:07:27.987 517 517 I SystemServiceManager: Starting com.android.server.timedetector.TimeDetectorService$Lifecycle
06-04 09:07:27.989 517 517 I SystemServerTiming: StartTimeZoneDetectorService
06-04 09:07:27.989 517 517 I SystemServiceManager: Starting com.android.server.timezonedetector.TimeZoneDetectorService$Lifecycle
06-04 09:07:27.991 517 517 I SystemServerTiming: StartLocationTimeZoneManagerService
06-04 09:07:27.991 517 517 I SystemServiceManager: Starting com.android.server.timezonedetector.location.LocationTimeZoneManagerService$Lifecycle
06-04 09:07:27.991 517 517 I SystemServerTiming: StartSearchManagerService
06-04 09:07:27.991 517 517 I SystemServiceManager: Starting com.android.server.search.SearchManagerService$Lifecycle
06-04 09:07:27.992 517 517 I SystemServerTiming: StartWallpaperManagerService
06-04 09:07:27.992 517 517 I SystemServiceManager: Starting com.android.server.wallpaper.WallpaperManagerService$Lifecycle
06-04 09:07:27.993 517 517 I SystemServerTiming: StartAudioService
06-04 09:07:27.993 517 517 I SystemServiceManager: Starting com.android.server.audio.AudioService$Lifecycle
06-04 09:07:28.006 517 517 I android_os_HwBinder: HwBinder: Starting thread pool for getting: android.hidl.manager@1.0::IServiceManager/default
06-04 09:07:28.011 268 452 W AudioFlinger: no wake lock to update, system not ready yet
06-04 09:07:28.014 268 268 D PermissionCache: checking android.permission.MODIFY_AUDIO_ROUTING for uid=1000 => granted (757 us)
06-04 09:07:28.022 268 444 D PermissionCache: checking android.permission.MODIFY_AUDIO_SETTINGS for uid=1000 => granted (163 us)
06-04 09:07:28.029 268 444 D AudioFlinger: isLowRamDevice:false totalMemory:2055442432 mClientSharedHeapSize:4194304
06-04 09:07:28.030 517 517 I SystemServerTiming: StartSoundTriggerMiddlewareService
06-04 09:07:28.030 517 517 I SystemServiceManager: Starting com.android.server.soundtrigger_middleware.SoundTriggerMiddlewareService$Lifecycle
06-04 09:07:28.033 517 517 D SoundTriggerMiddlewareService: Connecting to default ISoundTriggerHw
06-04 09:07:28.034 186 186 I hwservicemanager: getTransport: Cannot find entry android.hardware.soundtrigger@2.0::ISoundTriggerHw/default in either framework or device VINTF manifest.
06-04 09:07:28.037 517 517 E SoundTriggerMiddlewareImpl: Failed to add a SoundTriggerModule instance
06-04 09:07:28.037 517 517 E SoundTriggerMiddlewareImpl: java.util.NoSuchElementException
06-04 09:07:28.037 517 517 E SoundTriggerMiddlewareImpl: at android.os.HwBinder.getService(Native Method)
06-04 09:07:28.037 517 517 E SoundTriggerMiddlewareImpl: at android.hardware.soundtrigger.V2_0.ISoundTriggerHw.getService(ISoundTriggerHw.java:57)
06-04 09:07:28.037 517 517 E SoundTriggerMiddlewareImpl: at android.hardware.soundtrigger.V2_0.ISoundTriggerHw.getService(ISoundTriggerHw.java:64)
06-04 09:07:28.037 517 517 E SoundTriggerMiddlewareImpl: at com.android.server.soundtrigger_middleware.SoundTriggerMiddlewareService$Lifecycle.lambda$onStart$0(SoundTriggerMiddlewareService.java:238)
06-04 09:07:28.037 517 517 E SoundTriggerMiddlewareImpl: at com.android.server.soundtrigger_middleware.SoundTriggerMiddlewareService$Lifecycle$$ExternalSyntheticLambda0.create(Unknown Source:0)
06-04 09:07:28.037 517 517 E SoundTriggerMiddlewareImpl: at com.android.server.soundtrigger_middleware.SoundTriggerModule.attachToHal(SoundTriggerModule.java:222)
06-04 09:07:28.037 517 517 E SoundTriggerMiddlewareImpl: at com.android.server.soundtrigger_middleware.SoundTriggerModule.(SoundTriggerModule.java:112)
06-04 09:07:28.037 517 517 E SoundTriggerMiddlewareImpl: at com.android.server.soundtrigger_middleware.SoundTriggerMiddlewareImpl.(SoundTriggerMiddlewareImpl.java:89)
06-04 09:07:28.037 517 517 E SoundTriggerMiddlewareImpl: at com.android.server.soundtrigger_middleware.SoundTriggerMiddlewareService$Lifecycle.onStart(SoundTriggerMiddlewareService.java:244)
06-04 09:07:28.037 517 517 E SoundTriggerMiddlewareImpl: at com.android.server.SystemServiceManager.startService(SystemServiceManager.java:205)
06-04 09:07:28.037 517 517 E SoundTriggerMiddlewareImpl: at com.android.server.SystemServiceManager.startService(SystemServiceManager.java:192)
06-04 09:07:28.037 517 517 E SoundTriggerMiddlewareImpl: at com.android.server.SystemServer.startOtherServices(SystemServer.java:2161)
06-04 09:07:28.037 517 517 E SoundTriggerMiddlewareImpl: at com.android.server.SystemServer.run(SystemServer.java:928)
06-04 09:07:28.037 517 517 E SoundTriggerMiddlewareImpl: at com.android.server.SystemServer.main(SystemServer.java:628)
06-04 09:07:28.037 517 517 E SoundTriggerMiddlewareImpl: at java.lang.reflect.Method.invoke(Native Method)
06-04 09:07:28.037 517 517 E SoundTriggerMiddlewareImpl: at com.android.internal.os.RuntimeInit$MethodAndArgsCaller.run(RuntimeInit.java:548)
06-04 09:07:28.037 517 517 E SoundTriggerMiddlewareImpl: at com.android.internal.os.ZygoteInit.main(ZygoteInit.java:1160)
06-04 09:07:28.039 268 444 I CaptureStateNotifier: Registering a listener
06-04 09:07:28.039 517 517 I SystemServerTiming: StartDockObserver
06-04 09:07:28.040 517 517 I SystemServiceManager: Starting com.android.server.DockObserver
06-04 09:07:28.040 517 517 W DockObserver: This kernel does not have dock station support
06-04 09:07:28.041 517 517 I SystemServerTiming: StartWiredAccessoryManager
06-04 09:07:28.041 517 691 I SoundTriggerMiddlewareLogging: setCaptureState[this=com.android.server.soundtrigger_middleware.SoundTriggerMiddlewareImpl@5a59b25, client=null](false)
06-04 09:07:28.042 517 517 I SystemServer: Audio device manager Observer
06-04 09:07:28.043 517 517 E Environment: Path requests must specify a user by using UserEnvironment
06-04 09:07:28.043 517 517 E Environment: java.lang.Throwable
06-04 09:07:28.043 517 517 E Environment: at android.os.Environment.throwIfUserRequired(Environment.java:1449)
06-04 09:07:28.043 517 517 E Environment: at android.os.Environment.getExternalStorageDirectory(Environment.java:707)
06-04 09:07:28.043 517 517 E Environment: at com.android.server.SystemServer.startOtherServices(SystemServer.java:2192)
06-04 09:07:28.043 517 517 E Environment: at com.android.server.SystemServer.run(SystemServer.java:928)
06-04 09:07:28.043 517 517 E Environment: at com.android.server.SystemServer.main(SystemServer.java:628)
06-04 09:07:28.043 517 517 E Environment: at java.lang.reflect.Method.invoke(Native Method)
06-04 09:07:28.043 517 517 E Environment: at com.android.internal.os.RuntimeInit$MethodAndArgsCaller.run(RuntimeInit.java:548)
06-04 09:07:28.043 517 517 E Environment: at com.android.internal.os.ZygoteInit.main(ZygoteInit.java:1160)
06-04 09:07:28.045 517 517 W StorageManagerService: No primary storage defined yet; hacking together a stub
06-04 09:07:28.046 517 566 I DropBoxManagerService: add tag=system_server_wtf isTagEnabled=true flags=0x2
06-04 09:07:28.052 517 517 W system_server: ClassLoaderContext parent mismatch. (PCL[] | PCL[];PCL[/system/framework/com.android.location.provider.jar*3633238673:/system/framework/services.jar*324275400:/system/framework/services.jar!classes2.dex*4169108402:/system/framework/ethernet-service.jar*655162001:/system/framework/pppoe-service.jar*2082030846:/apex/com.android.appsearch/javalib/service-appsearch.jar*4100577803:/apex/com.android.media/javalib/service-media-s.jar*3881732923:/apex/com.android.permission/javalib/service-permission.jar*62506796])
06-04 09:07:28.058 517 517 D DisplayOutputManager: ro.build.characteristics=homlet
06-04 09:07:28.059 185 185 E SELinux : avc: denied { find } for pid=517 uid=1000 name=vendor.display.output.IDisplayOutputManager/default scontext=u:r:system_server:s0 tcontext=u:object_r:hal_awdisplayoutput_service:s0 tclass=service_manager permissive=1
06-04 09:07:28.059 185 185 I servicemanager: Found vendor.display.output.IDisplayOutputManager/default in device VINTF manifest.
06-04 09:07:28.061 517 517 D HomletDisplayOutputManager: get IDisplayOutputManager service success
06-04 09:07:28.061 517 517 D AudioManagerEx: AudioManagerEx
06-04 09:07:28.062 517 517 D AudioDeviceManagerObserver: AudioDeviceManagerObserver construct
06-04 09:07:28.062 517 517 I SystemServerTiming: StartMidiManager
06-04 09:07:28.062 517 517 I SystemServiceManager: Starting com.android.server.midi.MidiService$Lifecycle
06-04 09:07:28.063 517 517 I SystemServerTiming: StartAdbService
06-04 09:07:28.063 517 517 I SystemServiceManager: Starting com.android.server.adb.AdbService$Lifecycle
06-04 09:07:28.065 517 517 I SystemServerTiming: StartUsbService
06-04 09:07:28.065 517 517 I SystemServiceManager: Starting com.android.server.usb.UsbService$Lifecycle
06-04 09:07:28.066 517 517 I SystemServerTiming: StartSerialService
06-04 09:07:28.066 517 564 I SystemServerTimingAsync: InitThreadPoolExec:UsbService$Lifecycle#onStart
06-04 09:07:28.066 517 564 D SystemServerInitThreadPool: Started executing UsbService$Lifecycle#onStart
06-04 09:07:28.067 517 517 I SystemServerTiming: StartHardwarePropertiesManagerService
06-04 09:07:28.069 186 186 I hwservicemanager: getTransport: Cannot find entry android.hardware.thermal@1.0::IThermal/default in either framework or device VINTF manifest.
06-04 09:07:28.069 517 517 E HardwarePropertiesManagerService-JNI: Unable to get Thermal service.
06-04 09:07:28.070 517 517 I SystemServerTiming: StartTwilightService
