06-04 09:07:33.589 724 724 E a2dp_vendor_aptx_encoder: system/bt/stack/a2dp/a2dp_vendor_aptx_encoder.cc:123 A2DP_VendorLoadEncoderAptx: A2DP_VendorLoadEncoderAptx: cannot open aptX encoder library libaptX_encoder.so: dlopen failed: library "libaptX_encoder.so" not found
06-04 09:07:33.589 724 724 E a2dp_vendor_aptx: system/bt/stack/a2dp/a2dp_vendor_aptx.cc:465 init: init: cannot load the encoder
06-04 09:07:33.589 724 724 I a2dp_codec: system/bt/stack/a2dp/a2dp_codec_config.cc:113 createCodec: createCodec: codec aptX-HD
06-04 09:07:33.589 724 724 E a2dp_vendor_aptx_hd_encoder: system/bt/stack/a2dp/a2dp_vendor_aptx_hd_encoder.cc:123 A2DP_VendorLoadEncoderAptxHd: A2DP_VendorLoadEncoderAptxHd: cannot open aptX-HD encoder library libaptXHD_encoder.so: dlopen failed: library "libaptXHD_encoder.so" not found
06-04 09:07:33.589 724 724 E a2dp_vendor_aptx_hd: system/bt/stack/a2dp/a2dp_vendor_aptx_hd.cc:483 init: init: cannot load the encoder
06-04 09:07:33.589 724 724 I a2dp_codec: system/bt/stack/a2dp/a2dp_codec_config.cc:113 createCodec: createCodec: codec LDAC
06-04 09:07:33.589 724 724 I a2dp_codec: system/bt/stack/a2dp/a2dp_codec_config.cc:633 init: init: updated LDAC codec priority to 5001
06-04 09:07:33.590 724 724 I a2dp_codec: system/bt/stack/a2dp/a2dp_codec_config.cc:113 createCodec: createCodec: codec SBC SINK
06-04 09:07:33.590 724 724 I a2dp_codec: system/bt/stack/a2dp/a2dp_codec_config.cc:113 createCodec: createCodec: codec AAC SINK
06-04 09:07:33.590 724 724 I a2dp_codec: system/bt/stack/a2dp/a2dp_codec_config.cc:113 createCodec: createCodec: codec LDAC SINK
06-04 09:07:33.590 724 724 E a2dp_vendor_ldac_decoder: system/bt/stack/a2dp/a2dp_vendor_ldac_decoder.cc:134 A2DP_VendorLoadDecoderLdac: A2DP_VendorLoadDecoderLdac: cannot open LDAC decoder library libldacBT_bco.so: dlopen failed: library "libldacBT_bco.so" not found
06-04 09:07:33.590 724 724 E a2dp_vendor_ldac: system/bt/stack/a2dp/a2dp_vendor_ldac.cc:1418 init: init: cannot load the decoder
06-04 09:07:33.590 724 724 I a2dp_codec: system/bt/stack/a2dp/a2dp_codec_config.cc:658 init: init: initialized Source codec LDAC
06-04 09:07:33.590 724 724 I a2dp_codec: system/bt/stack/a2dp/a2dp_codec_config.cc:658 init: init: initialized Source codec AAC
06-04 09:07:33.590 724 724 I a2dp_codec: system/bt/stack/a2dp/a2dp_codec_config.cc:658 init: init: initialized Source codec SBC
06-04 09:07:33.590 724 724 I a2dp_codec: system/bt/stack/a2dp/a2dp_codec_config.cc:665 init: init: initialized Sink codec AAC SINK
06-04 09:07:33.590 724 724 I a2dp_codec: system/bt/stack/a2dp/a2dp_codec_config.cc:665 init: init: initialized Sink codec SBC SINK
06-04 09:07:33.590 724 724 I a2dp_codec: system/bt/stack/a2dp/a2dp_codec_config.cc:569 init: init
06-04 09:07:33.590 724 724 I a2dp_codec: system/bt/stack/a2dp/a2dp_codec_config.cc:113 createCodec: createCodec: codec SBC
06-04 09:07:33.590 724 724 I a2dp_codec: system/bt/stack/a2dp/a2dp_codec_config.cc:633 init: init: updated SBC codec priority to 1001
06-04 09:07:33.590 724 724 I a2dp_codec: system/bt/stack/a2dp/a2dp_codec_config.cc:113 createCodec: createCodec: codec AAC
06-04 09:07:33.590 724 724 I a2dp_codec: system/bt/stack/a2dp/a2dp_codec_config.cc:633 init: init: updated AAC codec priority to 2001
06-04 09:07:33.590 724 724 I a2dp_codec: system/bt/stack/a2dp/a2dp_codec_config.cc:113 createCodec: createCodec: codec aptX
06-04 09:07:33.591 724 724 E a2dp_vendor_aptx_encoder: system/bt/stack/a2dp/a2dp_vendor_aptx_encoder.cc:123 A2DP_VendorLoadEncoderAptx: A2DP_VendorLoadEncoderAptx: cannot open aptX encoder library libaptX_encoder.so: dlopen failed: library "libaptX_encoder.so" not found
06-04 09:07:33.591 724 724 E a2dp_vendor_aptx: system/bt/stack/a2dp/a2dp_vendor_aptx.cc:465 init: init: cannot load the encoder
06-04 09:07:33.591 724 724 I a2dp_codec: system/bt/stack/a2dp/a2dp_codec_config.cc:113 createCodec: createCodec: codec aptX-HD
06-04 09:07:33.592 724 724 E a2dp_vendor_aptx_hd_encoder: system/bt/stack/a2dp/a2dp_vendor_aptx_hd_encoder.cc:123 A2DP_VendorLoadEncoderAptxHd: A2DP_VendorLoadEncoderAptxHd: cannot open aptX-HD encoder library libaptXHD_encoder.so: dlopen failed: library "libaptXHD_encoder.so" not found
06-04 09:07:33.592 724 724 E a2dp_vendor_aptx_hd: system/bt/stack/a2dp/a2dp_vendor_aptx_hd.cc:483 init: init: cannot load the encoder
06-04 09:07:33.592 724 724 I a2dp_codec: system/bt/stack/a2dp/a2dp_codec_config.cc:113 createCodec: createCodec: codec LDAC
06-04 09:07:33.592 724 724 I a2dp_codec: system/bt/stack/a2dp/a2dp_codec_config.cc:633 init: init: updated LDAC codec priority to 5001
06-04 09:07:33.592 724 724 I a2dp_codec: system/bt/stack/a2dp/a2dp_codec_config.cc:113 createCodec: createCodec: codec SBC SINK
06-04 09:07:33.592 724 724 I a2dp_codec: system/bt/stack/a2dp/a2dp_codec_config.cc:113 createCodec: createCodec: codec AAC SINK
06-04 09:07:33.592 724 724 I a2dp_codec: system/bt/stack/a2dp/a2dp_codec_config.cc:113 createCodec: createCodec: codec LDAC SINK
06-04 09:07:33.592 724 724 E a2dp_vendor_ldac_decoder: system/bt/stack/a2dp/a2dp_vendor_ldac_decoder.cc:134 A2DP_VendorLoadDecoderLdac: A2DP_VendorLoadDecoderLdac: cannot open LDAC decoder library libldacBT_bco.so: dlopen failed: library "libldacBT_bco.so" not found
06-04 09:07:33.592 724 724 E a2dp_vendor_ldac: system/bt/stack/a2dp/a2dp_vendor_ldac.cc:1418 init: init: cannot load the decoder
06-04 09:07:33.592 724 724 I a2dp_codec: system/bt/stack/a2dp/a2dp_codec_config.cc:658 init: init: initialized Source codec LDAC
06-04 09:07:33.592 724 724 I a2dp_codec: system/bt/stack/a2dp/a2dp_codec_config.cc:658 init: init: initialized Source codec AAC
06-04 09:07:33.592 724 724 I a2dp_codec: system/bt/stack/a2dp/a2dp_codec_config.cc:658 init: init: initialized Source codec SBC
06-04 09:07:33.592 724 724 I a2dp_codec: system/bt/stack/a2dp/a2dp_codec_config.cc:665 init: init: initialized Sink codec AAC SINK
06-04 09:07:33.592 724 724 I a2dp_codec: system/bt/stack/a2dp/a2dp_codec_config.cc:665 init: init: initialized Sink codec SBC SINK
06-04 09:07:33.593 724 724 I bt_btif_a2dp_source: system/bt/btif/src/btif_a2dp_source.cc:325 btif_a2dp_source_init: btif_a2dp_source_init
06-04 09:07:33.593 724 1052 I bt_stack: [INFO:message_loop_thread.cc(224)] Run: message loop starting for thread bt_a2dp_source_worker_thread
06-04 09:07:33.593 724 1052 I bt_btif_a2dp_source: system/bt/btif/src/btif_a2dp_source.cc:335 btif_a2dp_source_init_delayed: btif_a2dp_source_init_delayed
06-04 09:07:33.593 724 724 I bt_btif_storage: system/bt/btif/src/btif_storage.cc:661 btif_storage_get_adapter_property: btif_storage_get_adapter_property service_mask:0x20000048
06-04 09:07:33.594 724 1005 I bt_bta_av: system/bt/bta/av/bta_av_main.cc:418 bta_av_api_register: bta_av_api_register: AVRCP version used for sdp: "avrcp15"
06-04 09:07:33.594 724 1005 I bt_l2cap: system/bt/stack/l2cap/l2c_api.cc:134 L2CA_Register: L2CAP Registered service classic PSM: 0x0019
06-04 09:07:33.594 724 1005 I bt_l2cap: system/bt/stack/l2cap/l2c_api.cc:134 L2CA_Register: L2CAP Registered service classic PSM: 0x0017
06-04 09:07:33.594 724 1005 I bt_l2cap: system/bt/stack/l2cap/l2c_api.cc:134 L2CA_Register: L2CAP Registered service classic PSM: 0x001b
06-04 09:07:33.594 724 1005 I bt_bta_dm: system/bt/bta/dm/bta_dm_act.cc:3198 bta_dm_eir_update_uuid: EIR Adding UUID=0x110A into extended inquiry response
06-04 09:07:33.594 724 1005 I bt_bta_dm: system/bt/bta/dm/bta_dm_act.cc:2897 bta_dm_set_eir: Generating extended inquiry response packet EIR
06-04 09:07:33.594 724 724 D A2dpService: A2DP offload flag set to false
06-04 09:07:33.594 724 1005 I bt_bta_av: system/bt/bta/av/bta_av_act.cc:304 bta_av_rc_create: Skipping RC creation for the old AVRCP profile
06-04 09:07:33.594 724 1005 I bt_bta_dm: system/bt/bta/dm/bta_dm_act.cc:3198 bta_dm_eir_update_uuid: EIR Adding UUID=0x110E into extended inquiry response
06-04 09:07:33.594 724 1005 I bt_bta_dm: system/bt/bta/dm/bta_dm_act.cc:2897 bta_dm_set_eir: Generating extended inquiry response packet EIR
06-04 09:07:33.594 724 1005 I bt_bta_av: system/bt/bta/av/bta_av_main.cc:418 bta_av_api_register: bta_av_api_register: AVRCP version used for sdp: "avrcp15"
06-04 09:07:33.594 724 1005 I bt_bta_av: system/bt/bta/av/bta_av_main.cc:418 bta_av_api_register: bta_av_api_register: AVRCP version used for sdp: "avrcp15"
06-04 09:07:33.594 724 1005 I bt_bta_av: system/bt/bta/av/bta_av_main.cc:418 bta_av_api_register: bta_av_api_register: AVRCP version used for sdp: "avrcp15"
06-04 09:07:33.594 724 1005 I bt_bta_av: system/bt/bta/av/bta_av_main.cc:418 bta_av_api_register: bta_av_api_register: AVRCP version used for sdp: "avrcp15"
06-04 09:07:33.594 724 1005 I bt_bta_av: system/bt/bta/av/bta_av_main.cc:418 bta_av_api_register: bta_av_api_register: AVRCP version used for sdp: "avrcp15"
06-04 09:07:33.598 724 724 D A2dpService: setA2dpService(): set to: com.android.bluetooth.a2dp.A2dpService@fb15ad0
06-04 09:07:33.599 724 724 I BluetoothHidHostServiceJni: classInitNative: succeeds
06-04 09:07:33.602 724 724 I bt_btif : system/bt/btif/src/bluetooth.cc:417 get_profile_interface: get_profile_interface: id = hidhost
06-04 09:07:33.603 724 724 I bt_btif_storage: system/bt/btif/src/btif_storage.cc:661 btif_storage_get_adapter_property: btif_storage_get_adapter_property service_mask:0x20100048
06-04 09:07:33.603 724 1005 I bt_l2cap: system/bt/stack/l2cap/l2c_api.cc:134 L2CA_Register: L2CAP Registered service classic PSM: 0x0011
06-04 09:07:33.603 724 1005 I bt_l2cap: system/bt/stack/l2cap/l2c_api.cc:134 L2CA_Register: L2CAP Registered service classic PSM: 0x0013
06-04 09:07:33.603 724 1005 I bluetooth: system/bt/stack/gatt/gatt_api.cc:1019 GATT_Register: Allocated name:GattClient uuid:b55eef7b-8c2d-79b0-7378-f071ff7abc45 gatt_if:4 eatt_support:0
06-04 09:07:33.603 724 724 I BluetoothPanServiceJni: classInitNative(L110): succeeds
06-04 09:07:33.606 724 724 D BluetoothPanServiceJni: initializeNative(L115): pan
06-04 09:07:33.606 724 724 I bt_btif : system/bt/btif/src/bluetooth.cc:417 get_profile_interface: get_profile_interface: id = pan
06-04 09:07:33.606 724 1005 I bt_l2cap: system/bt/stack/l2cap/l2c_api.cc:134 L2CA_Register: L2CAP Registered service classic PSM: 0x000f
06-04 09:07:33.607 724 1005 I bt_bta_dm: system/bt/bta/dm/bta_dm_act.cc:3198 bta_dm_eir_update_uuid: EIR Adding UUID=0x1116 into extended inquiry response
06-04 09:07:33.607 724 1005 I bt_bta_dm: system/bt/bta/dm/bta_dm_act.cc:2897 bta_dm_set_eir: Generating extended inquiry response packet EIR
06-04 09:07:33.607 724 1005 I bt_bta_dm: system/bt/bta/dm/bta_dm_act.cc:3198 bta_dm_eir_update_uuid: EIR Adding UUID=0x1115 into extended inquiry response
06-04 09:07:33.607 724 1005 I bt_bta_dm: system/bt/bta/dm/bta_dm_act.cc:2897 bta_dm_set_eir: Generating extended inquiry response packet EIR
06-04 09:07:33.607 724 1005 I bt_bta_dm: system/bt/bta/dm/bta_dm_act.cc:3198 bta_dm_eir_update_uuid: EIR Adding UUID=0x1116 into extended inquiry response
06-04 09:07:33.607 724 1005 I bt_bta_dm: system/bt/bta/dm/bta_dm_act.cc:2897 bta_dm_set_eir: Generating extended inquiry response packet EIR
06-04 09:07:33.607 724 1005 I bt_bta_dm: system/bt/bta/dm/bta_dm_act.cc:3198 bta_dm_eir_update_uuid: EIR Adding UUID=0x1115 into extended inquiry response
06-04 09:07:33.607 724 1005 I bt_bta_dm: system/bt/bta/dm/bta_dm_act.cc:2897 bta_dm_set_eir: Generating extended inquiry response packet EIR
06-04 09:07:33.607 724 832 D BluetoothPanServiceJni: control_state_callback(L62): state:0, local_role:3, ifname:bt-pan
06-04 09:07:33.625 724 724 I AvrcpTargetService: Starting the AVRCP Target Service
06-04 09:07:33.628 724 724 V MediaPlayerList: Creating MediaPlayerList
06-04 09:07:33.636 517 806 D MediaSessionService: The MediaKeyEventSessionChangedListener (android.os.BinderProxy@c3322f8) is added by com.android.bluetooth
06-04 09:07:33.637 724 724 I AvrcpTargetJni: classInitNative: AvrcpTargetJni initialized!
06-04 09:07:33.637 724 724 D AvrcpNativeInterface: Init AvrcpNativeInterface
06-04 09:07:33.637 724 724 D AvrcpTargetJni: initNative
06-04 09:07:33.637 724 1005 I bt_stack: [INFO:avrcp_service.cc(287)] AVRCP Target Service started
06-04 09:07:33.637 724 1005 I bt_bta_dm: system/bt/bta/dm/bta_dm_act.cc:3198 bta_dm_eir_update_uuid: EIR Adding UUID=0x110C into extended inquiry response
06-04 09:07:33.637 724 1005 I bt_bta_dm: system/bt/bta/dm/bta_dm_act.cc:2897 bta_dm_set_eir: Generating extended inquiry response packet EIR
06-04 09:07:33.637 724 1005 I bt_stack: [INFO:connection_handler.cc(197)] Connect to device ff:ff:ff:ff:ff:ff
06-04 09:07:33.637 724 1005 I bt_stack: [INFO:connection_handler.cc(219)] virtual bool bluetooth::avrcp::ConnectionHandler::AvrcpConnect(bool, const RawAddress &): handle=0000 status= 000000
06-04 09:07:33.642 724 724 E AvrcpTargetService: Please use AVRCP version 1.6 to enable cover art
06-04 09:07:33.652 724 724 V BluetoothHidDeviceServiceJni: classInitNative: done
06-04 09:07:33.653 724 724 V BluetoothHidDeviceServiceJni: initNative enter
06-04 09:07:33.653 724 724 I bt_btif : system/bt/btif/src/bluetooth.cc:417 get_profile_interface: get_profile_interface: id = hiddev
06-04 09:07:33.653 724 724 I bt_btif_storage: system/bt/btif/src/btif_storage.cc:661 btif_storage_get_adapter_property: btif_storage_get_adapter_property service_mask:0x60100048
06-04 09:07:33.653 724 724 V BluetoothHidDeviceServiceJni: initNative done
06-04 09:07:33.670 724 724 D BtOppService: setBluetoothOppService(): set to: com.android.bluetooth.opp.BluetoothOppService@7784f56
06-04 09:07:33.675 724 724 I BluetoothPbapService: setCurrentUser(0)
06-04 09:07:33.680 724 1046 D CompatibilityChangeReporter: Compat change id reported: 150939131; UID 1002; state: ENABLED
06-04 09:07:33.683 724 724 D BluetoothPbapService: setBluetoothPbapService(): set to: com.android.bluetooth.pbap.BluetoothPbapService@6c8df65
06-04 09:07:33.684 724 724 D AvrcpVolumeManager: onAudioDevicesAdded: Not expecting device changed
06-04 09:07:33.686 724 1057 D ObexServerSockets: create(rfcomm = -2, l2capPsm = -2)
06-04 09:07:33.686 724 724 D AdapterProperties: onBluetoothReady, state=TURNING_ON, ScanMode=20
06-04 09:07:33.691 724 1058 W ActivityThread: Failed to find provider info for com.android.contacts (user not unlocked)
06-04 09:07:33.691 724 1057 I bt_btif_sock_rfcomm: system/bt/btif/src/btif_sock_rfc.cc:303 btsock_rfc_listen: Adding listening socket service_name: (null) - channel: -2
06-04 09:07:33.693 724 1005 I bt_stack: [INFO:port_api.cc(234)] RFCOMM_CreateConnection: bd_addr=ff:ff:ff:ff:ff:ff, scn=4, is_server=1, mtu=990, uuid=000000, dlci=8, signal_state=0x0b, p_port=0xc64c4d94
06-04 09:07:33.694 724 1058 D BluetoothPbapUtils: Failed to fetch contacts data from database..
06-04 09:07:33.694 724 832 D AdapterProperties: Scan Mode:21
06-04 09:07:33.695 724 832 D AdapterProperties: Discoverable Timeout:120
06-04 09:07:33.695 724 724 D BluetoothAdapterService: updateUuids() - Updating UUIDs for bonded devices
06-04 09:07:33.696 724 1057 I bluetooth: system/bt/btif/src/btif_sock_l2cap.cc:316 btsock_l2cap_alloc_l: Allocated l2cap socket structure socket_id:1
06-04 09:07:33.696 724 724 I BluetoothAdapterService: initProfileServices: Initializing all bluetooth profile services
06-04 09:07:33.697 724 1005 I bt_l2cap: system/bt/stack/l2cap/l2c_api.cc:134 L2CA_Register: L2CAP Registered service classic PSM: 0x1001
06-04 09:07:33.697 724 1005 I bluetooth: system/bt/btif/src/btif_sock_l2cap.cc:341 send_app_psm_or_chan_l: Sending l2cap socket socket_id:1 channel:4097
06-04 09:07:33.697 724 1057 D BluetoothAdapter: listenUsingL2capOn: set assigned channel to 4097
06-04 09:07:33.697 724 724 I BluetoothA2dpSinkServiceJni: classInitNative: succeeds
06-04 09:07:33.697 724 1057 D ObexServerSockets: Succeed to create listening sockets
06-04 09:07:33.697 724 1057 D ObexServerSockets0: startAccept()
06-04 09:07:33.697 724 724 W HeadsetClientService: getHeadsetClientService(): service is null
06-04 09:07:33.698 724 724 W MapClientService: getMapClientService(): service is null
06-04 09:07:33.698 724 724 W PbapClientService: getPbapClientService(): service is null
06-04 09:07:33.698 724 724 W HearingAidService: getHearingAidService(): service is NULL
06-04 09:07:33.698 724 724 W SapService: getSapService(): service is null
06-04 09:07:33.699 724 832 D AdapterProperties: mLocalIOCapability set to 1
06-04 09:07:33.699 724 832 D AdapterProperties: mLocalIOCapabilityBLE set to 4
06-04 09:07:33.699 724 1057 D BluetoothSdpJni: sdpCreatePbapPseRecordNative
06-04 09:07:33.699 724 1057 D BluetoothSdpJni: SDP Create record success - handle: 0
06-04 09:07:33.699 724 1005 I bt_bta_dm: system/bt/bta/dm/bta_dm_act.cc:3198 bta_dm_eir_update_uuid: EIR Adding UUID=0x112F into extended inquiry response
06-04 09:07:33.700 724 1005 I bt_bta_dm: system/bt/bta/dm/bta_dm_act.cc:2897 bta_dm_set_eir: Generating extended inquiry response packet EIR
06-04 09:07:33.700 724 1057 D BluetoothPbapService: created Sdp record, mSdpHandle=0
06-04 09:07:33.701 724 817 I AdapterState: ON : entered
06-04 09:07:33.701 724 817 D AdapterProperties: Setting state to ON
06-04 09:07:33.702 724 817 D BluetoothAdapterService: updateAdapterState() - Broadcasting state ON to 1 receivers.
06-04 09:07:33.702 724 1061 D ObexServerSockets0: Accepting socket connection...
06-04 09:07:33.703 517 559 D BluetoothManagerService: MESSAGE_BLUETOOTH_STATE_CHANGE: TURNING_ON > ON
06-04 09:07:33.704 517 559 D BluetoothManagerService: Broadcasting onBluetoothStateChange(true) to 4 receivers.
06-04 09:07:33.704 517 559 D BluetoothHeadset: onBluetoothStateChange: up=true
06-04 09:07:33.704 517 559 D BluetoothManagerService: Creating new ProfileServiceConnections object for profile: 1
06-04 09:07:33.705 724 1062 D ObexServerSockets0: Accepting socket connection...
06-04 09:07:33.708 517 599 D PackageManager: Instant App installer not found with android.intent.action.INSTALL_INSTANT_APP_PACKAGE
06-04 09:07:33.708 517 599 D PackageManager: Clear ephemeral installer activity
06-04 09:07:33.711 517 559 D BluetoothManagerService: Sending BLE State Change: TURNING_ON > ON
06-04 09:07:33.711 517 559 D BluetoothManagerService: Sending State Change: TURNING_ON > ON
06-04 09:07:33.714 739 827 D LocalBluetoothProfileManager: Adding local A2DP profile
06-04 09:07:33.716 724 837 D BluetoothActiveDeviceManager: handleMessage(MESSAGE_ADAPTER_ACTION_STATE_CHANGED): newState=12
06-04 09:07:33.720 739 827 D BluetoothA2dp: Binding service...
06-04 09:07:33.722 724 724 D BluetoothAdapterService: isQuetModeEnabled() - Enabled = false
06-04 09:07:33.722 724 724 I BluetoothPhonePolicy: autoConnect: Initiate auto connection on BT on...
06-04 09:07:33.722 724 724 D BluetoothDatabase: getMostRecentlyConnectedA2dpDevice: Invalid address for device LocalStorage
06-04 09:07:33.723 724 724 E BluetoothPhonePolicy: autoConnect: most recently active a2dp device is null
06-04 09:07:33.723 724 724 D BtOppService: start Socket Listeners
06-04 09:07:33.723 724 724 D BtOppService: stopListeners: mServerSocket is null
06-04 09:07:33.723 724 724 D ObexServerSockets: create(rfcomm = -2, l2capPsm = -2)
06-04 09:07:33.725 739 739 D BluetoothA2dp: Proxy object connected
06-04 09:07:33.726 724 724 I bt_btif_sock_rfcomm: system/bt/btif/src/btif_sock_rfc.cc:303 btsock_rfc_listen: Adding listening socket service_name: (null) - channel: -2
06-04 09:07:33.726 724 1005 I bt_stack: [INFO:port_api.cc(234)] RFCOMM_CreateConnection: bd_addr=ff:ff:ff:ff:ff:ff, scn=5, is_server=1, mtu=990, uuid=000000, dlci=10, signal_state=0x0b, p_port=0xc64c4e1c
06-04 09:07:33.727 724 724 D BluetoothAdapter: listenUsingInsecureL2capOn: port=-2
06-04 09:07:33.728 739 827 D LocalBluetoothProfileManager: Adding local HEADSET profile
06-04 09:07:33.730 739 827 D LocalBluetoothProfileManager: Adding local MAP profile
06-04 09:07:33.731 739 827 D BluetoothMap: Create BluetoothMap proxy object
06-04 09:07:33.732 739 827 D BluetoothMap: Binding service...
06-04 09:07:33.736 724 724 I bluetooth: system/bt/btif/src/btif_sock_l2cap.cc:316 btsock_l2cap_alloc_l: Allocated l2cap socket structure socket_id:2
06-04 09:07:33.737 724 1005 I bt_l2cap: system/bt/stack/l2cap/l2c_api.cc:134 L2CA_Register: L2CAP Registered service classic PSM: 0x1003
06-04 09:07:33.737 724 1005 I bluetooth: system/bt/btif/src/btif_sock_l2cap.cc:341 send_app_psm_or_chan_l: Sending l2cap socket socket_id:2 channel:4099
06-04 09:07:33.737 724 724 D BluetoothAdapter: listenUsingInsecureL2capOn: set assigned channel to 4099
06-04 09:07:33.737 724 724 D ObexServerSockets: Succeed to create listening sockets
06-04 09:07:33.737 739 827 D LocalBluetoothProfileManager: Adding local OPP profile
06-04 09:07:33.737 724 724 D ObexServerSockets1: startAccept()
06-04 09:07:33.738 739 827 D LocalBluetoothProfileManager: Adding local HID_HOST profile
06-04 09:07:33.738 724 724 D BluetoothSdpJni: sdpCreateOppOpsRecordNative
06-04 09:07:33.738 724 1065 D ObexServerSockets1: Accepting socket connection...
06-04 09:07:33.738 724 1005 I bt_bta_dm: system/bt/bta/dm/bta_dm_act.cc:3198 bta_dm_eir_update_uuid: EIR Adding UUID=0x1105 into extended inquiry response
06-04 09:07:33.738 724 1005 I bt_bta_dm: system/bt/bta/dm/bta_dm_act.cc:2897 bta_dm_set_eir: Generating extended inquiry response packet EIR
06-04 09:07:33.739 724 724 D BluetoothSdpJni: SDP Create record success - handle: 1
06-04 09:07:33.739 724 724 D BtOppService: mOppSdpHandle :1
06-04 09:07:33.739 724 1066 D ObexServerSockets1: Accepting socket connection...
06-04 09:07:33.740 739 827 D BluetoothHidHost: Binding service...
06-04 09:07:33.740 739 739 D BluetoothMap: Proxy object connected
06-04 09:07:33.741 739 739 D BluetoothMap: getConnectedDevices()
06-04 09:07:33.744 739 827 D LocalBluetoothProfileManager: Adding local HID_DEVICE profile
06-04 09:07:33.744 739 739 D BluetoothHidHost: Proxy object connected
06-04 09:07:33.745 739 827 D BluetoothHidDevice: Binding service...
06-04 09:07:33.748 739 827 D LocalBluetoothProfileManager: Adding local PAN profile
06-04 09:07:33.748 739 739 D BluetoothHidDevice: Proxy object connected
06-04 09:07:33.749 739 827 D BluetoothPan: Binding service...
06-04 09:07:33.753 739 827 D LocalBluetoothProfileManager: Adding local PBAP profile
06-04 09:07:33.753 739 739 D BluetoothPan: Proxy object connected
06-04 09:07:33.771 127 127 I usb0-drvvbus: disabling
06-04 09:07:33.811 517 559 D BluetoothHeadset: Proxy object connected
06-04 09:07:33.813 517 686 I AS.BtHelper: setBtScoActiveDevice: (null) -> (null)
06-04 09:07:33.831 739 1041 D BluetoothHeadset: Proxy object connected
06-04 09:07:33.839 517 848 W WindowManager: Failed looking up window session=Session{c0095d0 963:u0a10020} callers=com.android.server.wm.WindowManagerService.windowForClientLocked:5702 com.android.server.wm.Session.insetsModified:629 android.view.IWindowSession$Stub.onTransact:1151
06-04 09:07:33.855 356 356 D awplayer: : setLooping
06-04 09:07:33.856 356 356 D awplayer: : setLooping
06-04 09:07:33.856 356 356 D awplayer: : start
06-04 09:07:33.857 356 356 W awplayer: : input invalid args.
06-04 09:07:33.857 356 356 D awplayer: : start
06-04 09:07:33.858 356 1036 D awplayer: : process message XPLAYER_COMMAND_START.
06-04 09:07:33.858 356 1036 D awplayer: : player start
06-04 09:07:33.858 356 1036 D awplayer: : audio decoder receive cmd: start
06-04 09:07:33.858 356 1037 D Allwinner Audio Middle Layer: ver : 2017-8-4-18-00 Create Decoder!!=====
06-04 09:07:33.858 356 1037 D awplayer: : Create libadecoder success...
06-04 09:07:33.858 356 1037 D Allwinner Audio Middle Layer: ver : 2017-8-4-18-00 AudioDec_Installaudiolib ok
06-04 09:07:33.858 356 1037 D Allwinner Audio Middle Layer: ver : 2017-8-4-18-00 audio decoder init start ...
06-04 09:07:33.858 356 1037 D AllwinnerAlibs: ver : 2017-8-4-18-00
06-04 09:07:33.858 356 1037 D AllwinnerAlibs: >>>>>>>>>>>>>>>>>>>>>>>>>>>>>>> Audio <<<<<<<<<<<<<<<<<<<<<<<<<<<<<<<
06-04 09:07:33.858 356 1037 D AllwinnerAlibs: tag : audiocodec-v1.2
06-04 09:07:33.858 356 1037 D AllwinnerAlibs: branch: new
06-04 09:07:33.858 356 1037 D AllwinnerAlibs: commit: 3ba65962c01cbf1280ddda19d843009b6ef8ce85
06-04 09:07:33.858 356 1037 D AllwinnerAlibs: date : Tue Jan 8 16:25:27 2019 +0800
06-04 09:07:33.858 356 1037 D AllwinnerAlibs: ----------------------------------------------------------------------
06-04 09:07:33.859 356 1037 D AllwinnerAlibs: ver : 2017-8-4-18-00 ----Loading so success!
06-04 09:07:33.859 356 1037 D AllwinnerAlibs: ver : 2017-8-4-18-00 *************pAudioStreamInfo start******************
06-04 09:07:33.859 356 1037 D AllwinnerAlibs: ver : 2017-8-4-18-00 eCodecFormat :id(3), name(mpeg layer-III)
06-04 09:07:33.859 356 1037 D AllwinnerAlibs: ver : 2017-8-4-18-00 eSubCodecFormat :0
06-04 09:07:33.859 356 1037 D AllwinnerAlibs: ver : 2017-8-4-18-00 nChannelNum :1
06-04 09:07:33.859 356 1037 D AllwinnerAlibs: ver : 2017-8-4-18-00 nBitsPerSample :16
06-04 09:07:33.859 356 1037 D AllwinnerAlibs: ver : 2017-8-4-18-00 nSampleRate :16000
06-04 09:07:33.859 356 1037 D AllwinnerAlibs: ver : 2017-8-4-18-00 nAvgBitrate :48000
06-04 09:07:33.859 356 1037 D AllwinnerAlibs: ver : 2017-8-4-18-00 nMaxBitRate :48000
06-04 09:07:33.860 356 1037 D AllwinnerAlibs: ver : 2017-8-4-18-00 nFileSize :0
06-04 09:07:33.860 356 1037 D AllwinnerAlibs: ver : 2017-8-4-18-00 eAudioBitstreamSource:0
06-04 09:07:33.860 356 1037 D AllwinnerAlibs: ver : 2017-8-4-18-00 eDataEncodeType :0
06-04 09:07:33.860 356 1037 D AllwinnerAlibs: ver : 2017-8-4-18-00 nCodecSpecificDataLen:0
06-04 09:07:33.860 356 1037 D AllwinnerAlibs: ver : 2017-8-4-18-00 pCodecSpecificData :0x0
06-04 09:07:33.860 356 1037 D AllwinnerAlibs: ver : 2017-8-4-18-00 nFlags :0
06-04 09:07:33.860 356 1037 D AllwinnerAlibs: ver : 2017-8-4-18-00 nBlockAlign :0
06-04 09:07:33.860 356 1037 D AllwinnerAlibs: ver : 2017-8-4-18-00 *************pAudioStreamInfo end ******************
06-04 09:07:33.860 356 1037 D Allwinner Audio Libs: ver : 2017-8-4-18-00 init successs...
06-04 09:07:33.860 356 1037 D Allwinner Audio Middle Layer: ver : 2017-8-4-18-00 AUDIO DECODE INIT OK...0
06-04 09:07:33.860 356 1036 D awplayer: : audio render receive cmd: start
06-04 09:07:33.860 356 1038 I awplayer: : audio render process start message.
06-04 09:07:33.860 356 1038 D awplayer: : init sound device.
06-04 09:07:33.860 356 1038 D awplayer: : set sound devide param, sample rate = 16000, channel num = 1.
06-04 09:07:33.860 356 1038 W awplayer: : message 0x40a not handled.
06-04 09:07:33.860 356 1035 D demuxComponent: : process message DEMUX_COMMAND_START.
06-04 09:07:33.862 356 1035 W awplayer: : eos...
06-04 09:07:33.862 356 1035 D awplayer: : audio decoder receive cmd: eos
06-04 09:07:33.866 356 1037 D awplayer: : audio render receive cmd: eos
06-04 09:07:33.866 356 1038 I awplayer: : audio render process set_eos message.
06-04 09:07:33.866 356 1038 D awplayer: : start sound device.
06-04 09:07:33.866 356 1038 D awplayer: <__SdStart:279>: : start
06-04 09:07:33.875 268 1049 D AudioFlinger: Client defaulted notificationFrames to 870 for frameCount 1740
06-04 09:07:33.877 268 1049 D AF::TrackHandle: OpPlayAudio: track:55 usage:1 not muted
06-04 09:07:33.880 963 963 D BluetoothAdapter: isLeEnabled(): ON
06-04 09:07:33.884 963 963 I Thread-2: type=1400 audit(0.0:356): avc: denied { search } for name="net" dev="sysfs" ino=10442 scontext=u:r:platform_app:s0:c512,c768 tcontext=u:object_r:sysfs_net:s0 tclass=dir permissive=1 app=com.dangbei.hqguide
06-04 09:07:33.884 963 963 I Thread-2: type=1400 audit(0.0:357): avc: denied { read } for name="address" dev="sysfs" ino=16906 scontext=u:r:platform_app:s0:c512,c768 tcontext=u:object_r:sysfs_net:s0 tclass=file permissive=1 app=com.dangbei.hqguide
06-04 09:07:33.884 963 963 I Thread-2: type=1400 audit(0.0:358): avc: denied { open } for path="/sys/devices/virtual/net/dummy0/address" dev="sysfs" ino=16906 scontext=u:r:platform_app:s0:c512,c768 tcontext=u:object_r:sysfs_net:s0 tclass=file permissive=1 app=com.dangbei.hqguide
06-04 09:07:33.884 963 963 I Thread-2: type=1400 audit(0.0:359): avc: denied { getattr } for path="/sys/devices/virtual/net/dummy0/address" dev="sysfs" ino=16906 scontext=u:r:platform_app:s0:c512,c768 tcontext=u:object_r:sysfs_net:s0 tclass=file permissive=1 app=com.dangbei.hqguide
06-04 09:07:33.889 356 1038 D awplayer: : audio device start end
06-04 09:07:33.889 356 1038 D awplayer: : first audio pts = 0
06-04 09:07:33.893 724 1005 I bluetooth: system/bt/stack/gatt/gatt_api.cc:1019 GATT_Register: Allocated name:GattClient uuid:c4619f0d-45ea-f569-51dc-12e49c52993c gatt_if:5 eatt_support:0
06-04 09:07:33.894 251 1072 D audio_hw_primary: start_output_stream out->format : 0x00000000
06-04 09:07:33.894 251 1072 V audio_hw_primary: start_output_stream, line: 1503
06-04 09:07:33.894 251 1072 V audio_hw_primary: use AUDIO_CODEC to playback audio
06-04 09:07:33.894 251 1072 D audio_route: Apply path: media-speaker-headphones
06-04 09:07:33.894 251 1072 D audio_route: Apply path: media-headset-mic
06-04 09:07:33.894 251 1072 D audio_hw_primary: open card=0, port=0
06-04 09:07:33.894 251 1072 D audio_hw_primary: config:2 44100 960 2 0 5760 1 0
06-04 09:07:33.894 251 1072 D audio_hw_primary: set_raw_flag(card=0, raw_flag=1)
06-04 09:07:33.892 251 251 I writer : type=1400 audit(0.0:360): avc: denied { read } for name="u:object_r:default_prop:s0" dev="tmpfs" ino=6306 scontext=u:r:hal_audio_default:s0 tcontext=u:object_r:default_prop:s0 tclass=file permissive=1
06-04 09:07:33.892 251 251 I writer : type=1400 audit(0.0:361): avc: denied { open } for path="/dev/__properties__/u:object_r:default_prop:s0" dev="tmpfs" ino=6306 scontext=u:r:hal_audio_default:s0 tcontext=u:object_r:default_prop:s0 tclass=file permissive=1
06-04 09:07:33.892 251 251 I writer : type=1400 audit(0.0:362): avc: denied { getattr } for path="/dev/__properties__/u:object_r:default_prop:s0" dev="tmpfs" ino=6306 scontext=u:r:hal_audio_default:s0 tcontext=u:object_r:default_prop:s0 tclass=file permissive=1
06-04 09:07:33.895 251 1072 V audio_hw_primary: do not use out resampler
06-04 09:07:33.892 251 251 I writer : type=1400 audit(0.0:363): avc: denied { map } for path="/dev/__properties__/u:object_r:default_prop:s0" dev="tmpfs" ino=6306 scontext=u:r:hal_audio_default:s0 tcontext=u:object_r:default_prop:s0 tclass=file permissive=1
06-04 09:07:33.896 963 983 D BluetoothLeScanner: onScannerRegistered() - status=0 scannerId=5 mScannerId=0
06-04 09:07:33.904 517 559 W IorapForwardingService: No service published for: iorapd
06-04 09:07:33.915 724 738 W UnsafeUtil: platform method missing - proto runtime falling back to safer methods: java.lang.NoSuchMethodException: sun.misc.Unsafe.copyMemory [class java.lang.Object, long, class java.lang.Object, long, long]
06-04 09:07:33.919 268 452 D AudioFlinger: mixer(0xf6ca02c0) throttle end: throttle time(7)
06-04 09:07:33.956 264 264 I EventThread: type=1400 audit(0.0:364): avc: denied { search } for name="extcon" dev="sysfs" ino=18109 scontext=u:r:hal_tv_cec_default:s0 tcontext=u:object_r:sysfs_extcon:s0 tclass=dir permissive=1
06-04 09:07:33.992 517 517 I Binder:517_3: type=1400 audit(0.0:365): avc: denied { read } for name="u:object_r:vendor_default_prop:s0" dev="tmpfs" ino=6458 scontext=u:r:system_server:s0 tcontext=u:object_r:vendor_default_prop:s0 tclass=file permissive=1
06-04 09:07:33.992 517 517 I Binder:517_3: type=1400 audit(0.0:366): avc: denied { open } for path="/dev/__properties__/u:object_r:vendor_default_prop:s0" dev="tmpfs" ino=6458 scontext=u:r:system_server:s0 tcontext=u:object_r:vendor_default_prop:s0 tclass=file permissive=1
06-04 09:07:33.992 517 517 I Binder:517_3: type=1400 audit(0.0:367): avc: denied { getattr } for path="/dev/__properties__/u:object_r:vendor_default_prop:s0" dev="tmpfs" ino=6458 scontext=u:r:system_server:s0 tcontext=u:object_r:vendor_default_prop:s0 tclass=file permissive=1
06-04 09:07:33.992 517 517 I Binder:517_3: type=1400 audit(0.0:368): avc: denied { map } for path="/dev/__properties__/u:object_r:vendor_default_prop:s0" dev="tmpfs" ino=6458 scontext=u:r:system_server:s0 tcontext=u:object_r:vendor_default_prop:s0 tclass=file permissive=1
06-04 09:07:33.995 517 561 D CompatibilityChangeReporter: Compat change id reported: 158002302; UID 10020; state: ENABLED
06-04 09:07:33.998 272 338 W ServiceManager: Permission failure: android.permission.ACCESS_SURFACE_FLINGER from uid=10020 pid=963
06-04 09:07:33.998 272 338 D PermissionCache: checking android.permission.ACCESS_SURFACE_FLINGER for uid=10020 => denied (669 us)
06-04 09:07:33.999 272 338 W ServiceManager: Permission failure: android.permission.ROTATE_SURFACE_FLINGER from uid=10020 pid=963
06-04 09:07:33.999 272 338 D PermissionCache: checking android.permission.ROTATE_SURFACE_FLINGER for uid=10020 => denied (370 us)
06-04 09:07:34.012 186 186 I hwservicemanager: getTransport: Cannot find entry android.hardware.configstore@1.0::ISurfaceFlingerConfigs/default in either framework or device VINTF manifest.
06-04 09:07:34.024 963 963 I RenderThread: type=1400 audit(0.0:369): avc: denied { search } for name="com.dangbei.hqguide" dev="mmcblk0p25" ino=1001 scontext=u:r:platform_app:s0:c512,c768 tcontext=u:object_r:app_data_file:s0:c512,c768 tclass=dir permissive=1 app=com.dangbei.hqguide
06-04 09:07:34.028 272 338 E HWComposer: getSupportedContentTypes: getSupportedContentTypes failed for display 0: Unsupported (8)
06-04 09:07:34.030 186 186 I hwservicemanager: getTransport: Cannot find entry android.hardware.graphics.mapper@4.0::IMapper/default in either framework or device VINTF manifest.
06-04 09:07:34.030 963 1082 I Gralloc4: mapper 4.x is not supported
06-04 09:07:34.030 186 186 I hwservicemanager: getTransport: Cannot find entry android.hardware.graphics.mapper@3.0::IMapper/default in either framework or device VINTF manifest.
06-04 09:07:34.030 963 1082 W Gralloc3: mapper 3.x is not supported
06-04 09:07:34.034 963 1082 E gralloc : Arm Module v1.0
06-04 09:07:34.035 186 186 I hwservicemanager: getTransport: Cannot find entry android.hardware.graphics.allocator@4.0::IAllocator/default in either framework or device VINTF manifest.
06-04 09:07:34.035 963 1082 W Gralloc4: allocator 4.x is not supported
06-04 09:07:34.035 186 186 I hwservicemanager: getTransport: Cannot find entry android.hardware.graphics.allocator@3.0::IAllocator/default in either framework or device VINTF manifest.
06-04 09:07:34.036 963 1082 W Gralloc3: allocator 3.x is not supported
06-04 09:07:34.037 257 292 I gralloc : alloc buffer:W:1920 H:1080 S:1920 PL[1920 1080] SZ:8294400 fmt:1 if:0 af:1 usg:20000b00 fg:00000004
06-04 09:07:34.038 963 1082 E ion : ioctl c0044901 failed with code -1: Inappropriate ioctl for device
06-04 09:07:34.039 257 292 I gralloc : alloc buffer:W:1920 H:1080 S:1920 PL[1920 1080] SZ:8294400 fmt:1 if:0 af:1 usg:20000b00 fg:00000004
06-04 09:07:34.042 257 292 I gralloc : alloc buffer:W:1920 H:1080 S:1920 PL[1920 1080] SZ:8294400 fmt:1 if:0 af:1 usg:20000b00 fg:00000004
06-04 09:07:34.124 724 832 I bt_btif_dm: system/bt/btif/src/btif_dm.cc:548 btif_update_remote_properties: cod from storage is also unclassified
06-04 09:07:34.145 517 561 E ActivityRecord: real home.....com.dangbei.hqguide/.main.MainActivity
06-04 09:07:34.145 517 561 E +++ActivityRecord: pre led_switch = 1
06-04 09:07:34.144 1 1 I /system/bin/init: type=1107 audit(0.0:370): uid=0 auid=4294967295 ses=4294967295 subj=u:r:init:s0 msg='avc: denied { set } for property=vendor.led_switch pid=517 uid=1000 gid=1000 scontext=u:r:system_server:s0 tcontext=u:object_r:vendor_default_prop:s0 tclass=property_service permissive=1'
06-04 09:07:34.150 1 1 I init : processing action (vendor.led_switch=*) from (/vendor/etc/init/hw/init.oranth.rc:133)
06-04 09:07:34.151 963 982 I OpenGLRenderer: Davey! duration=9223372005067ms; Flags=1, FrameTimelineVsyncId=568, IntendedVsync=31787292512, Vsync=31853959176, InputEventId=0, HandleInputStart=31860259181, AnimationStart=31860276723, PerformTraversalsStart=31860289598, DrawStart=31968608598, FrameDeadline=31803959178, FrameInterval=31860113056, FrameStartTime=16666666, SyncQueued=31976432306, SyncStart=31976559098, IssueDrawCommandsStart=31977450015, SwapBuffers=32072181848, FrameCompleted=9223372036854775807, DequeueBufferDuration=310167, QueueBufferDuration=1021541, GpuCompleted=9223372036854775807, SwapBuffersCompleted=32074298890, DisplayPresentTime=0,
06-04 09:07:34.154 1 1 I init : starting service 'exec 16 (/vendor/bin/led_switch.sh 5)'...
06-04 09:07:34.152 1091 1091 I init : type=1400 audit(0.0:371): avc: denied { execute } for name="led_switch.sh" dev="dm-1" ino=129 scontext=u:r:init:s0 tcontext=u:object_r:vendor_file:s0 tclass=file permissive=1
06-04 09:07:34.157 517 561 W System.err: java.io.IOException: Cannot run program "su": error=2, No such file or directory
06-04 09:07:34.156 1091 1091 I init : type=1400 audit(0.0:372): avc: denied { execute_no_trans } for path="/vendor/bin/led_switch.sh" dev="dm-1" ino=129 scontext=u:r:init:s0 tcontext=u:object_r:vendor_file:s0 tclass=file permissive=1
06-04 09:07:34.158 517 561 W System.err: at java.lang.ProcessBuilder.start(ProcessBuilder.java:1050)
06-04 09:07:34.158 517 561 W System.err: at java.lang.Runtime.exec(Runtime.java:694)
06-04 09:07:34.158 517 561 W System.err: at java.lang.Runtime.exec(Runtime.java:524)
06-04 09:07:34.158 517 561 W System.err: at java.lang.Runtime.exec(Runtime.java:421)
06-04 09:07:34.158 517 561 W System.err: at com.android.server.wm.ActivityRecord.executeCMD(ActivityRecord.java:5940)
06-04 09:07:34.158 517 561 W System.err: at com.android.server.wm.ActivityRecord.onWindowsDrawn(ActivityRecord.java:5992)
06-04 09:07:34.158 517 561 W System.err: at com.android.server.wm.ActivityRecord.updateReportedVisibilityLocked(ActivityRecord.java:6126)
06-04 09:07:34.158 517 561 W System.err: at com.android.server.wm.ActivityRecord.onFirstWindowDrawn(ActivityRecord.java:5913)
06-04 09:07:34.158 517 561 W System.err: at com.android.server.wm.WindowState.performShowLocked(WindowState.java:4693)
06-04 09:07:34.158 517 561 W System.err: at com.android.server.wm.WindowStateAnimator.commitFinishDrawingLocked(WindowStateAnimator.java:287)
06-04 09:07:34.158 517 561 W System.err: at com.android.server.wm.DisplayContent.lambda$new$8$DisplayContent(DisplayContent.java:960)
06-04 09:07:34.158 517 561 W System.err: at com.android.server.wm.DisplayContent$$ExternalSyntheticLambda28.accept(Unknown Source:4)
06-04 09:07:34.158 517 561 W System.err: at com.android.server.wm.WindowContainer$ForAllWindowsConsumerWrapper.apply(WindowContainer.java:2389)
06-04 09:07:34.158 517 561 W System.err: at com.android.server.wm.WindowContainer$ForAllWindowsConsumerWrapper.apply(WindowContainer.java:2379)
06-04 09:07:34.159 517 561 W System.err: at com.android.server.wm.WindowState.applyInOrderWithImeWindows(WindowState.java:4910)
06-04 09:07:34.159 517 561 W System.err: at com.android.server.wm.WindowState.forAllWindows(WindowState.java:4805)
06-04 09:07:34.159 517 561 W System.err: at com.android.server.wm.WindowContainer.forAllWindows(WindowContainer.java:1394)
06-04 09:07:34.159 517 561 W System.err: at com.android.server.wm.ActivityRecord.forAllWindowsUnchecked(ActivityRecord.java:4099)
06-04 09:07:34.159 517 561 W System.err: at com.android.server.wm.ActivityRecord.forAllWindows(ActivityRecord.java:4094)
06-04 09:07:34.159 517 561 W System.err: at com.android.server.wm.WindowContainer.forAllWindows(WindowContainer.java:1394)
06-04 09:07:34.159 517 561 W System.err: at com.android.server.wm.WindowContainer.forAllWindows(WindowContainer.java:1394)
06-04 09:07:34.159 517 561 W System.err: at com.android.server.wm.WindowContainer.forAllWindows(WindowContainer.java:1394)
06-04 09:07:34.159 517 561 W System.err: at com.android.server.wm.TaskDisplayArea.forAllWindows(TaskDisplayArea.java:682)
06-04 09:07:34.159 517 561 W System.err: at com.android.server.wm.WindowContainer.forAllWindows(WindowContainer.java:1394)
06-04 09:07:34.159 517 561 W System.err: at com.android.server.wm.WindowContainer.forAllWindows(WindowContainer.java:1394)
06-04 09:07:34.159 517 561 W System.err: at com.android.server.wm.WindowContainer.forAllWindows(WindowContainer.java:1394)
06-04 09:07:34.159 517 561 W System.err: at com.android.server.wm.WindowContainer.forAllWindows(WindowContainer.java:1394)
06-04 09:07:34.159 517 561 W System.err: at com.android.server.wm.WindowContainer.forAllWindows(WindowContainer.java:1394)
06-04 09:07:34.159 517 561 W System.err: at com.android.server.wm.WindowContainer.forAllWindows(WindowContainer.java:1411)
06-04 09:07:34.159 517 561 W System.err: at com.android.server.wm.DisplayContent.applySurfaceChangesTransaction(DisplayContent.java:4334)
06-04 09:07:34.159 517 561 W System.err: at com.android.server.wm.RootWindowContainer.applySurfaceChangesTransaction(RootWindowContainer.java:1091)
06-04 09:07:34.159 517 561 W System.err: at com.android.server.wm.RootWindowContainer.performSurfacePlacementNoTrace(RootWindowContainer.java:867)
06-04 09:07:34.159 517 561 W System.err: at com.android.server.wm.RootWindowContainer.performSurfacePlacement(RootWindowContainer.java:820)
06-04 09:07:34.159 517 561 W System.err: at com.android.server.wm.WindowSurfacePlacer.performSurfacePlacementLoop(WindowSurfacePlacer.java:177)
06-04 09:07:34.159 517 561 W System.err: at com.android.server.wm.WindowSurfacePlacer.performSurfacePlacement(WindowSurfacePlacer.java:126)
06-04 09:07:34.159 517 561 W System.err: at com.android.server.wm.WindowSurfacePlacer.performSurfacePlacement(WindowSurfacePlacer.java:115)
06-04 09:07:34.159 517 561 W System.err: at com.android.server.wm.WindowSurfacePlacer$Traverser.run(WindowSurfacePlacer.java:57)
06-04 09:07:34.159 517 561 W System.err: at android.os.Handler.handleCallback(Handler.java:938)
06-04 09:07:34.159 517 561 W System.err: at android.os.Handler.dispatchMessage(Handler.java:99)
06-04 09:07:34.159 517 561 W System.err: at android.os.Looper.loopOnce(Looper.java:201)
06-04 09:07:34.159 517 561 W System.err: at android.os.Looper.loop(Looper.java:288)
06-04 09:07:34.159 517 561 W System.err: at android.os.HandlerThread.run(HandlerThread.java:67)
06-04 09:07:34.159 517 561 W System.err: at com.android.server.ServiceThread.run(ServiceThread.java:44)
06-04 09:07:34.160 517 561 W System.err: Caused by: java.io.IOException: error=2, No such file or directory
06-04 09:07:34.160 517 561 W System.err: at java.lang.UNIXProcess.forkAndExec(Native Method)
06-04 09:07:34.160 517 561 W System.err: at java.lang.UNIXProcess.(UNIXProcess.java:133)
06-04 09:07:34.160 517 561 W System.err: at java.lang.ProcessImpl.start(ProcessImpl.java:141)
06-04 09:07:34.160 517 561 W System.err: at java.lang.ProcessBuilder.start(ProcessBuilder.java:1029)
06-04 09:07:34.160 517 561 W System.err: ... 42 more
06-04 09:07:34.161 1 1 I init : SVC_EXEC service 'exec 16 (/vendor/bin/led_switch.sh 5)' pid 1091 (uid 0 gid 0+0 context default) started; waiting...
06-04 09:07:34.169 517 561 W System.err: java.io.IOException: Cannot run program "su": error=2, No such file or directory
06-04 09:07:34.170 517 561 W System.err: at java.lang.ProcessBuilder.start(ProcessBuilder.java:1050)
06-04 09:07:34.170 517 561 W System.err: at java.lang.Runtime.exec(Runtime.java:694)
06-04 09:07:34.170 517 561 W System.err: at java.lang.Runtime.exec(Runtime.java:524)
06-04 09:07:34.170 517 561 W System.err: at java.lang.Runtime.exec(Runtime.java:421)
06-04 09:07:34.170 517 561 W System.err: at com.android.server.wm.ActivityRecord.executeCMD(ActivityRecord.java:5940)
06-04 09:07:34.170 517 561 W System.err: at com.android.server.wm.ActivityRecord.onWindowsDrawn(ActivityRecord.java:6001)
06-04 09:07:34.170 517 561 W System.err: at com.android.server.wm.ActivityRecord.updateReportedVisibilityLocked(ActivityRecord.java:6126)
06-04 09:07:34.170 517 561 W System.err: at com.android.server.wm.ActivityRecord.onFirstWindowDrawn(ActivityRecord.java:5913)
06-04 09:07:34.170 517 561 W System.err: at com.android.server.wm.WindowState.performShowLocked(WindowState.java:4693)
06-04 09:07:34.170 517 561 W System.err: at com.android.server.wm.WindowStateAnimator.commitFinishDrawingLocked(WindowStateAnimator.java:287)
06-04 09:07:34.170 517 561 W System.err: at com.android.server.wm.DisplayContent.lambda$new$8$DisplayContent(DisplayContent.java:960)
06-04 09:07:34.170 517 561 W System.err: at com.android.server.wm.DisplayContent$$ExternalSyntheticLambda28.accept(Unknown Source:4)
06-04 09:07:34.170 517 561 W System.err: at com.android.server.wm.WindowContainer$ForAllWindowsConsumerWrapper.apply(WindowContainer.java:2389)
06-04 09:07:34.170 517 561 W System.err: at com.android.server.wm.WindowContainer$ForAllWindowsConsumerWrapper.apply(WindowContainer.java:2379)
06-04 09:07:34.170 517 561 W System.err: at com.android.server.wm.WindowState.applyInOrderWithImeWindows(WindowState.java:4910)
06-04 09:07:34.170 517 561 W System.err: at com.android.server.wm.WindowState.forAllWindows(WindowState.java:4805)
06-04 09:07:34.170 517 561 W System.err: at com.android.server.wm.WindowContainer.forAllWindows(WindowContainer.java:1394)
06-04 09:07:34.170 517 561 W System.err: at com.android.server.wm.ActivityRecord.forAllWindowsUnchecked(ActivityRecord.java:4099)
06-04 09:07:34.170 517 561 W System.err: at com.android.server.wm.ActivityRecord.forAllWindows(ActivityRecord.java:4094)
06-04 09:07:34.170 517 561 W System.err: at com.android.server.wm.WindowContainer.forAllWindows(WindowContainer.java:1394)
06-04 09:07:34.170 517 561 W System.err: at com.android.server.wm.WindowContainer.forAllWindows(WindowContainer.java:1394)
06-04 09:07:34.170 517 561 W System.err: at com.android.server.wm.WindowContainer.forAllWindows(WindowContainer.java:1394)
06-04 09:07:34.171 517 561 W System.err: at com.android.server.wm.TaskDisplayArea.forAllWindows(TaskDisplayArea.java:682)
06-04 09:07:34.171 517 561 W System.err: at com.android.server.wm.WindowContainer.forAllWindows(WindowContainer.java:1394)
06-04 09:07:34.171 517 561 W System.err: at com.android.server.wm.WindowContainer.forAllWindows(WindowContainer.java:1394)
06-04 09:07:34.171 517 561 W System.err: at com.android.server.wm.WindowContainer.forAllWindows(WindowContainer.java:1394)
06-04 09:07:34.171 517 561 W System.err: at com.android.server.wm.WindowContainer.forAllWindows(WindowContainer.java:1394)
06-04 09:07:34.171 517 561 W System.err: at com.android.server.wm.WindowContainer.forAllWindows(WindowContainer.java:1394)
06-04 09:07:34.171 517 561 W System.err: at com.android.server.wm.WindowContainer.forAllWindows(WindowContainer.java:1411)
06-04 09:07:34.171 517 561 W System.err: at com.android.server.wm.DisplayContent.applySurfaceChangesTransaction(DisplayContent.java:4334)
06-04 09:07:34.171 517 561 W System.err: at com.android.server.wm.RootWindowContainer.applySurfaceChangesTransaction(RootWindowContainer.java:1091)
06-04 09:07:34.171 517 561 W System.err: at com.android.server.wm.RootWindowContainer.performSurfacePlacementNoTrace(RootWindowContainer.java:867)
06-04 09:07:34.171 517 561 W System.err: at com.android.server.wm.RootWindowContainer.performSurfacePlacement(RootWindowContainer.java:820)
06-04 09:07:34.171 517 561 W System.err: at com.android.server.wm.WindowSurfacePlacer.performSurfacePlacementLoop(WindowSurfacePlacer.java:177)
06-04 09:07:34.171 517 561 W System.err: at com.android.server.wm.WindowSurfacePlacer.performSurfacePlacement(WindowSurfacePlacer.java:126)
06-04 09:07:34.171 517 561 W System.err: at com.android.server.wm.WindowSurfacePlacer.performSurfacePlacement(WindowSurfacePlacer.java:115)
06-04 09:07:34.171 517 561 W System.err: at com.android.server.wm.WindowSurfacePlacer$Traverser.run(WindowSurfacePlacer.java:57)
06-04 09:07:34.171 517 561 W System.err: at android.os.Handler.handleCallback(Handler.java:938)
06-04 09:07:34.171 517 561 W System.err: at android.os.Handler.dispatchMessage(Handler.java:99)
06-04 09:07:34.171 517 561 W System.err: at android.os.Looper.loopOnce(Looper.java:201)
06-04 09:07:34.171 517 561 W System.err: at android.os.Looper.loop(Looper.java:288)
06-04 09:07:34.171 517 561 W System.err: at android.os.HandlerThread.run(HandlerThread.java:67)
06-04 09:07:34.171 517 561 W System.err: at com.android.server.ServiceThread.run(ServiceThread.java:44)
06-04 09:07:34.172 517 561 W System.err: Caused by: java.io.IOException: error=2, No such file or directory
06-04 09:07:34.172 517 561 W System.err: at java.lang.UNIXProcess.forkAndExec(Native Method)
06-04 09:07:34.172 517 561 W System.err: at java.lang.UNIXProcess.(UNIXProcess.java:133)
06-04 09:07:34.172 517 561 W System.err: at java.lang.ProcessImpl.start(ProcessImpl.java:141)
06-04 09:07:34.172 517 561 W System.err: at java.lang.ProcessBuilder.start(ProcessBuilder.java:1029)
06-04 09:07:34.172 517 561 W System.err: ... 42 more
06-04 09:07:34.173 517 561 I WindowManager: ******* TELLING SURFACE FLINGER WE ARE BOOTED!
06-04 09:07:34.174 272 338 I SurfaceFlinger: Boot is finished (22112 ms)
06-04 09:07:34.172 1091 1091 I led_switch.sh: type=1400 audit(0.0:373): avc: denied { write } for name="tmp" dev="mmcblk0p25" ino=83 scontext=u:r:init:s0 tcontext=u:object_r:shell_data_file:s0 tclass=dir permissive=1 bug=b/77873135
06-04 09:07:34.179 502 506 D BootAnimation: BootAnimationStopTiming start time: 32118ms
06-04 09:07:34.176 1091 1091 I led_switch.sh: type=1400 audit(0.0:374): avc: denied { write } for name="led_swith.txt" dev="mmcblk0p25" ino=218 scontext=u:r:init:s0 tcontext=u:object_r:shell_data_file:s0 tclass=file permissive=1 bug=b/77873135
06-04 09:07:34.176 1091 1091 I led_switch.sh: type=1400 audit(0.0:375): avc: denied { open } for path="/data/local/tmp/led_swith.txt" dev="mmcblk0p25" ino=218 scontext=u:r:init:s0 tcontext=u:object_r:shell_data_file:s0 tclass=file permissive=1 bug=b/77873135
06-04 09:07:34.184 1094 1094 I led_switch.sh: type=1400 audit(0.0:376): avc: denied { execute_no_trans } for path="/vendor/bin/toolbox" dev="dm-1" ino=229 scontext=u:r:init:s0 tcontext=u:object_r:vendor_toolbox_exec:s0 tclass=file permissive=1
