06-04 09:07:13.234 268 268 I AudioFlinger: HAL output buffer size 960 frames, normal sink buffer size 960 frames
06-04 09:07:13.237 246 246 D Zygote : VMRuntime.setVerifierEnabled(false)
06-04 09:07:13.245 246 246 D Zygote : begin preload
06-04 09:07:13.245 246 246 I Zygote : Calling ZygoteHooks.beginPreload()
06-04 09:07:13.258 357 357 D multiir : find target device, path=/dev/input/event0
06-04 09:07:13.264 357 449 D multiir : MultiirService create
06-04 09:07:13.264 185 185 E SELinux : avc: denied { add } for pid=357 uid=0 name=softwinner.multi_ir scontext=u:r:multi_ir:s0 tcontext=u:object_r:default_android_service:s0 tclass=service_manager permissive=1
06-04 09:07:13.276 268 268 I BufferProvider: found effect "Multichannel Downmix To Stereo" from The Android Open Source Project
06-04 09:07:13.280 268 268 D AudioFlinger: Failed to add event callback
06-04 09:07:13.281 268 452 I AudioFlinger: AudioFlinger's thread 0xf6ca02c0 tid=452 ready to run
06-04 09:07:13.281 268 452 W AudioFlinger: no wake lock to update, system not ready yet
06-04 09:07:13.282 268 452 D AudioFlinger: ro.audio.silent is ignored since no output device is set
06-04 09:07:13.283 251 251 D audio_hw_primary: out_standby
06-04 09:07:13.289 268 452 W AudioFlinger: no wake lock to update, system not ready yet
06-04 09:07:13.289 268 452 D AudioFlinger: ro.audio.silent is ignored since no output device is set
06-04 09:07:13.290 268 268 V APM_AudioPolicyManager: checkAndSetVolume cannot set volume group 3 volume when isn ot requested for comm
06-04 09:07:13.305 268 268 W AudioFlinger: moveEffects() bad srcOutput 0
06-04 09:07:13.305 268 268 V APM_AudioPolicyManager: selectOutputForMusicEffects selected output 13
06-04 09:07:13.305 268 268 V APM_AudioPolicyManager: setOutputDevices device {type:0x2,@:} delayMs 0
06-04 09:07:13.305 268 268 V APM_AudioPolicyManager: setOutputDevices() prevDevice {type:0x2,@:}
06-04 09:07:13.306 268 268 V APM_AudioPolicyManager: setOutputDevices changing device to {type:0x2,@:}
06-04 09:07:13.330 251 321 V audio_hw_primary: adev_create_audio_patch num_sources: 1, num_sinks: 1
06-04 09:07:13.330 251 321 V audio_hw_primary: playback device: 2
06-04 09:07:13.339 268 268 V APM_AudioPolicyManager: setOutputDevices() AF::createAudioPatch returned 0 patchHandle 12 num_sources 1 num_sinks 1
06-04 09:07:13.340 268 268 V APM_AudioPolicyManager: checkAndSetVolume cannot set volume group 3 volume when isn ot requested for comm
06-04 09:07:13.344 268 268 I AudioFlinger: openOutput() this 0xf7044000, module 10 Device type:0x2,@:, SamplingRate 32000, Format 0x000003, Channels 0x3, flags 0x1
06-04 09:07:13.345 251 321 D audio_hw_primary: adev_open_output_stream
06-04 09:07:13.345 251 321 V audio_hw_primary: adev_open_output_stream, flags: 1
06-04 09:07:13.345 251 321 D audio_hw_primary: config format 0x3 raw_flag 1
06-04 09:07:13.345 251 321 V audio_hw_primary: +++++++++++++++ adev_open_output_stream: req_sample_rate: 32000, fmt: 3, channel_count: 3
06-04 09:07:13.347 268 268 I AudioFlinger: HAL output buffer size 2048 frames, normal sink buffer size 2048 frames
06-04 09:07:13.347 268 268 D AudioFlinger: Failed to add event callback
06-04 09:07:13.348 268 454 I AudioFlinger: AudioFlinger's thread 0xf6e0e140 tid=454 ready to run
06-04 09:07:13.349 268 454 W AudioFlinger: no wake lock to update, system not ready yet
06-04 09:07:13.349 268 454 D AudioFlinger: ro.audio.silent is ignored since no output device is set
06-04 09:07:13.349 251 321 V audio_hw_primary: out_set_parameters: closing=true
06-04 09:07:13.350 251 321 D audio_hw_primary: out_standby
06-04 09:07:13.352 251 321 V audio_hw_primary: out_set_parameters: exiting=1
06-04 09:07:13.352 268 268 E AudioFlinger: Error when setting parameters on exit: -61
06-04 09:07:13.353 268 454 W AudioFlinger: no wake lock to update, system not ready yet
06-04 09:07:13.353 268 454 D AudioFlinger: ro.audio.silent is ignored since no output device is set
06-04 09:07:13.353 251 321 D audio_hw_primary: out_standby
06-04 09:07:13.353 268 268 W APM_AudioPolicyManager: Input profile contains no device on module primary
06-04 09:07:13.353 268 268 W APM_AudioPolicyManager: Input profile contains no device on module primary
06-04 09:07:13.356 251 321 D xm_audio: -->adev_open, name=audio_hw_if, socketthread_running=false, pth_listen=0
06-04 09:07:13.356 251 456 D xm_audio: socket_thread start
06-04 09:07:13.357 251 456 D xm_audio: create socket g_is_running4
06-04 09:07:13.358 268 268 I AudioFlinger: loadHwModule() Loaded xm_hidraw audio interface, handle 18
06-04 09:07:13.358 322 328 D XM_HIDREAD: Client connected.
06-04 09:07:13.358 322 328 D XM_HIDREAD: accept before.
06-04 09:07:13.358 251 251 D xm_audio: -->adev_open_input_stream
06-04 09:07:13.358 251 251 D xm_audio: -->adev_open_input_stream, config->sample_rate=16000
06-04 09:07:13.358 251 251 D xm_audio: -->adev_open_input_stream exit
06-04 09:07:13.358 251 251 I xm_audio: in_get_sample_rate
06-04 09:07:13.358 251 251 I xm_audio: in_get_channels
06-04 09:07:13.359 251 456 D xm_audio: create socket g_is_running5
06-04 09:07:13.359 251 456 E xm_audio: so socket connect suc
06-04 09:07:13.359 251 458 D xm_audio: data_thread start
06-04 09:07:13.360 251 251 I xm_audio: in_get_sample_rate
06-04 09:07:13.360 251 251 I xm_audio: in_get_channels
06-04 09:07:13.360 251 251 I xm_audio: in_get_channels
06-04 09:07:13.360 251 251 I xm_audio: in_get_buffer_size
06-04 09:07:13.360 251 251 I xm_audio: in_get_buffer_size: fsize=512.000000, size=512
06-04 09:07:13.360 251 251 I xm_audio: in_get_buffer_size
06-04 09:07:13.360 251 251 I xm_audio: in_get_buffer_size: fsize=512.000000, size=512
06-04 09:07:13.360 251 251 I xm_audio: in_get_sample_rate
06-04 09:07:13.360 251 251 I xm_audio: in_get_channels
06-04 09:07:13.365 322 457 D XM_HIDREAD: handle_client start.
06-04 09:07:13.365 268 459 I AudioFlinger: AudioFlinger's thread 0xf6c2ff40 tid=459 ready to run
06-04 09:07:13.365 268 459 W AudioFlinger: no wake lock to update, system not ready yet
06-04 09:07:13.369 268 459 W AudioFlinger: no wake lock to update, system not ready yet
06-04 09:07:13.397 251 251 D xm_audio: -->adev_close_input_stream
06-04 09:07:13.397 251 251 D xm_audio: -->adev_close_input_stream ready free stream.
06-04 09:07:13.397 251 251 D xm_audio: -->adev_close_input_stream free stream finish.
06-04 09:07:13.426 246 399 I zygote : Verified 2763 classes from mainline modules in 296.761ms
06-04 09:07:13.467 268 268 I bt_a2dp_hw: system/bt/audio_a2dp_hw/src/audio_a2dp_hw.cc:1893 adev_open: adev_open: adev_open in A2dp_hw module
06-04 09:07:13.468 268 268 I AudioFlinger: loadHwModule() Loaded a2dp audio interface, handle 26
06-04 09:07:13.468 268 268 V APM_AudioPolicyManager: onNewAudioModulesAvailableInt: Input device list is empty! for profile a2dp input
06-04 09:07:13.473 251 251 I r_submix: adev_open(name=audio_hw_if)
06-04 09:07:13.475 251 251 I r_submix: adev_init_check()
06-04 09:07:13.475 268 268 I AudioFlinger: loadHwModule() Loaded r_submix audio interface, handle 34
06-04 09:07:13.476 251 251 D r_submix: adev_open_input_stream(addr=0)
06-04 09:07:13.476 251 251 D r_submix: submix_audio_device_create_pipe_l(addr=0, idx=9)
06-04 09:07:13.476 251 251 D r_submix: now using address 0 for route 9
06-04 09:07:13.485 268 463 I AudioFlinger: AudioFlinger's thread 0xf6a936c0 tid=463 ready to run
06-04 09:07:13.486 251 251 I r_submix: in_standby()
06-04 09:07:13.486 268 463 W AudioFlinger: no wake lock to update, system not ready yet
06-04 09:07:13.486 251 251 I r_submix: in_standby()
06-04 09:07:13.486 251 251 D r_submix: adev_close_input_stream()
06-04 09:07:13.486 251 251 D r_submix: submix_audio_device_release_pipe_l(idx=9) addr=0
06-04 09:07:13.487 251 251 D r_submix: submix_audio_device_destroy_pipe_l(): pipe destroyed
06-04 09:07:13.496 268 268 I audioserver: Waiting for activity service
06-04 09:07:13.498 246 246 I Zygote : Preloading classes...
06-04 09:07:13.600 330 330 I rainbow_flow: type=1400 audit(0.0:249): avc: denied { ioctl } for path="/dev/spidev1.0" dev="tmpfs" ino=1280 ioctlcmd=0x6b00 scontext=u:r:init:s0 tcontext=u:object_r:device:s0 tclass=chr_file permissive=1
06-04 09:07:13.609 246 246 I Typeface: Preloading /system/fonts/Roboto-Regular.ttf
06-04 09:07:13.610 246 246 I Typeface: Preloading /system/fonts/RobotoStatic-Regular.ttf
06-04 09:07:13.629 356 356 W awplayer: : Set log level to 3
06-04 09:07:13.671 356 356 I cedarc : : register avs decoder success!
06-04 09:07:13.671 356 356 I cedarc : : register h264 decoder success!
06-04 09:07:13.672 356 356 I cedarc : : register h265 decoder success!
06-04 09:07:13.672 356 356 I cedarc : : register mjpeg decoder success!
06-04 09:07:13.673 356 356 I cedarc : : register mjpegplus decoder success!
06-04 09:07:13.673 356 356 I cedarc : : register mpeg2 decoder success!
06-04 09:07:13.674 356 356 W awplayer: : Invalid plugin,function CedarPluginVDInit not found.
06-04 09:07:13.674 356 356 I cedarc : : register mpeg4dx decoder success!
06-04 09:07:13.674 356 356 I cedarc : : register mpeg4H263 decoder success!
06-04 09:07:13.675 356 356 I cedarc : : register mpeg4Normal decoder success!
06-04 09:07:13.675 356 356 I cedarc : : register Mpeg4Vp6 decoder success!
06-04 09:07:13.676 356 356 I cedarc : : register vp6Soft decoder success!
06-04 09:07:13.676 356 356 I cedarc : : register vp8 decoder success!
06-04 09:07:13.677 356 356 E cedarc : : register Wmv12Soft decoder failure!!!
06-04 09:07:13.677 356 356 I cedarc : : register vc1 decoder success!
06-04 09:07:13.678 356 356 D cedarc : : register Vp9Hw decoder success!
06-04 09:07:13.678 356 356 I cedarc : : register avs2 decoder success!
06-04 09:07:13.683 356 356 D awplayer: : aw stream init...
06-04 09:07:13.683 356 356 D awplayer: : Register stream rtp version v1.1
06-04 09:07:13.694 356 356 I mediaserver: ServiceManager: 0xf2040960
06-04 09:07:13.695 356 356 W BatteryNotifier: batterystats service unavailable!
06-04 09:07:13.696 356 356 W BatteryNotifier: batterystats service unavailable!
06-04 09:07:13.752 246 246 E ActivityRecognitionHardware: activity_recognition HAL is deprecated. class_init is effectively a no-op
06-04 09:07:13.909 246 246 D MtpDeviceJNI: register_android_mtp_MtpDevice
06-04 09:07:14.024 395 421 I adbd : adbd mDNS service _adb-tls-connect._tcp registered: 1
06-04 09:07:14.025 395 412 I adbd : adbd mDNS service _adb._tcp registered: 1
06-04 09:07:14.160 246 246 W Zygote : Class not found for preloading: android.view.SurfaceView$2
06-04 09:07:14.395 246 246 I Zygote : ...preloaded 7337 classes in 897ms.
06-04 09:07:14.404 246 246 D ApplicationLoaders: Created zygote-cached class loader: /system/framework/android.hidl.base-V1.0-java.jar
06-04 09:07:14.410 246 246 D ApplicationLoaders: Created zygote-cached class loader: /system/framework/android.hidl.manager-V1.0-java.jar
06-04 09:07:14.416 246 246 D ApplicationLoaders: Created zygote-cached class loader: /system/framework/android.test.base.jar
06-04 09:07:14.713 374 374 I update_engine: [INFO:cleanup_previous_update_action.cc(112)] Executing task 1
06-04 09:07:14.715 374 374 I update_engine: [INFO:cleanup_previous_update_action.cc(124)] CleanupPreviousUpdateAction scheduled task ID 3 for WaitBootCompleted
06-04 09:07:14.726 498 498 E cutils-trace: Error opening trace file: No such file or directory (2)
06-04 09:07:14.746 498 498 W idmap2 : failed to find resource 'bool/config_swipe_up_gesture_default'
06-04 09:07:14.749 498 498 W idmap2 : failed to find resource 'drawable/default_wallpaper_white'
06-04 09:07:14.752 498 498 W idmap2 : failed to find resource 'string/config_defaultAssistantComponentName'
06-04 09:07:14.773 272 272 D RenderEngine: shader cache generated - 48 shaders in 1681.301270 ms
06-04 09:07:14.776 272 272 I HidlServiceManagement: Registered android.frameworks.displayservice@1.0::IDisplayService/default
06-04 09:07:14.777 272 272 D SurfaceFlinger: Setting power mode 2 on display 0
06-04 09:07:14.777 260 313 D sunxihwc: setPowerMode: device(hdmi0) power mode: On
06-04 09:07:14.777 260 313 I sunxihwc: setRuntimeState: disp2 blank control [unblank], driver usage [1]
06-04 09:07:14.778 272 272 D SurfaceFlinger: Finished setting power mode 2 on display 0
06-04 09:07:14.827 498 498 W idmap2 : failed to find resource 'string/config_ntpServer'
06-04 09:07:14.879 503 503 E cutils-trace: Error opening trace file: No such file or directory (2)
06-04 09:07:14.892 503 503 W idmap2 : failed to find resource 'string/accent_color_overlay'
06-04 09:07:14.897 503 503 W idmap2 : failed to find resource 'string/icon_shape_overlay'
06-04 09:07:14.911 246 246 I Zygote : Preloading resources...
06-04 09:07:14.931 246 246 W Resources: Preloaded drawable resource #0x1080286 (android:drawable/dialog_background_material) that varies with configuration!!
06-04 09:07:14.966 246 246 I Zygote : ...preloaded 64 resources in 55ms.
06-04 09:07:14.976 246 246 I Zygote : ...preloaded 41 resources in 10ms.
06-04 09:07:15.000 246 246 D libEGL : loaded /vendor/lib/egl/libGLES_mali.so
06-04 09:07:15.037 502 502 D BootAnimation: BootAnimationPreloadTiming start time: 12975ms
06-04 09:07:15.047 502 502 E BootAnimation: no audio.wav could be found!
06-04 09:07:15.047 502 502 D BootAnimation: BootAnimationPreloadStopTiming start time: 12986ms
06-04 09:07:15.049 272 338 E HWComposer: getSupportedContentTypes: getSupportedContentTypes failed for display 0: Unsupported (8)
06-04 09:07:15.050 502 506 E cutils-trace: Error opening trace file: No such file or directory (2)
06-04 09:07:15.069 502 506 D libEGL : loaded /vendor/lib/egl/libGLES_mali.so
06-04 09:07:15.092 246 246 I Zygote : Preloading shared libraries...
06-04 09:07:15.103 246 246 I Zygote : Called ZygoteHooks.endPreload()
06-04 09:07:15.104 246 246 I Zygote : Installed AndroidKeyStoreProvider in 1ms.
06-04 09:07:15.115 246 246 I Zygote : Warmed up JCA providers in 11ms.
06-04 09:07:15.115 246 246 D Zygote : end preload
06-04 09:07:15.115 246 246 D Zygote : VMRuntime.setVerifierEnabled(true)
06-04 09:07:15.120 264 264 I EventThread: type=1400 audit(0.0:250): avc: denied { search } for name="extcon" dev="sysfs" ino=18109 scontext=u:r:hal_tv_cec_default:s0 tcontext=u:object_r:sysfs_extcon:s0 tclass=dir permissive=1
06-04 09:07:15.152 186 186 I hwservicemanager: getTransport: Cannot find entry android.hardware.configstore@1.0::ISurfaceFlingerConfigs/default in either framework or device VINTF manifest.
06-04 09:07:15.182 502 506 D BootAnimation: BootAnimationShownTiming start time: 13121ms
06-04 09:07:15.193 246 246 I zygote : Explicit concurrent copying GC freed 18874(1042KB) AllocSpace objects, 0(0B) LOS objects, 49% free, 3556KB/7112KB, paused 84us total 77.451ms
06-04 09:07:15.244 186 186 I hwservicemanager: getTransport: Cannot find entry android.hardware.graphics.mapper@4.0::IMapper/default in either framework or device VINTF manifest.
06-04 09:07:15.245 502 506 I Gralloc4: mapper 4.x is not supported
06-04 09:07:15.245 186 186 I hwservicemanager: getTransport: Cannot find entry android.hardware.graphics.mapper@3.0::IMapper/default in either framework or device VINTF manifest.
06-04 09:07:15.245 502 506 W Gralloc3: mapper 3.x is not supported
06-04 09:07:15.250 502 506 E gralloc : Arm Module v1.0
06-04 09:07:15.252 186 186 I hwservicemanager: getTransport: Cannot find entry android.hardware.graphics.allocator@4.0::IAllocator/default in either framework or device VINTF manifest.
06-04 09:07:15.252 502 506 W Gralloc4: allocator 4.x is not supported
06-04 09:07:15.252 186 186 I hwservicemanager: getTransport: Cannot find entry android.hardware.graphics.allocator@3.0::IAllocator/default in either framework or device VINTF manifest.
06-04 09:07:15.252 502 506 W Gralloc3: allocator 3.x is not supported
06-04 09:07:15.256 257 292 I gralloc : alloc buffer:W:1920 H:1080 S:1920 PL[1920 1080] SZ:8294400 fmt:43 if:0 af:43 usg:20000b00 fg:00000004
06-04 09:07:15.257 502 506 E ion : ioctl c0044901 failed with code -1: Inappropriate ioctl for device
06-04 09:07:15.272 246 246 I zygote : Explicit concurrent copying GC freed 2371(125KB) AllocSpace objects, 0(0B) LOS objects, 49% free, 3462KB/6924KB, paused 77us total 75.466ms
06-04 09:07:15.283 272 272 I SurfaceFlinger: Enter boot animation
06-04 09:07:15.285 260 313 E ion : ioctl c0044901 failed with code -1: Inappropriate ioctl for device
06-04 09:07:15.290 429 429 I : DVI mode selected: packets not configured
06-04 09:07:15.290 429 429 I : Error: set vsif failed
06-04 09:07:15.341 257 292 I gralloc : alloc buffer:W:1920 H:1080 S:1920 PL[1920 1080] SZ:8294400 fmt:43 if:0 af:43 usg:20000b00 fg:00000004
06-04 09:07:15.355 429 429 I : DVI mode selected: packets not configured
06-04 09:07:15.355 429 429 I : Error: set vsif failed
06-04 09:07:15.420 429 429 I : DVI mode selected: packets not configured
06-04 09:07:15.420 429 429 I : Error: set vsif failed
06-04 09:07:15.466 246 246 D Zygote : Forked child process 517
06-04 09:07:15.466 246 246 I Zygote : System server process 517 has been created
06-04 09:07:15.468 246 246 I Zygote : Accepting command socket connections
06-04 09:07:15.470 429 429 I : DVI mode selected: packets not configured
06-04 09:07:15.470 429 429 I : Error: set vsif failed
06-04 09:07:15.520 429 429 I : DVI mode selected: packets not configured
06-04 09:07:15.520 429 429 I : Error: set vsif failed
06-04 09:07:15.570 429 429 I : DVI mode selected: packets not configured
06-04 09:07:15.570 429 429 I : Error: set vsif failed
06-04 09:07:15.636 429 429 I : DVI mode selected: packets not configured
06-04 09:07:15.636 429 429 I : Error: set vsif failed
06-04 09:07:15.686 429 429 I : DVI mode selected: packets not configured
06-04 09:07:15.686 429 429 I : Error: set vsif failed
06-04 09:07:15.736 429 429 I : DVI mode selected: packets not configured
06-04 09:07:15.736 429 429 I : Error: set vsif failed
06-04 09:07:15.787 429 429 I : DVI mode selected: packets not configured
06-04 09:07:15.787 429 429 I : Error: set vsif failed
06-04 09:07:15.816 517 517 I Zygote : seccomp disabled by setenforce 0
06-04 09:07:15.836 330 330 I rainbow_flow: type=1400 audit(0.0:251): avc: denied { ioctl } for path="/dev/spidev1.0" dev="tmpfs" ino=1280 ioctlcmd=0x6b00 scontext=u:r:init:s0 tcontext=u:object_r:device:s0 tclass=chr_file permissive=1
06-04 09:07:15.838 517 517 W system_server: Failed to upload odrefresh metrics: metrics file '/data/misc/odrefresh/odrefresh-metrics.txt' could not be opened: No such file or directory
06-04 09:07:15.844 395 415 I adbd : jdwp connection from 517
06-04 09:07:15.861 349 360 V installd: DexInv: --- BEGIN '/apex/com.android.appsearch/javalib/service-appsearch.jar' ---
06-04 09:07:15.862 349 360 V installd: Running /apex/com.android.art/bin/dex2oat32 in=service-appsearch.jar out=/data/dalvik-cache/arm/apex@com.android.appsearch@javalib@service-appsearch.jar@classes.dex
06-04 09:07:15.929 531 531 I dex2oat32: /apex/com.android.art/bin/dex2oat32 --input-vdex-fd=-1 --output-vdex-fd=8 --classpath-dir=/apex/com.android.appsearch/javalib --class-loader-context=PCL[/system/framework/com.android.location.provider.jar:/system/framework/services.jar:/system/framework/ethernet-service.jar:/system/framework/pppoe-service.jar] --compact-dex-level=none --compiler-filter=verify --compilation-reason=server-dexopt --max-image-block-size=524288 --resolve-startup-const-strings=true --generate-mini-debug-info
06-04 09:07:15.933 531 531 E cutils-trace: Error opening trace file: No such file or directory (2)
06-04 09:07:15.970 531 531 W dex2oat32: ART APEX data files are untrusted.
06-04 09:07:16.120 264 264 I EventThread: type=1400 audit(0.0:252): avc: denied { search } for name="extcon" dev="sysfs" ino=18109 scontext=u:r:hal_tv_cec_default:s0 tcontext=u:object_r:sysfs_extcon:s0 tclass=dir permissive=1
06-04 09:07:16.316 244 244 W ServiceManager: Service statscompanion didn't start. Returning NULL
06-04 09:07:16.317 244 244 I statsd : Statsd starts to listen to socket.
06-04 09:07:16.360 531 531 I dex2oat32: dex2oat took 439.895ms (633.978ms cpu) (threads: 4) arena alloc=0B (0B) java alloc=415KB (425912B) native alloc=25MB (26684456B) free=1016KB (1041368B)
06-04 09:07:16.380 349 360 V installd: DexInv: --- END '/apex/com.android.appsearch/javalib/service-appsearch.jar' (success) ---
06-04 09:07:16.386 349 360 V installd: DexInv: --- BEGIN '/apex/com.android.media/javalib/service-media-s.jar' ---
06-04 09:07:16.386 349 360 V installd: Running /apex/com.android.art/bin/dex2oat32 in=service-media-s.jar out=/data/dalvik-cache/arm/apex@com.android.media@javalib@service-media-s.jar@classes.dex
06-04 09:07:16.443 539 539 I dex2oat32: /apex/com.android.art/bin/dex2oat32 --input-vdex-fd=-1 --output-vdex-fd=8 --classpath-dir=/apex/com.android.media/javalib --class-loader-context=PCL[/system/framework/com.android.location.provider.jar:/system/framework/services.jar:/system/framework/ethernet-service.jar:/system/framework/pppoe-service.jar:/apex/com.android.appsearch/javalib/service-appsearch.jar] --compact-dex-level=none --compiler-filter=verify --compilation-reason=server-dexopt --max-image-block-size=524288 --resolve-startup-const-strings=true --generate-mini-debug-info
06-04 09:07:16.447 539 539 E cutils-trace: Error opening trace file: No such file or directory (2)
06-04 09:07:16.457 539 539 W dex2oat32: ART APEX data files are untrusted.
06-04 09:07:16.674 539 539 I dex2oat32: dex2oat took 237.535ms (236.935ms cpu) (threads: 4) arena alloc=0B (0B) java alloc=64KB (65728B) native alloc=24MB (25660496B) free=972KB (996272B)
06-04 09:07:16.696 349 360 V installd: DexInv: --- END '/apex/com.android.media/javalib/service-media-s.jar' (success) ---
06-04 09:07:16.702 349 360 V installd: DexInv: --- BEGIN '/apex/com.android.permission/javalib/service-permission.jar' ---
06-04 09:07:16.702 349 360 V installd: Running /apex/com.android.art/bin/dex2oat32 in=service-permission.jar out=/data/dalvik-cache/arm/apex@com.android.permission@javalib@service-permission.jar@classes.dex
06-04 09:07:16.717 374 374 I update_engine: [INFO:cleanup_previous_update_action.cc(112)] Executing task 3
06-04 09:07:16.719 374 374 I update_engine: [INFO:cleanup_previous_update_action.cc(124)] CleanupPreviousUpdateAction scheduled task ID 4 for WaitBootCompleted
06-04 09:07:16.759 546 546 I dex2oat32: /apex/com.android.art/bin/dex2oat32 --input-vdex-fd=-1 --output-vdex-fd=8 --classpath-dir=/apex/com.android.permission/javalib --class-loader-context=PCL[/system/framework/com.android.location.provider.jar:/system/framework/services.jar:/system/framework/ethernet-service.jar:/system/framework/pppoe-service.jar:/apex/com.android.appsearch/javalib/service-appsearch.jar:/apex/com.android.media/javalib/service-media-s.jar] --compact-dex-level=none --compiler-filter=verify --compilation-reason=server-dexopt --max-image-block-size=524288 --resolve-startup-const-strings=true --generate-mini-debug-info
06-04 09:07:16.764 546 546 E cutils-trace: Error opening trace file: No such file or directory (2)
06-04 09:07:16.774 546 546 W dex2oat32: ART APEX data files are untrusted.
06-04 09:07:17.005 546 546 I dex2oat32: dex2oat took 252.987ms (267.778ms cpu) (threads: 4) arena alloc=0B (0B) java alloc=65KB (66984B) native alloc=25MB (26482920B) free=1001KB (1025816B)
06-04 09:07:17.023 349 360 V installd: DexInv: --- END '/apex/com.android.permission/javalib/service-permission.jar' (success) ---
06-04 09:07:17.049 517 517 I SystemServerTiming: InitBeforeStartServices
06-04 09:07:17.073 517 517 I SystemServer: Entered the Android system server!
06-04 09:07:17.359 517 517 E UsbAlsaJackDetectorJNI: Can't register UsbAlsaJackDetector native methods
06-04 09:07:17.385 517 517 I SystemServerInitThreadPool: Creating instance with 4 threads
06-04 09:07:17.388 517 556 I SystemServerTimingAsync: InitThreadPoolExec:loadPreinstalledSystemFontMap
06-04 09:07:17.388 517 556 D SystemServerInitThreadPool: Started executing loadPreinstalledSystemFontMap
06-04 09:07:17.388 517 556 I SystemServerTimingAsync: loadPreinstalledSystemFontMap
06-04 09:07:17.388 517 517 I SystemServerTiming: StartServices
06-04 09:07:17.388 517 517 D SystemServer: VMRuntime.setVerifierEnabled(false)
06-04 09:07:17.388 517 517 I SystemServerTiming: startBootstrapServices
06-04 09:07:17.388 517 517 I SystemServerTiming: StartWatchdog
06-04 09:07:17.402 517 517 I SystemServer: Reading configuration...
06-04 09:07:17.402 517 517 I SystemServerTiming: ReadingSystemConfig
06-04 09:07:17.402 517 564 I SystemServerTimingAsync: InitThreadPoolExec:ReadingSystemConfig
06-04 09:07:17.403 517 564 D SystemServerInitThreadPool: Started executing ReadingSystemConfig
06-04 09:07:17.403 517 517 I SystemServerTiming: PlatformCompat
06-04 09:07:17.405 517 564 I SystemConfig: Reading permissions from /system/etc/sysconfig/hiddenapi-package-whitelist.xml
06-04 09:07:17.407 517 517 D CompatConfig: Found a config file: /system/etc/compatconfig/calendar-provider-compat-config.xml
06-04 09:07:17.407 517 564 I incfs : Initial API level of the device: 31
06-04 09:07:17.407 517 564 I incfs : ro.incremental.enable: module:/vendor/lib/modules/incrementalfs.ko
06-04 09:07:17.408 517 564 I incfs : isFsAvailable: false
06-04 09:07:17.409 517 564 I incfs : isFsAvailable: false
06-04 09:07:17.409 517 564 E incfs : could not open IncFs kernel module "/vendor/lib/modules/incrementalfs.ko": No such file or directory
06-04 09:07:17.409 517 564 E incfs : IncFs_Features: failed to open features dir, assuming v1/none.: No such file or directory
06-04 09:07:17.409 517 517 D CompatConfig: Adding: com.android.server.compat.config.Change@50f32d3
06-04 09:07:17.410 517 564 I SystemConfig: Reading permissions from /system/etc/sysconfig/preinstalled-packages-platform.xml
06-04 09:07:17.412 517 517 D CompatConfig: Found a config file: /system/etc/compatconfig/services-platform-compat-config.xml
06-04 09:07:17.414 517 564 I SystemConfig: Reading permissions from /system/etc/sysconfig/framework-sysconfig.xml
06-04 09:07:17.416 517 564 I SystemConfig: Reading permissions from /system/etc/sysconfig/preinstalled-packages-platform-full-base.xml
06-04 09:07:17.416 517 517 D CompatConfig: Adding: com.android.server.compat.config.Change@480b3c
06-04 09:07:17.417 517 517 D CompatConfig: Adding: com.android.server.compat.config.Change@e8140c5
06-04 09:07:17.418 517 564 I SystemConfig: Reading permissions from /system/etc/sysconfig/preinstalled-packages-com.android.providers.media.module.xml
06-04 09:07:17.418 517 517 D CompatConfig: Adding: com.android.server.compat.config.Change@e80294b
06-04 09:07:17.421 517 564 I SystemConfig: Reading permissions from /system/etc/permissions/android.software.live_wallpaper.xml
06-04 09:07:17.421 517 517 D CompatConfig: Adding: com.android.server.compat.config.Change@6ba2441
06-04 09:07:17.422 517 517 D CompatConfig: Adding: com.android.server.compat.config.Change@f936de6
06-04 09:07:17.423 517 517 D CompatConfig: Adding: com.android.server.compat.config.Change@3260f27
06-04 09:07:17.423 517 517 D CompatConfig: Adding: com.android.server.compat.config.Change@efc85d4
06-04 09:07:17.424 517 517 D CompatConfig: Adding: com.android.server.compat.config.Change@a188272
06-04 09:07:17.424 517 564 I SystemConfig: Reading permissions from /system/etc/permissions/oranth-privapp-permissions.xml
06-04 09:07:17.424 517 517 D CompatConfig: Adding: com.android.server.compat.config.Change@a5a76c3
06-04 09:07:17.425 517 517 D CompatConfig: Adding: com.android.server.compat.config.Change@6862b40
06-04 09:07:17.425 517 517 D CompatConfig: Adding: com.android.server.compat.config.Change@bce1a79
06-04 09:07:17.426 517 517 D CompatConfig: Adding: com.android.server.compat.config.Change@56853be
06-04 09:07:17.427 517 517 D CompatConfig: Adding: com.android.server.compat.config.Change@9e3bc1f
06-04 09:07:17.427 517 517 D CompatConfig: Adding: com.android.server.compat.config.Change@842bb6c
06-04 09:07:17.427 517 517 D CompatConfig: Adding: com.android.server.compat.config.Change@b0ce535
06-04 09:07:17.428 517 517 D CompatConfig: Adding: com.android.server.compat.config.Change@e51edca
06-04 09:07:17.431 517 517 D CompatConfig: Adding: com.android.server.compat.config.Change@391fb3b
06-04 09:07:17.431 517 564 I SystemConfig: Reading permissions from /system/etc/permissions/android.test.mock.xml
06-04 09:07:17.433 517 517 D CompatConfig: Adding: com.android.server.compat.config.Change@d339fb1
06-04 09:07:17.437 517 564 I SystemConfig: Reading permissions from /system/etc/permissions/com.android.networkstack.tethering.xml
06-04 09:07:17.437 517 517 D CompatConfig: Adding: com.android.server.compat.config.Change@c1b1017
06-04 09:07:17.440 517 517 D CompatConfig: Adding: com.android.server.compat.config.Change@f370c04
06-04 09:07:17.441 517 564 I SystemConfig: Reading permissions from /system/etc/permissions/privapp-permissions-platform.xml
06-04 09:07:17.446 517 517 D CompatConfig: Adding: com.android.server.compat.config.Change@1326c22
06-04 09:07:17.447 517 517 D CompatConfig: Adding: com.android.server.compat.config.Change@3b696b3
06-04 09:07:17.448 517 517 D CompatConfig: Adding: com.android.server.compat.config.Change@81ae470
06-04 09:07:17.454 517 517 D CompatConfig: Adding: com.android.server.compat.config.Change@3ad93e9
06-04 09:07:17.455 517 517 D CompatConfig: Adding: com.android.server.compat.config.Change@c79eb0f
06-04 09:07:17.455 517 564 I SystemConfig: Reading permissions from /system/etc/permissions/android.software.webview.xml
06-04 09:07:17.456 517 517 D CompatConfig: Adding: com.android.server.compat.config.Change@221d79c
06-04 09:07:17.457 517 517 D CompatConfig: Adding: com.android.server.compat.config.Change@6c285a5
06-04 09:07:17.457 517 564 I SystemConfig: Reading permissions from /system/etc/permissions/privapp-vendor-permissions.xml
06-04 09:07:17.458 517 517 D CompatConfig: Adding: com.android.server.compat.config.Change@a74292b
06-04 09:07:17.459 517 517 D CompatConfig: Adding: com.android.server.compat.config.Change@a42d188
06-04 09:07:17.460 517 517 D CompatConfig: Adding: com.android.server.compat.config.Change@17ad721
06-04 09:07:17.460 517 517 D CompatConfig: Adding: com.android.server.compat.config.Change@35fd746
06-04 09:07:17.461 517 517 D CompatConfig: Adding: com.android.server.compat.config.Change@98a2d07
06-04 09:07:17.462 517 517 D CompatConfig: Adding: com.android.server.compat.config.Change@3f77e34
06-04 09:07:17.462 517 517 D CompatConfig: Adding: com.android.server.compat.config.Change@90cc45d
06-04 09:07:17.463 517 564 I SystemConfig: Reading permissions from /system/etc/permissions/android.hardware.hdmi.cec.xml
06-04 09:07:17.463 517 517 D CompatConfig: Adding: com.android.server.compat.config.Change@51292a3
06-04 09:07:17.465 517 517 D CompatConfig: Adding: com.android.server.compat.config.Change@5d64959
06-04 09:07:17.465 517 517 D CompatConfig: Adding: com.android.server.compat.config.Change@a6c891e
06-04 09:07:17.466 517 564 I SystemConfig: Reading permissions from /system/etc/permissions/com.android.documentsui.xml
06-04 09:07:17.466 517 517 D CompatConfig: Adding: com.android.server.compat.config.Change@d31b5ff
06-04 09:07:17.467 517 517 D CompatConfig: Adding: com.android.server.compat.config.Change@5d85fcc
06-04 09:07:17.467 517 517 D CompatConfig: Adding: com.android.server.compat.config.Change@e192215
06-04 09:07:17.468 517 517 D CompatConfig: Adding: com.android.server.compat.config.Change@a54192a
06-04 09:07:17.469 517 517 D CompatConfig: Adding: com.android.server.compat.config.Change@5f5b31b
06-04 09:07:17.469 517 564 I SystemConfig: Reading permissions from /system/etc/permissions/android.hardware.location.network.xml
06-04 09:07:17.469 517 517 D CompatConfig: Adding: com.android.server.compat.config.Change@76ca91
06-04 09:07:17.470 517 517 D CompatConfig: Adding: com.android.server.compat.config.Change@1729df6
06-04 09:07:17.471 517 517 D CompatConfig: Adding: com.android.server.compat.config.Change@c3265f7
06-04 09:07:17.472 517 517 D CompatConfig: Adding: com.android.server.compat.config.Change@a2c7ecd
06-04 09:07:17.472 517 564 I SystemConfig: Reading permissions from /system/etc/permissions/org.apache.http.legacy.xml
06-04 09:07:17.473 517 517 D CompatConfig: Adding: com.android.server.compat.config.Change@322a382
06-04 09:07:17.474 517 517 D CompatConfig: Adding: com.android.server.compat.config.Change@fb15ad0
06-04 09:07:17.474 517 564 I SystemConfig: Reading permissions from /system/etc/permissions/android.software.controls.xml
06-04 09:07:17.475 517 517 D CompatConfig: Adding: com.android.server.compat.config.Change@50f3ac9
06-04 09:07:17.476 517 517 D CompatConfig: Adding: com.android.server.compat.config.Change@bdb75ce
06-04 09:07:17.476 517 517 D CompatConfig: Adding: com.android.server.compat.config.Change@5aa1cef
06-04 09:07:17.477 517 564 I SystemConfig: Reading permissions from /system/etc/permissions/com.android.networkstack.xml
06-04 09:07:17.477 517 517 D CompatConfig: Adding: com.android.server.compat.config.Change@947ba85
06-04 09:07:17.478 517 517 D CompatConfig: Found a config file: /system/etc/compatconfig/icu4j-platform-compat-config.xml
06-04 09:07:17.479 517 564 I SystemConfig: Reading permissions from /system/etc/permissions/android.test.runner.xml
06-04 09:07:17.480 517 517 D CompatConfig: Adding: com.android.server.compat.config.Change@6a5b3e8
06-04 09:07:17.481 517 517 D CompatConfig: Found a config file: /system/etc/compatconfig/documents-ui-compat-config.xml
06-04 09:07:17.482 517 564 I SystemConfig: Reading permissions from /system/etc/permissions/com.android.media.remotedisplay.xml
06-04 09:07:17.482 517 517 D CompatConfig: Adding: com.android.server.compat.config.Change@292bae7
06-04 09:07:17.483 517 517 D CompatConfig: Found a config file: /system/etc/compatconfig/framework-platform-compat-config.xml
06-04 09:07:17.484 517 564 I SystemConfig: Reading permissions from /system/etc/permissions/permissions-awbms.xml
06-04 09:07:17.487 517 564 I SystemConfig: Reading permissions from /system/etc/permissions/android.test.base.xml
06-04 09:07:17.487 517 517 D CompatConfig: Adding: com.android.server.compat.config.Change@461e83
06-04 09:07:17.488 517 517 D CompatConfig: Adding: com.android.server.compat.config.Change@3df6839
06-04 09:07:17.490 517 564 I SystemConfig: Reading permissions from /system/etc/permissions/javax.obex.xml
06-04 09:07:17.490 517 517 D CompatConfig: Adding: com.android.server.compat.config.Change@5421fdf
06-04 09:07:17.491 517 517 D CompatConfig: Adding: com.android.server.compat.config.Change@857b42c
06-04 09:07:17.492 517 564 I SystemConfig: Reading permissions from /system/etc/permissions/com.android.location.provider.xml
06-04 09:07:17.493 517 517 D CompatConfig: Adding: com.android.server.compat.config.Change@e0f748a
06-04 09:07:17.495 517 564 I SystemConfig: Reading permissions from /system/etc/permissions/com.android.mediadrm.signer.xml
06-04 09:07:17.496 517 517 D CompatConfig: Adding: com.android.server.compat.config.Change@7a1e718
06-04 09:07:17.498 517 517 D CompatConfig: Adding: com.android.server.compat.config.Change@7784f56
06-04 09:07:17.499 517 564 I SystemConfig: Reading permissions from /system/etc/permissions/com.android.future.usb.accessory.xml
06-04 09:07:17.500 517 517 D CompatConfig: Adding: com.android.server.compat.config.Change@8ea2bd7
06-04 09:07:17.502 517 517 D CompatConfig: Adding: com.android.server.compat.config.Change@45a5cc4
06-04 09:07:17.503 517 517 D CompatConfig: Adding: com.android.server.compat.config.Change@65567ad
06-04 09:07:17.505 517 564 I SystemConfig: Reading permissions from /system/etc/permissions/platform.xml
06-04 09:07:17.505 517 517 D CompatConfig: Adding: com.android.server.compat.config.Change@2bbae73
06-04 09:07:17.506 517 517 D CompatConfig: Adding: com.android.server.compat.config.Change@9028130
06-04 09:07:17.506 517 517 D CompatConfig: Adding: com.android.server.compat.config.Change@48dd1a9
06-04 09:07:17.506 517 517 D CompatConfig: Adding: com.android.server.compat.config.Change@7f9f32e
06-04 09:07:17.507 517 517 D CompatConfig: Adding: com.android.server.compat.config.Change@118becf
06-04 09:07:17.507 517 517 D CompatConfig: Adding: com.android.server.compat.config.Change@4c6805c
06-04 09:07:17.509 517 517 D CompatConfig: Adding: com.android.server.compat.config.Change@6c8df65
06-04 09:07:17.510 517 517 D CompatConfig: Adding: com.android.server.compat.config.Change@4b6143a
06-04 09:07:17.510 517 517 D CompatConfig: Adding: com.android.server.compat.config.Change@a8c78eb
06-04 09:07:17.510 517 517 D CompatConfig: Adding: com.android.server.compat.config.Change@b694648
06-04 09:07:17.511 517 517 D CompatConfig: Adding: com.android.server.compat.config.Change@2ed0ce1
06-04 09:07:17.511 517 517 D CompatConfig: Adding: com.android.server.compat.config.Change@fe13a06
06-04 09:07:17.513 517 517 D CompatConfig: Adding: com.android.server.compat.config.Change@937b8c7
06-04 09:07:17.515 517 564 I SystemConfig: Reading permissions from /vendor/etc/permissions/android.hardware.touchscreen.multitouch.xml
06-04 09:07:17.518 517 564 I SystemConfig: Reading permissions from /vendor/etc/permissions/android.hardware.wifi.direct.xml
06-04 09:07:17.520 517 517 D CompatConfig: Adding: com.android.server.compat.config.Change@e109660
06-04 09:07:17.520 517 564 I SystemConfig: Reading permissions from /vendor/etc/permissions/android.software.vulkan.deqp.level.xml
06-04 09:07:17.520 517 517 D CompatConfig: Adding: com.android.server.compat.config.Change@9217719
06-04 09:07:17.521 517 517 D CompatConfig: Adding: com.android.server.compat.config.Change@bdf83de
06-04 09:07:17.522 517 517 D CompatConfig: Adding: com.android.server.compat.config.Change@40cf9bf
06-04 09:07:17.523 517 564 I SystemConfig: Reading permissions from /vendor/etc/permissions/android.hardware.usb.accessory.xml
06-04 09:07:17.524 517 517 D CompatConfig: Adding: com.android.server.compat.config.Change@4496bd5
06-04 09:07:17.525 517 517 D CompatConfig: Adding: com.android.server.compat.config.Change@ddbffea
06-04 09:07:17.526 517 517 D CompatConfig: Adding: com.android.server.compat.config.Change@7a172db
06-04 09:07:17.528 517 564 I SystemConfig: Reading permissions from /vendor/etc/permissions/android.hardware.vulkan.compute.xml
06-04 09:07:17.529 517 517 D CompatConfig: Adding: com.android.server.compat.config.Change@8c1f051
06-04 09:07:17.530 517 517 D CompatConfig: Adding: com.android.server.compat.config.Change@17230b6
06-04 09:07:17.531 517 517 D CompatConfig: Adding: com.android.server.compat.config.Change@b3a61b7
06-04 09:07:17.532 517 517 D CompatConfig: Adding: com.android.server.compat.config.Change@c2b8d24
06-04 09:07:17.533 517 564 I SystemConfig: Reading permissions from /vendor/etc/permissions/android.hardware.ethernet.xml
06-04 09:07:17.533 517 517 D CompatConfig: Adding: com.android.server.compat.config.Change@d68a242
06-04 09:07:17.534 517 517 D CompatConfig: Adding: com.android.server.compat.config.Change@8096253
06-04 09:07:17.535 517 517 D CompatConfig: Adding: com.android.server.compat.config.Change@3615889
06-04 09:07:17.536 517 517 D CompatConfig: Adding: com.android.server.compat.config.Change@c62a08e
06-04 09:07:17.536 517 564 I SystemConfig: Reading permissions from /vendor/etc/permissions/android.hardware.keystore.app_attest_key.xml
06-04 09:07:17.536 517 517 D CompatConfig: Adding: com.android.server.compat.config.Change@2c15cbc
06-04 09:07:17.537 517 517 D CompatConfig: Adding: com.android.server.compat.config.Change@bfdf445
06-04 09:07:17.538 517 564 I SystemConfig: Reading permissions from /vendor/etc/permissions/android.software.opengles.deqp.level.xml
06-04 09:07:17.539 517 517 D CompatConfig: Adding: com.android.server.compat.config.Change@1a0c8cb
06-04 09:07:17.539 517 564 I SystemConfig: Reading permissions from /vendor/etc/permissions/android.hardware.vulkan.level.xml
06-04 09:07:17.540 517 517 D CompatConfig: Adding: com.android.server.compat.config.Change@c463366
06-04 09:07:17.541 517 517 D CompatConfig: Adding: com.android.server.compat.config.Change@47126a7
06-04 09:07:17.541 517 564 I SystemConfig: Reading permissions from /vendor/etc/permissions/android.hardware.hardware_keystore.xml
06-04 09:07:17.542 517 517 D CompatConfig: Adding: com.android.server.compat.config.Change@b3366fd
06-04 09:07:17.542 517 517 D CompatConfig: Adding: com.android.server.compat.config.Change@2f21ff2
06-04 09:07:17.543 517 517 D CompatConfig: Adding: com.android.server.compat.config.Change@dff8643
06-04 09:07:17.544 517 564 I SystemConfig: Reading permissions from /vendor/etc/permissions/android.hardware.camera.front.xml
06-04 09:07:17.545 517 517 D CompatConfig: Adding: com.android.server.compat.config.Change@1fe493e
06-04 09:07:17.546 517 517 D CompatConfig: Adding: com.android.server.compat.config.Change@78a439f
06-04 09:07:17.546 517 564 I SystemConfig: Reading permissions from /vendor/etc/permissions/android.hardware.vulkan.version.xml
06-04 09:07:17.547 517 517 D CompatConfig: Adding: com.android.server.compat.config.Change@dd78b5
06-04 09:07:17.548 517 517 D CompatConfig: Adding: com.android.server.compat.config.Change@5d97abb
06-04 09:07:17.548 517 564 I SystemConfig: Reading permissions from /vendor/etc/permissions/android.software.backup.xml
06-04 09:07:17.549 517 517 D CompatConfig: Adding: com.android.server.compat.config.Change@e39eb31
06-04 09:07:17.550 517 517 D CompatConfig: Adding: com.android.server.compat.config.Change@d384216
06-04 09:07:17.550 517 517 D CompatConfig: Adding: com.android.server.compat.config.Change@81b0797
06-04 09:07:17.550 517 517 D CompatConfig: Adding: com.android.server.compat.config.Change@59c6d84
06-04 09:07:17.551 517 517 D CompatConfig: Adding: com.android.server.compat.config.Change@511096d
06-04 09:07:17.551 517 517 D CompatConfig: Adding: com.android.server.compat.config.Change@6e69a2
06-04 09:07:17.552 517 517 D CompatConfig: Adding: com.android.server.compat.config.Change@934ddf0
06-04 09:07:17.552 517 517 D CompatConfig: Adding: com.android.server.compat.config.Change@ec1cf69
06-04 09:07:17.554 517 564 I SystemConfig: Reading permissions from /vendor/etc/permissions/tv_core_hardware.xml
06-04 09:07:17.554 517 517 D CompatConfig: No directory /system/system_ext/etc/compatconfig, skipping
06-04 09:07:17.555 517 564 I SystemConfig: Reading permissions from /vendor/etc/permissions/android.software.verified_boot.xml
06-04 09:07:17.556 517 517 D CompatConfig: No directory /apex/com.android.wifi/etc/compatconfig, skipping
06-04 09:07:17.556 517 517 D CompatConfig: No directory /apex/com.android.vndk.v31/etc/compatconfig, skipping
06-04 09:07:17.556 517 517 D CompatConfig: No directory /apex/com.android.tzdata/etc/compatconfig, skipping
06-04 09:07:17.556 517 517 D CompatConfig: No directory /apex/com.android.tethering/etc/compatconfig, skipping
06-04 09:07:17.556 517 517 D CompatConfig: No directory /apex/com.android.sdkext/etc/compatconfig, skipping
06-04 09:07:17.556 517 517 D CompatConfig: No directory /apex/com.android.scheduling/etc/compatconfig, skipping
06-04 09:07:17.556 517 517 D CompatConfig: No directory /apex/com.android.runtime/etc/compatconfig, skipping
06-04 09:07:17.557 517 517 D CompatConfig: No directory /apex/com.android.resolv/etc/compatconfig, skipping
06-04 09:07:17.557 517 517 D CompatConfig: No directory /apex/com.android.permission/etc/compatconfig, skipping
06-04 09:07:17.557 517 517 D CompatConfig: No directory /apex/com.android.os.statsd/etc/compatconfig, skipping
06-04 09:07:17.557 517 564 I SystemConfig: Reading permissions from /vendor/etc/permissions/android.hardware.bluetooth_le.xml
06-04 09:07:17.557 517 517 D CompatConfig: No directory /apex/com.android.neuralnetworks/etc/compatconfig, skipping
06-04 09:07:17.559 517 517 D CompatConfig: Found a config file: /apex/com.android.mediaprovider/etc/compatconfig/media-provider-platform-compat-config.xml
06-04 09:07:17.559 517 564 I SystemConfig: Reading permissions from /vendor/etc/permissions/android.hardware.usb.host.xml
06-04 09:07:17.561 517 517 D CompatConfig: Adding: com.android.server.compat.config.Change@de35cc6
06-04 09:07:17.562 517 564 I SystemConfig: Reading permissions from /vendor/etc/permissions/android.hardware.wifi.passpoint.xml
06-04 09:07:17.566 517 564 I SystemConfig: Reading permissions from /vendor/etc/permissions/android.hardware.opengles.aep.xml
06-04 09:07:17.566 517 517 D CompatConfig: Adding: com.android.server.compat.config.Change@e287f52
06-04 09:07:17.569 517 517 D CompatConfig: Adding: com.android.server.compat.config.Change@4f3a320
06-04 09:07:17.570 517 564 I SystemConfig: Reading permissions from /vendor/etc/permissions/android.hardware.wifi.xml
06-04 09:07:17.571 517 517 D CompatConfig: Adding: com.android.server.compat.config.Change@62b3e9e
06-04 09:07:17.571 517 517 D CompatConfig: Adding: com.android.server.compat.config.Change@9b1fd7f
06-04 09:07:17.572 517 517 D CompatConfig: Adding: com.android.server.compat.config.Change@8b97595
06-04 09:07:17.572 517 564 I SystemConfig: Reading permissions from /vendor/etc/permissions/android.hardware.reboot_escrow.xml
06-04 09:07:17.573 517 517 D CompatConfig: Adding: com.android.server.compat.config.Change@af2f29b
06-04 09:07:17.574 517 564 I SystemConfig: Reading permissions from /vendor/etc/permissions/android.hardware.camera.external.xml
06-04 09:07:17.576 517 517 D CompatConfig: No directory /apex/com.android.media.swcodec/etc/compatconfig, skipping
06-04 09:07:17.576 517 517 D CompatConfig: No directory /apex/com.android.media/etc/compatconfig, skipping
06-04 09:07:17.576 517 564 I SystemConfig: Reading permissions from /vendor/etc/permissions/id.hardware.camera.xml
06-04 09:07:17.576 517 517 D CompatConfig: No directory /apex/com.android.ipsec/etc/compatconfig, skipping
06-04 09:07:17.576 517 517 D CompatConfig: No directory /apex/com.android.i18n/etc/compatconfig, skipping
06-04 09:07:17.576 517 517 D CompatConfig: No directory /apex/com.android.extservices/etc/compatconfig, skipping
06-04 09:07:17.576 517 517 D CompatConfig: No directory /apex/com.android.conscrypt/etc/compatconfig, skipping
06-04 09:07:17.578 517 564 I SystemConfig: Reading permissions from /vendor/etc/permissions/android.software.ipsec_tunnels.xml
06-04 09:07:17.579 517 517 D CompatConfig: Found a config file: /apex/com.android.art/etc/compatconfig/libcore-platform-compat-config.xml
06-04 09:07:17.581 517 564 I SystemConfig: Reading permissions from /vendor/etc/permissions/android.hardware.bluetooth.xml
06-04 09:07:17.581 517 517 D CompatConfig: Adding: com.android.server.compat.config.Change@c931a13
06-04 09:07:17.582 517 517 D CompatConfig: Adding: com.android.server.compat.config.Change@fe73649
06-04 09:07:17.584 517 517 D CompatConfig: Adding: com.android.server.compat.config.Change@d728b4e
06-04 09:07:17.585 517 564 I SystemConfig: Reading permissions from /vendor/etc/permissions/android.software.midi.xml
06-04 09:07:17.585 517 517 D CompatConfig: Adding: com.android.server.compat.config.Change@300257c
06-04 09:07:17.585 257 292 I gralloc : alloc buffer:W:1920 H:1080 S:1920 PL[1920 1080] SZ:8294400 fmt:43 if:0 af:43 usg:20000b00 fg:00000004
06-04 09:07:17.585 517 517 D CompatConfig: Adding: com.android.server.compat.config.Change@c63ee05
06-04 09:07:17.586 517 564 I SystemConfig: Reading permissions from /vendor/etc/permissions/android.hardware.camera.flash-autofocus.xml
06-04 09:07:17.587 517 517 D CompatConfig: No directory /apex/com.android.appsearch/etc/compatconfig, skipping
06-04 09:07:17.587 517 517 D CompatConfig: No directory /apex/com.android.adbd/etc/compatconfig, skipping
06-04 09:07:17.587 517 564 I SystemConfig: Reading permissions from /vendor/etc/permissions/android.software.pppoe.xml
06-04 09:07:17.593 517 564 I SystemConfig: Reading permissions from /product/etc/sysconfig/preinstalled-packages-platform-overlays.xml
06-04 09:07:17.594 517 517 I SystemServerTiming: StartFileIntegrityService
06-04 09:07:17.594 517 517 I SystemServiceManager: Starting com.android.server.security.FileIntegrityService
06-04 09:07:17.597 517 564 I SystemConfig: Reading permissions from /product/etc/sysconfig/preinstalled-packages-platform-handheld-product.xml
06-04 09:07:17.599 517 564 I SystemConfig: Reading permissions from /product/etc/permissions/com.android.settings.intelligence.xml
06-04 09:07:17.602 517 564 I SystemConfig: Reading permissions from /product/etc/permissions/com.android.tv.xml
06-04 09:07:17.604 517 564 W SystemConfig: No directory /system_ext/etc/sysconfig, skipping
06-04 09:07:17.605 517 564 I SystemConfig: Reading permissions from /system_ext/etc/permissions/privapp-settingssetup.xml
06-04 09:07:17.606 517 517 I SystemServerTiming: StartInstaller
06-04 09:07:17.606 517 564 I SystemConfig: Reading permissions from /system_ext/etc/permissions/com.android.tv.settings.xml
06-04 09:07:17.606 517 517 I SystemServiceManager: Starting com.android.server.pm.Installer
06-04 09:07:17.609 349 360 D installd: Found quota mount /dev/block/by-name/userdata at /data
06-04 09:07:17.609 349 360 D installd: Found quota mount /dev/block/by-name/userdata at /data/user/0
06-04 09:07:17.610 517 517 I SystemServerTiming: DeviceIdentifiersPolicyService
06-04 09:07:17.610 517 517 I SystemServiceManager: Starting com.android.server.os.DeviceIdentifiersPolicyService
06-04 09:07:17.611 517 564 I SystemConfig: Reading permissions from /system_ext/etc/permissions/com.android.storagemanager.xml
06-04 09:07:17.611 517 517 I SystemServerTiming: UriGrantsManagerService
06-04 09:07:17.612 517 517 I SystemServiceManager: Starting com.android.server.uri.UriGrantsManagerService$Lifecycle
06-04 09:07:17.613 517 564 I SystemConfig: Reading permissions from /system_ext/etc/permissions/com.softwinner.screenshot.xml
06-04 09:07:17.616 517 564 I SystemConfig: Reading permissions from /system_ext/etc/permissions/provision-permissions.xml
06-04 09:07:17.616 517 517 I SystemServerTiming: StartPowerStatsService
