06-04 11:05:48.940 W/ContextImpl( 689): Calling a method in the system process without a qualified user: android.app.ContextImpl.sendStickyBroadcast:1626 android.net.connectivity.com.android.server.ConnectivityService.sendStickyBroadcast:3280 android.net.connectivity.com.android.server.ConnectivityService.sendGeneralBroadcast:3250 android.net.connectivity.com.android.server.ConnectivityService.sendConnectedBroadcast:3223 android.net.connectivity.com.android.server.ConnectivityService.sendLegacyNetworkBroadcast:10138
06-04 11:05:48.948 D/ConnectivityService( 689): NetReassign [43 : null → 100, 39 : null → 100, 24 : null → 100, 14 : null → 100, 22 : null → 100, 19 : null → 100, 41 : null → 100, 26 : null → 100, 31 : null → 100, 34 : null → 100, 7 : null → 100, 1 : null → 100, 16 : null → 100] [c 0] [a 148] [i 1]
06-04 11:05:48.952 W/System.err( 1063): java.lang.NoSuchMethodException: android.net.SntpClient.requestTime [class java.lang.String, int, class android.net.Network]
06-04 11:05:48.952 W/System.err( 1063): at java.lang.Class.getMethod(Class.java:2937)
06-04 11:05:48.952 W/System.err( 1063): at java.lang.Class.getMethod(Class.java:2449)
06-04 11:05:48.952 W/System.err( 1063): at com.droidlogic.NtpService.SyncTimeLock(NtpService.java:113)
06-04 11:05:48.952 W/System.err( 1063): at com.droidlogic.NtpService.-$$Nest$mSyncTimeLock(Unknown Source:0)
06-04 11:05:48.952 W/System.err( 1063): at com.droidlogic.NtpService$2.run(NtpService.java:104)
06-04 11:05:48.952 W/System.err( 1063): at android.os.Handler.handleCallback(Handler.java:958)
06-04 11:05:48.952 W/System.err( 1063): at android.os.Handler.dispatchMessage(Handler.java:99)
06-04 11:05:48.952 W/System.err( 1063): at android.os.Looper.loopOnce(Looper.java:205)
06-04 11:05:48.952 W/System.err( 1063): at android.os.Looper.loop(Looper.java:294)
06-04 11:05:48.952 W/System.err( 1063): at android.os.HandlerThread.run(HandlerThread.java:67)
06-04 11:05:48.954 D/aaa ( 1473): action:android.net.conn.CONNECTIVITY_CHANGE
06-04 11:05:48.955 D/RockyReceiver( 1699): action: android.net.conn.CONNECTIVITY_CHANGE
06-04 11:05:48.963 E/hq ( 1441): NetWorkStateReceiver:::NetWorkStateReceiver onReceive: 网络变化广播 >>>> intent.action=android.net.conn.CONNECTIVITY_CHANGE
06-04 11:05:48.965 E/hq ( 1441): NetWorkStateReceiver:::Network is available. isConnect=false 是否频次过快=false t=1749006348965
06-04 11:05:48.966 W/eventbuscore( 1441): post Event:com.dangbei.leard.base.entity.event.NetStateEvent
06-04 11:05:48.967 I/Receiver( 1699): 网络连接成功
06-04 11:05:48.968 W/eventbuscore( 1441): post Event:com.dangbei.leard.base.entity.event.NetChangeEvent
06-04 11:05:48.969 D/AppManager( 1441): requestBlackAndWhiteList
06-04 11:05:48.970 D/AppListModel( 1441): requestAppFilterList: true , false
06-04 11:05:48.970 W/BestClock( 689): java.time.DateTimeException: Missing network time fix
06-04 11:05:48.973 W/BestClock( 689): java.time.DateTimeException: Missing network time fix
06-04 11:05:48.987 I/ConnectivityService( 689): Update score for net 100 : +EVER_EVALUATED
06-04 11:05:48.987 D/ConnectivityService( 689): [100 WIFI] validation passed
06-04 11:05:48.988 I/ConnectivityService( 689): Update capabilities for net 100 : +VALIDATED
06-04 11:05:48.988 I/ConnectivityService( 689): Update score for net 100 : +EVER_VALIDATED+IS_VALIDATED
06-04 11:05:48.989 D/yc_test ( 1441): refreshWeather: null
06-04 11:05:48.996 D/ConnectivityService( 689): NetReassign [no changes] [c 0] [a 1] [i 1]
06-04 11:05:49.000 E/DangXiaoBeiManager( 1441): setMessageList: true
06-04 11:05:49.012 E/hq ( 1441): 当小贝:::message list add complete data.messageList:[]
06-04 11:05:49.012 E/hq ( 1441): data.tabList=[]
06-04 11:05:49.012 I/hq ( 1441): 当小贝:::showMessage from=net_change
06-04 11:05:49.013 D/AppManager( 1441): checkLocalAppsIsValid:
06-04 11:05:49.014 I/hq ( 1441): 当小贝:::showMessage 没有消息需要显示
06-04 11:05:49.024 E/hq ( 1441): CrashHandler:::图片加载异常 message=Failed to load resource
06-04 11:05:49.024 E/hq ( 1441): model=
06-04 11:05:49.024 E/hq ( 1441): target=Target for: com.dangbei.palaemon.layout.DBImageView{5c2850b V.ED..... ........ 0,0-410,580}
06-04 11:05:49.024 D/InstantWifi( 689): Receive Wifi is connected, freq = 5745 and currentNetworkId : 0, wifiinfo = SSID: , BSSID: 02:00:00:00:00:00, MAC: 02:00:00:00:00:00, IP: /192.168.3.125, Security type: 2, Supplicant state: COMPLETED, Wi-Fi standard: 6, RSSI: -60, Link speed: 1200Mbps, Tx Link speed: 1200Mbps, Max Supported Tx Link speed: 1200Mbps, Rx Link speed: 6Mbps, Max Supported Rx Link speed: 1200Mbps, Frequency: 5745MHz, Net ID: -1, Metered hint: false, score: 60, isUsable: true, CarrierMerged: false, SubscriptionId: -1, IsPrimary: 1, Trusted: true, Restricted: false, Ephemeral: false, OEM paid: false, OEM private: false, OSU AP: false, FQDN: , Provider friendly name: , Requesting package name: MLO Information: , Is TID-To-Link negotiation supported by the AP: false, AP MLD Address: , AP MLO Link Id: , AP MLO Affiliated links:
06-04 11:05:49.025 E/hq ( 1441): listenerNet:::重新来网了 key=image_error isConnect=true
06-04 11:05:49.026 E/hq ( 1441): listenerNet:::重新来网了 key=requestAppWhiteList isConnect=true
06-04 11:05:49.026 D/TrafficStats( 689): tagSocket(386) with statsTag=0xffffff41, statsUid=-1
06-04 11:05:49.027 E/hq ( 1441): listenerNet:::重新来网了 key=ConfigureInterface:Init isConnect=true
06-04 11:05:49.030 E/hq ( 1441): listenerNet:::重新来网了 key=requestGetMessageRemind isConnect=true
06-04 11:05:49.032 E/hq ( 1441): listenerNet:::重新来网了 key=requestMessageConfig isConnect=true
06-04 11:05:49.035 E/hq ( 1441): listenerNet:::重新来网了 key=requestMessageDialog isConnect=true
06-04 11:05:49.048 D/yc_test ( 1441): refreshWeather: null
06-04 11:05:49.051 D/CompatibilityChangeReporter( 1336): Compat change id reported: 263076149; UID 10070; state: ENABLED
06-04 11:05:49.068 D/ConnectivityService( 689): Setting DNS servers for network 100 to [/202.96.134.133, /202.96.128.166]
06-04 11:05:49.068 D/DnsManager( 689): sendDnsConfigurationForNetwork(100, [202.96.134.133, 202.96.128.166], [], 1800, 25, 8, 64, 0, 0, , [202.96.134.133, 202.96.128.166])
06-04 11:05:49.075 W/ContextImpl( 689): Calling a method in the system process without a qualified user: android.app.ContextImpl.sendStickyBroadcast:1626 android.net.connectivity.com.android.server.ConnectivityService.sendStickyBroadcast:3280 android.net.connectivity.com.android.server.ConnectivityService.sendGeneralBroadcast:3250 android.net.connectivity.com.android.server.ConnectivityService.sendInetConditionBroadcast:3227 android.net.connectivity.com.android.server.ConnectivityService.updateInetCondition:9819
06-04 11:05:49.077 W/LastMileLogger( 689): Failed to stop event tracing: /sys/kernel/debug/tracing/instances/wifi/tracing_on: open failed: ENOENT (No such file or directory)
06-04 11:05:49.083 E/TaskWorkerFactory( 1336): Cannot create worker: com.android.devicelockcontroller.provision.worker.DeviceCheckInWorker
06-04 11:05:49.083 E/TaskWorkerFactory( 1336): java.lang.NoSuchMethodException: com.android.devicelockcontroller.provision.worker.DeviceCheckInWorker. [class android.content.Context, class androidx.work.WorkerParameters, interface com.google.common.util.concurrent.ListeningExecutorService]
06-04 11:05:49.083 E/TaskWorkerFactory( 1336): at java.lang.Class.getConstructor0(Class.java:3325)
06-04 11:05:49.083 E/TaskWorkerFactory( 1336): at java.lang.Class.getDeclaredConstructor(Class.java:3063)
06-04 11:05:49.083 E/TaskWorkerFactory( 1336): at com.android.devicelockcontroller.policy.TaskWorkerFactory.createWorker(TaskWorkerFactory.java:53)
06-04 11:05:49.083 E/TaskWorkerFactory( 1336): at androidx.work.DelegatingWorkerFactory.createWorker(DelegatingWorkerFactory.java:71)
06-04 11:05:49.083 E/TaskWorkerFactory( 1336): at androidx.work.WorkerFactory.createWorkerWithDefaultFallback(WorkerFactory.java:82)
06-04 11:05:49.083 E/TaskWorkerFactory( 1336): at androidx.work.impl.WorkerWrapper.runWorker(WorkerWrapper.java:240)
06-04 11:05:49.083 E/TaskWorkerFactory( 1336): at androidx.work.impl.WorkerWrapper.run(WorkerWrapper.java:142)
06-04 11:05:49.083 E/TaskWorkerFactory( 1336): at androidx.work.impl.utils.SerialExecutorImpl$Task.run(SerialExecutorImpl.java:96)
06-04 11:05:49.083 E/TaskWorkerFactory( 1336): at java.util.concurrent.ThreadPoolExecutor.runWorker(ThreadPoolExecutor.java:1145)
06-04 11:05:49.083 E/TaskWorkerFactory( 1336): at java.util.concurrent.ThreadPoolExecutor$Worker.run(ThreadPoolExecutor.java:644)
06-04 11:05:49.083 E/TaskWorkerFactory( 1336): at java.lang.Thread.run(Thread.java:1012)
06-04 11:05:49.084 D/TrafficStats( 1441): tagSocket(135) with statsTag=0xffffffff, statsUid=-1
06-04 11:05:49.086 D/TrafficStats( 1441): tagSocket(116) with statsTag=0xffffffff, statsUid=-1
06-04 11:05:49.087 D/WifiMemoryStoreImpl( 689): Set cluster G3e6eb70847b0ac3f for W110db4d9d08114f: SUCCESS
06-04 11:05:49.091 D/LanSocketServer( 1420): connect
06-04 11:05:49.103 D/TrafficStats( 1441): tagSocket(168) with statsTag=0xffffffff, statsUid=-1
06-04 11:05:49.111 D/WifiConfigStore( 689): Writing to stores completed in 17 ms.
06-04 11:05:49.121 D/TrafficStats( 1441): tagSocket(162) with statsTag=0xffffffff, statsUid=-1
06-04 11:05:49.122 E/hq ( 1441): WeatherRefresh:::请求网络地址后,更新的地理位置为:null
06-04 11:05:49.129 D/TrafficStats( 1441): tagSocket(120) with statsTag=0xffffffff, statsUid=-1
06-04 11:05:49.140 E/hq ( 1441): WeatherRefresh:::请求网络地址后,更新的地理位置为:null
06-04 11:05:49.148 W/System.err( 1420): SLF4J: Failed to load class "org.slf4j.impl.StaticLoggerBinder".
06-04 11:05:49.148 W/System.err( 1420): SLF4J: Defaulting to no-operation (NOP) logger implementation
06-04 11:05:49.148 W/System.err( 1420): SLF4J: See http://www.slf4j.org/codes.html#StaticLoggerBinder for further details.
06-04 11:05:49.150 D/LanSocketServer( 1420): connect /192.168.3.125:6689
06-04 11:05:49.150 D/LanSocketServer( 1420): connect start
06-04 11:05:49.150 E/LanCommander( 1420): onNetWorkChanged: true
06-04 11:05:49.152 D/TrafficStats( 1420): tagSocket(84) with statsTag=0xffffffff, statsUid=-1
06-04 11:05:49.154 E/LanCommander( 1420): onServerCreatedSuccess 192.168.3.125:6689
06-04 11:05:49.158 I/CheckInWorker( 1336): perform check-in request
06-04 11:05:49.158 D/getEthernetMacAddr( 1420): getEthernetMacAddr use eth0
06-04 11:05:49.168 W/CheckInWorker( 1336): CheckIn failed. No device identifier available!
06-04 11:05:49.177 I/WM-WorkerWrapper( 1336): Worker result FAILURE for Work [ id=e3ad6a3b-0fa7-4a40-a721-907a3ebd5d3c, tags={ com.android.devicelockcontroller.provision.worker.DeviceCheckInWorker } ]
06-04 11:05:49.186 E/RCInfo ( 1420): vid:
06-04 11:05:49.186 E/RCInfo ( 1420): pid:
06-04 11:05:49.186 E/RCInfo ( 1420): RCBrand:NA
06-04 11:05:49.186 E/RCInfo ( 1420): vid:
06-04 11:05:49.186 E/RCInfo ( 1420): pid:
06-04 11:05:49.189 E/RCInfo ( 1420): vid:
06-04 11:05:49.189 E/RCInfo ( 1420): pid:
06-04 11:05:49.201 E/RCInfo ( 1420): vid:
06-04 11:05:49.201 E/RCInfo ( 1420): pid:
06-04 11:05:49.201 E/RCInfo ( 1420): RCBrand:NA
06-04 11:05:49.203 E/RCInfo ( 1420): vid:
06-04 11:05:49.203 E/RCInfo ( 1420): pid:
06-04 11:05:49.204 E/RCInfo ( 1420): vid:
06-04 11:05:49.204 E/RCInfo ( 1420): pid:
06-04 11:05:49.241 D/getEthernetMacAddr( 1420): getEthernetMacAddr use eth0
06-04 11:05:49.253 D/getEthernetMacAddr( 1420): getEthernetMacAddr use eth0
06-04 11:05:49.258 V/GraphicsEnvironment( 2119): Currently set values for:
06-04 11:05:49.258 V/GraphicsEnvironment( 2119): angle_gl_driver_selection_pkgs=[]
06-04 11:05:49.259 V/GraphicsEnvironment( 2119): angle_gl_driver_selection_values=[]
06-04 11:05:49.264 E/xxxxxxxxxxxxxxx( 1441): onReceive: true , configuration = {1.0 ?mcc0mnc [zh_CN] ldltr sw720dp w1280dp h720dp 240dpi xlrg long land television -touch -keyb/v/h dpad/v winConfig={ mBounds=Rect(0, 0 - 1920, 1080) mAppBounds=Rect(0, 0 - 1920, 1080) mMaxBounds=Rect(0, 0 - 1920, 1080) mDisplayRotation=ROTATION_0 mWindowingMode=fullscreen mDisplayWindowingMode=fullscreen mActivityType=undefined mAlwaysOnTop=undefined mRotation=ROTATION_0} s.6 fontWeightAdjustment=0}
06-04 11:05:49.264 E/xxxxxxxxxxxxxxx( 1441): isScreenSizeChange=false app onConfigurationChanged={1.0 ?mcc0mnc [zh_CN] ldltr sw720dp w1280dp h720dp 240dpi xlrg long land television -touch -keyb/v/h dpad/v winConfig={ mBounds=Rect(0, 0 - 1920, 1080) mAppBounds=Rect(0, 0 - 1920, 1080) mMaxBounds=Rect(0, 0 - 1920, 1080) mDisplayRotation=ROTATION_0 mWindowingMode=fullscreen mDisplayWindowingMode=fullscreen mActivityType=undefined mAlwaysOnTop=undefined mRotation=ROTATION_0} s.6 fontWeightAdjustment=0}
06-04 11:05:49.267 V/GraphicsEnvironment( 2119): ANGLE GameManagerService for com.android.permissioncontroller: false
06-04 11:05:49.267 V/GraphicsEnvironment( 2119): com.android.permissioncontroller is not listed in per-application setting
06-04 11:05:49.267 V/GraphicsEnvironment( 2119): Neither updatable production driver nor prerelease driver is supported.
06-04 11:05:49.285 D/getEthernetMacAddr( 1420): getEthernetMacAddr use eth0
06-04 11:05:49.294 I/okhttp.OkHttpClient( 1420): --> POST http://tymsgapi.qun7.com/v1/core/logip (596-byte body)
06-04 11:05:49.296 I/okhttp.OkHttpClient( 1420): --> POST http://tymsgapi.qun7.com/v1/core/rom (529-byte body)
06-04 11:05:49.302 I/okhttp.OkHttpClient( 1420): --> POST http://tyapi.qun7.com/v1/core/launcherota (529-byte body)
06-04 11:05:49.318 D/IpClient/wlan0( 991): addressUpdated: fe80::8a3:47a:d2a8:b320/64 on ifindex 16 flags 0x00000880 scope 253
06-04 11:05:49.330 I/okhttp.OkHttpClient( 1420): --> POST http://tymsgapi.qun7.com/v1/core/appupdate (2310-byte body)
06-04 11:05:49.344 D/aaa ( 1473): LedStatusService onStartCommand begin
06-04 11:05:49.345 D/aaa ( 1473): topPkg is -------------- :com.dangbei.leard.leradlauncher
06-04 11:05:49.352 D/aaa ( 1473): WiFi is connect
06-04 11:05:49.366 I/carui ( 2119): CarUi plugin is disabled
06-04 11:05:49.381 W/ndroid.systemui( 939): Cleared Reference was only reachable from finalizer (only reported once)
06-04 11:05:49.386 I/ndroid.systemui( 939): Background concurrent copying GC freed 127415(5058KB) AllocSpace objects, 12(304KB) LOS objects, 49% free, 5209KB/10MB, paused 131us,58us total 585.629ms
06-04 11:05:49.395 W/System ( 939): A resource failed to call release.
06-04 11:05:49.395 W/System ( 939): A resource failed to call release.
06-04 11:05:49.411 E/HigherBroadcastServer( 1420): {"bluetoothBoot":false,"bluetoothController":false,"bluetoothMac":"1C:79:2D:20:62:84","deviceModel":"DBBOX-A3","deviceModelNumber":"H5P464","deviceName":"客厅的当贝盒子","findController":1,"hostName":"192.168.3.125","inetAddress":"192.168.3.125","mac":"20:02:FE:19:C2:46","port":6689,"romCode":5007,"romVersion":"5.0.0.7","wifiMac":"1C:79:2D:20:62:83","deviceId":"bfb76e6919883ca3f1d2167299216716","sn":"DZOH5P8251918060"}
06-04 11:05:49.412 W/NsdServiceInfo( 1420): Key lengths > 9 are discouraged: deviceModel
06-04 11:05:49.412 W/NsdServiceInfo( 1420): Key lengths > 9 are discouraged: deviceModelNumber
06-04 11:05:49.412 W/NsdServiceInfo( 1420): Key lengths > 9 are discouraged: deviceName
06-04 11:05:49.415 W/NsdServiceInfo( 1420): Key lengths > 9 are discouraged: romVersion
06-04 11:05:49.415 W/NsdServiceInfo( 1420): Key lengths > 9 are discouraged: findController
06-04 11:05:49.445 I/SendAliveManager( 1440): doWhenNetworkStateChanged
06-04 11:05:49.448 E/StartupService( 1721): onConnected:
06-04 11:05:49.458 W/Role ( 2119): Cannot get ApplicationInfo for default holder: com.android.messaging
06-04 11:05:49.460 D/aaa ( 1473): WiFi is connect
06-04 11:05:49.464 D/aaa ( 1473): WiFi is connect
06-04 11:05:49.467 I/serviceDiscovery( 689): [MdnsSocketProvider] Start monitoring sockets.
06-04 11:05:49.468 I/Receiver( 1699): ----------netConnectInitSDK--------------
06-04 11:05:49.468 I/TetheringManager( 689): registerTetheringEventCallback caller:android
06-04 11:05:49.468 D/RockyNetMessageUtil( 1699): initTipsList tipEntity = TipEntity{movieType=[我想看喜剧片, 动作片, 枪战片], movie=[庆余年, 误杀, 美丽人生, 爆笑虫子, 哪吒, 小猪佩奇, 胡歌的电视剧, 张艺谋导演的电影, 切换到1080P, 收藏], appController=[打开当贝市场, 下载哈趣影视, 爱奇艺, 卸载腾讯视频], weather=[今天的天气, 未来五天的天气, 杭州天气怎么样, 明天下不下雨], music=[我要听歌, 周杰伦的歌, 上一首, 下一首, 快进一分钟, 暂停], liveAppDownload='非常抱歉,根据监管部门政策管理要求,暂不提供相应服务。', subscreen=null, wakeUpVoiceResponse=[ProbabilityEntity{word='在呢', probability=30}, ProbabilityEntity{word='我在', probability=35}, ProbabilityEntity{word='你说', probability=15}, ProbabilityEntity{word='来啦', probability=20}], unrecognizedVoiceResponse=[ProbabilityEntity{word='可以再说一遍么', probability=45}, ProbabilityEntity{word='可以说的详细一点么', probability=30}, ProbabilityEntity{word='请问有什么可以帮您', probability=25}], notUnderstandVoiceResponse=[ProbabilityEntity{word='换个说法试试吧', probability=100}]} isRequestTipSuccess = false
06-04 11:05:49.469 I/serviceDiscovery( 689): [MdnsAdvertiser] Adding service name: 192.168.3.125, type: _db_controller._tcp, hostAddresses: /192.168.3.125, port: 6689, network: null, txtRecord: deviceModel=DBBOX-A3romVersion=5.0.0.7findController=1sn=DZOH5P8251918060mac=20:02:FE:19:C2:46 deviceName=客厅的当贝盒子)deviceId=bfb76e6919883ca3f1d2167299216716deviceModelNumber=H5P464 romCode=5007 with ID 2 and subtype null
06-04 11:05:49.471 D/RockyNetMessageUtil( 1699): initMediaControlPage pageEntity = PageEntity{list=[ContentEntity{packageName='com.dangbei.leard.leradlauncher', activityName='FilmDetailActivity'}, ContentEntity{packageName='com.dangbei.leard.leradlauncher', activityName='FullScreenDetailActivity'}, ContentEntity{packageName='com.dangbei.leard.leradlauncher', activityName='TencentSportActivity'}, ContentEntity{packageName='com.dangbei.leradVideoPlugins', activityName='FilmDetailActivity'}, ContentEntity{packageName='com.dangbei.leradVideoPlugins', activityName='FullScreenDetailActivity'}, ContentEntity{packageName='com.dangbei.leradVideoPlugins', activityName='TencentSportActivity'}, ContentEntity{packageName='com.dangbei.leradVideoPlugins', activityName='ShortPlayActivity'}, ContentEntity{packageName='com.dangbei.hqmedia', activityName='FilmDetailActivity'}, ContentEntity{packageName='com.dangbei.hqmedia', activityName='FullScreenDetailActivity'}, ContentEntity{packageName='com.dangbei.leradVideoPlugins', activityName='MangoMediaActivity'}, ContentEntity{packageName='com.dangbei.leradVideoPlugins', activityName='VcinemaActivity'}]} isRequestPageControlSuccess = false
06-04 11:05:49.474 D/XHttpObservable( 1699): handleRequest: start https://tyapi.qun7.com/v1/voice/getsoundshowmsg ,,, isCache = false
06-04 11:05:49.474 D/ConnectivityService( 689): NetReassign [no changes] [c 0] [a 1] [i 3]
06-04 11:05:49.474 D/XHttpObservable( 1699): handleRequest: start https://tyapi.qun7.com/v1/voice/getResponseControlPage ,,, isCache = false
06-04 11:05:49.503 D/CompatibilityChangeReporter( 689): Compat change id reported: 135634846; UID 10019; state: DISABLED
06-04 11:05:49.504 D/CompatibilityChangeReporter( 689): Compat change id reported: 177438394; UID 10019; state: DISABLED
06-04 11:05:49.504 D/CompatibilityChangeReporter( 689): Compat change id reported: 135772972; UID 10019; state: DISABLED
06-04 11:05:49.504 D/CompatibilityChangeReporter( 689): Compat change id reported: 135754954; UID 10019; state: ENABLED
06-04 11:05:49.505 D/CompatibilityChangeReporter( 689): Compat change id reported: 143937733; UID 10019; state: ENABLED
06-04 11:05:49.507 D/TrafficStats( 689): tagSocket(387) with statsTag=0xffffffff, statsUid=-1
06-04 11:05:49.530 D/Zygote ( 459): Forked child process 2195
06-04 11:05:49.531 I/ActivityManager( 689): Start proc 2195:com.android.providers.calendar/u0a19 for broadcast {com.android.providers.calendar/com.android.providers.calendar.CalendarReceiver}
06-04 11:05:49.547 I/Zygote ( 2195): seccomp disabled by setenforce 0
06-04 11:05:49.516 I/com.dangbei.lerad.rocky( 1699): type=1400 audit(0.0:938): avc: denied { search } for comm=5278546872656164204E4554202331 name="net" dev="sysfs" ino=12344 scontext=u:r:system_app:s0 tcontext=u:object_r:sysfs_net:s0 tclass=dir permissive=1
06-04 11:05:49.532 I/settings( 2196): type=1400 audit(0.0:939): avc: denied { execute_no_trans } for path="/system/bin/cmd" dev="dm-8" ino=18933516 scontext=u:r:init:s0 tcontext=u:object_r:system_file:s0 tclass=file permissive=1
06-04 11:05:49.553 I/viders.calendar( 2195): Using CollectorTypeCC GC.
06-04 11:05:49.540 I/gbei.screencast( 1721): type=1400 audit(0.0:940): avc: denied { read } for name="u:object_r:serialno_prop:s0" dev="tmpfs" ino=323 scontext=u:r:untrusted_app_27:s0:c43,c256,c512,c768 tcontext=u:object_r:serialno_prop:s0 tclass=file permissive=1 app=com.dangbei.screencast
06-04 11:05:49.566 W/System.err( 1721): java.lang.NullPointerException: Attempt to invoke virtual method 'byte[] java.net.NetworkInterface.getHardwareAddress()' on a null object reference
06-04 11:05:49.566 W/System.err( 1721): at b.f.f.y.g.b(Unknown Source:11)
06-04 11:05:49.566 W/System.err( 1721): at b.d.a.a.p.c0(Unknown Source:2)
06-04 11:05:49.566 W/System.err( 1721): at b.f.f.w.b.(:16)
06-04 11:05:49.566 W/System.err( 1721): at com.dangbei.screencast.startup.StartupService.w(:2)
06-04 11:05:49.566 W/System.err( 1721): at b.f.f.h.g.b.run(:6)
06-04 11:05:49.566 W/System.err( 1721): at b.d.a.a.n.a(Unknown Source:10)
06-04 11:05:49.566 W/System.err( 1721): at b.f.f.h.g.j.onReceive(Unknown Source:20)
06-04 11:05:49.566 W/System.err( 1721): at android.app.LoadedApk$ReceiverDispatcher$Args.lambda$getRunnable$0(LoadedApk.java:1811)
06-04 11:05:49.566 W/System.err( 1721): at android.app.LoadedApk$ReceiverDispatcher$Args.$r8$lambda$gDuJqgxY6Zb-ifyeubKeivTLAwk(Unknown Source:0)
06-04 11:05:49.566 W/System.err( 1721): at android.app.LoadedApk$ReceiverDispatcher$Args$$ExternalSyntheticLambda0.run(Unknown Source:2)
06-04 11:05:49.566 W/System.err( 1721): at android.os.Handler.handleCallback(Handler.java:958)
06-04 11:05:49.566 W/System.err( 1721): at android.os.Handler.dispatchMessage(Handler.java:99)
06-04 11:05:49.566 W/System.err( 1721): at android.os.Looper.loopOnce(Looper.java:205)
06-04 11:05:49.566 W/System.err( 1721): at android.os.Looper.loop(Looper.java:294)
06-04 11:05:49.566 W/System.err( 1721): at android.app.ActivityThread.main(ActivityThread.java:8255)
06-04 11:05:49.566 W/System.err( 1721): at java.lang.reflect.Method.invoke(Native Method)
06-04 11:05:49.566 W/System.err( 1721): at com.android.internal.os.RuntimeInit$MethodAndArgsCaller.run(RuntimeInit.java:552)
06-04 11:05:49.566 W/System.err( 1721): at com.android.internal.os.ZygoteInit.main(ZygoteInit.java:978)
06-04 11:05:49.567 E/viders.calendar( 2195): Not starting debugger since process cannot load the jdwp agent.
06-04 11:05:49.540 I/gbei.screencast( 1721): type=1400 audit(0.0:941): avc: denied { open } for path="/dev/__properties__/u:object_r:serialno_prop:s0" dev="tmpfs" ino=323 scontext=u:r:untrusted_app_27:s0:c43,c256,c512,c768 tcontext=u:object_r:serialno_prop:s0 tclass=file permissive=1 app=com.dangbei.screencast
06-04 11:05:49.540 I/gbei.screencast( 1721): type=1400 audit(0.0:942): avc: denied { getattr } for path="/dev/__properties__/u:object_r:serialno_prop:s0" dev="tmpfs" ino=323 scontext=u:r:untrusted_app_27:s0:c43,c256,c512,c768 tcontext=u:object_r:serialno_prop:s0 tclass=file permissive=1 app=com.dangbei.screencast
06-04 11:05:49.588 D/TrafficStats( 1420): tagSocket(94) with statsTag=0xffffffff, statsUid=-1
06-04 11:05:49.590 D/TrafficStats( 1420): tagSocket(93) with statsTag=0xffffffff, statsUid=-1
06-04 11:05:49.594 D/TrafficStats( 1420): tagSocket(96) with statsTag=0xffffffff, statsUid=-1
06-04 11:05:49.601 D/TrafficStats( 1420): tagSocket(95) with statsTag=0xffffffff, statsUid=-1
06-04 11:05:49.633 D/CompatibilityChangeReporter( 2119): Compat change id reported: 194532703; UID 10057; state: ENABLED
06-04 11:05:49.633 D/CompatibilityChangeReporter( 2119): Compat change id reported: 253665015; UID 10057; state: ENABLED
06-04 11:05:49.635 D/CompatibilityChangeReporter( 689): Compat change id reported: 253665015; UID 10057; state: ENABLED
06-04 11:05:49.636 D/CompatibilityChangeReporter( 689): Compat change id reported: 194532703; UID 10057; state: ENABLED
06-04 11:05:49.651 D/CompatibilityChangeReporter( 689): Compat change id reported: 168419799; UID 10019; state: DISABLED
06-04 11:05:49.651 D/CompatibilityChangeReporter( 689): Compat change id reported: 273564678; UID 10019; state: DISABLED
06-04 11:05:49.654 W/efs.info.manager( 1721): network change: wifi
06-04 11:05:49.660 I/system_server( 689): Background concurrent copying GC freed 261975(10MB) AllocSpace objects, 41(2980KB) LOS objects, 49% free, 14MB/28MB, paused 6.843ms,427us total 789.644ms
06-04 11:05:49.662 D/CompatibilityChangeReporter( 689): Compat change id reported: 265195908; UID 10019; state: ENABLED
06-04 11:05:49.668 I/ActivityManager( 689): reportOnUserCompletedEvent(0): stored=10, eligible=111
06-04 11:05:49.669 D/SystemServerTimingAsync( 689): ssm.CompletedEventUser-0
06-04 11:05:49.669 I/SystemServiceManager( 689): Calling onCompletedEventUser 0
06-04 11:05:49.670 D/SystemServerTimingAsync( 689): ssm.onCompletedEventUser-0_{|Unlocked|}_com.android.server.security.FileIntegrityService
06-04 11:05:49.670 D/SystemServerTimingAsync( 689): ssm.onCompletedEventUser-0_{|Unlocked|}_com.android.server.flags.FeatureFlagsService
06-04 11:05:49.670 D/SystemServerTimingAsync( 689): ssm.onCompletedEventUser-0_{|Unlocked|}_com.android.server.uri.UriGrantsManagerService$Lifecycle
06-04 11:05:49.670 D/SystemServerTimingAsync( 689): ssm.onCompletedEventUser-0_{|Unlocked|}_com.android.server.pm.Installer
06-04 11:05:49.670 D/SystemServerTimingAsync( 689): ssm.onCompletedEventUser-0_{|Unlocked|}_com.android.server.powerstats.PowerStatsService
06-04 11:05:49.670 D/SystemServerTimingAsync( 689): ssm.onCompletedEventUser-0_{|Unlocked|}_com.android.server.permission.access.AccessCheckingService
06-04 11:05:49.670 D/SystemServerTimingAsync( 689): ssm.onCompletedEventUser-0_{|Unlocked|}_com.android.server.wm.ActivityTaskManagerService$Lifecycle
06-04 11:05:49.670 D/SystemServerTimingAsync( 689): ssm.onCompletedEventUser-0_{|Unlocked|}_com.android.server.am.ActivityManagerService$Lifecycle
06-04 11:05:49.670 D/SystemServerTimingAsync( 689): ssm.onCompletedEventUser-0_{|Unlocked|}_com.android.server.pm.DataLoaderManagerService
06-04 11:05:49.670 D/SystemServerTimingAsync( 689): ssm.onCompletedEventUser-0_{|Unlocked|}_com.android.server.power.PowerManagerService
06-04 11:05:49.671 D/SystemServerTimingAsync( 689): ssm.onCompletedEventUser-0_{|Unlocked|}_com.android.server.power.ThermalManagerService
06-04 11:05:49.671 D/SystemServerTimingAsync( 689): ssm.onCompletedEventUser-0_{|Unlocked|}_com.android.server.power.hint.HintManagerService
06-04 11:05:49.671 D/SystemServerTimingAsync( 689): ssm.onCompletedEventUser-0_{|Unlocked|}_com.android.server.recoverysystem.RecoverySystemService$Lifecycle
06-04 11:05:49.671 D/SystemServerTimingAsync( 689): ssm.onCompletedEventUser-0_{|Unlocked|}_com.android.server.lights.LightsService
06-04 11:05:49.671 D/SystemServerTimingAsync( 689): ssm.onCompletedEventUser-0_{|Unlocked|}_com.android.server.display.DisplayManagerService
06-04 11:05:49.671 D/SystemServerTimingAsync( 689): ssm.onCompletedEventUser-0_{|Unlocked|}_com.android.server.pm.verify.domain.DomainVerificationService
06-04 11:05:49.671 D/SystemServerTimingAsync( 689): ssm.onCompletedEventUser-0_{|Unlocked|}_com.android.server.pm.PackageInstallerService$Lifecycle
06-04 11:05:49.671 D/SystemServerTimingAsync( 689): ssm.onCompletedEventUser-0_{|Unlocked|}_com.android.server.pm.UserManagerService$LifeCycle
06-04 11:05:49.671 D/SystemServerTimingAsync( 689): ssm.onCompletedEventUser-0_{|Unlocked|}_com.android.server.om.OverlayManagerService
06-04 11:05:49.671 D/SystemServerTimingAsync( 689): ssm.onCompletedEventUser-0_{|Unlocked|}_com.android.server.resources.ResourcesManagerService
06-04 11:05:49.671 D/SystemServerTimingAsync( 689): ssm.onCompletedEventUser-0_{|Unlocked|}_com.android.server.sensorprivacy.SensorPrivacyService
06-04 11:05:49.671 D/SystemServerTimingAsync( 689): ssm.onCompletedEventUser-0_{|Unlocked|}_com.android.server.sensors.SensorService
06-04 11:05:49.671 D/SystemServerTimingAsync( 689): ssm.onCompletedEventUser-0_{|Unlocked|}_com.android.server.SystemConfigService
06-04 11:05:49.671 D/SystemServerTimingAsync( 689): ssm.onCompletedEventUser-0_{|Unlocked|}_com.android.server.BatteryService
06-04 11:05:49.671 D/SystemServerTimingAsync( 689): ssm.onCompletedEventUser-0_{|Unlocked|}_com.android.server.usage.UsageStatsService
06-04 11:05:49.671 D/SystemServerTimingAsync( 689): ssm.onCompletedEventUser-0_{|Unlocked|}_com.android.server.webkit.WebViewUpdateService
06-04 11:05:49.671 D/SystemServerTimingAsync( 689): ssm.onCompletedEventUser-0_{|Unlocked|}_com.android.server.CachedDeviceStateService
06-04 11:05:49.671 D/SystemServerTimingAsync( 689): ssm.onCompletedEventUser-0_{|Unlocked|}_com.android.server.BinderCallsStatsService$LifeCycle
06-04 11:05:49.671 D/SystemServerTimingAsync( 689): ssm.onCompletedEventUser-0_{|Unlocked|}_com.android.server.LooperStatsService$Lifecycle
06-04 11:05:49.671 D/SystemServerTimingAsync( 689): ssm.onCompletedEventUser-0_{|Unlocked|}_com.android.server.rollback.RollbackManagerService
06-04 11:05:49.671 D/SystemServerTimingAsync( 689): ssm.onCompletedEventUser-0_{|Unlocked|}_com.android.server.os.NativeTombstoneManagerService
06-04 11:05:49.671 D/SystemServerTimingAsync( 689): ssm.onCompletedEventUser-0_{|Unlocked|}_com.android.server.os.BugreportManagerService
06-04 11:05:49.671 D/SystemServerTimingAsync( 689): ssm.onCompletedEventUser-0_{|Unlocked|}_com.android.server.gpu.GpuService
06-04 11:05:49.671 D/SystemServerTimingAsync( 689): ssm.onCompletedEventUser-0_{|Unlocked|}_com.android.server.security.rkp.RemoteProvisioningService
06-04 11:05:49.671 D/SystemServerTimingAsync( 689): ssm.onCompletedEventUser-0_{|Unlocked|}_com.android.server.security.KeyChainSystemService
06-04 11:05:49.671 D/SystemServerTimingAsync( 689): ssm.onCompletedEventUser-0_{|Unlocked|}_com.android.server.BinaryTransparencyService
06-04 11:05:49.671 D/SystemServerTimingAsync( 689): ssm.onCompletedEventUser-0_{|Unlocked|}_com.android.server.accounts.AccountManagerService$Lifecycle
06-04 11:05:49.671 D/SystemServerTimingAsync( 689): ssm.onCompletedEventUser-0_{|Unlocked|}_com.android.server.content.ContentService$Lifecycle
06-04 11:05:49.671 D/SystemServerTimingAsync( 689): ssm.onCompletedEventUser-0_{|Unlocked|}_com.android.server.deviceconfig.DeviceConfigInit$Lifecycle
06-04 11:05:49.671 D/SystemServerTimingAsync( 689): ssm.onCompletedEventUser-0_{|Unlocked|}_com.android.server.DropBoxManagerService
06-04 11:05:49.671 D/SystemServerTimingAsync( 689): ssm.onCompletedEventUser-0_{|Unlocked|}_com.android.role.RoleService
06-04 11:05:49.671 D/SystemServerTimingAsync( 689): ssm.onCompletedEventUser-0_{|Unlocked|}_com.android.server.vibrator.VibratorManagerService$Lifecycle
06-04 11:05:49.671 D/SystemServerTimingAsync( 689): ssm.onCompletedEventUser-0_{|Unlocked|}_com.android.server.tare.InternalResourceService
06-04 11:05:49.671 D/SystemServerTimingAsync( 689): ssm.onCompletedEventUser-0_{|Unlocked|}_com.android.server.alarm.AlarmManagerService
06-04 11:05:49.671 D/SystemServerTimingAsync( 689): ssm.onCompletedEventUser-0_{|Unlocked|}_com.android.server.devicestate.DeviceStateManagerService
06-04 11:05:49.671 D/SystemServerTimingAsync( 689): ssm.onCompletedEventUser-0_{|Unlocked|}_com.android.server.camera.CameraServiceProxy
06-04 11:05:49.671 D/SystemServerTimingAsync( 689): ssm.onCompletedEventUser-0_{|Unlocked|}_com.android.server.bluetooth.BluetoothService
06-04 11:05:49.671 D/SystemServerTimingAsync( 689): ssm.onCompletedEventUser-0_{|Unlocked|}_com.android.server.connectivity.IpConnectivityMetrics
06-04 11:05:49.671 D/SystemServerTimingAsync( 689): ssm.onCompletedEventUser-0_{|Unlocked|}_com.android.server.net.watchlist.NetworkWatchlistService$Lifecycle
06-04 11:05:49.671 D/SystemServerTimingAsync( 689): ssm.onCompletedEventUser-0_{|Unlocked|}_com.android.server.PinnerService
06-04 11:05:49.671 D/SystemServerTimingAsync( 689): ssm.onCompletedEventUser-0_{|Unlocked|}_com.android.server.integrity.AppIntegrityManagerService
06-04 11:05:49.671 D/SystemServerTimingAsync( 689): ssm.onCompletedEventUser-0_{|Unlocked|}_com.android.server.inputmethod.InputMethodManagerService$Lifecycle
06-04 11:05:49.671 D/SystemServerTimingAsync( 689): ssm.onCompletedEventUser-0_{|Unlocked|}_com.android.server.accessibility.AccessibilityManagerService$Lifecycle
06-04 11:05:49.671 D/SystemServerTimingAsync( 689): ssm.onCompletedEventUser-0_{|Unlocked|}_com.android.server.logcat.LogcatManagerService
06-04 11:05:49.672 D/SystemServerTimingAsync( 689): ssm.onCompletedEventUser-0_{|Unlocked|}_com.android.server.usage.StorageStatsService$Lifecycle
06-04 11:05:49.672 D/SystemServerTimingAsync( 689): ssm.onCompletedEventUser-0_{|Unlocked|}_com.android.server.UiModeManagerService
06-04 11:05:49.672 D/SystemServerTimingAsync( 689): ssm.onCompletedEventUser-0_{|Unlocked|}_com.android.server.locales.LocaleManagerService
06-04 11:05:49.672 D/SystemServerTimingAsync( 689): ssm.onCompletedEventUser-0_{|Unlocked|}_com.android.server.grammaticalinflection.GrammaticalInflectionService
06-04 11:05:49.672 D/SystemServerTimingAsync( 689): ssm.onCompletedEventUser-0_{|Unlocked|}_com.android.server.apphibernation.AppHibernationService
06-04 11:05:49.672 D/SystemServerTimingAsync( 689): ssm.onCompletedEventUser-0_{|Unlocked|}_com.android.server.locksettings.LockSettingsService$Lifecycle
06-04 11:05:49.672 D/SystemServerTimingAsync( 689): ssm.onCompletedEventUser-0_{|Unlocked|}_com.android.server.PersistentDataBlockService
06-04 11:05:49.672 D/SystemServerTimingAsync( 689): ssm.onCompletedEventUser-0_{|Unlocked|}_com.android.server.testharness.TestHarnessModeService
06-04 11:05:49.672 D/SystemServerTimingAsync( 689): ssm.onCompletedEventUser-0_{|Unlocked|}_com.android.server.oemlock.OemLockService
06-04 11:05:49.672 D/SystemServerTimingAsync( 689): ssm.onCompletedEventUser-0_{|Unlocked|}_com.android.server.DeviceIdleController
06-04 11:05:49.672 D/SystemServerTimingAsync( 689): ssm.onCompletedEventUser-0_{|Unlocked|}_com.android.server.devicepolicy.DevicePolicyManagerService$Lifecycle
06-04 11:05:49.672 D/SystemServerTimingAsync( 689): ssm.onCompletedEventUser-0_{|Unlocked|}_com.android.server.texttospeech.TextToSpeechManagerService
06-04 11:05:49.672 D/SystemServerTimingAsync( 689): ssm.onCompletedEventUser-0_{|Unlocked|}_com.android.server.ambientcontext.AmbientContextManagerService
06-04 11:05:49.672 D/SystemServerTimingAsync( 689): ssm.onCompletedEventUser-0_{|Unlocked|}_com.android.server.wearable.WearableSensingManagerService
06-04 11:05:49.672 D/SystemServerTimingAsync( 689): ssm.onCompletedEventUser-0_{|Unlocked|}_com.android.server.speech.SpeechRecognitionManagerService
06-04 11:05:49.672 D/SystemServerTimingAsync( 689): ssm.onCompletedEventUser-0_{|Unlocked|}_com.android.server.searchui.SearchUiManagerService
06-04 11:05:49.672 D/SystemServerTimingAsync( 689): ssm.onCompletedEventUser-0_{|Unlocked|}_com.android.server.smartspace.SmartspaceManagerService
06-04 11:05:49.672 D/SystemServerTimingAsync( 689): ssm.onCompletedEventUser-0_{|Unlocked|}_com.android.server.graphics.fonts.FontManagerService$Lifecycle
06-04 11:05:49.672 D/SystemServerTimingAsync( 689): ssm.onCompletedEventUser-0_{|Unlocked|}_com.android.server.textservices.TextServicesManagerService$Lifecycle
06-04 11:05:49.672 D/SystemServerTimingAsync( 689): ssm.onCompletedEventUser-0_{|Unlocked|}_com.android.server.textclassifier.TextClassificationManagerService$Lifecycle
06-04 11:05:49.672 D/SystemServerTimingAsync( 689): ssm.onCompletedEventUser-0_{|Unlocked|}_com.android.server.NetworkScoreService$Lifecycle
06-04 11:05:49.672 D/SystemServerTimingAsync( 689): ssm.onCompletedEventUser-0_{|Unlocked|}_com.android.server.NetworkStatsServiceInitializer
06-04 11:05:49.672 D/SystemServerTimingAsync( 689): ssm.onCompletedEventUser-0_{|Unlocked|}_com.android.server.wifi.WifiService
06-04 11:05:49.672 D/SystemServerTimingAsync( 689): ssm.onCompletedEventUser-0_{|Unlocked|}_com.android.server.StorageManagerService$Lifecycle
06-04 11:05:49.672 D/SystemServerTimingAsync( 689): ssm.onCompletedEventUser-0_{|Unlocked|}_com.android.server.wifi.p2p.WifiP2pService
06-04 11:05:49.672 D/SystemServerTimingAsync( 689): ssm.onCompletedEventUser-0_{|Unlocked|}_com.android.server.ConnectivityServiceInitializer
06-04 11:05:49.672 D/SystemServerTimingAsync( 689): ssm.onCompletedEventUser-0_{|Unlocked|}_com.android.server.notification.NotificationManagerService
06-04 11:05:49.672 D/SystemServerTimingAsync( 689): ssm.onCompletedEventUser-0_{|Unlocked|}_com.android.server.storage.DeviceStorageMonitorService
06-04 11:05:49.672 D/SystemServerTimingAsync( 689): ssm.onCompletedEventUser-0_{|Unlocked|}_com.android.server.timedetector.TimeDetectorService$Lifecycle
06-04 11:05:49.672 D/SystemServerTimingAsync( 689): ssm.onCompletedEventUser-0_{|Unlocked|}_com.android.server.location.LocationManagerService$Lifecycle
06-04 11:05:49.672 D/SystemServerTimingAsync( 689): ssm.onCompletedEventUser-0_{|Unlocked|}_com.android.server.timezonedetector.TimeZoneDetectorService$Lifecycle
06-04 11:05:49.672 D/SystemServerTimingAsync( 689): ssm.onCompletedEventUser-0_{|Unlocked|}_com.android.server.location.altitude.AltitudeService$Lifecycle
06-04 11:05:49.672 D/SystemServerTimingAsync( 689): ssm.onCompletedEventUser-0_{|Unlocked|}_com.android.server.timezonedetector.location.LocationTimeZoneManagerService$Lifecycle
06-04 11:05:49.672 D/SystemServerTimingAsync( 689): ssm.onCompletedEventUser-0_{|Unlocked|}_com.android.server.search.SearchManagerService$Lifecycle
06-04 11:05:49.672 D/SystemServerTimingAsync( 689): ssm.onCompletedEventUser-0_{|Unlocked|}_com.android.server.wallpaper.WallpaperManagerService$Lifecycle
06-04 11:05:49.672 D/SystemServerTimingAsync( 689): ssm.onCompletedEventUser-0_{|Unlocked|}_com.android.server.wallpapereffectsgeneration.WallpaperEffectsGenerationManagerService
06-04 11:05:49.672 D/SystemServerTimingAsync( 689): ssm.onCompletedEventUser-0_{|Unlocked|}_com.android.server.audio.AudioService$Lifecycle
06-04 11:05:49.672 D/SystemServerTimingAsync( 689): ssm.onCompletedEventUser-0_{|Unlocked|}_com.android.server.soundtrigger_middleware.SoundTriggerMiddlewareService$Lifecycle
06-04 11:05:49.672 D/SystemServerTimingAsync( 689): ssm.onCompletedEventUser-0_{|Unlocked|}_com.android.server.adb.AdbService$Lifecycle
06-04 11:05:49.672 D/SystemServerTimingAsync( 689): ssm.onCompletedEventUser-0_{|Unlocked|}_com.android.server.usb.UsbService$Lifecycle
06-04 11:05:49.672 D/SystemServerTimingAsync( 689): ssm.onCompletedEventUser-0_{|Unlocked|}_com.android.server.twilight.TwilightService
06-04 11:05:49.673 D/SystemServerTimingAsync( 689): ssm.onCompletedEventUser-0_{|Unlocked|}_com.android.server.display.color.ColorDisplayService
06-04 11:05:49.673 D/SystemServerTimingAsync( 689): ssm.onCompletedEventUser-0_{|Unlocked|}_com.android.server.job.JobSchedulerService
06-04 11:05:49.673 D/SystemServerTimingAsync( 689): ssm.onCompletedEventUser-0_{|Unlocked|}_com.android.server.soundtrigger.SoundTriggerService
06-04 11:05:49.673 D/SystemServerTimingAsync( 689): ssm.onCompletedEventUser-0_{|Unlocked|}_com.android.server.trust.TrustManagerService
06-04 11:05:49.673 D/SystemServerTimingAsync( 689): ssm.onCompletedEventUser-0_{|Unlocked|}_com.android.server.backup.BackupManagerService$Lifecycle
06-04 11:05:49.673 D/SystemServerTimingAsync( 689): ssm.onCompletedEventUser-0_{|Unlocked|}_com.android.server.appwidget.AppWidgetService
06-04 11:05:49.673 D/SystemServerTimingAsync( 689): ssm.onCompletedEventUser-0_{|Unlocked|}_com.android.server.voiceinteraction.VoiceInteractionManagerService
06-04 11:05:49.673 D/SystemServerTimingAsync( 689): ssm.onCompletedEventUser-0_{|Unlocked|}_com.android.server.GestureLauncherService
06-04 11:05:49.673 D/SystemServerTimingAsync( 689): ssm.onCompletedEventUser-0_{|Unlocked|}_com.android.server.SensorNotificationService
06-04 11:05:49.673 D/SystemServerTimingAsync( 689): ssm.onCompletedEventUser-0_{|Unlocked|}_com.android.server.emergency.EmergencyAffordanceService
06-04 11:05:49.673 D/SystemServerTimingAsync( 689): ssm.onCompletedEventUser-0_{|Unlocked|}_com.android.server.blob.BlobStoreManagerService
06-04 11:05:49.673 D/SystemServerTimingAsync( 689): ssm.onCompletedEventUser-0_{|Unlocked|}_com.android.server.dreams.DreamManagerService
06-04 11:05:49.673 D/SystemServerTimingAsync( 689): ssm.onCompletedEventUser-0_{|Unlocked|}_com.android.server.security.AttestationVerificationManagerService
06-04 11:05:49.673 D/SystemServerTimingAsync( 689): ssm.onCompletedEventUser-0_{|Unlocked|}_com.android.server.restrictions.RestrictionsManagerService
06-04 11:05:49.673 D/SystemServerTimingAsync( 689): ssm.onCompletedEventUser-0_{|Unlocked|}_com.android.server.media.MediaSessionService
06-04 11:05:49.673 D/SystemServerTimingAsync( 689): ssm.onCompletedEventUser-0_{|Unlocked|}_com.android.server.hdmi.HdmiControlService
06-04 11:05:49.673 D/SystemServerTimingAsync( 689): ssm.onCompletedEventUser-0_{|Unlocked|}_com.android.server.tv.interactive.TvInteractiveAppManagerService
06-04 11:05:49.673 D/SystemServerTimingAsync( 689): ssm.onCompletedEventUser-0_{|Unlocked|}_com.android.server.tv.TvInputManagerService
06-04 11:05:49.673 D/SystemServerTimingAsync( 689): ssm.onCompletedEventUser-0_{|Unlocked|}_com.android.server.media.MediaResourceMonitorService
06-04 11:05:49.673 D/SystemServerTimingAsync( 689): ssm.onCompletedEventUser-0_{|Unlocked|}_com.android.server.tv.TvRemoteService
06-04 11:05:49.673 D/SystemServerTimingAsync( 689): ssm.onCompletedEventUser-0_{|Unlocked|}_com.android.server.biometrics.BiometricService
06-04 11:05:49.673 D/SystemServerTimingAsync( 689): ssm.onCompletedEventUser-0_{|Unlocked|}_com.android.server.biometrics.AuthService
06-04 11:05:49.673 D/SystemServerTimingAsync( 689): ssm.onCompletedEventUser-0_{|Unlocked|}_com.android.server.os.DeviceIdentifiersPolicyService
06-04 11:05:49.673 D/SystemServerTimingAsync( 689): ssm.onCompletedEventUser-0_{|Unlocked|}_com.android.server.pm.LauncherAppsService
06-04 11:05:49.673 D/SystemServerTimingAsync( 689): ssm.onCompletedEventUser-0_{|Unlocked|}_com.android.server.pm.CrossProfileAppsService
06-04 11:05:49.673 D/SystemServerTimingAsync( 689): ssm.onCompletedEventUser-0_{|Unlocked|}_com.android.server.people.PeopleService
06-04 11:05:49.673 D/SystemServerTimingAsync( 689): ssm.onCompletedEventUser-0_{|Unlocked|}_com.android.server.media.metrics.MediaMetricsManagerService
06-04 11:05:49.673 D/SystemServerTimingAsync( 689): ssm.onCompletedEventUser-0_{|Unlocked|}_com.android.server.pm.BackgroundInstallControlService
06-04 11:05:49.673 D/SystemServerTimingAsync( 689): ssm.onCompletedEventUser-0_{|Unlocked|}_com.android.server.media.projection.MediaProjectionManagerService
06-04 11:05:49.673 D/SystemServerTimingAsync( 689): ssm.onCompletedEventUser-0_{|Unlocked|}_com.android.server.slice.SliceManagerService$Lifecycle
06-04 11:05:49.673 D/SystemServerTimingAsync( 689): ssm.onCompletedEventUser-0_{|Unlocked|}_com.android.server.stats.StatsCompanion$Lifecycle
06-04 11:05:49.673 D/SystemServerTimingAsync( 689): ssm.onCompletedEventUser-0_{|Unlocked|}_com.android.server.scheduling.RebootReadinessManagerService$Lifecycle
06-04 11:05:49.673 D/SystemServerTimingAsync( 689): ssm.onCompletedEventUser-0_{|Unlocked|}_com.android.server.stats.pull.StatsPullAtomService
06-04 11:05:49.673 D/SystemServerTimingAsync( 689): ssm.onCompletedEventUser-0_{|Unlocked|}_com.android.server.stats.bootstrap.StatsBootstrapAtomService$Lifecycle
06-04 11:05:49.673 D/SystemServerTimingAsync( 689): ssm.onCompletedEventUser-0_{|Unlocked|}_com.android.server.incident.IncidentCompanionService
06-04 11:05:49.673 D/SystemServerTimingAsync( 689): ssm.onCompletedEventUser-0_{|Unlocked|}_com.android.server.sdksandbox.SdkSandboxManagerService$Lifecycle
06-04 11:05:49.673 D/SystemServerTimingAsync( 689): ssm.onCompletedEventUser-0_{|Unlocked|}_com.android.server.adservices.AdServicesManagerService$Lifecycle
06-04 11:05:49.673 D/SystemServerTimingAsync( 689): ssm.onCompletedEventUser-0_{|Unlocked|}_com.android.server.ondevicepersonalization.OnDevicePersonalizationSystemService$Lifecycle
06-04 11:05:49.673 D/SystemServerTimingAsync( 689): ssm.onCompletedEventUser-0_{|Unlocked|}_com.android.server.autofill.AutofillManagerService
06-04 11:05:49.673 D/SystemServerTimingAsync( 689): ssm.onCompletedEventUser-0_{|Unlocked|}_com.android.server.clipboard.ClipboardService
06-04 11:05:49.673 D/SystemServerTimingAsync( 689): ssm.onCompletedEventUser-0_{|Unlocked|}_com.android.server.appbinding.AppBindingService$Lifecycle
06-04 11:05:49.674 D/SystemServerTimingAsync( 689): ssm.onCompletedEventUser-0_{|Unlocked|}_com.android.server.tracing.TracingServiceProxy
06-04 11:05:49.674 D/SystemServerTimingAsync( 689): ssm.onCompletedEventUser-0_{|Unlocked|}_com.android.server.policy.PermissionPolicyService
06-04 11:05:49.674 D/SystemServerTimingAsync( 689): ssm.onCompletedEventUser-0_{|Unlocked|}_com.android.server.pm.StagingManager$Lifecycle
06-04 11:05:49.674 D/SystemServerTimingAsync( 689): ssm.onCompletedEventUser-0_{|Unlocked|}_com.android.server.app.GameManagerService$Lifecycle
06-04 11:05:49.674 D/SystemServerTimingAsync( 689): ssm.onCompletedEventUser-0_{|Unlocked|}_com.android.safetycenter.SafetyCenterService
06-04 11:05:49.674 D/SystemServerTimingAsync( 689): ssm.onCompletedEventUser-0_{|Unlocked|}_com.android.server.appsearch.AppSearchModule$Lifecycle
06-04 11:05:49.674 D/SystemServerTimingAsync( 689): ssm.onCompletedEventUser-0_{|Unlocked|}_com.android.server.media.MediaCommunicationService
06-04 11:05:49.674 D/SystemServerTimingAsync( 689): ssm.onCompletedEventUser-0_{|Unlocked|}_com.android.server.compat.overrides.AppCompatOverridesService$Lifecycle
06-04 11:05:49.674 D/SystemServerTimingAsync( 689): ssm.onCompletedEventUser-0_{|Unlocked|}_com.android.server.healthconnect.HealthConnectManagerService
06-04 11:05:49.674 D/SystemServerTimingAsync( 689): ssm.onCompletedEventUser-0_{|Unlocked|}_com.android.server.devicelock.DeviceLockService
06-04 11:05:49.674 D/SystemServerTimingAsync( 689): ssm.onCompletedEventUser-0_{|Unlocked|}_com.android.server.pm.ShortcutService$Lifecycle
06-04 11:05:49.675 D/CompatibilityChangeReporter( 2195): Compat change id reported: 171979766; UID 10019; state: ENABLED
06-04 11:05:49.675 D/CompatibilityChangeReporter( 2195): Compat change id reported: 242716250; UID 10019; state: ENABLED
06-04 11:05:49.676 D/SystemServerTimingAsync( 689): ssm.onCompletedEventUser-0_{|Unlocked|}_com.android.server.wifi.scanner.WifiScanningService
06-04 11:05:49.687 D/CompatibilityChangeReporter( 689): Compat change id reported: 170503758; UID 10019; state: ENABLED
06-04 11:05:49.687 I/HibernationPolicy( 2119): scheduleHibernationJob with frequency 1296000000ms and threshold 7776000000ms
06-04 11:05:49.700 D/nativeloader( 2195): Configuring clns-shared-4 for other apk /system/priv-app/CalendarProvider/CalendarProvider.apk. target_sdk_version=34, uses_libraries=, library_path=/system/priv-app/CalendarProvider/lib/arm:/system/lib:/system_ext/lib, permitted_path=/data:/mnt/expand:/data/user/0/com.android.providers.calendar:/system/priv-app/CalendarProvider:/system/lib:/system_ext/lib
06-04 11:05:49.716 W/OverlayManager( 689): service 'idmap' died
06-04 11:05:49.724 I/HibernationPolicy( 2119): user 0 is a profileowner. Running hibernation job.
06-04 11:05:49.726 I/HibernationPolicy( 2119): Job already scheduled.
06-04 11:05:49.739 V/GraphicsEnvironment( 2195): Currently set values for:
06-04 11:05:49.739 V/GraphicsEnvironment( 2195): angle_gl_driver_selection_pkgs=[]
06-04 11:05:49.739 V/GraphicsEnvironment( 2195): angle_gl_driver_selection_values=[]
06-04 11:05:49.740 V/GraphicsEnvironment( 2195): ANGLE GameManagerService for com.android.providers.calendar: false
06-04 11:05:49.740 V/GraphicsEnvironment( 2195): com.android.providers.calendar is not listed in per-application setting
06-04 11:05:49.740 V/GraphicsEnvironment( 2195): Neither updatable production driver nor prerelease driver is supported.
06-04 11:05:49.760 D/TrafficStats( 1699): tagSocket(132) with statsTag=0xffffffff, statsUid=-1
06-04 11:05:49.768 D/TrafficStats( 1699): tagSocket(136) with statsTag=0xffffffff, statsUid=-1
06-04 11:05:49.771 D/CompatibilityChangeReporter( 689): Compat change id reported: 161145287; UID 10019; state: ENABLED
06-04 11:05:49.772 I/CalendarProvider2( 2195): Created com.android.providers.calendar.CalendarAlarmManager@4598f39(com.android.providers.calendar.CalendarProvider2@2db897e)
06-04 11:05:49.784 D/CompatibilityChangeReporter( 689): Compat change id reported: 135634846; UID 10027; state: DISABLED
06-04 11:05:49.783 D/RockyManager( 1699): switchWakeIsAllow isQuitBootGuide: true isBtMode: false
06-04 11:05:49.784 D/CompatibilityChangeReporter( 689): Compat change id reported: 177438394; UID 10027; state: DISABLED
06-04 11:05:49.784 D/RockyManager( 1699): switchWakeIsAllow isAllowFarWake: true
06-04 11:05:49.784 D/CompatibilityChangeReporter( 689): Compat change id reported: 135772972; UID 10027; state: DISABLED
06-04 11:05:49.785 D/CompatibilityChangeReporter( 689): Compat change id reported: 135754954; UID 10027; state: ENABLED
06-04 11:05:49.785 D/CompatibilityChangeReporter( 689): Compat change id reported: 143937733; UID 10027; state: ENABLED
06-04 11:05:49.787 V/SafetyCenterBackgroundR( 2119): Received a android.intent.action.BOOT_COMPLETED broadcast, but safety center is currently disabled. Cancelling any existing job.
06-04 11:05:49.792 D/SafetyLabelChangesJobService( 2119): Received broadcast with intent action 'android.intent.action.BOOT_COMPLETED'
06-04 11:05:49.792 I/SafetyLabelChangesJobService( 2119): onReceive: Safety label change notifications are not enabled.
06-04 11:05:49.794 D/AppManager( 1441): checkLocalAppsIsValid: size
06-04 11:05:49.794 D/AppManager( 1441): AppManager resetData:
