06-04 11:05:49.800 D/CompatibilityChangeReporter( 2195): Compat change id reported: 160794467; UID 10019; state: ENABLED
06-04 11:05:49.807 I/PermissionEventCleanupJobService( 2119): Job already scheduled.
06-04 11:05:49.809 D/PermissionStorageTimeChangeReceiver( 2119): systemTimeSnapshot set to 1749006349809
06-04 11:05:49.809 D/PermissionStorageTimeChangeReceiver( 2119): realtimeSnapshot set to 27914
06-04 11:05:49.814 D/Zygote ( 459): Forked child process 2238
06-04 11:05:49.815 I/ActivityManager( 689): Start proc 2238:com.android.providers.tv/u0a27 for broadcast {com.android.providers.tv/com.android.providers.tv.BootCompletedReceiver}
06-04 11:05:49.824 I/Zygote ( 2238): seccomp disabled by setenforce 0
06-04 11:05:49.831 D/CompatibilityChangeReporter( 2195): Compat change id reported: 183155436; UID 10019; state: ENABLED
06-04 11:05:49.833 I/id.providers.tv( 2238): Using CollectorTypeCC GC.
06-04 11:05:49.836 D/CompatibilityChangeReporter( 689): Compat change id reported: 171306433; UID 10019; state: ENABLED
06-04 11:05:49.836 D/CompatibilityChangeReporter( 689): Compat change id reported: 218533173; UID 10019; state: ENABLED
06-04 11:05:49.841 E/id.providers.tv( 2238): Not starting debugger since process cannot load the jdwp agent.
06-04 11:05:49.854 D/CompatibilityChangeReporter( 689): Compat change id reported: 143231523; UID 10019; state: DISABLED
06-04 11:05:49.856 D/CompatibilityChangeReporter( 689): Compat change id reported: 168419799; UID 10027; state: DISABLED
06-04 11:05:49.857 D/CompatibilityChangeReporter( 689): Compat change id reported: 273564678; UID 10027; state: DISABLED
06-04 11:05:49.871 D/audio_hw_hal_ms12common( 476): func:ms12_timer_callback_handler sigv:0 ~~~~~~~~~~
06-04 11:05:49.871 D/audio_hw_hal_ms12v2( 476): set_dolby_ms12_continuous_state audio_continuous_standby_set status 1
06-04 11:05:49.871 D/audio_hw_hal_continuous_standby( 476): audio_continuous_standby_set, type 0, params 1
06-04 11:05:49.871 D/audio_hw_hal_ms12common( 476): aml_send_ms12_scheduler_state_2_ms12 adev:0xf09c2930, sch_state:1(SCHEDULER_STANDBY)
06-04 11:05:49.872 D/CompatibilityChangeReporter( 689): Compat change id reported: 265195908; UID 10027; state: ENABLED
06-04 11:05:49.873 D/CompatibilityChangeReporter( 2238): Compat change id reported: 171979766; UID 10027; state: ENABLED
06-04 11:05:49.873 D/CompatibilityChangeReporter( 2238): Compat change id reported: 242716250; UID 10027; state: ENABLED
06-04 11:05:49.878 D/CompatibilityChangeReporter( 689): Compat change id reported: 170503758; UID 10027; state: ENABLED
06-04 11:05:49.884 I/okhttp.OkHttpClient( 1420): <-- 200 OK http://tyapi.qun7.com/v1/core/launcherota (581ms, unknown-length body)
06-04 11:05:49.886 I/okhttp.OkHttpClient( 1420): <-- 200 OK http://tymsgapi.qun7.com/v1/core/rom (589ms, unknown-length body)
06-04 11:05:49.891 E/ccc ( 1420): cccccc requestOtaInfo result BaseResponse{message='success', data=null, code=0}
06-04 11:05:49.893 W/System.err( 1420): java.lang.NullPointerException: Attempt to invoke virtual method 'int com.etna.haqu.model.business.bean.db.ota.OtaUpdateBean.getRomCode()' on a null object reference
06-04 11:05:49.893 W/System.err( 1420): at com.dangbei.etna.update.ota.OtaUpdateHelper$requestOtaInfoFromNet$1$2.invoke(OtaUpdateHelper.kt:174)
06-04 11:05:49.893 W/System.err( 1420): at com.dangbei.etna.update.ota.OtaUpdateHelper$requestOtaInfoFromNet$1$2.invoke(OtaUpdateHelper.kt:160)
06-04 11:05:49.893 W/System.err( 1420): at com.etna.haqu.support.ext.FlowExtKt$safeCollect$3.emit(FlowExt.kt:52)
06-04 11:05:49.893 W/System.err( 1420): at kotlinx.coroutines.flow.FlowKt__ErrorsKt$catchImpl$2.emit(Errors.kt:158)
06-04 11:05:49.893 W/System.err( 1420): at kotlinx.coroutines.flow.FlowKt__ChannelsKt.emitAllImpl$FlowKt__ChannelsKt(Channels.kt:62)
06-04 11:05:49.893 W/System.err( 1420): at kotlinx.coroutines.flow.FlowKt__ChannelsKt.access$emitAllImpl$FlowKt__ChannelsKt(Channels.kt:1)
06-04 11:05:49.893 W/System.err( 1420): at kotlinx.coroutines.flow.FlowKt__ChannelsKt$emitAllImpl$1.invokeSuspend(Unknown Source:14)
06-04 11:05:49.893 W/System.err( 1420): at kotlin.coroutines.jvm.internal.BaseContinuationImpl.resumeWith(ContinuationImpl.kt:33)
06-04 11:05:49.893 W/System.err( 1420): at kotlinx.coroutines.DispatchedTask.run(DispatchedTask.kt:106)
06-04 11:05:49.893 W/System.err( 1420): at android.os.Handler.handleCallback(Handler.java:958)
06-04 11:05:49.893 W/System.err( 1420): at android.os.Handler.dispatchMessage(Handler.java:99)
06-04 11:05:49.893 W/System.err( 1420): at android.os.Looper.loopOnce(Looper.java:205)
06-04 11:05:49.893 W/System.err( 1420): at android.os.Looper.loop(Looper.java:294)
06-04 11:05:49.893 W/System.err( 1420): at android.app.ActivityThread.main(ActivityThread.java:8255)
06-04 11:05:49.893 W/System.err( 1420): at java.lang.reflect.Method.invoke(Native Method)
06-04 11:05:49.893 W/System.err( 1420): at com.android.internal.os.RuntimeInit$MethodAndArgsCaller.run(RuntimeInit.java:552)
06-04 11:05:49.893 W/System.err( 1420): at com.android.internal.os.ZygoteInit.main(ZygoteInit.java:978)
06-04 11:05:49.896 I/okhttp.OkHttpClient( 1420): <-- 200 OK http://tymsgapi.qun7.com/v1/core/appupdate (565ms, unknown-length body)
06-04 11:05:49.896 E/ccc ( 1420): cccccc com.dangbei.haqusetting not connect
06-04 11:05:49.897 E/ccc ( 1420): cccccc updateHelper 通知更新
06-04 11:05:49.897 E/ccc ( 1420): cccccc requestOtaInfo exception Attempt to invoke virtual method 'int com.etna.haqu.model.business.bean.db.ota.OtaUpdateBean.getRomCode()' on a null object reference
06-04 11:05:49.898 I/okhttp.OkHttpClient( 1420): <-- 200 OK http://tymsgapi.qun7.com/v1/core/logip (601ms, 81-byte body)
06-04 11:05:49.902 D/CompatibilityChangeReporter( 939): Compat change id reported: 186082280; UID 10052; state: ENABLED
06-04 11:05:49.903 I/HttpUtil( 1420): success
06-04 11:05:49.905 E/ccc ( 1420): cccccc launcher ota response is BaseResponse{message='success', data=UpgradeInfoEntity{contentLength=0, versionName='', versionCode=0, remark='', list=[]}, code=0}
06-04 11:05:49.905 W/System.err( 1420): java.lang.IndexOutOfBoundsException: Index 0 out of bounds for length 0
06-04 11:05:49.906 W/System.err( 1420): at jdk.internal.util.Preconditions.outOfBounds(Preconditions.java:64)
06-04 11:05:49.906 W/System.err( 1420): at jdk.internal.util.Preconditions.outOfBoundsCheckIndex(Preconditions.java:70)
06-04 11:05:49.906 W/System.err( 1420): at jdk.internal.util.Preconditions.checkIndex(Preconditions.java:266)
06-04 11:05:49.906 W/System.err( 1420): at java.util.Objects.checkIndex(Objects.java:359)
06-04 11:05:49.906 W/System.err( 1420): at java.util.ArrayList.get(ArrayList.java:434)
06-04 11:05:49.906 W/System.err( 1420): at com.dangbei.etna.update.launcher.LauncherUpdateHelper$requestLauncherUpdateInfo$1$2.invoke(LauncherUpdateHelper.kt:198)
06-04 11:05:49.906 W/System.err( 1420): at com.dangbei.etna.update.launcher.LauncherUpdateHelper$requestLauncherUpdateInfo$1$2.invoke(LauncherUpdateHelper.kt:189)
06-04 11:05:49.906 W/System.err( 1420): at com.etna.haqu.support.ext.FlowExtKt$safeCollect$3.emit(FlowExt.kt:52)
06-04 11:05:49.906 W/System.err( 1420): at kotlinx.coroutines.flow.FlowKt__ErrorsKt$catchImpl$2.emit(Errors.kt:158)
06-04 11:05:49.906 W/System.err( 1420): at kotlinx.coroutines.flow.FlowKt__ChannelsKt.emitAllImpl$FlowKt__ChannelsKt(Channels.kt:62)
06-04 11:05:49.906 W/System.err( 1420): at kotlinx.coroutines.flow.FlowKt__ChannelsKt.access$emitAllImpl$FlowKt__ChannelsKt(Channels.kt:1)
06-04 11:05:49.906 W/System.err( 1420): at kotlinx.coroutines.flow.FlowKt__ChannelsKt$emitAllImpl$1.invokeSuspend(Unknown Source:14)
06-04 11:05:49.906 W/System.err( 1420): at kotlin.coroutines.jvm.internal.BaseContinuationImpl.resumeWith(ContinuationImpl.kt:33)
06-04 11:05:49.906 W/System.err( 1420): at kotlinx.coroutines.DispatchedTask.run(DispatchedTask.kt:106)
06-04 11:05:49.906 W/System.err( 1420): at android.os.Handler.handleCallback(Handler.java:958)
06-04 11:05:49.906 W/System.err( 1420): at android.os.Handler.dispatchMessage(Handler.java:99)
06-04 11:05:49.906 W/System.err( 1420): at android.os.Looper.loopOnce(Looper.java:205)
06-04 11:05:49.906 W/System.err( 1420): at android.os.Looper.loop(Looper.java:294)
06-04 11:05:49.906 W/System.err( 1420): at android.app.ActivityThread.main(ActivityThread.java:8255)
06-04 11:05:49.906 W/System.err( 1420): at java.lang.reflect.Method.invoke(Native Method)
06-04 11:05:49.906 W/System.err( 1420): at com.android.internal.os.RuntimeInit$MethodAndArgsCaller.run(RuntimeInit.java:552)
06-04 11:05:49.906 W/System.err( 1420): at com.android.internal.os.ZygoteInit.main(ZygoteInit.java:978)
06-04 11:05:49.908 E/ccc ( 1420): cccccc com.dangbei.haqusetting not connect
06-04 11:05:49.908 E/ccc ( 1420): cccccc updateHelper 通知更新
06-04 11:05:49.911 D/nativeloader( 2238): Configuring clns-shared-4 for other apk /system/priv-app/TvProvider/TvProvider.apk. target_sdk_version=34, uses_libraries=, library_path=/system/priv-app/TvProvider/lib/arm:/system/lib:/system_ext/lib, permitted_path=/data:/mnt/expand:/data/user_de/0/com.android.providers.tv:/system/priv-app/TvProvider:/system/lib:/system_ext/lib
06-04 11:05:49.942 V/GraphicsEnvironment( 2238): Currently set values for:
06-04 11:05:49.942 V/GraphicsEnvironment( 2238): angle_gl_driver_selection_pkgs=[]
06-04 11:05:49.942 V/GraphicsEnvironment( 2238): angle_gl_driver_selection_values=[]
06-04 11:05:49.944 D/AppManager( 1441): checkLocalAppsIsValid:
06-04 11:05:49.953 V/GraphicsEnvironment( 2238): ANGLE GameManagerService for com.android.providers.tv: false
06-04 11:05:49.953 V/GraphicsEnvironment( 2238): com.android.providers.tv is not listed in per-application setting
06-04 11:05:49.954 V/GraphicsEnvironment( 2238): Neither updatable production driver nor prerelease driver is supported.
06-04 11:05:49.957 D/CompatibilityChangeReporter( 2238): Compat change id reported: 160794467; UID 10027; state: ENABLED
06-04 11:05:49.978 D/CompatibilityChangeReporter( 689): Compat change id reported: 135634846; UID 10069; state: DISABLED
06-04 11:05:49.978 D/CompatibilityChangeReporter( 689): Compat change id reported: 177438394; UID 10069; state: DISABLED
06-04 11:05:49.978 D/CompatibilityChangeReporter( 689): Compat change id reported: 135772972; UID 10069; state: DISABLED
06-04 11:05:49.978 D/CompatibilityChangeReporter( 689): Compat change id reported: 135754954; UID 10069; state: ENABLED
06-04 11:05:49.979 D/CompatibilityChangeReporter( 689): Compat change id reported: 143937733; UID 10069; state: ENABLED
06-04 11:05:49.992 D/Zygote ( 459): Forked child process 2258
06-04 11:05:49.992 I/ActivityManager( 689): Start proc 2258:com.android.rkpdapp/u0a69 for broadcast {com.android.rkpdapp/com.android.rkpdapp.BootReceiver}
06-04 11:05:50.003 I/Zygote ( 2258): seccomp disabled by setenforce 0
06-04 11:05:50.006 D/AppListModel( 1441): requestAppFilterList: success
06-04 11:05:50.006 D/AppListModel( 1441): updateList
06-04 11:05:50.006 D/AppListModel( 1441): updateList: resetAppList
06-04 11:05:50.009 I/android.rkpdapp( 2258): Using CollectorTypeCC GC.
06-04 11:05:50.025 E/android.rkpdapp( 2258): Not starting debugger since process cannot load the jdwp agent.
06-04 11:05:50.030 D/XHttpObservable( 1699): createNetWorkObservable subscribe: MediaControlEntity{code=0, data=PageEntity{list=[ContentEntity{packageName='com.dangbei.leard.leradlauncher', activityName='FilmDetailActivity'}, ContentEntity{packageName='com.dangbei.leard.leradlauncher', activityName='FullScreenDetailActivity'}, ContentEntity{packageName='com.dangbei.leard.leradlauncher', activityName='TencentSportActivity'}, ContentEntity{packageName='com.dangbei.leradVideoPlugins', activityName='FilmDetailActivity'}, ContentEntity{packageName='com.dangbei.leradVideoPlugins', activityName='FullScreenDetailActivity'}, ContentEntity{packageName='com.dangbei.leradVideoPlugins', activityName='TencentSportActivity'}, ContentEntity{packageName='com.dangbei.leradVideoPlugins', activityName='ShortPlayActivity'}, ContentEntity{packageName='com.dangbei.hqmedia', activityName='FilmDetailActivity'}, ContentEntity{packageName='com.dangbei.hqmedia', activityName='FullScreenDetailActivity'}, ContentEntity{packageName='com.dangbei.leradVideoPlugins', activityName='MangoMediaActivity'}, ContentEntity{packageName='com.dangbei.leradVideoPlugins', activityName='VcinemaActivity'}]}, message='success'} ,,, isDisposed = false
06-04 11:05:50.044 D/AppManager( 1441): checkLocalAppsIsValid:
06-04 11:05:50.048 D/CompatibilityChangeReporter( 689): Compat change id reported: 168419799; UID 10069; state: DISABLED
06-04 11:05:50.049 D/CompatibilityChangeReporter( 689): Compat change id reported: 273564678; UID 10069; state: DISABLED
06-04 11:05:50.052 D/CompatibilityChangeReporter( 689): Compat change id reported: 265195908; UID 10069; state: ENABLED
06-04 11:05:50.057 D/CompatibilityChangeReporter( 2258): Compat change id reported: 171979766; UID 10069; state: ENABLED
06-04 11:05:50.058 D/CompatibilityChangeReporter( 2258): Compat change id reported: 242716250; UID 10069; state: ENABLED
06-04 11:05:50.062 D/CompatibilityChangeReporter( 689): Compat change id reported: 170503758; UID 10069; state: ENABLED
06-04 11:05:50.098 D/nativeloader( 2258): Configuring clns-shared-4 for other apk /apex/com.android.rkpd/priv-app/rkpdapp@UD2A.240505.001.W1/rkpdapp.apk. target_sdk_version=34, uses_libraries=, library_path=/apex/com.android.rkpd/priv-app/rkpdapp@UD2A.240505.001.W1/lib/arm:/system/lib:/system_ext/lib, permitted_path=/data:/mnt/expand:/data/user/0/com.android.rkpdapp:/apex/com.android.rkpd/priv-app/rkpdapp@UD2A.240505.001.W1:/system/lib:/system_ext/lib
06-04 11:05:50.101 D/nativeloader( 2258): InitApexLibraries:
06-04 11:05:50.101 D/nativeloader( 2258): com_android_adservices: libhpke_jni.so:libtflite_support_classifiers_native.so
06-04 11:05:50.101 D/nativeloader( 2258): com_android_appsearch: libicing.so
06-04 11:05:50.101 D/nativeloader( 2258): com_android_art: libartservice.so
06-04 11:05:50.101 D/nativeloader( 2258): com_android_btservices: libbluetooth_jni.so
06-04 11:05:50.101 D/nativeloader( 2258): com_android_conscrypt: libjavacrypto.so
06-04 11:05:50.101 D/nativeloader( 2258): com_android_extservices: libhpke_jni.so:libtflite_support_classifiers_native.so
06-04 11:05:50.101 D/nativeloader( 2258): com_android_os_statsd: libstats_jni.so
06-04 11:05:50.101 D/nativeloader( 2258): com_android_tethering: libandroid_net_connectivity_com_android_net_module_util_jni.so:libcronet.114.0.5735.84.so:libframework-connectivity-jni.so:libframework-connectivity-tiramisu-jni.so:libservice-connectivity.so
06-04 11:05:50.101 D/nativeloader( 2258): com_android_uwb: libuwb_uci_jni_rust.so
06-04 11:05:50.101 D/nativeloader( 2258): com_android_virt: libvirtualizationservice_jni.so:libvirtualmachine_jni.so
06-04 11:05:50.118 D/XHttpObservable( 1699): createNetWorkObservable subscribe: ShowMessageEntity{code=0, data=TipEntity{movieType=[我想看喜剧片, 动作片, 枪战片], movie=[庆余年, 误杀, 美丽人生, 爆笑虫子, 哪吒, 小猪佩奇, 胡歌的电视剧, 张艺谋导演的电影, 切换到1080P, 收藏], appController=[打开当贝市场, 下载哈趣影视, 爱奇艺, 卸载腾讯视频], weather=[今天的天气, 未来五天的天气, 杭州天气怎么样, 明天下不下雨], music=[我要听歌, 周杰伦的歌, 上一首, 下一首, 快进一分钟, 暂停], liveAppDownload='非常抱歉,根据监管部门政策管理要求,暂不提供相应服务。', subscreen=null, wakeUpVoiceResponse=[ProbabilityEntity{word='在呢', probability=30}, ProbabilityEntity{word='我在', probability=35}, ProbabilityEntity{word='你说', probability=15}, ProbabilityEntity{word='来啦', probability=20}], unrecognizedVoiceResponse=[ProbabilityEntity{word='可以再说一遍么', probability=45}, ProbabilityEntity{word='可以说的详细一点么', probability=30}, ProbabilityEntity{word='请问有什么可以帮您', probability=25}], notUnderstandVoiceResponse=[ProbabilityEntity{word='换个说法试试吧', probability=100}]}, message='success'} ,,, isDisposed = false
06-04 11:05:50.138 D/TrafficStats( 1721): tagSocket(155) with statsTag=0xffffffff, statsUid=-1
06-04 11:05:50.155 V/GraphicsEnvironment( 2258): Currently set values for:
06-04 11:05:50.155 V/GraphicsEnvironment( 2258): angle_gl_driver_selection_pkgs=[]
06-04 11:05:50.155 V/GraphicsEnvironment( 2258): angle_gl_driver_selection_values=[]
06-04 11:05:50.155 V/GraphicsEnvironment( 2258): ANGLE GameManagerService for com.android.rkpdapp: false
06-04 11:05:50.156 V/GraphicsEnvironment( 2258): com.android.rkpdapp is not listed in per-application setting
06-04 11:05:50.156 V/GraphicsEnvironment( 2258): Neither updatable production driver nor prerelease driver is supported.
06-04 11:05:50.169 D/WM-WrkMgrInitializer( 2258): Initializing WorkManager with default configuration.
06-04 11:05:50.171 D/TrafficStats( 1441): tagSocket(121) with statsTag=0xffffffff, statsUid=-1
06-04 11:05:50.171 D/TrafficStats( 1441): tagSocket(123) with statsTag=0xffffffff, statsUid=-1
06-04 11:05:50.172 D/TrafficStats( 1441): tagSocket(186) with statsTag=0xffffffff, statsUid=-1
06-04 11:05:50.175 D/TrafficStats( 1441): tagSocket(139) with statsTag=0xffffffff, statsUid=-1
06-04 11:05:50.196 D/WM-PackageManagerHelper( 2258): androidx.work.impl.background.systemjob.SystemJobService enabled
06-04 11:05:50.196 D/WM-Schedulers( 2258): Created SystemJobScheduler and enabled SystemJobService
06-04 11:05:50.211 D/TrafficStats( 1441): tagSocket(160) with statsTag=0xffffffff, statsUid=-1
06-04 11:05:50.219 I/ActivityManager( 689): com.android.shell is exempt from freezer
06-04 11:05:50.220 D/CompatibilityChangeReporter( 689): Compat change id reported: 135634846; UID 2000; state: DISABLED
06-04 11:05:50.220 D/CompatibilityChangeReporter( 689): Compat change id reported: 177438394; UID 2000; state: DISABLED
06-04 11:05:50.220 D/CompatibilityChangeReporter( 689): Compat change id reported: 135772972; UID 2000; state: DISABLED
06-04 11:05:50.220 D/CompatibilityChangeReporter( 689): Compat change id reported: 135754954; UID 2000; state: ENABLED
06-04 11:05:50.230 I/RkpdBootReceiver( 2258): Caught boot intent, waking up.
06-04 11:05:50.250 E/SecondScreen( 1441): isShowSecondScreen()=0 getCurrentPageState()=com.monster.gamma.core.LoadService@1277add
06-04 11:05:50.266 E/hq ( 1441): WeatherRefresh:::请求网络地址后,更新的地理位置为:101280601
06-04 11:05:50.277 D/Zygote ( 459): Forked child process 2310
06-04 11:05:50.278 W/ActivityManager( 689): Slow operation: 59ms so far, now at startProcess: returned from zygote!
06-04 11:05:50.278 W/ActivityManager( 689): Slow operation: 59ms so far, now at startProcess: done updating battery stats
06-04 11:05:50.278 W/ActivityManager( 689): Slow operation: 59ms so far, now at startProcess: building log message
06-04 11:05:50.278 I/ActivityManager( 689): Start proc 2310:com.android.shell/2000 for broadcast {com.android.shell/com.android.shell.HeapDumpReceiver}
06-04 11:05:50.278 W/ActivityManager( 689): Slow operation: 59ms so far, now at startProcess: starting to update pids map
06-04 11:05:50.278 W/ActivityManager( 689): Slow operation: 59ms so far, now at startProcess: done updating pids map
06-04 11:05:50.285 I/RkpdBootReceiver( 2258): Queueing a one-time provisioning job for widevine provisioning.
06-04 11:05:50.290 I/Zygote ( 2310): seccomp disabled by setenforce 0
06-04 11:05:50.294 D/xm_audio( 476): socket_thread start
06-04 11:05:50.294 D/xm_audio( 476): create socket g_is_running4
06-04 11:05:50.294 D/XM_HIDREAD( 1961): Client connected.
06-04 11:05:50.294 D/XM_HIDREAD( 1961): accept before.
06-04 11:05:50.295 D/xm_audio( 476): create socket g_is_running5
06-04 11:05:50.295 E/xm_audio( 476): so socket connect suc
06-04 11:05:50.297 I/m.android.shell( 2310): Using CollectorTypeCC GC.
06-04 11:05:50.299 D/XM_HIDREAD( 1961): handle_client start.
06-04 11:05:50.303 E/m.android.shell( 2310): Not starting debugger since process cannot load the jdwp agent.
06-04 11:05:50.310 D/xm_audio( 476): data_thread start
06-04 11:05:50.322 D/CompatibilityChangeReporter( 689): Compat change id reported: 168419799; UID 2000; state: DISABLED
06-04 11:05:50.322 D/CompatibilityChangeReporter( 689): Compat change id reported: 273564678; UID 2000; state: DISABLED
06-04 11:05:50.325 I/serviceDiscovery( 689): [MdnsAdvertiser.wlan0] Probing finished for service 2
06-04 11:05:50.329 D/CompatibilityChangeReporter( 689): Compat change id reported: 265195908; UID 2000; state: ENABLED
06-04 11:05:50.331 D/CompatibilityChangeReporter( 2310): Compat change id reported: 171979766; UID 2000; state: ENABLED
06-04 11:05:50.331 D/CompatibilityChangeReporter( 2310): Compat change id reported: 242716250; UID 2000; state: ENABLED
06-04 11:05:50.331 D/LanCommander( 1420): com.dangbei.andes.bean.RegistrationData@a5d85c2----------------onServiceRegistered
06-04 11:05:50.344 D/AppManager( 1441): checkLocalAppsIsValid: success
06-04 11:05:50.358 D/nativeloader( 2310): Configuring clns-shared-4 for other apk /system/priv-app/Shell/Shell.apk. target_sdk_version=34, uses_libraries=, library_path=/system/priv-app/Shell/lib/arm:/system/lib:/system_ext/lib, permitted_path=/data:/mnt/expand:/data/user_de/0/com.android.shell:/system/priv-app/Shell:/system/lib:/system_ext/lib
06-04 11:05:50.371 D/bt_vendor( 477): op for 7
06-04 11:05:50.371 D/bt_upio ( 477): upio_set : pio 0 action 1, polarity 1
06-04 11:05:50.371 D/bt_upio ( 477): begin open btwrite.
06-04 11:05:50.371 E/bt_upio ( 477): upio_set : open(/proc/bluetooth/sleep/btwrite) for write failed: No such file or directory (2)
06-04 11:05:50.391 D/CompatibilityChangeReporter( 2258): Compat change id reported: 160794467; UID 10069; state: ENABLED
06-04 11:05:50.414 D/CompatibilityChangeReporter( 2258): Compat change id reported: 194532703; UID 10069; state: ENABLED
06-04 11:05:50.414 D/CompatibilityChangeReporter( 2258): Compat change id reported: 253665015; UID 10069; state: ENABLED
06-04 11:05:50.419 D/CompatibilityChangeReporter( 689): Compat change id reported: 271850009; UID 10069; state: ENABLED
06-04 11:05:50.419 D/CompatibilityChangeReporter( 689): Compat change id reported: 253665015; UID 10069; state: ENABLED
06-04 11:05:50.420 D/CompatibilityChangeReporter( 689): Compat change id reported: 194532703; UID 10069; state: ENABLED
06-04 11:05:50.421 D/ConnectivityService( 689): requestNetwork for uid/pid:1000/689 asUid: 10069 activeRequest: null callbackRequest: 45 [NetworkRequest [ REQUEST id=46, [ Capabilities: INTERNET&NOT_RESTRICTED&TRUSTED&NOT_VCN_MANAGED Uid: 10069 RequestorUid: 1000 RequestorPkg: android UnderlyingNetworks: Null] ]] callback flags: 0 order: 2147483647
06-04 11:05:50.423 D/WifiNetworkFactory( 689): got request NetworkRequest [ REQUEST id=46, [ Capabilities: INTERNET&NOT_RESTRICTED&TRUSTED&NOT_VCN_MANAGED Uid: 10069 RequestorUid: 1000 RequestorPkg: android UnderlyingNetworks: Null] ]
06-04 11:05:50.424 D/UntrustedWifiNetworkFactory( 689): got request NetworkRequest [ REQUEST id=46, [ Capabilities: INTERNET&NOT_RESTRICTED&TRUSTED&NOT_VCN_MANAGED Uid: 10069 RequestorUid: 1000 RequestorPkg: android UnderlyingNetworks: Null] ]
06-04 11:05:50.424 D/OemPaidWifiNetworkFactory( 689): got request NetworkRequest [ REQUEST id=46, [ Capabilities: INTERNET&NOT_RESTRICTED&TRUSTED&NOT_VCN_MANAGED Uid: 10069 RequestorUid: 1000 RequestorPkg: android UnderlyingNetworks: Null] ]
06-04 11:05:50.424 D/ConnectivityService( 689): NetReassign [46 : null → 100] [c 0] [a 1] [i 2]
06-04 11:05:50.424 D/MultiInternetWifiNetworkFactory( 689): got request NetworkRequest [ REQUEST id=46, [ Capabilities: INTERNET&NOT_RESTRICTED&TRUSTED&NOT_VCN_MANAGED Uid: 10069 RequestorUid: 1000 RequestorPkg: android UnderlyingNetworks: Null] ]
06-04 11:05:50.424 V/GraphicsEnvironment( 2310): Currently set values for:
06-04 11:05:50.424 V/GraphicsEnvironment( 2310): angle_gl_driver_selection_pkgs=[]
06-04 11:05:50.424 V/GraphicsEnvironment( 2310): angle_gl_driver_selection_values=[]
06-04 11:05:50.425 V/GraphicsEnvironment( 2310): ANGLE GameManagerService for com.android.shell: false
06-04 11:05:50.425 V/GraphicsEnvironment( 2310): com.android.shell is not listed in per-application setting
06-04 11:05:50.425 V/GraphicsEnvironment( 2310): Neither updatable production driver nor prerelease driver is supported.
06-04 11:05:50.438 E/hq ( 1441): ErrorCoroutineExceptionHandler:::runTry error:com.dangbei.leard.base.proider.error.EmptyApiException: 数据为空 from=requestMessageDialog from=requestMessageDialog
06-04 11:05:50.456 E/hq ( 1441): WeatherRefresh:::请求网络地址后,更新的地理位置为:101280601
06-04 11:05:50.477 D/CompatibilityChangeReporter( 689): Compat change id reported: 135634846; UID 10026; state: DISABLED
06-04 11:05:50.477 D/CompatibilityChangeReporter( 689): Compat change id reported: 177438394; UID 10026; state: DISABLED
06-04 11:05:50.477 D/CompatibilityChangeReporter( 689): Compat change id reported: 135772972; UID 10026; state: DISABLED
06-04 11:05:50.477 D/CompatibilityChangeReporter( 689): Compat change id reported: 135754954; UID 10026; state: DISABLED
06-04 11:05:50.478 D/HeapDumpReceiver( 2310): onReceive(): Intent { act=android.intent.action.BOOT_COMPLETED flg=0x89000010 cmp=com.android.shell/.HeapDumpReceiver (has extras) }
06-04 11:05:50.478 D/CompatibilityChangeReporter( 689): Compat change id reported: 143937733; UID 10026; state: DISABLED
06-04 11:05:50.484 D/HeapDumpReceiver( 2310): Deleting from /data/user_de/0/com.android.shell/files/heapdumps
06-04 11:05:50.495 D/Zygote ( 459): Forked child process 2334
06-04 11:05:50.496 I/ActivityManager( 689): Start proc 2334:com.android.statementservice/u0a26 for broadcast {com.android.statementservice/com.android.statementservice.domain.BootCompletedReceiver}
06-04 11:05:50.506 I/Zygote ( 2334): seccomp disabled by setenforce 0
06-04 11:05:50.506 D/TrafficStats( 1441): tagSocket(123) with statsTag=0xffffffff, statsUid=-1
06-04 11:05:50.509 D/TrafficStats( 1441): tagSocket(161) with statsTag=0xffffffff, statsUid=-1
06-04 11:05:50.514 I/tatementservice( 2334): Using CollectorTypeCC GC.
06-04 11:05:50.522 E/tatementservice( 2334): Not starting debugger since process cannot load the jdwp agent.
06-04 11:05:50.554 D/CompatibilityChangeReporter( 689): Compat change id reported: 168419799; UID 10026; state: DISABLED
06-04 11:05:50.555 D/CompatibilityChangeReporter( 689): Compat change id reported: 273564678; UID 10026; state: DISABLED
06-04 11:05:50.560 D/CompatibilityChangeReporter( 689): Compat change id reported: 265195908; UID 10026; state: ENABLED
06-04 11:05:50.591 D/TrafficStats( 1441): tagSocket(139) with statsTag=0xffffffff, statsUid=-1
06-04 11:05:50.608 D/TrafficStats( 1441): tagSocket(151) with statsTag=0xffffffff, statsUid=-1
06-04 11:05:50.611 D/TrafficStats( 1441): tagSocket(160) with statsTag=0xffffffff, statsUid=-1
06-04 11:05:50.621 D/CompatibilityChangeReporter( 2334): Compat change id reported: 171979766; UID 10026; state: DISABLED
06-04 11:05:50.621 D/CompatibilityChangeReporter( 2334): Compat change id reported: 242716250; UID 10026; state: DISABLED
06-04 11:05:50.624 D/AppManager( 1441): checkLocalAppsIsValid: success
06-04 11:05:50.626 D/CompatibilityChangeReporter( 689): Compat change id reported: 170503758; UID 10026; state: DISABLED
06-04 11:05:50.629 D/ApplicationLoaders( 2334): Returning zygote-cached class loader: /system/framework/android.test.base.jar
06-04 11:05:50.642 D/nativeloader( 2334): Configuring clns-shared-4 for other apk /system/priv-app/StatementService/StatementService.apk. target_sdk_version=29, uses_libraries=, library_path=/system/priv-app/StatementService/lib/arm:/system/lib:/system_ext/lib, permitted_path=/data:/mnt/expand:/data/user/0/com.android.statementservice:/system/priv-app/StatementService:/system/lib:/system_ext/lib
06-04 11:05:50.657 D/ConnectivityService( 689): requestNetwork for uid/pid:10069/2258 activeRequest: null callbackRequest: 47 [NetworkRequest [ REQUEST id=48, [ Capabilities: INTERNET&NOT_RESTRICTED&TRUSTED&NOT_VCN_MANAGED Uid: 10069 RequestorUid: 10069 RequestorPkg: com.android.rkpdapp UnderlyingNetworks: Null] ]] callback flags: 0 order: 2147483647
06-04 11:05:50.659 D/WifiNetworkFactory( 689): got request NetworkRequest [ REQUEST id=48, [ Capabilities: INTERNET&NOT_RESTRICTED&TRUSTED&NOT_VCN_MANAGED Uid: 10069 RequestorUid: 10069 RequestorPkg: com.android.rkpdapp UnderlyingNetworks: Null] ]
06-04 11:05:50.659 D/UntrustedWifiNetworkFactory( 689): got request NetworkRequest [ REQUEST id=48, [ Capabilities: INTERNET&NOT_RESTRICTED&TRUSTED&NOT_VCN_MANAGED Uid: 10069 RequestorUid: 10069 RequestorPkg: com.android.rkpdapp UnderlyingNetworks: Null] ]
06-04 11:05:50.659 D/OemPaidWifiNetworkFactory( 689): got request NetworkRequest [ REQUEST id=48, [ Capabilities: INTERNET&NOT_RESTRICTED&TRUSTED&NOT_VCN_MANAGED Uid: 10069 RequestorUid: 10069 RequestorPkg: com.android.rkpdapp UnderlyingNetworks: Null] ]
06-04 11:05:50.659 D/MultiInternetWifiNetworkFactory( 689): got request NetworkRequest [ REQUEST id=48, [ Capabilities: INTERNET&NOT_RESTRICTED&TRUSTED&NOT_VCN_MANAGED Uid: 10069 RequestorUid: 10069 RequestorPkg: com.android.rkpdapp UnderlyingNetworks: Null] ]
06-04 11:05:50.659 D/ConnectivityService( 689): NetReassign [48 : null → 100] [c 0] [a 1] [i 1]
06-04 11:05:50.682 D/CompatibilityChangeReporter( 2258): Compat change id reported: 263076149; UID 10069; state: ENABLED
06-04 11:05:50.695 V/GraphicsEnvironment( 2334): Currently set values for:
06-04 11:05:50.695 V/GraphicsEnvironment( 2334): angle_gl_driver_selection_pkgs=[]
06-04 11:05:50.695 V/GraphicsEnvironment( 2334): angle_gl_driver_selection_values=[]
06-04 11:05:50.696 V/GraphicsEnvironment( 2334): ANGLE GameManagerService for com.android.statementservice: false
06-04 11:05:50.696 V/GraphicsEnvironment( 2334): com.android.statementservice is not listed in per-application setting
06-04 11:05:50.696 V/GraphicsEnvironment( 2334): Neither updatable production driver nor prerelease driver is supported.
06-04 11:05:50.696 I/dangbei ad sdk( 1441): AdSplashView::show offline ad
06-04 11:05:50.700 I/UsbFfs-monitor( 1357): type=1400 audit(0.0:981): avc: denied { use } for path="anon_inode:[eventfd]" dev="anon_inodefs" ino=10204 scontext=u:r:su:s0 tcontext=u:r:adbd:s0 tclass=fd permissive=1
06-04 11:05:50.700 I/adbd ( 1357): type=1400 audit(0.0:982): avc: denied { write } for path="socket:[34893]" dev="sockfs" ino=34893 scontext=u:r:su:s0 tcontext=u:r:adbd:s0 tclass=unix_stream_socket permissive=1
06-04 11:05:50.700 I/adbd ( 1357): type=1400 audit(0.0:983): avc: denied { read } for path="socket:[34894]" dev="sockfs" ino=34894 scontext=u:r:su:s0 tcontext=u:r:adbd:s0 tclass=unix_stream_socket permissive=1
06-04 11:05:50.729 D/WM-WrkMgrInitializer( 2334): Initializing WorkManager with default configuration.
06-04 11:05:50.736 E/hq ( 1441): 当小贝:::message list add complete data.messageList:[]
06-04 11:05:50.736 E/hq ( 1441): data.tabList=[]
06-04 11:05:50.737 I/hq ( 1441): 当小贝:::showMessage from=requestGetMessageRemind
06-04 11:05:50.738 D/WM-PackageManagerHelper( 2334): androidx.work.impl.background.systemjob.SystemJobService enabled
06-04 11:05:50.738 D/WM-Schedulers( 2334): Created SystemJobScheduler and enabled SystemJobService
06-04 11:05:50.741 D/CompatibilityChangeReporter( 2334): Compat change id reported: 183155436; UID 10026; state: DISABLED
06-04 11:05:50.743 D/TrafficStats( 1441): tagSocket(198) with statsTag=0xffffffff, statsUid=-1
06-04 11:05:50.744 E/martin ( 1441): 组件:2025-06-04
06-04 11:05:50.745 D/TrafficStats( 1441): tagSocket(147) with statsTag=0xffffffff, statsUid=-1
06-04 11:05:50.746 I/hq ( 1441): 当小贝:::showMessage 没有消息需要显示
06-04 11:05:50.748 E/weatherWidget( 1441): dataChange:Wed Jun 04 11:05:50 GMT+08:00 2025
06-04 11:05:50.748 I//apex/com.android.adbd/bin/adbd( 1357): type=1400 audit(0.0:984): avc: denied { dac_read_search } for comm=75736220666673206F70656E capability=2 scontext=u:r:su:s0 tcontext=u:r:su:s0 tclass=capability permissive=1
06-04 11:05:50.755 D/CompatibilityChangeReporter( 689): Compat change id reported: 135634846; UID 10018; state: DISABLED
06-04 11:05:50.755 D/CompatibilityChangeReporter( 689): Compat change id reported: 177438394; UID 10018; state: DISABLED
06-04 11:05:50.755 D/CompatibilityChangeReporter( 689): Compat change id reported: 135772972; UID 10018; state: DISABLED
06-04 11:05:50.755 D/CompatibilityChangeReporter( 689): Compat change id reported: 135754954; UID 10018; state: ENABLED
06-04 11:05:50.756 D/CompatibilityChangeReporter( 689): Compat change id reported: 143937733; UID 10018; state: ENABLED
06-04 11:05:50.769 I/DrmHalHidl( 2258): No hidl drm factories found
06-04 11:05:50.769 I/hwservicemanager( 234): getTransport: Cannot find entry android.hardware.drm@1.0::IDrmFactory/default in either framework or device VINTF manifest.
06-04 11:05:50.770 E/DrmHalHidl( 2258): Failed to find passthrough drm factories
06-04 11:05:50.777 I/DrmUtils( 2258): found IDrmFactory. Instance name:[android.hardware.drm.IDrmFactory/clearkey]
06-04 11:05:50.778 I/DrmUtils( 2258): found IDrmFactory. Instance name:[android.hardware.drm.IDrmFactory/widevine]
06-04 11:05:50.748 I//apex/com.android.adbd/bin/adbd( 1357): type=1400 audit(0.0:985): avc: denied { search } for comm=75736220666673206F70656E name="/" dev="functionfs" ino=23303 scontext=u:r:su:s0 tcontext=u:object_r:functionfs:s0 tclass=dir permissive=1
06-04 11:05:50.780 I/WVCdm-DrmFactory( 515): [app][com.android.rkpdapp] calling virtual ::ndk::ScopedAStatus wvdrm::hardware::drm::widevine::WVDrmFactory::createDrmPlugin(const Uuid &, const string &, std::shared_ptr< ::aidl::android::hardware::drm::IDrmPlugin> *)
06-04 11:05:50.781 D/WVCdm ( 515): Instantiating CDM metrics queue
06-04 11:05:50.781 D/WVCdm ( 515): Instantiating CDM.
06-04 11:05:50.785 D/WVCdm ( 515): [cdm_engine.cpp(581):QueryStatus] security_level = Default, query_token = WidevineCdmVersion
06-04 11:05:50.791 D/Zygote ( 459): Forked child process 2373
06-04 11:05:50.792 I/ActivityManager( 689): Start proc 2373:com.android.externalstorage/u0a18 for broadcast {com.android.externalstorage/com.android.externalstorage.MountReceiver}
06-04 11:05:50.805 I/Zygote ( 2373): seccomp disabled by setenforce 0
06-04 11:05:50.811 I/externalstorage( 2373): Using CollectorTypeCC GC.
06-04 11:05:50.812 I/WVCdm ( 515): [file_utils.cpp(38):Exists] stat failed: ENOENT
06-04 11:05:50.812 I/WVCdm ( 515): [oemcrypto_adapter_dynamic.cpp(783):Initialize] Level 3 Build Info (v18): {"soc_vendor":"L3_34136","soc_model":"ARM 32 bit","ta_ver":"18.1.0+May 15 2024_23:17:25_","uses_opk":false,"tee_os":"none","tee_os_ver":"0.0.0","form_factor":"L3","implementer":"Widevine","fused":false}
06-04 11:05:50.814 I/WVCdm ( 515): [(0):] Level3 Library 34136 May 15 2024 23:17:25
06-04 11:05:50.815 D/CompatibilityChangeReporter( 2334): Compat change id reported: 160794467; UID 10026; state: DISABLED
06-04 11:05:50.817 E/externalstorage( 2373): Not starting debugger since process cannot load the jdwp agent.
06-04 11:05:50.829 D/CompatibilityChangeReporter( 2334): Compat change id reported: 194532703; UID 10026; state: DISABLED
06-04 11:05:50.830 D/CompatibilityChangeReporter( 2334): Compat change id reported: 253665015; UID 10026; state: DISABLED
06-04 11:05:50.830 D/CompatibilityChangeReporter( 689): Compat change id reported: 168419799; UID 10018; state: DISABLED
06-04 11:05:50.830 D/CompatibilityChangeReporter( 689): Compat change id reported: 273564678; UID 10018; state: DISABLED
06-04 11:05:50.834 D/CompatibilityChangeReporter( 689): Compat change id reported: 271850009; UID 10026; state: DISABLED
06-04 11:05:50.835 D/CompatibilityChangeReporter( 689): Compat change id reported: 253665015; UID 10026; state: DISABLED
06-04 11:05:50.836 D/CompatibilityChangeReporter( 689): Compat change id reported: 265195908; UID 10018; state: ENABLED
06-04 11:05:50.836 D/CompatibilityChangeReporter( 689): Compat change id reported: 194532703; UID 10026; state: DISABLED
06-04 11:05:50.838 D/ConnectivityService( 689): requestNetwork for uid/pid:1000/689 asUid: 10026 activeRequest: null callbackRequest: 49 [NetworkRequest [ REQUEST id=50, [ Capabilities: INTERNET&NOT_RESTRICTED&TRUSTED&NOT_VCN_MANAGED Uid: 10026 RequestorUid: 1000 RequestorPkg: android UnderlyingNetworks: Null] ]] callback flags: 0 order: 2147483647
06-04 11:05:50.840 D/WifiNetworkFactory( 689): got request NetworkRequest [ REQUEST id=50, [ Capabilities: INTERNET&NOT_RESTRICTED&TRUSTED&NOT_VCN_MANAGED Uid: 10026 RequestorUid: 1000 RequestorPkg: android UnderlyingNetworks: Null] ]
06-04 11:05:50.840 D/UntrustedWifiNetworkFactory( 689): got request NetworkRequest [ REQUEST id=50, [ Capabilities: INTERNET&NOT_RESTRICTED&TRUSTED&NOT_VCN_MANAGED Uid: 10026 RequestorUid: 1000 RequestorPkg: android UnderlyingNetworks: Null] ]
06-04 11:05:50.841 D/OemPaidWifiNetworkFactory( 689): got request NetworkRequest [ REQUEST id=50, [ Capabilities: INTERNET&NOT_RESTRICTED&TRUSTED&NOT_VCN_MANAGED Uid: 10026 RequestorUid: 1000 RequestorPkg: android UnderlyingNetworks: Null] ]
06-04 11:05:50.841 D/MultiInternetWifiNetworkFactory( 689): got request NetworkRequest [ REQUEST id=50, [ Capabilities: INTERNET&NOT_RESTRICTED&TRUSTED&NOT_VCN_MANAGED Uid: 10026 RequestorUid: 1000 RequestorPkg: android UnderlyingNetworks: Null] ]
06-04 11:05:50.841 D/ConnectivityService( 689): NetReassign [50 : null → 100] [c 0] [a 1] [i 2]
06-04 11:05:50.841 D/CompatibilityChangeReporter( 2373): Compat change id reported: 171979766; UID 10018; state: ENABLED
06-04 11:05:50.842 D/CompatibilityChangeReporter( 2373): Compat change id reported: 242716250; UID 10018; state: ENABLED
06-04 11:05:50.845 D/CompatibilityChangeReporter( 689): Compat change id reported: 170503758; UID 10018; state: ENABLED
06-04 11:05:50.847 I/BroadcastQueue( 689): BOOT_COMPLETED_BROADCAST_COMPLETION_LATENCY_REPORTED action:android.intent.action.BOOT_COMPLETED dispatchLatency:-22763 completeLatency:6189 dispatchRealLatency:-22763 completeRealLatency:6189 receiversSize:39 userId:0 userType:android.os.usertype.full.SYSTEM
06-04 11:05:50.847 I/ActivityManager( 689): Finished processing BOOT_COMPLETED for u0
06-04 11:05:50.853 I/WVCdm ( 515): [oemcrypto_adapter_dynamic.cpp(797):Initialize] L3 Initialized. Trying L1.
06-04 11:05:50.854 W/WVCdm ( 515): [oemcrypto_adapter_dynamic.cpp(810):Initialize] Could not load oemcrypto from path liboemcrypto.so. dlopen failed: library "liboemcrypto.so" not found
06-04 11:05:50.854 W/WVCdm ( 515): [oemcrypto_adapter_dynamic.cpp(814):Initialize] Could not load oemcrypto. Falling back to L3.
06-04 11:05:50.854 E/WVCdm ( 515): [oemcrypto_adapter_dynamic.cpp(1271):ValidateOrInstallL1KeyboxOrCert] L1 not initialized. Falling back to L3
06-04 11:05:50.854 I/WVCdm ( 515): [file_utils.cpp(38):Exists] stat failed: ENOENT
06-04 11:05:50.854 W/WVCdm ( 515): [oemcrypto_adapter_dynamic.cpp(1470):OEMCrypto_InitializeAndCheckKeybox] Keybox error: 25. Falling back to L3.
06-04 11:05:50.854 I/WVCdm ( 515): [oemcrypto_adapter_dynamic.cpp(846):Level1Terminate] L1 Terminate not needed
06-04 11:05:50.854 D/WVCdm ( 515): [crypto_session.cpp(472):CacheVersion] OEMCrypto version (default security level): 18.1
06-04 11:05:50.854 D/WVCdm ( 515): [crypto_session.cpp(481):CacheVersion] OEMCrypto version (L3 security level): 18.1
06-04 11:05:50.855 D/WVCdm ( 515): [cdm_engine.cpp(581):QueryStatus] security_level = Default, query_token = ProvisioningModel
06-04 11:05:50.856 I/RkpdWidevine( 2258): Not a WV provisioning 4.0 device. No provisioning required.
06-04 11:05:50.859 D/nativeloader( 2373): Configuring clns-shared-4 for other apk /system/priv-app/ExternalStorageProvider/ExternalStorageProvider.apk. target_sdk_version=34, uses_libraries=, library_path=/system/priv-app/ExternalStorageProvider/lib/arm:/system/lib:/system_ext/lib, permitted_path=/data:/mnt/expand:/data/user/0/com.android.externalstorage:/system/priv-app/ExternalStorageProvider:/system/lib:/system_ext/lib
06-04 11:05:50.862 D/statsd_drm( 602): statsd_mediadrm skipping empty entry
06-04 11:05:50.864 I/WVCdm ( 515): [(0):] L3 Terminate.
06-04 11:05:50.867 I/WM-WorkerWrapper( 2258): Worker result SUCCESS for Work [ id=34901964-c574-42b8-83dc-958ea276c13b, tags={ com.android.rkpdapp.provisioner.WidevineProvisioner, WidevineProvisioner } ]
06-04 11:05:50.883 V/GraphicsEnvironment( 2373): Currently set values for:
06-04 11:05:50.883 V/GraphicsEnvironment( 2373): angle_gl_driver_selection_pkgs=[]
06-04 11:05:50.884 V/GraphicsEnvironment( 2373): angle_gl_driver_selection_values=[]
06-04 11:05:50.886 V/GraphicsEnvironment( 2373): ANGLE GameManagerService for com.android.externalstorage: false
06-04 11:05:50.886 V/GraphicsEnvironment( 2373): com.android.externalstorage is not listed in per-application setting
06-04 11:05:50.886 V/GraphicsEnvironment( 2373): Neither updatable production driver nor prerelease driver is supported.
06-04 11:05:50.898 D/ExternalStorage( 2373): After updating volumes, found 1 active roots
06-04 11:05:50.910 I/ActivityManager( 689): com.oranth.usbopenft is exempt from freezer
06-04 11:05:50.910 D/CompatibilityChangeReporter( 689): Compat change id reported: 135634846; UID 1000; state: DISABLED
06-04 11:05:50.914 D/ExternalStorage( 2373): After updating volumes, found 1 active roots
06-04 11:05:50.923 D/ExternalStorage( 2373): After updating volumes, found 1 active roots
06-04 11:05:50.925 D/Zygote ( 459): Forked child process 2394
06-04 11:05:50.927 I/ActivityManager( 689): Start proc 2394:com.oranth.usbopenft/1000 for broadcast {com.oranth.usbopenft/com.oranth.usbopenft.UsbReceiver}
06-04 11:05:50.931 D/ConnectivityService( 689): requestNetwork for uid/pid:10026/2334 activeRequest: null callbackRequest: 51 [NetworkRequest [ REQUEST id=52, [ Capabilities: INTERNET&NOT_RESTRICTED&TRUSTED&NOT_VCN_MANAGED Uid: 10026 RequestorUid: 10026 RequestorPkg: com.android.statementservice UnderlyingNetworks: Null] ]] callback flags: 0 order: 2147483647
06-04 11:05:50.931 I/Zygote ( 2394): seccomp disabled by setenforce 0
06-04 11:05:50.934 D/WifiNetworkFactory( 689): got request NetworkRequest [ REQUEST id=52, [ Capabilities: INTERNET&NOT_RESTRICTED&TRUSTED&NOT_VCN_MANAGED Uid: 10026 RequestorUid: 10026 RequestorPkg: com.android.statementservice UnderlyingNetworks: Null] ]
06-04 11:05:50.934 D/UntrustedWifiNetworkFactory( 689): got request NetworkRequest [ REQUEST id=52, [ Capabilities: INTERNET&NOT_RESTRICTED&TRUSTED&NOT_VCN_MANAGED Uid: 10026 RequestorUid: 10026 RequestorPkg: com.android.statementservice UnderlyingNetworks: Null] ]
06-04 11:05:50.935 D/ConnectivityService( 689): NetReassign [52 : null → 100] [c 0] [a 1] [i 2]
06-04 11:05:50.935 D/OemPaidWifiNetworkFactory( 689): got request NetworkRequest [ REQUEST id=52, [ Capabilities: INTERNET&NOT_RESTRICTED&TRUSTED&NOT_VCN_MANAGED Uid: 10026 RequestorUid: 10026 RequestorPkg: com.android.statementservice UnderlyingNetworks: Null] ]
06-04 11:05:50.935 D/MultiInternetWifiNetworkFactory( 689): got request NetworkRequest [ REQUEST id=52, [ Capabilities: INTERNET&NOT_RESTRICTED&TRUSTED&NOT_VCN_MANAGED Uid: 10026 RequestorUid: 10026 RequestorPkg: com.android.statementservice UnderlyingNetworks: Null] ]
06-04 11:05:50.937 I/ranth.usbopenft( 2394): Using CollectorTypeCC GC.
06-04 11:05:50.947 E/ranth.usbopenft( 2394): Not starting debugger since process cannot load the jdwp agent.
06-04 11:05:50.949 D/TrafficStats( 1441): tagSocket(139) with statsTag=0xffffffff, statsUid=-1
06-04 11:05:50.952 D/TrafficStats( 1441): tagSocket(160) with statsTag=0xffffffff, statsUid=-1
06-04 11:05:50.965 D/CompatibilityChangeReporter( 2334): Compat change id reported: 263076149; UID 10026; state: DISABLED
06-04 11:05:50.968 D/CompatibilityChangeReporter( 689): Compat change id reported: 168419799; UID 1000; state: DISABLED
06-04 11:05:50.968 D/CompatibilityChangeReporter( 689): Compat change id reported: 273564678; UID 1000; state: DISABLED
06-04 11:05:50.973 D/CompatibilityChangeReporter( 2394): Compat change id reported: 171979766; UID 1000; state: ENABLED
06-04 11:05:50.974 D/CompatibilityChangeReporter( 2394): Compat change id reported: 242716250; UID 1000; state: ENABLED
06-04 11:05:50.987 D/nativeloader( 2394): Configuring clns-shared-4 for other apk /system/app/UsbOpenFT/UsbOpenFT.apk. target_sdk_version=35, uses_libraries=, library_path=/system/app/UsbOpenFT/lib/arm:/system/app/UsbOpenFT/UsbOpenFT.apk!/lib/armeabi-v7a:/system/lib:/system_ext/lib, permitted_path=/data:/mnt/expand:/data/user/0/com.oranth.usbopenft:/system/app/UsbOpenFT:/system/lib:/system_ext/lib
06-04 11:05:50.992 I/WM-WorkerWrapper( 2334): Worker result SUCCESS for Work [ id=57a7b839-e775-4a91-aa7c-f5c7326075d8, tags={ com.android.statementservice.domain.worker.RetryRequestWorker } ]
06-04 11:05:51.007 V/GraphicsEnvironment( 2394): Currently set values for:
06-04 11:05:51.007 V/GraphicsEnvironment( 2394): angle_gl_driver_selection_pkgs=[]
06-04 11:05:51.007 V/GraphicsEnvironment( 2394): angle_gl_driver_selection_values=[]
06-04 11:05:51.008 V/GraphicsEnvironment( 2394): ANGLE GameManagerService for com.oranth.usbopenft: false
06-04 11:05:51.008 V/GraphicsEnvironment( 2394): com.oranth.usbopenft is not listed in per-application setting
06-04 11:05:51.008 V/GraphicsEnvironment( 2394): Neither updatable production driver nor prerelease driver is supported.
06-04 11:05:51.012 D/TrafficStats( 1441): tagSocket(132) with statsTag=0xffffffff, statsUid=-1
06-04 11:05:51.071 I/WifiHAL ( 501): call wifi_get_link_stats handler
06-04 11:05:51.071 I/WifiHAL ( 501): Creating message to get link statistics; iface = 16
06-04 11:05:51.071 D/WifiHAL ( 501): error code -95 mapped to -3
06-04 11:05:51.071 E/WifiStaIfaceAidlImpl( 689): getLinkLayerStats failed with service-specific exception: android.os.ServiceSpecificException: (code 4)
06-04 11:05:51.083 D/InstantWifi( 689): Receive Wifi is connected, freq = 5745 and currentNetworkId : 0, wifiinfo = SSID: , BSSID: 02:00:00:00:00:00, MAC: 02:00:00:00:00:00, IP: /192.168.3.125, Security type: 2, Supplicant state: COMPLETED, Wi-Fi standard: 6, RSSI: -61, Link speed: 1200Mbps, Tx Link speed: 1200Mbps, Max Supported Tx Link speed: 1200Mbps, Rx Link speed: 6Mbps, Max Supported Rx Link speed: 1200Mbps, Frequency: 5745MHz, Net ID: -1, Metered hint: false, score: 60, isUsable: true, CarrierMerged: false, SubscriptionId: -1, IsPrimary: 1, Trusted: true, Restricted: false, Ephemeral: false, OEM paid: false, OEM private: false, OSU AP: false, FQDN: , Provider friendly name: , Requesting package name: MLO Information: , Is TID-To-Link negotiation supported by the AP: false, AP MLD Address: , AP MLO Link Id: , AP MLO Affiliated links:
06-04 11:05:51.088 W/Looper ( 939): Drained
06-04 11:05:51.088 D/TrafficStats( 1441): tagSocket(121) with statsTag=0xffffffff, statsUid=-1
06-04 11:05:51.110 D/TrafficStats( 1441): tagSocket(123) with statsTag=0xffffffff, statsUid=-1
06-04 11:05:51.117 D/TrafficStats( 1441): tagSocket(151) with statsTag=0xffffffff, statsUid=-1
06-04 11:05:51.118 D/TrafficStats( 1441): tagSocket(150) with statsTag=0xffffffff, statsUid=-1
06-04 11:05:51.121 D/TrafficStats( 1441): tagSocket(144) with statsTag=0xffffffff, statsUid=-1
06-04 11:05:51.240 D/TrafficStats( 1441): tagSocket(121) with statsTag=0xffffffff, statsUid=-1
06-04 11:05:51.255 I/d.leradlauncher( 1441): NativeAlloc concurrent copying GC freed 499963(33MB) AllocSpace objects, 80(12MB) LOS objects, 49% free, 9634KB/18MB, paused 319us,115us total 117.080ms
06-04 11:05:51.279 D/TrafficStats( 1441): tagSocket(123) with statsTag=0xffffffff, statsUid=-1
06-04 11:05:51.291 D/TrafficStats( 1441): tagSocket(132) with statsTag=0xffffffff, statsUid=-1
06-04 11:05:51.298 W/d.leradlauncher( 1441): ApkAssets: Deleting an ApkAssets object ' and /product/app/webview/webview.apk' with 1 weak references
06-04 11:05:51.300 W/System ( 1441): A resource failed to call close.
06-04 11:05:51.302 W/d.leradlauncher( 1441): ApkAssets: Deleting an ApkAssets object ' and /system/app/dangbei-steward/dangbei-steward.apk' with 1 weak references
06-04 11:05:51.302 W/d.leradlauncher( 1441): ApkAssets: Deleting an ApkAssets object ' and /system/app/dangbei-screencast/dangbei-screencast.apk' with 1 weak references
06-04 11:05:51.303 W/d.leradlauncher( 1441): ApkAssets: Deleting an ApkAssets object ' and /system/app/dangbei-setting/dangbei-setting.apk' with 1 weak references
06-04 11:05:51.304 W/d.leradlauncher( 1441): ApkAssets: Deleting an ApkAssets object ' and /system/app/dangbei-feedback/dangbei-feedback.apk' with 1 weak references
06-04 11:05:51.304 W/d.leradlauncher( 1441): ApkAssets: Deleting an ApkAssets object ' and /system/app/dangbei-media-player/dangbei-media-player.apk' with 1 weak references
06-04 11:05:51.304 W/d.leradlauncher( 1441): ApkAssets: Deleting an ApkAssets object ' and /system/app/dangbei-file-manager/dangbei-file-manager.apk' with 1 weak references
06-04 11:05:51.508 I/bluetooth( 1045): packages/modules/Bluetooth/system/gd/metrics/metrics_state.cc:177 AddStateChangedEvent: LEConnectionMetricsRemoteDevice: Transaction State 0x00000002, Connection Type 0x00000001, Origin Type 0x00000001
06-04 11:05:51.509 I/bluetooth( 1045): packages/modules/Bluetooth/system/gd/metrics/metrics_state.cc:58 AddStateChangedEvent: LEConnectionMetricState: Origin Type: 0x00000001, Connection Type: 0x00000001, Transaction State: 0x00000002
06-04 11:05:51.509 I/bluetooth( 1045): packages/modules/Bluetooth/system/gd/metrics/metrics_state.cc:161 UploadLEConnectionSession: LEConnectionMetricsRemoteDevice: The session is uploaded for xx:xx:xx:xx:c0:69
06-04 11:05:51.509 I/bluetooth( 1045): packages/modules/Bluetooth/system/gd/hci/le_address_manager.cc:265 ack_pause: Client already in paused state
06-04 11:05:51.509 I/bluetooth( 1045): packages/modules/Bluetooth/system/stack/gatt/connection_manager.cc:438 on_connection_complete: Le connection completed to device:xx:xx:xx:xx:c0:69
06-04 11:05:51.509 I/bluetooth( 1045): packages/modules/Bluetooth/system/stack/gatt/connection_manager.cc:438 on_connection_complete: Le connection completed to device:xx:xx:xx:xx:c0:69
06-04 11:05:51.509 I/bt_btm_ble( 1045): packages/modules/Bluetooth/system/stack/btm/btm_ble.cc:1730 btm_ble_connected: Updating device record timestamp for existing ble connection
06-04 11:05:51.509 D/bt_vendor( 477): op for 7
06-04 11:05:51.509 D/bt_upio ( 477): upio_set : pio 0 action 2, polarity 1
