06-04 11:07:08.579 I/audio_hw_hal_primary( 476): [audiohal_get_latency:1333] io 13: out:0xf07c5650 frames:1280 rate:48000 whole_latency:26 alsa_latency:26
06-04 11:07:08.601 I/audio_hw_hal_primary( 476): [audiohal_get_latency:1333] io 13: out:0xf07c5650 frames:1152 rate:48000 whole_latency:24 alsa_latency:24
06-04 11:07:08.622 I/audio_hw_hal_primary( 476): [audiohal_get_latency:1333] io 13: out:0xf07c5650 frames:1280 rate:48000 whole_latency:26 alsa_latency:26
06-04 11:07:08.644 I/audio_hw_hal_primary( 476): [audiohal_get_latency:1333] io 13: out:0xf07c5650 frames:1152 rate:48000 whole_latency:24 alsa_latency:24
06-04 11:07:08.665 I/audio_hw_hal_primary( 476): [audiohal_get_latency:1333] io 13: out:0xf07c5650 frames:1280 rate:48000 whole_latency:26 alsa_latency:26
06-04 11:07:08.666 D/audioserver( 521): logFgsApiEnd: FGS Logger Transaction failed, -129
06-04 11:07:08.690 D/XM_HIDREAD( 1961): poll ret=1, event=1
06-04 11:07:08.690 D/XM_HIDREAD( 1961): [9 bytes]:01 00 00 51 00 00 00 00 00
06-04 11:07:08.707 I/audio_hw_hal_primary( 476): [register_audio_patch:8215] Patch 3:id:3 mix(io:13)->dev_0[OUT_HDMI(id:22)] found, register the same patch, do nothing.
06-04 11:07:08.708 I/audio_hw_hal_primary( 476): [adev_create_audio_patch:8316] Patch 3: MIX->DEVICE, num_src:1 num_sink:1 patch_src:INVAL
06-04 11:07:08.708 I/audio_hw_hal_primary( 476): [adev_create_audio_patch:8320] sink[0]: OUT_HDMI(id:22)
06-04 11:07:08.708 I/audio_hw_hal_primary( 476): [adev_create_audio_patch:8377] Patch 3: mix(io:13) -> dev[OUT_HDMI(id:22)]
06-04 11:07:08.708 D/UEventObserver( 1063): change@/devices/platform/auge_sound/sound/card0/controlC0ACTION=changeDEVPATH=/devices/platform/auge_sound/sound/card0/controlC0SUBSYSTEM=soundAUDIO_FORMAT=0MAJOR=116MINOR=13DEVNAME=snd/controlC0SEQNUM=3569
06-04 11:07:08.708 I/audio_hw_hal_primary( 476): [adev_create_audio_patch:8445] dev=0xf09c2930 cur_out_device=0x400
06-04 11:07:08.717 D/audioserver( 521): logFgsApiBegin: FGS Logger Transaction failed, -129
06-04 11:07:08.719 I/audio_hw_hal_primary( 476): out_update_source_metadata_v7() line 2013 usage:1 content_type:2
06-04 11:07:08.720 I/SogouIME( 1440): onKeyDown: keyoCode=20
06-04 11:07:08.720 I/DefaultIMS( 1440): onKeyDown: keyoCode=20
06-04 11:07:08.721 E/SecondScreen( 1441): FirstScreenLayoutView dispatchKeyEvent 20
06-04 11:07:08.802 D/XM_HIDREAD( 1961): poll ret=1, event=1
06-04 11:07:08.802 D/XM_HIDREAD( 1961): [9 bytes]:01 00 00 00 00 00 00 00 00
06-04 11:07:08.805 I/SogouIME( 1440): onKeyUp: keyoCode=20
06-04 11:07:08.805 I/DefaultIMS( 1440): onKeyUp: keyoCode=20
06-04 11:07:08.806 E/SecondScreen( 1441): FirstScreenLayoutView dispatchKeyEvent 20
06-04 11:07:08.878 I/audio_hw_hal_primary( 476): [audiohal_get_latency:1333] io 13: out:0xf07c5650 frames:1280 rate:48000 whole_latency:26 alsa_latency:26
06-04 11:07:08.900 I/audio_hw_hal_primary( 476): [audiohal_get_latency:1333] io 13: out:0xf07c5650 frames:1152 rate:48000 whole_latency:24 alsa_latency:24
06-04 11:07:08.920 I/audio_hw_hal_primary( 476): [audiohal_get_latency:1333] io 13: out:0xf07c5650 frames:1280 rate:48000 whole_latency:26 alsa_latency:26
06-04 11:07:08.942 I/audio_hw_hal_primary( 476): [audiohal_get_latency:1333] io 13: out:0xf07c5650 frames:1280 rate:48000 whole_latency:26 alsa_latency:26
06-04 11:07:08.963 I/audio_hw_hal_primary( 476): [audiohal_get_latency:1333] io 13: out:0xf07c5650 frames:1280 rate:48000 whole_latency:26 alsa_latency:26
06-04 11:07:08.985 I/audio_hw_hal_primary( 476): [audiohal_get_latency:1333] io 13: out:0xf07c5650 frames:1152 rate:48000 whole_latency:24 alsa_latency:24
06-04 11:07:09.006 I/audio_hw_hal_primary( 476): [audiohal_get_latency:1333] io 13: out:0xf07c5650 frames:1280 rate:48000 whole_latency:26 alsa_latency:26
06-04 11:07:09.028 I/audio_hw_hal_primary( 476): [audiohal_get_latency:1333] io 13: out:0xf07c5650 frames:1152 rate:48000 whole_latency:24 alsa_latency:24
06-04 11:07:09.049 I/audio_hw_hal_primary( 476): [audiohal_get_latency:1333] io 13: out:0xf07c5650 frames:1280 rate:48000 whole_latency:26 alsa_latency:26
06-04 11:07:09.050 D/audioserver( 521): logFgsApiEnd: FGS Logger Transaction failed, -129
06-04 11:07:09.219 D/XM_HIDREAD( 1961): poll ret=1, event=1
06-04 11:07:09.219 D/XM_HIDREAD( 1961): [9 bytes]:01 00 00 4F 00 00 00 00 00
06-04 11:07:09.233 I/audio_hw_hal_primary( 476): [register_audio_patch:8215] Patch 3:id:3 mix(io:13)->dev_0[OUT_HDMI(id:22)] found, register the same patch, do nothing.
06-04 11:07:09.233 I/audio_hw_hal_primary( 476): [adev_create_audio_patch:8316] Patch 3: MIX->DEVICE, num_src:1 num_sink:1 patch_src:INVAL
06-04 11:07:09.233 I/audio_hw_hal_primary( 476): [adev_create_audio_patch:8320] sink[0]: OUT_HDMI(id:22)
06-04 11:07:09.233 I/audio_hw_hal_primary( 476): [adev_create_audio_patch:8377] Patch 3: mix(io:13) -> dev[OUT_HDMI(id:22)]
06-04 11:07:09.233 I/audio_hw_hal_primary( 476): [adev_create_audio_patch:8445] dev=0xf09c2930 cur_out_device=0x400
06-04 11:07:09.233 D/UEventObserver( 1063): change@/devices/platform/auge_sound/sound/card0/controlC0ACTION=changeDEVPATH=/devices/platform/auge_sound/sound/card0/controlC0SUBSYSTEM=soundAUDIO_FORMAT=0MAJOR=116MINOR=13DEVNAME=snd/controlC0SEQNUM=3570
06-04 11:07:09.240 D/audioserver( 521): logFgsApiBegin: FGS Logger Transaction failed, -129
06-04 11:07:09.242 I/SogouIME( 1440): onKeyDown: keyoCode=22
06-04 11:07:09.242 I/DefaultIMS( 1440): onKeyDown: keyoCode=22
06-04 11:07:09.243 E/SecondScreen( 1441): FirstScreenLayoutView dispatchKeyEvent 22
06-04 11:07:09.262 I/audio_hw_hal_primary( 476): [register_audio_patch:8215] Patch 3:id:3 mix(io:13)->dev_0[OUT_HDMI(id:22)] found, register the same patch, do nothing.
06-04 11:07:09.262 I/audio_hw_hal_primary( 476): [adev_create_audio_patch:8316] Patch 3: MIX->DEVICE, num_src:1 num_sink:1 patch_src:INVAL
06-04 11:07:09.262 I/audio_hw_hal_primary( 476): [adev_create_audio_patch:8320] sink[0]: OUT_HDMI(id:22)
06-04 11:07:09.262 I/audio_hw_hal_primary( 476): [adev_create_audio_patch:8377] Patch 3: mix(io:13) -> dev[OUT_HDMI(id:22)]
06-04 11:07:09.263 I/audio_hw_hal_primary( 476): [adev_create_audio_patch:8445] dev=0xf09c2930 cur_out_device=0x400
06-04 11:07:09.263 D/UEventObserver( 1063): change@/devices/platform/auge_sound/sound/card0/controlC0ACTION=changeDEVPATH=/devices/platform/auge_sound/sound/card0/controlC0SUBSYSTEM=soundAUDIO_FORMAT=0MAJOR=116MINOR=13DEVNAME=snd/controlC0SEQNUM=3571
06-04 11:07:09.263 D/audioserver( 521): logFgsApiEnd: FGS Logger Transaction failed, -129
06-04 11:07:09.263 D/audioserver( 521): logFgsApiBegin: FGS Logger Transaction failed, -129
06-04 11:07:09.264 I/audio_hw_hal_primary( 476): out_update_source_metadata_v7() line 2013 usage:1 content_type:2
06-04 11:07:09.271 D/audioserver( 521): logFgsApiBegin: FGS Logger Transaction failed, -129
06-04 11:07:09.305 I/audio_hw_hal_primary( 476): out_update_source_metadata_v7() line 2013 usage:13 content_type:4
06-04 11:07:09.359 D/XM_HIDREAD( 1961): poll ret=1, event=1
06-04 11:07:09.359 D/XM_HIDREAD( 1961): [9 bytes]:01 00 00 00 00 00 00 00 00
06-04 11:07:09.362 I/SogouIME( 1440): onKeyUp: keyoCode=22
06-04 11:07:09.362 I/DefaultIMS( 1440): onKeyUp: keyoCode=22
06-04 11:07:09.363 E/SecondScreen( 1441): FirstScreenLayoutView dispatchKeyEvent 22
06-04 11:07:09.432 I/audio_hw_hal_primary( 476): [audiohal_get_latency:1333] io 13: out:0xf07c5650 frames:1280 rate:48000 whole_latency:26 alsa_latency:26
06-04 11:07:09.433 I/audio_hw_hal_primary( 476): [audiohal_get_latency:1333] io 13: out:0xf07c5650 frames:1280 rate:48000 whole_latency:26 alsa_latency:26
06-04 11:07:09.454 I/audio_hw_hal_primary( 476): [audiohal_get_latency:1333] io 13: out:0xf07c5650 frames:1152 rate:48000 whole_latency:24 alsa_latency:24
06-04 11:07:09.455 I/audio_hw_hal_primary( 476): [audiohal_get_latency:1333] io 13: out:0xf07c5650 frames:1152 rate:48000 whole_latency:24 alsa_latency:24
06-04 11:07:09.475 I/audio_hw_hal_primary( 476): [audiohal_get_latency:1333] io 13: out:0xf07c5650 frames:1280 rate:48000 whole_latency:26 alsa_latency:26
06-04 11:07:09.475 I/audio_hw_hal_primary( 476): [audiohal_get_latency:1333] io 13: out:0xf07c5650 frames:1280 rate:48000 whole_latency:26 alsa_latency:26
06-04 11:07:09.497 I/audio_hw_hal_primary( 476): [audiohal_get_latency:1333] io 13: out:0xf07c5650 frames:1152 rate:48000 whole_latency:24 alsa_latency:24
06-04 11:07:09.497 I/audio_hw_hal_primary( 476): [audiohal_get_latency:1333] io 13: out:0xf07c5650 frames:1152 rate:48000 whole_latency:24 alsa_latency:24
06-04 11:07:09.518 I/audio_hw_hal_primary( 476): [audiohal_get_latency:1333] io 13: out:0xf07c5650 frames:1280 rate:48000 whole_latency:26 alsa_latency:26
06-04 11:07:09.518 I/audio_hw_hal_primary( 476): [audiohal_get_latency:1333] io 13: out:0xf07c5650 frames:1280 rate:48000 whole_latency:26 alsa_latency:26
06-04 11:07:09.540 I/audio_hw_hal_primary( 476): [audiohal_get_latency:1333] io 13: out:0xf07c5650 frames:1152 rate:48000 whole_latency:24 alsa_latency:24
06-04 11:07:09.540 I/audio_hw_hal_primary( 476): [audiohal_get_latency:1333] io 13: out:0xf07c5650 frames:1152 rate:48000 whole_latency:24 alsa_latency:24
06-04 11:07:09.561 I/audio_hw_hal_primary( 476): [audiohal_get_latency:1333] io 13: out:0xf07c5650 frames:1280 rate:48000 whole_latency:26 alsa_latency:26
06-04 11:07:09.561 I/audio_hw_hal_primary( 476): [audiohal_get_latency:1333] io 13: out:0xf07c5650 frames:1152 rate:48000 whole_latency:24 alsa_latency:24
06-04 11:07:09.583 I/audio_hw_hal_primary( 476): [audiohal_get_latency:1333] io 13: out:0xf07c5650 frames:1152 rate:48000 whole_latency:24 alsa_latency:24
06-04 11:07:09.583 I/audio_hw_hal_primary( 476): [audiohal_get_latency:1333] io 13: out:0xf07c5650 frames:1152 rate:48000 whole_latency:24 alsa_latency:24
06-04 11:07:09.601 D/XM_HIDREAD( 1961): poll ret=1, event=1
06-04 11:07:09.601 D/XM_HIDREAD( 1961): [9 bytes]:01 00 00 28 00 00 00 00 00
06-04 11:07:09.603 I/audio_hw_hal_primary( 476): [audiohal_get_latency:1333] io 13: out:0xf07c5650 frames:1280 rate:48000 whole_latency:26 alsa_latency:26
06-04 11:07:09.603 I/audio_hw_hal_primary( 476): [audiohal_get_latency:1333] io 13: out:0xf07c5650 frames:1152 rate:48000 whole_latency:24 alsa_latency:24
06-04 11:07:09.604 D/audioserver( 521): logFgsApiEnd: FGS Logger Transaction failed, -129
06-04 11:07:09.605 D/audioserver( 521): logFgsApiEnd: FGS Logger Transaction failed, -129
06-04 11:07:09.625 I/audio_hw_hal_primary( 476): [register_audio_patch:8215] Patch 3:id:3 mix(io:13)->dev_0[OUT_HDMI(id:22)] found, register the same patch, do nothing.
06-04 11:07:09.625 I/audio_hw_hal_primary( 476): [adev_create_audio_patch:8316] Patch 3: MIX->DEVICE, num_src:1 num_sink:1 patch_src:INVAL
06-04 11:07:09.625 I/audio_hw_hal_primary( 476): [adev_create_audio_patch:8320] sink[0]: OUT_HDMI(id:22)
06-04 11:07:09.626 I/audio_hw_hal_primary( 476): [adev_create_audio_patch:8377] Patch 3: mix(io:13) -> dev[OUT_HDMI(id:22)]
06-04 11:07:09.626 D/UEventObserver( 1063): change@/devices/platform/auge_sound/sound/card0/controlC0ACTION=changeDEVPATH=/devices/platform/auge_sound/sound/card0/controlC0SUBSYSTEM=soundAUDIO_FORMAT=0MAJOR=116MINOR=13DEVNAME=snd/controlC0SEQNUM=3572
06-04 11:07:09.626 I/audio_hw_hal_primary( 476): [adev_create_audio_patch:8445] dev=0xf09c2930 cur_out_device=0x400
06-04 11:07:09.633 D/audioserver( 521): logFgsApiBegin: FGS Logger Transaction failed, -129
06-04 11:07:09.635 I/SogouIME( 1440): onKeyDown: keyoCode=23
06-04 11:07:09.635 I/DefaultIMS( 1440): onKeyDown: keyoCode=23
06-04 11:07:09.636 E/SecondScreen( 1441): FirstScreenLayoutView dispatchKeyEvent 23
06-04 11:07:09.646 I/audio_hw_hal_primary( 476): out_update_source_metadata_v7() line 2013 usage:1 content_type:2
06-04 11:07:09.714 D/XM_HIDREAD( 1961): poll ret=1, event=1
06-04 11:07:09.714 D/XM_HIDREAD( 1961): [9 bytes]:01 00 00 00 00 00 00 00 00
06-04 11:07:09.716 I/SogouIME( 1440): onKeyUp: keyoCode=23
06-04 11:07:09.716 I/DefaultIMS( 1440): onKeyUp: keyoCode=23
06-04 11:07:09.717 E/SecondScreen( 1441): FirstScreenLayoutView dispatchKeyEvent 23
06-04 11:07:09.719 I/fragmentlink( 1441): fragmentPaths onLost
06-04 11:07:09.719 E/ActivityLinkRouter( 1441): startDefault: path=db://medialist?vodid=10396&cid=1970
06-04 11:07:09.720 I/MLoginRouterInterceptor( 1441): 登录拦截器 process: db://medialist
06-04 11:07:09.724 D/TrafficStats( 1441): tagSocket(108) with statsTag=0xffffffff, statsUid=-1
06-04 11:07:09.725 E/CellBroadcastUtils( 689): getDefaultCellBroadcastReceiverPackageName: no package found
06-04 11:07:09.731 E/Transition( 689): Trying to add a ready-group twice: Display{#0 state=ON size=1920x1080 ROTATION_0}
06-04 11:07:09.732 I/audio_hw_hal_primary( 476): [register_audio_patch:8215] Patch 3:id:3 mix(io:13)->dev_0[OUT_HDMI(id:22)] found, register the same patch, do nothing.
06-04 11:07:09.732 I/audio_hw_hal_primary( 476): [adev_create_audio_patch:8316] Patch 3: MIX->DEVICE, num_src:1 num_sink:1 patch_src:INVAL
06-04 11:07:09.732 I/audio_hw_hal_primary( 476): [adev_create_audio_patch:8320] sink[0]: OUT_HDMI(id:22)
06-04 11:07:09.732 I/audio_hw_hal_primary( 476): [adev_create_audio_patch:8377] Patch 3: mix(io:13) -> dev[OUT_HDMI(id:22)]
06-04 11:07:09.732 I/audio_hw_hal_primary( 476): [adev_create_audio_patch:8445] dev=0xf09c2930 cur_out_device=0x400
06-04 11:07:09.733 D/audioserver( 521): logFgsApiEnd: FGS Logger Transaction failed, -129
06-04 11:07:09.733 I/ActivityTaskManager( 689): START u0 {cmp=com.dangbei.leard.leradlauncher/com.dangbei.launcher.secondary.video.VideoSecondaryActivity (has extras)} with LAUNCH_SINGLE_TASK from uid 1000 (BAL_ALLOW_ALLOWLISTED_UID) result code=0
06-04 11:07:09.733 D/audioserver( 521): logFgsApiBegin: FGS Logger Transaction failed, -129
06-04 11:07:09.733 D/UEventObserver( 1063): change@/devices/platform/auge_sound/sound/card0/controlC0ACTION=changeDEVPATH=/devices/platform/auge_sound/sound/card0/controlC0SUBSYSTEM=soundAUDIO_FORMAT=0MAJOR=116MINOR=13DEVNAME=snd/controlC0SEQNUM=3573
06-04 11:07:09.735 I/audio_hw_hal_primary( 476): out_update_source_metadata_v7() line 2013 usage:1 content_type:2
06-04 11:07:09.737 I/WifiHAL ( 501): call wifi_get_link_stats handler
06-04 11:07:09.737 I/WifiHAL ( 501): Creating message to get link statistics; iface = 16
06-04 11:07:09.737 D/WifiHAL ( 501): error code -95 mapped to -3
06-04 11:07:09.738 E/WifiStaIfaceAidlImpl( 689): getLinkLayerStats failed with service-specific exception: android.os.ServiceSpecificException: (code 4)
06-04 11:07:09.739 D/audioserver( 521): logFgsApiBegin: FGS Logger Transaction failed, -129
06-04 11:07:09.742 V/WindowManagerShell( 939): Transition requested: android.os.BinderProxy@deed32c TransitionRequestInfo { type = 1, triggerTask = TaskInfo{userId=0 taskId=25 displayId=0 isRunning=true baseIntent=Intent { act=android.intent.action.MAIN cat=[android.intent.category.HOME] flg=0x10800100 cmp=com.dangbei.leard.leradlauncher/com.dangbei.launcher.home.LauncherActivity } baseActivity=ComponentInfo{com.dangbei.leard.leradlauncher/com.dangbei.launcher.home.LauncherActivity} topActivity=ComponentInfo{com.dangbei.leard.leradlauncher/com.dangbei.launcher.secondary.video.VideoSecondaryActivity} origActivity=null realActivity=ComponentInfo{com.dangbei.leard.leradlauncher/com.dangbei.launcher.home.LauncherActivity} numActivities=2 lastActiveTime=104311 supportsMultiWindow=true resizeMode=0 isResizeable=false minWidth=-1 minHeight=-1 defaultMinSize=220 token=WCT{android.window.IWindowContainerToken$Stub$Proxy@30f81f5} topActivityType=2 pictureInPictureParams=null shouldDockBigOverlays=true launchIntoPipHostTaskId=-1 lastParentTaskIdBeforePip=-1 displayCutoutSafeInsets=null topActivityInfo=ActivityInfo{fb12b8a com.dangbei.launcher.secondary.video.VideoSecondaryActivity} launchCookies=[] positionInParent=Point(0, 0) parentTaskId=-1 isFocused=true isVisible=true isVisibleRequested=true isSleeping=false topActivityInSizeCompat=false topActivityEligibleForLetterboxEducation= false isLetterboxDoubleTapEnabled= false topActivityEligibleForUserAspectRatioButton= false topActivityBoundsLetterboxed= false isFromLetterboxDoubleTap= false topActivityLetterboxVerticalPosition= -1 topActivityLetterboxHorizontalPosition= -1 topActivityLetterboxWidth=-1 topActivityLetterboxHeight=-1 isUserFullscreenOverrideEnabled=false isTopActivityTransparent=false locusId=null displayAreaFeatureId=1 cameraCompatControlState=hidden}, remoteTransition = null, displayChange = null, flags = 0 }
06-04 11:07:09.744 V/WindowManager( 689): app ------------- force_land :0
06-04 11:07:09.760 W/SQLiteLog( 1441): (28) double-quoted string literal: "
06-04 11:07:09.760 W/SQLiteLog( 1441): (28) double-quoted string literal: "9D9483C61F776F45CFC935A1F58A3622"
06-04 11:07:09.761 D/TrafficStats( 1441): tagSocket(155) with statsTag=0xffffffff, statsUid=-1
06-04 11:07:09.764 I/BpBinder( 260): onLastStrongRef automatically unlinking death recipients:
06-04 11:07:09.774 I/audio_hw_hal_primary( 476): out_update_source_metadata_v7() line 2013 usage:13 content_type:4
06-04 11:07:09.797 W/ConcatAdapter( 1441): Stable ids in the adapter will be ignored as the ConcatAdapter is configured not to have stable ids
06-04 11:07:09.809 W/eventbuscore( 1441): observe Event:com.dangbei.leard.base.entity.event.NetStateEvent
06-04 11:07:09.812 W/eventbuscore( 1441): observe Event:com.dangbei.launcher.secondary.video.event.FilterChangeEvent
06-04 11:07:09.817 I/audio_hw_hal_primary( 476): [audiohal_get_latency:1333] io 13: out:0xf07c5650 frames:1280 rate:48000 whole_latency:26 alsa_latency:26
06-04 11:07:09.819 I/hq ( 1441): 当小贝:::showMessage from=mActivityLifecycleCallbacks
06-04 11:07:09.819 I/hq ( 1441): 当小贝:::showMessage 没有消息需要显示
06-04 11:07:09.823 W/WindowManager( 689): [addWindow] title:com.dangbei.leard.leradlauncher/com.dangbei.launcher.secondary.video.VideoSecondaryActivity
06-04 11:07:09.823 W/WindowManager( 689): Failed looking up window session=Session{d8fbee5 1441:1000} callers=com.android.server.wm.WindowManagerService.windowForClientLocked:6075 com.android.server.wm.Session.updateRequestedVisibleTypes:695 android.view.IWindowSession$Stub.onTransact:1034
06-04 11:07:09.826 D/MobclickAgent( 1441): 延续上一个会话: 9D9483C61F776F45CFC935A1F58A3622
06-04 11:07:09.829 W/SQLiteLog( 1441): (28) double-quoted string literal: "9D9483C61F776F45CFC935A1F58A3622"
06-04 11:07:09.829 W/SQLiteLog( 1441): (28) double-quoted string literal: ""
06-04 11:07:09.829 W/SQLiteLog( 1441): (28) double-quoted string literal: "9D9483C61F776F45CFC935A1F58A3622"
06-04 11:07:09.829 W/SQLiteLog( 1441): (28) double-quoted string literal: "-1"
06-04 11:07:09.831 D/CoreBackPreview( 689): Window{84bcbba u0 com.dangbei.leard.leradlauncher/com.dangbei.launcher.secondary.video.VideoSecondaryActivity}: Setting back callback OnBackInvokedCallbackInfo{mCallback=android.window.IOnBackInvokedCallback$Stub$Proxy@33489c8, mPriority=0, mIsAnimationCallback=false}
06-04 11:07:09.838 E/OpenGLRenderer( 1441): Unable to match the desired swap behavior.
06-04 11:07:09.849 D/WindowManagerShell( 939): TvPipController: onTaskStackChanged()
06-04 11:07:09.859 I/audio_hw_hal_primary( 476): [audiohal_get_latency:1333] io 13: out:0xf07c5650 frames:1280 rate:48000 whole_latency:26 alsa_latency:26
06-04 11:07:09.871 V/WindowManagerShell( 939): onTransitionReady android.os.BinderProxy@deed32c: {id=6 t=OPEN f=0x0 trk=0 r=[0@Point(0, 0)] c=[{null m=OPEN f=FILLS_TASK leash=Surface(name=ActivityRecord{7f9c84f u0 com.dangbei.leard.leradlauncher/com.dangbei.launcher.secondary.video.VideoSecondaryActivity)/@0x6fc5fb sb=Rect(0, 0 - 0, 0) eb=Rect(0, 0 - 1920, 1080) d=-1->0 r=-1->0:-1},{null m=TO_BACK f=FILLS_TASK leash=Surface(name=ActivityRecord{6fe1245 u0 com.dangbei.leard.leradlauncher/com.dangbei.launcher.home.LauncherActivity)/@0x90bf618 sb=Rect(0, 0 - 1920, 1080) eb=Rect(0, 0 - 1920, 1080) d=0}]}
06-04 11:07:09.871 V/WindowManagerShell( 939): Playing animation for (#6)android.os.BinderProxy@deed32c@0
06-04 11:07:09.872 V/WindowManagerShell( 939): try handler com.android.wm.shell.keyguard.KeyguardTransitionHandler@f0e01c3
06-04 11:07:09.872 V/WindowManagerShell( 939): try handler com.android.wm.shell.pip.tv.TvPipTransition@d525a40
06-04 11:07:09.872 V/WindowManagerShell( 939): try handler com.android.wm.shell.activityembedding.ActivityEmbeddingController@1101d79
06-04 11:07:09.872 V/WindowManagerShell( 939): try handler com.android.wm.shell.transition.RemoteTransitionHandler@16d9abe
06-04 11:07:09.872 V/WindowManagerShell( 939): Transition doesn't have explicit remote, search filters for match for {id=6 t=OPEN f=0x0 trk=0 r=[0@Point(0, 0)] c=[{null m=OPEN f=FILLS_TASK leash=Surface(name=ActivityRecord{7f9c84f u0 com.dangbei.leard.leradlauncher/com.dangbei.launcher.secondary.video.VideoSecondaryActivity)/@0x6fc5fb sb=Rect(0, 0 - 0, 0) eb=Rect(0, 0 - 1920, 1080) d=-1->0 r=-1->0:-1},{null m=TO_BACK f=FILLS_TASK leash=Surface(name=ActivityRecord{6fe1245 u0 com.dangbei.leard.leradlauncher/com.dangbei.launcher.home.LauncherActivity)/@0x90bf618 sb=Rect(0, 0 - 1920, 1080) eb=Rect(0, 0 - 1920, 1080) d=0}]}
06-04 11:07:09.872 V/WindowManagerShell( 939): Delegate animation for #6 to null
06-04 11:07:09.872 V/WindowManagerShell( 939): try handler com.android.wm.shell.transition.DefaultTransitionHandler@dc4f71f
06-04 11:07:09.872 I/ActivityTaskManager( 689): Displayed com.dangbei.leard.leradlauncher/com.dangbei.launcher.secondary.video.VideoSecondaryActivity for user 0: +138ms
06-04 11:07:09.872 V/WindowManagerShell( 939): start default transition animation, info = {id=6 t=OPEN f=0x0 trk=0 r=[0@Point(0, 0)] c=[{null m=OPEN f=FILLS_TASK leash=Surface(name=ActivityRecord{7f9c84f u0 com.dangbei.leard.leradlauncher/com.dangbei.launcher.secondary.video.VideoSecondaryActivity)/@0x6fc5fb sb=Rect(0, 0 - 0, 0) eb=Rect(0, 0 - 1920, 1080) d=-1->0 r=-1->0:-1},{null m=TO_BACK f=FILLS_TASK leash=Surface(name=ActivityRecord{6fe1245 u0 com.dangbei.leard.leradlauncher/com.dangbei.launcher.home.LauncherActivity)/@0x90bf618 sb=Rect(0, 0 - 1920, 1080) eb=Rect(0, 0 - 1920, 1080) d=0}]}
06-04 11:07:09.873 V/WindowManager( 689): Sent Transition #6 createdAt=06-04 11:07:09.724 via request=TransitionRequestInfo { type = 1, triggerTask = TaskInfo{userId=0 taskId=25 displayId=0 isRunning=true baseIntent=Intent { act=android.intent.action.MAIN cat=[android.intent.category.HOME] flg=0x10800100 cmp=com.dangbei.leard.leradlauncher/com.dangbei.launcher.home.LauncherActivity } baseActivity=ComponentInfo{com.dangbei.leard.leradlauncher/com.dangbei.launcher.home.LauncherActivity} topActivity=ComponentInfo{com.dangbei.leard.leradlauncher/com.dangbei.launcher.secondary.video.VideoSecondaryActivity} origActivity=null realActivity=ComponentInfo{com.dangbei.leard.leradlauncher/com.dangbei.launcher.home.LauncherActivity} numActivities=2 lastActiveTime=104311 supportsMultiWindow=true resizeMode=0 isResizeable=false minWidth=-1 minHeight=-1 defaultMinSize=220 token=WCT{RemoteToken{406d71f Task{a1cfd9a #25 type=home A=1000:com.dangbei.leard.leradlauncher}}} topActivityType=2 pictureInPictureParams=null shouldDockBigOverlays=true launchIntoPipHostTaskId=-1 lastParentTaskIdBeforePip=-1 displayCutoutSafeInsets=null topActivityInfo=ActivityInfo{7007247 com.dangbei.launcher.secondary.video.VideoSecondaryActivity} launchCookies=[] positionInParent=Point(0, 0) parentTaskId=-1 isFocused=true isVisible=true isVisibleRequested=true isSleeping=false topActivityInSizeCompat=false topActivityEligibleForLetterboxEducation= false isLetterboxDoubleTapEnabled= false topActivityEligibleForUserAspectRatioButton= false topActivityBoundsLetterboxed= false isFromLetterboxDoubleTap= false topActivityLetterboxVerticalPosition= -1 topActivityLetterboxHorizontalPosition= -1 topActivityLetterboxWidth=-1 topActivityLetterboxHeight=-1 isUserFullscreenOverrideEnabled=false isTopActivityTransparent=false locusId=null displayAreaFeatureId=1 cameraCompatControlState=hidden}, remoteTransition = null, displayChange = null, flags = 0 }
06-04 11:07:09.873 V/WindowManager( 689): startWCT=WindowContainerTransaction { changes = {} hops = [] errorCallbackToken=null taskFragmentOrganizer=null }
06-04 11:07:09.873 V/WindowManager( 689): info={id=6 t=OPEN f=0x0 trk=0 r=[0@Point(0, 0)] c=[{null m=OPEN f=FILLS_TASK leash=Surface(name=ActivityRecord{7f9c84f u0 com.dangbei.leard.leradlauncher/com.dangbei.launcher.secondary.video.VideoSecondaryActivity)/@0x809ca61 sb=Rect(0, 0 - 0, 0) eb=Rect(0, 0 - 1920, 1080) d=-1->0 r=-1->0:-1},{null m=TO_BACK f=FILLS_TASK leash=Surface(name=ActivityRecord{6fe1245 u0 com.dangbei.leard.leradlauncher/com.dangbei.launcher.home.LauncherActivity)/@0xc126f0f sb=Rect(0, 0 - 1920, 1080) eb=Rect(0, 0 - 1920, 1080) d=0}]}
06-04 11:07:09.875 V/WindowManagerShell( 939): Transition animation finished (aborted=false), notifying core (#6)android.os.BinderProxy@deed32c@0
06-04 11:07:09.877 V/WindowManager( 689): Finish Transition #6: created at
06-04 11:07:09.724 collect-started=0.085ms request-sent=7.667ms started=25.913ms ready=25.871ms sent=144.003ms finished=152.156ms
06-04 11:07:09.879 V/WindowManagerShell( 939): Track 0 became idle
06-04 11:07:09.880 V/WindowManagerShell( 939): All active transition animations finished
06-04 11:07:09.880 V/WindowManagerShell( 939): animated by com.android.wm.shell.transition.DefaultTransitionHandler@dc4f71f
06-04 11:07:09.880 V/WindowManagerShell( 939): Track 0 became idle
06-04 11:07:09.880 V/WindowManagerShell( 939): All active transition animations finished
06-04 11:07:09.902 I/audio_hw_hal_primary( 476): [audiohal_get_latency:1333] io 13: out:0xf07c5650 frames:1280 rate:48000 whole_latency:26 alsa_latency:26
06-04 11:07:09.902 I/audio_hw_hal_primary( 476): [audiohal_get_latency:1333] io 13: out:0xf07c5650 frames:1280 rate:48000 whole_latency:26 alsa_latency:26
06-04 11:07:09.909 I/crashsdk( 2930): crashsdk uploading logs
06-04 11:07:09.919 I/ImeTracker( 689): com.dangbei.leard.leradlauncher:6eb82cef: onRequestHide at ORIGIN_SERVER_HIDE_INPUT reason HIDE_UNSPECIFIED_WINDOW
06-04 11:07:09.919 I/ImeTracker( 689): com.dangbei.leard.leradlauncher:6eb82cef: onCancelled at PHASE_SERVER_SHOULD_HIDE
06-04 11:07:09.920 I/DefaultIMS( 1440): onStartInput attribute=android.view.inputmethod.EditorInfo@6543144 restarting=false inputType: 0
06-04 11:07:09.924 I/audio_hw_hal_primary( 476): [audiohal_get_latency:1333] io 13: out:0xf07c5650 frames:1152 rate:48000 whole_latency:24 alsa_latency:24
06-04 11:07:09.924 I/audio_hw_hal_primary( 476): [audiohal_get_latency:1333] io 13: out:0xf07c5650 frames:1152 rate:48000 whole_latency:24 alsa_latency:24
06-04 11:07:09.935 W/ContextImpl( 689): Calling a method in the system process without a qualified user: android.app.ContextImpl.startService:1899 com.android.server.wm.DisplayPolicy.lambda$focusChangedLw$5:2126 com.android.server.wm.DisplayPolicy.$r8$lambda$Znxk63oh-WzVnzo_WQefN7uxV48:0 com.android.server.wm.DisplayPolicy$$ExternalSyntheticLambda13.run:0 android.os.Handler.handleCallback:958
06-04 11:07:09.938 D/aaa ( 1473): LedStatusService onStartCommand begin
06-04 11:07:09.940 D/aaa ( 1473): topPkg is -------------- :com.dangbei.leard.leradlauncher
06-04 11:07:09.942 D/aaa ( 1473): WiFi is connect
06-04 11:07:09.944 I/audio_hw_hal_primary( 476): [audiohal_get_latency:1333] io 13: out:0xf07c5650 frames:1280 rate:48000 whole_latency:26 alsa_latency:26
06-04 11:07:09.945 I/audio_hw_hal_primary( 476): [audiohal_get_latency:1333] io 13: out:0xf07c5650 frames:1280 rate:48000 whole_latency:26 alsa_latency:26
06-04 11:07:09.966 I/audio_hw_hal_primary( 476): [audiohal_get_latency:1333] io 13: out:0xf07c5650 frames:1152 rate:48000 whole_latency:24 alsa_latency:24
06-04 11:07:09.966 I/audio_hw_hal_primary( 476): [audiohal_get_latency:1333] io 13: out:0xf07c5650 frames:1152 rate:48000 whole_latency:24 alsa_latency:24
06-04 11:07:09.987 I/audio_hw_hal_primary( 476): [audiohal_get_latency:1333] io 13: out:0xf07c5650 frames:1280 rate:48000 whole_latency:26 alsa_latency:26
06-04 11:07:09.987 I/audio_hw_hal_primary( 476): [audiohal_get_latency:1333] io 13: out:0xf07c5650 frames:1280 rate:48000 whole_latency:26 alsa_latency:26
06-04 11:07:09.988 D/audioserver( 521): logFgsApiEnd: FGS Logger Transaction failed, -129
06-04 11:07:09.988 I/audio_hw_hal_primary( 476): out_update_source_metadata_v7() line 2013 usage:13 content_type:4
06-04 11:07:10.010 I/audio_hw_hal_primary( 476): [audiohal_get_latency:1333] io 13: out:0xf07c5650 frames:1152 rate:48000 whole_latency:24 alsa_latency:24
06-04 11:07:10.030 I/audio_hw_hal_primary( 476): [audiohal_get_latency:1333] io 13: out:0xf07c5650 frames:1280 rate:48000 whole_latency:26 alsa_latency:26
06-04 11:07:10.052 I/audio_hw_hal_primary( 476): [audiohal_get_latency:1333] io 13: out:0xf07c5650 frames:1152 rate:48000 whole_latency:24 alsa_latency:24
06-04 11:07:10.073 I/audio_hw_hal_primary( 476): [audiohal_get_latency:1333] io 13: out:0xf07c5650 frames:1024 rate:48000 whole_latency:21 alsa_latency:21
06-04 11:07:10.074 D/audioserver( 521): logFgsApiEnd: FGS Logger Transaction failed, -129
06-04 11:07:10.109 I//apex/com.android.adbd/bin/adbd( 1357): type=1400 audit(0.0:1242): avc: denied { read write } for comm=75736220666673206F70656E name="ep0" dev="functionfs" ino=23304 scontext=u:r:su:s0 tcontext=u:object_r:functionfs:s0 tclass=file permissive=1
06-04 11:07:10.109 I//apex/com.android.adbd/bin/adbd( 1357): type=1400 audit(0.0:1243): avc: denied { open } for comm=75736220666673206F70656E path="/dev/usb-ffs/adb/ep0" dev="functionfs" ino=23304 scontext=u:r:su:s0 tcontext=u:object_r:functionfs:s0 tclass=file permissive=1
06-04 11:07:10.190 I/keystore2( 283): system/security/keystore2/src/watchdog.rs:319 - Watchdog thread idle -> terminating. Have a great day.
06-04 11:07:10.260 D/TrafficStats( 1441): tagSocket(196) with statsTag=0xffffffff, statsUid=-1
06-04 11:07:10.261 D/TrafficStats( 1441): tagSocket(198) with statsTag=0xffffffff, statsUid=-1
06-04 11:07:10.547 W/d.leradlauncher( 1441): Cleared Reference was only reachable from finalizer (only reported once)
06-04 11:07:10.561 I/d.leradlauncher( 1441): Background concurrent copying GC freed 451430(17MB) AllocSpace objects, 139(6396KB) LOS objects, 49% free, 14MB/28MB, paused 244us,150us total 127.111ms
06-04 11:07:10.739 I/audio_hw_hal_alsamgr( 476): alsa format =0x1 delay frames =1024 total frames=4567040
06-04 11:07:10.758 D/TrafficStats( 1441): tagSocket(111) with statsTag=0xffffffff, statsUid=-1
06-04 11:07:10.779 E/XRelativeLayout( 1441): updateUISelectedState: error:1
06-04 11:07:10.780 E/XRelativeLayout( 1441): updateUISelectedState: oldSelected error:1
06-04 11:07:10.835 I/DefaultIMS( 1440): onStartInput attribute=android.view.inputmethod.EditorInfo@95f654f restarting=false inputType: 0
06-04 11:07:10.843 I/audio_hw_hal_primary( 476): [register_audio_patch:8215] Patch 3:id:3 mix(io:13)->dev_0[OUT_HDMI(id:22)] found, register the same patch, do nothing.
06-04 11:07:10.843 I/audio_hw_hal_primary( 476): [adev_create_audio_patch:8316] Patch 3: MIX->DEVICE, num_src:1 num_sink:1 patch_src:INVAL
06-04 11:07:10.843 I/audio_hw_hal_primary( 476): [adev_create_audio_patch:8320] sink[0]: OUT_HDMI(id:22)
06-04 11:07:10.843 I/audio_hw_hal_primary( 476): [adev_create_audio_patch:8377] Patch 3: mix(io:13) -> dev[OUT_HDMI(id:22)]
06-04 11:07:10.843 I/audio_hw_hal_primary( 476): [adev_create_audio_patch:8445] dev=0xf09c2930 cur_out_device=0x400
06-04 11:07:10.843 D/UEventObserver( 1063): change@/devices/platform/auge_sound/sound/card0/controlC0ACTION=changeDEVPATH=/devices/platform/auge_sound/sound/card0/controlC0SUBSYSTEM=soundAUDIO_FORMAT=0MAJOR=116MINOR=13DEVNAME=snd/controlC0SEQNUM=3574
06-04 11:07:10.848 D/audioserver( 521): logFgsApiBegin: FGS Logger Transaction failed, -129
06-04 11:07:10.884 I/audio_hw_hal_primary( 476): out_update_source_metadata_v7() line 2013 usage:13 content_type:4
06-04 11:07:11.011 I/audio_hw_hal_primary( 476): [audiohal_get_latency:1333] io 13: out:0xf07c5650 frames:1280 rate:48000 whole_latency:26 alsa_latency:26
06-04 11:07:11.033 I/audio_hw_hal_primary( 476): [audiohal_get_latency:1333] io 13: out:0xf07c5650 frames:1280 rate:48000 whole_latency:26 alsa_latency:26
06-04 11:07:11.041 D/TrafficStats( 1441): tagSocket(112) with statsTag=0xffffffff, statsUid=-1
06-04 11:07:11.054 I/audio_hw_hal_primary( 476): [audiohal_get_latency:1333] io 13: out:0xf07c5650 frames:1280 rate:48000 whole_latency:26 alsa_latency:26
06-04 11:07:11.076 I/audio_hw_hal_primary( 476): [audiohal_get_latency:1333] io 13: out:0xf07c5650 frames:1152 rate:48000 whole_latency:24 alsa_latency:24
06-04 11:07:11.097 I/audio_hw_hal_primary( 476): [audiohal_get_latency:1333] io 13: out:0xf07c5650 frames:1024 rate:48000 whole_latency:21 alsa_latency:21
06-04 11:07:11.109 I/adbd ( 1357): type=1400 audit(0.0:1244): avc: denied { write } for path="socket:[34893]" dev="sockfs" ino=34893 scontext=u:r:su:s0 tcontext=u:r:adbd:s0 tclass=unix_stream_socket permissive=1
06-04 11:07:11.109 I/adbd ( 1357): type=1400 audit(0.0:1245): avc: denied { read } for path="socket:[34894]" dev="sockfs" ino=34894 scontext=u:r:su:s0 tcontext=u:r:adbd:s0 tclass=unix_stream_socket permissive=1
06-04 11:07:11.118 I/audio_hw_hal_primary( 476): [audiohal_get_latency:1333] io 13: out:0xf07c5650 frames:1152 rate:48000 whole_latency:24 alsa_latency:24
06-04 11:07:11.139 I/audio_hw_hal_primary( 476): [audiohal_get_latency:1333] io 13: out:0xf07c5650 frames:1280 rate:48000 whole_latency:26 alsa_latency:26
06-04 11:07:11.161 I/audio_hw_hal_primary( 476): [audiohal_get_latency:1333] io 13: out:0xf07c5650 frames:1152 rate:48000 whole_latency:24 alsa_latency:24
06-04 11:07:11.182 I/audio_hw_hal_primary( 476): [audiohal_get_latency:1333] io 13: out:0xf07c5650 frames:1280 rate:48000 whole_latency:26 alsa_latency:26
06-04 11:07:11.183 D/audioserver( 521): logFgsApiEnd: FGS Logger Transaction failed, -129
06-04 11:07:11.290 D/TrafficStats( 1441): tagSocket(111) with statsTag=0xffffffff, statsUid=-1
06-04 11:07:11.848 D/VideoSecondaryActivity( 1441): updateContent:
06-04 11:07:11.867 D/VideoRecommendAdapter( 1441): onCreateViewHolder: 1
06-04 11:07:11.873 W/WindowOnBackDispatcher( 1441): OnBackInvokedCallback is not enabled for the application.
06-04 11:07:11.873 W/WindowOnBackDispatcher( 1441): Set 'android:enableOnBackInvokedCallback="true"' in the application manifest.
06-04 11:07:11.884 D/TrafficStats( 1441): tagSocket(112) with statsTag=0xffffffff, statsUid=-1
06-04 11:07:11.899 D/VideoRecommendAdapter( 1441): onCreateViewHolder: 1
06-04 11:07:11.903 D/TrafficStats( 1441): tagSocket(196) with statsTag=0xffffffff, statsUid=-1
06-04 11:07:11.907 D/TrafficStats( 1441): tagSocket(197) with statsTag=0xffffffff, statsUid=-1
06-04 11:07:11.908 D/TrafficStats( 1441): tagSocket(198) with statsTag=0xffffffff, statsUid=-1
06-04 11:07:11.914 D/TrafficStats( 1441): tagSocket(199) with statsTag=0xffffffff, statsUid=-1
06-04 11:07:11.928 D/VideoRecommendAdapter( 1441): onCreateViewHolder: 1
06-04 11:07:11.969 D/TrafficStats( 1441): tagSocket(111) with statsTag=0xffffffff, statsUid=-1
06-04 11:07:11.970 D/TrafficStats( 1441): tagSocket(134) with statsTag=0xffffffff, statsUid=-1
06-04 11:07:11.970 D/TrafficStats( 1441): tagSocket(182) with statsTag=0xffffffff, statsUid=-1
06-04 11:07:11.971 D/TrafficStats( 1441): tagSocket(169) with statsTag=0xffffffff, statsUid=-1
06-04 11:07:11.972 D/TrafficStats( 1441): tagSocket(201) with statsTag=0xffffffff, statsUid=-1
06-04 11:07:12.006 D/OomAdjuster( 689): Not killing cached processes
06-04 11:07:12.072 D/TrafficStats( 1441): tagSocket(155) with statsTag=0xffffffff, statsUid=-1
06-04 11:07:12.146 D/TrafficStats( 1441): tagSocket(187) with statsTag=0xffffffff, statsUid=-1
06-04 11:07:12.150 D/TrafficStats( 1441): tagSocket(123) with statsTag=0xffffffff, statsUid=-1
06-04 11:07:12.150 D/TrafficStats( 1441): tagSocket(198) with statsTag=0xffffffff, statsUid=-1
06-04 11:07:12.151 D/TrafficStats( 1441): tagSocket(214) with statsTag=0xffffffff, statsUid=-1
06-04 11:07:12.163 I/audio_hw_hal_stream( 476): aml_stream_out_info_print: out:0xf07c5650, stream_type:pcm, sync_mode:non tunnel, input_size:3547136 bytes
06-04 11:07:12.163 I/audio_hw_hal_stream( 476): aml_stream_out_info_print: last_time:106722 ms (sec:106, nsec:722985632), last_position:18295 ms (878160), cur_time:106744 ms (sec:106, nsec:744505466), cur_position:18316 ms (879184)
06-04 11:07:12.163 I/audio_hw_hal_stream( 476): aml_stream_out_info_print: time_gap:22 ms (thr:100 ms), position_gap:21 ms, delay:158 ms, jitter: Position gap is behind system time gap by 1 ms (thr:100 ms)
06-04 11:07:12.183 D/TrafficStats( 1441): tagSocket(199) with statsTag=0xffffffff, statsUid=-1
06-04 11:07:12.189 D/TrafficStats( 1441): tagSocket(170) with statsTag=0xffffffff, statsUid=-1
06-04 11:07:12.194 D/TrafficStats( 1441): tagSocket(133) with statsTag=0xffffffff, statsUid=-1
06-04 11:07:12.197 D/TrafficStats( 1441): tagSocket(138) with statsTag=0xffffffff, statsUid=-1
06-04 11:07:12.301 D/XM_HIDREAD( 1961): poll ret=1, event=1
06-04 11:07:12.301 D/XM_HIDREAD( 1961): [9 bytes]:01 00 00 51 00 00 00 00 00
06-04 11:07:12.335 I/audio_hw_hal_primary( 476): [register_audio_patch:8215] Patch 3:id:3 mix(io:13)->dev_0[OUT_HDMI(id:22)] found, register the same patch, do nothing.
06-04 11:07:12.335 I/audio_hw_hal_primary( 476): [adev_create_audio_patch:8316] Patch 3: MIX->DEVICE, num_src:1 num_sink:1 patch_src:INVAL
06-04 11:07:12.335 I/audio_hw_hal_primary( 476): [adev_create_audio_patch:8320] sink[0]: OUT_HDMI(id:22)
06-04 11:07:12.335 I/audio_hw_hal_primary( 476): [adev_create_audio_patch:8377] Patch 3: mix(io:13) -> dev[OUT_HDMI(id:22)]
06-04 11:07:12.335 I/audio_hw_hal_primary( 476): [adev_create_audio_patch:8445] dev=0xf09c2930 cur_out_device=0x400
06-04 11:07:12.335 D/UEventObserver( 1063): change@/devices/platform/auge_sound/sound/card0/controlC0ACTION=changeDEVPATH=/devices/platform/auge_sound/sound/card0/controlC0SUBSYSTEM=soundAUDIO_FORMAT=0MAJOR=116MINOR=13DEVNAME=snd/controlC0SEQNUM=3575
06-04 11:07:12.343 D/audioserver( 521): logFgsApiBegin: FGS Logger Transaction failed, -129
06-04 11:07:12.346 I/audio_hw_hal_primary( 476): out_update_source_metadata_v7() line 2013 usage:1 content_type:2
06-04 11:07:12.346 I/SogouIME( 1440): onKeyDown: keyoCode=20
06-04 11:07:12.346 I/DefaultIMS( 1440): onKeyDown: keyoCode=20
06-04 11:07:12.377 I/audio_hw_hal_primary( 476): [register_audio_patch:8215] Patch 3:id:3 mix(io:13)->dev_0[OUT_HDMI(id:22)] found, register the same patch, do nothing.
06-04 11:07:12.377 I/audio_hw_hal_primary( 476): [adev_create_audio_patch:8316] Patch 3: MIX->DEVICE, num_src:1 num_sink:1 patch_src:INVAL
06-04 11:07:12.377 I/audio_hw_hal_primary( 476): [adev_create_audio_patch:8320] sink[0]: OUT_HDMI(id:22)
06-04 11:07:12.377 I/audio_hw_hal_primary( 476): [adev_create_audio_patch:8377] Patch 3: mix(io:13) -> dev[OUT_HDMI(id:22)]
06-04 11:07:12.377 D/UEventObserver( 1063): change@/devices/platform/auge_sound/sound/card0/controlC0ACTION=changeDEVPATH=/devices/platform/auge_sound/sound/card0/controlC0SUBSYSTEM=soundAUDIO_FORMAT=0MAJOR=116MINOR=13DEVNAME=snd/controlC0SEQNUM=3576
06-04 11:07:12.377 I/audio_hw_hal_primary( 476): [adev_create_audio_patch:8445] dev=0xf09c2930 cur_out_device=0x400
06-04 11:07:12.378 D/audioserver( 521): logFgsApiEnd: FGS Logger Transaction failed, -129
06-04 11:07:12.378 D/audioserver( 521): logFgsApiBegin: FGS Logger Transaction failed, -129
06-04 11:07:12.380 I/audio_hw_hal_primary( 476): out_update_source_metadata_v7() line 2013 usage:1 content_type:2
06-04 11:07:12.386 D/audioserver( 521): logFgsApiBegin: FGS Logger Transaction failed, -129
06-04 11:07:12.393 D/XM_HIDREAD( 1961): poll ret=1, event=1
06-04 11:07:12.393 D/XM_HIDREAD( 1961): [9 bytes]:01 00 00 00 00 00 00 00 00
06-04 11:07:12.395 I/SogouIME( 1440): onKeyUp: keyoCode=20
06-04 11:07:12.395 I/DefaultIMS( 1440): onKeyUp: keyoCode=20
06-04 11:07:12.420 I/audio_hw_hal_primary( 476): out_update_source_metadata_v7() line 2013 usage:13 content_type:4
06-04 11:07:12.501 D/TrafficStats( 1441): tagSocket(136) with statsTag=0xffffffff, statsUid=-1
06-04 11:07:12.505 I/audio_hw_hal_primary( 476): [audiohal_get_latency:1333] io 13: out:0xf07c5650 frames:1152 rate:48000 whole_latency:24 alsa_latency:24
06-04 11:07:12.537 D/XM_HIDREAD( 1961): poll ret=1, event=1
06-04 11:07:12.537 D/XM_HIDREAD( 1961): [9 bytes]:01 00 00 51 00 00 00 00 00
06-04 11:07:12.540 I/SogouIME( 1440): onKeyDown: keyoCode=20
06-04 11:07:12.541 I/DefaultIMS( 1440): onKeyDown: keyoCode=20
06-04 11:07:12.573 D/TrafficStats( 1441): tagSocket(149) with statsTag=0xffffffff, statsUid=-1
06-04 11:07:12.580 D/TrafficStats( 1441): tagSocket(154) with statsTag=0xffffffff, statsUid=-1
06-04 11:07:12.591 D/TrafficStats( 1441): tagSocket(221) with statsTag=0xffffffff, statsUid=-1
06-04 11:07:12.600 D/TrafficStats( 1441): tagSocket(222) with statsTag=0xffffffff, statsUid=-1
06-04 11:07:12.646 D/TrafficStats( 1441): tagSocket(139) with statsTag=0xffffffff, statsUid=-1
06-04 11:07:12.650 D/XM_HIDREAD( 1961): poll ret=1, event=1
06-04 11:07:12.650 D/XM_HIDREAD( 1961): [9 bytes]:01 00 00 00 00 00 00 00 00
06-04 11:07:12.650 D/TrafficStats( 1441): tagSocket(112) with statsTag=0xffffffff, statsUid=-1
06-04 11:07:12.653 I/SogouIME( 1440): onKeyUp: keyoCode=20
06-04 11:07:12.653 I/DefaultIMS( 1440): onKeyUp: keyoCode=20
06-04 11:07:12.675 I/audio_hw_hal_primary( 476): [audiohal_get_latency:1333] io 13: out:0xf07c5650 frames:1280 rate:48000 whole_latency:26 alsa_latency:26
06-04 11:07:12.702 D/TrafficStats( 1441): tagSocket(138) with statsTag=0xffffffff, statsUid=-1
06-04 11:07:12.706 D/TrafficStats( 1441): tagSocket(133) with statsTag=0xffffffff, statsUid=-1
06-04 11:07:12.707 D/TrafficStats( 1441): tagSocket(170) with statsTag=0xffffffff, statsUid=-1
06-04 11:07:12.718 I/audio_hw_hal_primary( 476): [audiohal_get_latency:1333] io 13: out:0xf07c5650 frames:1280 rate:48000 whole_latency:26 alsa_latency:26
06-04 11:07:12.718 I/audio_hw_hal_primary( 476): [audiohal_get_latency:1333] io 13: out:0xf07c5650 frames:1152 rate:48000 whole_latency:24 alsa_latency:24
06-04 11:07:12.740 I/audio_hw_hal_primary( 476): [audiohal_get_latency:1333] io 13: out:0xf07c5650 frames:1152 rate:48000 whole_latency:24 alsa_latency:24
06-04 11:07:12.740 I/audio_hw_hal_primary( 476): [audiohal_get_latency:1333] io 13: out:0xf07c5650 frames:1152 rate:48000 whole_latency:24 alsa_latency:24
06-04 11:07:12.746 I/WifiHAL ( 501): call wifi_get_link_stats handler
06-04 11:07:12.746 I/WifiHAL ( 501): Creating message to get link statistics; iface = 16
06-04 11:07:12.746 D/WifiHAL ( 501): error code -95 mapped to -3
06-04 11:07:12.747 E/WifiStaIfaceAidlImpl( 689): getLinkLayerStats failed with service-specific exception: android.os.ServiceSpecificException: (code 4)
06-04 11:07:12.751 D/XM_HIDREAD( 1961): poll ret=1, event=1
06-04 11:07:12.751 D/XM_HIDREAD( 1961): [9 bytes]:01 00 00 51 00 00 00 00 00
06-04 11:07:12.754 I/SogouIME( 1440): onKeyDown: keyoCode=20
06-04 11:07:12.754 I/DefaultIMS( 1440): onKeyDown: keyoCode=20
06-04 11:07:12.830 D/XM_HIDREAD( 1961): poll ret=1, event=1
06-04 11:07:12.830 D/XM_HIDREAD( 1961): [9 bytes]:01 00 00 00 00 00 00 00 00
06-04 11:07:12.831 I/SogouIME( 1440): onKeyUp: keyoCode=20
06-04 11:07:12.831 I/DefaultIMS( 1440): onKeyUp: keyoCode=20
06-04 11:07:12.888 I/audio_hw_hal_primary( 476): [audiohal_get_latency:1333] io 13: out:0xf07c5650 frames:1280 rate:48000 whole_latency:26 alsa_latency:26
06-04 11:07:12.921 D/TrafficStats( 1441): tagSocket(79) with statsTag=0xffffffff, statsUid=-1
06-04 11:07:12.931 D/XM_HIDREAD( 1961): poll ret=1, event=1
06-04 11:07:12.931 D/XM_HIDREAD( 1961): [9 bytes]:01 00 00 51 00 00 00 00 00
06-04 11:07:12.931 I/audio_hw_hal_primary( 476): [audiohal_get_latency:1333] io 13: out:0xf07c5650 frames:1280 rate:48000 whole_latency:26 alsa_latency:26
06-04 11:07:12.931 I/audio_hw_hal_primary( 476): [audiohal_get_latency:1333] io 13: out:0xf07c5650 frames:1152 rate:48000 whole_latency:24 alsa_latency:24
06-04 11:07:12.933 I/audio_hw_hal_primary( 476): [audiohal_get_latency:1333] io 13: out:0xf07c5650 frames:1152 rate:48000 whole_latency:24 alsa_latency:24
06-04 11:07:12.937 I/SogouIME( 1440): onKeyDown: keyoCode=20
06-04 11:07:12.937 I/DefaultIMS( 1440): onKeyDown: keyoCode=20
06-04 11:07:12.939 E/DifferentialGridView( 1441): java.lang.NoSuchMethodException: androidx.recyclerview.widget.RecyclerView$d0.smoothScrollBy [int, int, interface android.view.animation.Interpolator, int]
06-04 11:07:12.939 E/DifferentialGridView( 1441): at java.lang.Class.getMethod(Class.java:2937)
06-04 11:07:12.939 E/DifferentialGridView( 1441): at java.lang.Class.getMethod(Class.java:2449)
06-04 11:07:12.939 E/DifferentialGridView( 1441): at com.dangbei.palaemon.leanback.DifferentialGridView.customSmoothScrollBy(SourceFile:224)
06-04 11:07:12.939 E/DifferentialGridView( 1441): at com.dangbei.palaemon.leanback.DifferentialGridView.smoothScrollBy(SourceFile:4)
06-04 11:07:12.939 E/DifferentialGridView( 1441): at com.dangbei.palaemon.leanback.DifferentialGridView.smoothScrollBy(SourceFile:1)
06-04 11:07:12.939 E/DifferentialGridView( 1441): at com.dangbei.palaemon.leanback.GridLayoutManager.scrollGrid(SourceFile:27)
06-04 11:07:12.939 E/DifferentialGridView( 1441): at com.dangbei.palaemon.leanback.GridLayoutManager.scrollToView(SourceFile:19)
06-04 11:07:12.939 E/DifferentialGridView( 1441): at com.dangbei.palaemon.leanback.GridLayoutManager.scrollToView(SourceFile:3)
06-04 11:07:12.939 E/DifferentialGridView( 1441): at com.dangbei.palaemon.leanback.GridLayoutManager.onRequestChildFocus(SourceFile:25)
06-04 11:07:12.939 E/DifferentialGridView( 1441): at androidx.recyclerview.widget.RecyclerView.requestChildFocus(SourceFile:5)
06-04 11:07:12.939 E/DifferentialGridView( 1441): at android.view.View.handleFocusGainInternal(View.java:7995)
06-04 11:07:12.939 E/DifferentialGridView( 1441): at android.view.ViewGroup.handleFocusGainInternal(ViewGroup.java:847)
06-04 11:07:12.939 E/DifferentialGridView( 1441): at android.view.View.requestFocusNoSearch(View.java:14519)
06-04 11:07:12.939 E/DifferentialGridView( 1441): at android.view.View.requestFocus(View.java:14493)
06-04 11:07:12.939 E/DifferentialGridView( 1441): at android.view.ViewGroup.requestFocus(ViewGroup.java:3325)
06-04 11:07:12.939 E/DifferentialGridView( 1441): at android.view.ViewRootImpl$ViewPostImeInputStage.performFocusNavigation(ViewRootImpl.java:7099)
06-04 11:07:12.939 E/DifferentialGridView( 1441): at android.view.ViewRootImpl$ViewPostImeInputStage.processKeyEvent(ViewRootImpl.java:7218)
06-04 11:07:12.939 E/DifferentialGridView( 1441): at android.view.ViewRootImpl$ViewPostImeInputStage.onProcess(ViewRootImpl.java:7028)
06-04 11:07:12.939 E/DifferentialGridView( 1441): at android.view.ViewRootImpl$InputStage.deliver(ViewRootImpl.java:6435)
06-04 11:07:12.939 E/DifferentialGridView( 1441): at android.view.ViewRootImpl$InputStage.onDeliverToNext(ViewRootImpl.java:6492)
06-04 11:07:12.939 E/DifferentialGridView( 1441): at android.view.ViewRootImpl$InputStage.forward(ViewRootImpl.java:6458)
06-04 11:07:12.939 E/DifferentialGridView( 1441): at android.view.ViewRootImpl$AsyncInputStage.forward(ViewRootImpl.java:6623)
06-04 11:07:12.939 E/DifferentialGridView( 1441): at android.view.ViewRootImpl$InputStage.apply(ViewRootImpl.java:6466)
06-04 11:07:12.939 E/DifferentialGridView( 1441): at android.view.ViewRootImpl$AsyncInputStage.apply(ViewRootImpl.java:6680)
06-04 11:07:12.939 E/DifferentialGridView( 1441): at android.view.ViewRootImpl$InputStage.deliver(ViewRootImpl.java:6439)
06-04 11:07:12.939 E/DifferentialGridView( 1441): at android.view.ViewRootImpl$InputStage.onDeliverToNext(ViewRootImpl.java:6492)
06-04 11:07:12.939 E/DifferentialGridView( 1441): at android.view.ViewRootImpl$InputStage.forward(ViewRootImpl.java:6458)
06-04 11:07:12.939 E/DifferentialGridView( 1441): at android.view.ViewRootImpl$InputStage.apply(ViewRootImpl.java:6466)
06-04 11:07:12.939 E/DifferentialGridView( 1441): at android.view.ViewRootImpl$InputStage.deliver(ViewRootImpl.java:6439)
06-04 11:07:12.939 E/DifferentialGridView( 1441): at android.view.ViewRootImpl$InputStage.onDeliverToNext(ViewRootImpl.java:6492)
06-04 11:07:12.939 E/DifferentialGridView( 1441): at android.view.ViewRootImpl$InputStage.forward(ViewRootImpl.java:6458)
06-04 11:07:12.939 E/DifferentialGridView( 1441): at android.view.ViewRootImpl$AsyncInputStage.forward(ViewRootImpl.java:6656)
06-04 11:07:12.939 E/DifferentialGridView( 1441): at android.view.ViewRootImpl$ImeInputStage.onFinishedInputEvent(ViewRootImpl.java:6867)
06-04 11:07:12.939 E/DifferentialGridView( 1441): at android.view.inputmethod.InputMethodManager$PendingEvent.run(InputMethodManager.java:4303)
06-04 11:07:12.939 E/DifferentialGridView( 1441): at android.view.inputmethod.InputMethodManager.invokeFinishedInputEventCallback(InputMethodManager.java:3740)
06-04 11:07:12.939 E/DifferentialGridView( 1441): at android.view.inputmethod.InputMethodManager.finishedInputEvent(InputMethodManager.java:3731)
06-04 11:07:12.939 E/DifferentialGridView( 1441): at android.view.inputmethod.InputMethodManager.-$$Nest$mfinishedInputEvent(Unknown Source:0)
06-04 11:07:12.939 E/DifferentialGridView( 1441): at android.view.inputmethod.InputMethodManager$ImeInputEventSender.onInputEventFinished(InputMethodManager.java:4280)
06-04 11:07:12.939 E/DifferentialGridView( 1441): at android.view.InputEventSender.dispatchInputEventFinished(InputEventSender.java:154)
06-04 11:07:12.939 E/DifferentialGridView( 1441): at android.os.MessageQueue.nativePollOnce(Native Method)
06-04 11:07:12.939 E/DifferentialGridView( 1441): at android.os.MessageQueue.next(MessageQueue.java:335)
06-04 11:07:12.939 E/DifferentialGridView( 1441): at android.os.Looper.loopOnce(Looper.java:162)
06-04 11:07:12.939 E/DifferentialGridView( 1441): at android.os.Looper.loop(Looper.java:294)
06-04 11:07:12.939 E/DifferentialGridView( 1441): at android.app.ActivityThread.main(ActivityThread.java:8255)
06-04 11:07:12.939 E/DifferentialGridView( 1441): at java.lang.reflect.Method.invoke(Native Method)
