06-04 11:05:40.284 D/CompatibilityChangeReporter( 689): Compat change id reported: 262645982; UID 10060; state: ENABLED
06-04 11:05:40.285 D/CompatibilityChangeReporter( 689): Compat change id reported: 218533173; UID 10062; state: ENABLED
06-04 11:05:40.290 D/CompatibilityChangeReporter( 689): Compat change id reported: 262645982; UID 10062; state: ENABLED
06-04 11:05:40.330 D/CompatibilityChangeReporter( 689): Compat change id reported: 168419799; UID 1068; state: DISABLED
06-04 11:05:40.330 D/CompatibilityChangeReporter( 689): Compat change id reported: 273564678; UID 1068; state: DISABLED
06-04 11:05:40.373 D/CompatibilityChangeReporter( 689): Compat change id reported: 218533173; UID 10030; state: ENABLED
06-04 11:05:40.397 D/CompatibilityChangeReporter( 689): Compat change id reported: 262645982; UID 10030; state: ENABLED
06-04 11:05:40.398 D/CompatibilityChangeReporter( 689): Compat change id reported: 218533173; UID 10013; state: ENABLED
06-04 11:05:40.427 I/MR2ServiceImpl( 689): registerManager | uid: 10052, pid: 939, package: com.android.systemui, user: 0
06-04 11:05:40.436 D/CompatibilityChangeReporter( 689): Compat change id reported: 262645982; UID 10013; state: ENABLED
06-04 11:05:40.444 D/CompatibilityChangeReporter( 689): Compat change id reported: 218533173; UID 10025; state: ENABLED
06-04 11:05:40.454 D/CompatibilityChangeReporter( 689): Compat change id reported: 262645982; UID 10025; state: ENABLED
06-04 11:05:40.467 W/android.hardware.wifi-service.droidlogic( 501): No active wlan interfaces in use! Using default
06-04 11:05:40.467 E/android.hardware.wifi-service.droidlogic( 501): Unknown iface name: wlan0
06-04 11:05:40.467 E/android.hardware.wifi-service.droidlogic( 501): Unknown iface name: wlan0
06-04 11:05:40.481 D/CompatibilityChangeReporter( 689): Compat change id reported: 218533173; UID 10022; state: ENABLED
06-04 11:05:40.500 W/Looper ( 689): Slow dispatch took 226ms main h=android.database.sqlite.SQLiteConnectionPool$IdleConnectionHandler c=null m=0
06-04 11:05:40.501 D/CompatibilityChangeReporter( 689): Compat change id reported: 161145287; UID 1000; state: DISABLED
06-04 11:05:40.530 D/CompatibilityChangeReporter( 689): Compat change id reported: 262645982; UID 10022; state: ENABLED
06-04 11:05:40.580 I/android.hardware.wifi-service.droidlogic( 501): Adding interface handle for p2p0
06-04 11:05:40.580 I/android.hardware.wifi-service.droidlogic( 501): Adding interface handle for ap0
06-04 11:05:40.580 I/android.hardware.wifi-service.droidlogic( 501): Adding interface handle for wlan0
06-04 11:05:40.580 W/android.hardware.wifi-service.droidlogic( 501): No active wlan interfaces in use! Using default
06-04 11:05:40.580 E/android.hardware.wifi-service.droidlogic( 501): Failed to register radio mode change callback
06-04 11:05:40.580 W/android.hardware.wifi-service.droidlogic( 501): No active wlan interfaces in use! Using default
06-04 11:05:40.582 E/android.hardware.wifi-service.droidlogic( 501): Failed to get SupportedIfaceCombinations matrix from legacy HAL: NOT_SUPPORTED
06-04 11:05:40.582 I/android.hardware.wifi-service.droidlogic( 501): Configured chip in mode 3
06-04 11:05:40.582 W/android.hardware.wifi-service.droidlogic( 501): No active wlan interfaces in use! Using default
06-04 11:05:40.582 D/CompatibilityChangeReporter( 689): Compat change id reported: 218533173; UID 10020; state: ENABLED
06-04 11:05:40.584 D/CompatibilityChangeReporter( 689): Compat change id reported: 262645982; UID 10020; state: ENABLED
06-04 11:05:40.588 D/CompatibilityChangeReporter( 689): Compat change id reported: 161145287; UID 1000; state: ENABLED
06-04 11:05:40.590 D/ConditionProviders.SCP( 689): onConnected
06-04 11:05:40.596 D/CompatibilityChangeReporter( 689): Compat change id reported: 218533173; UID 10066; state: ENABLED
06-04 11:05:40.599 D/CompatibilityChangeReporter( 689): Compat change id reported: 262645982; UID 10066; state: ENABLED
06-04 11:05:40.602 D/ConditionProviders.SCP( 689): onSubscribe condition://android/schedule?days=1.2.3.4.5.6.7&start=22.0&end=7.0&exitAtAlarm=true
06-04 11:05:40.602 D/ConditionProviders.SCP( 689): setRegistered true
06-04 11:05:40.611 D/CompatibilityChangeReporter( 689): Compat change id reported: 218533173; UID 10023; state: ENABLED
06-04 11:05:40.615 D/CompatibilityChangeReporter( 689): Compat change id reported: 262645982; UID 10023; state: ENABLED
06-04 11:05:40.617 W/android.hardware.wifi-service.droidlogic( 501): No active wlan interfaces in use! Using default
06-04 11:05:40.617 D/CompatibilityChangeReporter( 689): Compat change id reported: 218533173; UID 10002; state: ENABLED
06-04 11:05:40.617 D/CompatibilityChangeReporter( 689): Compat change id reported: 262645982; UID 10002; state: ENABLED
06-04 11:05:40.638 I/android.hardware.wifi-service.droidlogic( 501): Adding interface handle for p2p0
06-04 11:05:40.638 I/android.hardware.wifi-service.droidlogic( 501): Adding interface handle for ap0
06-04 11:05:40.638 I/android.hardware.wifi-service.droidlogic( 501): Adding interface handle for wlan0
06-04 11:05:40.638 E/android.hardware.wifi-service.droidlogic( 501): Failed to set DFS flag; DFS channels may be unavailable.
06-04 11:05:40.680 D/CompatibilityChangeReporter( 689): Compat change id reported: 218533173; UID 10011; state: ENABLED
06-04 11:05:40.713 D/CompatibilityChangeReporter( 689): Compat change id reported: 262645982; UID 10011; state: ENABLED
06-04 11:05:40.769 D/ConditionProviders.SCP( 689): evaluateSubscriptionLocked cal=ScheduleCalendar[mDays={1, 2, 3, 4, 5, 6, 7}, mSchedule=ScheduleInfo{days=[1, 2, 3, 4, 5, 6, 7], startHour=22, startMinute=0, endHour=7, endMinute=0, exitAtAlarm=true, nextAlarm=Thu Jan 01 08:00:00 GMT+08:00 1970 (0)}], now=Wed Jun 04 11:05:40 GMT+08:00 2025 (1749006340602), nextUserAlarmTime=Thu Jan 01 08:00:00 GMT+08:00 1970 (0)
06-04 11:05:40.770 D/ConditionProviders.SCP( 689): notifyCondition condition://android/schedule?days=1.2.3.4.5.6.7&start=22.0&end=7.0&exitAtAlarm=true STATE_FALSE reason=!meetsSchedule
06-04 11:05:40.788 D/CompatibilityChangeReporter( 689): Compat change id reported: 218533173; UID 10041; state: DISABLED
06-04 11:05:40.790 D/ConditionProviders.SCP( 689): Scheduling evaluate for Wed Jun 04 22:00:00 GMT+08:00 2025 (1749045600000), in +10h54m19s398ms, now=Wed Jun 04 11:05:40 GMT+08:00 2025 (1749006340602)
06-04 11:05:40.807 D/CompatibilityChangeReporter( 689): Compat change id reported: 262645982; UID 10041; state: DISABLED
06-04 11:05:40.808 D/CompatibilityChangeReporter( 689): Compat change id reported: 218533173; UID 10074; state: DISABLED
06-04 11:05:40.831 D/CompatibilityChangeReporter( 689): Compat change id reported: 171306433; UID 1000; state: ENABLED
06-04 11:05:40.851 E/android.hardware.wifi-service.droidlogic( 501): Failed to get chip capabilities from legacy HAL: NOT_SUPPORTED
06-04 11:05:40.852 D/CompatibilityChangeReporter( 689): Compat change id reported: 262645982; UID 10074; state: DISABLED
06-04 11:05:40.868 I/wificond( 609): createClientInterface: wiphy_index 0 iface_name wlan0
06-04 11:05:40.870 I/wificond( 609): create scanner for interface with index: 16
06-04 11:05:40.870 I/wificond( 609): subscribe scan result for interface with index: 16
06-04 11:05:40.871 I/wificond( 609): add channel type 0 support at wiphy index: 0
06-04 11:05:40.871 I/wificond( 609): add channel type 1 support at wiphy index: 0
06-04 11:05:40.888 D/CompatibilityChangeReporter( 689): Compat change id reported: 218533173; UID 10044; state: ENABLED
06-04 11:05:40.888 D/CompatibilityChangeReporter( 689): Compat change id reported: 262645982; UID 10044; state: ENABLED
06-04 11:05:40.889 D/CompatibilityChangeReporter( 689): Compat change id reported: 218533173; UID 10009; state: ENABLED
06-04 11:05:40.890 D/CompatibilityChangeReporter( 689): Compat change id reported: 262645982; UID 10009; state: ENABLED
06-04 11:05:40.890 D/CompatibilityChangeReporter( 689): Compat change id reported: 218533173; UID 10028; state: ENABLED
06-04 11:05:40.911 D/CompatibilityChangeReporter( 689): Compat change id reported: 218533173; UID 1000; state: ENABLED
06-04 11:05:40.915 W/Looper ( 689): Slow dispatch took 312ms main h=android.service.notification.ConditionProviderService$H c=null m=3
06-04 11:05:40.953 D/CompatibilityChangeReporter( 689): Compat change id reported: 135634846; UID 10060; state: DISABLED
06-04 11:05:40.969 D/CompatibilityChangeReporter( 689): Compat change id reported: 143937733; UID 10060; state: ENABLED
06-04 11:05:40.984 D/CompatibilityChangeReporter( 689): Compat change id reported: 261072174; UID 1000; state: ENABLED
06-04 11:05:40.986 I/ActivityManager( 689): Start proc 1109:android.ext.services/u0a60 for service {android.ext.services/android.ext.services.autofill.InlineSuggestionRenderServiceImpl}
06-04 11:05:40.986 W/Looper ( 939): Slow dispatch took 2134ms main h=android.app.ActivityThread$H c=null m=110
06-04 11:05:41.003 D/CompatibilityChangeReporter( 689): Compat change id reported: 262645982; UID 10028; state: ENABLED
06-04 11:05:41.004 D/CompatibilityChangeReporter( 689): Compat change id reported: 218533173; UID 10049; state: DISABLED
06-04 11:05:41.005 D/CompatibilityChangeReporter( 689): Compat change id reported: 262645982; UID 10049; state: DISABLED
06-04 11:05:41.015 W/ActivityManager( 689): Slow operation: 63ms so far, now at startProcess: done updating pids map
06-04 11:05:41.029 D/CompatibilityChangeReporter( 689): Compat change id reported: 168419799; UID 10060; state: DISABLED
06-04 11:05:41.030 D/CompatibilityChangeReporter( 689): Compat change id reported: 273564678; UID 10060; state: DISABLED
06-04 11:05:41.045 D/CompatibilityChangeReporter( 689): Compat change id reported: 170503758; UID 10060; state: ENABLED
06-04 11:05:41.151 W/ActivityThread( 689): Failed to find provider info for com.android.calendar (user not unlocked)
06-04 11:05:41.151 D/CompatibilityChangeReporter( 689): Compat change id reported: 218533173; UID 10072; state: ENABLED
06-04 11:05:41.152 D/CompatibilityChangeReporter( 689): Compat change id reported: 262645982; UID 10072; state: ENABLED
06-04 11:05:41.153 D/CompatibilityChangeReporter( 689): Compat change id reported: 218533173; UID 10017; state: ENABLED
06-04 11:05:41.154 D/CompatibilityChangeReporter( 689): Compat change id reported: 262645982; UID 10017; state: ENABLED
06-04 11:05:41.155 D/CompatibilityChangeReporter( 689): Compat change id reported: 218533173; UID 10058; state: ENABLED
06-04 11:05:41.156 D/CompatibilityChangeReporter( 689): Compat change id reported: 262645982; UID 10058; state: ENABLED
06-04 11:05:41.157 D/CompatibilityChangeReporter( 689): Compat change id reported: 218533173; UID 10063; state: ENABLED
06-04 11:05:41.158 D/CompatibilityChangeReporter( 689): Compat change id reported: 262645982; UID 10063; state: ENABLED
06-04 11:05:41.171 D/HDMI ( 689): addCecDevice new:CEC: logical_address: 0x04 device_type: 4 cec_version: 5 vendor_id: 1877008 display_name: DBBOX-A3 power_status: 0 physical_address: 0x3000 port_id: 0 old:null
06-04 11:05:41.181 E/android.hardware.wifi-service.droidlogic( 501): Failed to get SupportedRadioCombinations matrix from legacy HAL: NOT_SUPPORTED
06-04 11:05:41.183 D/CompatibilityChangeReporter( 689): Compat change id reported: 161145287; UID 1073; state: ENABLED
06-04 11:05:41.185 W/ActivityThread( 689): Failed to find provider info for com.android.calendar (user not unlocked)
06-04 11:05:41.208 D/CompatibilityChangeReporter( 689): Compat change id reported: 218533173; UID 10050; state: DISABLED
06-04 11:05:41.209 D/CompatibilityChangeReporter( 689): Compat change id reported: 262645982; UID 10050; state: DISABLED
06-04 11:05:41.209 D/CompatibilityChangeReporter( 689): Compat change id reported: 171306433; UID 10050; state: DISABLED
06-04 11:05:41.210 D/CompatibilityChangeReporter( 689): Compat change id reported: 218533173; UID 10052; state: ENABLED
06-04 11:05:41.217 D/CompatibilityChangeReporter( 689): Compat change id reported: 218533173; UID 10005; state: ENABLED
06-04 11:05:41.220 D/CompatibilityChangeReporter( 689): Compat change id reported: 262645982; UID 10005; state: ENABLED
06-04 11:05:41.221 D/CompatibilityChangeReporter( 689): Compat change id reported: 218533173; UID 10057; state: ENABLED
06-04 11:05:41.221 D/CompatibilityChangeReporter( 689): Compat change id reported: 262645982; UID 10057; state: ENABLED
06-04 11:05:41.222 D/CompatibilityChangeReporter( 689): Compat change id reported: 218533173; UID 10045; state: ENABLED
06-04 11:05:41.227 D/CompatibilityChangeReporter( 689): Compat change id reported: 262645982; UID 10045; state: ENABLED
06-04 11:05:41.229 D/CompatibilityChangeReporter( 689): Compat change id reported: 218533173; UID 10054; state: ENABLED
06-04 11:05:41.229 D/CompatibilityChangeReporter( 689): Compat change id reported: 262645982; UID 10054; state: ENABLED
06-04 11:05:41.235 D/CompatibilityChangeReporter( 689): Compat change id reported: 218533173; UID 10034; state: ENABLED
06-04 11:05:41.236 D/CompatibilityChangeReporter( 689): Compat change id reported: 262645982; UID 10034; state: DISABLED
06-04 11:05:41.239 D/CompatibilityChangeReporter( 689): Compat change id reported: 218533173; UID 10001; state: ENABLED
06-04 11:05:41.240 D/CompatibilityChangeReporter( 689): Compat change id reported: 262645982; UID 10001; state: ENABLED
06-04 11:05:41.243 D/CompatibilityChangeReporter( 689): Compat change id reported: 218533173; UID 10070; state: ENABLED
06-04 11:05:41.245 D/CompatibilityChangeReporter( 689): Compat change id reported: 262645982; UID 10070; state: ENABLED
06-04 11:05:41.248 D/CompatibilityChangeReporter( 689): Compat change id reported: 218533173; UID 10061; state: ENABLED
06-04 11:05:41.250 D/CompatibilityChangeReporter( 689): Compat change id reported: 262645982; UID 10061; state: ENABLED
06-04 11:05:41.261 D/CompatibilityChangeReporter( 689): Compat change id reported: 218533173; UID 10014; state: ENABLED
06-04 11:05:41.263 D/CompatibilityChangeReporter( 689): Compat change id reported: 262645982; UID 10014; state: ENABLED
06-04 11:05:41.264 D/CompatibilityChangeReporter( 689): Compat change id reported: 265195908; UID 1002; state: ENABLED
06-04 11:05:41.279 D/CompatibilityChangeReporter( 689): Compat change id reported: 265195908; UID 1068; state: ENABLED
06-04 11:05:41.282 D/CompatibilityChangeReporter( 689): Compat change id reported: 265195908; UID 10060; state: ENABLED
06-04 11:05:41.329 D/HDMI ( 689): onInitializeCecComplete 1
06-04 11:05:41.329 D/HdmiControlService( 689): Local device is under address allocation. Queue display callback for later process.
06-04 11:05:41.335 D/HDMI ( 689): onAddressAllocated address:4 reason:1
06-04 11:05:41.355 D/CompatibilityChangeReporter( 689): Compat change id reported: 161145287; UID 1068; state: ENABLED
06-04 11:05:41.467 D/HDMI ( 689): [S]: 4F:84:30:00:04
06-04 11:05:41.484 D/CompatibilityChangeReporter( 689): Compat change id reported: 182478738; UID 1073; state: ENABLED
06-04 11:05:41.489 D/HDMI ( 689): DeviceDiscoveryAction start com.android.server.hdmi.DeviceDiscoveryAction@503c9b4
06-04 11:05:41.503 W/Looper ( 689): Slow dispatch took 549ms main h=android.os.Handler c=com.android.server.hdmi.WorkSourceUidPreservingRunnable@f0a789e m=0
06-04 11:05:41.505 D/HDMI ( 689): receive android.intent.action.CONFIGURATION_CHANGED
06-04 11:05:41.523 D/HDMI ( 689): receive android.intent.action.CONFIGURATION_CHANGED
06-04 11:05:41.547 I/HdmiCecLocalDeviceSource( 689): queryDisplayStatus already in progress
06-04 11:05:41.548 I/PackageWatchdog( 689): Syncing health check requests for packages: {}
06-04 11:05:41.548 I/ExplicitHealthCheckController( 689): Service not ready to get health check supported packages. Binding...
06-04 11:05:41.572 I/ExplicitHealthCheckController( 689): Explicit health check service is bound
06-04 11:05:41.623 D/HDMI ( 689): [S]: 4F:87:1C:A4:10
06-04 11:05:41.716 W/Looper ( 689): Slow dispatch took 101ms main h=android.app.ActivityThread$H c=null m=114
06-04 11:05:41.761 D/HDMI ( 689): Process pid:1063 is calling addHotplugEventListener
06-04 11:05:41.795 W/ActivityTaskManager( 689): Activity top resumed state loss timeout for ActivityRecord{a39ad9d u0 com.android.systemui/.sensorprivacy.television.TvSensorPrivacyChangedActivity t2 f}}
06-04 11:05:41.795 I/wificond( 609): Regulatory domain changed to country: CN on wiphy_index: 0
06-04 11:05:41.796 I/wificond( 609): UpdateBandInfo
06-04 11:05:41.799 I/wificond( 609): 2.4Ghz frequencies: 2412 2417 2422 2427 2432 2437 2442 2447 2452 2457 2462 2467 2472
06-04 11:05:41.799 I/wificond( 609): 5Ghz non-DFS frequencies: 5745 5765 5785 5805 5825
06-04 11:05:41.799 I/wificond( 609): 5Ghz DFS frequencies: 5180 5200 5220 5240 5260 5280 5300 5320
06-04 11:05:41.799 I/wificond( 609): 6Ghz frequencies:
06-04 11:05:41.799 I/wificond( 609): 60Ghz frequencies:
06-04 11:05:41.799 I/wificond( 609): Regulatory domain changed to country: CN on wiphy_index: 0
06-04 11:05:41.799 I/wificond( 609): UpdateBandInfo
06-04 11:05:41.802 I/wificond( 609): 2.4Ghz frequencies: 2412 2417 2422 2427 2432 2437 2442 2447 2452 2457 2462 2467 2472
06-04 11:05:41.802 I/wificond( 609): 5Ghz non-DFS frequencies: 5745 5765 5785 5805 5825
06-04 11:05:41.802 I/wificond( 609): 5Ghz DFS frequencies: 5180 5200 5220 5240 5260 5280 5300 5320
06-04 11:05:41.802 I/wificond( 609): 6Ghz frequencies:
06-04 11:05:41.802 I/wificond( 609): 60Ghz frequencies:
06-04 11:05:41.803 W/ActivityTaskManager( 689): Activity pause timeout for ActivityRecord{a39ad9d u0 com.android.systemui/.sensorprivacy.television.TvSensorPrivacyChangedActivity t2 f}}
06-04 11:05:41.804 D/WindowManager( 689): ThemeHomeDelay: Home launch was deferred.
06-04 11:05:41.805 I/wificond( 609): Receive notifyCountryCodeChanged
06-04 11:05:41.805 I/wificond( 609): UpdateBandInfo
06-04 11:05:41.806 D/WindowManager( 689): ThemeHomeDelay: Home launch was deferred.
06-04 11:05:41.807 D/WindowManager( 689): ThemeHomeDelay: Home launch was deferred.
06-04 11:05:41.811 I/wificond( 609): 2.4Ghz frequencies: 2412 2417 2422 2427 2432 2437 2442 2447 2452 2457 2462 2467 2472
06-04 11:05:41.811 I/wificond( 609): 5Ghz non-DFS frequencies: 5745 5765 5785 5805 5825
06-04 11:05:41.811 I/wificond( 609): 5Ghz DFS frequencies: 5180 5200 5220 5240 5260 5280 5300 5320
06-04 11:05:41.811 I/wificond( 609): 6Ghz frequencies:
06-04 11:05:41.811 I/wificond( 609): 60Ghz frequencies:
06-04 11:05:41.837 I/MR2ServiceImpl( 689): addProviderRoutes | provider: com.android.server.media/.SystemMediaRoute2Provider, routes: [DEVICE_ROUTE | 电视]
06-04 11:05:41.850 D/WallpaperManagerService( 689): WPMS.onServiceConnected-ComponentInfo{com.android.systemui/com.android.systemui.wallpapers.ImageWallpaper}
06-04 11:05:41.851 D/WallpaperManagerService( 689): WPMS.attachServiceLocked
06-04 11:05:41.851 D/WallpaperManagerService( 689): WPMS.connectLocked-ComponentInfo{com.android.systemui/com.android.systemui.wallpapers.ImageWallpaper}
06-04 11:05:41.854 D/WallpaperManagerService( 689): WPMS.saveSettingsLocked-0
06-04 11:05:41.859 D/WallpaperManagerService( 689): WPMS.onServiceConnected-ComponentInfo{com.android.systemui/com.android.systemui.wallpapers.ImageWallpaper}
06-04 11:05:41.859 D/WallpaperManagerService( 689): WPMS.attachServiceLocked
06-04 11:05:41.859 D/AudioService( 689): onHdmiCecVolumeControlFeature enabled:false
06-04 11:05:41.864 I/ExplicitHealthCheckController( 689): Explicit health check service is connected ComponentInfo{android.ext.services/android.ext.services.watchdog.ExplicitHealthCheckServiceImpl}
06-04 11:05:41.864 I/ExplicitHealthCheckController( 689): Service initialized, syncing requests
06-04 11:05:41.866 D/HDMI ( 689): [R]: 04:46
06-04 11:05:41.868 D/HDMI ( 689): addCecDevice new:CEC: logical_address: 0x00 device_type: 0 cec_version: 5 vendor_id: 16777215 display_name: TV power_status: -1 physical_address: 0xFFFF port_id: -1 old:null
06-04 11:05:41.869 D/HdmiControlService( 689): Switching to full volume behavior
06-04 11:05:41.870 D/HDMI ( 689): TV is available now for receiving its message
06-04 11:05:41.870 D/AudioService( 689): onStatusChange cecEnabled:true available:true
06-04 11:05:41.873 W/WindowManager( 689): [addWindow] title:com.android.systemui.wallpapers.ImageWallpaper
06-04 11:05:41.874 D/CompatibilityChangeReporter( 689): Compat change id reported: 168419799; UID 10052; state: DISABLED
06-04 11:05:41.875 D/CompatibilityChangeReporter( 689): Compat change id reported: 273564678; UID 10052; state: DISABLED
06-04 11:05:41.879 D/AudioService( 689): setWiredDeviceConnectionState( type:400 state:DEVICE_STATE_AVAILABLE addr: name:) from android
06-04 11:05:41.880 I/AS.AudioDeviceInventory( 689): handleDeviceConnection(true dev:400 address: name:)
06-04 11:05:41.880 I/AS.AudioDeviceInventory( 689): deviceKey:0x400:
06-04 11:05:41.880 I/AS.AudioDeviceInventory( 689): deviceInfo:null is(already)Connected:false
06-04 11:05:41.910 D/WindowManagerShell( 939): TvPipController: onTaskStackChanged()
06-04 11:05:41.910 D/SystemServerTiming( 689): ManagedServices.unbindOtherUserServices_current0
06-04 11:05:41.912 D/SystemServerTiming( 689): ManagedServices.unbindOtherUserServices_current0
06-04 11:05:41.913 D/SystemServerTiming( 689): ManagedServices.unbindOtherUserServices_current0
06-04 11:05:41.913 V/NotificationAssistants( 689): enabling notification assistant for 0: ComponentInfo{android.ext.services/android.ext.services.notification.Assistant}
06-04 11:05:41.914 V/NotificationAssistants( 689): binding: Intent { act=android.service.notification.NotificationAssistantService cmp=android.ext.services/.notification.Assistant (has extras) }
06-04 11:05:41.925 D/OomAdjuster( 689): Not killing cached processes
06-04 11:05:41.934 D/HDMI ( 689): [S]: 40:8C
06-04 11:05:41.955 D/CompatibilityChangeReporter( 689): Compat change id reported: 161145287; UID 10060; state: ENABLED --------- beginning of main
06-04 11:05:41.988 D/OverviewProxyService( 939): disconnectFromLauncherService bound?: false currentProxy: null disconnectReason: startConnectionToCurrentUser
06-04 11:05:41.988 D/OverviewProxyService( 939): java.lang.Throwable
06-04 11:05:41.988 D/OverviewProxyService( 939): at com.android.systemui.recents.OverviewProxyService.disconnectFromLauncherService(go/retraceme f52b90d40c9757c33d597329b7d93a419828f05e967eab5bf4316109a5573534:37)
06-04 11:05:41.988 D/OverviewProxyService( 939): at com.android.systemui.recents.OverviewProxyService.internalConnectToCurrentUser(go/retraceme f52b90d40c9757c33d597329b7d93a419828f05e967eab5bf4316109a5573534:1)
06-04 11:05:41.988 D/OverviewProxyService( 939): at com.android.systemui.recents.OverviewProxyService.startConnectionToCurrentUser(go/retraceme f52b90d40c9757c33d597329b7d93a419828f05e967eab5bf4316109a5573534:21)
06-04 11:05:41.988 D/OverviewProxyService( 939): at com.android.systemui.recents.OverviewProxyService.updateEnabledAndBinding(go/retraceme f52b90d40c9757c33d597329b7d93a419828f05e967eab5bf4316109a5573534:30)
06-04 11:05:41.988 D/OverviewProxyService( 939): at com.android.systemui.recents.OverviewProxyService.(go/retraceme f52b90d40c9757c33d597329b7d93a419828f05e967eab5bf4316109a5573534:301)
06-04 11:05:41.988 D/OverviewProxyService( 939): at com.android.systemui.tv.DaggerTvGlobalRootComponent$TvSysUIComponentImpl$SwitchingProvider.get0(go/retraceme f52b90d40c9757c33d597329b7d93a419828f05e967eab5bf4316109a5573534:40)
06-04 11:05:41.988 D/OverviewProxyService( 939): at com.android.systemui.tv.DaggerTvGlobalRootComponent$TvSysUIComponentImpl$SwitchingProvider.get(go/retraceme f52b90d40c9757c33d597329b7d93a419828f05e967eab5bf4316109a5573534:46)
06-04 11:05:41.988 D/OverviewProxyService( 939): at dagger.internal.DoubleCheck.get(go/retraceme f52b90d40c9757c33d597329b7d93a419828f05e967eab5bf4316109a5573534:14)
06-04 11:05:41.988 D/OverviewProxyService( 939): at com.android.systemui.tv.DaggerTvGlobalRootComponent$TvSysUIComponentImpl$SwitchingProvider.get5(go/retraceme f52b90d40c9757c33d597329b7d93a419828f05e967eab5bf4316109a5573534:26)
06-04 11:05:41.988 D/OverviewProxyService( 939): at com.android.systemui.tv.DaggerTvGlobalRootComponent$TvSysUIComponentImpl$SwitchingProvider.get(go/retraceme f52b90d40c9757c33d597329b7d93a419828f05e967eab5bf4316109a5573534:21)
06-04 11:05:41.988 D/OverviewProxyService( 939): at dagger.internal.DoubleCheck.get(go/retraceme f52b90d40c9757c33d597329b7d93a419828f05e967eab5bf4316109a5573534:14)
06-04 11:05:41.988 D/OverviewProxyService( 939): at com.android.systemui.SystemUIApplication$$ExternalSyntheticLambda1.run(go/retraceme f52b90d40c9757c33d597329b7d93a419828f05e967eab5bf4316109a5573534:47)
06-04 11:05:41.988 D/OverviewProxyService( 939): at com.android.systemui.SystemUIApplication.timeInitialization(go/retraceme f52b90d40c9757c33d597329b7d93a419828f05e967eab5bf4316109a5573534:28)
06-04 11:05:41.988 D/OverviewProxyService( 939): at com.android.systemui.SystemUIApplication.startServicesIfNeeded(go/retraceme f52b90d40c9757c33d597329b7d93a419828f05e967eab5bf4316109a5573534:18)
06-04 11:05:41.988 D/OverviewProxyService( 939): at com.android.systemui.SystemUIApplication.startServicesIfNeeded(go/retraceme f52b90d40c9757c33d597329b7d93a419828f05e967eab5bf4316109a5573534:6)
06-04 11:05:41.988 D/OverviewProxyService( 939): at com.android.systemui.SystemUIService.onCreate(go/retraceme f52b90d40c9757c33d597329b7d93a419828f05e967eab5bf4316109a5573534:10)
06-04 11:05:41.988 D/OverviewProxyService( 939): at android.app.ActivityThread.handleCreateService(ActivityThread.java:4696)
06-04 11:05:41.988 D/OverviewProxyService( 939): at android.app.ActivityThread.-$$Nest$mhandleCreateService(Unknown Source:0)
06-04 11:05:41.988 D/OverviewProxyService( 939): at android.app.ActivityThread$H.handleMessage(ActivityThread.java:2293)
06-04 11:05:41.988 D/OverviewProxyService( 939): at android.os.Handler.dispatchMessage(Handler.java:106)
06-04 11:05:41.988 D/OverviewProxyService( 939): at android.os.Looper.loopOnce(Looper.java:205)
06-04 11:05:41.988 D/OverviewProxyService( 939): at android.os.Looper.loop(Looper.java:294)
06-04 11:05:41.988 D/OverviewProxyService( 939): at android.app.ActivityThread.main(ActivityThread.java:8255)
06-04 11:05:41.988 D/OverviewProxyService( 939): at java.lang.reflect.Method.invoke(Native Method)
06-04 11:05:41.988 D/OverviewProxyService( 939): at com.android.internal.os.RuntimeInit$MethodAndArgsCaller.run(RuntimeInit.java:552)
06-04 11:05:41.988 D/OverviewProxyService( 939): at com.android.internal.os.ZygoteInit.main(ZygoteInit.java:978)
06-04 11:05:41.988 I/audio_hw_hal_primary( 476): [audiohal_get_latency:1333] io 93: out:0xf07c15a0 frames:1280 rate:8000 whole_latency:160 alsa_latency:160
06-04 11:05:41.989 I/audio_hw_hal_primary( 476): [out_set_event_callback:3158] io 93: out:0xf07c15a0, callback:0xf29d791d cookie:0xf2e400d0
06-04 11:05:41.990 D/CCodecConfig( 689): read media type: audio/vorbis
06-04 11:05:41.994 I/audio_hw_hal_primary( 476): [audiohal_get_latency:1333] io 93: out:0xf07c15a0 frames:1280 rate:8000 whole_latency:160 alsa_latency:160
06-04 11:05:41.999 I/audio_hw_hal_primary( 476): [audiohal_get_latency:1333] io 93: out:0xf07c15a0 frames:1280 rate:8000 whole_latency:160 alsa_latency:160
06-04 11:05:42.000 I/hwservicemanager( 234): getTransport: Cannot find entry android.hardware.configstore@1.0::ISurfaceFlingerConfigs/default in either framework or device VINTF manifest.
06-04 11:05:42.001 D/ReflectedParamUpdater( 689): extent() != 1 for single value type: algo.buffers.max-count.values
06-04 11:05:42.001 D/ReflectedParamUpdater( 689): extent() != 1 for single value type: output.subscribed-indices.values
06-04 11:05:42.001 D/ReflectedParamUpdater( 689): extent() != 1 for single value type: input.buffers.allocator-ids.values
06-04 11:05:42.001 D/ReflectedParamUpdater( 689): extent() != 1 for single value type: output.buffers.allocator-ids.values
06-04 11:05:42.002 D/ReflectedParamUpdater( 689): extent() != 1 for single value type: algo.buffers.allocator-ids.values
06-04 11:05:42.003 D/ReflectedParamUpdater( 689): extent() != 1 for single value type: output.buffers.pool-ids.values
06-04 11:05:42.003 D/ReflectedParamUpdater( 689): extent() != 1 for single value type: algo.buffers.pool-ids.values
06-04 11:05:42.007 I/CCodecConfig( 689): query failed after returning 7 values (BAD_INDEX)
06-04 11:05:42.008 D/CCodecConfig( 689): c2 config diff is Dict {
06-04 11:05:42.008 D/CCodecConfig( 689): c2::u32 coded.bitrate.value = 64000
06-04 11:05:42.008 D/CCodecConfig( 689): c2::u32 input.buffers.max-size.value = 32768
06-04 11:05:42.008 D/CCodecConfig( 689): c2::u32 input.delay.value = 0
06-04 11:05:42.008 D/CCodecConfig( 689): string input.media-type.value = "audio/vorbis"
06-04 11:05:42.008 D/CCodecConfig( 689): string output.media-type.value = "audio/raw"
06-04 11:05:42.008 D/CCodecConfig( 689): c2::u32 raw.channel-count.value = 1
06-04 11:05:42.008 D/CCodecConfig( 689): c2::u32 raw.sample-rate.value = 48000
06-04 11:05:42.008 D/CCodecConfig( 689): }
06-04 11:05:42.009 D/NavigationModeController( 939): getCurrentInteractionMode: mode=0 contextUser=0
06-04 11:05:42.011 D/ReflectedParamUpdater( 689): extent() != 1 for single value type: algo.buffers.max-count.values
06-04 11:05:42.012 D/hdmicecd( 487): [CEC]:printCecMessage, [4 -> 0] len: 1, body: 8c, result:success
06-04 11:05:42.013 D/ReflectedParamUpdater( 689): extent() != 1 for single value type: output.subscribed-indices.values
06-04 11:05:42.013 D/ReflectedParamUpdater( 689): extent() != 1 for single value type: input.buffers.allocator-ids.values
06-04 11:05:42.013 D/ReflectedParamUpdater( 689): extent() != 1 for single value type: output.buffers.allocator-ids.values
06-04 11:05:42.013 D/ReflectedParamUpdater( 689): extent() != 1 for single value type: algo.buffers.allocator-ids.values
06-04 11:05:42.013 D/ReflectedParamUpdater( 689): extent() != 1 for single value type: output.buffers.pool-ids.values
06-04 11:05:42.014 D/ReflectedParamUpdater( 689): extent() != 1 for single value type: algo.buffers.pool-ids.values
06-04 11:05:42.016 I/CCodecConfig( 689): query failed after returning 7 values (BAD_INDEX)
06-04 11:05:42.017 D/CCodecConfig( 689): c2 config diff is Dict {
06-04 11:05:42.017 D/CCodecConfig( 689): c2::u32 coded.bitrate.value = 64000
06-04 11:05:42.017 D/CCodecConfig( 689): c2::u32 input.buffers.max-size.value = 32768
06-04 11:05:42.017 D/CCodecConfig( 689): c2::u32 input.delay.value = 0
06-04 11:05:42.017 D/CCodecConfig( 689): string input.media-type.value = "audio/vorbis"
06-04 11:05:42.017 D/CCodecConfig( 689): string output.media-type.value = "audio/raw"
06-04 11:05:42.017 D/CCodecConfig( 689): c2::u32 raw.channel-count.value = 1
06-04 11:05:42.017 D/CCodecConfig( 689): c2::u32 raw.sample-rate.value = 48000
06-04 11:05:42.017 D/CCodecConfig( 689): }
06-04 11:05:42.019 D/MediaCodec( 689): flushMediametrics
06-04 11:05:42.019 D/CCodec ( 689): [c2.android.vorbis.decoder] buffers are bound to CCodec for this session
06-04 11:05:42.019 D/CCodecConfig( 689): no c2 equivalents for durationUs
06-04 11:05:42.019 D/CCodecConfig( 689): no c2 equivalents for track-id
06-04 11:05:42.019 D/CCodecConfig( 689): no c2 equivalents for csd-1
06-04 11:05:42.019 D/CCodecConfig( 689): no c2 equivalents for flags
06-04 11:05:42.021 D/CCodecConfig( 689): c2 config diff is c2::u32 coded.bitrate.value = 96000
06-04 11:05:42.021 D/CCodecConfig( 689): c2::u32 raw.channel-count.value = 2
06-04 11:05:42.023 D/MediaCodec( 689): flushMediametrics
06-04 11:05:42.023 D/CCodec ( 689): [c2.android.vorbis.decoder] buffers are bound to CCodec for this session
06-04 11:05:42.024 D/CCodecConfig( 689): no c2 equivalents for durationUs
06-04 11:05:42.024 D/CCodecConfig( 689): no c2 equivalents for track-id
06-04 11:05:42.024 D/CCodecConfig( 689): no c2 equivalents for csd-1
06-04 11:05:42.024 D/CCodecConfig( 689): no c2 equivalents for flags
06-04 11:05:42.025 D/HDMI ( 689): [S]: 40:47:44:42:42:4F:58:2D:41:33
06-04 11:05:42.026 D/hdmicecd( 487): [CMsgQueue]:msg size is 0, break
06-04 11:05:42.027 W/ActivityThread( 1045): Failed to find provider info for bluetooth_legacy.provider (user not unlocked)
06-04 11:05:42.028 D/DataMigration( 1045): Legacy migration skiped: no migration app installed
06-04 11:05:42.031 D/CCodecConfig( 689): c2 config diff is c2::u32 coded.bitrate.value = 140000
06-04 11:05:42.033 W/Codec2Client( 689): query -- param skipped: index = 1107298332.
06-04 11:05:42.033 D/CCodec ( 689): encoding statistics level = 0
06-04 11:05:42.033 D/CCodec ( 689): setup formats input: AMessage(what = 0x00000000) = {
06-04 11:05:42.033 D/CCodec ( 689): int32_t bitrate = 140000
06-04 11:05:42.033 D/CCodec ( 689): int32_t channel-count = 1
06-04 11:05:42.033 D/CCodec ( 689): int32_t max-input-size = 32768
06-04 11:05:42.033 D/CCodec ( 689): string mime = "audio/vorbis"
06-04 11:05:42.033 D/CCodec ( 689): int32_t sample-rate = 48000
06-04 11:05:42.033 D/CCodec ( 689): }
06-04 11:05:42.033 D/CCodec ( 689): setup formats output: AMessage(what = 0x00000000) = {
06-04 11:05:42.033 D/CCodec ( 689): int32_t channel-count = 1
06-04 11:05:42.033 D/CCodec ( 689): string mime = "audio/raw"
06-04 11:05:42.033 D/CCodec ( 689): int32_t sample-rate = 48000
06-04 11:05:42.033 D/CCodec ( 689): int32_t channel-mask = 1
06-04 11:05:42.033 D/CCodec ( 689): int32_t android._config-pcm-encoding = 2
06-04 11:05:42.033 D/CCodec ( 689): }
06-04 11:05:42.034 I/CCodecConfig( 689): query failed after returning 7 values (BAD_INDEX)
06-04 11:05:42.034 W/Codec2Client( 689): query -- param skipped: index = 1107298332.
06-04 11:05:42.034 D/CCodec ( 689): encoding statistics level = 0
06-04 11:05:42.034 D/CCodec ( 689): setup formats input: AMessage(what = 0x00000000) = {
06-04 11:05:42.034 D/CCodec ( 689): int32_t bitrate = 96000
06-04 11:05:42.034 D/CCodec ( 689): int32_t channel-count = 2
06-04 11:05:42.034 D/CCodec ( 689): int32_t max-input-size = 32768
06-04 11:05:42.034 D/CCodec ( 689): string mime = "audio/vorbis"
06-04 11:05:42.034 D/CCodec ( 689): int32_t sample-rate = 48000
06-04 11:05:42.034 D/CCodec ( 689): }
06-04 11:05:42.034 D/CCodec ( 689): setup formats output: AMessage(what = 0x00000000) = {
06-04 11:05:42.034 D/CCodec ( 689): int32_t channel-count = 2
06-04 11:05:42.034 D/CCodec ( 689): string mime = "audio/raw"
06-04 11:05:42.034 D/CCodec ( 689): int32_t sample-rate = 48000
06-04 11:05:42.034 D/CCodec ( 689): int32_t channel-mask = 3
06-04 11:05:42.034 D/CCodec ( 689): int32_t android._config-pcm-encoding = 2
06-04 11:05:42.034 D/CCodec ( 689): }
06-04 11:05:42.035 I/BluetoothAvrcpControllerJni( 1045): classInitNative: succeeds
06-04 11:05:42.039 D/CompatibilityChangeReporter( 1045): Compat change id reported: 263076149; UID 1002; state: ENABLED
06-04 11:05:42.039 I/CCodecConfig( 689): query failed after returning 7 values (BAD_INDEX)
06-04 11:05:42.039 W/Codec2Client( 689): query -- param skipped: index = 1342179345.
06-04 11:05:42.039 W/Codec2Client( 689): query -- param skipped: index = 2415921170.
06-04 11:05:42.042 D/C2Store ( 689): debug.c2.use_dmabufheaps set, forcing DMABUF Heaps
06-04 11:05:42.042 D/C2Store ( 689): Using DMABUF Heaps
06-04 11:05:42.043 I/DMABUFHEAPS( 689): Using : Non-legacy ION heaps
06-04 11:05:42.043 W/Codec2Client( 689): query -- param skipped: index = 1342179345.
06-04 11:05:42.043 W/Codec2Client( 689): query -- param skipped: index = 2415921170.
06-04 11:05:42.044 I/AudioFlinger( 521): openOutput() this 0xf0d45950, module 10 Device AUDIO_DEVICE_OUT_HDMI, @:, SamplingRate 32000, Format 0x000001, Channels 0x1, flags 0x41
06-04 11:05:42.051 I/AudioFlinger( 521): AudioFlinger's thread 0xeb2942e0 tid=1176 ready to run
06-04 11:05:42.051 D/audio_hw_hal_primary( 476): [adev_open_output_stream_new:7868] enter: dev=0xf09c2930 handle=65 devices=0x400/'HDMI,' flags=0x41/'DIRECT,HW_AV_SYNC,' config=(rt=32000 ch_mask=0x1 fmt=0x1) address=''
06-04 11:05:42.051 D/audio_hw_hal_primary( 476): adev_open_output_stream_new: enter
06-04 11:05:42.051 I/audio_hw_hal_primary( 476): [adev_open_output_stream:3285] io 101: out:0xf07c64b0 dev:OUT_HDMI(0x400) addr:
06-04 11:05:42.051 I/audio_hw_hal_primary( 476): [adev_open_output_stream:3287] ch_mask:0x1 rate:32000 format:PCM_16_BIT(0x1) flags:0x41
06-04 11:05:42.051 D/audio_hw_hal_primary( 476): [adev_open_output_stream:3573] format=PCM_16_BIT rate=32000
06-04 11:05:42.051 I/audio_hw_hal_primary( 476): init resampler from 32000 to 48000!
06-04 11:05:42.051 D/audio_hw_utils_resampler( 476): resampler_init, Init Resampler: input_sr = 32000, output_sr = 48000
06-04 11:05:42.051 I/audio_hw_hal_primary( 476): [adev_open_output_stream:3610] result profile ch_mask:0x1 rate:32000 format:PCM_16_BIT(0x1) usecase:PCM_HWSYNC
06-04 11:05:42.052 D/audio_hw_hal_timer( 476): func:audio_timer_create create timer.1 success.
06-04 11:05:42.052 I/WifiClientModeImpl[19843:wlan0]( 689): disconnectedstate enter
06-04 11:05:42.053 D/audio_hw_hal_timer( 476): func:audio_timer_create create timer.2 success.
06-04 11:05:42.053 D/audio_hw_hal_primary( 476): [adev_open_output_stream_new:7980] timer_id:1
06-04 11:05:42.053 I/audio_hw_hal_utils( 476): aml_get_stream_dump_file_name line 2929 file_name /data/vendor/audiohal/stream_pid476_tid1165.pcm
06-04 11:05:42.053 I/audio_hw_hal_primary( 476): [adev_open_output_stream_new:8037] io 101: out: 0xf07c64b0 card:0 alsa devices:0 exit ------
06-04 11:05:42.053 W/WifiConnectivityManager( 689): mConnectedSingleSavedNetworkSingleScanScheduleSec is not configured! Using default scan schedule
06-04 11:05:42.053 W/WifiConnectivityManager( 689): mConnectedSingleSavedNetworkSingleScanType is not configured! Using default scan types
06-04 11:05:42.054 D/WifiClientModeImpl[19843:wlan0]( 689): setupClientMode() ifacename = wlan0
06-04 11:05:42.054 D/CCodecBufferChannel( 689): [c2.android.vorbis.decoder#32] Created input block pool with allocatorID 16 => poolID 17 - OK (0)
06-04 11:05:42.054 D/CCodecBufferChannel( 689): [c2.android.vorbis.decoder#395] Created input block pool with allocatorID 16 => poolID 18 - OK (0)
06-04 11:05:42.055 D/C2Store ( 612): debug.c2.use_dmabufheaps set, forcing DMABUF Heaps
06-04 11:05:42.055 D/C2Store ( 612): Using DMABUF Heaps
06-04 11:05:42.056 I/DMABUFHEAPS( 612): Using : Non-legacy ION heaps
06-04 11:05:42.056 D/audio_hw_hal_primary( 476): [out_standby_new:5767] io 93: out:0xf07c15a0 usecase:RAW_DIRECT
06-04 11:05:42.056 I/audio_hw_hal_primary( 476): already standby, do nothing
06-04 11:05:42.058 I/audio_hw_hal_primary( 476): [out_get_buffer_size:552] out:0xf07c64b0 config.rate=32000, format:PCM_16_BIT(0x1), stream format:PCM_16_BIT(0x1)
06-04 11:05:42.059 I/WifiVendorHal( 689): Driver: RTK_DRIVER_VERSION Firmware: RTK_FIRMWARE_VERSION
06-04 11:05:42.060 I/BluetoothHidHostServiceJni( 1045): classInitNative: succeeds
06-04 11:05:42.060 I/WifiHAL ( 501): Added event handler 0xf6680330:0xf78169d1 for vendor 0x1a11 and subcmd 0xb at 2
06-04 11:05:42.060 W/BestClock( 689): java.time.DateTimeException: Missing network time fix
06-04 11:05:42.060 I/CCodecBufferChannel( 689): [c2.android.vorbis.decoder#395] Created output block pool with allocatorID 16 => poolID 17 - OK
06-04 11:05:42.060 I/AudioFlinger( 521): HAL output buffer size 2068 frames, normal sink buffer size 2068 frames
06-04 11:05:42.061 D/CCodecBufferChannel( 689): [c2.android.vorbis.decoder#395] Configured output block pool ids 17 => OK
06-04 11:05:42.061 I/audio_hw_hal_primary( 476): [audiohal_get_latency:1333] io 101: out:0xf07c64b0 frames:1152 rate:32000 whole_latency:36 alsa_latency:36
06-04 11:05:42.062 I/audio_hw_hal_primary( 476): [out_set_event_callback:3158] io 101: out:0xf07c64b0, callback:0xf29d791d cookie:0xf2e414b0
06-04 11:05:42.063 I/WifiHAL ( 501): Added event handler 0xf68014d0:0xf78169d1 for vendor 0x1a11 and subcmd 0xa at 3
06-04 11:05:42.063 D/WifiHAL ( 501): error code -95 mapped to -3
06-04 11:05:42.063 I/WifiHAL ( 501): Successfully removed event handler 0xf68014d0:0xf78169d1 for vendor 0x1a11, subcmd 0xa from 2
06-04 11:05:42.063 E/WifiHAL ( 501): Failed to register set Hal preInit; result = -3
06-04 11:05:42.063 I/audio_hw_hal_primary( 476): [audiohal_get_latency:1333] io 101: out:0xf07c64b0 frames:1024 rate:32000 whole_latency:32 alsa_latency:32
06-04 11:05:42.063 I/audio_hw_hal_primary( 476): [audiohal_get_latency:1333] io 101: out:0xf07c64b0 frames:1280 rate:32000 whole_latency:40 alsa_latency:40
06-04 11:05:42.065 E/WifiChipAidlImpl( 689): startLoggingToDebugRingBuffer failed with service-specific exception: android.os.ServiceSpecificException: (code 4)
06-04 11:05:42.065 I/WifiHAL ( 501): Added event handler 0xf68014d0:0xf78169d1 for vendor 0x1a11 and subcmd 0xa at 3
06-04 11:05:42.065 I/AudioFlinger( 521): AudioFlinger's thread 0xeb2ac640 tid=1184 ready to run
06-04 11:05:42.065 W/BestClock( 689): java.time.DateTimeException: Missing network time fix
06-04 11:05:42.065 D/WifiHAL ( 501): error code -95 mapped to -3
06-04 11:05:42.065 I/WifiHAL ( 501): Successfully removed event handler 0xf68014d0:0xf78169d1 for vendor 0x1a11, subcmd 0xa from 2
06-04 11:05:42.065 E/WifiHAL ( 501): Failed to register set Hal preInit; result = -3
06-04 11:05:42.066 E/WifiChipAidlImpl( 689): startLoggingToDebugRingBuffer failed with service-specific exception: android.os.ServiceSpecificException: (code 4)
06-04 11:05:42.066 D/WifiDiags( 689): startLogging() iface list is {wlan0} after adding wlan0
06-04 11:05:42.066 I/BluetoothPanServiceJni( 1045): classInitNative(L108): succeeds
06-04 11:05:42.067 I/CCodecBufferChannel( 689): [c2.android.vorbis.decoder#32] Created output block pool with allocatorID 16 => poolID 18 - OK
06-04 11:05:42.068 D/audio_hw_hal_primary( 476): [out_standby_new:5767] io 101: out:0xf07c64b0 usecase:PCM_HWSYNC
06-04 11:05:42.068 I/audio_hw_hal_primary( 476): already standby, do nothing
06-04 11:05:42.068 I/wpa_supplicant( 1146): wpa_driver_nl80211_driver_cmd: wifi vendor: aml_w2_s
06-04 11:05:42.068 I/wpa_supplicant( 1146): wpa_driver_nl80211_driver_cmd: wlan0: private command: BTCOEXSCAN-STOP
06-04 11:05:42.069 I/AdapterServiceConfig( 1045): init: profile=A2dpService, enabled=true
06-04 11:05:42.069 I/AdapterServiceConfig( 1045): init: profile=A2dpSinkService, enabled=false
06-04 11:05:42.069 I/AdapterServiceConfig( 1045): init: profile=AvrcpTargetService, enabled=true
06-04 11:05:42.069 I/AdapterServiceConfig( 1045): init: profile=AvrcpControllerService, enabled=false
06-04 11:05:42.069 I/AdapterServiceConfig( 1045): init: profile=BassClientService, enabled=false
06-04 11:05:42.069 I/AdapterServiceConfig( 1045): init: profile=BatteryService, enabled=false
06-04 11:05:42.069 I/AdapterServiceConfig( 1045): init: profile=CsipSetCoordinatorService, enabled=false
06-04 11:05:42.069 I/AdapterServiceConfig( 1045): init: profile=HapClientService, enabled=false
06-04 11:05:42.069 I/AdapterServiceConfig( 1045): init: profile=HeadsetService, enabled=true
06-04 11:05:42.069 I/AdapterServiceConfig( 1045): init: profile=HeadsetClientService, enabled=false
06-04 11:05:42.069 I/AdapterServiceConfig( 1045): init: profile=HearingAidService, enabled=true
06-04 11:05:42.069 I/AdapterServiceConfig( 1045): init: profile=HidDeviceService, enabled=false
06-04 11:05:42.069 I/AdapterServiceConfig( 1045): init: profile=HidHostService, enabled=true
06-04 11:05:42.069 I/AdapterServiceConfig( 1045): init: profile=GattService, enabled=true
06-04 11:05:42.069 I/AdapterServiceConfig( 1045): init: profile=LeAudioService, enabled=false
06-04 11:05:42.069 I/AdapterServiceConfig( 1045): init: profile=TbsService, enabled=false
06-04 11:05:42.069 I/AdapterServiceConfig( 1045): init: profile=BluetoothMapService, enabled=false
06-04 11:05:42.069 I/AdapterServiceConfig( 1045): init: profile=MapClientService, enabled=false
06-04 11:05:42.069 I/AdapterServiceConfig( 1045): init: profile=McpService, enabled=true
06-04 11:05:42.069 I/AdapterServiceConfig( 1045): init: profile=BluetoothOppService, enabled=true
06-04 11:05:42.069 I/AdapterServiceConfig( 1045): init: profile=PanService, enabled=true
06-04 11:05:42.069 I/AdapterServiceConfig( 1045): init: profile=BluetoothPbapService, enabled=false
06-04 11:05:42.069 I/AdapterServiceConfig( 1045): init: profile=PbapClientService, enabled=false
06-04 11:05:42.069 I/AdapterServiceConfig( 1045): init: profile=SapService, enabled=false
06-04 11:05:42.069 I/AdapterServiceConfig( 1045): init: profile=VolumeControlService, enabled=false
06-04 11:05:42.070 I/wpa_supplicant( 1146): wpa_driver_nl80211_driver_cmd: wifi vendor: aml_w2_s
06-04 11:05:42.070 I/wpa_supplicant( 1146): wpa_driver_nl80211_driver_cmd: wlan0: private command: RXFILTER-STOP
06-04 11:05:42.071 I/wpa_supplicant( 1146): wpa_driver_nl80211_driver_cmd: wifi vendor: aml_w2_s
06-04 11:05:42.071 I/wpa_supplicant( 1146): wpa_driver_nl80211_driver_cmd: wlan0: private command: RXFILTER-ADD 2
06-04 11:05:42.072 D/CCodecBufferChannel( 689): [c2.android.vorbis.decoder#32] Configured output block pool ids 18 => OK
06-04 11:05:42.072 I/C2VendorComponentStore( 482): setDmaBufUsage 5
06-04 11:05:42.074 I/DMABUFHEAPS( 689): Using DMA-BUF heap named: system
06-04 11:05:42.078 D/SimpleC2Component( 612): Using output block pool with poolID 17 => got 17 - 0
06-04 11:05:42.078 D/SimpleC2Component( 612): Using output block pool with poolID 18 => got 18 - 0
06-04 11:05:42.090 I/wpa_supplicant( 1146): wpa_driver_nl80211_driver_cmd: wifi vendor: aml_w2_s
06-04 11:05:42.090 I/wpa_supplicant( 1146): wpa_driver_nl80211_driver_cmd: wlan0: private command: RXFILTER-START
06-04 11:05:42.090 I/wpa_supplicant( 1146): wpa_driver_nl80211_driver_cmd: wifi vendor: aml_w2_s
06-04 11:05:42.090 I/wpa_supplicant( 1146): wpa_driver_nl80211_driver_cmd: wlan0: private command: RXFILTER-STOP
06-04 11:05:42.091 I/wpa_supplicant( 1146): wpa_driver_nl80211_driver_cmd: wifi vendor: aml_w2_s
06-04 11:05:42.091 I/wpa_supplicant( 1146): wpa_driver_nl80211_driver_cmd: wlan0: private command: RXFILTER-ADD 3
06-04 11:05:42.091 I/wpa_supplicant( 1146): wpa_driver_nl80211_driver_cmd: wifi vendor: aml_w2_s
06-04 11:05:42.091 I/wpa_supplicant( 1146): wpa_driver_nl80211_driver_cmd: wlan0: private command: RXFILTER-START
06-04 11:05:42.091 I/wpa_supplicant( 1146): wpa_driver_nl80211_driver_cmd: wifi vendor: aml_w2_s
06-04 11:05:42.091 I/wpa_supplicant( 1146): wpa_driver_nl80211_driver_cmd: wlan0: private command: SETSUSPENDMODE 1
06-04 11:05:42.100 I/C2VendorComponentStore( 482): setDmaBufUsage 5
06-04 11:05:42.100 D/ApConfigUtil( 689): Update Softap capability, add client control feature support
06-04 11:05:42.100 D/ApConfigUtil( 689): Update Softap capability, add MAC customization support
06-04 11:05:42.100 D/ApConfigUtil( 689): Update Softap capability, add 2.4G support
06-04 11:05:42.100 D/ApConfigUtil( 689): Update Softap capability, add 5G support
06-04 11:05:42.100 D/ApConfigUtil( 689): Update Softap capability, max client = 16
06-04 11:05:42.100 D/WifiCountryCode( 689): Reading country code from telephony
06-04 11:05:42.100 D/ResourceTrimmer( 939): Resource trimmer registered.
06-04 11:05:42.101 V/WifiManager( 991): SoftApCallbackProxy on mode 1, send InfoChanged, newInfo: SoftApInfo{bandwidth= 0, frequency= 0, wifiStandard= 0, mApInstanceIdentifier= null, mIdleShutdownTimeoutMillis= 0}
06-04 11:05:42.101 V/WifiManager( 991): SoftApCallbackProxy on mode 1, send InfoChanged, changedInfoList: []
06-04 11:05:42.101 V/WifiManager( 991): SoftApCallbackProxy on mode 1, send onConnectedClientsChanged(clients): []
06-04 11:05:42.103 D/WifiCountryCode( 689): Set telephony country code to:
06-04 11:05:42.105 D/ApConfigUtil( 689): Update Softap capability, add client control feature support
06-04 11:05:42.105 V/WifiManager( 991): SoftApCallbackProxy on mode 2, send InfoChanged, newInfo: SoftApInfo{bandwidth= 0, frequency= 0, wifiStandard= 0, mApInstanceIdentifier= null, mIdleShutdownTimeoutMillis= 0}
06-04 11:05:42.105 D/KeyguardTransitionCoreStartable( 939): Started com.android.systemui.keyguard.domain.interactor.FromGoneTransitionInteractor@b027793
06-04 11:05:42.105 D/ApConfigUtil( 689): Update Softap capability, add MAC customization support
06-04 11:05:42.105 V/WifiManager( 991): SoftApCallbackProxy on mode 2, send InfoChanged, changedInfoList: []
06-04 11:05:42.105 D/ApConfigUtil( 689): Update Softap capability, add 2.4G support
06-04 11:05:42.105 V/WifiManager( 991): SoftApCallbackProxy on mode 2, send onConnectedClientsChanged(clients): []
06-04 11:05:42.105 D/ApConfigUtil( 689): Update Softap capability, add 5G support
06-04 11:05:42.105 D/ApConfigUtil( 689): Update Softap capability, max client = 16
06-04 11:05:42.105 D/WifiCountryCode( 689): Reading country code from telephony
06-04 11:05:42.106 D/WifiCountryCode( 689): Set telephony country code to:
06-04 11:05:42.108 I/DMABUFHEAPS( 612): Using DMA-BUF heap named: system
06-04 11:05:42.109 I/AudioFlinger( 521): openOutput() this 0xf0d45950, module 10 Device AUDIO_DEVICE_OUT_HDMI, @:, SamplingRate 44100, Format 0xe000000, Channels 0x1, flags 0x11
06-04 11:05:42.110 D/audio_hw_hal_primary( 476): [adev_open_output_stream_new:7868] enter: dev=0xf09c2930 handle=6d devices=0x400/'HDMI,' flags=0x11/'DIRECT,COMPRESS_OFFLOAD,' config=(rt=44100 ch_mask=0x1 fmt=0xe000000) address=''
06-04 11:05:42.110 D/audio_hw_hal_primary( 476): adev_open_output_stream_new: enter
06-04 11:05:42.110 I/audio_hw_hal_primary( 476): [adev_open_output_stream:3285] io 109: out:0xf07c47f0 dev:OUT_HDMI(0x400) addr:
06-04 11:05:42.110 I/audio_hw_hal_primary( 476): [adev_open_output_stream:3287] ch_mask:0x1 rate:44100 format:DOLBY_TRUEHD(0xe000000) flags:0x11
06-04 11:05:42.110 I/audio_hw_hal_primary( 476): adev_open_output_stream: for raw audio output,force alsa stereo output
06-04 11:05:42.110 I/audio_hw_hal_primary( 476): [adev_open_output_stream:3610] result profile ch_mask:0x1 rate:44100 format:DOLBY_TRUEHD(0xe000000) usecase:RAW_DIRECT
06-04 11:05:42.110 I/audio_hw_hal_utils( 476): aml_get_stream_dump_file_name line 2929 file_name /data/vendor/audiohal/stream_pid476_tid552.mlp
