06-04 11:05:44.129 I/bt_bte ( 1045): packages/modules/Bluetooth/system/btif/src/profile_log_levels.cc:146 load_levels_from_config: BTE_InitTraceLevels -- TRC_AVDT : Level 2
06-04 11:05:44.129 I/bt_bte ( 1045): packages/modules/Bluetooth/system/btif/src/profile_log_levels.cc:146 load_levels_from_config: BTE_InitTraceLevels -- TRC_AVRC : Level 2
06-04 11:05:44.129 I/bt_bte ( 1045): packages/modules/Bluetooth/system/btif/src/profile_log_levels.cc:146 load_levels_from_config: BTE_InitTraceLevels -- TRC_A2D : Level 2
06-04 11:05:44.129 I/bt_bte ( 1045): packages/modules/Bluetooth/system/btif/src/profile_log_levels.cc:146 load_levels_from_config: BTE_InitTraceLevels -- TRC_BNEP : Level 2
06-04 11:05:44.129 I/bt_bte ( 1045): packages/modules/Bluetooth/system/btif/src/profile_log_levels.cc:146 load_levels_from_config: BTE_InitTraceLevels -- TRC_BTM : Level 2
06-04 11:05:44.129 I/bt_bte ( 1045): packages/modules/Bluetooth/system/btif/src/profile_log_levels.cc:146 load_levels_from_config: BTE_InitTraceLevels -- TRC_HID_HOST : Level 2
06-04 11:05:44.129 I/bt_bte ( 1045): packages/modules/Bluetooth/system/btif/src/profile_log_levels.cc:146 load_levels_from_config: BTE_InitTraceLevels -- TRC_PAN : Level 2
06-04 11:05:44.129 I/bt_bte ( 1045): packages/modules/Bluetooth/system/btif/src/profile_log_levels.cc:146 load_levels_from_config: BTE_InitTraceLevels -- TRC_SDP : Level 2
06-04 11:05:44.129 I/bt_bte ( 1045): packages/modules/Bluetooth/system/btif/src/profile_log_levels.cc:146 load_levels_from_config: BTE_InitTraceLevels -- TRC_SMP : Level 2
06-04 11:05:44.130 I/bt_bte ( 1045): packages/modules/Bluetooth/system/btif/src/profile_log_levels.cc:146 load_levels_from_config: BTE_InitTraceLevels -- TRC_HID_DEV : Level 2
06-04 11:05:44.130 I/bt_bte ( 1045): packages/modules/Bluetooth/system/btif/src/profile_log_levels.cc:146 load_levels_from_config: BTE_InitTraceLevels -- TRC_BTAPP : Level 2
06-04 11:05:44.130 I/bt_bte ( 1045): packages/modules/Bluetooth/system/btif/src/profile_log_levels.cc:146 load_levels_from_config: BTE_InitTraceLevels -- TRC_BTIF : Level 2
06-04 11:05:44.130 W/bluetooth( 1045): packages/modules/Bluetooth/system/stack/btm/btm_inq.cc:1073 btm_clr_inq_result_flt: Memory being reset multiple times
06-04 11:05:44.130 I/bt_core_module( 1045): packages/modules/Bluetooth/system/btcore/src/module.cc:86 module_start_up: module_start_up Starting module "gd_controller_module"
06-04 11:05:44.130 I/bt_shim_controller( 1045): packages/modules/Bluetooth/system/main/shim/controller.cc:65 start_up: start_up Starting up
06-04 11:05:44.130 I/bt_shim_controller( 1045): packages/modules/Bluetooth/system/main/shim/controller.cc:84 start_up: Mac address:xx:xx:xx:xx:62:84
06-04 11:05:44.130 I/bt_core_module( 1045): packages/modules/Bluetooth/system/btcore/src/module.cc:91 module_start_up: module_start_up Started module "gd_controller_module"
06-04 11:05:44.130 I/bt_btm_pm( 1045): packages/modules/Bluetooth/system/stack/acl/btm_pm.cc:381 btm_pm_reset: reset pm
06-04 11:05:44.130 E/elockcontroller( 1336): Not starting debugger since process cannot load the jdwp agent.
06-04 11:05:44.130 I/bt_bta_dm( 1045): packages/modules/Bluetooth/system/bta/dm/bta_dm_act.cc:393 BTA_dm_on_hw_on: BTA_dm_on_hw_on: Read default class of device {0x2c, 0x4, 0x20}
06-04 11:05:44.130 I/bt_btm_sec( 1045): packages/modules/Bluetooth/system/stack/btm/btm_sec.cc:268 BTM_SecRegister: BTM_SecRegister p_cb_info->p_le_callback == 0x0xbe8a8a11
06-04 11:05:44.130 I/bt_btm_sec( 1045): packages/modules/Bluetooth/system/stack/btm/btm_sec.cc:283 BTM_SecRegister: BTM_SecRegister btm_cb.api.p_le_callback = 0x0xbe8a8a11
06-04 11:05:44.130 I/bt_stack( 1045): [INFO:ble_scanner_hci_interface.cc(329)] Advertiser list in controller can be used
06-04 11:05:44.130 I/bt_stack( 1045): [INFO:ble_scanner_hci_interface.cc(330)] Periodic Adv Sync Transfer Sender role is supported
06-04 11:05:44.132 D/xm_audio( 476): adev_get_parameters
06-04 11:05:44.134 I/bluetooth( 1045): packages/modules/Bluetooth/system/stack/gatt/gatt_api.cc:1257 GATT_Register: Allocated name:GattClient uuid:2a856065-41f2-03b8-85b0-5a172143a85e gatt_if:3 eatt_support:0
06-04 11:05:44.137 I/HdmiControlService( 689): bootCompleted
06-04 11:05:44.139 W/Looper ( 689): Drained
06-04 11:05:44.143 D/xm_audio( 476): adev_get_parameters
06-04 11:05:44.144 D/xm_audio( 476): adev_get_parameters
06-04 11:05:44.147 I/bt_stack( 1045): [INFO:ble_advertiser_hci_interface.cc(775)] Extended advertising will be in use
06-04 11:05:44.150 D/AdapterProperties( 1045): BT_PROPERTY_LOCAL_LE_FEATURES: update from BT controller mNumOfAdvertisementInstancesSupported = 5 mRpaOffloadSupported = true mNumOfOffloadedIrkSupported = 8 mNumOfOffloadedScanFilterSupported = 0 mOffloadedScanResultStorageBytes= 256 mIsActivityAndEnergyReporting = false mVersSupported = 96 mTotNumOfTrackableAdv = 0 mIsExtendedScanSupported = true mIsDebugLogSupported = false mIsLe2MPhySupported = false mIsLeCodedPhySupported = true mIsLeExtendedAdvertisingSupported = true mIsLePeriodicAdvertisingSupported = true mLeMaximumAdvertisingDataLength = 1650 mDynamicAudioBufferSizeSupportedCodecsGroup1 = 0 mDynamicAudioBufferSizeSupportedCodecsGroup2 = 0 mIsLePeriodicAdvertisingSyncTransferSenderSupported = true mIsLeConnectedIsochronousStreamCentralSupported = false mIsLeIsochronousBroadcasterSupported = false mIsLePeriodicAdvertisingSyncTransferRecipientSupported = true mIsOffloadedTransportDiscoveryDataScanSupported = false
06-04 11:05:44.151 D/xm_audio( 476): adev_get_parameters
06-04 11:05:44.152 V/AdapterServiceConfig( 1045): Remove McpService from supported list.
06-04 11:05:44.153 I/bt_btif_dm( 1045): packages/modules/Bluetooth/system/btif/src/btif_dm.cc:2090 BTIF_dm_enable: BTIF_dm_enable BLE Privacy: 0
06-04 11:05:44.144 I/init ( 161): type=1400 audit(0.0:704): avc: denied { add_name } for name="dmabuf_manage_config" scontext=u:r:vendor_init:s0 tcontext=u:object_r:sysfs:s0 tclass=dir permissive=1
06-04 11:05:44.153 E/bt_btif_storage( 1045): packages/modules/Bluetooth/system/btif/src/btif_storage.cc:626 btif_storage_get_adapter_property: btif_storage_get_adapter_property: Controller ready!
06-04 11:05:44.153 I/bt_btif_storage( 1045): packages/modules/Bluetooth/system/btif/src/btif_storage.cc:653 btif_storage_get_adapter_property: btif_storage_get_adapter_property service_mask:0x20000000
06-04 11:05:44.153 I/bt_stack( 1045): [INFO:btif_bqr.cc(292)] EnableBtQualityReport: is_enable: true
06-04 11:05:44.153 W/bt_stack( 1045): [WARNING:btif_bqr.cc(304)] EnableBtQualityReport: Bluetooth Quality Report is disabled. bqr_prop_evtmask: , bqr_prop_interval_ms:
06-04 11:05:44.154 D/xm_audio( 476): adev_get_parameters
06-04 11:05:44.154 D/CompatibilityChangeReporter( 689): Compat change id reported: 168419799; UID 10070; state: DISABLED
06-04 11:05:44.154 I/bt_osi_thread( 1045): packages/modules/Bluetooth/system/osi/src/thread.cc:210 run_thread: run_thread: thread id 1354, thread name btif_sock started
06-04 11:05:44.154 D/CompatibilityChangeReporter( 689): Compat change id reported: 273564678; UID 10070; state: DISABLED
06-04 11:05:44.156 I/bt_bte_conf( 1045): packages/modules/Bluetooth/system/main/bte_conf.cc:83 bte_load_did_conf: Device ID record 1 : primary
06-04 11:05:44.156 I/bt_bte_conf( 1045): packages/modules/Bluetooth/system/main/bte_conf.cc:84 bte_load_did_conf: vendorId = 00e0
06-04 11:05:44.156 I/bt_bte_conf( 1045): packages/modules/Bluetooth/system/main/bte_conf.cc:85 bte_load_did_conf: vendorIdSource = 0001
06-04 11:05:44.156 I/bt_bte_conf( 1045): packages/modules/Bluetooth/system/main/bte_conf.cc:86 bte_load_did_conf: product = 1200
06-04 11:05:44.157 I/bt_bte_conf( 1045): packages/modules/Bluetooth/system/main/bte_conf.cc:87 bte_load_did_conf: version = 1436
06-04 11:05:44.157 I/bt_bte_conf( 1045): packages/modules/Bluetooth/system/main/bte_conf.cc:88 bte_load_did_conf: clientExecutableURL =
06-04 11:05:44.157 I/bt_bte_conf( 1045): packages/modules/Bluetooth/system/main/bte_conf.cc:89 bte_load_did_conf: serviceDescription =
06-04 11:05:44.157 I/bt_bte_conf( 1045): packages/modules/Bluetooth/system/main/bte_conf.cc:90 bte_load_did_conf: documentationURL =
06-04 11:05:44.157 I/bt_bta_dm( 1045): packages/modules/Bluetooth/system/bta/dm/bta_dm_act.cc:3456 bta_dm_eir_update_uuid: EIR Adding UUID=0x1200 into extended inquiry response
06-04 11:05:44.157 I/bt_bta_dm( 1045): packages/modules/Bluetooth/system/bta/dm/bta_dm_act.cc:3155 bta_dm_set_eir: Generating extended inquiry response packet EIR
06-04 11:05:44.157 I/bt_bte_conf( 1045): packages/modules/Bluetooth/system/main/bte_conf.cc:46 bte_load_did_conf: bte_load_did_conf no section named DID2.
06-04 11:05:44.157 I/bt_btif_core( 1045): packages/modules/Bluetooth/system/btif/src/btif_core.cc:294 btif_enable_bluetooth_evt: Bluetooth enable event completed
06-04 11:05:44.157 I/bt_core_module( 1045): packages/modules/Bluetooth/system/btcore/src/module.cc:86 module_start_up: module_start_up Starting module "rust_module"
06-04 11:05:44.157 I/bt_bta_dm( 1045): packages/modules/Bluetooth/system/bta/dm/bta_dm_act.cc:3155 bta_dm_set_eir: Generating extended inquiry response packet EIR
06-04 11:05:44.157 W/bt_btm ( 1045): packages/modules/Bluetooth/system/main/bte_logmsg.cc:108 LogMsg: BTM_BleConfigPrivacy 0
06-04 11:05:44.157 I/bluetooth( 1045): packages/modules/Bluetooth/system/gd/hci/le_address_manager.cc:72 SetPrivacyPolicyForInitiatorAddress: SetPrivacyPolicyForInitiatorAddress with policy 1
06-04 11:05:44.157 I/bluetooth( 1045): packages/modules/Bluetooth/system/gd/hci/le_address_manager.cc:294 resume_registered_clients: Resuming registered clients
06-04 11:05:44.144 I/init ( 161): type=1400 audit(0.0:705): avc: denied { create } for name="dmabuf_manage_config" scontext=u:r:vendor_init:s0 tcontext=u:object_r:sysfs:s0 tclass=file permissive=1
06-04 11:05:44.159 D/vold_prepare_subdirs( 1331): Setting up mode 771 uid 1000 gid 1000 context u:object_r:system_data_file:s0:c512,c768 on path: /data/user/0
06-04 11:05:44.160 D/vold_prepare_subdirs( 1331): Setting up mode 771 uid 1000 gid 1000 context u:object_r:sdk_sandbox_system_data_file:s0:c512,c768 on path: /data/misc_ce/0/sdksandbox
06-04 11:05:44.161 I/bt ( 1045): bluetooth_core: starting Rust modules
06-04 11:05:44.162 I/bluetooth( 1045): packages/modules/Bluetooth/system/stack/arbiter/acl_arbiter.cc:153 StoreCallbacksFromRust: Received callbacks from Rust, registering in Arbiter
06-04 11:05:44.162 I/bt_core_module( 1045): packages/modules/Bluetooth/system/btcore/src/module.cc:91 module_start_up: module_start_up Started module "rust_module"
06-04 11:05:44.162 I/bt_stack_manager( 1045): packages/modules/Bluetooth/system/btif/src/stack_manager.cc:354 event_start_up_stack: event_start_up_stack finished
06-04 11:05:44.162 I/bt ( 1045): bluetooth_core: starting Tokio event loop
06-04 11:05:44.163 D/CompatibilityChangeReporter( 689): Compat change id reported: 265195908; UID 10070; state: ENABLED
06-04 11:05:44.164 D/vold_prepare_subdirs( 1331): Setting up mode 700 uid 0 gid 0 context u:object_r:vold_data_file:s0 on path: /data/misc_ce/0/vold
06-04 11:05:44.165 D/xm_audio( 476): adev_get_parameters
06-04 11:05:44.165 D/hdmicecd( 487): [CEC]:printCecMessage, [4 -> f] len: 4, body: 87 1c a4 10, result:success
06-04 11:05:44.166 E/IPCThreadState( 487): binder thread pool (1 threads) starved for 154 ms
06-04 11:05:44.167 D/AdapterProperties( 1045): Name is: DBBOX-A3 6284
06-04 11:05:44.168 D/AdapterProperties( 1045): Scan Mode:20
06-04 11:05:44.168 D/AdapterProperties( 1045): Discoverable Timeout:120
06-04 11:05:44.169 D/xm_audio( 476): adev_get_parameters
06-04 11:05:44.169 D/CompatibilityChangeReporter( 1045): Compat change id reported: 265103382; UID 1002; state: ENABLED
06-04 11:05:44.169 D/AdapterProperties( 1045): Adding bonded device:XX:XX:XX:XX:C0:69
06-04 11:05:44.170 D/AdapterProperties( 1045): cleanupPrevBondRecordsFor: XX:XX:XX:XX:C0:69
06-04 11:05:44.173 D/CompatibilityChangeReporter( 1336): Compat change id reported: 171979766; UID 10070; state: ENABLED
06-04 11:05:44.173 D/xm_audio( 476): adev_get_parameters
06-04 11:05:44.174 D/CompatibilityChangeReporter( 1336): Compat change id reported: 242716250; UID 10070; state: ENABLED
06-04 11:05:44.178 D/CompatibilityChangeReporter( 689): Compat change id reported: 170503758; UID 10070; state: ENABLED
06-04 11:05:44.178 D/xm_audio( 476): adev_get_parameters
06-04 11:05:44.180 D/vold_prepare_subdirs( 1331): Setting up mode 700 uid 0 gid 0 context u:object_r:storaged_data_file:s0 on path: /data/misc_ce/0/storaged
06-04 11:05:44.183 D/AdapterProperties( 1045): player_name: com.google.android.apps.youtube.music
06-04 11:05:44.183 D/AdapterProperties( 1045): updateAllowlistedMediaPlayers
06-04 11:05:44.183 D/AdapterProperties( 1045): Adding to Allowlisted Players list:com.google.android.apps.youtube.music
06-04 11:05:44.183 D/AdapterProperties( 1045): player_name: com.gaana
06-04 11:05:44.183 D/AdapterProperties( 1045): updateAllowlistedMediaPlayers
06-04 11:05:44.183 D/AdapterProperties( 1045): Adding to Allowlisted Players list:com.gaana
06-04 11:05:44.183 I/AdapterState( 1045): BLE_ON : entered
06-04 11:05:44.183 D/AdapterProperties( 1045): Setting state to BLE_ON
06-04 11:05:44.186 D/BluetoothAdapterService( 1045): updateAdapterState() - Broadcasting state BLE_ON to 1 receivers.
06-04 11:05:44.187 D/BluetoothManagerService( 689): MESSAGE_BLUETOOTH_STATE_CHANGE: BLE_TURNING_ON > BLE_ON
06-04 11:05:44.187 D/BluetoothManagerService( 689): Bluetooth is in LE only mode
06-04 11:05:44.187 D/xm_audio( 476): adev_get_parameters
06-04 11:05:44.187 D/BluetoothManagerService( 689): Binding Bluetooth GATT service
06-04 11:05:44.189 D/vold_prepare_subdirs( 1331): Setting up mode 700 uid 0 gid 0 context u:object_r:rollback_data_file:s0 on path: /data/misc_ce/0/rollback
06-04 11:05:44.189 D/xm_audio( 476): adev_get_parameters
06-04 11:05:44.189 D/BluetoothManagerService( 689): Sending BLE State Change: BLE_TURNING_ON > BLE_ON
06-04 11:05:44.191 D/BluetoothManagerService( 689): BluetoothServiceConnection: com.android.bluetooth.gatt.GattService
06-04 11:05:44.191 D/BluetoothManagerService( 689): MESSAGE_BLUETOOTH_SERVICE_CONNECTED: 2
06-04 11:05:44.191 D/vold_prepare_subdirs( 1331): Setting up mode 700 uid 0 gid 0 context u:object_r:apex_rollback_data_file:s0 on path: /data/misc_ce/0/apexrollback
06-04 11:05:44.191 D/BluetoothManagerService( 689): continueFromBleOnState()
06-04 11:05:44.194 I/AdapterState( 1045): TURNING_ON : entered
06-04 11:05:44.194 D/AdapterProperties( 1045): Setting state to TURNING_ON
06-04 11:05:44.194 D/vold_prepare_subdirs( 1331): Setting up mode 711 uid 0 gid 0 context u:object_r:apex_module_data_file:s0 on path: /data/misc_ce/0/apexdata
06-04 11:05:44.195 D/BluetoothManagerService( 689): Persisting Bluetooth Setting: 1
06-04 11:05:44.196 D/BluetoothAdapterService( 1045): updateAdapterState() - Broadcasting state TURNING_ON to 1 receivers.
06-04 11:05:44.196 D/vold_prepare_subdirs( 1331): Setting up mode 771 uid 0 gid 1000 context u:object_r:apex_module_data_file:s0 on path: /data/misc_ce/0/apexdata/com.android.tethering
06-04 11:05:44.197 D/BluetoothAdapterService( 1045): startCoreServices()
06-04 11:05:44.197 D/xm_audio( 476): adev_get_parameters
06-04 11:05:44.198 D/vold_prepare_subdirs( 1331): Setting up mode 771 uid 0 gid 1000 context u:object_r:apex_system_server_data_file:s0 on path: /data/misc_ce/0/apexdata/com.android.permission
06-04 11:05:44.199 D/xm_audio( 476): adev_get_parameters
06-04 11:05:44.199 D/BluetoothManagerService( 689): MESSAGE_BLUETOOTH_STATE_CHANGE: BLE_ON > TURNING_ON
06-04 11:05:44.199 D/BluetoothManagerService( 689): Sending BLE State Change: BLE_ON > TURNING_ON
06-04 11:05:44.199 D/vold_prepare_subdirs( 1331): Setting up mode 771 uid 0 gid 1000 context u:object_r:apex_module_data_file:s0 on path: /data/misc_ce/0/apexdata/com.android.media.swcodec
06-04 11:05:44.201 D/vold_prepare_subdirs( 1331): Setting up mode 771 uid 0 gid 1000 context u:object_r:apex_module_data_file:s0 on path: /data/misc_ce/0/apexdata/com.android.scheduling
06-04 11:05:44.202 I/A2dpService( 1045): create()
06-04 11:05:44.202 D/vold_prepare_subdirs( 1331): Setting up mode 771 uid 0 gid 1000 context u:object_r:apex_module_data_file:s0 on path: /data/misc_ce/0/apexdata/com.android.ondevicepersonalization
06-04 11:05:44.205 D/BluetoothManagerService( 689): Sending State Change: OFF > TURNING_ON
06-04 11:05:44.206 D/xm_audio( 476): adev_get_parameters
06-04 11:05:44.209 D/nativeloader( 1336): Configuring clns-shared-4 for other apk /system/framework/org.apache.http.legacy.jar. target_sdk_version=34, uses_libraries=ALL, library_path=/apex/com.android.devicelock/priv-app/DeviceLockController@UD2A.240505.001.W1/lib/arm:/system/lib:/system_ext/lib, permitted_path=/data:/mnt/expand:/data/user/0/com.android.devicelockcontroller:/apex/com.android.devicelock/priv-app/DeviceLockController@UD2A.240505.001.W1:/system/lib:/system_ext/lib
06-04 11:05:44.212 I/A2dpService( 1045): start()
06-04 11:05:44.212 I/BluetoothA2dpServiceJni( 1045): classInitNative: succeeds
06-04 11:05:44.213 I/A2dpService( 1045): Max connected audio devices set to 5
06-04 11:05:44.214 I/bt_btif ( 1045): packages/modules/Bluetooth/system/btif/src/bluetooth.cc:829 get_profile_interface: get_profile_interface: id = a2dp
06-04 11:05:44.214 I/btif_av ( 1045): packages/modules/Bluetooth/system/btif/src/btif_av.cc:1012 Init: bt_status_t BtifAvSource::Init(btav_source_callbacks_t *, int, const std::vector &, const std::vector &): max_connected_audio_devices=5
06-04 11:05:44.214 I/a2dp_codec( 1045): packages/modules/Bluetooth/system/stack/a2dp/a2dp_codec_config.cc:601 init: init
06-04 11:05:44.214 I/a2dp_codec( 1045): packages/modules/Bluetooth/system/stack/a2dp/a2dp_codec_config.cc:116 createCodec: SBC
06-04 11:05:44.215 I/a2dp_codec( 1045): packages/modules/Bluetooth/system/stack/a2dp/a2dp_codec_config.cc:642 init: init: updated SBC codec priority to 1001
06-04 11:05:44.215 I/a2dp_codec( 1045): packages/modules/Bluetooth/system/stack/a2dp/a2dp_codec_config.cc:116 createCodec: AAC
06-04 11:05:44.215 I/a2dp_codec( 1045): packages/modules/Bluetooth/system/stack/a2dp/a2dp_codec_config.cc:642 init: init: updated AAC codec priority to 2001
06-04 11:05:44.215 I/a2dp_codec( 1045): packages/modules/Bluetooth/system/stack/a2dp/a2dp_codec_config.cc:116 createCodec: aptX
06-04 11:05:44.215 I/a2dp_codec( 1045): packages/modules/Bluetooth/system/stack/a2dp/a2dp_codec_config.cc:642 init: init: updated aptX codec priority to 3001
06-04 11:05:44.215 I/a2dp_codec( 1045): packages/modules/Bluetooth/system/stack/a2dp/a2dp_codec_config.cc:116 createCodec: aptX-HD
06-04 11:05:44.215 I/a2dp_codec( 1045): packages/modules/Bluetooth/system/stack/a2dp/a2dp_codec_config.cc:642 init: init: updated aptX-HD codec priority to 4001
06-04 11:05:44.215 I/a2dp_codec( 1045): packages/modules/Bluetooth/system/stack/a2dp/a2dp_codec_config.cc:116 createCodec: LDAC
06-04 11:05:44.215 I/a2dp_codec( 1045): packages/modules/Bluetooth/system/stack/a2dp/a2dp_codec_config.cc:642 init: init: updated LDAC codec priority to 5001
06-04 11:05:44.215 I/a2dp_codec( 1045): packages/modules/Bluetooth/system/stack/a2dp/a2dp_codec_config.cc:116 createCodec: LC3 not implemented
06-04 11:05:44.215 I/a2dp_codec( 1045): packages/modules/Bluetooth/system/stack/a2dp/a2dp_codec_config.cc:633 init: init: OPUS codec disabled, updated priority to -1
06-04 11:05:44.215 I/a2dp_codec( 1045): packages/modules/Bluetooth/system/stack/a2dp/a2dp_codec_config.cc:116 createCodec: Opus
06-04 11:05:44.215 I/a2dp_codec( 1045): packages/modules/Bluetooth/system/stack/a2dp/a2dp_codec_config.cc:642 init: init: updated Opus codec priority to -1
06-04 11:05:44.215 I/a2dp_codec( 1045): packages/modules/Bluetooth/system/stack/a2dp/a2dp_codec_config.cc:116 createCodec: SBC SINK
06-04 11:05:44.215 I/a2dp_codec( 1045): packages/modules/Bluetooth/system/stack/a2dp/a2dp_codec_config.cc:116 createCodec: AAC SINK
06-04 11:05:44.215 I/a2dp_codec( 1045): packages/modules/Bluetooth/system/stack/a2dp/a2dp_codec_config.cc:116 createCodec: LDAC SINK
06-04 11:05:44.215 I/a2dp_vendor_ldac_decoder( 1045): packages/modules/Bluetooth/system/stack/a2dp/a2dp_vendor_ldac_decoder.cc:130 A2DP_VendorLoadDecoderLdac: A2DP_VendorLoadDecoderLdac: cannot open LDAC decoder library libldacBT_bco.so: dlopen failed: library "libldacBT_bco.so" not found
06-04 11:05:44.215 E/a2dp_vendor_ldac( 1045): packages/modules/Bluetooth/system/stack/a2dp/a2dp_vendor_ldac.cc:1422 init: init: cannot load the decoder
06-04 11:05:44.215 I/a2dp_codec( 1045): packages/modules/Bluetooth/system/stack/a2dp/a2dp_codec_config.cc:116 createCodec: Opus SINK
06-04 11:05:44.215 I/a2dp_codec( 1045): packages/modules/Bluetooth/system/stack/a2dp/a2dp_codec_config.cc:667 init: init: initialized Source codec LDAC
06-04 11:05:44.215 I/a2dp_codec( 1045): packages/modules/Bluetooth/system/stack/a2dp/a2dp_codec_config.cc:667 init: init: initialized Source codec aptX-HD
06-04 11:05:44.215 I/a2dp_codec( 1045): packages/modules/Bluetooth/system/stack/a2dp/a2dp_codec_config.cc:667 init: init: initialized Source codec aptX
06-04 11:05:44.215 I/a2dp_codec( 1045): packages/modules/Bluetooth/system/stack/a2dp/a2dp_codec_config.cc:667 init: init: initialized Source codec AAC
06-04 11:05:44.215 I/a2dp_codec( 1045): packages/modules/Bluetooth/system/stack/a2dp/a2dp_codec_config.cc:667 init: init: initialized Source codec SBC
06-04 11:05:44.215 I/a2dp_codec( 1045): packages/modules/Bluetooth/system/stack/a2dp/a2dp_codec_config.cc:674 init: init: initialized Sink codec Opus SINK
06-04 11:05:44.215 I/a2dp_codec( 1045): packages/modules/Bluetooth/system/stack/a2dp/a2dp_codec_config.cc:674 init: init: initialized Sink codec AAC SINK
06-04 11:05:44.215 I/a2dp_codec( 1045): packages/modules/Bluetooth/system/stack/a2dp/a2dp_codec_config.cc:674 init: init: initialized Sink codec SBC SINK
06-04 11:05:44.215 I/a2dp_codec( 1045): packages/modules/Bluetooth/system/stack/a2dp/a2dp_codec_config.cc:601 init: init
06-04 11:05:44.215 I/a2dp_codec( 1045): packages/modules/Bluetooth/system/stack/a2dp/a2dp_codec_config.cc:116 createCodec: SBC
06-04 11:05:44.215 I/a2dp_codec( 1045): packages/modules/Bluetooth/system/stack/a2dp/a2dp_codec_config.cc:642 init: init: updated SBC codec priority to 1001
06-04 11:05:44.215 I/a2dp_codec( 1045): packages/modules/Bluetooth/system/stack/a2dp/a2dp_codec_config.cc:116 createCodec: AAC
06-04 11:05:44.215 I/a2dp_codec( 1045): packages/modules/Bluetooth/system/stack/a2dp/a2dp_codec_config.cc:642 init: init: updated AAC codec priority to 2001
06-04 11:05:44.215 I/a2dp_codec( 1045): packages/modules/Bluetooth/system/stack/a2dp/a2dp_codec_config.cc:116 createCodec: aptX
06-04 11:05:44.215 I/a2dp_codec( 1045): packages/modules/Bluetooth/system/stack/a2dp/a2dp_codec_config.cc:642 init: init: updated aptX codec priority to 3001
06-04 11:05:44.215 I/a2dp_codec( 1045): packages/modules/Bluetooth/system/stack/a2dp/a2dp_codec_config.cc:116 createCodec: aptX-HD
06-04 11:05:44.215 I/a2dp_codec( 1045): packages/modules/Bluetooth/system/stack/a2dp/a2dp_codec_config.cc:642 init: init: updated aptX-HD codec priority to 4001
06-04 11:05:44.215 I/a2dp_codec( 1045): packages/modules/Bluetooth/system/stack/a2dp/a2dp_codec_config.cc:116 createCodec: LDAC
06-04 11:05:44.215 I/a2dp_codec( 1045): packages/modules/Bluetooth/system/stack/a2dp/a2dp_codec_config.cc:642 init: init: updated LDAC codec priority to 5001
06-04 11:05:44.216 I/a2dp_codec( 1045): packages/modules/Bluetooth/system/stack/a2dp/a2dp_codec_config.cc:116 createCodec: LC3 not implemented
06-04 11:05:44.216 I/a2dp_codec( 1045): packages/modules/Bluetooth/system/stack/a2dp/a2dp_codec_config.cc:633 init: init: OPUS codec disabled, updated priority to -1
06-04 11:05:44.216 I/a2dp_codec( 1045): packages/modules/Bluetooth/system/stack/a2dp/a2dp_codec_config.cc:116 createCodec: Opus
06-04 11:05:44.216 I/a2dp_codec( 1045): packages/modules/Bluetooth/system/stack/a2dp/a2dp_codec_config.cc:642 init: init: updated Opus codec priority to -1
06-04 11:05:44.216 I/a2dp_codec( 1045): packages/modules/Bluetooth/system/stack/a2dp/a2dp_codec_config.cc:116 createCodec: SBC SINK
06-04 11:05:44.216 I/a2dp_codec( 1045): packages/modules/Bluetooth/system/stack/a2dp/a2dp_codec_config.cc:116 createCodec: AAC SINK
06-04 11:05:44.216 I/a2dp_codec( 1045): packages/modules/Bluetooth/system/stack/a2dp/a2dp_codec_config.cc:116 createCodec: LDAC SINK
06-04 11:05:44.216 D/xm_audio( 476): adev_get_parameters
06-04 11:05:44.216 I/a2dp_vendor_ldac_decoder( 1045): packages/modules/Bluetooth/system/stack/a2dp/a2dp_vendor_ldac_decoder.cc:130 A2DP_VendorLoadDecoderLdac: A2DP_VendorLoadDecoderLdac: cannot open LDAC decoder library libldacBT_bco.so: dlopen failed: library "libldacBT_bco.so" not found
06-04 11:05:44.216 E/a2dp_vendor_ldac( 1045): packages/modules/Bluetooth/system/stack/a2dp/a2dp_vendor_ldac.cc:1422 init: init: cannot load the decoder
06-04 11:05:44.216 I/a2dp_codec( 1045): packages/modules/Bluetooth/system/stack/a2dp/a2dp_codec_config.cc:116 createCodec: Opus SINK
06-04 11:05:44.216 I/a2dp_codec( 1045): packages/modules/Bluetooth/system/stack/a2dp/a2dp_codec_config.cc:667 init: init: initialized Source codec LDAC
06-04 11:05:44.216 I/a2dp_codec( 1045): packages/modules/Bluetooth/system/stack/a2dp/a2dp_codec_config.cc:667 init: init: initialized Source codec aptX-HD
06-04 11:05:44.216 I/a2dp_codec( 1045): packages/modules/Bluetooth/system/stack/a2dp/a2dp_codec_config.cc:667 init: init: initialized Source codec aptX
06-04 11:05:44.216 I/a2dp_codec( 1045): packages/modules/Bluetooth/system/stack/a2dp/a2dp_codec_config.cc:667 init: init: initialized Source codec AAC
06-04 11:05:44.216 I/a2dp_codec( 1045): packages/modules/Bluetooth/system/stack/a2dp/a2dp_codec_config.cc:667 init: init: initialized Source codec SBC
06-04 11:05:44.216 I/a2dp_codec( 1045): packages/modules/Bluetooth/system/stack/a2dp/a2dp_codec_config.cc:674 init: init: initialized Sink codec Opus SINK
06-04 11:05:44.216 I/a2dp_codec( 1045): packages/modules/Bluetooth/system/stack/a2dp/a2dp_codec_config.cc:674 init: init: initialized Sink codec AAC SINK
06-04 11:05:44.216 I/a2dp_codec( 1045): packages/modules/Bluetooth/system/stack/a2dp/a2dp_codec_config.cc:674 init: init: initialized Sink codec SBC SINK
06-04 11:05:44.216 I/a2dp_codec( 1045): packages/modules/Bluetooth/system/stack/a2dp/a2dp_codec_config.cc:601 init: init
06-04 11:05:44.216 I/a2dp_codec( 1045): packages/modules/Bluetooth/system/stack/a2dp/a2dp_codec_config.cc:116 createCodec: SBC
06-04 11:05:44.216 I/a2dp_codec( 1045): packages/modules/Bluetooth/system/stack/a2dp/a2dp_codec_config.cc:642 init: init: updated SBC codec priority to 1001
06-04 11:05:44.216 I/a2dp_codec( 1045): packages/modules/Bluetooth/system/stack/a2dp/a2dp_codec_config.cc:116 createCodec: AAC
06-04 11:05:44.216 I/a2dp_codec( 1045): packages/modules/Bluetooth/system/stack/a2dp/a2dp_codec_config.cc:642 init: init: updated AAC codec priority to 2001
06-04 11:05:44.216 I/a2dp_codec( 1045): packages/modules/Bluetooth/system/stack/a2dp/a2dp_codec_config.cc:116 createCodec: aptX
06-04 11:05:44.216 I/a2dp_codec( 1045): packages/modules/Bluetooth/system/stack/a2dp/a2dp_codec_config.cc:642 init: init: updated aptX codec priority to 3001
06-04 11:05:44.216 I/a2dp_codec( 1045): packages/modules/Bluetooth/system/stack/a2dp/a2dp_codec_config.cc:116 createCodec: aptX-HD
06-04 11:05:44.216 I/a2dp_codec( 1045): packages/modules/Bluetooth/system/stack/a2dp/a2dp_codec_config.cc:642 init: init: updated aptX-HD codec priority to 4001
06-04 11:05:44.216 I/a2dp_codec( 1045): packages/modules/Bluetooth/system/stack/a2dp/a2dp_codec_config.cc:116 createCodec: LDAC
06-04 11:05:44.216 I/a2dp_codec( 1045): packages/modules/Bluetooth/system/stack/a2dp/a2dp_codec_config.cc:642 init: init: updated LDAC codec priority to 5001
06-04 11:05:44.216 I/a2dp_codec( 1045): packages/modules/Bluetooth/system/stack/a2dp/a2dp_codec_config.cc:116 createCodec: LC3 not implemented
06-04 11:05:44.216 I/a2dp_codec( 1045): packages/modules/Bluetooth/system/stack/a2dp/a2dp_codec_config.cc:633 init: init: OPUS codec disabled, updated priority to -1
06-04 11:05:44.216 I/a2dp_codec( 1045): packages/modules/Bluetooth/system/stack/a2dp/a2dp_codec_config.cc:116 createCodec: Opus
06-04 11:05:44.216 I/a2dp_codec( 1045): packages/modules/Bluetooth/system/stack/a2dp/a2dp_codec_config.cc:642 init: init: updated Opus codec priority to -1
06-04 11:05:44.216 I/a2dp_codec( 1045): packages/modules/Bluetooth/system/stack/a2dp/a2dp_codec_config.cc:116 createCodec: SBC SINK
06-04 11:05:44.216 I/a2dp_codec( 1045): packages/modules/Bluetooth/system/stack/a2dp/a2dp_codec_config.cc:116 createCodec: AAC SINK
06-04 11:05:44.216 I/a2dp_codec( 1045): packages/modules/Bluetooth/system/stack/a2dp/a2dp_codec_config.cc:116 createCodec: LDAC SINK
06-04 11:05:44.217 I/a2dp_vendor_ldac_decoder( 1045): packages/modules/Bluetooth/system/stack/a2dp/a2dp_vendor_ldac_decoder.cc:130 A2DP_VendorLoadDecoderLdac: A2DP_VendorLoadDecoderLdac: cannot open LDAC decoder library libldacBT_bco.so: dlopen failed: library "libldacBT_bco.so" not found
06-04 11:05:44.217 E/a2dp_vendor_ldac( 1045): packages/modules/Bluetooth/system/stack/a2dp/a2dp_vendor_ldac.cc:1422 init: init: cannot load the decoder
06-04 11:05:44.217 I/a2dp_codec( 1045): packages/modules/Bluetooth/system/stack/a2dp/a2dp_codec_config.cc:116 createCodec: Opus SINK
06-04 11:05:44.217 I/a2dp_codec( 1045): packages/modules/Bluetooth/system/stack/a2dp/a2dp_codec_config.cc:667 init: init: initialized Source codec LDAC
06-04 11:05:44.217 I/a2dp_codec( 1045): packages/modules/Bluetooth/system/stack/a2dp/a2dp_codec_config.cc:667 init: init: initialized Source codec aptX-HD
06-04 11:05:44.217 I/a2dp_codec( 1045): packages/modules/Bluetooth/system/stack/a2dp/a2dp_codec_config.cc:667 init: init: initialized Source codec aptX
06-04 11:05:44.217 I/a2dp_codec( 1045): packages/modules/Bluetooth/system/stack/a2dp/a2dp_codec_config.cc:667 init: init: initialized Source codec AAC
06-04 11:05:44.217 I/a2dp_codec( 1045): packages/modules/Bluetooth/system/stack/a2dp/a2dp_codec_config.cc:667 init: init: initialized Source codec SBC
06-04 11:05:44.217 I/a2dp_codec( 1045): packages/modules/Bluetooth/system/stack/a2dp/a2dp_codec_config.cc:674 init: init: initialized Sink codec Opus SINK
06-04 11:05:44.217 I/a2dp_codec( 1045): packages/modules/Bluetooth/system/stack/a2dp/a2dp_codec_config.cc:674 init: init: initialized Sink codec AAC SINK
06-04 11:05:44.217 I/a2dp_codec( 1045): packages/modules/Bluetooth/system/stack/a2dp/a2dp_codec_config.cc:674 init: init: initialized Sink codec SBC SINK
06-04 11:05:44.217 I/a2dp_codec( 1045): packages/modules/Bluetooth/system/stack/a2dp/a2dp_codec_config.cc:601 init: init
06-04 11:05:44.217 I/a2dp_codec( 1045): packages/modules/Bluetooth/system/stack/a2dp/a2dp_codec_config.cc:116 createCodec: SBC
06-04 11:05:44.217 I/a2dp_codec( 1045): packages/modules/Bluetooth/system/stack/a2dp/a2dp_codec_config.cc:642 init: init: updated SBC codec priority to 1001
06-04 11:05:44.217 I/a2dp_codec( 1045): packages/modules/Bluetooth/system/stack/a2dp/a2dp_codec_config.cc:116 createCodec: AAC
06-04 11:05:44.217 I/a2dp_codec( 1045): packages/modules/Bluetooth/system/stack/a2dp/a2dp_codec_config.cc:642 init: init: updated AAC codec priority to 2001
06-04 11:05:44.217 I/a2dp_codec( 1045): packages/modules/Bluetooth/system/stack/a2dp/a2dp_codec_config.cc:116 createCodec: aptX
06-04 11:05:44.217 I/a2dp_codec( 1045): packages/modules/Bluetooth/system/stack/a2dp/a2dp_codec_config.cc:642 init: init: updated aptX codec priority to 3001
06-04 11:05:44.217 I/a2dp_codec( 1045): packages/modules/Bluetooth/system/stack/a2dp/a2dp_codec_config.cc:116 createCodec: aptX-HD
06-04 11:05:44.217 I/a2dp_codec( 1045): packages/modules/Bluetooth/system/stack/a2dp/a2dp_codec_config.cc:642 init: init: updated aptX-HD codec priority to 4001
06-04 11:05:44.217 I/a2dp_codec( 1045): packages/modules/Bluetooth/system/stack/a2dp/a2dp_codec_config.cc:116 createCodec: LDAC
06-04 11:05:44.217 I/a2dp_codec( 1045): packages/modules/Bluetooth/system/stack/a2dp/a2dp_codec_config.cc:642 init: init: updated LDAC codec priority to 5001
06-04 11:05:44.217 I/a2dp_codec( 1045): packages/modules/Bluetooth/system/stack/a2dp/a2dp_codec_config.cc:116 createCodec: LC3 not implemented
06-04 11:05:44.217 I/a2dp_codec( 1045): packages/modules/Bluetooth/system/stack/a2dp/a2dp_codec_config.cc:633 init: init: OPUS codec disabled, updated priority to -1
06-04 11:05:44.217 I/a2dp_codec( 1045): packages/modules/Bluetooth/system/stack/a2dp/a2dp_codec_config.cc:116 createCodec: Opus
06-04 11:05:44.217 I/a2dp_codec( 1045): packages/modules/Bluetooth/system/stack/a2dp/a2dp_codec_config.cc:642 init: init: updated Opus codec priority to -1
06-04 11:05:44.217 I/a2dp_codec( 1045): packages/modules/Bluetooth/system/stack/a2dp/a2dp_codec_config.cc:116 createCodec: SBC SINK
06-04 11:05:44.217 I/a2dp_codec( 1045): packages/modules/Bluetooth/system/stack/a2dp/a2dp_codec_config.cc:116 createCodec: AAC SINK
06-04 11:05:44.217 I/a2dp_codec( 1045): packages/modules/Bluetooth/system/stack/a2dp/a2dp_codec_config.cc:116 createCodec: LDAC SINK
06-04 11:05:44.217 D/vold_prepare_subdirs( 1331): Setting up mode 771 uid 0 gid 1000 context u:object_r:apex_module_data_file:s0 on path: /data/misc_ce/0/apexdata/com.android.extservices
06-04 11:05:44.217 I/a2dp_vendor_ldac_decoder( 1045): packages/modules/Bluetooth/system/stack/a2dp/a2dp_vendor_ldac_decoder.cc:130 A2DP_VendorLoadDecoderLdac: A2DP_VendorLoadDecoderLdac: cannot open LDAC decoder library libldacBT_bco.so: dlopen failed: library "libldacBT_bco.so" not found
06-04 11:05:44.217 E/a2dp_vendor_ldac( 1045): packages/modules/Bluetooth/system/stack/a2dp/a2dp_vendor_ldac.cc:1422 init: init: cannot load the decoder
06-04 11:05:44.217 I/a2dp_codec( 1045): packages/modules/Bluetooth/system/stack/a2dp/a2dp_codec_config.cc:116 createCodec: Opus SINK
06-04 11:05:44.217 I/a2dp_codec( 1045): packages/modules/Bluetooth/system/stack/a2dp/a2dp_codec_config.cc:667 init: init: initialized Source codec LDAC
06-04 11:05:44.217 I/a2dp_codec( 1045): packages/modules/Bluetooth/system/stack/a2dp/a2dp_codec_config.cc:667 init: init: initialized Source codec aptX-HD
06-04 11:05:44.217 I/a2dp_codec( 1045): packages/modules/Bluetooth/system/stack/a2dp/a2dp_codec_config.cc:667 init: init: initialized Source codec aptX
06-04 11:05:44.217 I/a2dp_codec( 1045): packages/modules/Bluetooth/system/stack/a2dp/a2dp_codec_config.cc:667 init: init: initialized Source codec AAC
06-04 11:05:44.217 I/a2dp_codec( 1045): packages/modules/Bluetooth/system/stack/a2dp/a2dp_codec_config.cc:667 init: init: initialized Source codec SBC
06-04 11:05:44.217 I/a2dp_codec( 1045): packages/modules/Bluetooth/system/stack/a2dp/a2dp_codec_config.cc:674 init: init: initialized Sink codec Opus SINK
06-04 11:05:44.217 I/a2dp_codec( 1045): packages/modules/Bluetooth/system/stack/a2dp/a2dp_codec_config.cc:674 init: init: initialized Sink codec AAC SINK
06-04 11:05:44.217 I/a2dp_codec( 1045): packages/modules/Bluetooth/system/stack/a2dp/a2dp_codec_config.cc:674 init: init: initialized Sink codec SBC SINK
06-04 11:05:44.218 I/a2dp_codec( 1045): packages/modules/Bluetooth/system/stack/a2dp/a2dp_codec_config.cc:601 init: init
06-04 11:05:44.218 I/a2dp_codec( 1045): packages/modules/Bluetooth/system/stack/a2dp/a2dp_codec_config.cc:116 createCodec: SBC
06-04 11:05:44.218 I/a2dp_codec( 1045): packages/modules/Bluetooth/system/stack/a2dp/a2dp_codec_config.cc:642 init: init: updated SBC codec priority to 1001
06-04 11:05:44.218 I/a2dp_codec( 1045): packages/modules/Bluetooth/system/stack/a2dp/a2dp_codec_config.cc:116 createCodec: AAC
06-04 11:05:44.218 I/a2dp_codec( 1045): packages/modules/Bluetooth/system/stack/a2dp/a2dp_codec_config.cc:642 init: init: updated AAC codec priority to 2001
06-04 11:05:44.218 I/a2dp_codec( 1045): packages/modules/Bluetooth/system/stack/a2dp/a2dp_codec_config.cc:116 createCodec: aptX
06-04 11:05:44.218 I/a2dp_codec( 1045): packages/modules/Bluetooth/system/stack/a2dp/a2dp_codec_config.cc:642 init: init: updated aptX codec priority to 3001
06-04 11:05:44.218 I/a2dp_codec( 1045): packages/modules/Bluetooth/system/stack/a2dp/a2dp_codec_config.cc:116 createCodec: aptX-HD
06-04 11:05:44.218 I/a2dp_codec( 1045): packages/modules/Bluetooth/system/stack/a2dp/a2dp_codec_config.cc:642 init: init: updated aptX-HD codec priority to 4001
06-04 11:05:44.218 I/a2dp_codec( 1045): packages/modules/Bluetooth/system/stack/a2dp/a2dp_codec_config.cc:116 createCodec: LDAC
06-04 11:05:44.218 I/a2dp_codec( 1045): packages/modules/Bluetooth/system/stack/a2dp/a2dp_codec_config.cc:642 init: init: updated LDAC codec priority to 5001
06-04 11:05:44.218 I/a2dp_codec( 1045): packages/modules/Bluetooth/system/stack/a2dp/a2dp_codec_config.cc:116 createCodec: LC3 not implemented
06-04 11:05:44.218 I/a2dp_codec( 1045): packages/modules/Bluetooth/system/stack/a2dp/a2dp_codec_config.cc:633 init: init: OPUS codec disabled, updated priority to -1
06-04 11:05:44.218 I/a2dp_codec( 1045): packages/modules/Bluetooth/system/stack/a2dp/a2dp_codec_config.cc:116 createCodec: Opus
06-04 11:05:44.218 I/a2dp_codec( 1045): packages/modules/Bluetooth/system/stack/a2dp/a2dp_codec_config.cc:642 init: init: updated Opus codec priority to -1
06-04 11:05:44.218 I/a2dp_codec( 1045): packages/modules/Bluetooth/system/stack/a2dp/a2dp_codec_config.cc:116 createCodec: SBC SINK
06-04 11:05:44.218 I/a2dp_codec( 1045): packages/modules/Bluetooth/system/stack/a2dp/a2dp_codec_config.cc:116 createCodec: AAC SINK
06-04 11:05:44.218 I/a2dp_codec( 1045): packages/modules/Bluetooth/system/stack/a2dp/a2dp_codec_config.cc:116 createCodec: LDAC SINK
06-04 11:05:44.221 D/xm_audio( 476): adev_get_parameters
06-04 11:05:44.221 I/a2dp_vendor_ldac_decoder( 1045): packages/modules/Bluetooth/system/stack/a2dp/a2dp_vendor_ldac_decoder.cc:130 A2DP_VendorLoadDecoderLdac: A2DP_VendorLoadDecoderLdac: cannot open LDAC decoder library libldacBT_bco.so: dlopen failed: library "libldacBT_bco.so" not found
06-04 11:05:44.221 E/a2dp_vendor_ldac( 1045): packages/modules/Bluetooth/system/stack/a2dp/a2dp_vendor_ldac.cc:1422 init: init: cannot load the decoder
06-04 11:05:44.221 I/a2dp_codec( 1045): packages/modules/Bluetooth/system/stack/a2dp/a2dp_codec_config.cc:116 createCodec: Opus SINK
06-04 11:05:44.221 I/a2dp_codec( 1045): packages/modules/Bluetooth/system/stack/a2dp/a2dp_codec_config.cc:667 init: init: initialized Source codec LDAC
06-04 11:05:44.221 I/a2dp_codec( 1045): packages/modules/Bluetooth/system/stack/a2dp/a2dp_codec_config.cc:667 init: init: initialized Source codec aptX-HD
06-04 11:05:44.221 I/a2dp_codec( 1045): packages/modules/Bluetooth/system/stack/a2dp/a2dp_codec_config.cc:667 init: init: initialized Source codec aptX
06-04 11:05:44.221 I/a2dp_codec( 1045): packages/modules/Bluetooth/system/stack/a2dp/a2dp_codec_config.cc:667 init: init: initialized Source codec AAC
06-04 11:05:44.221 I/a2dp_codec( 1045): packages/modules/Bluetooth/system/stack/a2dp/a2dp_codec_config.cc:667 init: init: initialized Source codec SBC
06-04 11:05:44.221 I/a2dp_codec( 1045): packages/modules/Bluetooth/system/stack/a2dp/a2dp_codec_config.cc:674 init: init: initialized Sink codec Opus SINK
06-04 11:05:44.221 I/a2dp_codec( 1045): packages/modules/Bluetooth/system/stack/a2dp/a2dp_codec_config.cc:674 init: init: initialized Sink codec AAC SINK
06-04 11:05:44.222 I/a2dp_codec( 1045): packages/modules/Bluetooth/system/stack/a2dp/a2dp_codec_config.cc:674 init: init: initialized Sink codec SBC SINK
06-04 11:05:44.222 I/a2dp_codec( 1045): packages/modules/Bluetooth/system/stack/a2dp/a2dp_codec_config.cc:601 init: init
06-04 11:05:44.222 I/a2dp_codec( 1045): packages/modules/Bluetooth/system/stack/a2dp/a2dp_codec_config.cc:116 createCodec: SBC
06-04 11:05:44.222 I/a2dp_codec( 1045): packages/modules/Bluetooth/system/stack/a2dp/a2dp_codec_config.cc:642 init: init: updated SBC codec priority to 1001
06-04 11:05:44.222 I/a2dp_codec( 1045): packages/modules/Bluetooth/system/stack/a2dp/a2dp_codec_config.cc:116 createCodec: AAC
06-04 11:05:44.222 I/a2dp_codec( 1045): packages/modules/Bluetooth/system/stack/a2dp/a2dp_codec_config.cc:642 init: init: updated AAC codec priority to 2001
06-04 11:05:44.222 I/a2dp_codec( 1045): packages/modules/Bluetooth/system/stack/a2dp/a2dp_codec_config.cc:116 createCodec: aptX
06-04 11:05:44.222 I/a2dp_codec( 1045): packages/modules/Bluetooth/system/stack/a2dp/a2dp_codec_config.cc:642 init: init: updated aptX codec priority to 3001
06-04 11:05:44.222 I/a2dp_codec( 1045): packages/modules/Bluetooth/system/stack/a2dp/a2dp_codec_config.cc:116 createCodec: aptX-HD
06-04 11:05:44.222 I/a2dp_codec( 1045): packages/modules/Bluetooth/system/stack/a2dp/a2dp_codec_config.cc:642 init: init: updated aptX-HD codec priority to 4001
06-04 11:05:44.222 I/a2dp_codec( 1045): packages/modules/Bluetooth/system/stack/a2dp/a2dp_codec_config.cc:116 createCodec: LDAC
06-04 11:05:44.222 I/a2dp_codec( 1045): packages/modules/Bluetooth/system/stack/a2dp/a2dp_codec_config.cc:642 init: init: updated LDAC codec priority to 5001
06-04 11:05:44.222 I/a2dp_codec( 1045): packages/modules/Bluetooth/system/stack/a2dp/a2dp_codec_config.cc:116 createCodec: LC3 not implemented
06-04 11:05:44.222 I/a2dp_codec( 1045): packages/modules/Bluetooth/system/stack/a2dp/a2dp_codec_config.cc:633 init: init: OPUS codec disabled, updated priority to -1
06-04 11:05:44.222 I/a2dp_codec( 1045): packages/modules/Bluetooth/system/stack/a2dp/a2dp_codec_config.cc:116 createCodec: Opus
06-04 11:05:44.222 I/a2dp_codec( 1045): packages/modules/Bluetooth/system/stack/a2dp/a2dp_codec_config.cc:642 init: init: updated Opus codec priority to -1
06-04 11:05:44.222 I/a2dp_codec( 1045): packages/modules/Bluetooth/system/stack/a2dp/a2dp_codec_config.cc:116 createCodec: SBC SINK
06-04 11:05:44.222 I/a2dp_codec( 1045): packages/modules/Bluetooth/system/stack/a2dp/a2dp_codec_config.cc:116 createCodec: AAC SINK
06-04 11:05:44.222 I/a2dp_codec( 1045): packages/modules/Bluetooth/system/stack/a2dp/a2dp_codec_config.cc:116 createCodec: LDAC SINK
06-04 11:05:44.222 I/a2dp_vendor_ldac_decoder( 1045): packages/modules/Bluetooth/system/stack/a2dp/a2dp_vendor_ldac_decoder.cc:130 A2DP_VendorLoadDecoderLdac: A2DP_VendorLoadDecoderLdac: cannot open LDAC decoder library libldacBT_bco.so: dlopen failed: library "libldacBT_bco.so" not found
06-04 11:05:44.222 E/a2dp_vendor_ldac( 1045): packages/modules/Bluetooth/system/stack/a2dp/a2dp_vendor_ldac.cc:1422 init: init: cannot load the decoder
06-04 11:05:44.222 I/a2dp_codec( 1045): packages/modules/Bluetooth/system/stack/a2dp/a2dp_codec_config.cc:116 createCodec: Opus SINK
06-04 11:05:44.222 I/a2dp_codec( 1045): packages/modules/Bluetooth/system/stack/a2dp/a2dp_codec_config.cc:667 init: init: initialized Source codec LDAC
06-04 11:05:44.222 I/a2dp_codec( 1045): packages/modules/Bluetooth/system/stack/a2dp/a2dp_codec_config.cc:667 init: init: initialized Source codec aptX-HD
06-04 11:05:44.222 I/a2dp_codec( 1045): packages/modules/Bluetooth/system/stack/a2dp/a2dp_codec_config.cc:667 init: init: initialized Source codec aptX
06-04 11:05:44.222 I/a2dp_codec( 1045): packages/modules/Bluetooth/system/stack/a2dp/a2dp_codec_config.cc:667 init: init: initialized Source codec AAC
06-04 11:05:44.222 I/a2dp_codec( 1045): packages/modules/Bluetooth/system/stack/a2dp/a2dp_codec_config.cc:667 init: init: initialized Source codec SBC
06-04 11:05:44.222 I/a2dp_codec( 1045): packages/modules/Bluetooth/system/stack/a2dp/a2dp_codec_config.cc:674 init: init: initialized Sink codec Opus SINK
06-04 11:05:44.222 I/a2dp_codec( 1045): packages/modules/Bluetooth/system/stack/a2dp/a2dp_codec_config.cc:674 init: init: initialized Sink codec AAC SINK
06-04 11:05:44.222 I/a2dp_codec( 1045): packages/modules/Bluetooth/system/stack/a2dp/a2dp_codec_config.cc:674 init: init: initialized Sink codec SBC SINK
06-04 11:05:44.222 I/bt_btif_a2dp_source( 1045): packages/modules/Bluetooth/system/btif/src/btif_a2dp_source.cc:331 btif_a2dp_source_init: btif_a2dp_source_init
06-04 11:05:44.223 I/bt_stack( 1045): [INFO:message_loop_thread.cc(184)] Run: message loop starting for thread bt_a2dp_source_worker_thread
06-04 11:05:44.223 I/bt_btif_a2dp_source( 1045): packages/modules/Bluetooth/system/btif/src/btif_a2dp_source.cc:341 btif_a2dp_source_init_delayed: btif_a2dp_source_init_delayed
06-04 11:05:44.223 I/bt_bta_av( 1045): packages/modules/Bluetooth/system/bta/av/bta_av_main.cc:431 bta_av_api_register: bta_av_api_register: AVRCP version used for sdp: "avrcp15"
06-04 11:05:44.223 I/bt_l2cap( 1045): packages/modules/Bluetooth/system/stack/l2cap/l2c_api.cc:172 L2CA_Register: L2CAP Registered service classic PSM: 0x0019
06-04 11:05:44.223 I/bt_l2cap( 1045): packages/modules/Bluetooth/system/stack/l2cap/l2c_api.cc:172 L2CA_Register: L2CAP Registered service classic PSM: 0x0017
06-04 11:05:44.223 I/bt_l2cap( 1045): packages/modules/Bluetooth/system/stack/l2cap/l2c_api.cc:172 L2CA_Register: L2CAP Registered service classic PSM: 0x001b
06-04 11:05:44.223 I/bt_bta_dm( 1045): packages/modules/Bluetooth/system/bta/dm/bta_dm_act.cc:3456 bta_dm_eir_update_uuid: EIR Adding UUID=0x110A into extended inquiry response
06-04 11:05:44.223 I/bt_bta_dm( 1045): packages/modules/Bluetooth/system/bta/dm/bta_dm_act.cc:3155 bta_dm_set_eir: Generating extended inquiry response packet EIR
06-04 11:05:44.223 I/bt_bta_av( 1045): packages/modules/Bluetooth/system/bta/av/bta_av_act.cc:305 bta_av_rc_create: Skipping RC creation for the old AVRCP profile
06-04 11:05:44.224 D/hdmicecd( 487): [CEC]:printCecMessage, [4 -> 8] len: 0, body:, result:no ack
06-04 11:05:44.224 I/bt_bta_av( 1045): packages/modules/Bluetooth/system/bta/av/bta_av_main.cc:431 bta_av_api_register: bta_av_api_register: AVRCP version used for sdp: "avrcp15"
06-04 11:05:44.224 I/bt_bta_av( 1045): packages/modules/Bluetooth/system/bta/av/bta_av_main.cc:431 bta_av_api_register: bta_av_api_register: AVRCP version used for sdp: "avrcp15"
06-04 11:05:44.224 I/bt_bta_av( 1045): packages/modules/Bluetooth/system/bta/av/bta_av_main.cc:431 bta_av_api_register: bta_av_api_register: AVRCP version used for sdp: "avrcp15"
06-04 11:05:44.225 I/bt_bta_av( 1045): packages/modules/Bluetooth/system/bta/av/bta_av_main.cc:431 bta_av_api_register: bta_av_api_register: AVRCP version used for sdp: "avrcp15"
06-04 11:05:44.225 I/bt_bta_av( 1045): packages/modules/Bluetooth/system/bta/av/bta_av_main.cc:431 bta_av_api_register: bta_av_api_register: AVRCP version used for sdp: "avrcp15"
06-04 11:05:44.225 I/bt_btif_storage( 1045): packages/modules/Bluetooth/system/btif/src/btif_storage.cc:653 btif_storage_get_adapter_property: btif_storage_get_adapter_property service_mask:0x20000008
06-04 11:05:44.225 D/A2dpService( 1045): A2DP offload flag set to false
06-04 11:05:44.225 D/xm_audio( 476): adev_get_parameters
06-04 11:05:44.227 D/vold_prepare_subdirs( 1331): Setting up mode 771 uid 0 gid 1000 context u:object_r:apex_module_data_file:s0 on path: /data/misc_ce/0/apexdata/com.android.neuralnetworks
06-04 11:05:44.232 D/A2dpService( 1045): setA2dpService(): set to: com.android.bluetooth.a2dp.A2dpService@3a05edd
06-04 11:05:44.232 D/ActivityAttributionService( 1045): notifyActivityAttributionInfo UID=1002 packageName=com.android.bluetooth deviceAddress=no_active_device_address
06-04 11:05:44.232 I/bt_btif ( 1045): packages/modules/Bluetooth/system/btif/src/bluetooth.cc:829 get_profile_interface: get_profile_interface: id = activity_attribution
06-04 11:05:44.234 D/vold_prepare_subdirs( 1331): Setting up mode 771 uid 0 gid 1000 context u:object_r:apex_module_data_file:s0 on path: /data/misc_ce/0/apexdata/com.android.resolv
06-04 11:05:44.235 D/xm_audio( 476): adev_get_parameters
06-04 11:05:44.236 I/AvrcpTargetService( 1045): Starting the AVRCP Target Service
06-04 11:05:44.237 D/xm_audio( 476): adev_get_parameters
06-04 11:05:44.238 V/MediaPlayerList( 1045): Creating MediaPlayerList
06-04 11:05:44.241 D/vold_prepare_subdirs( 1331): Setting up mode 771 uid 0 gid 1000 context u:object_r:apex_module_data_file:s0 on path: /data/misc_ce/0/apexdata/com.android.mediaprovider
06-04 11:05:44.242 D/xm_audio( 476): adev_get_parameters
06-04 11:05:44.242 D/vold_prepare_subdirs( 1331): Setting up mode 771 uid 0 gid 1000 context u:object_r:apex_system_server_data_file:s0 on path: /data/misc_ce/0/apexdata/com.android.uwb
06-04 11:05:44.244 D/xm_audio( 476): adev_get_parameters
06-04 11:05:44.245 D/MediaSessionService( 689): The MediaKeyEventSessionChangedListener (android.os.BinderProxy@782ce66) is added by com.android.bluetooth
06-04 11:05:44.247 I/AvrcpTargetJni( 1045): classInitNative: AvrcpTargetJni initialized!
06-04 11:05:44.248 D/AvrcpTargetJni( 1045): initNative
06-04 11:05:44.248 I/bt_stack( 1045): [INFO:avrcp_service.cc(375)] AVRCP Target Service started
06-04 11:05:44.248 I/bt_bta_dm( 1045): packages/modules/Bluetooth/system/bta/dm/bta_dm_act.cc:3456 bta_dm_eir_update_uuid: EIR Adding UUID=0x110C into extended inquiry response
06-04 11:05:44.248 I/bt_bta_dm( 1045): packages/modules/Bluetooth/system/bta/dm/bta_dm_act.cc:3155 bta_dm_set_eir: Generating extended inquiry response packet EIR
06-04 11:05:44.248 I/bt_bta_dm( 1045): packages/modules/Bluetooth/system/bta/dm/bta_dm_act.cc:3456 bta_dm_eir_update_uuid: EIR Adding UUID=0x110E into extended inquiry response
06-04 11:05:44.248 I/bt_bta_dm( 1045): packages/modules/Bluetooth/system/bta/dm/bta_dm_act.cc:3155 bta_dm_set_eir: Generating extended inquiry response packet EIR
06-04 11:05:44.248 I/bt_stack( 1045): [INFO:connection_handler.cc(200)] Connect to device ff:ff:ff:ff:ff:ff
06-04 11:05:44.248 I/bt_stack( 1045): [INFO:connection_handler.cc(222)] virtual bool bluetooth::avrcp::ConnectionHandler::AvrcpConnect(bool, const RawAddress &): handle=0000 status= 000000
06-04 11:05:44.253 D/xm_audio( 476): adev_get_parameters
