06-04 11:05:44.582 D/SystemServerTimingAsync( 689): ssm.onUnlockingUser-0_com.android.server.usage.UsageStatsService
06-04 11:05:44.582 D/SystemServerTimingAsync( 689): ssm.onUnlockingUser-0_com.android.server.webkit.WebViewUpdateService
06-04 11:05:44.582 D/SystemServerTimingAsync( 689): ssm.onUnlockingUser-0_com.android.server.CachedDeviceStateService
06-04 11:05:44.582 D/SystemServerTimingAsync( 689): ssm.onUnlockingUser-0_com.android.server.BinderCallsStatsService$LifeCycle
06-04 11:05:44.582 D/SystemServerTimingAsync( 689): ssm.onUnlockingUser-0_com.android.server.LooperStatsService$Lifecycle
06-04 11:05:44.582 D/SystemServerTimingAsync( 689): ssm.onUnlockingUser-0_com.android.server.rollback.RollbackManagerService
06-04 11:05:44.583 D/SystemServerTimingAsync( 689): ssm.onUnlockingUser-0_com.android.server.os.NativeTombstoneManagerService
06-04 11:05:44.583 D/SystemServerTimingAsync( 689): ssm.onUnlockingUser-0_com.android.server.os.BugreportManagerService
06-04 11:05:44.583 D/SystemServerTimingAsync( 689): ssm.onUnlockingUser-0_com.android.server.gpu.GpuService
06-04 11:05:44.583 D/SystemServerTimingAsync( 689): ssm.onUnlockingUser-0_com.android.server.security.rkp.RemoteProvisioningService
06-04 11:05:44.583 D/SystemServerTimingAsync( 689): ssm.onUnlockingUser-0_com.android.server.security.KeyChainSystemService
06-04 11:05:44.583 D/SystemServerTimingAsync( 689): ssm.onUnlockingUser-0_com.android.server.BinaryTransparencyService
06-04 11:05:44.583 D/SystemServerTimingAsync( 689): ssm.onUnlockingUser-0_com.android.server.accounts.AccountManagerService$Lifecycle
06-04 11:05:44.583 D/SystemServerTimingAsync( 689): ssm.onUnlockingUser-0_com.android.server.content.ContentService$Lifecycle
06-04 11:05:44.583 D/SystemServerTimingAsync( 689): ssm.onUnlockingUser-0_com.android.server.deviceconfig.DeviceConfigInit$Lifecycle
06-04 11:05:44.583 D/SystemServerTimingAsync( 689): ssm.onUnlockingUser-0_com.android.server.DropBoxManagerService
06-04 11:05:44.583 D/SystemServerTimingAsync( 689): ssm.onUnlockingUser-0_com.android.role.RoleService
06-04 11:05:44.583 D/SystemServerTimingAsync( 689): ssm.onUnlockingUser-0_com.android.server.vibrator.VibratorManagerService$Lifecycle
06-04 11:05:44.583 D/SystemServerTimingAsync( 689): ssm.onUnlockingUser-0_com.android.server.tare.InternalResourceService
06-04 11:05:44.583 I/BroadcastQueue( 689): BOOT_COMPLETED_BROADCAST_COMPLETION_LATENCY_REPORTED action:android.intent.action.LOCKED_BOOT_COMPLETED dispatchLatency:32 completeLatency:566 dispatchRealLatency:32 completeRealLatency:566 receiversSize:4 userId:0 userType:android.os.usertype.full.SYSTEM
06-04 11:05:44.583 D/SystemServerTimingAsync( 689): ssm.onUnlockingUser-0_com.android.server.alarm.AlarmManagerService
06-04 11:05:44.583 D/SystemServerTimingAsync( 689): ssm.onUnlockingUser-0_com.android.server.devicestate.DeviceStateManagerService
06-04 11:05:44.583 D/SystemServerTimingAsync( 689): ssm.onUnlockingUser-0_com.android.server.camera.CameraServiceProxy
06-04 11:05:44.583 D/SystemServerTimingAsync( 689): ssm.onUnlockingUser-0_com.android.server.bluetooth.BluetoothService
06-04 11:05:44.584 D/BluetoothManagerService( 689): User UserHandle{0} unlocked
06-04 11:05:44.584 D/SystemServerTimingAsync( 689): ssm.onUnlockingUser-0_com.android.server.connectivity.IpConnectivityMetrics
06-04 11:05:44.584 D/SystemServerTimingAsync( 689): ssm.onUnlockingUser-0_com.android.server.net.watchlist.NetworkWatchlistService$Lifecycle
06-04 11:05:44.584 D/SystemServerTimingAsync( 689): ssm.onUnlockingUser-0_com.android.server.PinnerService
06-04 11:05:44.584 D/SystemServerTimingAsync( 689): ssm.onUnlockingUser-0_com.android.server.integrity.AppIntegrityManagerService
06-04 11:05:44.584 W/Looper ( 689): Drained
06-04 11:05:44.585 D/SystemServerTimingAsync( 689): ssm.onUnlockingUser-0_com.android.server.logcat.LogcatManagerService
06-04 11:05:44.585 D/SystemServerTimingAsync( 689): ssm.onUnlockingUser-0_com.android.server.inputmethod.InputMethodManagerService$Lifecycle
06-04 11:05:44.585 D/SystemServerTimingAsync( 689): ssm.onUnlockingUser-0_com.android.server.accessibility.AccessibilityManagerService$Lifecycle
06-04 11:05:44.585 D/SystemServerTimingAsync( 689): ssm.onUnlockingUser-0_com.android.server.StorageManagerService$Lifecycle
06-04 11:05:44.585 D/StorageManagerService( 689): onUnlockUser 0
06-04 11:05:44.585 I/StorageSessionController( 689): On user unlock 0
06-04 11:05:44.586 I/StorageSessionController( 689): Initialialising...
06-04 11:05:44.586 D/BluetoothManagerService( 689): MESSAGE_USER_UNLOCKED
06-04 11:05:44.587 D/xm_audio( 476): adev_get_parameters
06-04 11:05:44.587 I/vold ( 248): onUserStarted: 0
06-04 11:05:44.589 D/SystemServerTimingAsync( 689): ssm.onUnlockingUser-0_com.android.server.usage.StorageStatsService$Lifecycle
06-04 11:05:44.589 D/SystemServerTimingAsync( 689): ssm.onUnlockingUser-0_com.android.server.UiModeManagerService
06-04 11:05:44.589 D/SystemServerTimingAsync( 689): ssm.onUnlockingUser-0_com.android.server.locales.LocaleManagerService
06-04 11:05:44.589 D/SystemServerTimingAsync( 689): ssm.onUnlockingUser-0_com.android.server.grammaticalinflection.GrammaticalInflectionService
06-04 11:05:44.589 D/SystemServerTimingAsync( 689): ssm.onUnlockingUser-0_com.android.server.apphibernation.AppHibernationService
06-04 11:05:44.590 D/SystemServerTimingAsync( 689): ssm.onUnlockingUser-0_com.android.server.locksettings.LockSettingsService$Lifecycle
06-04 11:05:44.590 D/SystemServerTimingAsync( 689): ssm.onUnlockingUser-0_com.android.server.PersistentDataBlockService
06-04 11:05:44.590 D/SystemServerTimingAsync( 689): ssm.onUnlockingUser-0_com.android.server.testharness.TestHarnessModeService
06-04 11:05:44.590 D/SystemServerTimingAsync( 689): ssm.onUnlockingUser-0_com.android.server.oemlock.OemLockService
06-04 11:05:44.590 D/SystemServerTimingAsync( 689): ssm.onUnlockingUser-0_com.android.server.DeviceIdleController
06-04 11:05:44.590 D/SystemServerTimingAsync( 689): ssm.onUnlockingUser-0_com.android.server.devicepolicy.DevicePolicyManagerService$Lifecycle
06-04 11:05:44.590 D/LockSettingsService( 689): Hiding encryption notification for user 0
06-04 11:05:44.590 D/SystemServerTimingAsync( 689): ssm.onUnlockingUser-0_com.android.server.texttospeech.TextToSpeechManagerService
06-04 11:05:44.591 D/SystemServerTimingAsync( 689): ssm.onUnlockingUser-0_com.android.server.ambientcontext.AmbientContextManagerService
06-04 11:05:44.591 I/AmbientContextManagerService( 689): serviceNames sent in newServiceListLocked is null, or empty
06-04 11:05:44.591 D/SystemServerTimingAsync( 689): ssm.onUnlockingUser-0_com.android.server.wearable.WearableSensingManagerService
06-04 11:05:44.591 D/WearableSensingManagerService( 689): onServiceRemoved
06-04 11:05:44.591 D/WearableSensingManagerPerUserService( 689): Trying to cancel the remote request. Reason: Service destroyed.
06-04 11:05:44.591 D/SystemServerTimingAsync( 689): ssm.onUnlockingUser-0_com.android.server.speech.SpeechRecognitionManagerService
06-04 11:05:44.592 D/SystemServerTimingAsync( 689): ssm.onUnlockingUser-0_com.android.server.searchui.SearchUiManagerService
06-04 11:05:44.592 D/SystemServerTimingAsync( 689): ssm.onUnlockingUser-0_com.android.server.smartspace.SmartspaceManagerService
06-04 11:05:44.592 D/SystemServerTimingAsync( 689): ssm.onUnlockingUser-0_com.android.server.graphics.fonts.FontManagerService$Lifecycle
06-04 11:05:44.592 D/SystemServerTimingAsync( 689): ssm.onUnlockingUser-0_com.android.server.textservices.TextServicesManagerService$Lifecycle
06-04 11:05:44.592 W/TextServicesManagerService( 689): no available spell checker services found
06-04 11:05:44.593 D/SystemServerTimingAsync( 689): ssm.onUnlockingUser-0_com.android.server.textclassifier.TextClassificationManagerService$Lifecycle
06-04 11:05:44.593 I/HibernationStateDiskStore( 689): No hibernation file on disk for file /data/system_ce/0/hibernation/states
06-04 11:05:44.593 D/BluetoothManagerService( 689): Bluetooth Adapter address changed to 1C:79:2D:20:62:84
06-04 11:05:44.593 D/SystemServerTimingAsync( 689): ssm.onUnlockingUser-0_com.android.server.NetworkScoreService$Lifecycle
06-04 11:05:44.593 D/SystemServerTimingAsync( 689): ssm.onUnlockingUser-0_com.android.server.NetworkStatsServiceInitializer
06-04 11:05:44.593 D/SystemServerTimingAsync( 689): ssm.onUnlockingUser-0_com.android.server.wifi.WifiService
06-04 11:05:44.593 D/WifiService( 689): Handle user unlock 0
06-04 11:05:44.593 D/BluetoothManagerService( 689): Stored Bluetoothaddress: 1C:79:2D:20:62:84
06-04 11:05:44.593 V/StorageManagerService( 689): Found primary storage at VolumeInfo{emulated;0}:
06-04 11:05:44.593 V/StorageManagerService( 689): type=EMULATED diskId=null partGuid= mountFlags=0 mountUserId=0
06-04 11:05:44.593 V/StorageManagerService( 689): state=UNMOUNTED
06-04 11:05:44.593 V/StorageManagerService( 689): fsType=null fsUuid=null fsLabel=null
06-04 11:05:44.593 V/StorageManagerService( 689): path=null internalPath=null
06-04 11:05:44.593 D/BluetoothManagerService( 689): Bluetooth Adapter name changed to DBBOX-A3 6284 by android
06-04 11:05:44.594 D/SystemServerTimingAsync( 689): ssm.onUnlockingUser-0_com.android.server.wifi.scanner.WifiScanningService
06-04 11:05:44.594 D/BluetoothManagerService( 689): Stored Bluetooth name: DBBOX-A3 6284
06-04 11:05:44.594 D/SystemServerTimingAsync( 689): ssm.onUnlockingUser-0_com.android.server.wifi.p2p.WifiP2pService
06-04 11:05:44.594 D/SystemServerTimingAsync( 689): ssm.onUnlockingUser-0_com.android.server.ConnectivityServiceInitializer
06-04 11:05:44.594 D/SystemServerTimingAsync( 689): ssm.onUnlockingUser-0_com.android.server.notification.NotificationManagerService
06-04 11:05:44.594 D/SystemServerTimingAsync( 689): ssm.onUnlockingUser-0_com.android.server.storage.DeviceStorageMonitorService
06-04 11:05:44.594 D/SystemServerTimingAsync( 689): ssm.onUnlockingUser-0_com.android.server.timedetector.TimeDetectorService$Lifecycle
06-04 11:05:44.594 D/SystemServerTimingAsync( 689): ssm.onUnlockingUser-0_com.android.server.location.LocationManagerService$Lifecycle
06-04 11:05:44.594 D/SystemServerTimingAsync( 689): ssm.onUnlockingUser-0_com.android.server.timezonedetector.TimeZoneDetectorService$Lifecycle
06-04 11:05:44.594 D/SystemServerTimingAsync( 689): ssm.onUnlockingUser-0_com.android.server.location.altitude.AltitudeService$Lifecycle
06-04 11:05:44.594 D/SystemServerTimingAsync( 689): ssm.onUnlockingUser-0_com.android.server.timezonedetector.location.LocationTimeZoneManagerService$Lifecycle
06-04 11:05:44.594 D/SystemServerTimingAsync( 689): ssm.onUnlockingUser-0_com.android.server.search.SearchManagerService$Lifecycle
06-04 11:05:44.594 D/SystemServerTimingAsync( 689): ssm.onUnlockingUser-0_com.android.server.wallpaper.WallpaperManagerService$Lifecycle
06-04 11:05:44.594 D/SystemServerTimingAsync( 689): ssm.onUnlockingUser-0_com.android.server.wallpapereffectsgeneration.WallpaperEffectsGenerationManagerService
06-04 11:05:44.594 D/SystemServerTimingAsync( 689): ssm.onUnlockingUser-0_com.android.server.audio.AudioService$Lifecycle
06-04 11:05:44.594 D/SystemServerTimingAsync( 689): ssm.onUnlockingUser-0_com.android.server.soundtrigger_middleware.SoundTriggerMiddlewareService$Lifecycle
06-04 11:05:44.594 D/SystemServerTimingAsync( 689): ssm.onUnlockingUser-0_com.android.server.adb.AdbService$Lifecycle
06-04 11:05:44.595 D/SystemServerTimingAsync( 689): ssm.onUnlockingUser-0_com.android.server.usb.UsbService$Lifecycle
06-04 11:05:44.595 D/xm_audio( 476): adev_get_parameters
06-04 11:05:44.596 D/SystemServerTimingAsync( 689): ssm.onUnlockingUser-0_com.android.server.twilight.TwilightService
06-04 11:05:44.596 D/SystemServerTimingAsync( 689): ssm.onUnlockingUser-0_com.android.server.display.color.ColorDisplayService
06-04 11:05:44.596 D/SystemServerTimingAsync( 689): ssm.onUnlockingUser-0_com.android.server.job.JobSchedulerService
06-04 11:05:44.596 D/SystemServerTimingAsync( 689): ssm.onUnlockingUser-0_com.android.server.soundtrigger.SoundTriggerService
06-04 11:05:44.596 D/SystemServerTimingAsync( 689): ssm.onUnlockingUser-0_com.android.server.trust.TrustManagerService
06-04 11:05:44.596 D/SystemServerTimingAsync( 689): ssm.onUnlockingUser-0_com.android.server.backup.BackupManagerService$Lifecycle
06-04 11:05:44.596 D/SystemServerTimingAsync( 689): ssm.onUnlockingUser-0_com.android.server.appwidget.AppWidgetService
06-04 11:05:44.596 D/SystemServerTimingAsync( 689): ssm.onUnlockingUser-0_com.android.server.voiceinteraction.VoiceInteractionManagerService
06-04 11:05:44.597 W/VoiceInteractionManager( 689): no available voice recognition services found for user 0
06-04 11:05:44.597 D/SystemServerTimingAsync( 689): ssm.onUnlockingUser-0_com.android.server.GestureLauncherService
06-04 11:05:44.597 D/SystemServerTimingAsync( 689): ssm.onUnlockingUser-0_com.android.server.SensorNotificationService
06-04 11:05:44.597 D/SystemServerTimingAsync( 689): ssm.onUnlockingUser-0_com.android.server.emergency.EmergencyAffordanceService
06-04 11:05:44.597 D/SystemServerTimingAsync( 689): ssm.onUnlockingUser-0_com.android.server.blob.BlobStoreManagerService
06-04 11:05:44.597 D/SystemServerTimingAsync( 689): ssm.onUnlockingUser-0_com.android.server.dreams.DreamManagerService
06-04 11:05:44.597 D/SystemServerTimingAsync( 689): ssm.onUnlockingUser-0_com.android.server.security.AttestationVerificationManagerService
06-04 11:05:44.598 D/SystemServerTimingAsync( 689): ssm.onUnlockingUser-0_com.android.server.restrictions.RestrictionsManagerService
06-04 11:05:44.598 D/SystemServerTimingAsync( 689): ssm.onUnlockingUser-0_com.android.server.media.MediaSessionService
06-04 11:05:44.598 D/SystemServerTimingAsync( 689): ssm.onUnlockingUser-0_com.android.server.hdmi.HdmiControlService
06-04 11:05:44.598 D/SystemServerTimingAsync( 689): ssm.onUnlockingUser-0_com.android.server.tv.interactive.TvInteractiveAppManagerService
06-04 11:05:44.598 D/SystemServerTimingAsync( 689): ssm.onUnlockingUser-0_com.android.server.tv.TvInputManagerService
06-04 11:05:44.598 D/SystemServerTimingAsync( 689): ssm.onUnlockingUser-0_com.android.server.media.MediaResourceMonitorService
06-04 11:05:44.598 D/SystemServerTimingAsync( 689): ssm.onUnlockingUser-0_com.android.server.tv.TvRemoteService
06-04 11:05:44.598 I/BackupManagerService( 689): Starting service for user: 0
06-04 11:05:44.598 D/SystemServerTimingAsync( 689): ssm.onUnlockingUser-0_com.android.server.biometrics.BiometricService
06-04 11:05:44.598 D/SystemServerTimingAsync( 689): ssm.onUnlockingUser-0_com.android.server.biometrics.AuthService
06-04 11:05:44.598 D/SystemServerTimingAsync( 689): ssm.onUnlockingUser-0_com.android.server.pm.ShortcutService$Lifecycle
06-04 11:05:44.599 I/StorageManagerService( 689): Mounting volume VolumeInfo{emulated;0}:
06-04 11:05:44.599 I/StorageManagerService( 689): type=EMULATED diskId=null partGuid= mountFlags=PRIMARY|VISIBLE_FOR_WRITE
06-04 11:05:44.599 I/StorageManagerService( 689): mountUserId=0 state=UNMOUNTED
06-04 11:05:44.599 I/StorageManagerService( 689): fsType=null fsUuid=null fsLabel=null
06-04 11:05:44.599 I/StorageManagerService( 689): path=null internalPath=null
06-04 11:05:44.600 I/vold ( 248): Mounting emulated fuse volume
06-04 11:05:44.600 D/SystemServerTimingAsync( 689): ssm.onUnlockingUser-0_com.android.server.pm.LauncherAppsService
06-04 11:05:44.601 D/SystemServerTimingAsync( 689): ssm.onUnlockingUser-0_com.android.server.pm.CrossProfileAppsService
06-04 11:05:44.601 D/SystemServerTimingAsync( 689): ssm.onUnlockingUser-0_com.android.server.people.PeopleService
06-04 11:05:44.601 D/SystemServerTimingAsync( 689): ssm.onUnlockingUser-0_com.android.server.media.metrics.MediaMetricsManagerService
06-04 11:05:44.601 D/SystemServerTimingAsync( 689): ssm.onUnlockingUser-0_com.android.server.pm.BackgroundInstallControlService
06-04 11:05:44.601 D/SystemServerTimingAsync( 689): ssm.onUnlockingUser-0_com.android.server.media.projection.MediaProjectionManagerService
06-04 11:05:44.601 D/SystemServerTimingAsync( 689): ssm.onUnlockingUser-0_com.android.server.slice.SliceManagerService$Lifecycle
06-04 11:05:44.601 D/SystemServerTimingAsync( 689): ssm.onUnlockingUser-0_com.android.server.stats.StatsCompanion$Lifecycle
06-04 11:05:44.601 D/SystemServerTimingAsync( 689): ssm.onUnlockingUser-0_com.android.server.scheduling.RebootReadinessManagerService$Lifecycle
06-04 11:05:44.601 D/SystemServerTimingAsync( 689): ssm.onUnlockingUser-0_com.android.server.stats.pull.StatsPullAtomService
06-04 11:05:44.601 D/SystemServerTimingAsync( 689): ssm.onUnlockingUser-0_com.android.server.stats.bootstrap.StatsBootstrapAtomService$Lifecycle
06-04 11:05:44.601 D/SystemServerTimingAsync( 689): ssm.onUnlockingUser-0_com.android.server.incident.IncidentCompanionService
06-04 11:05:44.601 D/SystemServerTimingAsync( 689): ssm.onUnlockingUser-0_com.android.server.sdksandbox.SdkSandboxManagerService$Lifecycle
06-04 11:05:44.601 I/SdkSandboxManager( 689): onUserUnlocking 0
06-04 11:05:44.601 D/SystemServerTimingAsync( 689): ssm.onUnlockingUser-0_com.android.server.adservices.AdServicesManagerService$Lifecycle
06-04 11:05:44.601 D/SystemServerTimingAsync( 689): ssm.onUnlockingUser-0_com.android.server.ondevicepersonalization.OnDevicePersonalizationSystemService$Lifecycle
06-04 11:05:44.601 D/SystemServerTimingAsync( 689): ssm.onUnlockingUser-0_com.android.server.autofill.AutofillManagerService
06-04 11:05:44.602 V/NearbyService( 689): Initiating BluetoothAdapter when Bluetooth is turned on.
06-04 11:05:44.602 D/WakeupConfigStoreData( 689): WifiWake user data has been read
06-04 11:05:44.604 D/WifiConfigStore( 689): Reading from user stores completed in 7 ms.
06-04 11:05:44.605 D/SystemServerTimingAsync( 689): ssm.onUnlockingUser-0_com.android.server.clipboard.ClipboardService
06-04 11:05:44.605 D/SystemServerTimingAsync( 689): ssm.onUnlockingUser-0_com.android.server.appbinding.AppBindingService$Lifecycle
06-04 11:05:44.605 D/xm_audio( 476): adev_get_parameters
06-04 11:05:44.608 I/vold ( 248): Bind mounting /data/media to /mnt/pass_through/0/emulated
06-04 11:05:44.610 V/BackupManagerService( 689): [UserID:0] Starting with transport com.android.localtransport/.LocalTransport
06-04 11:05:44.611 I/StorageSessionController( 689): On volume mount VolumeInfo{emulated;0}:
06-04 11:05:44.611 I/StorageSessionController( 689): type=EMULATED diskId=null partGuid= mountFlags=PRIMARY|VISIBLE_FOR_WRITE
06-04 11:05:44.611 I/StorageSessionController( 689): mountUserId=0 state=CHECKING
06-04 11:05:44.611 I/StorageSessionController( 689): fsType=null fsUuid=null fsLabel=null
06-04 11:05:44.611 I/StorageSessionController( 689): path=/storage/emulated internalPath=/data/media
06-04 11:05:44.611 D/xm_audio( 476): adev_get_parameters
06-04 11:05:44.613 I/StorageSessionController( 689): Creating connection for user: 0
06-04 11:05:44.613 I/StorageSessionController( 689): Creating and starting session with id: emulated;0
06-04 11:05:44.613 D/BackupManagerService( 689): [UserID:0] Started thread backup-0
06-04 11:05:44.614 I/StorageUserConnection( 689): Binding to the ExternalStorageService for user 0
06-04 11:05:44.620 W/AppBindingService( 689): [Default SMS app] u0 Target package not found
06-04 11:05:44.620 D/SystemServerTimingAsync( 689): ssm.onUnlockingUser-0_com.android.server.tracing.TracingServiceProxy
06-04 11:05:44.620 D/SystemServerTimingAsync( 689): ssm.onUnlockingUser-0_com.android.server.policy.PermissionPolicyService
06-04 11:05:44.620 D/SystemServerTimingAsync( 689): ssm.onUnlockingUser-0_com.android.server.pm.StagingManager$Lifecycle
06-04 11:05:44.620 D/SystemServerTimingAsync( 689): ssm.onUnlockingUser-0_com.android.server.app.GameManagerService$Lifecycle
06-04 11:05:44.620 D/SystemServerTimingAsync( 689): ssm.onUnlockingUser-0_com.android.safetycenter.SafetyCenterService
06-04 11:05:44.620 D/SystemServerTimingAsync( 689): ssm.onUnlockingUser-0_com.android.server.appsearch.AppSearchModule$Lifecycle
06-04 11:05:44.621 D/CompatibilityChangeReporter( 689): Compat change id reported: 135634846; UID 10058; state: DISABLED
06-04 11:05:44.622 D/CompatibilityChangeReporter( 689): Compat change id reported: 143937733; UID 10058; state: ENABLED
06-04 11:05:44.623 D/WifiConfigStore( 689): Writing to stores completed in 11 ms.
06-04 11:05:44.624 I/StorageUserConnection( 689): Bound to the ExternalStorageService for user 0
06-04 11:05:44.624 D/xm_audio( 476): adev_get_parameters
06-04 11:05:44.627 W/BatteryExternalStatsWorker( 689): error reading modem stats:ERROR_PHONE_NOT_AVAILABLE
06-04 11:05:44.628 W/BatteryExternalStatsWorker( 689): error reading Bluetooth stats: 11
06-04 11:05:44.629 D/xm_audio( 476): adev_get_parameters
06-04 11:05:44.630 I/wpa_supplicant( 1146): wpa_driver_nl80211_driver_cmd: wifi vendor: aml_w2_s
06-04 11:05:44.630 I/wpa_supplicant( 1146): wpa_driver_nl80211_driver_cmd: wlan0: private command: BTCOEXSCAN-STOP
06-04 11:05:44.631 I/wpa_supplicant( 1146): wpa_driver_nl80211_driver_cmd: wifi vendor: aml_w2_s
06-04 11:05:44.631 I/wpa_supplicant( 1146): wpa_driver_nl80211_driver_cmd: wlan0: private command: BTCOEXSCAN-STOP
06-04 11:05:44.633 D/CompatibilityChangeReporter( 689): Compat change id reported: 289878283; UID 1000; state: ENABLED
06-04 11:05:44.633 I/AppSearchUserInstanceMa( 689): Creating new AppSearch instance at: /data/system_ce/0/appsearch/icing
06-04 11:05:44.637 D/SystemServerTimingAsync( 689): ssm.onUnlockingUser-0_com.android.server.media.MediaCommunicationService
06-04 11:05:44.637 D/SystemServerTimingAsync( 689): ssm.onUnlockingUser-0_com.android.server.compat.overrides.AppCompatOverridesService$Lifecycle
06-04 11:05:44.637 D/SystemServerTimingAsync( 689): ssm.onUnlockingUser-0_com.android.server.healthconnect.HealthConnectManagerService
06-04 11:05:44.637 D/SystemServerTimingAsync( 689): ssm.onUnlockingUser-0_com.android.server.devicelock.DeviceLockService
06-04 11:05:44.637 D/DeviceLockService( 689): onUserUnlocking
06-04 11:05:44.637 D/xm_audio( 476): adev_get_parameters
06-04 11:05:44.637 I/ActivityTaskManager( 689): Loading recents for user 0 into memory.
06-04 11:05:44.638 D/SystemServerTiming( 689): finishUserUnlocked-0
06-04 11:05:44.638 I/ActivityManager( 689): User 0 state changed from RUNNING_UNLOCKING to RUNNING_UNLOCKED
06-04 11:05:44.639 V/SystemServerTiming( 689): SystemUserUnlock took to complete: 598ms
06-04 11:05:44.641 D/xm_audio( 476): adev_get_parameters
06-04 11:05:44.643 V/PackageConfigPersister( 689): loadPackages: empty list files from /data/system_ce/0/package_configs
06-04 11:05:44.644 I/ActivityManager( 689): com.dangbei.lerad.etna.haqu is exempt from freezer
06-04 11:05:44.644 D/CompatibilityChangeReporter( 689): Compat change id reported: 135634846; UID 1000; state: DISABLED
06-04 11:05:44.646 W/BroadcastLoopers( 689): Found previously unknown looper Thread[ActivityManager,5,main]
06-04 11:05:44.648 I/ActivityManager( 689): Posting BOOT_COMPLETED user #0
06-04 11:05:44.649 D/xm_audio( 476): adev_get_parameters
06-04 11:05:44.651 D/SystemServerTimingAsync( 689): ssm.UnlockedUser-0
06-04 11:05:44.651 I/SystemServiceManager( 689): Calling onUnlockedUser 0
06-04 11:05:44.651 D/SystemServerTimingAsync( 689): ssm.onUnlockedUser-0_com.android.server.security.FileIntegrityService
06-04 11:05:44.651 D/SystemServerTimingAsync( 689): ssm.onUnlockedUser-0_com.android.server.pm.Installer
06-04 11:05:44.651 D/SystemServerTimingAsync( 689): ssm.onUnlockedUser-0_com.android.server.os.DeviceIdentifiersPolicyService
06-04 11:05:44.651 D/SystemServerTimingAsync( 689): ssm.onUnlockedUser-0_com.android.server.flags.FeatureFlagsService
06-04 11:05:44.651 D/SystemServerTimingAsync( 689): ssm.onUnlockedUser-0_com.android.server.uri.UriGrantsManagerService$Lifecycle
06-04 11:05:44.651 D/SystemServerTimingAsync( 689): ssm.onUnlockedUser-0_com.android.server.powerstats.PowerStatsService
06-04 11:05:44.651 D/SystemServerTimingAsync( 689): ssm.onUnlockedUser-0_com.android.server.permission.access.AccessCheckingService
06-04 11:05:44.651 D/SystemServerTimingAsync( 689): ssm.onUnlockedUser-0_com.android.server.wm.ActivityTaskManagerService$Lifecycle
06-04 11:05:44.651 D/xm_audio( 476): adev_get_parameters
06-04 11:05:44.653 D/AppWidgetServiceImpl( 689): Unable to load widget provider info from xml for ComponentInfo{com.android.deskclock/com.android.alarmclock.AnalogAppWidgetProvider}
06-04 11:05:44.653 D/AppWidgetServiceImpl( 689): Unable to load widget provider info from xml for ComponentInfo{com.android.deskclock/com.android.alarmclock.DigitalAppWidgetProvider}
06-04 11:05:44.654 D/AppWidgetServiceImpl( 689): Unable to load widget provider info from xml for ComponentInfo{com.android.systemui/com.android.systemui.people.widget.PeopleSpaceWidgetProvider}
06-04 11:05:44.654 I/AppWidgetServiceImpl( 689): Processing of handleUserUnlocked u0 took 7 ms
06-04 11:05:44.656 I/LaunchParamsPersister( 689): Didn't find launch param folder for user 0
06-04 11:05:44.656 D/Zygote ( 459): Forked child process 1403
06-04 11:05:44.657 D/SystemServerTimingAsync( 689): ssm.onUnlockedUser-0_com.android.server.am.ActivityManagerService$Lifecycle
06-04 11:05:44.657 D/SystemServerTimingAsync( 689): ssm.onUnlockedUser-0_com.android.server.pm.DataLoaderManagerService
06-04 11:05:44.657 D/SystemServerTimingAsync( 689): ssm.onUnlockedUser-0_com.android.server.power.PowerManagerService
06-04 11:05:44.657 D/SystemServerTimingAsync( 689): ssm.onUnlockedUser-0_com.android.server.power.ThermalManagerService
06-04 11:05:44.657 D/SystemServerTimingAsync( 689): ssm.onUnlockedUser-0_com.android.server.power.hint.HintManagerService
06-04 11:05:44.657 D/SystemServerTimingAsync( 689): ssm.onUnlockedUser-0_com.android.server.recoverysystem.RecoverySystemService$Lifecycle
06-04 11:05:44.657 D/SystemServerTimingAsync( 689): ssm.onUnlockedUser-0_com.android.server.lights.LightsService
06-04 11:05:44.657 D/SystemServerTimingAsync( 689): ssm.onUnlockedUser-0_com.android.server.display.DisplayManagerService
06-04 11:05:44.657 D/SystemServerTimingAsync( 689): ssm.onUnlockedUser-0_com.android.server.pm.verify.domain.DomainVerificationService
06-04 11:05:44.657 D/SystemServerTimingAsync( 689): ssm.onUnlockedUser-0_com.android.server.pm.PackageInstallerService$Lifecycle
06-04 11:05:44.657 D/SystemServerTimingAsync( 689): ssm.onUnlockedUser-0_com.android.server.pm.UserManagerService$LifeCycle
06-04 11:05:44.657 D/SystemServerTimingAsync( 689): ssm.onUnlockedUser-0_com.android.server.om.OverlayManagerService
06-04 11:05:44.657 D/SystemServerTimingAsync( 689): ssm.onUnlockedUser-0_com.android.server.resources.ResourcesManagerService
06-04 11:05:44.657 D/SystemServerTimingAsync( 689): ssm.onUnlockedUser-0_com.android.server.sensorprivacy.SensorPrivacyService
06-04 11:05:44.657 D/SystemServerTimingAsync( 689): ssm.onUnlockedUser-0_com.android.server.sensors.SensorService
06-04 11:05:44.657 D/SystemServerTimingAsync( 689): ssm.onUnlockedUser-0_com.android.server.SystemConfigService
06-04 11:05:44.657 D/SystemServerTimingAsync( 689): ssm.onUnlockedUser-0_com.android.server.BatteryService
06-04 11:05:44.657 D/SystemServerTimingAsync( 689): ssm.onUnlockedUser-0_com.android.server.usage.UsageStatsService
06-04 11:05:44.657 D/SystemServerTimingAsync( 689): ssm.onUnlockedUser-0_com.android.server.webkit.WebViewUpdateService
06-04 11:05:44.657 D/SystemServerTimingAsync( 689): ssm.onUnlockedUser-0_com.android.server.CachedDeviceStateService
06-04 11:05:44.657 D/SystemServerTimingAsync( 689): ssm.onUnlockedUser-0_com.android.server.BinderCallsStatsService$LifeCycle
06-04 11:05:44.657 D/SystemServerTimingAsync( 689): ssm.onUnlockedUser-0_com.android.server.LooperStatsService$Lifecycle
06-04 11:05:44.657 D/SystemServerTimingAsync( 689): ssm.onUnlockedUser-0_com.android.server.rollback.RollbackManagerService
06-04 11:05:44.657 D/SystemServerTimingAsync( 689): ssm.onUnlockedUser-0_com.android.server.os.NativeTombstoneManagerService
06-04 11:05:44.657 D/SystemServerTimingAsync( 689): ssm.onUnlockedUser-0_com.android.server.os.BugreportManagerService
06-04 11:05:44.657 D/SystemServerTimingAsync( 689): ssm.onUnlockedUser-0_com.android.server.gpu.GpuService
06-04 11:05:44.657 D/SystemServerTimingAsync( 689): ssm.onUnlockedUser-0_com.android.server.security.rkp.RemoteProvisioningService
06-04 11:05:44.657 D/SystemServerTimingAsync( 689): ssm.onUnlockedUser-0_com.android.server.security.KeyChainSystemService
06-04 11:05:44.657 D/SystemServerTimingAsync( 689): ssm.onUnlockedUser-0_com.android.server.BinaryTransparencyService
06-04 11:05:44.657 D/SystemServerTimingAsync( 689): ssm.onUnlockedUser-0_com.android.server.accounts.AccountManagerService$Lifecycle
06-04 11:05:44.657 D/SystemServerTimingAsync( 689): ssm.onUnlockedUser-0_com.android.server.content.ContentService$Lifecycle
06-04 11:05:44.657 D/SystemServerTimingAsync( 689): ssm.onUnlockedUser-0_com.android.server.deviceconfig.DeviceConfigInit$Lifecycle
06-04 11:05:44.657 D/SystemServerTimingAsync( 689): ssm.onUnlockedUser-0_com.android.server.DropBoxManagerService
06-04 11:05:44.657 D/SystemServerTimingAsync( 689): ssm.onUnlockedUser-0_com.android.role.RoleService
06-04 11:05:44.657 D/SystemServerTimingAsync( 689): ssm.onUnlockedUser-0_com.android.server.vibrator.VibratorManagerService$Lifecycle
06-04 11:05:44.657 D/SystemServerTimingAsync( 689): ssm.onUnlockedUser-0_com.android.server.tare.InternalResourceService
06-04 11:05:44.657 D/SystemServerTimingAsync( 689): ssm.onUnlockedUser-0_com.android.server.alarm.AlarmManagerService
06-04 11:05:44.657 D/SystemServerTimingAsync( 689): ssm.onUnlockedUser-0_com.android.server.devicestate.DeviceStateManagerService
06-04 11:05:44.657 D/SystemServerTimingAsync( 689): ssm.onUnlockedUser-0_com.android.server.camera.CameraServiceProxy
06-04 11:05:44.657 D/SystemServerTimingAsync( 689): ssm.onUnlockedUser-0_com.android.server.bluetooth.BluetoothService
06-04 11:05:44.657 D/SystemServerTimingAsync( 689): ssm.onUnlockedUser-0_com.android.server.connectivity.IpConnectivityMetrics
06-04 11:05:44.657 D/SystemServerTimingAsync( 689): ssm.onUnlockedUser-0_com.android.server.net.watchlist.NetworkWatchlistService$Lifecycle
06-04 11:05:44.657 D/SystemServerTimingAsync( 689): ssm.onUnlockedUser-0_com.android.server.PinnerService
06-04 11:05:44.657 D/SystemServerTimingAsync( 689): ssm.onUnlockedUser-0_com.android.server.integrity.AppIntegrityManagerService
06-04 11:05:44.657 D/SystemServerTimingAsync( 689): ssm.onUnlockedUser-0_com.android.server.logcat.LogcatManagerService
06-04 11:05:44.657 D/SystemServerTimingAsync( 689): ssm.onUnlockedUser-0_com.android.server.inputmethod.InputMethodManagerService$Lifecycle
06-04 11:05:44.657 D/SystemServerTimingAsync( 689): ssm.onUnlockedUser-0_com.android.server.accessibility.AccessibilityManagerService$Lifecycle
06-04 11:05:44.657 D/SystemServerTimingAsync( 689): ssm.onUnlockedUser-0_com.android.server.StorageManagerService$Lifecycle
06-04 11:05:44.657 D/SystemServerTimingAsync( 689): ssm.onUnlockedUser-0_com.android.server.usage.StorageStatsService$Lifecycle
06-04 11:05:44.657 D/SystemServerTimingAsync( 689): ssm.onUnlockedUser-0_com.android.server.UiModeManagerService
06-04 11:05:44.657 D/SystemServerTimingAsync( 689): ssm.onUnlockedUser-0_com.android.server.locales.LocaleManagerService
06-04 11:05:44.657 D/SystemServerTimingAsync( 689): ssm.onUnlockedUser-0_com.android.server.grammaticalinflection.GrammaticalInflectionService
06-04 11:05:44.657 D/SystemServerTimingAsync( 689): ssm.onUnlockedUser-0_com.android.server.apphibernation.AppHibernationService
06-04 11:05:44.657 D/SystemServerTimingAsync( 689): ssm.onUnlockedUser-0_com.android.server.locksettings.LockSettingsService$Lifecycle
06-04 11:05:44.657 D/SystemServerTimingAsync( 689): ssm.onUnlockedUser-0_com.android.server.PersistentDataBlockService
06-04 11:05:44.657 D/SystemServerTimingAsync( 689): ssm.onUnlockedUser-0_com.android.server.testharness.TestHarnessModeService
06-04 11:05:44.657 D/SystemServerTimingAsync( 689): ssm.onUnlockedUser-0_com.android.server.oemlock.OemLockService
06-04 11:05:44.657 D/SystemServerTimingAsync( 689): ssm.onUnlockedUser-0_com.android.server.DeviceIdleController
06-04 11:05:44.657 D/SystemServerTimingAsync( 689): ssm.onUnlockedUser-0_com.android.server.devicepolicy.DevicePolicyManagerService$Lifecycle
06-04 11:05:44.657 I/libperfmgr( 484): Hint type not present in actions: DISPLAY_UPDATE_IMMINENT
06-04 11:05:44.658 D/SystemServerTimingAsync( 689): ssm.onUnlockedUser-0_com.android.server.texttospeech.TextToSpeechManagerService
06-04 11:05:44.658 D/SystemServerTimingAsync( 689): ssm.onUnlockedUser-0_com.android.server.ambientcontext.AmbientContextManagerService
06-04 11:05:44.658 D/SystemServerTimingAsync( 689): ssm.onUnlockedUser-0_com.android.server.wearable.WearableSensingManagerService
06-04 11:05:44.658 D/SystemServerTimingAsync( 689): ssm.onUnlockedUser-0_com.android.server.speech.SpeechRecognitionManagerService
06-04 11:05:44.658 D/SystemServerTimingAsync( 689): ssm.onUnlockedUser-0_com.android.server.searchui.SearchUiManagerService
06-04 11:05:44.658 D/SystemServerTimingAsync( 689): ssm.onUnlockedUser-0_com.android.server.smartspace.SmartspaceManagerService
06-04 11:05:44.658 D/SystemServerTimingAsync( 689): ssm.onUnlockedUser-0_com.android.server.graphics.fonts.FontManagerService$Lifecycle
06-04 11:05:44.658 D/SystemServerTimingAsync( 689): ssm.onUnlockedUser-0_com.android.server.textservices.TextServicesManagerService$Lifecycle
06-04 11:05:44.658 D/SystemServerTimingAsync( 689): ssm.onUnlockedUser-0_com.android.server.textclassifier.TextClassificationManagerService$Lifecycle
06-04 11:05:44.658 D/SystemServerTimingAsync( 689): ssm.onUnlockedUser-0_com.android.server.NetworkScoreService$Lifecycle
06-04 11:05:44.658 D/SystemServerTimingAsync( 689): ssm.onUnlockedUser-0_com.android.server.NetworkStatsServiceInitializer
06-04 11:05:44.658 D/SystemServerTimingAsync( 689): ssm.onUnlockedUser-0_com.android.server.wifi.WifiService
06-04 11:05:44.658 D/SystemServerTimingAsync( 689): ssm.onUnlockedUser-0_com.android.server.wifi.scanner.WifiScanningService
06-04 11:05:44.658 D/SystemServerTimingAsync( 689): ssm.onUnlockedUser-0_com.android.server.wifi.p2p.WifiP2pService
06-04 11:05:44.658 D/SystemServerTimingAsync( 689): ssm.onUnlockedUser-0_com.android.server.ConnectivityServiceInitializer
06-04 11:05:44.658 D/SystemServerTimingAsync( 689): ssm.onUnlockedUser-0_com.android.server.notification.NotificationManagerService
06-04 11:05:44.659 I/android.hardware.power-service.libperfmgr( 484): Power boost DISPLAY_UPDATE_IMMINENT isBoostSupported: 0
06-04 11:05:44.662 I/Watchdog( 689): Interesting Java process com.android.providers.media.module started. Pid 1403
06-04 11:05:44.662 I/ActivityManager( 689): Start proc 1403:com.android.providers.media.module/u0a58 for service {com.android.providers.media.module/com.android.providers.media.fuse.ExternalStorageServiceImpl}
06-04 11:05:44.662 I/SELinux ( 689): SELinux: Loaded file context from:
06-04 11:05:44.662 I/SELinux ( 689): /system/etc/selinux/plat_file_contexts
06-04 11:05:44.662 I/SELinux ( 689): /system_ext/etc/selinux/system_ext_file_contexts
06-04 11:05:44.662 I/SELinux ( 689): /product/etc/selinux/product_file_contexts
06-04 11:05:44.662 I/SELinux ( 689): /vendor/etc/selinux/vendor_file_contexts
06-04 11:05:44.663 D/SystemServerTimingAsync( 689): ssm.onUnlockedUser-0_com.android.server.storage.DeviceStorageMonitorService
06-04 11:05:44.663 D/SystemServerTimingAsync( 689): ssm.onUnlockedUser-0_com.android.server.timedetector.TimeDetectorService$Lifecycle
06-04 11:05:44.663 D/SystemServerTimingAsync( 689): ssm.onUnlockedUser-0_com.android.server.location.LocationManagerService$Lifecycle
06-04 11:05:44.663 D/SystemServerTimingAsync( 689): ssm.onUnlockedUser-0_com.android.server.timezonedetector.TimeZoneDetectorService$Lifecycle
06-04 11:05:44.663 D/SystemServerTimingAsync( 689): ssm.onUnlockedUser-0_com.android.server.location.altitude.AltitudeService$Lifecycle
06-04 11:05:44.663 D/SystemServerTimingAsync( 689): ssm.onUnlockedUser-0_com.android.server.timezonedetector.location.LocationTimeZoneManagerService$Lifecycle
06-04 11:05:44.663 D/SystemServerTimingAsync( 689): ssm.onUnlockedUser-0_com.android.server.search.SearchManagerService$Lifecycle
06-04 11:05:44.663 D/SystemServerTimingAsync( 689): ssm.onUnlockedUser-0_com.android.server.wallpaper.WallpaperManagerService$Lifecycle
06-04 11:05:44.663 D/SystemServerTimingAsync( 689): ssm.onUnlockedUser-0_com.android.server.wallpapereffectsgeneration.WallpaperEffectsGenerationManagerService
06-04 11:05:44.663 D/SystemServerTimingAsync( 689): ssm.onUnlockedUser-0_com.android.server.audio.AudioService$Lifecycle
06-04 11:05:44.663 D/SystemServerTimingAsync( 689): ssm.onUnlockedUser-0_com.android.server.soundtrigger_middleware.SoundTriggerMiddlewareService$Lifecycle
06-04 11:05:44.663 D/SystemServerTimingAsync( 689): ssm.onUnlockedUser-0_com.android.server.adb.AdbService$Lifecycle
06-04 11:05:44.663 D/SystemServerTimingAsync( 689): ssm.onUnlockedUser-0_com.android.server.usb.UsbService$Lifecycle
06-04 11:05:44.663 D/SystemServerTimingAsync( 689): ssm.onUnlockedUser-0_com.android.server.twilight.TwilightService
06-04 11:05:44.663 D/SystemServerTimingAsync( 689): ssm.onUnlockedUser-0_com.android.server.display.color.ColorDisplayService
06-04 11:05:44.663 D/SystemServerTimingAsync( 689): ssm.onUnlockedUser-0_com.android.server.job.JobSchedulerService
06-04 11:05:44.663 D/SystemServerTimingAsync( 689): ssm.onUnlockedUser-0_com.android.server.soundtrigger.SoundTriggerService
06-04 11:05:44.663 D/SystemServerTimingAsync( 689): ssm.onUnlockedUser-0_com.android.server.trust.TrustManagerService
06-04 11:05:44.663 D/SystemServerTimingAsync( 689): ssm.onUnlockedUser-0_com.android.server.backup.BackupManagerService$Lifecycle
06-04 11:05:44.663 D/SystemServerTimingAsync( 689): ssm.onUnlockedUser-0_com.android.server.appwidget.AppWidgetService
06-04 11:05:44.663 D/SystemServerTimingAsync( 689): ssm.onUnlockedUser-0_com.android.server.voiceinteraction.VoiceInteractionManagerService
06-04 11:05:44.663 D/SystemServerTimingAsync( 689): ssm.onUnlockedUser-0_com.android.server.GestureLauncherService
06-04 11:05:44.663 D/SystemServerTimingAsync( 689): ssm.onUnlockedUser-0_com.android.server.SensorNotificationService
06-04 11:05:44.663 D/SystemServerTimingAsync( 689): ssm.onUnlockedUser-0_com.android.server.emergency.EmergencyAffordanceService
06-04 11:05:44.663 D/SystemServerTimingAsync( 689): ssm.onUnlockedUser-0_com.android.server.blob.BlobStoreManagerService
06-04 11:05:44.663 D/SystemServerTimingAsync( 689): ssm.onUnlockedUser-0_com.android.server.dreams.DreamManagerService
06-04 11:05:44.663 D/SystemServerTimingAsync( 689): ssm.onUnlockedUser-0_com.android.server.security.AttestationVerificationManagerService
06-04 11:05:44.663 D/SystemServerTimingAsync( 689): ssm.onUnlockedUser-0_com.android.server.restrictions.RestrictionsManagerService
06-04 11:05:44.663 D/SystemServerTimingAsync( 689): ssm.onUnlockedUser-0_com.android.server.media.MediaSessionService
06-04 11:05:44.663 D/SystemServerTimingAsync( 689): ssm.onUnlockedUser-0_com.android.server.hdmi.HdmiControlService
06-04 11:05:44.663 D/SystemServerTimingAsync( 689): ssm.onUnlockedUser-0_com.android.server.tv.interactive.TvInteractiveAppManagerService
06-04 11:05:44.663 D/SystemServerTimingAsync( 689): ssm.onUnlockedUser-0_com.android.server.tv.TvInputManagerService
06-04 11:05:44.663 D/SystemServerTimingAsync( 689): ssm.onUnlockedUser-0_com.android.server.media.MediaResourceMonitorService
06-04 11:05:44.663 D/SystemServerTimingAsync( 689): ssm.onUnlockedUser-0_com.android.server.tv.TvRemoteService
06-04 11:05:44.663 D/SystemServerTimingAsync( 689): ssm.onUnlockedUser-0_com.android.server.biometrics.BiometricService
06-04 11:05:44.663 D/SystemServerTimingAsync( 689): ssm.onUnlockedUser-0_com.android.server.biometrics.AuthService
06-04 11:05:44.663 D/SystemServerTimingAsync( 689): ssm.onUnlockedUser-0_com.android.server.pm.ShortcutService$Lifecycle
06-04 11:05:44.663 D/SystemServerTimingAsync( 689): ssm.onUnlockedUser-0_com.android.server.pm.LauncherAppsService
06-04 11:05:44.664 D/SystemServerTimingAsync( 689): ssm.onUnlockedUser-0_com.android.server.pm.CrossProfileAppsService
06-04 11:05:44.664 D/SystemServerTimingAsync( 689): ssm.onUnlockedUser-0_com.android.server.people.PeopleService
06-04 11:05:44.664 D/SystemServerTimingAsync( 689): ssm.onUnlockedUser-0_com.android.server.media.metrics.MediaMetricsManagerService
06-04 11:05:44.664 D/SystemServerTimingAsync( 689): ssm.onUnlockedUser-0_com.android.server.pm.BackgroundInstallControlService
06-04 11:05:44.664 D/SystemServerTimingAsync( 689): ssm.onUnlockedUser-0_com.android.server.media.projection.MediaProjectionManagerService
06-04 11:05:44.664 D/SystemServerTimingAsync( 689): ssm.onUnlockedUser-0_com.android.server.slice.SliceManagerService$Lifecycle
06-04 11:05:44.664 D/SystemServerTimingAsync( 689): ssm.onUnlockedUser-0_com.android.server.stats.StatsCompanion$Lifecycle
06-04 11:05:44.664 D/SystemServerTimingAsync( 689): ssm.onUnlockedUser-0_com.android.server.scheduling.RebootReadinessManagerService$Lifecycle
06-04 11:05:44.664 D/SystemServerTimingAsync( 689): ssm.onUnlockedUser-0_com.android.server.stats.pull.StatsPullAtomService
06-04 11:05:44.664 D/SystemServerTimingAsync( 689): ssm.onUnlockedUser-0_com.android.server.stats.bootstrap.StatsBootstrapAtomService$Lifecycle
06-04 11:05:44.664 D/SystemServerTimingAsync( 689): ssm.onUnlockedUser-0_com.android.server.incident.IncidentCompanionService
06-04 11:05:44.664 D/SystemServerTimingAsync( 689): ssm.onUnlockedUser-0_com.android.server.sdksandbox.SdkSandboxManagerService$Lifecycle
06-04 11:05:44.664 D/SystemServerTimingAsync( 689): ssm.onUnlockedUser-0_com.android.server.adservices.AdServicesManagerService$Lifecycle
06-04 11:05:44.664 D/xm_audio( 476): adev_get_parameters
06-04 11:05:44.664 D/SystemServerTimingAsync( 689): ssm.onUnlockedUser-0_com.android.server.ondevicepersonalization.OnDevicePersonalizationSystemService$Lifecycle
06-04 11:05:44.664 D/SystemServerTimingAsync( 689): ssm.onUnlockedUser-0_com.android.server.autofill.AutofillManagerService
06-04 11:05:44.664 D/SystemServerTimingAsync( 689): ssm.onUnlockedUser-0_com.android.server.clipboard.ClipboardService
06-04 11:05:44.664 D/SystemServerTimingAsync( 689): ssm.onUnlockedUser-0_com.android.server.appbinding.AppBindingService$Lifecycle
06-04 11:05:44.664 D/SystemServerTimingAsync( 689): ssm.onUnlockedUser-0_com.android.server.tracing.TracingServiceProxy
06-04 11:05:44.664 D/SystemServerTimingAsync( 689): ssm.onUnlockedUser-0_com.android.server.policy.PermissionPolicyService
06-04 11:05:44.665 D/SystemServerTimingAsync( 689): ssm.onUnlockedUser-0_com.android.server.pm.StagingManager$Lifecycle
06-04 11:05:44.665 D/SystemServerTimingAsync( 689): ssm.onUnlockedUser-0_com.android.server.app.GameManagerService$Lifecycle
06-04 11:05:44.665 D/SystemServerTimingAsync( 689): ssm.onUnlockedUser-0_com.android.safetycenter.SafetyCenterService
06-04 11:05:44.665 D/SystemServerTimingAsync( 689): ssm.onUnlockedUser-0_com.android.server.appsearch.AppSearchModule$Lifecycle
06-04 11:05:44.665 D/SystemServerTimingAsync( 689): ssm.onUnlockedUser-0_com.android.server.media.MediaCommunicationService
06-04 11:05:44.665 D/SystemServerTimingAsync( 689): ssm.onUnlockedUser-0_com.android.server.compat.overrides.AppCompatOverridesService$Lifecycle
06-04 11:05:44.665 D/SystemServerTimingAsync( 689): ssm.onUnlockedUser-0_com.android.server.healthconnect.HealthConnectManagerService
06-04 11:05:44.665 D/HealthConnectManagerService( 689): switchToSetupForUser: UserHandle{0}
06-04 11:05:44.665 D/HealthConnectBackupRestore( 689): Performing user switch operations.
06-04 11:05:44.667 D/SystemServerTimingAsync( 689): ssm.onUnlockedUser-0_com.android.server.devicelock.DeviceLockService
06-04 11:05:44.667 I/Zygote ( 1403): seccomp disabled by setenforce 0
06-04 11:05:44.667 E/TaskPersister( 689): File error accessing recents directory (directory doesn't exist?).
06-04 11:05:44.669 I/NotificationHistory( 689): Attempted to unlock gone/disabled user 0
06-04 11:05:44.674 D/xm_audio( 476): adev_get_parameters
06-04 11:05:44.674 I/rs.media.module( 1403): Using CollectorTypeCC GC.
06-04 11:05:44.677 D/hdmicecd( 487): [CEC]:printCecMsgBuf, msg: 0f 84 00 00 00
06-04 11:05:44.683 D/FallbackHome( 1269): User unlocked and real home found; let's go!
06-04 11:05:44.683 E/rs.media.module( 1403): Not starting debugger since process cannot load the jdwp agent.
06-04 11:05:44.683 I/FastBootComplete( 1063): action:android.intent.action.BOOT_COMPLETED
06-04 11:05:44.684 D/HDMI ( 689): [R]: 0F:84:00:00:00
06-04 11:05:44.684 W/ContextImpl( 1063): Calling a method in the system process without a qualified user: android.app.ContextImpl.startService:1899 android.content.ContextWrapper.startService:825 android.content.ContextWrapper.startService:825 com.droidlogic.btpair.FastBootComplete.onReceive:20 android.app.ActivityThread.handleReceiver:4494
06-04 11:05:44.689 V/WindowManagerShell( 939): Transition requested: android.os.BinderProxy@1632462 TransitionRequestInfo { type = 2, triggerTask = TaskInfo{userId=0 taskId=3 displayId=0 isRunning=false baseIntent=Intent { act=android.intent.action.MAIN cat=[android.intent.category.HOME] flg=0x10800100 cmp=com.android.tv.settings/.system.FallbackHome } baseActivity=null topActivity=null origActivity=null realActivity=ComponentInfo{com.android.tv.settings/com.android.tv.settings.system.FallbackHome} numActivities=0 lastActiveTime=21659 supportsMultiWindow=true resizeMode=0 isResizeable=false minWidth=-1 minHeight=-1 defaultMinSize=220 token=WCT{android.window.IWindowContainerToken$Stub$Proxy@21889f3} topActivityType=2 pictureInPictureParams=null shouldDockBigOverlays=false launchIntoPipHostTaskId=-1 lastParentTaskIdBeforePip=-1 displayCutoutSafeInsets=null topActivityInfo=null launchCookies=[] positionInParent=Point(0, 0) parentTaskId=-1 isFocused=true isVisible=true isVisibleRequested=true isSleeping=false topActivityInSizeCompat=false topActivityEligibleForLetterboxEducation= false isLetterboxDoubleTapEnabled= false topActivityEligibleForUserAspectRatioButton= false topActivityBoundsLetterboxed= false isFromLetterboxDoubleTap= false topActivityLetterboxVerticalPosition= -1 topActivityLetterboxHorizontalPosition= -1 topActivityLetterboxWidth=-1 topActivityLetterboxHeight=-1 isUserFullscreenOverrideEnabled=false isTopActivityTransparent=false locusId=null displayAreaFeatureId=1 cameraCompatControlState=hidden}, remoteTransition = null, displayChange = null, flags = 0 }
06-04 11:05:44.690 D/CompatibilityChangeReporter( 689): Compat change id reported: 214016041; UID 1000; state: ENABLED
06-04 11:05:44.690 D/hdmicecd( 487): [HdmiCecControl]:getPhysicalAddress, physical addr: 3000, last pa: 3000, ret = 0
06-04 11:05:44.690 D/CompatibilityChangeReporter( 689): Compat change id reported: 214016041; UID 1000; state: DISABLED
06-04 11:05:44.691 D/hdmicecd( 487): [HdmiCecControl]:getPhysicalAddress, physical addr: 3000, last pa: 3000, ret = 0
06-04 11:05:44.691 D/HDMI ( 689): addCecDevice new:CEC: logical_address: 0x00 device_type: 0 cec_version: 5 vendor_id: 7173227 display_name: TV power_status: 0 physical_address: 0x0000 port_id: -1 old:CEC: logical_address: 0x00 device_type: 0 cec_version: 5 vendor_id: 7173227 display_name: TV power_status: 0 physical_address: 0xFFFF port_id: -1
06-04 11:05:44.692 D/HdmiControlService( 689): Switching to full volume behavior
06-04 11:05:44.692 D/hdmicecd( 487): [HdmiCecControl]:getPhysicalAddress, physical addr: 3000, last pa: 3000, ret = 0
06-04 11:05:44.692 I/ImeTracker( 689): com.android.tv.settings:b180d367: onRequestHide at ORIGIN_SERVER_HIDE_INPUT reason HIDE_UNSPECIFIED_WINDOW
06-04 11:05:44.693 D/HDMI ( 689): [S]: 40:46
06-04 11:05:44.693 I/ImeTracker( 689): com.android.tv.settings:b180d367: onCancelled at PHASE_SERVER_SHOULD_HIDE
06-04 11:05:44.704 D/Zygote ( 459): Forked child process 1420
06-04 11:05:44.704 W/ActivityManager( 689): Slow operation: 61ms so far, now at startProcess: returned from zygote!
06-04 11:05:44.709 I/BpBinder( 260): onLastStrongRef automatically unlinking death recipients:
06-04 11:05:44.712 I/Zygote ( 1420): seccomp disabled by setenforce 0
06-04 11:05:44.716 D/GattService( 1045): Unlocked userId 0
06-04 11:05:44.716 D/A2dpService( 1045): Unlocked userId 0
06-04 11:05:44.716 D/AvrcpTargetService( 1045): Unlocked userId 0
06-04 11:05:44.716 I/AvrcpTargetService( 1045): User unlocked, initializing the service
06-04 11:05:44.716 V/MediaPlayerList( 1045): Initializing MediaPlayerList
06-04 11:05:44.718 I/BrowsedPlayerWrapper( 1045): Wrapping Media Browser com.android.bluetooth
06-04 11:05:44.719 I/BrowsedPlayerWrapper( 1045): Wrapping Media Browser com.android.music
06-04 11:05:44.720 D/HeadsetService( 1045): Unlocked userId 0
06-04 11:05:44.720 D/HearingAidService( 1045): Unlocked userId 0
06-04 11:05:44.720 D/HidHostService( 1045): Unlocked userId 0
06-04 11:05:44.720 D/BluetoothOppService( 1045): Unlocked userId 0
06-04 11:05:44.720 D/PanService( 1045): Unlocked userId 0
06-04 11:05:44.720 I/lerad.etna.haqu( 1420): Using CollectorTypeCC GC.
06-04 11:05:44.726 E/lerad.etna.haqu( 1420): Not starting debugger since process cannot load the jdwp agent.
06-04 11:05:44.731 D/xm_audio( 476): adev_get_parameters
06-04 11:05:44.732 D/xm_audio( 476): adev_get_parameters
06-04 11:05:44.749 V/NotificationAssistants( 689): disabling notification assistant for user 0: ComponentInfo{android.ext.services/android.ext.services.notification.Assistant}
06-04 11:05:44.749 D/NotificationListeners( 689): Removing active service ComponentInfo{android.ext.services/android.ext.services.notification.Assistant}
06-04 11:05:44.750 D/CompatibilityChangeReporter( 689): Compat change id reported: 135634846; UID 10040; state: DISABLED
06-04 11:05:44.753 D/CompatibilityChangeReporter( 689): Compat change id reported: 168419799; UID 10058; state: DISABLED
