06-04 11:05:42.407 E/bt_vnd_conf( 477): load_aml_stack_conf success to open file '/vendor/firmware/aml_bt.conf'
06-04 11:05:42.407 E/bt_vnd_conf( 477): load_aml_stack_conf BtChip 2
06-04 11:05:42.407 E/bt_vnd_conf( 477): load_aml_stack_conf amlbt_chiptype '2'
06-04 11:05:42.407 E/bt_vnd_conf( 477): load_aml_stack_conf BtPowerOn 2
06-04 11:05:42.407 E/bt_vnd_conf( 477): load_aml_stack_conf amlbt_poweron '2'
06-04 11:05:42.407 E/bt_vnd_conf( 477): load_aml_stack_conf RomCheck 0
06-04 11:05:42.407 E/bt_vnd_conf( 477): load_aml_stack_conf BtRecovery 0
06-04 11:05:42.407 E/bt_vnd_conf( 477): load_aml_stack_conf amlbt_btrecovery '0'
06-04 11:05:42.407 E/bt_vnd_conf( 477): load_aml_stack_conf BtSink 0
06-04 11:05:42.407 E/bt_vnd_conf( 477): load_aml_stack_conf amlbt_btsink '0'
06-04 11:05:42.407 E/bt_vnd_conf( 477): load_aml_stack_conf BtAntenna 2
06-04 11:05:42.407 E/bt_vnd_conf( 477): load_aml_stack_conf amlbt_rftype '2'
06-04 11:05:42.407 E/bt_vnd_conf( 477): load_aml_stack_conf FirmwareMode 1
06-04 11:05:42.407 E/bt_vnd_conf( 477): load_aml_stack_conf amlbt_fw_mode '1'
06-04 11:05:42.407 E/bt_vnd_conf( 477): load_aml_stack_conf ChangePinMux 0
06-04 11:05:42.407 E/bt_vnd_conf( 477): load_aml_stack_conf amlbt_pin_mux '0'
06-04 11:05:42.407 E/bt_vnd_conf( 477): load_aml_stack_conf BrDigitGain 66
06-04 11:05:42.407 E/bt_vnd_conf( 477): load_aml_stack_conf amlbt_br_digit_gain '0x42'
06-04 11:05:42.407 E/bt_vnd_conf( 477): load_aml_stack_conf EdrDigitGain 98
06-04 11:05:42.407 E/bt_vnd_conf( 477): load_aml_stack_conf amlbt_edr_digit_gain '0x62'
06-04 11:05:42.407 E/bt_vnd_conf( 477): load_aml_stack_conf Btfwlog 0
06-04 11:05:42.407 E/bt_vnd_conf( 477): load_aml_stack_conf amlbt_edr_digit_gain '0'
06-04 11:05:42.407 E/bt_vnd_conf( 477): load_aml_stack_conf ManfData 0519ff010a0b 051316010406
06-04 11:05:42.407 E/bt_vnd_conf( 477): load_aml_stack_conf manfdata '0519ff010a0b 051316010406' len 25
06-04 11:05:42.407 E/bt_vnd_conf( 477): load_aml_stack_conf manfdata cnt 2 strlen 12
06-04 11:05:42.407 E/bt_vnd_conf( 477): load_aml_stack_conf Btlog 3
06-04 11:05:42.407 E/bt_vnd_conf( 477): load_aml_stack_conf Btfactory 0
06-04 11:05:42.407 E/bt_vnd_conf( 477): load_aml_stack_conf Btsystem 1
06-04 11:05:42.407 D/bt_vendor( 477): [AML_BT] amlbt_transtype_check_by_persist aml_w2_s
06-04 11:05:42.407 D/bt_vendor( 477): [AML_BT] W2S Chip type(3:0:0)
06-04 11:05:42.407 D/bt_vendor( 477): property_get_state: value 0
06-04 11:05:42.407 I/bt_vnd_conf( 477): Attempt to load conf from /vendor/etc/bluetooth/bt_vendor.conf
06-04 11:05:42.407 D/android.hardware.bluetooth@1.0-impl( 477): Open vendor library loaded
06-04 11:05:42.407 D/bt_vendor( 477): op for 0
06-04 11:05:42.407 D/bt_vendor( 477): === power on BT ===
06-04 11:05:42.407 D/bt_vendor( 477): bt_power 0
06-04 11:05:42.407 D/bt_upio ( 477): is_rfkill_disabled ? [0]
06-04 11:05:42.408 E/bt_upio ( 477): break
06-04 11:05:42.408 D/bt_upio ( 477): rfkill_state_path : /sys/class/rfkill/rfkill0/state
06-04 11:05:42.408 D/bt_upio ( 477): upio_power_get read 1
06-04 11:05:42.408 D/bt_upio ( 477): upio_power_get buffer 0 , ret 0
06-04 11:05:42.408 D/bt_vendor( 477): first, set bt power
06-04 11:05:42.408 D/bt_upio ( 477): is_emulator_context : 0
06-04 11:05:42.408 D/bt_upio ( 477): is_rfkill_disabled ? [0]
06-04 11:05:42.416 I/AudioFlinger( 521): openOutput() this 0xf0d45950, module 10 Device AUDIO_DEVICE_OUT_HDMI, @:, SamplingRate 32000, Format 0x9000000, Channels 0x1, flags 0x51
06-04 11:05:42.416 D/audio_hw_hal_primary( 476): [adev_open_output_stream_new:7868] enter: dev=0xf09c2930 handle=9d devices=0x400/'HDMI,' flags=0x51/'DIRECT,COMPRESS_OFFLOAD,HW_AV_SYNC,' config=(rt=32000 ch_mask=0x1 fmt=0x9000000) address=''
06-04 11:05:42.416 D/audio_hw_hal_primary( 476): adev_open_output_stream_new: enter
06-04 11:05:42.416 I/audio_hw_hal_primary( 476): [adev_open_output_stream:3285] io 157: out:0xf07c2b30 dev:OUT_HDMI(0x400) addr:
06-04 11:05:42.416 I/audio_hw_hal_primary( 476): [adev_open_output_stream:3287] ch_mask:0x1 rate:32000 format:AC3(0x9000000) flags:0x51
06-04 11:05:42.416 I/audio_hw_hal_primary( 476): adev_open_output_stream: for raw audio output,force alsa stereo output
06-04 11:05:42.416 D/audio_hw_hal_primary( 476): [adev_open_output_stream:3573] format=AC3 rate=32000
06-04 11:05:42.416 I/audio_hw_hal_primary( 476): [adev_open_output_stream:3610] result profile ch_mask:0x1 rate:32000 format:AC3(0x9000000) usecase:RAW_HWSYNC
06-04 11:05:42.416 I/audio_hw_hal_utils( 476): aml_get_stream_dump_file_name line 2929 file_name /data/vendor/audiohal/stream_pid476_tid553.dd
06-04 11:05:42.416 I/audio_hw_hal_primary( 476): [adev_open_output_stream_new:8037] io 157: out: 0xf07c2b30 card:0 alsa devices:0 exit ------
06-04 11:05:42.423 I/audio_hw_hal_primary( 476): [out_get_buffer_size:552] out:0xf07c2b30 config.rate=32000, format:AC3(0x9000000), stream format:AC3(0x9000000)
06-04 11:05:42.427 I/AudioFlinger( 521): HAL output buffer size 2048 frames, normal sink buffer size 2048 frames
06-04 11:05:42.427 I/audio_hw_hal_primary( 476): [audiohal_get_latency:1333] io 157: out:0xf07c2b30 frames:1152 rate:32000 whole_latency:36 alsa_latency:36
06-04 11:05:42.428 I/audio_hw_hal_primary( 476): [out_set_event_callback:3158] io 157: out:0xf07c2b30, callback:0xf29d791d cookie:0xf2e40490
06-04 11:05:42.428 I/audio_hw_hal_primary( 476): [audiohal_get_latency:1333] io 157: out:0xf07c2b30 frames:1152 rate:32000 whole_latency:36 alsa_latency:36
06-04 11:05:42.429 I/AudioFlinger( 521): AudioFlinger's thread 0xeb2a0490 tid=1226 ready to run
06-04 11:05:42.429 I/audio_hw_hal_primary( 476): [audiohal_get_latency:1333] io 157: out:0xf07c2b30 frames:1152 rate:32000 whole_latency:36 alsa_latency:36
06-04 11:05:42.431 D/CCodecBufferChannel( 689): [c2.android.vorbis.decoder#592] MediaCodec discarded an unknown buffer
06-04 11:05:42.431 D/CCodecBufferChannel( 689): [c2.android.vorbis.decoder#592] MediaCodec discarded an unknown buffer
06-04 11:05:42.434 D/CCodecBufferChannel( 689): [c2.android.vorbis.decoder#623] MediaCodec discarded an unknown buffer
06-04 11:05:42.434 D/CCodecBufferChannel( 689): [c2.android.vorbis.decoder#623] MediaCodec discarded an unknown buffer
06-04 11:05:42.434 D/CCodecBufferChannel( 689): [c2.android.vorbis.decoder#623] MediaCodec discarded an unknown buffer
06-04 11:05:42.438 I/hw-BpHwBinder( 689): onLastStrongRef automatically unlinking death recipients
06-04 11:05:42.438 I/hw-BpHwBinder( 612): onLastStrongRef automatically unlinking death recipients
06-04 11:05:42.442 I/hw-BpHwBinder( 689): onLastStrongRef automatically unlinking death recipients
06-04 11:05:42.443 D/MediaCodec( 689): flushMediametrics
06-04 11:05:42.443 I/hw-BpHwBinder( 612): onLastStrongRef automatically unlinking death recipients
06-04 11:05:42.443 I/hw-BpHwBinder( 612): onLastStrongRef automatically unlinking death recipients
06-04 11:05:42.447 D/MediaCodec( 689): flushMediametrics
06-04 11:05:42.453 I/AmFFmpegByteIOAdapter( 601): File size : 6246
06-04 11:05:42.454 W/exFFmpeg( 601): Invalid return value 0 for stream protocol
06-04 11:05:42.454 W/exFFmpeg( 601): Invalid return value 0 for stream protocol
06-04 11:05:42.454 I/AmFFmpegByteIOAdapter( 601): File size : 9847
06-04 11:05:42.454 I/AmFFmpegExtractor( 601): checkInList: iswhite:0, mime:audio/ogg, type:1, id:86021 tag:0
06-04 11:05:42.454 I/AmFFmpegExtractor( 601): checkInList: iswhite:1, mime:audio/ogg, type:1, id:86021 tag:0
06-04 11:05:42.454 E/AmFFmpegExtractor( 601): codec_ctx->properties: 0
06-04 11:05:42.454 I/AmFFmpegExtractor( 601): checkSupportInList ret 1
06-04 11:05:42.455 W/exFFmpeg( 601): Invalid return value 0 for stream protocol
06-04 11:05:42.457 W/exFFmpeg( 601): Invalid return value 0 for stream protocol
06-04 11:05:42.458 I/AmFFmpegExtractor( 601): checkInList: iswhite:0, mime:audio/ogg, type:1, id:86021 tag:0
06-04 11:05:42.459 I/AmFFmpegExtractor( 601): checkInList: iswhite:1, mime:audio/ogg, type:1, id:86021 tag:0
06-04 11:05:42.459 E/AmFFmpegExtractor( 601): codec_ctx->properties: 0
06-04 11:05:42.459 I/AmFFmpegExtractor( 601): checkSupportInList ret 1
06-04 11:05:42.460 D/xm_audio( 476): adev_get_parameters
06-04 11:05:42.466 D/audio_hw_hal_primary( 476): [out_dump:848] io 93: out:0xf07c15a0, fd:20
06-04 11:05:42.466 I/AmFFmpegExtractor( 601): checkInList: iswhite:0, mime:audio/ogg, type:1, id:86021 tag:0
06-04 11:05:42.466 I/AmFFmpegExtractor( 601): checkInList: iswhite:0, mime:audio/ogg, type:1, id:86021 tag:0
06-04 11:05:42.466 I/AmFFmpegExtractor( 601): checkInList: iswhite:1, mime:audio/ogg, type:1, id:86021 tag:0
06-04 11:05:42.466 I/AmFFmpegExtractor( 601): checkInList: iswhite:1, mime:audio/ogg, type:1, id:86021 tag:0
06-04 11:05:42.466 E/AmFFmpegExtractor( 601): codec_ctx->properties: 0
06-04 11:05:42.466 I/AmFFmpegExtractor( 601): checkSupportInList ret 0
06-04 11:05:42.466 E/AmFFmpegExtractor( 601): codec_ctx->properties: 0
06-04 11:05:42.466 I/AmFFmpegExtractor( 601): checkSupportInList ret 0
06-04 11:05:42.466 E/AmFFmpegExtractor( 601): vendor do not support
06-04 11:05:42.466 E/AmFFmpegExtractor( 601): vendor do not support
06-04 11:05:42.468 D/audio_hw_hal_primary( 476): [out_set_parameters:971] out:0xf07c15a0 kvpairs:closing=true;exiting=1 out->out_device:0x400, adev->out_device:0x80002
06-04 11:05:42.468 E/audio_hw_hal_primary( 476): out_set_parameters, ret:-2, hw_sync_mode:is false
06-04 11:05:42.471 I/audio_hw_hal_primary( 476): [out_set_event_callback:3158] io 93: out:0xf07c15a0, callback:0xf29d791d cookie:0xf2e400d0
06-04 11:05:42.472 I/audio_hw_hal_primary( 476): [adev_close_output_stream_new:8052] io handle 93: out:0xf07c15a0
06-04 11:05:42.472 D/audio_hw_hal_primary( 476): adev_close_output_stream_new: enter usecase = RAW_DIRECT
06-04 11:05:42.472 I/audio_hw_hal_primary( 476): [adev_close_output_stream:3695] io 93: out:0xf07c15a0 dev:OUT_HDMI(0x400) flags:0x441, usecase:RAW_DIRECT
06-04 11:05:42.472 D/audio_hw_hal_primary( 476): [out_standby_new:5767] io 93: out:0xf07c15a0 usecase:RAW_DIRECT
06-04 11:05:42.472 I/audio_hw_hal_primary( 476): already standby, do nothing
06-04 11:05:42.472 I/audio_hw_hal_resourcemgr( 476): [is_output_device_muted:710] device:0x2 port_mute:0, fade_mute:0
06-04 11:05:42.472 I/audio_hw_hal_primary( 476): [adev_close_output_stream:3863] io 93: out:0xf07c15a0 exit ------
06-04 11:05:42.476 D/MediaCodecList( 689): codecHandlesFormat: no format, so no extra checks
06-04 11:05:42.476 D/audio_hw_hal_primary( 476): [out_dump:848] io 101: out:0xf07c64b0, fd:20
06-04 11:05:42.479 D/audio_hw_hal_primary( 476): [out_set_parameters:971] out:0xf07c64b0 kvpairs:closing=true;exiting=1 out->out_device:0x400, adev->out_device:0x80002
06-04 11:05:42.479 E/audio_hw_hal_primary( 476): out_set_parameters, ret:-2, hw_sync_mode:is false
06-04 11:05:42.480 I/audio_hw_hal_primary( 476): [out_set_event_callback:3158] io 101: out:0xf07c64b0, callback:0xf29d791d cookie:0xf2e414b0
06-04 11:05:42.480 I/audio_hw_hal_primary( 476): [adev_close_output_stream_new:8052] io handle 101: out:0xf07c64b0
06-04 11:05:42.480 D/audio_hw_hal_primary( 476): adev_close_output_stream_new: enter usecase = PCM_HWSYNC
06-04 11:05:42.480 D/audio_hw_hal_timer( 476): func:audio_timer_delete delete timer.1 success.
06-04 11:05:42.480 D/audio_hw_hal_timer( 476): func:audio_timer_delete delete timer.2 success.
06-04 11:05:42.480 D/audio_hw_hal_primary( 476): [adev_close_output_stream_new:8076] timer_id:1 ret:2
06-04 11:05:42.480 I/audio_hw_hal_primary( 476): [adev_close_output_stream:3695] io 101: out:0xf07c64b0 dev:OUT_HDMI(0x400) flags:0x41, usecase:PCM_HWSYNC
06-04 11:05:42.480 D/audio_hw_hal_primary( 476): [out_standby_new:5767] io 101: out:0xf07c64b0 usecase:PCM_HWSYNC
06-04 11:05:42.480 I/audio_hw_hal_primary( 476): already standby, do nothing
06-04 11:05:42.480 I/audio_hw_hal_resourcemgr( 476): [is_output_device_muted:710] device:0x2 port_mute:0, fade_mute:0
06-04 11:05:42.480 I/audio_hw_hal_primary( 476): [adev_close_output_stream:3863] io 101: out:0xf07c64b0 exit ------
06-04 11:05:42.482 D/audio_hw_hal_primary( 476): [out_dump:848] io 109: out:0xf07c47f0, fd:20
06-04 11:05:42.483 D/CCodec ( 689): allocate(c2.android.vorbis.decoder)
06-04 11:05:42.484 D/audio_hw_hal_primary( 476): [out_set_parameters:971] out:0xf07c47f0 kvpairs:closing=true;exiting=1 out->out_device:0x400, adev->out_device:0x80002
06-04 11:05:42.484 E/audio_hw_hal_primary( 476): out_set_parameters, ret:-2, hw_sync_mode:is false
06-04 11:05:42.485 D/MediaCodecList( 689): codecHandlesFormat: no format, so no extra checks
06-04 11:05:42.485 I/audio_hw_hal_primary( 476): [out_set_event_callback:3158] io 109: out:0xf07c47f0, callback:0xf29d791d cookie:0xf2e411b0
06-04 11:05:42.485 I/audio_hw_hal_primary( 476): [adev_close_output_stream_new:8052] io handle 109: out:0xf07c47f0
06-04 11:05:42.485 D/audio_hw_hal_primary( 476): adev_close_output_stream_new: enter usecase = RAW_DIRECT
06-04 11:05:42.485 I/audio_hw_hal_primary( 476): [adev_close_output_stream:3695] io 109: out:0xf07c47f0 dev:OUT_HDMI(0x400) flags:0x11, usecase:RAW_DIRECT
06-04 11:05:42.485 D/audio_hw_hal_primary( 476): [out_standby_new:5767] io 109: out:0xf07c47f0 usecase:RAW_DIRECT
06-04 11:05:42.485 I/audio_hw_hal_primary( 476): already standby, do nothing
06-04 11:05:42.485 I/audio_hw_hal_resourcemgr( 476): [is_output_device_muted:710] device:0x2 port_mute:0, fade_mute:0
06-04 11:05:42.485 I/audio_hw_hal_primary( 476): [adev_close_output_stream:3863] io 109: out:0xf07c47f0 exit ------
06-04 11:05:42.487 D/hdmicecd( 487): [CEC]:printCecMessage, [4 -> 0] len: 9, body: 47 44 42 42 4f 58 2d 41 33, result:success
06-04 11:05:42.488 E/IPCThreadState( 487): binder thread pool (1 threads) starved for 462 ms
06-04 11:05:42.488 D/HDMI ( 689): [S]: 45:7D
06-04 11:05:42.489 I/WifiStateWorker( 939): WifiManager.getWifiState():3
06-04 11:05:42.490 D/audio_hw_hal_primary( 476): [out_dump:848] io 125: out:0xf07c4f20, fd:20
06-04 11:05:42.490 D/CCodec ( 689): allocate(c2.android.vorbis.decoder)
06-04 11:05:42.491 D/audio_hw_hal_primary( 476): [out_set_parameters:971] out:0xf07c4f20 kvpairs:closing=true;exiting=1 out->out_device:0x400, adev->out_device:0x80002
06-04 11:05:42.491 E/audio_hw_hal_primary( 476): out_set_parameters, ret:-2, hw_sync_mode:is false
06-04 11:05:42.492 I/audio_hw_hal_primary( 476): [out_set_event_callback:3158] io 125: out:0xf07c4f20, callback:0xf29d791d cookie:0xf2e40550
06-04 11:05:42.493 I/audio_hw_hal_primary( 476): [adev_close_output_stream_new:8052] io handle 125: out:0xf07c4f20
06-04 11:05:42.493 D/audio_hw_hal_primary( 476): adev_close_output_stream_new: enter usecase = RAW_DIRECT
06-04 11:05:42.493 I/CCodec ( 689): setting up 'default' as default (vendor) store
06-04 11:05:42.493 I/audio_hw_hal_primary( 476): [adev_close_output_stream:3695] io 125: out:0xf07c4f20 dev:OUT_HDMI(0x400) flags:0x401, usecase:RAW_DIRECT
06-04 11:05:42.493 D/audio_hw_hal_primary( 476): [out_standby_new:5767] io 125: out:0xf07c4f20 usecase:RAW_DIRECT
06-04 11:05:42.493 I/audio_hw_hal_primary( 476): already standby, do nothing
06-04 11:05:42.493 I/audio_hw_hal_resourcemgr( 476): [is_output_device_muted:710] device:0x2 port_mute:0, fade_mute:0
06-04 11:05:42.493 I/audio_hw_hal_primary( 476): [adev_close_output_stream:3863] io 125: out:0xf07c4f20 exit ------
06-04 11:05:42.495 D/AudioFlinger( 521): closing mmapThread 0xeb0c6dc0
06-04 11:05:42.495 D/AudioFlinger( 521): mmapThread exit()
06-04 11:05:42.499 I/audio_hw_hal_primary( 476): [adev_close_output_stream_new:8052] io handle 141: out:0xf07c3260
06-04 11:05:42.499 D/audio_hw_hal_primary( 476): adev_close_output_stream_new: enter usecase = PCM_MMAP
06-04 11:05:42.499 I/audio_hw_hal_primary( 476): [adev_close_output_stream:3695] io 141: out:0xf07c3260 dev:OUT_HDMI(0x400) flags:0x4001, usecase:PCM_MMAP
06-04 11:05:42.499 D/audio_hw_hal_primary( 476): [out_standby_new:5767] io 141: out:0xf07c3260 usecase:PCM_MMAP
06-04 11:05:42.499 I/audio_hw_hal_primary( 476): already standby, do nothing
06-04 11:05:42.499 I/audio_hw_hal_mmap( 476): [outMmapDeInit:743] stream:0xf07c3260
06-04 11:05:42.499 I/audio_hw_hal_mmap( 476): [mmap_audio_unregister_client:955] OK ! stream 0xf07c3260, client id 0
06-04 11:05:42.499 I/audio_hw_hal_primary( 476): when close aaudio stream, send STANDBY msg to submix & ms12
06-04 11:05:42.499 I/audio_hw_hal_ms12common( 476): aml_set_ms12_scheduler_state ms12_scheduler_state:1, sch_state:1 SCHEDULER_STANDBY is sent to ms12
06-04 11:05:42.499 I/audio_hw_hal_resourcemgr( 476): [is_output_device_muted:710] device:0x2 port_mute:0, fade_mute:0
06-04 11:05:42.499 I/audio_hw_hal_primary( 476): [adev_close_output_stream:3863] io 141: out:0xf07c3260 exit ------
06-04 11:05:42.501 D/audio_hw_hal_primary( 476): [out_dump:848] io 149: out:0xf07c40c0, fd:17
06-04 11:05:42.501 I/CCodec ( 689): Created component [c2.android.vorbis.decoder]
06-04 11:05:42.501 D/CCodecConfig( 689): read media type: audio/vorbis
06-04 11:05:42.502 D/audio_hw_hal_primary( 476): [out_set_parameters:971] out:0xf07c40c0 kvpairs:closing=true;exiting=1 out->out_device:0x400, adev->out_device:0x80002
06-04 11:05:42.502 E/audio_hw_hal_primary( 476): out_set_parameters, ret:-2, hw_sync_mode:is false
06-04 11:05:42.503 I/audio_hw_hal_primary( 476): [out_set_event_callback:3158] io 149: out:0xf07c40c0, callback:0xf29d791d cookie:0xf2e41570
06-04 11:05:42.505 I/audio_hw_hal_primary( 476): [adev_close_output_stream_new:8052] io handle 149: out:0xf07c40c0
06-04 11:05:42.505 I/CCodec ( 689): setting up 'default' as default (vendor) store
06-04 11:05:42.505 D/audio_hw_hal_primary( 476): adev_close_output_stream_new: enter usecase = RAW_DIRECT
06-04 11:05:42.506 I/audio_hw_hal_primary( 476): [adev_close_output_stream:3695] io 149: out:0xf07c40c0 dev:OUT_HDMI(0x400) flags:0x1, usecase:RAW_DIRECT
06-04 11:05:42.506 D/audio_hw_hal_primary( 476): [out_standby_new:5767] io 149: out:0xf07c40c0 usecase:RAW_DIRECT
06-04 11:05:42.506 I/audio_hw_hal_primary( 476): already standby, do nothing
06-04 11:05:42.506 I/audio_hw_hal_resourcemgr( 476): [is_output_device_muted:710] device:0x2 port_mute:0, fade_mute:0
06-04 11:05:42.506 I/audio_hw_hal_primary( 476): [adev_close_output_stream:3863] io 149: out:0xf07c40c0 exit ------
06-04 11:05:42.507 D/audio_hw_hal_primary( 476): [out_dump:848] io 157: out:0xf07c2b30, fd:17
06-04 11:05:42.508 I/CCodec ( 689): Created component [c2.android.vorbis.decoder]
06-04 11:05:42.508 D/CCodecConfig( 689): read media type: audio/vorbis
06-04 11:05:42.509 D/audio_hw_hal_primary( 476): [out_set_parameters:971] out:0xf07c2b30 kvpairs:closing=true;exiting=1 out->out_device:0x400, adev->out_device:0x80002
06-04 11:05:42.509 E/audio_hw_hal_primary( 476): out_set_parameters, ret:-2, hw_sync_mode:is false
06-04 11:05:42.510 I/audio_hw_hal_primary( 476): [out_set_event_callback:3158] io 157: out:0xf07c2b30, callback:0xf29d791d cookie:0xf2e40490
06-04 11:05:42.510 I/audio_hw_hal_primary( 476): [adev_close_output_stream_new:8052] io handle 157: out:0xf07c2b30
06-04 11:05:42.511 D/audio_hw_hal_primary( 476): adev_close_output_stream_new: enter usecase = RAW_HWSYNC
06-04 11:05:42.511 I/audio_hw_hal_primary( 476): [adev_close_output_stream:3695] io 157: out:0xf07c2b30 dev:OUT_HDMI(0x400) flags:0x51, usecase:RAW_HWSYNC
06-04 11:05:42.511 D/audio_hw_hal_primary( 476): [out_standby_new:5767] io 157: out:0xf07c2b30 usecase:RAW_HWSYNC
06-04 11:05:42.511 I/audio_hw_hal_primary( 476): already standby, do nothing
06-04 11:05:42.511 I/audio_hw_hal_resourcemgr( 476): [is_output_device_muted:710] device:0x2 port_mute:0, fade_mute:0
06-04 11:05:42.511 I/audio_hw_hal_primary( 476): [adev_close_output_stream:3863] io 157: out:0xf07c2b30 exit ------
06-04 11:05:42.513 I/AS.AudioDeviceInventory( 689): sendDeviceConnectionIntent(dev:0x400 state:0x1 address: name:);
06-04 11:05:42.520 D/ConnectivityService( 689): NetReassign [no changes] [c 0] [a 0] [i 1]
06-04 11:05:42.521 D/xm_audio( 476): adev_get_parameters
06-04 11:05:42.522 D/ConnectivityService( 689): requestNetwork for uid/pid:10052/939 activeRequest: null callbackRequest: 21 [NetworkRequest [ REQUEST id=22, [ Capabilities: INTERNET&NOT_RESTRICTED&TRUSTED&NOT_VCN_MANAGED Uid: 10052 RequestorUid: 10052 RequestorPkg: com.android.systemui UnderlyingNetworks: Null] ]] callback flags: 1 order: 2147483647
06-04 11:05:42.522 D/ReflectedParamUpdater( 689): extent() != 1 for single value type: algo.buffers.max-count.values
06-04 11:05:42.523 D/ConnectivityService( 689): NetReassign [no changes] [c 0] [a 0] [i 0]
06-04 11:05:42.524 D/ReflectedParamUpdater( 689): extent() != 1 for single value type: algo.buffers.max-count.values
06-04 11:05:42.524 V/WifiManager( 939): registerTrafficStateCallback: callback=com.android.systemui.statusbar.connectivity.WifiSignalController$WifiTrafficStateCallback@e9f821c, executor=android.os.HandlerExecutor@b99747e
06-04 11:05:42.525 D/xm_audio( 476): adev_get_parameters
06-04 11:05:42.528 V/WifiManager( 939): registerScanResultsCallback: callback=com.android.systemui.statusbar.connectivity.NetworkControllerImpl$5@5454bfa, executor=androidx.mediarouter.media.MediaRoute2Provider$$ExternalSyntheticLambda0@903b5ab
06-04 11:05:42.528 D/ReflectedParamUpdater( 689): extent() != 1 for single value type: output.subscribed-indices.values
06-04 11:05:42.529 D/ReflectedParamUpdater( 689): extent() != 1 for single value type: input.buffers.allocator-ids.values
06-04 11:05:42.529 D/AudioService( 689): updateVolumeGroupIndex for stream 2, muted=false, device=1024, index=200, group ring Muted=false, Index=20, forceMuteState=false
06-04 11:05:42.529 D/ReflectedParamUpdater( 689): extent() != 1 for single value type: output.buffers.allocator-ids.values
06-04 11:05:42.530 D/ConnectivityService( 689): requestNetwork for uid/pid:10052/939 activeRequest: null callbackRequest: 23 [NetworkRequest [ REQUEST id=24, [ Capabilities: INTERNET&NOT_RESTRICTED&TRUSTED&NOT_VCN_MANAGED Uid: 10052 RequestorUid: 10052 RequestorPkg: com.android.systemui UnderlyingNetworks: Null] ]] callback flags: 1 order: 2147483647
06-04 11:05:42.530 D/ReflectedParamUpdater( 689): extent() != 1 for single value type: algo.buffers.allocator-ids.values
06-04 11:05:42.531 D/ReflectedParamUpdater( 689): extent() != 1 for single value type: output.subscribed-indices.values
06-04 11:05:42.531 D/ConnectivityService( 689): NetReassign [no changes] [c 0] [a 0] [i 1]
06-04 11:05:42.532 D/ReflectedParamUpdater( 689): extent() != 1 for single value type: input.buffers.allocator-ids.values
06-04 11:05:42.535 D/ReflectedParamUpdater( 689): extent() != 1 for single value type: output.buffers.allocator-ids.values
06-04 11:05:42.535 D/ReflectedParamUpdater( 689): extent() != 1 for single value type: output.buffers.pool-ids.values
06-04 11:05:42.535 D/ReflectedParamUpdater( 689): extent() != 1 for single value type: algo.buffers.allocator-ids.values
06-04 11:05:42.536 D/ReflectedParamUpdater( 689): extent() != 1 for single value type: output.buffers.pool-ids.values
06-04 11:05:42.536 D/ReflectedParamUpdater( 689): extent() != 1 for single value type: algo.buffers.pool-ids.values
06-04 11:05:42.537 D/xm_audio( 476): adev_get_parameters
06-04 11:05:42.538 D/ReflectedParamUpdater( 689): extent() != 1 for single value type: algo.buffers.pool-ids.values
06-04 11:05:42.540 D/xm_audio( 476): adev_get_parameters
06-04 11:05:42.540 I/CCodecConfig( 689): query failed after returning 7 values (BAD_INDEX)
06-04 11:05:42.541 D/CCodecConfig( 689): c2 config diff is Dict {
06-04 11:05:42.541 D/CCodecConfig( 689): c2::u32 coded.bitrate.value = 64000
06-04 11:05:42.541 D/CCodecConfig( 689): c2::u32 input.buffers.max-size.value = 32768
06-04 11:05:42.541 D/CCodecConfig( 689): c2::u32 input.delay.value = 0
06-04 11:05:42.541 D/CCodecConfig( 689): string input.media-type.value = "audio/vorbis"
06-04 11:05:42.541 D/CCodecConfig( 689): string output.media-type.value = "audio/raw"
06-04 11:05:42.541 D/CCodecConfig( 689): c2::u32 raw.channel-count.value = 1
06-04 11:05:42.541 D/CCodecConfig( 689): c2::u32 raw.sample-rate.value = 48000
06-04 11:05:42.541 D/CCodecConfig( 689): }
06-04 11:05:42.543 I/CCodecConfig( 689): query failed after returning 7 values (BAD_INDEX)
06-04 11:05:42.543 D/CCodecConfig( 689): c2 config diff is Dict {
06-04 11:05:42.543 D/CCodecConfig( 689): c2::u32 coded.bitrate.value = 64000
06-04 11:05:42.543 D/CCodecConfig( 689): c2::u32 input.buffers.max-size.value = 32768
06-04 11:05:42.543 D/CCodecConfig( 689): c2::u32 input.delay.value = 0
06-04 11:05:42.543 D/CCodecConfig( 689): string input.media-type.value = "audio/vorbis"
06-04 11:05:42.543 D/CCodecConfig( 689): string output.media-type.value = "audio/raw"
06-04 11:05:42.543 D/CCodecConfig( 689): c2::u32 raw.channel-count.value = 1
06-04 11:05:42.543 D/CCodecConfig( 689): c2::u32 raw.sample-rate.value = 48000
06-04 11:05:42.543 D/CCodecConfig( 689): }
06-04 11:05:42.544 D/hdmicecd( 487): [CEC]:printCecMessage, [4 -> 5] len: 1, body: 7d, result:no ack
06-04 11:05:42.548 I/TetheringManager( 939): registerTetheringEventCallback:com.android.systemui
06-04 11:05:42.548 I/TetheringManager( 939): registerTetheringEventCallback caller:com.android.systemui
06-04 11:05:42.549 D/MediaCodec( 689): flushMediametrics
06-04 11:05:42.549 D/CCodec ( 689): [c2.android.vorbis.decoder] buffers are bound to CCodec for this session
06-04 11:05:42.549 D/CCodecConfig( 689): no c2 equivalents for durationUs
06-04 11:05:42.549 D/CCodecConfig( 689): no c2 equivalents for track-id
06-04 11:05:42.549 D/CCodecConfig( 689): no c2 equivalents for csd-1
06-04 11:05:42.549 D/CCodecConfig( 689): no c2 equivalents for flags
06-04 11:05:42.551 D/CCodecConfig( 689): c2 config diff is c2::u32 coded.bitrate.value = 140000
06-04 11:05:42.552 D/MediaCodec( 689): flushMediametrics
06-04 11:05:42.552 D/CCodec ( 689): [c2.android.vorbis.decoder] buffers are bound to CCodec for this session
06-04 11:05:42.552 D/CCodecConfig( 689): no c2 equivalents for durationUs
06-04 11:05:42.552 D/CCodecConfig( 689): no c2 equivalents for track-id
06-04 11:05:42.552 D/CCodecConfig( 689): no c2 equivalents for csd-1
06-04 11:05:42.552 D/CCodecConfig( 689): no c2 equivalents for flags
06-04 11:05:42.555 W/Codec2Client( 689): query -- param skipped: index = 1107298332.
06-04 11:05:42.555 D/CCodec ( 689): encoding statistics level = 0
06-04 11:05:42.555 D/CCodec ( 689): setup formats input: AMessage(what = 0x00000000) = {
06-04 11:05:42.555 D/CCodec ( 689): int32_t bitrate = 140000
06-04 11:05:42.555 D/CCodec ( 689): int32_t channel-count = 1
06-04 11:05:42.555 D/CCodec ( 689): int32_t max-input-size = 32768
06-04 11:05:42.555 D/CCodec ( 689): string mime = "audio/vorbis"
06-04 11:05:42.555 D/CCodec ( 689): int32_t sample-rate = 48000
06-04 11:05:42.555 D/CCodec ( 689): }
06-04 11:05:42.555 D/CCodec ( 689): setup formats output: AMessage(what = 0x00000000) = {
06-04 11:05:42.555 D/CCodec ( 689): int32_t channel-count = 1
06-04 11:05:42.555 D/CCodec ( 689): string mime = "audio/raw"
06-04 11:05:42.555 D/CCodec ( 689): int32_t sample-rate = 48000
06-04 11:05:42.555 D/CCodec ( 689): int32_t channel-mask = 1
06-04 11:05:42.555 D/CCodec ( 689): int32_t android._config-pcm-encoding = 2
06-04 11:05:42.555 D/CCodec ( 689): }
06-04 11:05:42.556 I/CCodecConfig( 689): query failed after returning 7 values (BAD_INDEX)
06-04 11:05:42.557 W/Codec2Client( 689): query -- param skipped: index = 1342179345.
06-04 11:05:42.557 W/Codec2Client( 689): query -- param skipped: index = 2415921170.
06-04 11:05:42.559 D/CCodecConfig( 689): c2 config diff is c2::u32 coded.bitrate.value = 239920
06-04 11:05:42.559 D/CCodecConfig( 689): c2::u32 raw.sample-rate.value = 44100
06-04 11:05:42.561 D/CCodecBufferChannel( 689): [c2.android.vorbis.decoder#592] Created input block pool with allocatorID 16 => poolID 21 - OK (0)
06-04 11:05:42.562 W/Codec2Client( 689): query -- param skipped: index = 1107298332.
06-04 11:05:42.562 D/CCodec ( 689): encoding statistics level = 0
06-04 11:05:42.563 D/CCodec ( 689): setup formats input: AMessage(what = 0x00000000) = {
06-04 11:05:42.563 D/CCodec ( 689): int32_t bitrate = 239920
06-04 11:05:42.563 D/CCodec ( 689): int32_t channel-count = 1
06-04 11:05:42.563 D/CCodec ( 689): int32_t max-input-size = 32768
06-04 11:05:42.563 D/CCodec ( 689): string mime = "audio/vorbis"
06-04 11:05:42.563 D/CCodec ( 689): int32_t sample-rate = 44100
06-04 11:05:42.563 D/CCodec ( 689): }
06-04 11:05:42.563 D/CCodec ( 689): setup formats output: AMessage(what = 0x00000000) = {
06-04 11:05:42.563 D/CCodec ( 689): int32_t channel-count = 1
06-04 11:05:42.563 D/CCodec ( 689): string mime = "audio/raw"
06-04 11:05:42.563 D/CCodec ( 689): int32_t sample-rate = 44100
06-04 11:05:42.563 D/CCodec ( 689): int32_t channel-mask = 1
06-04 11:05:42.563 D/CCodec ( 689): int32_t android._config-pcm-encoding = 2
06-04 11:05:42.563 D/CCodec ( 689): }
06-04 11:05:42.563 I/CCodecConfig( 689): query failed after returning 7 values (BAD_INDEX)
06-04 11:05:42.566 I/CCodecBufferChannel( 689): [c2.android.vorbis.decoder#592] Created output block pool with allocatorID 16 => poolID 21 - OK
06-04 11:05:42.567 D/CCodecBufferChannel( 689): [c2.android.vorbis.decoder#592] Configured output block pool ids 21 => OK
06-04 11:05:42.567 W/Codec2Client( 689): query -- param skipped: index = 1342179345.
06-04 11:05:42.567 W/Codec2Client( 689): query -- param skipped: index = 2415921170.
06-04 11:05:42.568 I/C2VendorComponentStore( 482): setDmaBufUsage 5
06-04 11:05:42.572 D/CCodecBufferChannel( 689): [c2.android.vorbis.decoder#835] Created input block pool with allocatorID 16 => poolID 22 - OK (0)
06-04 11:05:42.573 D/xm_audio( 476): adev_get_parameters
06-04 11:05:42.578 D/xm_audio( 476): adev_get_parameters
06-04 11:05:42.582 D/SimpleC2Component( 612): Using output block pool with poolID 21 => got 21 - 0
06-04 11:05:42.583 I/CCodecBufferChannel( 689): [c2.android.vorbis.decoder#835] Created output block pool with allocatorID 16 => poolID 22 - OK
06-04 11:05:42.586 D/CCodecBufferChannel( 689): [c2.android.vorbis.decoder#835] Configured output block pool ids 22 => OK
06-04 11:05:42.590 D/SimpleC2Component( 612): Using output block pool with poolID 22 => got 22 - 0
06-04 11:05:42.594 I/C2VendorComponentStore( 482): setDmaBufUsage 5
06-04 11:05:42.600 D/hdmicecd( 487): [CEC]:printCecMessage, [4 -> 5] len: 1, body: 7d, result:no ack
06-04 11:05:42.600 E/HDMI ( 689): [1]:Failed to send 45:7D with errorCode=1
06-04 11:05:42.601 D/xm_audio( 476): adev_get_parameters
06-04 11:05:42.605 D/xm_audio( 476): adev_get_parameters
06-04 11:05:42.612 I/audio_hw_hal_alsamgr( 476): alsa format =0x1 delay frames =1024 total frames=512000
06-04 11:05:42.619 D/xm_audio( 476): adev_get_parameters
06-04 11:05:42.623 D/xm_audio( 476): adev_get_parameters
06-04 11:05:42.635 D/NotificationMemory( 939): NotificationMemoryMonitor initialized.
06-04 11:05:42.635 I/NotificationMemory( 939): Registered dumpable.
06-04 11:05:42.635 D/NotificationMemory( 939): Notification memory logging enabled.
06-04 11:05:42.638 D/xm_audio( 476): adev_get_parameters
06-04 11:05:42.639 W/Binder ( 689): Caught a RuntimeException from the binder stub implementation.
06-04 11:05:42.639 W/Binder ( 689): java.lang.SecurityException: Need REGISTER_STATS_PULL_ATOM permission.: Neither user 10052 nor current process has android.permission.REGISTER_STATS_PULL_ATOM.
06-04 11:05:42.639 W/Binder ( 689): at android.app.ContextImpl.enforce(ContextImpl.java:2332)
06-04 11:05:42.639 W/Binder ( 689): at android.app.ContextImpl.enforceCallingOrSelfPermission(ContextImpl.java:2360)
06-04 11:05:42.639 W/Binder ( 689): at com.android.server.stats.StatsManagerService.enforceRegisterStatsPullAtomPermission(StatsManagerService.java:644)
06-04 11:05:42.639 W/Binder ( 689): at com.android.server.stats.StatsManagerService.registerPullAtomCallback(StatsManagerService.java:212)
06-04 11:05:42.639 W/Binder ( 689): at android.os.IStatsManagerService$Stub.onTransact(IStatsManagerService.java:418)
06-04 11:05:42.639 W/Binder ( 689): at android.os.Binder.execTransactInternal(Binder.java:1363)
06-04 11:05:42.639 W/Binder ( 689): at android.os.Binder.execTransact(Binder.java:1304)
06-04 11:05:42.641 D/xm_audio( 476): adev_get_parameters
06-04 11:05:42.649 D/xm_audio( 476): adev_get_parameters
06-04 11:05:42.652 D/CCodecBufferChannel( 689): [c2.android.vorbis.decoder#592] MediaCodec discarded an unknown buffer
06-04 11:05:42.652 D/CCodecBufferChannel( 689): [c2.android.vorbis.decoder#592] MediaCodec discarded an unknown buffer
06-04 11:05:42.652 D/CCodecBufferChannel( 689): [c2.android.vorbis.decoder#592] MediaCodec discarded an unknown buffer
06-04 11:05:42.652 I/StatusBarIconController( 939): Ignoring removal of (mobile). It should be controlled elsewhere
06-04 11:05:42.652 I/StatusBarIconController( 939): Ignoring removal of (wifi). It should be controlled elsewhere
06-04 11:05:42.653 D/xm_audio( 476): adev_get_parameters
06-04 11:05:42.655 I/hw-BpHwBinder( 689): onLastStrongRef automatically unlinking death recipients
06-04 11:05:42.656 I/hw-BpHwBinder( 612): onLastStrongRef automatically unlinking death recipients
06-04 11:05:42.656 D/hdmicecd( 487): [CEC]:printCecMessage, [4 -> e] len: 0, body:, result:no ack
06-04 11:05:42.656 D/HDMI ( 689): [S]: 40:8F
06-04 11:05:42.657 D/MediaCodec( 689): flushMediametrics
06-04 11:05:42.668 D/ConnectivityService( 689): requestNetwork for uid/pid:10052/939 activeRequest: null callbackRequest: 25 [NetworkRequest [ REQUEST id=26, [ Capabilities: INTERNET&NOT_RESTRICTED&TRUSTED&NOT_VCN_MANAGED Uid: 10052 RequestorUid: 10052 RequestorPkg: com.android.systemui UnderlyingNetworks: Null] ]] callback flags: 1 order: 2147483647
06-04 11:05:42.669 D/ConnectivityService( 689): NetReassign [no changes] [c 0] [a 0] [i 0]
06-04 11:05:42.670 D/xm_audio( 476): adev_get_parameters
06-04 11:05:42.677 D/xm_audio( 476): adev_get_parameters
06-04 11:05:42.683 D/xm_audio( 476): adev_get_parameters
06-04 11:05:42.688 D/xm_audio( 476): adev_get_parameters
06-04 11:05:42.691 V/WifiManager( 939): registerScanResultsCallback: callback=com.android.systemui.statusbar.pipeline.wifi.data.repository.prod.WifiRepositoryHelper$createNetworkScanFlow$1$callback$1@c6f2799, executor=Dispatchers.IO
06-04 11:05:42.695 D/xm_audio( 476): adev_get_parameters
06-04 11:05:42.696 D/xm_audio( 476): adev_get_parameters
06-04 11:05:42.706 D/xm_audio( 476): adev_get_parameters
06-04 11:05:42.708 D/xm_audio( 476): adev_get_parameters
06-04 11:05:42.712 D/CCodecBufferChannel( 689): [c2.android.vorbis.decoder#835] MediaCodec discarded an unknown buffer
06-04 11:05:42.713 D/CCodecBufferChannel( 689): [c2.android.vorbis.decoder#835] MediaCodec discarded an unknown buffer
06-04 11:05:42.713 D/CCodecBufferChannel( 689): [c2.android.vorbis.decoder#835] MediaCodec discarded an unknown buffer
06-04 11:05:42.715 V/WifiManager( 939): registerScanResultsCallback: callback=com.android.systemui.statusbar.pipeline.wifi.data.repository.prod.WifiRepositoryHelper$createNetworkScanFlow$1$callback$1@c175e3f, executor=Dispatchers.IO
06-04 11:05:42.720 I/hw-BpHwBinder( 689): onLastStrongRef automatically unlinking death recipients
06-04 11:05:42.720 I/hw-BpHwBinder( 612): onLastStrongRef automatically unlinking death recipients
06-04 11:05:42.720 I/hw-BpHwBinder( 612): onLastStrongRef automatically unlinking death recipients
06-04 11:05:42.721 D/MediaCodec( 689): flushMediametrics
06-04 11:05:42.722 D/xm_audio( 476): adev_get_parameters
06-04 11:05:42.732 D/xm_audio( 476): adev_get_parameters
06-04 11:05:42.736 D/hdmicecd( 487): [CEC]:printCecMessage, [4 -> 0] len: 1, body: 8f, result:success
06-04 11:05:42.739 D/HDMI ( 689): [S]: 40:47:44:42:42:4F:58:2D:41:33
06-04 11:05:42.740 D/xm_audio( 476): adev_get_parameters
06-04 11:05:42.741 D/xm_audio( 476): adev_get_parameters
06-04 11:05:42.745 D/xm_audio( 476): adev_get_parameters
06-04 11:05:42.748 D/xm_audio( 476): adev_get_parameters
06-04 11:05:42.759 D/xm_audio( 476): adev_get_parameters
06-04 11:05:42.761 D/xm_audio( 476): adev_get_parameters
06-04 11:05:42.766 D/xm_audio( 476): adev_get_parameters
06-04 11:05:42.768 D/xm_audio( 476): adev_get_parameters
06-04 11:05:42.774 D/xm_audio( 476): adev_get_parameters
06-04 11:05:42.777 D/xm_audio( 476): adev_get_parameters
06-04 11:05:42.785 D/xm_audio( 476): adev_get_parameters
06-04 11:05:42.786 D/xm_audio( 476): adev_get_parameters
06-04 11:05:42.795 D/xm_audio( 476): adev_get_parameters
06-04 11:05:42.800 D/xm_audio( 476): adev_get_parameters
06-04 11:05:42.804 D/AudioService( 689): Master mono false
06-04 11:05:42.806 D/xm_audio( 476): adev_get_parameters
06-04 11:05:42.807 D/AudioService( 689): Master balance 0.000000
06-04 11:05:42.808 D/xm_audio( 476): adev_get_parameters
06-04 11:05:42.810 D/AudioService( 689): Master mute false, user=0
06-04 11:05:42.812 D/AudioService( 689): Mic mute false, user=0
06-04 11:05:42.812 D/AudioService( 689): Mic mute false, user=0
06-04 11:05:42.813 D/xm_audio( 476): adev_get_parameters
06-04 11:05:42.816 D/xm_audio( 476): adev_get_parameters
06-04 11:05:42.822 D/xm_audio( 476): adev_get_parameters
06-04 11:05:42.823 D/bt_upio ( 477): in upio_set_bluetooth_power(), write 1 to rfkill state.
06-04 11:05:42.823 D/bt_vendor( 477): end, set bt power
06-04 11:05:42.824 W/bt_vendor( 477): driver wifi_comm is not detected! count=1, usleep(20ms)...
06-04 11:05:42.824 D/xm_audio( 476): adev_get_parameters
06-04 11:05:42.834 D/xm_audio( 476): adev_get_parameters
06-04 11:05:42.837 D/xm_audio( 476): adev_get_parameters
06-04 11:05:42.842 D/xm_audio( 476): adev_get_parameters
06-04 11:05:42.843 D/xm_audio( 476): adev_get_parameters
06-04 11:05:42.844 D/bt_vendor( 477): op amlbt_if_type=1536
06-04 11:05:42.844 D/bt_vendor( 477): [insmod]driver: /vendor/lib/modules/w2_comm.ko
06-04 11:05:42.846 E/bt_vendor( 477): [insmod]finit_module failed! File exists
06-04 11:05:42.846 W/bt_vendor( 477): driver w2_comm is detected! count=1
06-04 11:05:42.846 D/bt_vendor( 477): [insmod]driver: /vendor/lib/modules/aml_bt.ko
06-04 11:05:42.847 E/bt_vendor( 477): [insmod]finit_module failed! File exists
06-04 11:05:42.847 W/bt_vendor( 477): driver aml_bt is detected! count=1
06-04 11:05:42.847 D/bt_vendor( 477): op for 3
06-04 11:05:42.847 I/bt_userial_vendor( 477): userial vendor open: opening /dev/ttyS1
06-04 11:05:42.847 E/bt_userial_vendor( 477): userial vendor open success!!
06-04 11:05:42.847 I/bt_userial_vendor( 477): device fd = 9 open
06-04 11:05:42.847 D/bt_vendor( 477): op for 1
06-04 11:05:42.847 D/bt_hwcfg( 477): hw_config_start-------------
06-04 11:05:42.848 D/bt_hwcfg( 477): hw_config_start uart-------------
06-04 11:05:42.848 E/bt_hwcfg( 477): userial vendor: set baud speed 115200
06-04 11:05:42.848 D/bt_vendor( 477): op for 7
06-04 11:05:42.848 D/bt_upio ( 477): upio_set : pio 0 action 2, polarity 1
06-04 11:05:42.848 D/bt_upio ( 477): begin open btwrite.
06-04 11:05:42.848 E/bt_upio ( 477): upio_set : open(/proc/bluetooth/sleep/btwrite) for write failed: No such file or directory (2)
06-04 11:05:42.851 E/bt_hwcfg( 477): userial vendor: set baud speed 4000000
06-04 11:05:42.851 D/bt_hwcfg( 477): hw_config_get_iccm_size chip(3:0:0)
06-04 11:05:42.851 D/bt_hwcfg( 477): open file: /vendor/firmware/w2_bt_fw_uart.bin
06-04 11:05:42.851 D/bt_hwcfg( 477): open file: /vendor/firmware/w2_bt_fw_uart.bin successful!
06-04 11:05:42.855 D/xm_audio( 476): adev_get_parameters
06-04 11:05:42.857 D/bt_hwcfg( 477): ---------hw_config_get_iccm_size iccm_size 524288---------
06-04 11:05:42.857 D/bt_hwcfg( 477): hw_config_get_dccm_size chip(3:0:0)
06-04 11:05:42.857 D/bt_hwcfg( 477): open file: /vendor/firmware/w2_bt_fw_uart.bin
06-04 11:05:42.857 D/bt_hwcfg( 477): open file: /vendor/firmware/w2_bt_fw_uart.bin successful!
06-04 11:05:42.857 D/bt_hwcfg( 477): ---------hw_config_get_dccm_size dccm_size 131072---------
06-04 11:05:42.857 D/bt_hwcfg( 477): uart_target_baud_rate = 4000000
06-04 11:05:42.857 D/bt_hwcfg( 477): open file: /vendor/firmware/w2_bt_fw_uart.bin
06-04 11:05:42.857 D/bt_hwcfg( 477): open file: /vendor/firmware/w2_bt_fw_uart.bin successful!
06-04 11:05:42.858 D/xm_audio( 476): adev_get_parameters
06-04 11:05:42.859 E/BluetoothManagerService( 689): MESSAGE_TIMEOUT_BIND
06-04 11:05:42.865 D/CompatibilityChangeReporter( 689): Compat change id reported: 182478738; UID 10052; state: ENABLED
06-04 11:05:42.866 D/bt_userial_vendor( 477): userial_vendor_devchar_open, device name = /dev/stpbt
06-04 11:05:42.866 D/bt_userial_vendor( 477): device fd = 13 open
06-04 11:05:42.867 D/xm_audio( 476): adev_get_parameters
06-04 11:05:42.869 D/xm_audio( 476): adev_get_parameters
06-04 11:05:42.871 D/bt_hwcfg( 477): iccm write over successfully 0x423
06-04 11:05:42.881 D/xm_audio( 476): adev_get_parameters
06-04 11:05:42.888 D/xm_audio( 476): adev_get_parameters
06-04 11:05:42.888 D/ConnectivityService( 689): NetReassign [no changes] [c 0] [a 0] [i 0]
06-04 11:05:42.896 D/bt_hwcfg( 477): dccm write over successfully 0x211
06-04 11:05:42.896 D/bt_hwcfg( 477): HW_CFG_AML_DOWNLOAD_FIRMWARE_CLOSE_EVENT
06-04 11:05:42.898 D/bt_hwcfg( 477): antenna number=2 sink mode=0
06-04 11:05:42.900 D/bt_hwcfg( 477): amlbt_pin_mux=0 amlbt_br_digit_gain=0x42 amlbt_edr_digit_gain=0x62
06-04 11:05:42.901 D/bt_hwcfg( 477): amlbt_fwlog_config=0
06-04 11:05:42.902 D/bt_hwcfg( 477): HW_CFG_AML_DOWNLOAD_FIRMWARE_STRAT_CPU_UART_BEFORE
06-04 11:05:42.904 D/bt_hwcfg( 477): 0x70000
06-04 11:05:42.904 D/bt_hwcfg( 477): HW_CFG_AML_DOWNLOAD_FIRMWARE_STRAT_CPU_UART
06-04 11:05:42.905 D/bt_hwcfg( 477): Setting local bd addr to 22:22:94:C9:AC:49
06-04 11:05:42.905 V/WifiManager( 939): registerTrafficStateCallback: callback=com.android.systemui.statusbar.pipeline.wifi.data.repository.prod.WifiRepositoryHelper$createActivityFlow$1$callback$1@12d4f7d, executor=android.os.HandlerExecutor@b99747e
06-04 11:05:42.906 D/xm_audio( 476): adev_get_parameters
06-04 11:05:42.910 I/StatusBarManagerService( 689): registerStatusBar bar=com.android.internal.statusbar.IStatusBar$Stub$Proxy@665f03
06-04 11:05:42.912 D/xm_audio( 476): adev_get_parameters
06-04 11:05:42.916 D/ConnectivityService( 689): NetReassign [no changes] [c 0] [a 0] [i 0]
06-04 11:05:42.920 D/xm_audio( 476): adev_get_parameters
06-04 11:05:42.921 D/xm_audio( 476): adev_get_parameters
06-04 11:05:42.925 D/CompatibilityChangeReporter( 939): Compat change id reported: 205919743; UID 10052; state: ENABLED
06-04 11:05:42.929 D/bt_hwcfg( 477): BT Controller model=aml_w2_s,version = 2025.05.31,number = 0x1c65
06-04 11:05:42.932 D/bt_hwcfg( 477): vendor lib fwcfg completed
06-04 11:05:42.932 D/bt_hwcfg( 477): vendor lib config manf data
06-04 11:05:42.932 D/xm_audio( 476): adev_get_parameters
06-04 11:05:42.933 D/ThemeOverlayController( 939): Start
06-04 11:05:42.933 I/audio_hw_hal_primary( 476): [adev_set_parameters:4123] dev:0xf09c2930, kv: hal_param_enable_drc_rf_mode=1
06-04 11:05:42.933 D/audio_hw_hal_hfp( 476): [audio_extn_hfp_set_parameters:739] audio_extn_hfp_set_parameters
06-04 11:05:42.933 I/audio_hw_hal_primary( 476): Amlogic_HAL - adev_set_parameters: set drc is rf mode
06-04 11:05:42.933 I/audio_hw_decoder_ms12v2( 476): -drc DRCModesOfDownmixedOutput: 1
06-04 11:05:42.933 I/audio_hw_decoder_ms12v2( 476): -bs DRCBoostStereo: 0
06-04 11:05:42.933 I/audio_hw_decoder_ms12v2( 476): -cs DRCCutStereo: 0
06-04 11:05:42.933 I/audio_hw_decoder_ms12v2( 476): -dap_drc DAPDRCMode: 1
06-04 11:05:42.933 I/audio_hw_decoder_ms12v2( 476): -b DRCBoost: 0
06-04 11:05:42.933 I/audio_hw_decoder_ms12v2( 476): -c DRCCut: 0
06-04 11:05:42.933 D/android.hardware.bluetooth@1.0-impl( 477): OnFirmwareConfigured result: 0
06-04 11:05:42.933 I/android.hardware.bluetooth@1.0-impl( 477): Firmware configured in 0.086s
06-04 11:05:42.934 I/bluetooth( 1045): packages/modules/Bluetooth/system/gd/hal/hci_hal_android_hidl.cc:107 initializationComplete: initialization complete with status: 0
06-04 11:05:42.934 D/bt_vendor( 477): op for 5
06-04 11:05:42.934 I/android.hardware.bluetooth@1.0-impl( 477): OnFirmwareConfigured: lpm_timeout_ms 3000
06-04 11:05:42.934 D/bt_vendor( 477): op for 6
06-04 11:05:42.934 D/bt_upio ( 477): upio_set : pio 2 action 2, polarity 0
06-04 11:05:42.934 E/bt_upio ( 477): upio_set : open(/proc/bluetooth/sleep/lpm) for write failed: No such file or directory (2)
06-04 11:05:42.934 D/bt_hwcfg( 477): LPM enabled!!
06-04 11:05:42.934 D/android.hardware.bluetooth@1.0-impl( 477): OnFirmwareConfigured Calling StartLowPowerWatchdog()
06-04 11:05:42.934 E/android.hardware.bluetooth@1.0-impl( 477): bt_vendor_release_wake_lock call in
06-04 11:05:42.934 E/android.hardware.bluetooth@1.0-impl( 477): bt_vendor_release_wake_lock release lock
06-04 11:05:42.935 I/BtGdModule( 1045): packages/modules/Bluetooth/system/gd/module.cc:99 Start: Started HciHalHidl
06-04 11:05:42.935 I/BtGdModule( 1045): packages/modules/Bluetooth/system/gd/module.cc:85 Start: Constructing next module
06-04 11:05:42.935 I/BtGdModule( 1045): packages/modules/Bluetooth/system/gd/module.cc:89 Start: Starting dependencies of Hci Layer
06-04 11:05:42.935 I/BtGdModule( 1045): packages/modules/Bluetooth/system/gd/module.cc:85 Start: Constructing next module
06-04 11:05:42.935 I/BtGdModule( 1045): packages/modules/Bluetooth/system/gd/module.cc:89 Start: Starting dependencies of Storage Module
06-04 11:05:42.935 I/BtGdModule( 1045): packages/modules/Bluetooth/system/gd/module.cc:93 Start: Finished starting dependencies and calling Start() of Storage Module
06-04 11:05:42.936 I/droid.bluetooth( 1045): [0604/110542.936844:INFO:btif_keystore.cc(61)] ConvertEncryptOrDecryptKeyIfNeeded callback isn't ready.
06-04 11:05:42.937 I/BtGdModule( 1045): packages/modules/Bluetooth/system/gd/module.cc:99 Start: Started Storage Module
06-04 11:05:42.937 I/BtGdModule( 1045): packages/modules/Bluetooth/system/gd/module.cc:93 Start: Finished starting dependencies and calling Start() of Hci Layer
06-04 11:05:42.937 D/xm_audio( 476): adev_get_parameters
06-04 11:05:42.938 I/BtGdModule( 1045): packages/modules/Bluetooth/system/gd/module.cc:99 Start: Started Hci Layer
06-04 11:05:42.938 I/BtGdModule( 1045): packages/modules/Bluetooth/system/gd/module.cc:85 Start: Constructing next module
06-04 11:05:42.938 I/BtGdModule( 1045): packages/modules/Bluetooth/system/gd/module.cc:89 Start: Starting dependencies of shim::Dumpsys
06-04 11:05:42.938 I/BtGdModule( 1045): packages/modules/Bluetooth/system/gd/module.cc:93 Start: Finished starting dependencies and calling Start() of shim::Dumpsys
06-04 11:05:42.938 I/BtGdModule( 1045): packages/modules/Bluetooth/system/gd/module.cc:99 Start: Started shim::Dumpsys
06-04 11:05:42.938 I/BtGdModule( 1045): packages/modules/Bluetooth/system/gd/module.cc:85 Start: Constructing next module
06-04 11:05:42.938 I/BtGdModule( 1045): packages/modules/Bluetooth/system/gd/module.cc:89 Start: Starting dependencies of Vendor Specific Event Manager
06-04 11:05:42.938 I/BtGdModule( 1045): packages/modules/Bluetooth/system/gd/module.cc:85 Start: Constructing next module
06-04 11:05:42.938 I/BtGdModule( 1045): packages/modules/Bluetooth/system/gd/module.cc:89 Start: Starting dependencies of Controller
06-04 11:05:42.938 I/BtGdModule( 1045): packages/modules/Bluetooth/system/gd/module.cc:85 Start: Constructing next module
06-04 11:05:42.938 I/BtGdModule( 1045): packages/modules/Bluetooth/system/gd/module.cc:89 Start: Starting dependencies of Sysprops Module
06-04 11:05:42.938 I/BtGdModule( 1045): packages/modules/Bluetooth/system/gd/module.cc:93 Start: Finished starting dependencies and calling Start() of Sysprops Module
06-04 11:05:42.938 I/BtGdModule( 1045): packages/modules/Bluetooth/system/gd/module.cc:99 Start: Started Sysprops Module
06-04 11:05:42.938 I/BtGdModule( 1045): packages/modules/Bluetooth/system/gd/module.cc:93 Start: Finished starting dependencies and calling Start() of Controller
06-04 11:05:42.940 D/StorageNotification( 939): Notifying about private volume: VolumeInfo{private}:
06-04 11:05:42.940 D/StorageNotification( 939): type=PRIVATE diskId=null partGuid=null mountFlags=0 mountUserId=-10000
06-04 11:05:42.940 D/StorageNotification( 939): state=MOUNTED
06-04 11:05:42.940 D/StorageNotification( 939): fsType=null fsUuid=null fsLabel=null
06-04 11:05:42.940 D/StorageNotification( 939): path=/data internalPath=null
06-04 11:05:42.941 D/DroidAudioManager.J( 1063): setDigitalAudioFormatOut: mode:[0]PCM, submode:
06-04 11:05:42.942 I/audio_hw_hal_primary( 476): [adev_set_parameters:4123] dev:0xf09c2930, kv: hdmi_format=0
06-04 11:05:42.942 D/audio_hw_hal_hfp( 476): [audio_extn_hfp_set_parameters:739] audio_extn_hfp_set_parameters
06-04 11:05:42.942 I/audio_hw_hal_primary( 476): [adev_set_parameters:4275] digital audio mode: PCM
06-04 11:05:42.944 D/xm_audio( 476): adev_get_parameters
06-04 11:05:42.948 D/xm_audio( 476): adev_get_parameters
06-04 11:05:42.959 I/audio_hw_hal_primary( 476): [adev_set_parameters:4123] dev:0xf09c2930, kv: cmd_aed_lr_ch_volume_mute=0
06-04 11:05:42.959 D/audio_hw_hal_hfp( 476): [audio_extn_hfp_set_parameters:739] audio_extn_hfp_set_parameters
06-04 11:05:42.962 D/xm_audio( 476): adev_get_parameters
06-04 11:05:42.970 D/xm_audio( 476): adev_get_parameters
06-04 11:05:42.981 D/xm_audio( 476): adev_get_parameters
06-04 11:05:42.984 D/xm_audio( 476): adev_get_parameters
06-04 11:05:42.985 I/vol.Events( 939): writeEvent collection_started
06-04 11:05:42.985 I/audio_hw_hal_primary( 476): [adev_set_parameters:4123] dev:0xf09c2930, kv: ad_switch_enable=0
06-04 11:05:42.985 D/audio_hw_hal_hfp( 476): [audio_extn_hfp_set_parameters:739] audio_extn_hfp_set_parameters
06-04 11:05:42.990 D/DroidAudioManager.J( 1063): setDialogEnhancerLevel level: 0
06-04 11:05:42.996 D/xm_audio( 476): adev_get_parameters
06-04 11:05:42.997 I/audio_hw_hal_primary( 476): [adev_set_parameters:4123] dev:0xf09c2930, kv: hal_param_dialogue_enhancement=0
06-04 11:05:42.997 D/audio_hw_hal_hfp( 476): [audio_extn_hfp_set_parameters:739] audio_extn_hfp_set_parameters
06-04 11:05:42.997 I/audio_hw_hal_primary( 476): Amlogic_HAL - adev_set_parameters: set MS12 ac4 Dialogue Enhancement gain :0.
