06-04 11:05:51.509 D/bt_upio ( 477): begin open btwrite.
06-04 11:05:51.509 E/bt_upio ( 477): upio_set : open(/proc/bluetooth/sleep/btwrite) for write failed: No such file or directory (2)
06-04 11:05:51.512 I/bluetooth( 1045): packages/modules/Bluetooth/system/gd/hci/le_address_manager.cc:596 OnCommandComplete: Received command complete with op_code LE_REMOVE_DEVICE_FROM_FILTER_ACCEPT_LIST
06-04 11:05:51.512 I/bluetooth( 1045): packages/modules/Bluetooth/system/gd/hci/le_address_manager.cc:294 resume_registered_clients: Resuming registered clients
06-04 11:05:51.546 I/bt_stack( 1045): [INFO:gatt_attr.cc(950)] gatt_sr_init_cl_status: bda=xx:xx:xx:xx:c0:69, cl_supp_feat=0000, aware=1
06-04 11:05:51.546 I/bluetooth( 1045): packages/modules/Bluetooth/system/stack/gap/gap_ble.cc:304 client_connect_cback: No active GAP service found for peer:xx:xx:xx:xx:c0:69 callback:Connected
06-04 11:05:51.546 I/bt_bta_gattc( 1045): packages/modules/Bluetooth/system/bta/gatt/bta_gattc_act.cc:1304 bta_gattc_conn_cback: Connected client_if:3 addr:xx:xx:xx:xx:c0:69, transport:BT_TRANSPORT_LE reason:GATT_CONN_OK
06-04 11:05:51.546 I/bt_bta_gattc( 1045): packages/modules/Bluetooth/system/bta/gatt/bta_gattc_act.cc:1304 bta_gattc_conn_cback: Connected client_if:4 addr:xx:xx:xx:xx:c0:69, transport:BT_TRANSPORT_LE reason:GATT_CONN_OK
06-04 11:05:51.546 I/bluetooth( 1045): packages/modules/Bluetooth/system/stack/gatt/gatt_main.cc:405 gatt_update_app_use_link_flag: disable link idle timer for xx:xx:xx:xx:c0:69
06-04 11:05:51.546 I/bt_stack( 1045): [INFO:l2c_api.cc(1607)] L2CA_MarkLeLinkAsActivesetting link to e4:bb:d3:57:c0:69 as active
06-04 11:05:51.546 I/bluetooth( 1045): packages/modules/Bluetooth/system/stack/gatt/gatt_api.cc:1206 GATT_SetIdleTimeout: idle_timeout=65535, is_active=1, status=1 (1-OK 0-not performed)
06-04 11:05:51.546 I/bt_bta_gattc( 1045): packages/modules/Bluetooth/system/bta/gatt/bta_gattc_act.cc:1304 bta_gattc_conn_cback: Connected client_if:5 addr:xx:xx:xx:xx:c0:69, transport:BT_TRANSPORT_LE reason:GATT_CONN_OK
06-04 11:05:51.547 I/bluetooth( 1045): packages/modules/Bluetooth/system/stack/gatt/connection_manager.cc:438 on_connection_complete: Le connection completed to device:xx:xx:xx:xx:c0:69
06-04 11:05:51.547 I/bt_stack( 1045): [INFO:l2c_api.cc(1607)] L2CA_MarkLeLinkAsActivesetting link to e4:bb:d3:57:c0:69 as active
06-04 11:05:51.547 I/bluetooth( 1045): packages/modules/Bluetooth/system/stack/gatt/gatt_api.cc:1206 GATT_SetIdleTimeout: idle_timeout=65535, is_active=1, status=1 (1-OK 0-not performed)
06-04 11:05:51.547 I/bluetooth( 1045): packages/modules/Bluetooth/system/stack/gatt/gatt_main.cc:594 check_cached_model_name: Device xx:xx:xx:xx:c0:69 no cached model name
06-04 11:05:51.547 I/bt_btif_dm( 1045): packages/modules/Bluetooth/system/btif/src/btif_dm.cc:642 btif_update_remote_version_property: Remote version info valid:true [xx:xx:xx:xx:c0:69]: 9, 1bf, 100
06-04 11:05:51.547 E/bta_gattc_main( 1045): packages/modules/Bluetooth/system/bta/gatt/bta_gattc_main.cc:395 bta_gattc_hdl_event: Ignore unknown conn ID: 3
06-04 11:05:51.547 E/bta_gattc_main( 1045): packages/modules/Bluetooth/system/bta/gatt/bta_gattc_main.cc:395 bta_gattc_hdl_event: Ignore unknown conn ID: 4
06-04 11:05:51.547 W/BatteryService( 1045): getBatteryService(): service is NULL
06-04 11:05:51.550 I/bt_bta_gattc( 1045): packages/modules/Bluetooth/system/bta/gatt/bta_gattc_act.cc:549 bta_gattc_conn: Connected to xx:xx:xx:xx:c0:69, robust caching support is 0
06-04 11:05:51.559 I/BluetoothPhonePolicy( 1045): processDeviceConnected, device=XX:XX:XX:XX:C0:69
06-04 11:05:51.559 D/BluetoothDatabase( 1045): setConnection: device XX:XX:XX:XX:C0:69 and isA2dpDevice=false
06-04 11:05:51.559 D/BluetoothDatabase( 1045): Updating last connected time for device: XX:XX:XX:XX:C0:69 to 1
06-04 11:05:51.560 D/BluetoothDatabase( 1045): updateDatabase XX:XX:XX:XX:C0:69
06-04 11:05:51.564 I/BLE_Service( 1063): >ACL LINK CONNECTED [Dangbei] - checking for supported devices after delay
06-04 11:05:51.567 I/dangbei111( 1420): cccccc on receiver=android.bluetooth.device.action.ACL_CONNECTED,mac=E4:BB:D3:57:C0:69
06-04 11:05:51.567 E/dangbei111( 1420): cccccc cancelDiscovery begin
06-04 11:05:51.575 E/dangbei111( 1420): cccccc 检查遥控器是否连接: Dangbei E4:BB:D3:57:C0:69
06-04 11:05:51.578 E/dangbei111( 1420): cccccc 检查遥控器是否连接: 蓝牙的结果 Dangbei E4:BB:D3:57:C0:69 true
06-04 11:05:51.583 E/dangbei111( 1420): cccccc input中没有遥控器存在
06-04 11:05:51.583 E/dangbei111( 1420): cccccc 蓝牙状态连接 开启30s check任务
06-04 11:05:51.586 E/dangbei111( 1420): cccccc 开始扫描
06-04 11:05:51.586 D/BluetoothAdapter( 1420): isLeEnabled(): ON
06-04 11:05:51.590 I/bt_stack( 1045): [INFO:le_scanning_manager.cc(155)] RegisterScanner in shim layer
06-04 11:05:51.591 D/BluetoothLeScanner( 1420): onScannerRegistered() - status=0 scannerId=1 mScannerId=0
06-04 11:05:51.601 D/ActivityAttributionService( 1045): notifyActivityAttributionInfo UID=1002 packageName=com.android.bluetooth deviceAddress=no_active_device_address
06-04 11:05:51.601 I/bt_btif ( 1045): packages/modules/Bluetooth/system/btif/src/bluetooth.cc:829 get_profile_interface: get_profile_interface: id = activity_attribution
06-04 11:05:51.603 I/bt_stack( 1045): [INFO:le_scanning_manager.cc(168)] Scan in shim layer started
06-04 11:05:51.603 I/bluetooth( 1045): packages/modules/Bluetooth/system/gd/hci/le_scanning_manager.cc:588 stop_scan: Scanning already stopped, return!
06-04 11:05:51.603 I/bluetooth( 1045): packages/modules/Bluetooth/system/gd/hci/le_address_manager.cc:178 register_client: Client registered
06-04 11:05:51.606 W/smp_act ( 1045): packages/modules/Bluetooth/system/stack/smp/smp_act.cc:2064 smp_link_encrypted: SMP state machine busy so skipping encryption enable:1 device:xx:xx:xx:xx:c0:69
06-04 11:05:51.606 I/bt_stack( 1045): [INFO:le_scanning_manager.cc(168)] Scan in shim layer stopped
06-04 11:05:51.606 W/bt_stack( 1045): [WARNING:bta_gattc_api.cc(689)] notification already registered
06-04 11:05:51.606 W/bt_stack( 1045): [WARNING:bta_gattc_api.cc(689)] notification already registered
06-04 11:05:51.606 W/bt_stack( 1045): [WARNING:bta_gattc_api.cc(689)] notification already registered
06-04 11:05:51.606 I/bluetooth( 1045): packages/modules/Bluetooth/system/gd/hci/le_address_manager.cc:193 unregister_client: Client unregistered
06-04 11:05:51.606 I/bt_stack( 1045): [INFO:le_scanning_manager.cc(346)] SetScanParameters in shim layer
06-04 11:05:51.606 I/bt_stack( 1045): [INFO:le_scanning_manager.cc(168)] Scan in shim layer started
06-04 11:05:51.606 I/bluetooth( 1045): packages/modules/Bluetooth/system/stack/eatt/eatt_impl.h:1008 connect: Device xx:xx:xx:xx:c0:69, role central
06-04 11:05:51.606 I/bluetooth( 1045): packages/modules/Bluetooth/system/gd/hci/le_scanning_manager.cc:588 stop_scan: Scanning already stopped, return!
06-04 11:05:51.606 I/bluetooth( 1045): packages/modules/Bluetooth/system/gd/hci/le_address_manager.cc:178 register_client: Client registered
06-04 11:05:51.606 I/bluetooth( 1045): packages/modules/Bluetooth/system/stack/gatt/gatt_main.cc:405 gatt_update_app_use_link_flag: disable link idle timer for xx:xx:xx:xx:c0:69
06-04 11:05:51.606 I/bt_stack( 1045): [INFO:l2c_api.cc(1607)] L2CA_MarkLeLinkAsActivesetting link to e4:bb:d3:57:c0:69 as active
06-04 11:05:51.606 I/bluetooth( 1045): packages/modules/Bluetooth/system/stack/gatt/gatt_api.cc:1206 GATT_SetIdleTimeout: idle_timeout=65535, is_active=1, status=1 (1-OK 0-not performed)
06-04 11:05:51.607 D/BluetoothHidHostService( 1045): Connection state XX:XX:XX:XX:C0:69: 0->1
06-04 11:05:51.610 D/CachedBluetoothDevice( 1063): onProfileStateChanged: profile HID, device XX:XX:XX:XX:C0:69, newProfileState 1
06-04 11:05:51.610 D/BluetoothAdapter( 1063): getActiveDevices(profile= A2DP)
06-04 11:05:51.613 D/CachedBluetoothDevice( 939): onProfileStateChanged: profile HID, device XX:XX:XX:XX:C0:69, newProfileState 1
06-04 11:05:51.613 D/BluetoothAdapter( 939): getActiveDevices(profile= A2DP)
06-04 11:05:51.614 I/BluetoothAdapterService( 1045): getActiveDevices: A2dp device: null
06-04 11:05:51.614 D/BluetoothAdapter( 1063): getActiveDevices(profile= HEADSET)
06-04 11:05:51.616 I/BluetoothAdapterService( 1045): getActiveDevices: A2dp device: null
06-04 11:05:51.616 D/BluetoothAdapter( 939): getActiveDevices(profile= HEADSET)
06-04 11:05:51.616 I/bluetooth( 1045): packages/modules/Bluetooth/system/stack/gatt/gatt_sr.cc:839 gatts_process_mtu_req: MTU 247 request from remote (e4:bb:d3:57:c0:69), resulted MTU 247
06-04 11:05:51.616 I/bt_btm_ble( 1045): packages/modules/Bluetooth/system/stack/btm/btm_ble.cc:620 BTM_SetBleDataLength: xx:xx:xx:xx:c0:69, 251
06-04 11:05:51.617 W/bt_stack( 1045): [WARNING:gatt_utils.cc(831)] Call back not found for application conn_id=3
06-04 11:05:51.617 W/bt_stack( 1045): [WARNING:gatt_utils.cc(831)] Call back not found for application conn_id=4
06-04 11:05:51.617 W/bt_stack( 1045): [WARNING:gatt_utils.cc(831)] Call back not found for application conn_id=5
06-04 11:05:51.618 I/BluetoothAdapterService( 1045): getActiveDevices: Headset device: null
06-04 11:05:51.618 D/AdapterProperties( 1045): PROFILE_CONNECTION_STATE_CHANGE: profile=4, device=XX:XX:XX:XX:C0:69, 0 -> 1
06-04 11:05:51.618 D/BluetoothAdapter( 1063): getActiveDevices(profile= HEARING_AID)
06-04 11:05:51.620 I/BluetoothAdapterService( 1045): getActiveDevices: Headset device: null
06-04 11:05:51.621 D/BluetoothAdapter( 939): getActiveDevices(profile= HEARING_AID)
06-04 11:05:51.621 I/BluetoothAdapterService( 1045): getActiveDevices: Hearing Aid devices: Left[null] - Right[null]
06-04 11:05:51.624 I/BluetoothAdapterService( 1045): getActiveDevices: Hearing Aid devices: Left[null] - Right[null]
06-04 11:05:51.627 I/bt_btif_hh( 1045): packages/modules/Bluetooth/system/btif/src/btif_hh.cc:436 hh_open_handler: Found device, getting dscp info for handle 16
06-04 11:05:51.627 I/bt_btif_dm( 1045): packages/modules/Bluetooth/system/btif/src/btif_dm.cc:489 get_cod: get_cod remote_cod = 0x0000050c
06-04 11:05:51.627 I/bt_btif_dm( 1045): packages/modules/Bluetooth/system/btif/src/btif_dm.cc:489 get_cod: get_cod remote_cod = 0x0000050c
06-04 11:05:51.627 W/bt_btif ( 1045): packages/modules/Bluetooth/system/main/bte_logmsg.cc:108 LogMsg: btif_hh_upstreams_evt: name = Dangbei
06-04 11:05:51.627 W/bt_btif ( 1045): packages/modules/Bluetooth/system/main/bte_logmsg.cc:108 LogMsg: bta_hh_co_send_hid_info: fd = 150, name = [Dangbei], dscp_len = 80
06-04 11:05:51.627 W/bt_btif ( 1045): packages/modules/Bluetooth/system/main/bte_logmsg.cc:108 LogMsg: bta_hh_co_send_hid_info: vendor_id = 0x000d, product_id = 0x3838, version= 0x0000,ctry_code=0x00
06-04 11:05:51.627 W/bt_btif ( 1045): packages/modules/Bluetooth/system/main/bte_logmsg.cc:108 LogMsg: bta_hh_co_send_hid_info: wrote descriptor to fd = 150, dscp_len = 80, result = 0
06-04 11:05:51.627 W/bt_stack( 1045): [WARNING:btif_hh.cc(461)] Device xx:xx:xx:xx:c0:69 already added
06-04 11:05:51.628 W/bt_btif ( 1045): packages/modules/Bluetooth/system/main/bte_logmsg.cc:108 LogMsg: btif_hh_upstreams_evt: Device already added
06-04 11:05:51.629 D/XM_HIDREAD( 1961): add@ add@/devices/virtual/misc/uhid/0005:000D:3838.0001
06-04 11:05:51.631 D/AdapterProperties( 1045): ADAPTER_CONNECTION_STATE_CHANGE: XX:XX:XX:XX:C0:69: 0 -> 1
06-04 11:05:51.638 D/EventHub( 689): No input device configuration file found for device 'Dangbei'.
06-04 11:05:51.640 D/XM_HIDREAD( 1961): add@ add@/devices/virtual/misc/uhid/0005:000D:3838.0001/input/input9
06-04 11:05:51.640 D/XM_HIDREAD( 1961): add@ add@/devices/virtual/misc/uhid/0005:000D:3838.0001/input/input9/event9
06-04 11:05:51.640 D/XM_HIDREAD( 1961): add@ add@/devices/virtual/misc/uhid/0005:000D:3838.0001/input/input11
06-04 11:05:51.640 D/XM_HIDREAD( 1961): add@ add@/devices/virtual/misc/uhid/0005:000D:3838.0001/input/input11/event10
06-04 11:05:51.640 D/XM_HIDREAD( 1961): add@ add@/devices/virtual/misc/uhid/0005:000D:3838.0001/hidraw/hidraw0
06-04 11:05:51.640 D/XM_HIDREAD( 1961): ready open:/dev/hidraw0
06-04 11:05:51.641 I/EventHub( 689): usingClockIoctl=true
06-04 11:05:51.641 I/EventHub( 689): New device: id=10, fd=487, path='/dev/input/event9', name='Dangbei', classes=KEYBOARD | DPAD | EXTERNAL, configuration='', keyLayout='/vendor/usr/keylayout/Vendor_000d_Product_3838.kl', keyCharacterMap='/system/usr/keychars/Generic.kcm', builtinKeyboard=false,
06-04 11:05:51.641 D/XM_HIDREAD( 1961): open:/dev/hidraw0 resultFD:8
06-04 11:05:51.641 D/XM_HIDREAD( 1961): 1 ready ioctl hidrawFD 8
06-04 11:05:51.641 D/XM_HIDREAD( 1961): 2 ready ioctl hidrawFD 8
06-04 11:05:51.641 D/XM_HIDREAD( 1961): 3 ready ioctl hidrawFD 8
06-04 11:05:51.641 D/XM_HIDREAD( 1961): 4 ready ioctl hidrawFD 8
06-04 11:05:51.641 D/XM_HIDREAD( 1961): ioctl hidrawFD HIDIOCGRDESC ret 0
06-04 11:05:51.641 D/XM_HIDREAD( 1961): dinfo.vendor:13,dinfo.product:14392
06-04 11:05:51.641 D/XM_HIDREAD( 1961): m_pid:0x3838,m_vid:0x000d
06-04 11:05:51.641 D/XM_HIDREAD( 1961): /dev/hidraw0 open succussfully!
06-04 11:05:51.642 D/XM_HIDREAD( 1961): add@ add@/devices/virtual/wakeup/wakeup32
06-04 11:05:51.646 I/bt_stack( 1045): [INFO:eatt_impl.h(888)] supported_features_cb e4:bb:d3:57:c0:69 is_eatt_supported = 0
06-04 11:05:51.646 I/InputReader( 689): Device added: id=10, eventHubId=10, name='Dangbei', descriptor='0cbc2f0f3879d88ce0a92588c2ba6c92e7ec6041',sources=KEYBOARD | DPAD
06-04 11:05:51.652 D/EventHub( 689): No input device configuration file found for device 'Dangbei Consumer Control'.
06-04 11:05:51.653 W/SoundPool( 689): Use of stream types is deprecated for operations other than volume control
06-04 11:05:51.653 W/SoundPool( 689): See the documentation of SoundPool() for what to use instead with android.media.AudioAttributes to qualify your playback use case
06-04 11:05:51.654 W/SoundPool( 689): play soundID 2 not READY
06-04 11:05:51.656 D/BluetoothHidHostService( 1045): Connection state XX:XX:XX:XX:C0:69: 1->2
06-04 11:05:51.656 I/SogouIME( 1440): onKeyDown: keyoCode=19
06-04 11:05:51.657 I/DefaultIMS( 1440): onKeyDown: keyoCode=19
06-04 11:05:51.657 I/wpa_supplicant( 1146): wpa_driver_nl80211_driver_cmd: wifi vendor: aml_w2_s
06-04 11:05:51.657 I/wpa_supplicant( 1146): wpa_driver_nl80211_driver_cmd: wlan0: private command: BTCOEXSCAN-START
06-04 11:05:51.659 D/CachedBluetoothDevice( 1063): onProfileStateChanged: profile HID, device XX:XX:XX:XX:C0:69, newProfileState 2
06-04 11:05:51.659 D/BluetoothAdapter( 1063): getActiveDevices(profile= A2DP)
06-04 11:05:51.660 D/XM_HIDREAD( 1961): add@ add@/devices/virtual/wakeup/wakeup33
06-04 11:05:51.660 W/EventHub( 689): Unable to disable kernel key repeat for /dev/input/event10: Function not implemented
06-04 11:05:51.660 D/AdapterProperties( 1045): PROFILE_CONNECTION_STATE_CHANGE: profile=4, device=XX:XX:XX:XX:C0:69, 1 -> 2
06-04 11:05:51.660 I/EventHub( 689): usingClockIoctl=true
06-04 11:05:51.660 I/EventHub( 689): New device: id=11, fd=488, path='/dev/input/event10', name='Dangbei Consumer Control', classes=KEYBOARD | DPAD | JOYSTICK | EXTERNAL, configuration='', keyLayout='/vendor/usr/keylayout/Vendor_000d_Product_3838.kl', keyCharacterMap='/system/usr/keychars/Generic.kcm', builtinKeyboard=false,
06-04 11:05:51.661 I/InputReader( 689): Device added: id=10, eventHubId=11, name='Dangbei Consumer Control', descriptor='f36cf0f9f08d460d7d2f779e466f9d0b0ad8690d',sources=KEYBOARD | DPAD | JOYSTICK
06-04 11:05:51.662 D/AdapterProperties( 1045): ADAPTER_CONNECTION_STATE_CHANGE: XX:XX:XX:XX:C0:69: 1 -> 2
06-04 11:05:51.664 I/BluetoothAdapterService( 1045): getActiveDevices: A2dp device: null
06-04 11:05:51.664 D/BluetoothAdapter( 1063): getActiveDevices(profile= HEADSET)
06-04 11:05:51.672 I/wpa_supplicant( 1146): wpa_driver_nl80211_driver_cmd: wifi vendor: aml_w2_s
06-04 11:05:51.672 I/wpa_supplicant( 1146): wpa_driver_nl80211_driver_cmd: wlan0: private command: BTCOEXSCAN-START
06-04 11:05:51.674 D/CachedBluetoothDevice( 939): onProfileStateChanged: profile HID, device XX:XX:XX:XX:C0:69, newProfileState 2
06-04 11:05:51.674 D/BluetoothAdapter( 939): getActiveDevices(profile= A2DP)
06-04 11:05:51.676 I/AmFFmpegByteIOAdapter( 601): File size : 12971
06-04 11:05:51.676 I/BluetoothAdapterService( 1045): getActiveDevices: Headset device: null
06-04 11:05:51.679 I/BluetoothAdapterService( 1045): getActiveDevices: A2dp device: null
06-04 11:05:51.680 E/SecondScreen( 1441): FirstScreenLayoutView dispatchKeyEvent 19
06-04 11:05:51.681 D/BluetoothAdapter( 939): getActiveDevices(profile= HEADSET)
06-04 11:05:51.683 I/BluetoothAdapterService( 1045): getActiveDevices: Headset device: null
06-04 11:05:51.683 D/BluetoothAdapter( 1063): getActiveDevices(profile= HEARING_AID)
06-04 11:05:51.684 D/BluetoothAdapter( 939): getActiveDevices(profile= HEARING_AID)
06-04 11:05:51.686 I/SogouIME( 1440): onKeyUp: keyoCode=19
06-04 11:05:51.686 I/DefaultIMS( 1440): onKeyUp: keyoCode=19
06-04 11:05:51.687 E/SecondScreen( 1441): FirstScreenLayoutView dispatchKeyEvent 19
06-04 11:05:51.688 W/exFFmpeg( 601): Invalid return value 0 for stream protocol
06-04 11:05:51.688 D/XM_HIDREAD( 1961): poll ret=1, event=1
06-04 11:05:51.688 D/XM_HIDREAD( 1961): [9 bytes]:01 00 00 52 00 00 00 00 00
06-04 11:05:51.688 W/exFFmpeg( 601): Invalid return value 0 for stream protocol
06-04 11:05:51.688 I/BluetoothAdapterService( 1045): getActiveDevices: Hearing Aid devices: Left[null] - Right[null]
06-04 11:05:51.691 I/BluetoothAdapterService( 1045): getActiveDevices: Hearing Aid devices: Left[null] - Right[null]
06-04 11:05:51.692 D/TrafficStats( 1441): tagSocket(121) with statsTag=0xffffffff, statsUid=-1
06-04 11:05:51.695 I/AmFFmpegExtractor( 601): checkInList: iswhite:0, mime:audio/ogg, type:1, id:86021 tag:0
06-04 11:05:51.695 I/AmFFmpegExtractor( 601): checkInList: iswhite:1, mime:audio/ogg, type:1, id:86021 tag:0
06-04 11:05:51.695 E/AmFFmpegExtractor( 601): codec_ctx->properties: 0
06-04 11:05:51.695 I/AmFFmpegExtractor( 601): checkSupportInList ret 1
06-04 11:05:51.697 I/AmFFmpegByteIOAdapter( 601): File size : 13195
06-04 11:05:51.698 W/exFFmpeg( 601): Invalid return value 0 for stream protocol
06-04 11:05:51.698 W/exFFmpeg( 601): Invalid return value 0 for stream protocol
06-04 11:05:51.699 I/AmFFmpegExtractor( 601): checkInList: iswhite:0, mime:audio/ogg, type:1, id:86021 tag:0
06-04 11:05:51.699 I/AmFFmpegExtractor( 601): checkInList: iswhite:1, mime:audio/ogg, type:1, id:86021 tag:0
06-04 11:05:51.699 E/AmFFmpegExtractor( 601): codec_ctx->properties: 0
06-04 11:05:51.699 I/AmFFmpegExtractor( 601): checkSupportInList ret 1
06-04 11:05:51.704 I/AmFFmpegExtractor( 601): checkInList: iswhite:0, mime:audio/ogg, type:1, id:86021 tag:0
06-04 11:05:51.704 I/AmFFmpegExtractor( 601): checkInList: iswhite:1, mime:audio/ogg, type:1, id:86021 tag:0
06-04 11:05:51.704 E/AmFFmpegExtractor( 601): codec_ctx->properties: 0
06-04 11:05:51.704 I/AmFFmpegExtractor( 601): checkSupportInList ret 0
06-04 11:05:51.705 E/AmFFmpegExtractor( 601): vendor do not support
06-04 11:05:51.711 I/AmFFmpegExtractor( 601): checkInList: iswhite:0, mime:audio/ogg, type:1, id:86021 tag:0
06-04 11:05:51.711 I/AmFFmpegExtractor( 601): checkInList: iswhite:1, mime:audio/ogg, type:1, id:86021 tag:0
06-04 11:05:51.711 E/AmFFmpegExtractor( 601): codec_ctx->properties: 0
06-04 11:05:51.711 I/AmFFmpegExtractor( 601): checkSupportInList ret 0
06-04 11:05:51.711 E/AmFFmpegExtractor( 601): vendor do not support
06-04 11:05:51.729 D/MediaCodecList( 689): codecHandlesFormat: no format, so no extra checks
06-04 11:05:51.724 I/rainbow_flow( 2218): type=1400 audit(0.0:997): avc: denied { ioctl } for path="/dev/spidev1.0" dev="tmpfs" ino=550 ioctlcmd=0x6b00 scontext=u:r:init:s0 tcontext=u:object_r:device:s0 tclass=chr_file permissive=1
06-04 11:05:51.736 D/MediaCodecList( 689): codecHandlesFormat: no format, so no extra checks
06-04 11:05:51.737 D/CCodec ( 689): allocate(c2.android.vorbis.decoder)
06-04 11:05:51.738 D/CCodec ( 689): allocate(c2.android.vorbis.decoder)
06-04 11:05:51.739 I/CCodec ( 689): setting up 'default' as default (vendor) store
06-04 11:05:51.739 D/CompatibilityChangeReporter( 689): Compat change id reported: 161145287; UID 1000; state: ENABLED
06-04 11:05:51.740 I/CCodec ( 689): setting up 'default' as default (vendor) store
06-04 11:05:51.742 D/CompatibilityChangeReporter( 689): Compat change id reported: 161145287; UID 1000; state: DISABLED
06-04 11:05:51.744 I/CCodec ( 689): Created component [c2.android.vorbis.decoder]
06-04 11:05:51.744 D/CCodecConfig( 689): read media type: audio/vorbis
06-04 11:05:51.744 I/CCodec ( 689): Created component [c2.android.vorbis.decoder]
06-04 11:05:51.744 D/CCodecConfig( 689): read media type: audio/vorbis
06-04 11:05:51.746 D/XM_HIDREAD( 1961): poll ret=1, event=1
06-04 11:05:51.746 D/XM_HIDREAD( 1961): [9 bytes]:01 00 00 00 00 00 00 00 00
06-04 11:05:51.746 I/InputReader( 689): Dropping key up from device Dangbei because the key was not down. keyCode=19, scanCode=103
06-04 11:05:51.747 D/ReflectedParamUpdater( 689): extent() != 1 for single value type: algo.buffers.max-count.values
06-04 11:05:51.747 D/ReflectedParamUpdater( 689): extent() != 1 for single value type: output.subscribed-indices.values
06-04 11:05:51.747 D/ReflectedParamUpdater( 689): extent() != 1 for single value type: input.buffers.allocator-ids.values
06-04 11:05:51.748 D/ReflectedParamUpdater( 689): extent() != 1 for single value type: output.buffers.allocator-ids.values
06-04 11:05:51.748 D/ReflectedParamUpdater( 689): extent() != 1 for single value type: algo.buffers.allocator-ids.values
06-04 11:05:51.748 D/ReflectedParamUpdater( 689): extent() != 1 for single value type: output.buffers.pool-ids.values
06-04 11:05:51.748 D/ReflectedParamUpdater( 689): extent() != 1 for single value type: algo.buffers.pool-ids.values
06-04 11:05:51.749 D/ReflectedParamUpdater( 689): extent() != 1 for single value type: algo.buffers.max-count.values
06-04 11:05:51.749 D/ReflectedParamUpdater( 689): extent() != 1 for single value type: output.subscribed-indices.values
06-04 11:05:51.749 D/ReflectedParamUpdater( 689): extent() != 1 for single value type: input.buffers.allocator-ids.values
06-04 11:05:51.749 D/ReflectedParamUpdater( 689): extent() != 1 for single value type: output.buffers.allocator-ids.values
06-04 11:05:51.749 D/ReflectedParamUpdater( 689): extent() != 1 for single value type: algo.buffers.allocator-ids.values
06-04 11:05:51.749 D/ReflectedParamUpdater( 689): extent() != 1 for single value type: output.buffers.pool-ids.values
06-04 11:05:51.749 I/CCodecConfig( 689): query failed after returning 7 values (BAD_INDEX)
06-04 11:05:51.750 D/ReflectedParamUpdater( 689): extent() != 1 for single value type: algo.buffers.pool-ids.values
06-04 11:05:51.750 D/CCodecConfig( 689): c2 config diff is Dict {
06-04 11:05:51.750 D/CCodecConfig( 689): c2::u32 coded.bitrate.value = 64000
06-04 11:05:51.750 D/CCodecConfig( 689): c2::u32 input.buffers.max-size.value = 32768
06-04 11:05:51.750 D/CCodecConfig( 689): c2::u32 input.delay.value = 0
06-04 11:05:51.750 D/CCodecConfig( 689): string input.media-type.value = "audio/vorbis"
06-04 11:05:51.750 D/CCodecConfig( 689): string output.media-type.value = "audio/raw"
06-04 11:05:51.750 D/CCodecConfig( 689): c2::u32 raw.channel-count.value = 1
06-04 11:05:51.750 D/CCodecConfig( 689): c2::u32 raw.sample-rate.value = 48000
06-04 11:05:51.750 D/CCodecConfig( 689): }
06-04 11:05:51.752 I/CCodecConfig( 689): query failed after returning 7 values (BAD_INDEX)
06-04 11:05:51.752 D/CCodecConfig( 689): c2 config diff is Dict {
06-04 11:05:51.752 D/CCodecConfig( 689): c2::u32 coded.bitrate.value = 64000
06-04 11:05:51.752 D/CCodecConfig( 689): c2::u32 input.buffers.max-size.value = 32768
06-04 11:05:51.752 D/CCodecConfig( 689): c2::u32 input.delay.value = 0
06-04 11:05:51.752 D/CCodecConfig( 689): string input.media-type.value = "audio/vorbis"
06-04 11:05:51.752 D/CCodecConfig( 689): string output.media-type.value = "audio/raw"
06-04 11:05:51.752 D/CCodecConfig( 689): c2::u32 raw.channel-count.value = 1
06-04 11:05:51.752 D/CCodecConfig( 689): c2::u32 raw.sample-rate.value = 48000
06-04 11:05:51.752 D/CCodecConfig( 689): }
06-04 11:05:51.753 D/MediaCodec( 689): flushMediametrics
06-04 11:05:51.754 D/CCodec ( 689): [c2.android.vorbis.decoder] buffers are bound to CCodec for this session
06-04 11:05:51.754 D/CCodecConfig( 689): no c2 equivalents for durationUs
06-04 11:05:51.754 D/CCodecConfig( 689): no c2 equivalents for track-id
06-04 11:05:51.754 D/CCodecConfig( 689): no c2 equivalents for csd-1
06-04 11:05:51.754 D/CCodecConfig( 689): no c2 equivalents for flags
06-04 11:05:51.754 D/MediaCodec( 689): flushMediametrics
06-04 11:05:51.754 D/CCodec ( 689): [c2.android.vorbis.decoder] buffers are bound to CCodec for this session
06-04 11:05:51.754 D/CCodecConfig( 689): no c2 equivalents for durationUs
06-04 11:05:51.755 D/CCodecConfig( 689): no c2 equivalents for track-id
06-04 11:05:51.755 D/CCodecConfig( 689): c2 config diff is c2::u32 coded.bitrate.value = 112000
06-04 11:05:51.755 D/CCodecConfig( 689): c2::u32 raw.channel-count.value = 2
06-04 11:05:51.755 D/CCodecConfig( 689): c2::u32 raw.sample-rate.value = 44100
06-04 11:05:51.755 D/CCodecConfig( 689): no c2 equivalents for csd-1
06-04 11:05:51.755 D/CCodecConfig( 689): no c2 equivalents for flags
06-04 11:05:51.756 W/Codec2Client( 689): query -- param skipped: index = 1107298332.
06-04 11:05:51.756 D/CCodec ( 689): encoding statistics level = 0
06-04 11:05:51.756 D/CCodec ( 689): setup formats input: AMessage(what = 0x00000000) = {
06-04 11:05:51.756 D/CCodec ( 689): int32_t bitrate = 112000
06-04 11:05:51.756 D/CCodec ( 689): int32_t channel-count = 2
06-04 11:05:51.756 D/CCodec ( 689): int32_t max-input-size = 32768
06-04 11:05:51.756 D/CCodec ( 689): string mime = "audio/vorbis"
06-04 11:05:51.756 D/CCodec ( 689): int32_t sample-rate = 44100
06-04 11:05:51.756 D/CCodec ( 689): }
06-04 11:05:51.756 D/CCodec ( 689): setup formats output: AMessage(what = 0x00000000) = {
06-04 11:05:51.756 D/CCodec ( 689): int32_t channel-count = 2
06-04 11:05:51.756 D/CCodec ( 689): string mime = "audio/raw"
06-04 11:05:51.756 D/CCodec ( 689): int32_t sample-rate = 44100
06-04 11:05:51.756 D/CCodec ( 689): int32_t channel-mask = 3
06-04 11:05:51.756 D/CCodec ( 689): int32_t android._config-pcm-encoding = 2
06-04 11:05:51.756 D/CCodec ( 689): }
06-04 11:05:51.756 I/CCodecConfig( 689): query failed after returning 7 values (BAD_INDEX)
06-04 11:05:51.756 D/CCodecConfig( 689): c2 config diff is c2::u32 coded.bitrate.value = 112000
06-04 11:05:51.756 D/CCodecConfig( 689): c2::u32 raw.channel-count.value = 2
06-04 11:05:51.756 D/CCodecConfig( 689): c2::u32 raw.sample-rate.value = 44100
06-04 11:05:51.757 W/Codec2Client( 689): query -- param skipped: index = 1107298332.
06-04 11:05:51.757 D/CCodec ( 689): encoding statistics level = 0
06-04 11:05:51.757 D/CCodec ( 689): setup formats input: AMessage(what = 0x00000000) = {
06-04 11:05:51.757 D/CCodec ( 689): int32_t bitrate = 112000
06-04 11:05:51.757 D/CCodec ( 689): int32_t channel-count = 2
06-04 11:05:51.757 D/CCodec ( 689): int32_t max-input-size = 32768
06-04 11:05:51.757 D/CCodec ( 689): string mime = "audio/vorbis"
06-04 11:05:51.757 D/CCodec ( 689): int32_t sample-rate = 44100
06-04 11:05:51.757 D/CCodec ( 689): }
06-04 11:05:51.757 D/CCodec ( 689): setup formats output: AMessage(what = 0x00000000) = {
06-04 11:05:51.757 D/CCodec ( 689): int32_t channel-count = 2
06-04 11:05:51.757 D/CCodec ( 689): string mime = "audio/raw"
06-04 11:05:51.757 D/CCodec ( 689): int32_t sample-rate = 44100
06-04 11:05:51.757 D/CCodec ( 689): int32_t channel-mask = 3
06-04 11:05:51.757 D/CCodec ( 689): int32_t android._config-pcm-encoding = 2
06-04 11:05:51.757 D/CCodec ( 689): }
06-04 11:05:51.757 I/CCodecConfig( 689): query failed after returning 7 values (BAD_INDEX)
06-04 11:05:51.757 W/Codec2Client( 689): query -- param skipped: index = 1342179345.
06-04 11:05:51.757 W/Codec2Client( 689): query -- param skipped: index = 2415921170.
06-04 11:05:51.758 W/Codec2Client( 689): query -- param skipped: index = 1342179345.
06-04 11:05:51.758 W/Codec2Client( 689): query -- param skipped: index = 2415921170.
06-04 11:05:51.759 D/BufferPoolAccessor2.0( 612): Destruction - bufferpool2 0xe9681d68 cached: 0/0M, 0/0% in use; allocs: 10, 80% recycled; transfers: 9, 78% unfetched
06-04 11:05:51.759 D/BufferPoolAccessor2.0( 612): Destruction - bufferpool2 0xe9682788 cached: 0/0M, 0/0% in use; allocs: 11, 91% recycled; transfers: 10, 90% unfetched
06-04 11:05:51.759 D/BufferPoolAccessor2.0( 612): Destruction - bufferpool2 0xe9683748 cached: 0/0M, 0/0% in use; allocs: 7, 57% recycled; transfers: 6, 50% unfetched
06-04 11:05:51.759 D/CCodecBufferChannel( 689): [c2.android.vorbis.decoder#954] Created input block pool with allocatorID 16 => poolID 23 - OK (0)
06-04 11:05:51.759 D/BufferPoolAccessor2.0( 612): Destruction - bufferpool2 0xe9682c08 cached: 0/0M, 0/0% in use; allocs: 15, 87% recycled; transfers: 14, 86% unfetched
06-04 11:05:51.760 D/BufferPoolAccessor2.0( 612): Destruction - bufferpool2 0xe9683aa8 cached: 0/0M, 0/0% in use; allocs: 10, 80% recycled; transfers: 9, 78% unfetched
06-04 11:05:51.760 D/BufferPoolAccessor2.0( 612): Destruction - bufferpool2 0xe9683628 cached: 0/0M, 0/0% in use; allocs: 15, 80% recycled; transfers: 14, 79% unfetched
06-04 11:05:51.760 D/CCodecBufferChannel( 689): [c2.android.vorbis.decoder#34] Created input block pool with allocatorID 16 => poolID 24 - OK (0)
06-04 11:05:51.761 D/BufferPoolAccessor2.0( 689): Destruction - bufferpool2 0xb90c8f08 cached: 0/0M, 0/0% in use; allocs: 7, 29% recycled; transfers: 24, 79% unfetched
06-04 11:05:51.761 D/BufferPoolAccessor2.0( 689): Destruction - bufferpool2 0xb90f0e08 cached: 0/0M, 0/0% in use; allocs: 7, 29% recycled; transfers: 26, 81% unfetched
06-04 11:05:51.761 D/BufferPoolAccessor2.0( 689): Destruction - bufferpool2 0xb90f1b88 cached: 0/0M, 0/0% in use; allocs: 7, 29% recycled; transfers: 34, 85% unfetched
06-04 11:05:51.762 D/BufferPoolAccessor2.0( 689): Destruction - bufferpool2 0xb90f5a88 cached: 0/0M, 0/0% in use; allocs: 7, 29% recycled; transfers: 34, 85% unfetched
06-04 11:05:51.762 D/BufferPoolAccessor2.0( 689): Destruction - bufferpool2 0xb90dcfa8 cached: 0/0M, 0/0% in use; allocs: 7, 29% recycled; transfers: 18, 72% unfetched
06-04 11:05:51.762 D/BufferPoolAccessor2.0( 689): Destruction - bufferpool2 0xb90f0988 cached: 0/0M, 0/0% in use; allocs: 7, 29% recycled; transfers: 24, 79% unfetched
06-04 11:05:51.762 I/CCodecBufferChannel( 689): [c2.android.vorbis.decoder#954] Created output block pool with allocatorID 16 => poolID 23 - OK
06-04 11:05:51.763 D/CCodecBufferChannel( 689): [c2.android.vorbis.decoder#954] Configured output block pool ids 23 => OK
06-04 11:05:51.763 I/C2VendorComponentStore( 482): setDmaBufUsage 5
06-04 11:05:51.766 D/SimpleC2Component( 612): Using output block pool with poolID 23 => got 23 - 0
06-04 11:05:51.760 I/UsbFfs-monitor( 1357): type=1400 audit(0.0:998): avc: denied { use } for path="anon_inode:[eventfd]" dev="anon_inodefs" ino=10204 scontext=u:r:su:s0 tcontext=u:r:adbd:s0 tclass=fd permissive=1
06-04 11:05:51.764 I/adbd ( 1357): type=1400 audit(0.0:999): avc: denied { write } for path="socket:[34893]" dev="sockfs" ino=34893 scontext=u:r:su:s0 tcontext=u:r:adbd:s0 tclass=unix_stream_socket permissive=1
06-04 11:05:51.764 I/adbd ( 1357): type=1400 audit(0.0:1000): avc: denied { read } for path="socket:[34894]" dev="sockfs" ino=34894 scontext=u:r:su:s0 tcontext=u:r:adbd:s0 tclass=unix_stream_socket permissive=1
06-04 11:05:51.771 I/CCodecBufferChannel( 689): [c2.android.vorbis.decoder#34] Created output block pool with allocatorID 16 => poolID 24 - OK
06-04 11:05:51.772 D/CCodecBufferChannel( 689): [c2.android.vorbis.decoder#34] Configured output block pool ids 24 => OK
06-04 11:05:51.773 D/SimpleC2Component( 612): Using output block pool with poolID 24 => got 24 - 0
06-04 11:05:51.776 I/C2VendorComponentStore( 482): setDmaBufUsage 5
06-04 11:05:51.812 I//apex/com.android.adbd/bin/adbd( 1357): type=1400 audit(0.0:1001): avc: denied { dac_read_search } for comm=75736220666673206F70656E capability=2 scontext=u:r:su:s0 tcontext=u:r:su:s0 tclass=capability permissive=1
06-04 11:05:51.850 D/CCodecBufferChannel( 689): [c2.android.vorbis.decoder#34] MediaCodec discarded an unknown buffer
06-04 11:05:51.850 D/CCodecBufferChannel( 689): [c2.android.vorbis.decoder#34] MediaCodec discarded an unknown buffer
06-04 11:05:51.850 D/CCodecBufferChannel( 689): [c2.android.vorbis.decoder#34] MediaCodec discarded an unknown buffer
06-04 11:05:51.853 I/hw-BpHwBinder( 612): onLastStrongRef automatically unlinking death recipients
06-04 11:05:51.853 D/CCodecBufferChannel( 689): [c2.android.vorbis.decoder#954] MediaCodec discarded an unknown buffer
06-04 11:05:51.853 D/CCodecBufferChannel( 689): [c2.android.vorbis.decoder#954] MediaCodec discarded an unknown buffer
06-04 11:05:51.853 D/CCodecBufferChannel( 689): [c2.android.vorbis.decoder#954] MediaCodec discarded an unknown buffer
06-04 11:05:51.853 I/hw-BpHwBinder( 689): onLastStrongRef automatically unlinking death recipients
06-04 11:05:51.854 D/MediaCodec( 689): flushMediametrics
06-04 11:05:51.855 I/hw-BpHwBinder( 612): onLastStrongRef automatically unlinking death recipients
06-04 11:05:51.856 I/hw-BpHwBinder( 612): onLastStrongRef automatically unlinking death recipients
06-04 11:05:51.856 D/MediaCodec( 689): flushMediametrics
06-04 11:05:51.856 I/hw-BpHwBinder( 689): onLastStrongRef automatically unlinking death recipients
06-04 11:05:51.866 I/AmFFmpegByteIOAdapter( 601): File size : 13299
06-04 11:05:51.867 W/exFFmpeg( 601): Invalid return value 0 for stream protocol
06-04 11:05:51.867 W/exFFmpeg( 601): Invalid return value 0 for stream protocol
06-04 11:05:51.868 I/AmFFmpegExtractor( 601): checkInList: iswhite:0, mime:audio/ogg, type:1, id:86021 tag:0
06-04 11:05:51.868 I/AmFFmpegExtractor( 601): checkInList: iswhite:1, mime:audio/ogg, type:1, id:86021 tag:0
06-04 11:05:51.868 E/AmFFmpegExtractor( 601): codec_ctx->properties: 0
06-04 11:05:51.868 I/AmFFmpegExtractor( 601): checkSupportInList ret 1
06-04 11:05:51.870 I/AmFFmpegExtractor( 601): checkInList: iswhite:0, mime:audio/ogg, type:1, id:86021 tag:0
06-04 11:05:51.870 I/AmFFmpegExtractor( 601): checkInList: iswhite:1, mime:audio/ogg, type:1, id:86021 tag:0
06-04 11:05:51.870 E/AmFFmpegExtractor( 601): codec_ctx->properties: 0
06-04 11:05:51.870 I/AmFFmpegExtractor( 601): checkSupportInList ret 0
06-04 11:05:51.870 E/AmFFmpegExtractor( 601): vendor do not support
06-04 11:05:51.877 D/MediaCodecList( 689): codecHandlesFormat: no format, so no extra checks
06-04 11:05:51.878 D/CCodec ( 689): allocate(c2.android.vorbis.decoder)
06-04 11:05:51.880 I/CCodec ( 689): setting up 'default' as default (vendor) store
06-04 11:05:51.883 I/CCodec ( 689): Created component [c2.android.vorbis.decoder]
06-04 11:05:51.883 D/CCodecConfig( 689): read media type: audio/vorbis
06-04 11:05:51.885 D/ReflectedParamUpdater( 689): extent() != 1 for single value type: algo.buffers.max-count.values
06-04 11:05:51.885 D/ReflectedParamUpdater( 689): extent() != 1 for single value type: output.subscribed-indices.values
06-04 11:05:51.885 D/ReflectedParamUpdater( 689): extent() != 1 for single value type: input.buffers.allocator-ids.values
06-04 11:05:51.886 D/ReflectedParamUpdater( 689): extent() != 1 for single value type: output.buffers.allocator-ids.values
06-04 11:05:51.886 D/ReflectedParamUpdater( 689): extent() != 1 for single value type: algo.buffers.allocator-ids.values
06-04 11:05:51.886 D/ReflectedParamUpdater( 689): extent() != 1 for single value type: output.buffers.pool-ids.values
06-04 11:05:51.886 D/ReflectedParamUpdater( 689): extent() != 1 for single value type: algo.buffers.pool-ids.values
06-04 11:05:51.887 I/CCodecConfig( 689): query failed after returning 7 values (BAD_INDEX)
06-04 11:05:51.887 D/CCodecConfig( 689): c2 config diff is Dict {
06-04 11:05:51.887 D/CCodecConfig( 689): c2::u32 coded.bitrate.value = 64000
06-04 11:05:51.887 D/CCodecConfig( 689): c2::u32 input.buffers.max-size.value = 32768
06-04 11:05:51.887 D/CCodecConfig( 689): c2::u32 input.delay.value = 0
06-04 11:05:51.887 D/CCodecConfig( 689): string input.media-type.value = "audio/vorbis"
06-04 11:05:51.887 D/CCodecConfig( 689): string output.media-type.value = "audio/raw"
06-04 11:05:51.887 D/CCodecConfig( 689): c2::u32 raw.channel-count.value = 1
06-04 11:05:51.887 D/CCodecConfig( 689): c2::u32 raw.sample-rate.value = 48000
06-04 11:05:51.887 D/CCodecConfig( 689): }
06-04 11:05:51.890 D/MediaCodec( 689): flushMediametrics
06-04 11:05:51.890 D/CCodec ( 689): [c2.android.vorbis.decoder] buffers are bound to CCodec for this session
06-04 11:05:51.890 D/CCodecConfig( 689): no c2 equivalents for durationUs
06-04 11:05:51.890 D/CCodecConfig( 689): no c2 equivalents for track-id
06-04 11:05:51.890 D/CCodecConfig( 689): no c2 equivalents for csd-1
06-04 11:05:51.890 D/CCodecConfig( 689): no c2 equivalents for flags
06-04 11:05:51.891 D/CCodecConfig( 689): c2 config diff is c2::u32 coded.bitrate.value = 112000
06-04 11:05:51.891 D/CCodecConfig( 689): c2::u32 raw.channel-count.value = 2
06-04 11:05:51.891 D/CCodecConfig( 689): c2::u32 raw.sample-rate.value = 44100
06-04 11:05:51.892 W/Codec2Client( 689): query -- param skipped: index = 1107298332.
06-04 11:05:51.892 D/CCodec ( 689): encoding statistics level = 0
06-04 11:05:51.892 D/CCodec ( 689): setup formats input: AMessage(what = 0x00000000) = {
06-04 11:05:51.892 D/CCodec ( 689): int32_t bitrate = 112000
06-04 11:05:51.892 D/CCodec ( 689): int32_t channel-count = 2
06-04 11:05:51.892 D/CCodec ( 689): int32_t max-input-size = 32768
06-04 11:05:51.892 D/CCodec ( 689): string mime = "audio/vorbis"
06-04 11:05:51.892 D/CCodec ( 689): int32_t sample-rate = 44100
06-04 11:05:51.892 D/CCodec ( 689): }
06-04 11:05:51.892 D/CCodec ( 689): setup formats output: AMessage(what = 0x00000000) = {
06-04 11:05:51.892 D/CCodec ( 689): int32_t channel-count = 2
06-04 11:05:51.892 D/CCodec ( 689): string mime = "audio/raw"
06-04 11:05:51.892 D/CCodec ( 689): int32_t sample-rate = 44100
06-04 11:05:51.892 D/CCodec ( 689): int32_t channel-mask = 3
06-04 11:05:51.892 D/CCodec ( 689): int32_t android._config-pcm-encoding = 2
06-04 11:05:51.892 D/CCodec ( 689): }
06-04 11:05:51.892 I/CCodecConfig( 689): query failed after returning 7 values (BAD_INDEX)
06-04 11:05:51.893 W/Codec2Client( 689): query -- param skipped: index = 1342179345.
06-04 11:05:51.893 W/Codec2Client( 689): query -- param skipped: index = 2415921170.
06-04 11:05:51.894 D/CCodecBufferChannel( 689): [c2.android.vorbis.decoder#34] Created input block pool with allocatorID 16 => poolID 25 - OK (0)
06-04 11:05:51.895 I/CCodecBufferChannel( 689): [c2.android.vorbis.decoder#34] Created output block pool with allocatorID 16 => poolID 25 - OK
06-04 11:05:51.896 D/CCodecBufferChannel( 689): [c2.android.vorbis.decoder#34] Configured output block pool ids 25 => OK
06-04 11:05:51.896 I/C2VendorComponentStore( 482): setDmaBufUsage 5
06-04 11:05:51.898 D/SimpleC2Component( 612): Using output block pool with poolID 25 => got 25 - 0
06-04 11:05:51.906 I/C2VendorComponentStore( 482): setDmaBufUsage 5
06-04 11:05:51.917 W/BestClock( 689): java.time.DateTimeException: Missing network time fix
06-04 11:05:51.927 D/ConnectivityService( 689): requestNetwork for uid/pid:10069/2258 activeRequest: null callbackRequest: 53 [NetworkRequest [ REQUEST id=54, [ Capabilities: INTERNET&NOT_RESTRICTED&TRUSTED&NOT_VCN_MANAGED Uid: 10069 RequestorUid: 10069 RequestorPkg: com.android.rkpdapp UnderlyingNetworks: Null] ]] callback flags: 0 order: 2147483647
06-04 11:05:51.931 D/WifiNetworkFactory( 689): got request NetworkRequest [ REQUEST id=54, [ Capabilities: INTERNET&NOT_RESTRICTED&TRUSTED&NOT_VCN_MANAGED Uid: 10069 RequestorUid: 10069 RequestorPkg: com.android.rkpdapp UnderlyingNetworks: Null] ]
06-04 11:05:51.932 D/ConnectivityService( 689): NetReassign [54 : null → 100] [c 0] [a 3] [i 2]
06-04 11:05:51.932 D/UntrustedWifiNetworkFactory( 689): got request NetworkRequest [ REQUEST id=54, [ Capabilities: INTERNET&NOT_RESTRICTED&TRUSTED&NOT_VCN_MANAGED Uid: 10069 RequestorUid: 10069 RequestorPkg: com.android.rkpdapp UnderlyingNetworks: Null] ]
06-04 11:05:51.932 D/OemPaidWifiNetworkFactory( 689): got request NetworkRequest [ REQUEST id=54, [ Capabilities: INTERNET&NOT_RESTRICTED&TRUSTED&NOT_VCN_MANAGED Uid: 10069 RequestorUid: 10069 RequestorPkg: com.android.rkpdapp UnderlyingNetworks: Null] ]
06-04 11:05:51.932 D/MultiInternetWifiNetworkFactory( 689): got request NetworkRequest [ REQUEST id=54, [ Capabilities: INTERNET&NOT_RESTRICTED&TRUSTED&NOT_VCN_MANAGED Uid: 10069 RequestorUid: 10069 RequestorPkg: com.android.rkpdapp UnderlyingNetworks: Null] ]
06-04 11:05:51.937 W/BestClock( 689): java.time.DateTimeException: Missing network time fix
06-04 11:05:51.944 I/RkpdPeriodicProvisioner( 2258): Waking up; checking provisioning state.
06-04 11:05:51.946 D/XM_HIDREAD( 1961): poll ret=1, event=1
06-04 11:05:51.946 D/XM_HIDREAD( 1961): [9 bytes]:01 00 00 52 00 00 00 00 00
06-04 11:05:51.952 I/d.leradlauncher( 1441): Background concurrent copying GC freed 35477(1925KB) AllocSpace objects, 146(3924KB) LOS objects, 49% free, 17MB/35MB, paused 611us,176us total 278.129ms
06-04 11:05:51.953 W/AudioFlinger( 521): createTrack_l(): mismatch between requested flags (00000004) and output flags (00000002)
06-04 11:05:51.956 I/audio_hw_hal_primary( 476): [audiohal_get_latency:1333] io 13: out:0xf07c5650 frames:1024 rate:48000 whole_latency:21 alsa_latency:21
06-04 11:05:51.970 I/audio_hw_hal_primary( 476): [register_audio_patch:8215] Patch 3:id:3 mix(io:13)->dev_0[OUT_HDMI(id:22)] found, register the same patch, do nothing.
06-04 11:05:51.971 I/audio_hw_hal_primary( 476): [adev_create_audio_patch:8316] Patch 3: MIX->DEVICE, num_src:1 num_sink:1 patch_src:INVAL
06-04 11:05:51.971 I/audio_hw_hal_primary( 476): [adev_create_audio_patch:8320] sink[0]: OUT_HDMI(id:22)
06-04 11:05:51.971 I/audio_hw_hal_primary( 476): [adev_create_audio_patch:8377] Patch 3: mix(io:13) -> dev[OUT_HDMI(id:22)]
06-04 11:05:51.971 I/audio_hw_hal_primary( 476): [adev_create_audio_patch:8445] dev=0xf09c2930 cur_out_device=0x400
06-04 11:05:51.972 D/UEventObserver( 1063): change@/devices/platform/auge_sound/sound/card0/controlC0ACTION=changeDEVPATH=/devices/platform/auge_sound/sound/card0/controlC0SUBSYSTEM=soundAUDIO_FORMAT=0MAJOR=116MINOR=13DEVNAME=snd/controlC0SEQNUM=3542
06-04 11:05:51.977 D/audioserver( 521): logFgsApiBegin: FGS Logger Transaction failed, -129
06-04 11:05:51.978 I/audio_hw_hal_primary( 476): out_update_source_metadata_v7() line 2013 usage:1 content_type:2
06-04 11:05:51.978 I/SogouIME( 1440): onKeyDown: keyoCode=19
06-04 11:05:51.978 I/DefaultIMS( 1440): onKeyDown: keyoCode=19
06-04 11:05:51.979 E/SecondScreen( 1441): FirstScreenLayoutView dispatchKeyEvent 19
06-04 11:05:51.980 D/audio_hw_hal_ms12v2( 476): set_dolby_ms12_continuous_state audio_continuous_standby_set status 0
06-04 11:05:51.980 D/audio_hw_hal_continuous_standby( 476): audio_continuous_standby_set, type 0, params 0
06-04 11:05:51.980 I/audio_hw_hal_ms12common( 476): aml_set_ms12_scheduler_state ms12_scheduler_state:0, sch_state:0 SCHEDULER_RUNNING is sent to ms12
06-04 11:05:51.980 I/audio_hw_hal_primary( 476): [mixer_aux_buffer_write:7017] io 13: out:0xf07c5650 usecase:PCM_NORMAL standby to unstandby
06-04 11:05:51.980 E/audio_hw_hal_virtualbuf( 476): ms12 system input underrun happens read=8557889045 write=3541333278 diff=5016555767
06-04 11:05:51.993 D/CCodecBufferChannel( 689): [c2.android.vorbis.decoder#34] MediaCodec discarded an unknown buffer
06-04 11:05:51.996 I/hw-BpHwBinder( 689): onLastStrongRef automatically unlinking death recipients
06-04 11:05:51.997 I/hw-BpHwBinder( 612): onLastStrongRef automatically unlinking death recipients
06-04 11:05:51.997 I/hw-BpHwBinder( 612): onLastStrongRef automatically unlinking death recipients
06-04 11:05:51.998 D/MediaCodec( 689): flushMediametrics
06-04 11:05:52.002 I/audio_hw_hal_stream( 476): aml_stream_out_info_print: out:0xf07c5650, stream_type:pcm, sync_mode:non tunnel, input_size:679936 bytes
06-04 11:05:52.002 I/audio_hw_hal_stream( 476): aml_stream_out_info_print: last_time:24961 ms (sec:24, nsec:961879719), last_position:3383 ms (162384), cur_time:30104 ms (sec:30, nsec:104314930), cur_position:3457 ms (165968)
06-04 11:05:52.002 I/audio_hw_hal_stream( 476): aml_stream_out_info_print: time_gap:5143 ms (thr:100 ms), position_gap:74 ms, delay:83 ms, jitter: Position gap is behind system time gap by 5069 ms (thr:100 ms)
06-04 11:05:52.016 V/RkpdServerInterface( 2258): Requesting data from server. Attempt 1
06-04 11:05:52.076 D/XM_HIDREAD( 1961): poll ret=1, event=1
06-04 11:05:52.076 D/XM_HIDREAD( 1961): [9 bytes]:01 00 00 00 00 00 00 00 00
06-04 11:05:52.078 I/SogouIME( 1440): onKeyUp: keyoCode=19
06-04 11:05:52.078 I/DefaultIMS( 1440): onKeyUp: keyoCode=19
06-04 11:05:52.078 E/SecondScreen( 1441): FirstScreenLayoutView dispatchKeyEvent 19
06-04 11:05:52.101 D/TrafficStats( 2258): tagSocket(75) with statsTag=0x0, statsUid=-1
06-04 11:05:52.117 W/TelephonyPermissions( 689): reportAccessDeniedToReadIdentifiers:com.dangbei.screencast:getSerial:-1
06-04 11:05:52.123 I/audio_hw_hal_primary( 476): [audiohal_get_latency:1333] io 13: out:0xf07c5650 frames:1152 rate:48000 whole_latency:24 alsa_latency:24
06-04 11:05:52.145 I/audio_hw_hal_primary( 476): [audiohal_get_latency:1333] io 13: out:0xf07c5650 frames:1152 rate:48000 whole_latency:24 alsa_latency:24
06-04 11:05:52.158 V/NFC ( 1721): this device does not have NFC support
06-04 11:05:52.162 I/audio_hw_hal_primary( 476): [audiohal_get_latency:1333] io 13: out:0xf07c5650 frames:1152 rate:48000 whole_latency:24 alsa_latency:24
06-04 11:05:52.184 I/audio_hw_hal_primary( 476): [audiohal_get_latency:1333] io 13: out:0xf07c5650 frames:1152 rate:48000 whole_latency:24 alsa_latency:24
06-04 11:05:52.199 I/efs.px.api( 1721): get config from server, url is https://errlog.umeng.com/apm_cc
06-04 11:05:52.202 I/audio_hw_hal_primary( 476): [audiohal_get_latency:1333] io 13: out:0xf07c5650 frames:1280 rate:48000 whole_latency:26 alsa_latency:26
06-04 11:05:52.212 D/TrafficStats( 1721): tagSocket(159) with statsTag=0xffffffff, statsUid=-1
06-04 11:05:52.224 I/audio_hw_hal_primary( 476): [audiohal_get_latency:1333] io 13: out:0xf07c5650 frames:1152 rate:48000 whole_latency:24 alsa_latency:24
06-04 11:05:52.225 D/audioserver( 521): logFgsApiEnd: FGS Logger Transaction failed, -129
06-04 11:05:52.413 D/hdmicecd( 487): [CEC]:printCecMsgBuf, msg: 04 8f
06-04 11:05:52.414 D/HDMI ( 689): [R]: 04:8F
06-04 11:05:52.415 D/HDMI ( 689): [S]: 40:90:00
06-04 11:05:52.429 I/WifiService( 689): releaseMulticastLock uid=10043
06-04 11:05:52.434 I/WifiService( 689): releaseMulticastLock uid=10043
06-04 11:05:52.439 D/WifiHAL ( 501): Setting APF program, halHandle = 0xf7b425c0
06-04 11:05:52.439 I/WifiHAL ( 501): createRequest: APF set program request
06-04 11:05:52.439 D/WifiHAL ( 501): error code -95 mapped to -3
06-04 11:05:52.439 I/WifiHAL ( 501): Request Response failed for APF, result = -3
06-04 11:05:52.439 E/WifiStaIfaceAidlImpl( 689): installApfPacketFilter failed with service-specific exception: android.os.ServiceSpecificException: (code 4)
06-04 11:05:52.440 I/efs.base( 1721): lt=event`ev_ct=efs_core`ev_ac=config_coverage`tm=2025-06-04 11:05:43`dn=ac45bf75-7677-4e00-a7a1-ee108360b5d1`ps=com.dangbei.screencast`um_os=android`stime=1749006346927`pid=1721`fr=android`pkg=com.dangbei.screencast`cver=1735614866`vcode=20830`dsp_w=1920`uid=ac45bf75-7677-4e00-a7a1-ee108360b5d1`rom=14`wid=ac45bf75-7677-4e00-a7a1-ee108360b5d1`um_app_carrier=`um_access=unknow`um_app_channel=os`um_crash_sdk_version=1.4.0`ctime=1749006352`model=dbbox-a3`lang=zh`net=wifi`brand=amlogic`dsp_h=1080`um_network_type=0`ver=v2.8.3`build_model=DBBOX-A3`w_tm=1749006352`appid=5fc60c21094d637f3130af19`um_umid_header=ai41d99d10bb185b6970e4743266d42450`sdk=34`tzone=Asia/Shanghai`sdk_ver=1.3.6.umeng
06-04 11:05:52.440 I/efs.config( 1721): config request succ, config is:
06-04 11:05:52.440 I/efs.config( 1721): {"msg":"成功","code":0,"cip":"127.0.0.1","config":{"common":{"updateInteval":480,"gate_way_https":true},"sign":"f3NTUAxMcFVTa1IRAw==","app_configs":[{"conditions":[{"val":"0.0.0.0","opc":">=","fld":"ver"}],"actions":[{"opt":"apm_netperf_state","set":100},{"opt":"apm_netperf_day_limit","set":100},{"opt":"apm_netperf_res_bd_state","set":100},{"opt":"apm_oom_state","set":0},{"opt":"apm_netperf_data_rate","set":10},{"opt":"apm_native_h5perf_sampling_rate","set":5},{"opt":"apm_netperf_req_hd_state","set":100},{"opt":"apm_netperf_sampling_rate","set":1},{"opt":"flutter_dart_exception_max_count","set":20},{"opt":"flutter_pv_sampling_rate","set":5},{"opt":"apm_netperf_res_hd_state","set":100},{"opt":"flutter_page_state","set":100},{"opt":"flutter_page_rate","set":5},{"opt":"apm_memperf_sampling_rate","set":0},{"opt":"apm_crash_user_upload_type","set":1},{"opt":"apm_memperf_collect_max_period_sec","set":600},{"opt":"apm_crash_user_max_count","set":20},{"opt":"apm_netperf_bd_state","set":100},{"opt":"apm_native_h5_state","set":0},{"opt":"apm_mem_state","set":0},{"opt":"flutter_dart_exception_state","set":100},{"opt":"flutter_pv_max_count","set":200},{"opt":"apm_memperf_collect_interval","set":5},{"opt":"apm_flutter_state","set":100},{"opt":"apm_patrace_switch_rate","set":5},{"opt":"record_accumulation_time","set":60},{"opt":"apm_net_state","set":0},{"opt":"apm_startperf_sampling_rate","set":5},{"opt":"apm_oom_sampling_rate","set":5}]}]},"stm":1749006355,"cver":1735614866}
