06-04 11:05:47.600 W/System.err( 1699): at java.net.Inet6AddressImpl.lookupHostByName(Inet6AddressImpl.java:135)
06-04 11:05:47.600 W/System.err( 1699): ... 27 more
06-04 11:05:47.603 I/wpa_supplicant( 1146): wlan0: WPA: Key negotiation completed with 58:c7:ac:78:f0:10 [PTK=CCMP GTK=TKIP]
06-04 11:05:47.603 I/wpa_supplicant( 1146): wlan0: CTRL-EVENT-CONNECTED - Connection to 58:c7:ac:78:f0:10 completed [id=0 id_str=%7B%22configKey%22%3A%22%5C%22DB-machines5G%5C%22WPA_PSK%22%2C%22creatorUid%22%3A%221000%22%7D]
06-04 11:05:47.603 I/wpa_supplicant( 1146): assoc key_mgmt 0x2 network key_mgmt 0x142
06-04 11:05:47.611 I/WifiClientModeImpl[19843:wlan0]( 689): Update current security type to 2 from network connection event.
06-04 11:05:47.613 D/RockyVoice( 1699): RestartReceiver onReceive
06-04 11:05:47.614 E/ccc ( 1420): cccccc etnaService addListener com.dangbei.lerad.etna.aidl.IEtnaAidlListener$Stub$Proxy@8f6118f com.dangbei.leard.leradlauncher
06-04 11:05:47.633 D/RockyReceiver( 1699): action: android.net.wifi.WIFI_STATE_CHANGED
06-04 11:05:47.634 I/wpa_supplicant( 1146): wpa_driver_nl80211_driver_cmd: wifi vendor: aml_w2_s
06-04 11:05:47.634 I/wpa_supplicant( 1146): wpa_driver_nl80211_driver_cmd: wlan0: private command: MACADDR
06-04 11:05:47.636 D/RockyReceiver( 1699): action: android.net.wifi.STATE_CHANGE
06-04 11:05:47.639 I/ActivityManager( 689): com.android.dynsystem is exempt from freezer
06-04 11:05:47.640 D/CompatibilityChangeReporter( 689): Compat change id reported: 135634846; UID 1000; state: DISABLED
06-04 11:05:47.641 W/ContextImpl( 689): Calling a method in the system process without a qualified user: android.app.ContextImpl.sendStickyBroadcast:1626 com.android.server.wifi.ClientModeImpl.sendNetworkChangeBroadcast:3008 com.android.server.wifi.ClientModeImpl.lambda$sendNetworkChangeBroadcastWithCurrentState$14:2985 com.android.server.wifi.ClientModeImpl.$r8$lambda$q-j88Pjw4gROgoJFr8wBlBVbuJI:0 com.android.server.wifi.ClientModeImpl$$ExternalSyntheticLambda4.send:0
06-04 11:05:47.660 D/Zygote ( 459): Forked child process 1959
06-04 11:05:47.661 W/ActivityManager( 689): Slow operation: 91ms so far, now at startProcess: returned from zygote!
06-04 11:05:47.661 W/ActivityManager( 689): Slow operation: 91ms so far, now at startProcess: done updating battery stats
06-04 11:05:47.661 W/ActivityManager( 689): Slow operation: 91ms so far, now at startProcess: building log message
06-04 11:05:47.661 I/ActivityManager( 689): Start proc 1959:com.android.managedprovisioning/u0a23 for broadcast {com.android.managedprovisioning/com.android.managedprovisioning.BootReminder}
06-04 11:05:47.661 W/ActivityManager( 689): Slow operation: 91ms so far, now at startProcess: starting to update pids map
06-04 11:05:47.661 W/ActivityManager( 689): Slow operation: 91ms so far, now at startProcess: done updating pids map
06-04 11:05:47.662 E/HuaweiCastService( 1721): onCreate called().
06-04 11:05:47.676 E/PlayerClient( 1721): registerCallback com.dangbei.screencast.huaweicast.service.HuaweiCastService$a@dd35d27
06-04 11:05:47.676 D/PlayerClient( 1721): registerCallback true
06-04 11:05:47.676 D/PlayerClient( 1721): init.
06-04 11:05:47.678 W/KIT_FWK_a( 1721): KitFwk is not installed, pls do not use related interfaces.
06-04 11:05:47.678 W/KIT_FWK_a( 1721): KitFwk is not installed, pls do not use related interfaces.
06-04 11:05:47.678 E/PlayerClient( 1721): bind player service by aar.
06-04 11:05:47.680 V/WindowManagerShell( 939): Transition animation finished (aborted=false), notifying core (#1)android.os.BinderProxy@1632462@0
06-04 11:05:47.683 V/WindowManager( 689): Finish Transition #1: created at
06-04 11:05:44.684 collect-started=0.096ms request-sent=0.657ms started=6.481ms ready=644.354ms sent=2574.177ms finished=2997.582ms
06-04 11:05:47.690 D/CompatibilityChangeReporter( 689): Compat change id reported: 261072174; UID 10043; state: DISABLED
06-04 11:05:47.694 V/WindowManagerShell( 939): Track 0 became idle
06-04 11:05:47.694 V/WindowManagerShell( 939): All active transition animations finished
06-04 11:05:47.704 I/Zygote ( 1959): seccomp disabled by setenforce 0
06-04 11:05:47.464 I/UsbFfs-monitor( 1357): type=1400 audit(0.0:831): avc: denied { use } for path="anon_inode:[eventfd]" dev="anon_inodefs" ino=10204 scontext=u:r:su:s0 tcontext=u:r:adbd:s0 tclass=fd permissive=1
06-04 11:05:47.508 I/gbei.screencast( 1721): type=1400 audit(0.0:832): avc: denied { search } for name="net" dev="sysfs" ino=12344 scontext=u:r:untrusted_app_27:s0:c43,c256,c512,c768 tcontext=u:object_r:sysfs_net:s0 tclass=dir permissive=1 app=com.dangbei.screencast
06-04 11:05:47.528 I/gbei.screencast( 1721): type=1400 audit(0.0:833): avc: denied { read } for name="address" dev="sysfs" ino=22126 scontext=u:r:untrusted_app_27:s0:c43,c256,c512,c768 tcontext=u:object_r:sysfs_net:s0 tclass=file permissive=1 app=com.dangbei.screencast
06-04 11:05:47.528 I/gbei.screencast( 1721): type=1400 audit(0.0:834): avc: denied { open } for path="/sys/devices/virtual/net/dummy0/address" dev="sysfs" ino=22126 scontext=u:r:untrusted_app_27:s0:c43,c256,c512,c768 tcontext=u:object_r:sysfs_net:s0 tclass=file permissive=1 app=com.dangbei.screencast
06-04 11:05:47.710 I/gedprovisioning( 1959): Using CollectorTypeCC GC.
06-04 11:05:47.528 I/gbei.screencast( 1721): type=1400 audit(0.0:835): avc: denied { getattr } for path="/sys/devices/virtual/net/dummy0/address" dev="sysfs" ino=22126 scontext=u:r:untrusted_app_27:s0:c43,c256,c512,c768 tcontext=u:object_r:sysfs_net:s0 tclass=file permissive=1 app=com.dangbei.screencast
06-04 11:05:47.716 E/hq ( 1441): AdHelper:::notFetchAd: main
06-04 11:05:47.716 E/hq ( 1441): AdHelper:::onComplete:main
06-04 11:05:47.716 E/hq ( 1441): AdHelper:::adFinish: com.dangbei.launcher.home.callback.LauncherCallback$onAttach$1$1@a2dec20
06-04 11:05:47.719 E/gedprovisioning( 1959): Not starting debugger since process cannot load the jdwp agent.
06-04 11:05:47.719 D/RockyReceiver( 1699): action: android.net.wifi.STATE_CHANGE
06-04 11:05:47.719 E/hq ( 1441): LauncherCallback:::onDetach
06-04 11:05:47.720 E/hq ( 1441): AdHelper:::handleFinishAd: true
06-04 11:05:47.721 D/View ( 1441):
06-04 11:05:47.721 D/View ( 1441):
06-04 11:05:47.722 D/View ( 1441):
06-04 11:05:47.722 D/View ( 1441):
06-04 11:05:47.725 D/View ( 1441):
06-04 11:05:47.726 D/View ( 1441):
06-04 11:05:47.726 D/View ( 1441):
06-04 11:05:47.727 D/View ( 1441):
06-04 11:05:47.728 E/DangXiaoBeiManager( 1441): setMessageList: false
06-04 11:05:47.728 E/hq ( 1441): 当小贝:::显示消息type=SIMPLE_TEXT ,data.isShowInCur=false ,delay=60000 ,message.mandatoryMessage=null , message=null
06-04 11:05:47.728 E/hq ( 1441): 当小贝:::当前显示了消息,不显示新消息
06-04 11:05:47.731 D/View ( 1441):
06-04 11:05:47.732 D/View ( 1441):
06-04 11:05:47.732 D/View ( 1441):
06-04 11:05:47.733 D/View ( 1441):
06-04 11:05:47.733 D/View ( 1441):
06-04 11:05:47.733 D/OsInitLaunch( 1441): send cache: launchAd, playAd, complete, null
06-04 11:05:47.734 D/View ( 1441):
06-04 11:05:47.735 D/View ( 1441):
06-04 11:05:47.735 D/View ( 1441):
06-04 11:05:47.739 D/View ( 1441):
06-04 11:05:47.740 D/CompatibilityChangeReporter( 689): Compat change id reported: 168419799; UID 10023; state: DISABLED
06-04 11:05:47.740 D/View ( 1441):
06-04 11:05:47.740 D/CompatibilityChangeReporter( 689): Compat change id reported: 273564678; UID 10023; state: DISABLED
06-04 11:05:47.740 D/View ( 1441):
06-04 11:05:47.741 D/View ( 1441):
06-04 11:05:47.743 D/View ( 1441):
06-04 11:05:47.744 D/View ( 1441):
06-04 11:05:47.744 D/View ( 1441):
06-04 11:05:47.744 D/View ( 1441):
06-04 11:05:47.745 D/View ( 1441):
06-04 11:05:47.745 D/RockyReceiver( 1699): action: android.net.wifi.STATE_CHANGE
06-04 11:05:47.745 D/View ( 1441):
06-04 11:05:47.746 D/CompatibilityChangeReporter( 689): Compat change id reported: 214016041; UID 1000; state: ENABLED
06-04 11:05:47.747 D/CompatibilityChangeReporter( 689): Compat change id reported: 214016041; UID 1000; state: DISABLED
06-04 11:05:47.756 I/DefaultIMS( 1440): onStartInput attribute=android.view.inputmethod.EditorInfo@6649543 restarting=false inputType: 0
06-04 11:05:47.756 D/View ( 1441):
06-04 11:05:47.757 D/View ( 1441):
06-04 11:05:47.757 D/View ( 1441):
06-04 11:05:47.758 D/View ( 1441):
06-04 11:05:47.758 D/View ( 1441):
06-04 11:05:47.758 D/View ( 1441):
06-04 11:05:47.758 D/View ( 1441):
06-04 11:05:47.759 D/View ( 1441):
06-04 11:05:47.766 D/View ( 1441):
06-04 11:05:47.767 D/View ( 1441):
06-04 11:05:47.767 D/View ( 1441):
06-04 11:05:47.767 D/View ( 1441):
06-04 11:05:47.768 D/View ( 1441):
06-04 11:05:47.768 D/View ( 1441):
06-04 11:05:47.778 D/CompatibilityChangeReporter( 689): Compat change id reported: 265195908; UID 10023; state: ENABLED
06-04 11:05:47.778 D/CompatibilityChangeReporter( 1959): Compat change id reported: 171979766; UID 10023; state: ENABLED
06-04 11:05:47.779 D/CompatibilityChangeReporter( 1959): Compat change id reported: 242716250; UID 10023; state: ENABLED
06-04 11:05:47.790 D/CompatibilityChangeReporter( 689): Compat change id reported: 170503758; UID 10023; state: ENABLED
06-04 11:05:47.790 D/PlayerClient( 1721): bind player sink service true
06-04 11:05:47.795 E/StartupService( 1721): onFailure: java.net.UnknownHostException: Unable to resolve host "tyapi.qun7.com": No address associated with hostname
06-04 11:05:47.803 W/ActivityManager( 689): Foreground service started from background can not have location/camera/microphone access: service com.dangbei.screencast/.huaweicast.service.HuaweiCastService
06-04 11:05:47.804 I/ConnectivityService( 689): Update score for net 100 : +IS_UNMETERED
06-04 11:05:47.804 W/ForegroundServiceTypeLoggerModule( 689): Foreground service start for UID: 10043 does not have any types
06-04 11:05:47.805 E/HuaweiCastService( 1721): startForeground!
06-04 11:05:47.808 D/ConnectivityService( 689): registerNetworkAgent NetworkAgentInfo{network{100} handle{432902426637} ni{WIFI CONNECTING extra: } created=2025-06-04T03:05:47.804Z Score(Policies : IS_UNMETERED ; KeepConnected : 0) lp{{LinkAddresses: [ ] DnsAddresses: [ ] Domains: null MTU: 0 Routes: [ ]}} nc{[ Transports: WIFI Capabilities: NOT_METERED&INTERNET&NOT_RESTRICTED&TRUSTED&NOT_VPN&NOT_ROAMING&NOT_CONGESTED&NOT_SUSPENDED&NOT_VCN_MANAGED LinkUpBandwidth>=1200000Kbps LinkDnBandwidth>=1200000Kbps Specifier: TransportInfo: , Provider friendly name: , Requesting package name: "DB-machines5G"wpa2-pskMLO Information: , Is TID-To-Link negotiation supported by the AP: false, AP MLD Address: , AP MLO Link Id: , AP MLO Affiliated links: > AllowedUids: <{1000}> OwnerUid: 1000 AdminUids: [1000] SSID: "DB-machines5G" UnderlyingNetworks: Null]} factorySerialNumber=4}
06-04 11:05:47.808 E/HuaweiCastService( 1721): onStartCommand in 0
06-04 11:05:47.812 D/Zygote ( 459): Forked child process 1994
06-04 11:05:47.812 W/ActivityManager( 689): Slow operation: 174ms so far, now at startProcess: returned from zygote!
06-04 11:05:47.813 W/ActivityManager( 689): Slow operation: 175ms so far, now at startProcess: done updating battery stats
06-04 11:05:47.813 W/ActivityManager( 689): Slow operation: 175ms so far, now at startProcess: building log message
06-04 11:05:47.813 I/ActivityManager( 689): Start proc 1994:com.android.dynsystem:dynsystem/1000 for service {com.android.dynsystem/com.android.dynsystem.DynamicSystemInstallationService}
06-04 11:05:47.813 W/ActivityManager( 689): Slow operation: 175ms so far, now at startProcess: starting to update pids map
06-04 11:05:47.813 W/ActivityManager( 689): Slow operation: 175ms so far, now at startProcess: done updating pids map
06-04 11:05:47.828 I/Zygote ( 1994): seccomp disabled by setenforce 0
06-04 11:05:47.835 I/ystem:dynsystem( 1994): Using CollectorTypeCC GC.
06-04 11:05:47.843 E/ystem:dynsystem( 1994): Not starting debugger since process cannot load the jdwp agent.
06-04 11:05:47.854 D/XM_HIDREAD( 1961): hidread running 0429 d06.
06-04 11:05:47.855 D/XM_HIDREAD( 1961): addr_len_t:26,addr_len:26
06-04 11:05:47.855 D/XM_HIDREAD( 1961): server_socket:4
06-04 11:05:47.855 D/XM_HIDREAD( 1961): pthread_join listen_thread before
06-04 11:05:47.859 D/View ( 1441):
06-04 11:05:47.859 D/View ( 1441):
06-04 11:05:47.860 D/View ( 1441):
06-04 11:05:47.860 D/View ( 1441):
06-04 11:05:47.860 D/View ( 1441):
06-04 11:05:47.866 D/XM_HIDREAD( 1961): listener_thread has start 4.
06-04 11:05:47.867 D/XM_HIDREAD( 1961): accept before.
06-04 11:05:47.867 W/gedprovisioning( 1959): ClassLoaderContext shared library size mismatch. Expected=2, found=0 (PCL[]{PCL[/system_ext/framework/androidx.window.extensions.jar*875812793]#PCL[/system_ext/framework/androidx.window.sidecar.jar*2298648165]} | PCL[])
06-04 11:05:47.874 D/XM_HIDREAD( 1961): >> start monitor uevent ...
06-04 11:05:47.883 D/nativeloader( 1959): Configuring clns-shared-4 for other apk /system/priv-app/ManagedProvisioning/ManagedProvisioning.apk. target_sdk_version=34, uses_libraries=, library_path=/system/priv-app/ManagedProvisioning/lib/arm:/system/lib:/system_ext/lib, permitted_path=/data:/mnt/expand:/data/user/0/com.android.managedprovisioning:/system/priv-app/ManagedProvisioning:/system/lib:/system_ext/lib
06-04 11:05:47.912 I/ActivityManager( 689): com.android.localtransport is exempt from freezer
06-04 11:05:47.913 D/CompatibilityChangeReporter( 689): Compat change id reported: 135634846; UID 1000; state: DISABLED
06-04 11:05:47.928 I/WifiService( 689): acquireMulticastLock uid=10043
06-04 11:05:47.931 D/CompatibilityChangeReporter( 1994): Compat change id reported: 171979766; UID 1000; state: ENABLED
06-04 11:05:47.931 D/CompatibilityChangeReporter( 1994): Compat change id reported: 242716250; UID 1000; state: ENABLED
06-04 11:05:47.944 I/audio_hw_hal_alsamgr( 476): alsa format =0x1 delay frames =1024 total frames=768000
06-04 11:05:47.953 W/ContextImpl( 689): Calling a method in the system process without a qualified user: android.app.ContextImpl.sendStickyBroadcast:1626 com.android.server.wifi.ClientModeImpl.sendNetworkChangeBroadcast:3008 com.android.server.wifi.ClientModeImpl.lambda$sendNetworkChangeBroadcastWithCurrentState$14:2985 com.android.server.wifi.ClientModeImpl.$r8$lambda$q-j88Pjw4gROgoJFr8wBlBVbuJI:0 com.android.server.wifi.ClientModeImpl$$ExternalSyntheticLambda4.send:0
06-04 11:05:47.954 D/ConnectivityService( 689): [100 WIFI] EVENT_NETWORK_INFO_CHANGED, going from CONNECTING to CONNECTING
06-04 11:05:47.957 D/RockyReceiver( 1699): action: android.net.wifi.STATE_CHANGE
06-04 11:05:47.960 D/nativeloader( 1994): Configuring clns-shared-4 for other apk /system/priv-app/DynamicSystemInstallationService/DynamicSystemInstallationService.apk. target_sdk_version=34, uses_libraries=, library_path=/system/priv-app/DynamicSystemInstallationService/lib/arm:/system/priv-app/DynamicSystemInstallationService/DynamicSystemInstallationService.apk!/lib/armeabi-v7a:/system/lib:/system_ext/lib, permitted_path=/data:/mnt/expand:/data/user/0/com.android.dynsystem:/system/priv-app/DynamicSystemInstallationService:/system/lib:/system_ext/lib
06-04 11:05:47.966 D/NetworkMonitor/100( 991): checkAndRenewResourceConfig: update captive portal https urls to [https://www.google.com/generate_204]
06-04 11:05:47.967 D/NetworkMonitor/100( 991): checkAndRenewResourceConfig: update captive portal http urls to [http://connectivitycheck.gstatic.com/generate_204]
06-04 11:05:47.967 D/Zygote ( 459): Forked child process 2027
06-04 11:05:47.968 W/ActivityManager( 689): Slow operation: 56ms so far, now at startProcess: returned from zygote!
06-04 11:05:47.968 W/ActivityManager( 689): Slow operation: 56ms so far, now at startProcess: done updating battery stats
06-04 11:05:47.968 W/ActivityManager( 689): Slow operation: 56ms so far, now at startProcess: building log message
06-04 11:05:47.968 I/ActivityManager( 689): Start proc 2027:com.android.localtransport/1000 for service {com.android.localtransport/com.android.localtransport.LocalTransportService}
06-04 11:05:47.968 W/ActivityManager( 689): Slow operation: 56ms so far, now at startProcess: starting to update pids map
06-04 11:05:47.968 W/ActivityManager( 689): Slow operation: 56ms so far, now at startProcess: done updating pids map
06-04 11:05:47.969 D/HiSight-SinkService( 1721): onCreate.
06-04 11:05:47.969 D/NetworkMonitor/100( 991): checkAndRenewResourceConfig: update captive portal fallback urls to[http://www.google.com/gen_204, http://play.googleapis.com/generate_204]
06-04 11:05:47.969 D/NetworkMonitor( 991): Starting on network 100 with capport HTTPS URL [https://www.google.com/generate_204] and HTTP URL [http://connectivitycheck.gstatic.com/generate_204]
06-04 11:05:47.971 I/WifiService( 689): acquireMulticastLock uid=10043
06-04 11:05:47.972 D/HiSight-ConnectionManager( 1721): start ConnectionManager
06-04 11:05:47.973 D/HiSight-SinkService( 1721): onBind.
06-04 11:05:47.979 I/Zygote ( 2027): seccomp disabled by setenforce 0
06-04 11:05:47.980 D/PlayerClient( 1721): service connected.
06-04 11:05:47.981 D/HiSight-SinkService( 1721): ITaskBinder registerCallback: true
06-04 11:05:47.981 D/HiSight-HiSightManager( 1721): ITaskBinder registerCallback.
06-04 11:05:47.981 D/HiSight-CallbackManager( 1721): addNewCallback. com.dangbei.screencast.huaweicast.service.HuaweiCastService$a@dd35d27
06-04 11:05:47.981 E/HuaweiCastService( 1721): eventId: 4001
06-04 11:05:47.981 E/HuaweiCastService( 1721): mPlayerClient is null.
06-04 11:05:47.982 D/HiSight-HiSightManager( 1721): check capability vbr range not setting, using default value
06-04 11:05:47.982 E/HuaweiCastService( 1721): mPlayerClient is null.
06-04 11:05:47.982 D/HiSight-SinkService( 1721): setAuthMode
06-04 11:05:47.982 W/HiSight-ConnectionManager( 1721): mSinkId is empty
06-04 11:05:47.990 I/.localtransport( 2027): Using CollectorTypeCC GC.
06-04 11:05:47.991 I/wpa_supplicant( 1146): wpa_driver_nl80211_driver_cmd: wifi vendor: aml_w2_s
06-04 11:05:47.991 I/wpa_supplicant( 1146): wpa_driver_nl80211_driver_cmd: wlan0: private command: BTCOEXMODE 2
06-04 11:05:47.995 D/CompatibilityChangeReporter( 991): Compat change id reported: 186082280; UID 1073; state: ENABLED
06-04 11:05:47.997 E/.localtransport( 2027): Not starting debugger since process cannot load the jdwp agent.
06-04 11:05:48.015 D/CompatibilityChangeReporter( 689): Compat change id reported: 168419799; UID 1000; state: DISABLED
06-04 11:05:48.016 D/CompatibilityChangeReporter( 689): Compat change id reported: 273564678; UID 1000; state: DISABLED
06-04 11:05:48.018 I/WifiHAL ( 501): call wifi_get_link_stats handler
06-04 11:05:48.018 I/WifiHAL ( 501): Creating message to get link statistics; iface = 16
06-04 11:05:48.018 D/WifiHAL ( 501): error code -95 mapped to -3
06-04 11:05:48.019 E/WifiStaIfaceAidlImpl( 689): getLinkLayerStats failed with service-specific exception: android.os.ServiceSpecificException: (code 4)
06-04 11:05:48.021 I/WifiClientModeImpl[19843:wlan0]( 689): Update current security type to 2
06-04 11:05:48.028 I/WifiHAL ( 501): call wifi_get_link_stats handler
06-04 11:05:48.028 I/WifiHAL ( 501): Creating message to get link statistics; iface = 16
06-04 11:05:48.028 D/WifiHAL ( 501): error code -95 mapped to -3
06-04 11:05:48.029 E/WifiStaIfaceAidlImpl( 689): getLinkLayerStats failed with service-specific exception: android.os.ServiceSpecificException: (code 4)
06-04 11:05:48.048 D/CompatibilityChangeReporter( 689): Compat change id reported: 171306433; UID 1073; state: ENABLED
06-04 11:05:48.051 W/Looper ( 939): Slow delivery took 1014ms SysUiBg h=com.android.systemui.appops.AppOpsControllerImpl$H c=com.android.systemui.appops.AppOpsControllerImpl$$ExternalSyntheticLambda1@a6418ed m=0
06-04 11:05:48.055 D/BufferPoolAccessor2.0( 689): bufferpool2 0xb90f0988 : 0(0 size) total buffers - 0(0 size) used buffers - 2/7 (recycle/alloc) - 5/24 (fetch/transfer)
06-04 11:05:48.055 D/BufferPoolAccessor2.0( 689): bufferpool2 0xb90f1b88 : 0(0 size) total buffers - 0(0 size) used buffers - 2/7 (recycle/alloc) - 5/34 (fetch/transfer)
06-04 11:05:48.055 D/BufferPoolAccessor2.0( 689): bufferpool2 0xb90f5a88 : 0(0 size) total buffers - 0(0 size) used buffers - 2/7 (recycle/alloc) - 5/34 (fetch/transfer)
06-04 11:05:48.055 D/BufferPoolAccessor2.0( 689): bufferpool2 0xb90f0e08 : 0(0 size) total buffers - 0(0 size) used buffers - 2/7 (recycle/alloc) - 5/26 (fetch/transfer)
06-04 11:05:48.055 D/BufferPoolAccessor2.0( 689): evictor expired: 4, evicted: 4
06-04 11:05:48.058 V/GraphicsEnvironment( 1994): Currently set values for:
06-04 11:05:48.058 V/GraphicsEnvironment( 1994): angle_gl_driver_selection_pkgs=[]
06-04 11:05:48.058 V/GraphicsEnvironment( 1994): angle_gl_driver_selection_values=[]
06-04 11:05:48.058 V/GraphicsEnvironment( 1994): ANGLE GameManagerService for com.android.dynsystem: false
06-04 11:05:48.059 V/GraphicsEnvironment( 1994): com.android.dynsystem is not listed in per-application setting
06-04 11:05:48.059 V/GraphicsEnvironment( 1994): Neither updatable production driver nor prerelease driver is supported.
06-04 11:05:48.061 D/BufferPoolAccessor2.0( 612): bufferpool2 0xe9682c08 : 0(0 size) total buffers - 0(0 size) used buffers - 13/15 (recycle/alloc) - 2/14 (fetch/transfer)
06-04 11:05:48.061 D/BufferPoolAccessor2.0( 612): bufferpool2 0xe9681d68 : 0(0 size) total buffers - 0(0 size) used buffers - 8/10 (recycle/alloc) - 2/9 (fetch/transfer)
06-04 11:05:48.061 D/BufferPoolAccessor2.0( 612): bufferpool2 0xe9683aa8 : 0(0 size) total buffers - 0(0 size) used buffers - 8/10 (recycle/alloc) - 2/9 (fetch/transfer)
06-04 11:05:48.061 D/BufferPoolAccessor2.0( 612): bufferpool2 0xe9682788 : 0(0 size) total buffers - 0(0 size) used buffers - 10/11 (recycle/alloc) - 1/10 (fetch/transfer)
06-04 11:05:48.061 D/BufferPoolAccessor2.0( 612): bufferpool2 0xe9683628 : 0(0 size) total buffers - 0(0 size) used buffers - 12/15 (recycle/alloc) - 3/14 (fetch/transfer)
06-04 11:05:48.061 D/BufferPoolAccessor2.0( 612): evictor expired: 5, evicted: 5
06-04 11:05:48.064 D/CompatibilityChangeReporter( 2027): Compat change id reported: 171979766; UID 1000; state: ENABLED
06-04 11:05:48.066 D/CompatibilityChangeReporter( 2027): Compat change id reported: 242716250; UID 1000; state: ENABLED
06-04 11:05:48.074 I/ConnectivityService( 689): Update score for net 100 : +TRANSPORT_PRIMARY
06-04 11:05:48.075 D/ConnectivityService( 689): NetReassign [no changes] [c 0] [a 1] [i 0]
06-04 11:05:48.078 D/ConnectivityService( 689): NetReassign [no changes] [c 0] [a 0] [i 0]
06-04 11:05:48.084 D/CompatibilityChangeReporter( 1441): Compat change id reported: 263076149; UID 1000; state: DISABLED
06-04 11:05:48.089 D/StatisticParamUtil( 1441): getBluetoothAddressSdk23: error
06-04 11:05:48.097 I/UtilCommon( 1441): bluetoothMac=1C:79:2D:20:62:84
06-04 11:05:48.098 E/wangli ( 1441): env: 0_false
06-04 11:05:48.112 D/DynamicSystemInstallationService( 1994): onStartCommand(): action=android.os.image.action.NOTIFY_IF_IN_USE
06-04 11:05:48.118 E/hq ( 1441): ErrorCoroutineExceptionHandler:::runTry error:java.net.UnknownHostException: Unable to resolve host "ottdbui-tyapiqun7.yysh.mgtv.com": No address associated with hostname from=requestUserAgreement
06-04 11:05:48.118 V/GraphicsEnvironment( 1959): Currently set values for:
06-04 11:05:48.118 V/GraphicsEnvironment( 1959): angle_gl_driver_selection_pkgs=[]
06-04 11:05:48.118 V/GraphicsEnvironment( 1959): angle_gl_driver_selection_values=[]
06-04 11:05:48.118 E/UserProtocolInterceptorImpl( 1441): isAgree: 20210615 20210615 true
06-04 11:05:48.119 E/UserProtocolInterceptorImpl( 1441): version===>0
06-04 11:05:48.124 V/GraphicsEnvironment( 1959): ANGLE GameManagerService for com.android.managedprovisioning: false
06-04 11:05:48.124 I/DynamicSystemService( 689): isInstalled(): false
06-04 11:05:48.127 V/GraphicsEnvironment( 1959): com.android.managedprovisioning is not listed in per-application setting
06-04 11:05:48.132 V/GraphicsEnvironment( 1959): Neither updatable production driver nor prerelease driver is supported.
06-04 11:05:48.186 D/nativeloader( 2027): Configuring clns-shared-4 for other apk /system/priv-app/LocalTransport/LocalTransport.apk. target_sdk_version=34, uses_libraries=, library_path=/system/priv-app/LocalTransport/lib/arm:/system/priv-app/LocalTransport/LocalTransport.apk!/lib/armeabi-v7a:/system/lib:/system_ext/lib, permitted_path=/data:/mnt/expand:/data/user/0/com.android.localtransport:/system/priv-app/LocalTransport:/system/lib:/system_ext/lib
06-04 11:05:48.193 I/ActivityManager( 689): com.android.packageinstaller is exempt from freezer
06-04 11:05:48.194 D/CompatibilityChangeReporter( 689): Compat change id reported: 135634846; UID 10025; state: DISABLED
06-04 11:05:48.194 D/CompatibilityChangeReporter( 689): Compat change id reported: 177438394; UID 10025; state: DISABLED
06-04 11:05:48.194 D/CompatibilityChangeReporter( 689): Compat change id reported: 135772972; UID 10025; state: DISABLED
06-04 11:05:48.194 D/CompatibilityChangeReporter( 689): Compat change id reported: 135754954; UID 10025; state: ENABLED
06-04 11:05:48.196 D/CompatibilityChangeReporter( 689): Compat change id reported: 143937733; UID 10025; state: ENABLED
06-04 11:05:48.210 D/WifiHAL ( 501): Setting APF program, halHandle = 0xf7b425c0
06-04 11:05:48.210 I/WifiHAL ( 501): createRequest: APF set program request
06-04 11:05:48.210 D/WifiHAL ( 501): error code -95 mapped to -3
06-04 11:05:48.211 I/WifiHAL ( 501): Request Response failed for APF, result = -3
06-04 11:05:48.211 E/WifiStaIfaceAidlImpl( 689): installApfPacketFilter failed with service-specific exception: android.os.ServiceSpecificException: (code 4)
06-04 11:05:48.222 D/WifiHAL ( 501): Setting APF program, halHandle = 0xf7b425c0
06-04 11:05:48.222 I/WifiHAL ( 501): createRequest: APF set program request
06-04 11:05:48.223 D/WifiHAL ( 501): error code -95 mapped to -3
06-04 11:05:48.223 I/WifiHAL ( 501): Request Response failed for APF, result = -3
06-04 11:05:48.223 E/WifiStaIfaceAidlImpl( 689): installApfPacketFilter failed with service-specific exception: android.os.ServiceSpecificException: (code 4)
06-04 11:05:48.251 D/Zygote ( 459): Forked child process 2082
06-04 11:05:48.253 W/ActivityManager( 689): Slow operation: 59ms so far, now at startProcess: returned from zygote!
06-04 11:05:48.253 W/ActivityManager( 689): Slow operation: 60ms so far, now at startProcess: done updating battery stats
06-04 11:05:48.253 W/ActivityManager( 689): Slow operation: 60ms so far, now at startProcess: building log message
06-04 11:05:48.253 I/ActivityManager( 689): Start proc 2082:com.android.packageinstaller/u0a25 for broadcast {com.android.packageinstaller/com.android.packageinstaller.TemporaryFileManager}
06-04 11:05:48.253 W/ActivityManager( 689): Slow operation: 60ms so far, now at startProcess: starting to update pids map
06-04 11:05:48.253 W/ActivityManager( 689): Slow operation: 60ms so far, now at startProcess: done updating pids map
06-04 11:05:48.257 V/GraphicsEnvironment( 2027): Currently set values for:
06-04 11:05:48.257 V/GraphicsEnvironment( 2027): angle_gl_driver_selection_pkgs=[]
06-04 11:05:48.257 V/GraphicsEnvironment( 2027): angle_gl_driver_selection_values=[]
06-04 11:05:48.258 V/GraphicsEnvironment( 2027): ANGLE GameManagerService for com.android.localtransport: false
06-04 11:05:48.259 V/GraphicsEnvironment( 2027): com.android.localtransport is not listed in per-application setting
06-04 11:05:48.259 V/GraphicsEnvironment( 2027): Neither updatable production driver nor prerelease driver is supported.
06-04 11:05:48.265 D/ApfFilter( 991): (wlan0): begin monitoring
06-04 11:05:48.301 I/TransportConnection( 689): LocalTransportService#0: Notifying [TransportManager.registerTransport()] transport = BackupTransportClient
06-04 11:05:48.314 I/Zygote ( 2082): seccomp disabled by setenforce 0
06-04 11:05:48.321 I/ackageinstaller( 2082): Using CollectorTypeCC GC.
06-04 11:05:48.327 E/ackageinstaller( 2082): Not starting debugger since process cannot load the jdwp agent.
06-04 11:05:48.331 D/IpClient/wlan0( 991): routeUpdated: fe80::/64 -> :: wlan0 mtu 0
06-04 11:05:48.341 D/IpClient/wlan0( 991): addressUpdated: fe80::8a3:47a:d2a8:b320/64 on ifindex 16 flags 0x000008C4 scope 253
06-04 11:05:48.350 D/TrafficStats( 991): tagSocket(101) with statsTag=0xfffffe01, statsUid=-1
06-04 11:05:48.364 D/CompatibilityChangeReporter( 689): Compat change id reported: 168419799; UID 10025; state: DISABLED
06-04 11:05:48.364 D/CompatibilityChangeReporter( 689): Compat change id reported: 273564678; UID 10025; state: DISABLED
06-04 11:05:48.365 D/ConnectivityService( 689): Adding iface wlan0 to network 100
06-04 11:05:48.365 E/Netd ( 458): no such netId 100
06-04 11:05:48.366 W/ConnectivityService( 689): Exception adding interface: android.os.ServiceSpecificException: Machine is not on the network (code 64)
06-04 11:05:48.367 D/CompatibilityChangeReporter( 689): Compat change id reported: 186082280; UID 1000; state: ENABLED
06-04 11:05:48.367 D/CompatibilityChangeReporter( 689): Compat change id reported: 265195908; UID 10025; state: ENABLED
06-04 11:05:48.368 E/Netd ( 458): no such netId 100
06-04 11:05:48.370 D/CompatibilityChangeReporter( 2082): Compat change id reported: 171979766; UID 10025; state: ENABLED
06-04 11:05:48.370 D/CompatibilityChangeReporter( 2082): Compat change id reported: 242716250; UID 10025; state: ENABLED
06-04 11:05:48.372 W/BestClock( 689): java.time.DateTimeException: Missing network time fix
06-04 11:05:48.373 D/IpClient.wlan0( 991): set max DTIM multiplier to 1
06-04 11:05:48.374 D/WifiHAL ( 501): Setting DTIM config , halHandle = 0xf7b425c0 Multiplier = 1
06-04 11:05:48.374 I/WifiHAL ( 501): Successfully configured dtim multiplier 1
06-04 11:05:48.374 D/WifiHAL ( 501): error code -95 mapped to -3
06-04 11:05:48.375 E/WifiStaIfaceAidlImpl( 689): setDtimMultiplier failed with service-specific exception: android.os.ServiceSpecificException: (code 4)
06-04 11:05:48.376 I/wpa_supplicant( 1146): wpa_driver_nl80211_driver_cmd: wifi vendor: aml_w2_s
06-04 11:05:48.376 I/wpa_supplicant( 1146): wpa_driver_nl80211_driver_cmd: wlan0: private command: BTCOEXMODE 1
06-04 11:05:48.378 I/wpa_supplicant( 1146): wpa_driver_nl80211_driver_cmd: wifi vendor: aml_w2_s
06-04 11:05:48.378 I/wpa_supplicant( 1146): wpa_driver_nl80211_driver_cmd: wlan0: private command: SETSUSPENDMODE 0
06-04 11:05:48.384 D/hq ( 1441): NetWorkStateReceiver:::检查网络,并且持续更新 isConnect=false
06-04 11:05:48.396 I/WifiHAL ( 501): call wifi_get_link_stats handler
06-04 11:05:48.396 I/WifiHAL ( 501): Creating message to get link statistics; iface = 16
06-04 11:05:48.396 D/WifiHAL ( 501): error code -95 mapped to -3
06-04 11:05:48.397 E/WifiStaIfaceAidlImpl( 689): getLinkLayerStats failed with service-specific exception: android.os.ServiceSpecificException: (code 4)
06-04 11:05:48.413 D/BackupTransportManager( 689): [UserID:0] Transport com.android.localtransport/.LocalTransportService registered
06-04 11:05:48.413 D/BackupManagerService( 689): [UserID:0] Transport com.android.localtransport/.LocalTransport registered 3583ms after first request (delay = 3000ms)
06-04 11:05:48.428 I/BackupManagerService( 689): [UserID:0] Found 9 stale backup journal(s), scheduling.
06-04 11:05:48.438 W/BestClock( 689): java.time.DateTimeException: Missing network time fix
06-04 11:05:48.440 D/CompatibilityChangeReporter( 689): Compat change id reported: 170503758; UID 10025; state: ENABLED
06-04 11:05:48.457 D/DhcpClient( 991): l2key: W110db4d9d08114f lease address: /192.168.3.125 lease expiry: 1749009537128 current time: 1749006348457
06-04 11:05:48.462 D/DhcpClient( 991): Broadcasting DHCPREQUEST ciaddr=0.0.0.0 request=192.168.3.125 serverid=null
06-04 11:05:48.496 I/tr ( 2113): type=1400 audit(0.0:891): avc: denied { read } for path="pipe:[40397]" dev="pipefs" ino=40397 scontext=u:r:toolbox:s0 tcontext=u:r:init:s0 tclass=fifo_file permissive=1
06-04 11:05:48.496 I/tr ( 2113): type=1400 audit(0.0:892): avc: denied { write } for path="pipe:[40398]" dev="pipefs" ino=40398 scontext=u:r:toolbox:s0 tcontext=u:r:init:s0 tclass=fifo_file permissive=1
06-04 11:05:48.503 D/nativeloader( 2082): Configuring clns-shared-4 for other apk /system/priv-app/PackageInstaller_tv/PackageInstaller_tv.apk. target_sdk_version=34, uses_libraries=, library_path=/system/priv-app/PackageInstaller_tv/lib/arm:/system/lib:/system_ext/lib, permitted_path=/data:/mnt/expand:/data/user_de/0/com.android.packageinstaller:/system/priv-app/PackageInstaller_tv:/system/lib:/system_ext/lib
06-04 11:05:48.556 I/BackupManagerService( 689): [UserID:0] Stale backup journals: Scheduled 5 package(s) total
06-04 11:05:48.578 V/GraphicsEnvironment( 2082): Currently set values for:
06-04 11:05:48.578 V/GraphicsEnvironment( 2082): angle_gl_driver_selection_pkgs=[]
06-04 11:05:48.578 V/GraphicsEnvironment( 2082): angle_gl_driver_selection_values=[]
06-04 11:05:48.578 V/GraphicsEnvironment( 2082): ANGLE GameManagerService for com.android.packageinstaller: false
06-04 11:05:48.579 V/GraphicsEnvironment( 2082): com.android.packageinstaller is not listed in per-application setting
06-04 11:05:48.579 V/GraphicsEnvironment( 2082): Neither updatable production driver nor prerelease driver is supported.
06-04 11:05:48.596 I/UsbFfs-monitor( 1357): type=1400 audit(0.0:893): avc: denied { use } for path="anon_inode:[eventfd]" dev="anon_inodefs" ino=10204 scontext=u:r:su:s0 tcontext=u:r:adbd:s0 tclass=fd permissive=1
06-04 11:05:48.596 I/adbd ( 1357): type=1400 audit(0.0:894): avc: denied { write } for path="socket:[34893]" dev="sockfs" ino=34893 scontext=u:r:su:s0 tcontext=u:r:adbd:s0 tclass=unix_stream_socket permissive=1
06-04 11:05:48.596 I/adbd ( 1357): type=1400 audit(0.0:895): avc: denied { read } for path="socket:[34894]" dev="sockfs" ino=34894 scontext=u:r:su:s0 tcontext=u:r:adbd:s0 tclass=unix_stream_socket permissive=1
06-04 11:05:48.609 D/DhcpClient( 991): Received packet: 1c:79:2d:20:62:83 ACK: your new IP /192.168.3.125, netmask /255.255.254.0, gateways [/192.168.3.1] DNS servers: /202.96.134.133 /202.96.128.166 , lease time 3600
06-04 11:05:48.611 D/DhcpClient( 991): Confirmed lease: com.android.networkstack.android.net.DhcpResults@76dba334 DHCP server /192.168.3.1 Vendor info null lease 3600 seconds Servername
06-04 11:05:48.618 D/CompatibilityChangeReporter( 689): Compat change id reported: 135634846; UID 10057; state: DISABLED
06-04 11:05:48.619 D/CompatibilityChangeReporter( 689): Compat change id reported: 177438394; UID 10057; state: DISABLED
06-04 11:05:48.619 D/CompatibilityChangeReporter( 689): Compat change id reported: 135772972; UID 10057; state: DISABLED
06-04 11:05:48.619 D/CompatibilityChangeReporter( 689): Compat change id reported: 135754954; UID 10057; state: ENABLED
06-04 11:05:48.620 D/CompatibilityChangeReporter( 689): Compat change id reported: 143937733; UID 10057; state: ENABLED
06-04 11:05:48.649 I/wpa_supplicant( 1146): wpa_driver_nl80211_driver_cmd: wifi vendor: aml_w2_s
06-04 11:05:48.649 I/wpa_supplicant( 1146): wpa_driver_nl80211_driver_cmd: wlan0: private command: BTCOEXMODE 2
06-04 11:05:48.649 I/WifiClientModeImpl[19843:wlan0]( 689): Update current security type to 2
06-04 11:05:48.651 W/ContextImpl( 689): Calling a method in the system process without a qualified user: android.app.ContextImpl.sendStickyBroadcast:1626 com.android.server.wifi.ClientModeImpl.sendNetworkChangeBroadcast:3008 com.android.server.wifi.ClientModeImpl.lambda$sendNetworkChangeBroadcastWithCurrentState$14:2985 com.android.server.wifi.ClientModeImpl.$r8$lambda$q-j88Pjw4gROgoJFr8wBlBVbuJI:0 com.android.server.wifi.ClientModeImpl$$ExternalSyntheticLambda4.send:0
06-04 11:05:48.655 D/RockyReceiver( 1699): action: android.net.wifi.STATE_CHANGE
06-04 11:05:48.659 E/Netd ( 458): no such netId 100
06-04 11:05:48.660 E/ConnectivityService( 689): Exception in networkAddRouteParcel for non-gateway: android.os.ServiceSpecificException: Machine is not on the network (code 64)
06-04 11:05:48.660 E/Netd ( 458): no such netId 100
06-04 11:05:48.661 E/ConnectivityService( 689): Exception in networkAddRouteParcel for gateway: android.os.ServiceSpecificException: Machine is not on the network (code 64)
06-04 11:05:48.664 D/IpClient/wlan0( 991): addressUpdated: 192.168.3.125/23 on ifindex 16 flags 0x00000080 scope 0
06-04 11:05:48.664 D/Zygote ( 459): Forked child process 2119
06-04 11:05:48.665 I/ActivityManager( 689): Start proc 2119:com.android.permissioncontroller/u0a57 for broadcast {com.android.permissioncontroller/com.android.permissioncontroller.permission.service.LocationAccessCheck$SetupPeriodicBackgroundLocationAccessCheck}
06-04 11:05:48.679 D/DhcpClient( 991): Scheduling renewal in 1799s
06-04 11:05:48.679 D/DhcpClient( 991): Scheduling rebind in 3149s
06-04 11:05:48.679 D/DhcpClient( 991): Scheduling expiry in 3599s
06-04 11:05:48.686 D/WifiHAL ( 501): Setting APF program, halHandle = 0xf7b425c0
06-04 11:05:48.686 I/WifiHAL ( 501): createRequest: APF set program request
06-04 11:05:48.686 D/WifiHAL ( 501): error code -95 mapped to -3
06-04 11:05:48.686 I/WifiHAL ( 501): Request Response failed for APF, result = -3
06-04 11:05:48.687 E/WifiStaIfaceAidlImpl( 689): installApfPacketFilter failed with service-specific exception: android.os.ServiceSpecificException: (code 4)
06-04 11:05:48.683 I/Zygote ( 2119): seccomp disabled by setenforce 0
06-04 11:05:48.690 D/ConnectivityService( 689): Setting DNS servers for network 100 to [/202.96.134.133, /202.96.128.166]
06-04 11:05:48.690 W/BroadcastLoopers( 689): Found previously unknown looper Thread[ConnectivityServiceThread,5,main]
06-04 11:05:48.691 W/ContextImpl( 689): Calling a method in the system process without a qualified user: android.app.ContextImpl.sendStickyBroadcast:1626 com.android.server.wifi.ClientModeImpl.sendNetworkChangeBroadcast:3008 com.android.server.wifi.ClientModeImpl.lambda$sendNetworkChangeBroadcastWithCurrentState$14:2985 com.android.server.wifi.ClientModeImpl.$r8$lambda$q-j88Pjw4gROgoJFr8wBlBVbuJI:0 com.android.server.wifi.ClientModeImpl$$ExternalSyntheticLambda4.send:0
06-04 11:05:48.695 D/ConnectivityService( 689): [100 WIFI] EVENT_NETWORK_INFO_CHANGED, going from CONNECTING to CONNECTED
06-04 11:05:48.698 I/ssioncontroller( 2119): Using CollectorTypeCC GC.
06-04 11:05:48.700 D/DnsManager( 689): sendDnsConfigurationForNetwork(100, [202.96.134.133, 202.96.128.166], [], 1800, 25, 8, 64, 0, 0, , [])
06-04 11:05:48.708 D/RockyReceiver( 1699): action: android.net.wifi.STATE_CHANGE
06-04 11:05:48.709 W/DnsManager( 689): updatePrivateDns(100, PrivateDnsConfig{true:/[]})
06-04 11:05:48.709 D/ConnectivityService( 689): Setting DNS servers for network 100 to [/202.96.134.133, /202.96.128.166]
06-04 11:05:48.712 W/WifiScoreReport( 689): Cannot start external scoring netId=100 currentNetId=100 currentNetCapabilities=[ Transports: WIFI Capabilities: NOT_METERED&INTERNET&NOT_RESTRICTED&TRUSTED&NOT_VPN&NOT_ROAMING&NOT_CONGESTED&NOT_SUSPENDED&NOT_VCN_MANAGED LinkUpBandwidth>=12000Kbps LinkDnBandwidth>=60000Kbps Specifier: TransportInfo: , Provider friendly name: , Requesting package name: "DB-machines5G"wpa2-pskMLO Information: , Is TID-To-Link negotiation supported by the AP: false, AP MLD Address: , AP MLO Link Id: , AP MLO Affiliated links: > SignalStrength: -60 AllowedUids: <{1000}> OwnerUid: 1000 AdminUids: [1000] SSID: "DB-machines5G" UnderlyingNetworks: Null] sessionId=1008
06-04 11:05:48.713 D/DnsManager( 689): sendDnsConfigurationForNetwork(100, [202.96.134.133, 202.96.128.166], [], 1800, 25, 8, 64, 0, 0, , [202.96.134.133, 202.96.128.166])
06-04 11:05:48.715 E/ssioncontroller( 2119): Not starting debugger since process cannot load the jdwp agent.
06-04 11:05:48.718 W/resolv ( 458): Validating DnsTlsServer 202.96.134.133 with mark 0xf0064
06-04 11:05:48.723 W/resolv ( 458): Socket failed to connect: Network is unreachable
06-04 11:05:48.725 W/resolv ( 458): TCP Handshake failed: 101
06-04 11:05:48.725 W/resolv ( 458): query failed
06-04 11:05:48.725 W/resolv ( 458): validateDnsTlsServer returned 0 for 202.96.134.133
06-04 11:05:48.725 W/resolv ( 458): Validation failed
06-04 11:05:48.726 W/resolv ( 458): Validating DnsTlsServer 202.96.128.166 with mark 0xf0064
06-04 11:05:48.726 W/resolv ( 458): Socket failed to connect: Network is unreachable
06-04 11:05:48.729 W/resolv ( 458): TCP Handshake failed: 101
06-04 11:05:48.729 W/resolv ( 458): query failed
06-04 11:05:48.729 W/resolv ( 458): validateDnsTlsServer returned 0 for 202.96.128.166
06-04 11:05:48.729 W/resolv ( 458): Validation failed
06-04 11:05:48.732 D/ConnectivityService( 689): Adding iface wlan0 to network 100
06-04 11:05:48.746 D/CompatibilityChangeReporter( 689): Compat change id reported: 168419799; UID 10057; state: DISABLED
06-04 11:05:48.746 D/CompatibilityChangeReporter( 689): Compat change id reported: 273564678; UID 10057; state: DISABLED
06-04 11:05:48.750 D/ConnectivityService( 689): Setting DNS servers for network 100 to [/202.96.134.133, /202.96.128.166]
06-04 11:05:48.750 D/DnsManager( 689): sendDnsConfigurationForNetwork(100, [202.96.134.133, 202.96.128.166], [], 1800, 25, 8, 64, 0, 0, , [202.96.134.133, 202.96.128.166])
06-04 11:05:48.753 D/CompatibilityChangeReporter( 689): Compat change id reported: 265195908; UID 10057; state: ENABLED
06-04 11:05:48.757 W/BestClock( 689): java.time.DateTimeException: Missing network time fix
06-04 11:05:48.759 D/CompatibilityChangeReporter( 2119): Compat change id reported: 171979766; UID 10057; state: ENABLED
06-04 11:05:48.759 D/CompatibilityChangeReporter( 2119): Compat change id reported: 242716250; UID 10057; state: ENABLED
06-04 11:05:48.761 D/WifiMemoryStoreImpl( 689): Set cluster G3e6eb70847b0ac3f for W5eb13285a8be59f1: SUCCESS
06-04 11:05:48.767 W/resolv ( 458): Validating DnsTlsServer 202.96.134.133 with mark 0xf0064
06-04 11:05:48.767 W/resolv ( 458): Validating DnsTlsServer 202.96.128.166 with mark 0xf0064
06-04 11:05:48.770 D/CompatibilityChangeReporter( 689): Compat change id reported: 170503758; UID 10057; state: ENABLED
06-04 11:05:48.794 W/BestClock( 689): java.time.DateTimeException: Missing network time fix
06-04 11:05:48.799 D/ConnectivityService( 689): Switching to new default network for: uid/pid:1000/689 activeRequest: 1 callbackRequest: 1 [NetworkRequest [ REQUEST id=1, [ Capabilities: INTERNET&NOT_RESTRICTED&TRUSTED&NOT_VPN&NOT_VCN_MANAGED RequestorUid: 1000 RequestorPkg: android UnderlyingNetworks: Null] ]] callback flags: 1 order: 2147483647 using NetworkAgentInfo{network{100} handle{432902426637} ni{WIFI CONNECTED extra: } created=2025-06-04T03:05:47.804Z Score(Policies : TRANSPORT_PRIMARY&IS_UNMETERED ; KeepConnected : 0) created 26806 lp{{InterfaceName: wlan0 LinkAddresses: [ fe80::8a3:47a:d2a8:b320/64,192.168.3.125/23 ] DnsAddresses: [ /202.96.134.133,/202.96.128.166 ] Domains: null MTU: 0 ServerAddress: /192.168.3.1 TcpBufferSizes: 524288,1048576,2097152,262144,524288,1048576 Routes: [ fe80::/64 -> :: wlan0 mtu 0,192.168.2.0/23 -> 0.0.0.0 wlan0 mtu 0,0.0.0.0/0 -> 192.168.3.1 wlan0 mtu 0 ]}} nc{[ Transports: WIFI Capabilities: NOT_METERED&INTERNET&NOT_RESTRICTED&TRUSTED&NOT_VPN&NOT_ROAMING&FOREGROUND&NOT_CONGESTED&NOT_SUSPENDED&NOT_VCN_MANAGED LinkUpBandwidth>=12000Kbps LinkDnBandwidth>=60000Kbps Specifier: TransportInfo: , Provider friendly name: , Requesting package name: "DB-machines5G"wpa2-pskMLO Information: , Is TID-To-Link negotiation supported by the AP: false, AP MLD Address: , AP MLO Link Id: , AP MLO Affiliated links: > SignalStrength: -60 OwnerUid: 1000 AdminUids: [1000] SSID: "DB-machines5G" UnderlyingNetworks: Null]} factorySerialNumber=4}
06-04 11:05:48.802 D/XM_HIDREAD( 1961): add@ add@/devices/virtual/xt_idletimer/timers
06-04 11:05:48.803 E/NetlinkEvent( 458): NetlinkEvent::FindParam(): Parameter 'INTERFACE' not found
06-04 11:05:48.803 E/NetlinkEvent( 458): NetlinkEvent::FindParam(): Parameter 'STATE' not found
06-04 11:05:48.803 E/NetlinkEvent( 458): NetlinkEvent::FindParam(): Parameter 'TIME_NS' not found
06-04 11:05:48.803 E/NetlinkEvent( 458): NetlinkEvent::FindParam(): Parameter 'UID' not found
06-04 11:05:48.805 E/WifiStaIfaceAidlImpl( 689): stopRssiMonitoring failed with service-specific exception: android.os.ServiceSpecificException: (code 5)
06-04 11:05:48.807 D/nativeloader( 2119): Configuring clns-shared-4 for other apk /system/framework/org.apache.http.legacy.jar. target_sdk_version=34, uses_libraries=ALL, library_path=/apex/com.android.permission/priv-app/PermissionController@UD2A.240505.001.W1/lib/arm:/system/lib:/system_ext/lib, permitted_path=/data:/mnt/expand:/data/user_de/0/com.android.permissioncontroller:/apex/com.android.permission/priv-app/PermissionController@UD2A.240505.001.W1:/system/lib:/system_ext/lib
06-04 11:05:48.814 D/NetworkMonitor/100( 991): Validation disabled.
06-04 11:05:48.826 D/WifiMemoryStoreImpl( 689): Set cluster G3e6eb70847b0ac3f for W110db4d9d08114f: SUCCESS
06-04 11:05:48.828 W/BestClock( 689): java.time.DateTimeException: Missing network time fix
06-04 11:05:48.848 D/WifiMemoryStoreImpl( 689): Set cluster G3e6eb70847b0ac3f for W62aacbfdcd3d9190: SUCCESS
06-04 11:05:48.848 I/MediaProvider( 1403): Scanned external_primary due to REASON_MOUNTED, found 46 items in 1379ms, 0 inserts 10 updates 0 deletes
06-04 11:05:48.863 E/hq ( 1441): CrashHandler:::图片加载异常 message=Failed to load resource
06-04 11:05:48.863 E/hq ( 1441): model=
06-04 11:05:48.863 E/hq ( 1441): target=Target for: com.dangbei.palaemon.layout.DBImageView{5c2850b V.ED..... ........ 0,0-410,580}
06-04 11:05:48.865 W/BestClock( 689): java.time.DateTimeException: Missing network time fix
06-04 11:05:48.868 W/BestClock( 689): java.time.DateTimeException: Missing network time fix
06-04 11:05:48.871 W/BestClock( 689): java.time.DateTimeException: Missing network time fix
06-04 11:05:48.875 D/NetworkTimeUpdateService( 689): New default network 100; checking time.
06-04 11:05:48.876 I/MediaProvider( 1403): End Intent { act=com.android.providers.media.action.SCAN_VOLUME (has extras) }
06-04 11:05:48.877 I/MediaProvider( 1403): Begin Intent { act=android.intent.action.MEDIA_MOUNTED dat=file:///... flg=0x5000010 cmp=com.android.providers.media.module/com.android.providers.media.MediaService (has extras) }
06-04 11:05:48.878 I/MediaProvider( 1403): Volume MediaVolume name: [external_primary] id: [emulated;0] user: [UserHandle{0}] path: [/storage/emulated/0] externallyManaged: [false] mPublicVolume: [false] already attached
06-04 11:05:48.880 D/UpstreamNetworkMonitor( 991): New default Internet network: 100
06-04 11:05:48.890 D/WifiMemoryStoreImpl( 689): Set cluster G3e6eb70847b0ac3f for W3e6eb70847b0ac3f: SUCCESS
06-04 11:05:48.878 I/MediaProvider( 1403): End Intent { act=android.intent.action.MEDIA_MOUNTED dat=file:///... flg=0x5000010 cmp=com.android.providers.media.module/com.android.providers.media.MediaService (has extras) }
06-04 11:05:48.924 D/nativeloader( 2119): Configuring clns-shared-5 for other apk /apex/com.android.permission/priv-app/PermissionController@UD2A.240505.001.W1/PermissionController.apk. target_sdk_version=34, uses_libraries=, library_path=/apex/com.android.permission/priv-app/PermissionController@UD2A.240505.001.W1/lib/arm:/system/lib:/system_ext/lib, permitted_path=/data:/mnt/expand:/data/user_de/0/com.android.permissioncontroller:/apex/com.android.permission/priv-app/PermissionController@UD2A.240505.001.W1:/system/lib:/system_ext/lib
06-04 11:05:48.925 D/InstantWifi( 689): Receive Wifi is connected, freq = 5745 and currentNetworkId : 0, wifiinfo = SSID: , BSSID: 02:00:00:00:00:00, MAC: 02:00:00:00:00:00, IP: /192.168.3.125, Security type: 2, Supplicant state: COMPLETED, Wi-Fi standard: 6, RSSI: -60, Link speed: 1200Mbps, Tx Link speed: 1200Mbps, Max Supported Tx Link speed: 1200Mbps, Rx Link speed: 6Mbps, Max Supported Rx Link speed: 1200Mbps, Frequency: 5745MHz, Net ID: -1, Metered hint: false, score: 60, isUsable: true, CarrierMerged: false, SubscriptionId: -1, IsPrimary: 1, Trusted: true, Restricted: false, Ephemeral: false, OEM paid: false, OEM private: false, OSU AP: false, FQDN: , Provider friendly name: , Requesting package name: MLO Information: , Is TID-To-Link negotiation supported by the AP: false, AP MLD Address: , AP MLO Link Id: , AP MLO Affiliated links:
06-04 11:05:48.927 D/nativeloader( 2119): InitApexLibraries:
06-04 11:05:48.927 D/nativeloader( 2119): com_android_adservices: libhpke_jni.so:libtflite_support_classifiers_native.so
06-04 11:05:48.927 D/nativeloader( 2119): com_android_appsearch: libicing.so
06-04 11:05:48.927 D/nativeloader( 2119): com_android_art: libartservice.so
06-04 11:05:48.927 D/nativeloader( 2119): com_android_btservices: libbluetooth_jni.so
06-04 11:05:48.927 D/nativeloader( 2119): com_android_conscrypt: libjavacrypto.so
06-04 11:05:48.927 D/nativeloader( 2119): com_android_extservices: libhpke_jni.so:libtflite_support_classifiers_native.so
06-04 11:05:48.927 D/nativeloader( 2119): com_android_os_statsd: libstats_jni.so
06-04 11:05:48.927 D/nativeloader( 2119): com_android_tethering: libandroid_net_connectivity_com_android_net_module_util_jni.so:libcronet.114.0.5735.84.so:libframework-connectivity-jni.so:libframework-connectivity-tiramisu-jni.so:libservice-connectivity.so
06-04 11:05:48.927 D/nativeloader( 2119): com_android_uwb: libuwb_uci_jni_rust.so
06-04 11:05:48.927 D/nativeloader( 2119): com_android_virt: libvirtualizationservice_jni.so:libvirtualmachine_jni.so
06-04 11:05:48.938 W/BestClock( 689): java.time.DateTimeException: Missing network time fix
06-04 11:05:48.938 D/ConnectivityService( 689): Sending CONNECTED broadcast for type 1 [100 WIFI] isDefaultNetwork=true
06-04 11:05:48.939 W/BestClock( 689): java.time.DateTimeException: Missing network time fix
