06-04 11:07:00.108 I/efs.base( 3069): lt=event`ev_ct=efs_core`ev_ac=pvuv`tm=2025-06-04 11:07:10`dn=ac45bf75-7677-4e00-a7a1-ee108360b5d1`ps=com.huawei.connection`um_os=android`stime=1749006419940`pid=3069`fr=android`pkg=com.dangbei.screencast`vcode=20830`dsp_w=1920`uid=ac45bf75-7677-4e00-a7a1-ee108360b5d1`rom=14`wid=ac45bf75-7677-4e00-a7a1-ee108360b5d1`um_app_carrier=`um_access=wifi`um_app_channel=os`um_crash_sdk_version=1.4.0`ctime=1749006420`model=dbbox-a3`lang=zh`net=wifi`brand=amlogic`dsp_h=1080`um_network_type=0`ver=v2.8.3`build_model=DBBOX-A3`w_tm=1749006420`appid=5fc60c21094d637f3130af19`um_umid_header=ai41d99d10bb185b6970e4743266d42450`sdk=34`tzone=Asia/Shanghai`sdk_ver=1.3.6.umeng
06-04 11:07:00.122 I/crashsdk( 3069): Catcher mask: 5000, 20480
06-04 11:07:00.123 I/crashsdk( 3069): Catcher thread 3074
06-04 11:07:00.123 D/crashsdk( 3069): Register ANR handler ...
06-04 11:07:00.124 D/NearFieldManagerService( 3069): NearFieldManagerService.
06-04 11:07:00.124 I/efs.config( 3069): current config version (-1) is older than another (1735614866)
06-04 11:07:00.124 D/NearFieldManagerService( 3069): onCreate, enter.
06-04 11:07:00.125 I/NearFieldManagerService( 3069): onBind, enter.
06-04 11:07:00.125 D/NearFieldManagerService( 3069): initService
06-04 11:07:00.125 D/NearFieldManagerService( 3069): NearField starting...
06-04 11:07:00.125 D/NearFieldUtils( 3069): checkSystemProperty in
06-04 11:07:00.126 D/NearFieldUtils( 3069): checkSystemProperty: systemProperties:
06-04 11:07:00.126 E/NearFieldUtils( 3069): validProperty: priority is null
06-04 11:07:00.126 I/efs.config( 3069): load config from storage and notify observer
06-04 11:07:00.130 D/NearFieldManager( 2930): service connected.
06-04 11:07:00.130 I/TDLog ( 3069): TalkingData SDK init...
06-04 11:07:00.130 I/TDLog ( 3069): SDK_VERSION is: Android+TD+V5.0.7 gp Type:Native Build_Num:2141
06-04 11:07:00.130 I/TDLog ( 3069): App ID is: B9D7815EC975466AB1332111FCE62DF5
06-04 11:07:00.130 I/TDLog ( 3069): App Channel is: os
06-04 11:07:00.130 I/TDLog ( 3069): App Custom is:
06-04 11:07:00.130 I/TDLog ( 3069): SDK_OVC is: TDOVC+a3bb7754719798526508b6caad480dd7+SaaS
06-04 11:07:00.131 D/TrafficStats( 3069): tagSocket(134) with statsTag=0xffffffff, statsUid=-1
06-04 11:07:00.131 D/HiSight-Discovery( 2930): eventId: 4001
06-04 11:07:00.132 D/HiSight-Discovery( 2930): msg 4001
06-04 11:07:00.132 D/HiSight-Discovery( 2930): bind success, status Ready
06-04 11:07:00.132 D/HiSight-Discovery( 2930): startAdvertise 2
06-04 11:07:00.132 D/HiSight-Discovery( 2930): stopAdvertise.
06-04 11:07:00.132 D/HiSight-Discovery( 2930): nearFieldStartListen deviceType 46
06-04 11:07:00.133 I/NearFieldManagerImpl( 3069): setDeviceInfo, sDeviceId changes
06-04 11:07:00.134 I/NearFieldManagerImpl( 3069): setDeviceInfo, sDeviceName changes
06-04 11:07:00.135 D/NearFieldManagerImpl( 3069): setServiceData, sServiceData=[], serviceData=[32]
06-04 11:07:00.135 E/NearFieldManager( 2930): setIdnNetworkPriority: networkPortPriority is empty
06-04 11:07:00.135 D/NearFieldManager( 2930): StartListen moduleId: CastPlusDiscoveryModule
06-04 11:07:00.152 D/NearFieldManagerImpl( 3069): startListen: moduleId: CastPlusDiscoveryModule
06-04 11:07:00.153 D/NearFieldUtils( 3069): getPreferredIpAddress exec
06-04 11:07:00.153 D/NearFieldUtils( 3069): getPreferredIpAddress by custom priority
06-04 11:07:00.153 D/NearFieldUtils( 3069): getIpByInterfaceSetting customIdnNetworkPriority:[]
06-04 11:07:00.153 D/NearFieldUtils( 3069): getPreferredIpAddress by default priority
06-04 11:07:00.161 D/NearFieldUtils( 3069): to get wlan0 ip address
06-04 11:07:00.162 D/NearFieldUtils( 3069): get wlan0 IP succeed.
06-04 11:07:00.162 D/NearFieldManagerImpl( 3069): sDeviceType: 46
06-04 11:07:00.162 D/NearFieldManagerImpl( 3069): registerDevice() is called.
06-04 11:07:00.163 E/NearFieldManagerUtilsNative( 3069): Begin System.loadLibrary()
06-04 11:07:00.171 I/HicomNfTimerManager( 3069): epoll fd:136 create success
06-04 11:07:00.171 I/HicomNfTimerManager( 3069): epoll add fd:137--->136 success
06-04 11:07:00.171 I/HicomNfTimerManager( 3069): time fd:137 add to epoll success
06-04 11:07:00.174 D/nStackXDFinder( 3069): NSTACKX_Init:[146] :nstack ctrl creat epollfd 138
06-04 11:07:00.174 I/nStackXDFinder( 3069): InitDefaultInterfaceName:[779] :InitDefaultInterfaceName exec
06-04 11:07:00.174 D/nStackXCoAP( 3069): CoapServerInit:[174] :CoapServerInit is called
06-04 11:07:00.174 E/nStackXDFinder( 3069): GetLocalIp:[401] :GetLocalIp exec
06-04 11:07:00.174 E/nStackXDFinder( 3069): GetLocalIp:[407] :GetLocalIp, ifInfo is null
06-04 11:07:00.175 I/HicomNfMainCtrlManager( 3069): NSTACKX_RegisterDevice is called
06-04 11:07:00.175 D/NearFieldManagerImpl( 3069): Register device success.
06-04 11:07:00.175 I/NearFieldManagerImpl( 3069): serviceName is castPlus
06-04 11:07:00.175 D/NearFieldManagerImpl( 3069): registerCapability() called with: capabilityBitmapNum = 1, capabilityBitmap = [8]
06-04 11:07:00.175 I/HicomNf_java_to_c( 3069): registerCapability, capabilityBitmapNum: 1
06-04 11:07:00.175 I/HicomNfMainCtrlManager( 3069): RegisterCapability: 1, 8
06-04 11:07:00.175 D/NearFieldManagerImpl( 3069): Register capability succeed with capabilityBitmapNum = 1, capabilityBitmap = [8]
06-04 11:07:00.175 D/NearFieldManagerImpl( 3069): registerServiceData() called with: serviceData = 32
06-04 11:07:00.175 D/NearFieldManagerImpl( 3069): registerModule() called with: packageModuleName = com.huawei.connection+CastPlusDiscoveryModule
06-04 11:07:00.175 I/HicomNf_java_to_c( 3069): registerModule, moduleName: com.huawei.connection+CastPlusDiscoveryModule
06-04 11:07:00.175 I/HicomNfMainCtrlManager( 3069): Enter RegisterModule
06-04 11:07:00.175 I/HicomNfRegManager( 3069): RegisterModule OK, add module name com.huawei.connection+CastPlusDiscoveryModule
06-04 11:07:00.176 I/nStackXDFinder( 3069): UpdateLocalNetworkInterface:[472] :UpdateLocalNetworkInterface exec,initerfaceName:wlan0
06-04 11:07:00.176 E/nStackXDFinder( 3069): GetLocalIp:[401] :GetLocalIp exec
06-04 11:07:00.176 E/nStackXDFinder( 3069): GetLocalIp:[407] :GetLocalIp, ifInfo is null
06-04 11:07:00.176 I/nStackXDFinder( 3069): UpdateLocalNetworkInterface:[498] :UpdateLocalNetworkInterface copy ip value in default process
06-04 11:07:00.176 E/nStackXDFinder( 3069): GetLocalIp:[401] :GetLocalIp exec
06-04 11:07:00.176 D/nStackXCoAP( 3069): CoapServerInit:[174] :CoapServerInit is called
06-04 11:07:00.176 E/nStackXDFinder( 3069): GetLocalIp:[401] :GetLocalIp exec
06-04 11:07:00.176 I/nStackXUtil( 3069): BindToDevice:[352] :BindToDevice exec
06-04 11:07:00.176 I/nStackXUtil( 3069): GetInterfaceByPriority:[279] :GetInterfaceByPriority exec
06-04 11:07:00.176 I/nStackXUtil( 3069): GetInterfaceByDefault:[309] :GetInterfaceByDefault exec
06-04 11:07:00.176 I/nStackXUtil( 3069): GetInterfaceByDefault:[316] :GetInterfaceByDefault, ndevice name: lo
06-04 11:07:00.176 I/nStackXUtil( 3069): GetInterfaceByDefault:[316] :GetInterfaceByDefault, ndevice name: wlan0
06-04 11:07:00.176 I/Hisight-DeviceListManager( 2930): init DeviceListManager.
06-04 11:07:00.177 I/nStackXUtil( 3069): BindToDevice:[374] :BindToDevice, Bind localAddr name: wlan0
06-04 11:07:00.177 I/nStackXUtil( 3069): BindToDeviceInner:[191] :binding interface wlan0 success
06-04 11:07:00.177 D/nStackXCoAP( 3069): CoapInitResources:[744] :CoapInitResources g_wlanOrEthContext update
06-04 11:07:00.177 I/nStackXDFinder( 3069): RegisterServiceData:[728] :RegisterServiceData, serviceData=[32]
06-04 11:07:00.178 D/TrafficStats( 3069): tagSocket(134) with statsTag=0xffffffff, statsUid=-1
06-04 11:07:00.188 D/Hisight-DeviceListManager( 2930): get old secret key
06-04 11:07:00.191 E/Hisight-ConnectAuthCallBack( 2930): readSecureFile failed, no such file
06-04 11:07:00.191 W/Hisight-DeviceListManager( 2930): deviceRecords is empty
06-04 11:07:00.191 W/Hisight-DeviceListManager( 2930): occur error, clear all the list
06-04 11:07:00.192 D/Hisight-HiChainAuthControl( 2930): start HiChainAuthControl
06-04 11:07:00.195 I/ConnectAuthJNI( 2930): JNI_OnLoad begin load
06-04 11:07:00.195 I/ConnectAuthJNI( 2930): RegisterNativeMethod begin
06-04 11:07:00.195 I/ConnectAuthJNI( 2930): RegisterNativeMethod end
06-04 11:07:00.195 I/ConnectAuthJNI( 2930): RegisterNativeMethod 1004 methodLen=10
06-04 11:07:00.195 I/ConnectAuthJNI( 2930): RegisterNativeMethod 1007 RegisterNatives=0
06-04 11:07:00.195 I/ConnectAuthJNI( 2930): InitArraylist 1013
06-04 11:07:00.195 I/ConnectAuthJNI( 2930): InitConnectAuthStaticJNIMethod 1114 methodRet=0
06-04 11:07:00.195 E/ConnectAuthJNI( 2930): JNI_OnLoad finish....1138
06-04 11:07:00.195 D/Hisight-HiChainAuthControl( 2930): setupAuthIfNeeded, HiChainInstance hasn't been initialized
06-04 11:07:00.195 I/ConnectAuthJNI( 2930): Java_com_huawei_hisight_security_ConnectAuthNative_nativeSetup 795 call HiChainNativeSetup
06-04 11:07:00.195 I/ConnectAuthJNI( 2930): HiChainNativeSetup 565 registe_log
06-04 11:07:00.195 I/ConnectAuthJNI( 2930): HksStorageRegisterFileCallbacks 245 register hks file callback status =0
06-04 11:07:00.195 I/ConnectAuthJNI( 2930): HksRegisterGetDeviceIdCallback 268 register hks get hardware udid callback status =0
06-04 11:07:00.196 D/ConnectAuthJNI( 2930): [HiChain] get_instance Begin get instance
06-04 11:07:00.196 I/ConnectAuthJNI( 2930): [HKS] hks_service_key_info_init hks init : begin
06-04 11:07:00.196 I/ConnectAuthJNI( 2930): FileRead 113 FileRead
06-04 11:07:00.196 I/ConnectAuthJNI( 2930): FileRead 122 FileRead call readSecureFile begin
06-04 11:07:00.196 E/Hisight-ConnectAuthCallBack( 2930): readSecureFile failed, no such file
06-04 11:07:00.196 W/ConnectAuthJNI( 2930): FileRead 132 FileRead call readSecureFile byteArray is null
06-04 11:07:00.197 I/ConnectAuthJNI( 2930): [HKS] hks_rkc_init RKC init:begin, is_key_info_exist=0
06-04 11:07:00.197 I/ConnectAuthJNI( 2930): [HKS] hks_rkc_init_entropy the entropy is empty
06-04 11:07:00.197 I/ConnectAuthJNI( 2930): FileSize 214 FileSize
06-04 11:07:00.197 I/ConnectAuthJNI( 2930): FileSize 230 fileSize=258
06-04 11:07:00.197 I/ConnectAuthJNI( 2930): FileRead 113 FileRead
06-04 11:07:00.197 I/ConnectAuthJNI( 2930): FileRead 122 FileRead call readSecureFile begin
06-04 11:07:00.197 I/ConnectAuthJNI( 2930): FileRead 135 FileRead call readSecureFile end
06-04 11:07:00.197 I/ConnectAuthJNI( 2930): FileRead 150 fileBuff size 258, buf len 258
06-04 11:07:00.197 I/ConnectAuthJNI( 2930): FileSize 214 FileSize
06-04 11:07:00.198 I/ConnectAuthJNI( 2930): FileSize 230 fileSize=258
06-04 11:07:00.198 I/ConnectAuthJNI( 2930): FileRead 113 FileRead
06-04 11:07:00.198 I/ConnectAuthJNI( 2930): FileRead 122 FileRead call readSecureFile begin
06-04 11:07:00.198 I/ConnectAuthJNI( 2930): FileRead 135 FileRead call readSecureFile end
06-04 11:07:00.198 I/ConnectAuthJNI( 2930): FileRead 150 fileBuff size 258, buf len 258
06-04 11:07:00.198 I/ConnectAuthJNI( 2930): [HKS] hks_rkc_load_ksf load ksf success
06-04 11:07:00.198 I/ConnectAuthJNI( 2930): [HKS] hks_rkc_init root key component init success
06-04 11:07:00.198 I/ConnectAuthJNI( 2930): [HKS] hks_rkc_init RKC init:end,rc=0
06-04 11:07:00.198 I/ConnectAuthJNI( 2930): [HKS] hks_service_key_info_init hks init : end
06-04 11:07:00.198 I/ConnectAuthJNI( 2930): GetHiChainProtocolParamsCallback 371 GetHiChainProtocolParamsCallback operation_code= 99
06-04 11:07:00.198 I/ConnectAuthJNI( 2930): paramLen is ,=0
06-04 11:07:00.198 I/ConnectAuthJNI( 2930): paramLen is ,=0
06-04 11:07:00.198 I/ConnectAuthJNI( 2930): GetHiChainProtocolParamsCallback 402 GetHiChainProtocolParamsCallback end
06-04 11:07:00.198 I/ConnectAuthJNI( 2930): [HiChain] get_instance Get instance success
06-04 11:07:00.198 I/ConnectAuthJNI( 2930): Java_com_huawei_hisight_security_ConnectAuthNative_nativeGetHiChainInstance 598 get instance success
06-04 11:07:00.198 D/Hisight-HiChainAuthControl( 2930): destroyAuth
06-04 11:07:00.198 I/ConnectAuthJNI( 2930): Java_com_huawei_hisight_security_ConnectAuthNative_nativeDestroy 603 destroy
06-04 11:07:00.198 D/Hisight-HiChainAuthControl( 2930): setupAuthIfNeeded, HiChainInstance hasn't been initialized
06-04 11:07:00.198 I/ConnectAuthJNI( 2930): Java_com_huawei_hisight_security_ConnectAuthNative_nativeSetup 795 call HiChainNativeSetup
06-04 11:07:00.198 I/ConnectAuthJNI( 2930): HiChainNativeSetup 565 registe_log
06-04 11:07:00.198 I/ConnectAuthJNI( 2930): HksStorageRegisterFileCallbacks 245 register hks file callback status =0
06-04 11:07:00.198 I/ConnectAuthJNI( 2930): HksRegisterGetDeviceIdCallback 268 register hks get hardware udid callback status =0
06-04 11:07:00.198 D/ConnectAuthJNI( 2930): [HiChain] get_instance Begin get instance
06-04 11:07:00.198 I/ConnectAuthJNI( 2930): [HKS] hks_service_key_info_init hks init : begin
06-04 11:07:00.198 I/ConnectAuthJNI( 2930): [HKS] hks_service_key_info_init hks init : end
06-04 11:07:00.198 I/ConnectAuthJNI( 2930): GetHiChainProtocolParamsCallback 371 GetHiChainProtocolParamsCallback operation_code= 99
06-04 11:07:00.198 I/ConnectAuthJNI( 2930): paramLen is ,=0
06-04 11:07:00.198 I/ConnectAuthJNI( 2930): paramLen is ,=0
06-04 11:07:00.198 I/ConnectAuthJNI( 2930): GetHiChainProtocolParamsCallback 402 GetHiChainProtocolParamsCallback end
06-04 11:07:00.198 I/ConnectAuthJNI( 2930): [HiChain] get_instance Get instance success
06-04 11:07:00.198 I/ConnectAuthJNI( 2930): Java_com_huawei_hisight_security_ConnectAuthNative_nativeGetHiChainInstance 598 get instance success
06-04 11:07:00.199 W/ConnectAuthJNI( 2930): GetListTrustPeers 899 trustPeerSize=0
06-04 11:07:00.199 D/Hisight-HiChainAuthControl( 2930): destroyAuth
06-04 11:07:00.199 I/ConnectAuthJNI( 2930): Java_com_huawei_hisight_security_ConnectAuthNative_nativeDestroy 603 destroy
06-04 11:07:00.199 D/Hisight-HiChainAuthControl( 2930): setupAuthIfNeeded, HiChainInstance hasn't been initialized
06-04 11:07:00.199 I/ConnectAuthJNI( 2930): Java_com_huawei_hisight_security_ConnectAuthNative_nativeSetup 795 call HiChainNativeSetup
06-04 11:07:00.199 I/ConnectAuthJNI( 2930): HiChainNativeSetup 565 registe_log
06-04 11:07:00.199 I/ConnectAuthJNI( 2930): HksStorageRegisterFileCallbacks 245 register hks file callback status =0
06-04 11:07:00.199 I/ConnectAuthJNI( 2930): HksRegisterGetDeviceIdCallback 268 register hks get hardware udid callback status =0
06-04 11:07:00.199 D/ConnectAuthJNI( 2930): [HiChain] get_instance Begin get instance
06-04 11:07:00.199 I/ConnectAuthJNI( 2930): [HKS] hks_service_key_info_init hks init : begin
06-04 11:07:00.199 I/ConnectAuthJNI( 2930): [HKS] hks_service_key_info_init hks init : end
06-04 11:07:00.199 I/ConnectAuthJNI( 2930): GetHiChainProtocolParamsCallback 371 GetHiChainProtocolParamsCallback operation_code= 99
06-04 11:07:00.199 I/ConnectAuthJNI( 2930): paramLen is ,=0
06-04 11:07:00.199 I/ConnectAuthJNI( 2930): paramLen is ,=0
06-04 11:07:00.199 I/ConnectAuthJNI( 2930): GetHiChainProtocolParamsCallback 402 GetHiChainProtocolParamsCallback end
06-04 11:07:00.199 I/ConnectAuthJNI( 2930): [HiChain] get_instance Get instance success
06-04 11:07:00.199 I/ConnectAuthJNI( 2930): Java_com_huawei_hisight_security_ConnectAuthNative_nativeGetHiChainInstance 598 get instance success
06-04 11:07:00.199 W/ConnectAuthJNI( 2930): GetListTrustPeers 899 trustPeerSize=0
06-04 11:07:00.199 D/Hisight-DeviceListManager( 2930): init trusted list size: 0
06-04 11:07:00.199 D/HiSight-ConnectionManager( 2930): setAuthInfo, authMode: 1
06-04 11:07:00.259 E/audio_hw_hal_alsamgr( 476): aml_alsa_output_get_delayframe:824, pcm_ioctl fail, ret:0xffffffff, error info:Broken pipe
06-04 11:07:00.259 I/audio_hw_hal_alsamgr( 476): aml_alsa_output_write alsa_running_status[0xf07c0e70] change from 1 to 0
06-04 11:07:00.259 W/audio_hw_hal_alsamgr( 476): [aml_alsa_output_write:616] alsa underrun
06-04 11:07:00.275 D/TrafficStats( 3069): tagSocket(149) with statsTag=0xffffffff, statsUid=-1
06-04 11:07:00.279 I/audio_hw_hal_ms12v2( 476): dolby_ms12_threadloop alsa is not running
06-04 11:07:00.279 I/audio_hw_hal_alsamgr( 476): aml_alsa_output_write alsa_running_status[0xf07c0e70] change from 0 to 1
06-04 11:07:00.299 D/TrafficStats( 2930): tagSocket(166) with statsTag=0xffffffff, statsUid=-1
06-04 11:07:00.340 D/HiSight-SinkService( 2930): setDiscoverable true
06-04 11:07:00.340 D/HiSight-Discovery( 2930): set deviceInfo type:46
06-04 11:07:00.340 D/HiSight-Discovery( 2930): startAdvertise 3
06-04 11:07:00.340 D/HiSight-Discovery( 2930): stopAdvertise.
06-04 11:07:00.340 D/NearFieldManager( 2930): StopListen moduleId: CastPlusDiscoveryModule
06-04 11:07:00.341 D/wenhc ( 1441): getScreenInfo uri = content://com.dangbei.screencast.parts.info/screen_cast
06-04 11:07:00.341 D/NearFieldManagerImpl( 3069): stopListen: moduleId: CastPlusDiscoveryModule
06-04 11:07:00.341 D/NearFieldManagerImpl( 3069): registerCapability() called with: capabilityBitmapNum = 1, capabilityBitmap = [0]
06-04 11:07:00.341 I/HicomNf_java_to_c( 3069): registerCapability, capabilityBitmapNum: 1
06-04 11:07:00.341 I/HicomNfMainCtrlManager( 3069): RegisterCapability: 1, 0
06-04 11:07:00.341 D/NearFieldManagerImpl( 3069): Register capability succeed with capabilityBitmapNum = 1, capabilityBitmap = [0]
06-04 11:07:00.341 D/HiSight-Discovery( 2930): nearFieldStartListen deviceType 46
06-04 11:07:00.342 D/NearFieldManagerImpl( 3069): setServiceData, sServiceData=[32], serviceData=[32]
06-04 11:07:00.342 E/NearFieldManagerImpl( 3069): setServiceData, serviceData exists
06-04 11:07:00.342 E/NearFieldManager( 2930): setIdnNetworkPriority: networkPortPriority is empty
06-04 11:07:00.342 D/NearFieldManager( 2930): StartListen moduleId: CastPlusDiscoveryModule
06-04 11:07:00.343 D/NearFieldManagerImpl( 3069): startListen: moduleId: CastPlusDiscoveryModule
06-04 11:07:00.343 D/NearFieldUtils( 3069): getPreferredIpAddress exec
06-04 11:07:00.343 D/NearFieldUtils( 3069): getPreferredIpAddress by custom priority
06-04 11:07:00.343 D/NearFieldUtils( 3069): getIpByInterfaceSetting customIdnNetworkPriority:[]
06-04 11:07:00.343 D/NearFieldUtils( 3069): getPreferredIpAddress by default priority
06-04 11:07:00.349 D/NearFieldUtils( 3069): to get wlan0 ip address
06-04 11:07:00.349 D/NearFieldUtils( 3069): get wlan0 IP succeed.
06-04 11:07:00.349 D/NearFieldManagerImpl( 3069): sDeviceType: 46
06-04 11:07:00.349 D/NearFieldManagerImpl( 3069): registerDevice() is called.
06-04 11:07:00.349 I/HicomNfMainCtrlManager( 3069): NSTACKX_RegisterDevice is called
06-04 11:07:00.349 I/nStackXDFinder( 3069): UpdateLocalNetworkInterface:[472] :UpdateLocalNetworkInterface exec,initerfaceName:wlan0
06-04 11:07:00.349 E/nStackXDFinder( 3069): GetLocalIp:[401] :GetLocalIp exec
06-04 11:07:00.349 I/nStackXDFinder( 3069): UpdateLocalNetworkInterface:[498] :UpdateLocalNetworkInterface copy ip value in default process
06-04 11:07:00.349 E/nStackXDFinder( 3069): GetLocalIp:[401] :GetLocalIp exec
06-04 11:07:00.349 I/nStackXDFinder( 3069): UpdateLocalNetworkInterface:[505] :UpdateLocalNetworkInterface: ip not change
06-04 11:07:00.349 D/NearFieldManagerImpl( 3069): Register device success.
06-04 11:07:00.349 I/NearFieldManagerImpl( 3069): serviceName is castPlus
06-04 11:07:00.349 D/NearFieldManagerImpl( 3069): registerCapability() called with: capabilityBitmapNum = 1, capabilityBitmap = [8]
06-04 11:07:00.349 I/HicomNf_java_to_c( 3069): registerCapability, capabilityBitmapNum: 1
06-04 11:07:00.349 I/HicomNfMainCtrlManager( 3069): RegisterCapability: 1, 8
06-04 11:07:00.350 D/NearFieldManagerImpl( 3069): Register capability succeed with capabilityBitmapNum = 1, capabilityBitmap = [8]
06-04 11:07:00.350 D/NearFieldManagerImpl( 3069): registerServiceData() called with: serviceData = 32
06-04 11:07:00.350 D/NearFieldManagerImpl( 3069): registerModule() called with: packageModuleName = com.huawei.connection+CastPlusDiscoveryModule
06-04 11:07:00.350 I/nStackXDFinder( 3069): RegisterServiceData:[728] :RegisterServiceData, serviceData=[32]
06-04 11:07:00.350 D/NearFieldManagerImpl( 3069): registerModule, registered before
06-04 11:07:00.350 I/HicomNf_java_to_c( 3069): registerModule, moduleName: com.huawei.connection+CastPlusDiscoveryModule
06-04 11:07:00.350 I/HicomNfMainCtrlManager( 3069): Enter RegisterModule
06-04 11:07:00.350 I/HicomNfRegManager( 3069): RegisterModule OK, already registered com.huawei.connection+CastPlusDiscoveryModule
06-04 11:07:00.367 D/HiSight-SinkService( 2930): setDiscoverable true
06-04 11:07:00.367 D/HiSight-Discovery( 2930): set deviceInfo type:46
06-04 11:07:00.367 D/HiSight-Discovery( 2930): startAdvertise 3
06-04 11:07:00.367 D/HiSight-Discovery( 2930): stopAdvertise.
06-04 11:07:00.367 D/NearFieldManager( 2930): StopListen moduleId: CastPlusDiscoveryModule
06-04 11:07:00.367 D/NearFieldManagerImpl( 3069): stopListen: moduleId: CastPlusDiscoveryModule
06-04 11:07:00.367 D/NearFieldManagerImpl( 3069): registerCapability() called with: capabilityBitmapNum = 1, capabilityBitmap = [0]
06-04 11:07:00.367 I/HicomNf_java_to_c( 3069): registerCapability, capabilityBitmapNum: 1
06-04 11:07:00.368 I/HicomNfMainCtrlManager( 3069): RegisterCapability: 1, 0
06-04 11:07:00.368 D/NearFieldManagerImpl( 3069): Register capability succeed with capabilityBitmapNum = 1, capabilityBitmap = [0]
06-04 11:07:00.368 D/HiSight-Discovery( 2930): nearFieldStartListen deviceType 46
06-04 11:07:00.368 D/wenhc ( 1441): getScreenInfo uri = content://com.dangbei.screencast.parts.info/screen_cast
06-04 11:07:00.369 D/NearFieldManagerImpl( 3069): setServiceData, sServiceData=[32], serviceData=[32]
06-04 11:07:00.369 E/NearFieldManagerImpl( 3069): setServiceData, serviceData exists
06-04 11:07:00.369 E/NearFieldManager( 2930): setIdnNetworkPriority: networkPortPriority is empty
06-04 11:07:00.369 D/NearFieldManager( 2930): StartListen moduleId: CastPlusDiscoveryModule
06-04 11:07:00.369 D/NearFieldManagerImpl( 3069): startListen: moduleId: CastPlusDiscoveryModule
06-04 11:07:00.370 D/NearFieldUtils( 3069): getPreferredIpAddress exec
06-04 11:07:00.370 D/NearFieldUtils( 3069): getPreferredIpAddress by custom priority
06-04 11:07:00.370 D/NearFieldUtils( 3069): getIpByInterfaceSetting customIdnNetworkPriority:[]
06-04 11:07:00.370 D/NearFieldUtils( 3069): getPreferredIpAddress by default priority
06-04 11:07:00.378 D/NearFieldUtils( 3069): to get wlan0 ip address
06-04 11:07:00.378 D/NearFieldUtils( 3069): get wlan0 IP succeed.
06-04 11:07:00.378 D/NearFieldManagerImpl( 3069): sDeviceType: 46
06-04 11:07:00.378 D/NearFieldManagerImpl( 3069): registerDevice() is called.
06-04 11:07:00.378 I/HicomNfMainCtrlManager( 3069): NSTACKX_RegisterDevice is called
06-04 11:07:00.378 D/NearFieldManagerImpl( 3069): Register device success.
06-04 11:07:00.378 I/NearFieldManagerImpl( 3069): serviceName is castPlus
06-04 11:07:00.378 I/nStackXDFinder( 3069): UpdateLocalNetworkInterface:[472] :UpdateLocalNetworkInterface exec,initerfaceName:wlan0
06-04 11:07:00.378 E/nStackXDFinder( 3069): GetLocalIp:[401] :GetLocalIp exec
06-04 11:07:00.378 I/nStackXDFinder( 3069): UpdateLocalNetworkInterface:[498] :UpdateLocalNetworkInterface copy ip value in default process
06-04 11:07:00.378 E/nStackXDFinder( 3069): GetLocalIp:[401] :GetLocalIp exec
06-04 11:07:00.378 I/nStackXDFinder( 3069): UpdateLocalNetworkInterface:[505] :UpdateLocalNetworkInterface: ip not change
06-04 11:07:00.378 D/NearFieldManagerImpl( 3069): registerCapability() called with: capabilityBitmapNum = 1, capabilityBitmap = [8]
06-04 11:07:00.378 I/HicomNf_java_to_c( 3069): registerCapability, capabilityBitmapNum: 1
06-04 11:07:00.378 I/HicomNfMainCtrlManager( 3069): RegisterCapability: 1, 8
06-04 11:07:00.378 D/NearFieldManagerImpl( 3069): Register capability succeed with capabilityBitmapNum = 1, capabilityBitmap = [8]
06-04 11:07:00.378 D/NearFieldManagerImpl( 3069): registerServiceData() called with: serviceData = 32
06-04 11:07:00.379 I/nStackXDFinder( 3069): RegisterServiceData:[728] :RegisterServiceData, serviceData=[32]
06-04 11:07:00.379 D/NearFieldManagerImpl( 3069): registerModule() called with: packageModuleName = com.huawei.connection+CastPlusDiscoveryModule
06-04 11:07:00.379 D/NearFieldManagerImpl( 3069): registerModule, registered before
06-04 11:07:00.379 I/HicomNf_java_to_c( 3069): registerModule, moduleName: com.huawei.connection+CastPlusDiscoveryModule
06-04 11:07:00.379 I/HicomNfMainCtrlManager( 3069): Enter RegisterModule
06-04 11:07:00.379 I/HicomNfRegManager( 3069): RegisterModule OK, already registered com.huawei.connection+CastPlusDiscoveryModule
06-04 11:07:00.379 E/HuaweiCastService( 2930): onStartCommand in 0
06-04 11:07:00.570 D/NearFieldManagerImpl( 3069): onReceive action get:android.net.conn.CONNECTIVITY_CHANGE
06-04 11:07:00.571 W/efs.info.manager( 3069): network change: wifi
06-04 11:07:00.571 D/NearFieldUtils( 3069): getPreferredIpAddress exec
06-04 11:07:00.572 D/NearFieldUtils( 3069): getPreferredIpAddress by custom priority
06-04 11:07:00.572 D/NearFieldUtils( 3069): getIpByInterfaceSetting customIdnNetworkPriority:[]
06-04 11:07:00.572 D/NearFieldUtils( 3069): getPreferredIpAddress by default priority
06-04 11:07:00.587 D/NearFieldUtils( 3069): to get wlan0 ip address
06-04 11:07:00.588 D/NearFieldUtils( 3069): get wlan0 IP succeed.
06-04 11:07:00.588 E/NearFieldManagerImpl( 3069): notifyByPriority: interfaceNameInUse is null
06-04 11:07:00.588 D/NearFieldManagerImpl( 3069): handleConnectivityAction: notified by default
06-04 11:07:00.592 D/NearFieldUtils( 3069): to get wlan0 ip address
06-04 11:07:00.592 D/NearFieldUtils( 3069): get wlan0 IP succeed.
06-04 11:07:00.592 I/NearFieldManagerImpl( 3069): wlan Connected
06-04 11:07:00.592 I/HicomNf_java_to_c( 3069): notifyNetworkStateChanged with maskStr, networkType: 0, networkState: 0, mask:
06-04 11:07:00.592 I/HicomNfMainCtrlManager( 3069): NotifyNetworkStateChanged is called with networkState: 0
06-04 11:07:00.592 I/HicomNfMainCtrlManager( 3069): P2P and USB are both disconnected
06-04 11:07:00.592 I/HicomNfSecureManager( 3069): stop listening
06-04 11:07:00.592 I/HicomNfSecureManager( 3069): StopListening, m_sessionInfoLock out, before calling NSTACKX_DMsgClose 2
06-04 11:07:00.592 I/HicomNfSecureManager( 3069): StopListening, after calling NSTACKX_DMsgClose 2
06-04 11:07:00.595 I/HicomNf_java_to_c( 3069): notifyNetworkStateChanged with maskStr, networkType: 0, networkState: 1, mask: 255.255.254.0
06-04 11:07:00.595 I/HicomNfMainCtrlManager( 3069): NotifyNetworkStateChanged is called with networkState: 1
06-04 11:07:00.595 I/HicomNfSecureManager( 3069): StartListening, before calling NSTACKX_DMsgServer
06-04 11:07:00.595 I/nStackXDMsg( 3069): NSTACKX_DMsgServer:[1335] :msgReceiver is not NULL
06-04 11:07:00.595 D/nStackXDMsg( 3069): StartDMsgMainThread:[1274] :pthread_create
06-04 11:07:00.595 I/HicomNfSecureManager( 3069): StartListening, after calling NSTACKX_DMsgServer
06-04 11:07:00.595 I/HicomNfSecureManager( 3069): OnehopSecureCtrlManager: succeeded to StartListening with type 0
06-04 11:07:00.717 I/WifiHAL ( 501): call wifi_get_link_stats handler
06-04 11:07:00.717 I/WifiHAL ( 501): Creating message to get link statistics; iface = 16
06-04 11:07:00.717 D/WifiHAL ( 501): error code -95 mapped to -3
06-04 11:07:00.718 E/WifiStaIfaceAidlImpl( 689): getLinkLayerStats failed with service-specific exception: android.os.ServiceSpecificException: (code 4)
06-04 11:07:00.897 E/raop ( 2930): JavaCallback init
06-04 11:07:00.957 D/nStackXCoAP( 3069): IsInSameNetwork:[276] :IsInSameNetwork exec
06-04 11:07:00.957 I/nStackXDFinder( 3069): GetLocalInterfaceDetail:[461] :GetLocalInterfaceDetail in
06-04 11:07:00.957 E/nStackXCoAP( 3069): IsInSameNetwork:[281] :IsInSameNetwork: not priority process
06-04 11:07:00.957 D/nStackXCoAP( 3069): ParseServiceDiscover:[330] :new device join
06-04 11:07:00.958 I/nStackXDFinder( 3069): NotifyDeviceListChanged:[540] :notify callback: device list changed callback is null
06-04 11:07:00.958 E/nStackXDFinder( 3069): GetLocalIp:[401] :GetLocalIp exec
06-04 11:07:01.397 D/TrafficStats( 2930): tagSocket(173) with statsTag=0xffffffff, statsUid=-1
06-04 11:07:01.646 D/nStackXCoAP( 3069): IsInSameNetwork:[276] :IsInSameNetwork exec
06-04 11:07:01.647 I/nStackXDFinder( 3069): GetLocalInterfaceDetail:[461] :GetLocalInterfaceDetail in
06-04 11:07:01.647 E/nStackXCoAP( 3069): IsInSameNetwork:[281] :IsInSameNetwork: not priority process
06-04 11:07:01.647 D/nStackXCoAP( 3069): ParseServiceDiscover:[330] :new device join
06-04 11:07:01.647 E/nStackXDFinder( 3069): GetLocalIp:[401] :GetLocalIp exec
06-04 11:07:01.713 I/efs.base( 2827): lt=event`ev_ct=efs_core`ev_ac=log_lag`tm=2025-06-04 11:07:71`dn=ac45bf75-7677-4e00-a7a1-ee108360b5d1`ps=com.dangbei.screencast:bg_guard`um_os=android`stime=1749006411550`pid=2827`fr=android`pkg=com.dangbei.screencast`vcode=20830`dsp_w=1920`uid=ac45bf75-7677-4e00-a7a1-ee108360b5d1`rom=14`wid=ac45bf75-7677-4e00-a7a1-ee108360b5d1`um_app_carrier=`um_access=wifi`um_app_channel=os`um_crash_sdk_version=1.4.0`ctime=1749006421`model=dbbox-a3`lang=zh`net=wifi`brand=amlogic`dsp_h=1080`um_network_type=0`ver=v2.8.3`cnt=1`build_model=DBBOX-A3`w_tm=1749006421`appid=5fc60c21094d637f3130af19`um_umid_header=ai41d99d10bb185b6970e4743266d42450`sdk=34`tzone=Asia/Shanghai`sdk_ver=1.3.6.umeng
06-04 11:07:01.727 D/TrafficStats( 2827): tagSocket(145) with statsTag=0xffffffff, statsUid=-1
06-04 11:07:01.742 E/GuardService( 2827): killMyselfRunnable:
06-04 11:07:01.742 I/crashsdk( 2827): android_os_Process_sendSignal. PID: 2827 SIG: 9
06-04 11:07:01.742 I/crashsdk( 2827): onKillProcess. SIG: 9
06-04 11:07:01.745 I/crashsdk( 2827): Kill PID: 2827 (com.dangbei.screencast:bg_guard) by pid: 2827 (com.dangbei.screencast:bg_guard) tid: 2827 (main)
06-04 11:07:01.745 I/crashsdk( 2827): SIG: 9, fg: false, exiting: false, main process: false, time: 20250604110701
06-04 11:07:01.745 I/crashsdk( 2827): State in disk: 'b'
06-04 11:07:01.745 I/crashsdk( 2827): at android.os.Process.sendSignal(Native Method)
06-04 11:07:01.745 I/crashsdk( 2827): at android.os.Process.killProcess(Process.java:1315)
06-04 11:07:01.745 I/crashsdk( 2827): at com.dangbei.screencast.startup.GuardService$a.run(:2)
06-04 11:07:01.745 I/crashsdk( 2827): at android.os.Handler.handleCallback(Handler.java:958)
06-04 11:07:01.745 I/crashsdk( 2827): at android.os.Handler.dispatchMessage(Handler.java:99)
06-04 11:07:01.745 I/crashsdk( 2827): at android.os.Looper.loopOnce(Looper.java:205)
06-04 11:07:01.745 I/crashsdk( 2827): at android.os.Looper.loop(Looper.java:294)
06-04 11:07:01.745 I/crashsdk( 2827): at android.app.ActivityThread.main(ActivityThread.java:8255)
06-04 11:07:01.745 I/crashsdk( 2827): at java.lang.reflect.Method.invoke(Native Method)
06-04 11:07:01.745 I/crashsdk( 2827): at com.android.internal.os.RuntimeInit$MethodAndArgsCaller.run(RuntimeInit.java:552)
06-04 11:07:01.745 I/crashsdk( 2827): at com.android.internal.os.ZygoteInit.main(ZygoteInit.java:978)
06-04 11:07:01.745 I/Process ( 2827): Sending signal. PID: 2827 SIG: 9
06-04 11:07:01.782 W/efs.send_log( 2930): tryFileLock sendlock sucess! processname: com.dangbei.screencast
06-04 11:07:01.783 I/ActivityManager( 689): Process com.dangbei.screencast:bg_guard (pid 2827) has died: prcp FGS
06-04 11:07:01.783 I/Zygote ( 459): Process 2827 exited due to signal 9 (Killed)
06-04 11:07:01.784 I/libprocessgroup( 689): Successfully killed process cgroup uid 10043 pid 2827 in 0ms
06-04 11:07:01.785 W/ForegroundServiceTypeLoggerModule( 689): FGS stop call for: 10043 has no types!
06-04 11:07:02.118 D/ActivityManager( 689): freezing 2119 com.android.permissioncontroller
06-04 11:07:02.309 E/audio_hw_hal_alsamgr( 476): aml_alsa_output_get_delayframe:824, pcm_ioctl fail, ret:0xffffffff, error info:Broken pipe
06-04 11:07:02.309 I/audio_hw_hal_alsamgr( 476): aml_alsa_output_write alsa_running_status[0xf07c0e70] change from 1 to 0
06-04 11:07:02.309 W/audio_hw_hal_alsamgr( 476): [aml_alsa_output_write:616] alsa underrun
06-04 11:07:02.337 I/audio_hw_hal_ms12v2( 476): dolby_ms12_threadloop alsa is not running
06-04 11:07:02.337 I/audio_hw_hal_alsamgr( 476): aml_alsa_output_write alsa_running_status[0xf07c0e70] change from 0 to 1
06-04 11:07:02.787 D/TrafficStats( 2930): tagSocket(175) with statsTag=0xffffffff, statsUid=-1
06-04 11:07:03.077 D/TrafficStats( 3069): tagSocket(157) with statsTag=0xffffffff, statsUid=-1
06-04 11:07:03.362 D/TrafficStats( 2930): tagSocket(178) with statsTag=0xffffffff, statsUid=-1
06-04 11:07:03.377 W/System.err( 2930): java.lang.NullPointerException: Attempt to invoke virtual method 'byte[] java.net.NetworkInterface.getHardwareAddress()' on a null object reference
06-04 11:07:03.377 W/System.err( 2930): at b.f.f.y.g.b(Unknown Source:11)
06-04 11:07:03.377 W/System.err( 2930): at b.d.a.a.p.c0(Unknown Source:2)
06-04 11:07:03.377 W/System.err( 2930): at b.f.f.o.f.c.a(Unknown Source:23)
06-04 11:07:03.377 W/System.err( 2930): at b.f.f.d.b.c(:5)
06-04 11:07:03.377 W/System.err( 2930): at b.f.f.n.d$a.handleMessage(:3)
06-04 11:07:03.377 W/System.err( 2930): at android.os.Handler.dispatchMessage(Handler.java:106)
06-04 11:07:03.377 W/System.err( 2930): at android.os.Looper.loopOnce(Looper.java:205)
06-04 11:07:03.377 W/System.err( 2930): at android.os.Looper.loop(Looper.java:294)
06-04 11:07:03.377 W/System.err( 2930): at android.os.HandlerThread.run(HandlerThread.java:67)
06-04 11:07:03.383 I/PlatformDependent( 2930): Your platform does not provide complete low-level API for accessing direct buffers reliably. Unless explicitly requested, heap buffer will always be preferred to avoid potential system instability.
06-04 11:07:03.398 D/TrafficStats( 2930): tagSocket(218) with statsTag=0xffffffff, statsUid=-1
06-04 11:07:03.399 W/AudioCapabilities( 2930): Unsupported mime audio/vnd.dts.hd;profile=lbr
06-04 11:07:03.400 W/AudioCapabilities( 2930): Unsupported mime audio/ffmpeg
06-04 11:07:03.400 W/AudioCapabilities( 2930): Unsupported mime audio/mpeg-L1
06-04 11:07:03.400 W/AudioCapabilities( 2930): Unsupported mime audio/mpeg-L2
06-04 11:07:03.404 W/VideoCapabilities( 2930): Unsupported mime video/avs
06-04 11:07:03.404 W/VideoCapabilities( 2930): Unsupported mime video/avs2
06-04 11:07:03.406 W/VideoCapabilities( 2930): Unsupported mime video/x-motion-jpeg
06-04 11:07:03.406 W/VideoCapabilities( 2930): Unrecognized profile/level 0/4 for video/mpeg2
06-04 11:07:03.406 I/VideoCapabilities( 2930): Unsupported profile 3 for video/mpeg2
06-04 11:07:03.407 I/VideoCapabilities( 2930): Unsupported profile 4 for video/mpeg2
06-04 11:07:03.407 I/VideoCapabilities( 2930): Unsupported profile 5 for video/mpeg2
06-04 11:07:03.411 W/VideoCapabilities( 2930): Unrecognized profile/level 0/4 for video/mpeg2
06-04 11:07:03.411 I/VideoCapabilities( 2930): Unsupported profile 3 for video/mpeg2
06-04 11:07:03.401 I/Thread-33( 2930): type=1400 audit(0.0:1223): avc: denied { open } for path="/proc/sys/net/core/somaxconn" dev="proc" ino=49577 scontext=u:r:untrusted_app_27:s0:c43,c256,c512,c768 tcontext=u:object_r:proc_net:s0 tclass=file permissive=1 app=com.dangbei.screencast
06-04 11:07:03.411 I/VideoCapabilities( 2930): Unsupported profile 4 for video/mpeg2
06-04 11:07:03.411 I/VideoCapabilities( 2930): Unsupported profile 5 for video/mpeg2
06-04 11:07:03.411 I/VideoCapabilities( 2930): Unsupported profile 2 for video/mp4v-es
06-04 11:07:03.411 I/VideoCapabilities( 2930): Unsupported profile 8 for video/mp4v-es
06-04 11:07:03.411 I/VideoCapabilities( 2930): Unsupported profile 16 for video/mp4v-es
06-04 11:07:03.411 I/VideoCapabilities( 2930): Unsupported profile 1024 for video/mp4v-es
06-04 11:07:03.411 W/VideoCapabilities( 2930): Unsupported mime video/rm10
06-04 11:07:03.412 W/VideoCapabilities( 2930): Unsupported mime video/rm20
06-04 11:07:03.412 W/VideoCapabilities( 2930): Unsupported mime video/rm30
06-04 11:07:03.412 W/VideoCapabilities( 2930): Unsupported mime video/rm40
06-04 11:07:03.413 W/VideoCapabilities( 2930): Unsupported mime video/vc1
06-04 11:07:03.413 W/VideoCapabilities( 2930): Unsupported mime video/vc1
06-04 11:07:03.413 W/VideoCapabilities( 2930): Unsupported mime video/x-vnd.on2.vp6a
06-04 11:07:03.413 W/VideoCapabilities( 2930): Unsupported mime video/x-vnd.on2.vp6f
06-04 11:07:03.401 I/Thread-33( 2930): type=1400 audit(0.0:1224): avc: denied { getattr } for path="/proc/sys/net/core/somaxconn" dev="proc" ino=49577 scontext=u:r:untrusted_app_27:s0:c43,c256,c512,c768 tcontext=u:object_r:proc_net:s0 tclass=file permissive=1 app=com.dangbei.screencast
06-04 11:07:03.418 W/VideoCapabilities( 2930): Unsupported mime video/wmv1
06-04 11:07:03.418 W/VideoCapabilities( 2930): Unsupported mime video/wmv2
06-04 11:07:03.419 W/VideoCapabilities( 2930): Unsupported mime video/wmv3
06-04 11:07:03.429 I/serviceDiscovery( 689): [MdnsAdvertiser] Adding service name: 当贝投屏F7, type: _airplay._tcp, hostAddresses: , port: 44235, network: null, txtRecord: srcvers=220.68features=0x527FFFF7,0x1E'pi=2e388006-13ba-4041-9a67-25dd4a43d536Cpk=b07727d6f6cd6e08b58ede525ec3cdeaa252ad9f683feb212ef8a205246554e7vv=2 flags=0x4model=AppleTV2,1deviceid=1c:79:2d:20:62:83 with ID 6 and subtype null
06-04 11:07:03.440 I/serviceDiscovery( 689): [MdnsAdvertiser] Adding service name: 1c792d206283@当贝投屏F7, type: _raop._tcp, hostAddresses: , port: 35841, network: null, txtRecord: txtvers=1 am=AppleTV2,1ch=2
06-04 11:07:03.440 I/serviceDiscovery( 689): cn=0,1,2,3da=trueet=0,3,5ft=0x527FFFF7,0x1Emd=0,1,2Cpk=b07727d6f6cd6e08b58ede525ec3cdeaa252ad9f683feb212ef8a205246554e7pw=falsesf=0x4sr=44100ss=16sv=falsetp=UDPvn=65537 vs=220.68vv=2 rhd=5.6.0.0 with ID 7 and subtype null
06-04 11:07:03.724 I/WifiHAL ( 501): call wifi_get_link_stats handler
06-04 11:07:03.724 I/WifiHAL ( 501): Creating message to get link statistics; iface = 16
06-04 11:07:03.725 D/WifiHAL ( 501): error code -95 mapped to -3
06-04 11:07:03.725 E/WifiStaIfaceAidlImpl( 689): getLinkLayerStats failed with service-specific exception: android.os.ServiceSpecificException: (code 4)
06-04 11:07:03.822 D/nStackXCoAP( 3069): IsInSameNetwork:[276] :IsInSameNetwork exec
06-04 11:07:03.822 I/nStackXDFinder( 3069): GetLocalInterfaceDetail:[461] :GetLocalInterfaceDetail in
06-04 11:07:03.823 E/nStackXCoAP( 3069): IsInSameNetwork:[281] :IsInSameNetwork: not priority process
06-04 11:07:03.823 D/nStackXCoAP( 3069): ParseServiceDiscover:[330] :new device join
06-04 11:07:03.823 I/nStackXDFinder( 3069): NotifyDeviceListChanged:[540] :notify callback: device list changed callback is null
06-04 11:07:03.823 E/nStackXDFinder( 3069): GetLocalIp:[401] :GetLocalIp exec
06-04 11:07:03.877 W/System.err( 2930): java.lang.NullPointerException: Attempt to invoke virtual method 'byte[] java.net.NetworkInterface.getHardwareAddress()' on a null object reference
06-04 11:07:03.877 W/System.err( 2930): at b.f.f.y.g.b(Unknown Source:11)
06-04 11:07:03.877 W/System.err( 2930): at b.d.a.a.p.c0(Unknown Source:2)
06-04 11:07:03.877 W/System.err( 2930): at b.f.f.o.f.c.a(Unknown Source:23)
06-04 11:07:03.877 W/System.err( 2930): at b.f.f.t.d.c(:1)
06-04 11:07:03.877 W/System.err( 2930): at b.f.f.n.d$a.handleMessage(:3)
06-04 11:07:03.877 W/System.err( 2930): at android.os.Handler.dispatchMessage(Handler.java:106)
06-04 11:07:03.877 W/System.err( 2930): at android.os.Looper.loopOnce(Looper.java:205)
06-04 11:07:03.877 W/System.err( 2930): at android.os.Looper.loop(Looper.java:294)
06-04 11:07:03.877 W/System.err( 2930): at android.os.HandlerThread.run(HandlerThread.java:67)
06-04 11:07:03.885 I/serviceDiscovery( 689): [MdnsAdvertiser] Adding service name: 当贝投屏F7, type: _db_cast_screen._tcp, hostAddresses: , port: 40081, network: null, txtRecord: au=1cV=20830mV=100h265=0maxR=4096-4096model=DBBOX-A3deviceid=1c:79:2d:20:62:83 with ID 8 and subtype null
06-04 11:07:03.885 E/MdnsAdvertiser( 689): Name conflict adding services that should have unique names
06-04 11:07:03.885 E/MdnsAdvertiser( 689): android.net.connectivity.com.android.server.connectivity.mdns.NameConflictException
06-04 11:07:03.885 E/MdnsAdvertiser( 689): at android.net.connectivity.com.android.server.connectivity.mdns.MdnsRecordRepository.addService(MdnsRecordRepository.java:314)
06-04 11:07:03.885 E/MdnsAdvertiser( 689): at android.net.connectivity.com.android.server.connectivity.mdns.MdnsInterfaceAdvertiser.addService(MdnsInterfaceAdvertiser.java:217)
06-04 11:07:03.885 E/MdnsAdvertiser( 689): at android.net.connectivity.com.android.server.connectivity.mdns.MdnsAdvertiser$InterfaceAdvertiserRequest.addService(MdnsAdvertiser.java:273)
06-04 11:07:03.885 E/MdnsAdvertiser( 689): at android.net.connectivity.com.android.server.connectivity.mdns.MdnsAdvertiser.addService(MdnsAdvertiser.java:488)
06-04 11:07:03.885 E/MdnsAdvertiser( 689): at android.net.connectivity.com.android.server.NsdService$NsdStateMachine$EnabledState.processMessage(NsdService.java:730)
06-04 11:07:03.885 E/MdnsAdvertiser( 689): at android.net.connectivity.com.android.internal.util.StateMachine$SmHandler.processMsg(StateMachine.java:993)
06-04 11:07:03.885 E/MdnsAdvertiser( 689): at android.net.connectivity.com.android.internal.util.StateMachine$SmHandler.handleMessage(StateMachine.java:810)
06-04 11:07:03.885 E/MdnsAdvertiser( 689): at android.os.Handler.dispatchMessage(Handler.java:106)
06-04 11:07:03.885 E/MdnsAdvertiser( 689): at android.os.Looper.loopOnce(Looper.java:205)
06-04 11:07:03.885 E/MdnsAdvertiser( 689): at android.os.Looper.loop(Looper.java:294)
06-04 11:07:03.885 E/MdnsAdvertiser( 689): at android.os.HandlerThread.run(HandlerThread.java:67)
06-04 11:07:03.938 D/nStackXCoAP( 3069): IsInSameNetwork:[276] :IsInSameNetwork exec
06-04 11:07:03.938 I/nStackXDFinder( 3069): GetLocalInterfaceDetail:[461] :GetLocalInterfaceDetail in
06-04 11:07:03.938 E/nStackXCoAP( 3069): IsInSameNetwork:[281] :IsInSameNetwork: not priority process
06-04 11:07:03.938 D/nStackXCoAP( 3069): ParseServiceDiscover:[330] :new device join
06-04 11:07:03.938 E/nStackXDFinder( 3069): GetLocalIp:[401] :GetLocalIp exec
06-04 11:07:04.215 I/serviceDiscovery( 689): [MdnsAdvertiser.wlan0] Probing finished for service 6
06-04 11:07:04.217 D/nStackXCoAP( 3069): IsInSameNetwork:[276] :IsInSameNetwork exec
06-04 11:07:04.217 I/nStackXDFinder( 3069): GetLocalInterfaceDetail:[461] :GetLocalInterfaceDetail in
06-04 11:07:04.217 E/nStackXCoAP( 3069): IsInSameNetwork:[281] :IsInSameNetwork: not priority process
06-04 11:07:04.217 D/nStackXCoAP( 3069): ParseServiceDiscover:[330] :new device join
06-04 11:07:04.217 E/nStackXDFinder( 3069): GetLocalIp:[401] :GetLocalIp exec
06-04 11:07:04.292 D/LongConnectionManager( 1441): 2 onMessage:{"code":0,"message":"success","data":{"list":[{"method":"getinfo","type":"login"}]}}
06-04 11:07:04.293 D/yc_test ( 1441): CommonLongConnectListener >>. onMessage:
06-04 11:07:04.293 D/userManager( 1441): onSuccess
06-04 11:07:04.293 D/userManager( 1441): disposeDisposable
06-04 11:07:04.293 E/userManager( 1441): time:10
06-04 11:07:04.309 I/serviceDiscovery( 689): [MdnsAdvertiser.wlan0] Probing finished for service 7
06-04 11:07:04.313 I/xm_hidread( 1961): type=1400 audit(0.0:1225): avc: denied { read } for scontext=u:r:init:s0 tcontext=u:r:init:s0 tclass=netlink_kobject_uevent_socket permissive=1
06-04 11:07:04.371 E/accept ( 2930): myIp:192.168.3.125
06-04 11:07:04.372 D/TrafficStats( 2930): tagSocket(174) with statsTag=0xffffffff, statsUid=-1
06-04 11:07:04.374 E/accept ( 2930): connect error
06-04 11:07:04.380 I/UpnpServiceImpl( 2930): >>> Starting UPnP service...
06-04 11:07:04.380 I/UpnpServiceImpl( 2930): Using configuration: org.fourthline.cling.android.AndroidUpnpServiceConfiguration
06-04 11:07:04.383 I/Router ( 2930): Creating Router: org.fourthline.cling.android.AndroidRouter
06-04 11:07:04.384 W/Router ( 2930): enable lock:org.fourthline.cling.android.AndroidRouter@f88a7aa_java.util.concurrent.locks.ReentrantReadWriteLock$WriteLock@7c15f9b[Unlocked]
06-04 11:07:04.390 W/tworkAddressFactoryImpl( 2930): Network interface may not be multicast capable: dummy0
06-04 11:07:04.394 I/MulticastReceiver( 2930): Creating wildcard socket (for receiving multicast datagrams) on port: 1900
06-04 11:07:04.395 D/TrafficStats( 2930): tagSocket(223) with statsTag=0xffffffff, statsUid=-1
06-04 11:07:04.395 I/MulticastReceiver( 2930): Joining multicast group: /239.255.255.250:1900 on network interface: wlan0
06-04 11:07:04.407 E/accept ( 2930): Adding connector try: 192.168.3.125/192.168.3.125:43413
06-04 11:07:04.408 D/TrafficStats( 2930): tagSocket(222) with statsTag=0xffffffff, statsUid=-1
06-04 11:07:04.409 E/accept ( 2930): Adding connector result: 192.168.3.125/192.168.3.125:43413
06-04 11:07:04.464 I/JettyServletContainer( 2930): Registering UPnP servlet under context path: /upnp
06-04 11:07:04.467 I/DatagramIO( 2930): Creating bound socket (for datagram input/output) on: 192.168.3.125/192.168.3.125
06-04 11:07:04.467 D/TrafficStats( 2930): tagSocket(175) with statsTag=0xffffffff, statsUid=-1
06-04 11:07:04.468 E/JettyServletContainer( 2930): gogogo
06-04 11:07:04.468 I/JettyServletContainer( 2930): Starting Jetty server...
06-04 11:07:04.469 W/System.err( 2930): 2025-06-04 11:07:04.469:INFO:lcaf.p:jetty-8.y.z-SNAPSHOT
06-04 11:07:04.472 I/Router ( 2930): WiFi multicast lock acquired
06-04 11:07:04.472 I/WifiService( 689): acquireMulticastLock uid=10043
06-04 11:07:04.473 I/Router ( 2930): WiFi lock acquired
06-04 11:07:04.474 I/WifiService( 689): acquireWifiLock uid=10043 lockMode=3
06-04 11:07:04.475 D/IpClient.wlan0( 991): set max DTIM multiplier to 1
06-04 11:07:04.476 I/WifiHAL ( 501): wifi_set_latency_mode set to 1
06-04 11:07:04.485 D/WifiHAL ( 501): Setting APF program, halHandle = 0xf7b425c0
06-04 11:07:04.485 I/WifiHAL ( 501): createRequest: APF set program request
06-04 11:07:04.485 W/Router ( 2930): enable unlock:org.fourthline.cling.android.AndroidRouter@f88a7aa
06-04 11:07:04.485 D/WifiHAL ( 501): error code -95 mapped to -3
06-04 11:07:04.485 I/WifiHAL ( 501): Request Response failed for APF, result = -3
06-04 11:07:04.485 I/UpnpServiceImpl( 2930): <<< UPnP service started successfully
06-04 11:07:04.485 E/WifiStaIfaceAidlImpl( 689): installApfPacketFilter failed with service-specific exception: android.os.ServiceSpecificException: (code 4)
06-04 11:07:04.486 D/WifiHAL ( 501): Setting DTIM config , halHandle = 0xf7b425c0 Multiplier = 1
06-04 11:07:04.486 I/WifiHAL ( 501): Successfully configured dtim multiplier 1
06-04 11:07:04.486 D/WifiHAL ( 501): error code -95 mapped to -3
06-04 11:07:04.486 E/WifiStaIfaceAidlImpl( 689): setDtimMultiplier failed with service-specific exception: android.os.ServiceSpecificException: (code 4)
06-04 11:07:04.501 W/System.err( 2930): 2025-06-04 11:07:04.501:INFO:lcaf.a:Started @192.168.3.125:43413
06-04 11:07:04.539 E/g ( 2930): channel :os
06-04 11:07:04.833 I/efs.base( 2930): lt=event`ev_ct=efs_core`ev_ac=log_lag`tm=2025-06-04 11:07:83`dn=ac45bf75-7677-4e00-a7a1-ee108360b5d1`ps=com.dangbei.screencast`um_os=android`stime=1749006414627`pid=2930`fr=android`pkg=com.dangbei.screencast`vcode=20830`dsp_w=1920`uid=ac45bf75-7677-4e00-a7a1-ee108360b5d1`rom=14`wid=ac45bf75-7677-4e00-a7a1-ee108360b5d1`um_app_carrier=`um_access=wifi`um_app_channel=os`um_crash_sdk_version=1.4.0`ctime=1749006424`model=dbbox-a3`lang=zh`net=wifi`brand=amlogic`dsp_h=1080`um_network_type=0`ver=v2.8.3`cnt=2`build_model=DBBOX-A3`w_tm=1749006424`appid=5fc60c21094d637f3130af19`um_umid_header=ai41d99d10bb185b6970e4743266d42450`sdk=34`tzone=Asia/Shanghai`sdk_ver=1.3.6.umeng
06-04 11:07:04.843 D/TrafficStats( 2930): tagSocket(224) with statsTag=0xffffffff, statsUid=-1
06-04 11:07:04.844 D/TrafficStats( 2930): tagSocket(225) with statsTag=0xffffffff, statsUid=-1
06-04 11:07:04.886 I/gbei.screencast( 2930): Background concurrent copying GC freed 213036(12MB) AllocSpace objects, 81(3264KB) LOS objects, 49% free, 5659KB/11MB, paused 234us,83us total 129.171ms
06-04 11:07:05.028 D/nStackXCoAP( 3069): IsInSameNetwork:[276] :IsInSameNetwork exec
06-04 11:07:05.028 I/nStackXDFinder( 3069): GetLocalInterfaceDetail:[461] :GetLocalInterfaceDetail in
06-04 11:07:05.028 E/nStackXCoAP( 3069): IsInSameNetwork:[281] :IsInSameNetwork: not priority process
06-04 11:07:05.028 D/nStackXCoAP( 3069): ParseServiceDiscover:[330] :new device join
06-04 11:07:05.028 E/nStackXDFinder( 3069): GetLocalIp:[401] :GetLocalIp exec
06-04 11:07:05.156 W/TelephonyPermissions( 689): reportAccessDeniedToReadIdentifiers:com.dangbei.screencast:getSerial:-1
06-04 11:07:05.208 V/NFC ( 3069): this device does not have NFC support
06-04 11:07:05.205 I/ip ( 3188): type=1400 audit(0.0:1226): avc: denied { nlmsg_readpriv } for scontext=u:r:untrusted_app_27:s0:c43,c256,c512,c768 tcontext=u:r:untrusted_app_27:s0:c43,c256,c512,c768 tclass=netlink_route_socket permissive=1 app=com.dangbei.screencast
06-04 11:07:05.205 W/ip ( 3188): type=1400 audit(0.0:1227): avc: granted { nlmsg_getneigh } for scontext=u:r:untrusted_app_27:s0:c43,c256,c512,c768 tcontext=u:r:untrusted_app_27:s0:c43,c256,c512,c768 tclass=netlink_route_socket app=com.dangbei.screencast
06-04 11:07:05.467 I/efs.base( 2930): wa upload succ, HttpResponse {succ=true, code=200, data='暂不支持该服务', extra={req_url=https://errlog.umeng.com/api/crashsdk/logcollect}}
06-04 11:07:05.467 I/efs.base( 2930): wa upload succ, HttpResponse {succ=true, code=200, data='暂不支持该服务', extra={req_url=https://errlog.umeng.com/api/crashsdk/logcollect}}
06-04 11:07:05.575 D/TrafficStats( 3069): tagSocket(163) with statsTag=0xffffffff, statsUid=-1
06-04 11:07:05.649 E/hq ( 1441): handle: UserLoginActionInterceptor start
06-04 11:07:05.650 E/hq ( 1441): 检查user:::switchDao id=2720729
06-04 11:07:05.686 E/hq ( 1441): 检查user:::更新前的信息: Users{userId=2720729, nickName='', avatarUrl='null', wxToken='null', vip='null', mobile='null', sex=null, description='null', city='null', province='null', country='null', launcherMode=null, token='null', token='null'}
