06-04 11:05:42.110 I/audio_hw_hal_primary( 476): [adev_open_output_stream_new:8037] io 109: out: 0xf07c47f0 card:0 alsa devices:0 exit ------
06-04 11:05:42.113 I/audio_hw_hal_primary( 476): [out_get_buffer_size:552] out:0xf07c47f0 config.rate=44100, format:DOLBY_TRUEHD(0xe000000), stream format:DOLBY_TRUEHD(0xe000000)
06-04 11:05:42.113 I/AudioFlinger( 521): HAL output buffer size 16384 frames, normal sink buffer size 16384 frames
06-04 11:05:42.113 I/audio_hw_hal_primary( 476): [audiohal_get_latency:1333] io 109: out:0xf07c47f0 frames:1152 rate:44100 whole_latency:26 alsa_latency:26
06-04 11:05:42.114 I/audio_hw_hal_primary( 476): [out_set_event_callback:3158] io 109: out:0xf07c47f0, callback:0xf29d791d cookie:0xf2e411b0
06-04 11:05:42.114 I/AudioFlinger( 521): AudioFlinger's thread 0xeb298370 tid=1189 ready to run
06-04 11:05:42.115 I/audio_hw_hal_primary( 476): [audiohal_get_latency:1333] io 109: out:0xf07c47f0 frames:1024 rate:44100 whole_latency:23 alsa_latency:23
06-04 11:05:42.119 I/audio_hw_hal_primary( 476): [audiohal_get_latency:1333] io 109: out:0xf07c47f0 frames:1152 rate:44100 whole_latency:26 alsa_latency:26
06-04 11:05:42.122 I/audio_hw_hal_primary( 476): [adev_set_parameters:4123] dev:0xf09c2930, kv: hal_param_soundbar_mode=0
06-04 11:05:42.122 I/audio_hw_hal_primary( 476): [audiohal_get_latency:1333] io 13: out:0xf07c5650 frames:1024 rate:48000 whole_latency:21 alsa_latency:21
06-04 11:05:42.122 D/audio_hw_hal_hfp( 476): [audio_extn_hfp_set_parameters:739] audio_extn_hfp_set_parameters
06-04 11:05:42.122 I/audio_hw_hal_primary( 476): adev_set_parameters enable 0 adev->enable_soundbar_mode 0
06-04 11:05:42.123 I/C2VendorComponentStore( 482): setDmaBufUsage 5
06-04 11:05:42.125 I/audio_hw_hal_primary( 476): [audiohal_get_latency:1333] io 93: out:0xf07c15a0 frames:1152 rate:8000 whole_latency:144 alsa_latency:144
06-04 11:05:42.126 I/audio_hw_hal_primary( 476): [audiohal_get_latency:1333] io 101: out:0xf07c64b0 frames:1024 rate:32000 whole_latency:32 alsa_latency:32
06-04 11:05:42.127 I/audio_hw_hal_primary( 476): [audiohal_get_latency:1333] io 109: out:0xf07c47f0 frames:1024 rate:44100 whole_latency:23 alsa_latency:23
06-04 11:05:42.129 I/audio_hw_hal_primary( 476): [audiohal_get_latency:1333] io 69: out:0xf07c5d80 frames:1152 rate:48000 whole_latency:24 alsa_latency:24
06-04 11:05:42.130 W/AudioCapabilities( 689): Unsupported mime audio/vnd.dts.hd;profile=lbr
06-04 11:05:42.130 W/AudioCapabilities( 689): Unsupported mime audio/ffmpeg
06-04 11:05:42.130 W/AudioCapabilities( 689): Unsupported mime audio/mpeg-L1
06-04 11:05:42.131 D/WifiConfigStore( 689): Writing to stores completed in 24 ms.
06-04 11:05:42.134 I/wpa_supplicant( 1146): wpa_driver_nl80211_driver_cmd: wifi vendor: aml_w2_s
06-04 11:05:42.134 I/wpa_supplicant( 1146): wpa_driver_nl80211_driver_cmd: wlan0: private command: SETSUSPENDMODE 0
06-04 11:05:42.134 I/BluetoothMetricsLogger( 1045): setCounterMetricsAlarm()
06-04 11:05:42.137 W/AudioCapabilities( 689): Unsupported mime audio/mpeg-L2
06-04 11:05:42.141 W/VideoCapabilities( 689): Unsupported mime video/avs
06-04 11:05:42.142 W/VideoCapabilities( 689): Unsupported mime video/avs2
06-04 11:05:42.144 W/VideoCapabilities( 689): Unsupported mime video/x-motion-jpeg
06-04 11:05:42.145 I/MesonDisplay( 287): [/mode_policy.c, meson_mode_set_policy, 1177] connector:0 to policy:0
06-04 11:05:42.145 W/VideoCapabilities( 689): Unrecognized profile/level 0/4 for video/mpeg2
06-04 11:05:42.145 I/VideoCapabilities( 689): Unsupported profile 3 for video/mpeg2
06-04 11:05:42.145 I/MesonDisplay( 287): [/mode_policy.c, is_dv_prefer, 66] not prefer dv, hdr_priority:10000010
06-04 11:05:42.145 I/VideoCapabilities( 689): Unsupported profile 4 for video/mpeg2
06-04 11:05:42.145 I/MesonDisplay( 287): [/mode_policy.c, is_dv_prefer, 66] not prefer dv, hdr_priority:10000010
06-04 11:05:42.145 I/VideoCapabilities( 689): Unsupported profile 5 for video/mpeg2
06-04 11:05:42.145 I/MesonDisplay( 287): [/mode_policy.c, hdr_scene_process, 724] policy:0 is_bestcolorspace:1 state:0
06-04 11:05:42.145 I/MesonDisplay( 287): [/mode_policy_parser.c, is_support_hdmimode, 110] is_support_hdmimode mode: 2160p60hz
06-04 11:05:42.145 I/MesonDisplay( 287): [/mode_policy_parser.c, is_support_hdmimode, 110] is_support_hdmimode mode: 2160p60hz
06-04 11:05:42.145 D/MesonDisplay( 287): meson_write /sys/class/amhdmitx/amhdmitx0/valid_mode, outputmode:2160p60hz420,10bit
06-04 11:05:42.145 D/MesonDisplay( 287): valid mode is true!
06-04 11:05:42.145 I/MesonDisplay( 287): [/mode_policy.c, is_support_4kHDR, 499] is_support_4kHDR mode:[420,10bit], deep color:[2160p60hz]
06-04 11:05:42.145 I/MesonDisplay( 287): [/mode_policy.c, meson_mode_get_policy_output, 1289] final_displaymode:2160p60hz, final_deepcolor:420,10bit, amdv_type:0
06-04 11:05:42.145 I/MesonDisplay( 287): [/mode_policy.c, meson_mode_set_policy, 1177] connector:0 to policy:0
06-04 11:05:42.147 W/VideoCapabilities( 689): Unrecognized profile/level 0/4 for video/mpeg2
06-04 11:05:42.147 I/VideoCapabilities( 689): Unsupported profile 3 for video/mpeg2
06-04 11:05:42.147 I/VideoCapabilities( 689): Unsupported profile 4 for video/mpeg2
06-04 11:05:42.147 I/VideoCapabilities( 689): Unsupported profile 5 for video/mpeg2
06-04 11:05:42.148 I/VideoCapabilities( 689): Unsupported profile 2 for video/mp4v-es
06-04 11:05:42.148 I/VideoCapabilities( 689): Unsupported profile 8 for video/mp4v-es
06-04 11:05:42.148 I/VideoCapabilities( 689): Unsupported profile 16 for video/mp4v-es
06-04 11:05:42.148 I/VideoCapabilities( 689): Unsupported profile 1024 for video/mp4v-es
06-04 11:05:42.149 D/KeyguardTransitionCoreStartable( 939): Started com.android.systemui.keyguard.domain.interactor.FromPrimaryBouncerTransitionInteractor@a26d564
06-04 11:05:42.149 W/VideoCapabilities( 689): Unsupported mime video/rm10
06-04 11:05:42.149 W/VideoCapabilities( 689): Unsupported mime video/rm20
06-04 11:05:42.149 W/VideoCapabilities( 689): Unsupported mime video/rm30
06-04 11:05:42.149 W/VideoCapabilities( 689): Unsupported mime video/rm40
06-04 11:05:42.149 W/VideoCapabilities( 689): Unsupported mime video/vc1
06-04 11:05:42.150 W/VideoCapabilities( 689): Unsupported mime video/vc1
06-04 11:05:42.150 W/VideoCapabilities( 689): Unsupported mime video/x-vnd.on2.vp6a
06-04 11:05:42.150 W/VideoCapabilities( 689): Unsupported mime video/x-vnd.on2.vp6f
06-04 11:05:42.151 W/VideoCapabilities( 689): Unsupported mime video/wmv1
06-04 11:05:42.151 W/VideoCapabilities( 689): Unsupported mime video/wmv2
06-04 11:05:42.152 W/VideoCapabilities( 689): Unsupported mime video/wmv3
06-04 11:05:42.163 D/WallpaperService( 939): reportEngineShown: shouldWait=false
06-04 11:05:42.166 D/WallpaperService( 939): Wallpaper has updated the surface:null
06-04 11:05:42.167 D/KeyguardTransitionCoreStartable( 939): Started com.android.systemui.keyguard.domain.interactor.FromOccludedTransitionInteractor@259a6ce
06-04 11:05:42.174 D/hdmicecd( 487): [CEC]:printCecMsgBuf, msg: 0f 87 6d 74 6b
06-04 11:05:42.195 D/KeyguardTransitionCoreStartable( 939): Started com.android.systemui.keyguard.domain.interactor.FromLockscreenTransitionInteractor@6e583cd
06-04 11:05:42.221 I/AudioFlinger( 521): openOutput() this 0xf0d45950, module 10 Device AUDIO_DEVICE_OUT_HDMI, @:, SamplingRate 0, Format 00000000, Channels 0, flags 0x1
06-04 11:05:42.223 D/audio_hw_hal_primary( 476): [adev_open_output_stream_new:7868] enter: dev=0xf09c2930 handle=75 devices=0x400/'HDMI,' flags=0x1/'DIRECT,' config=(rt=0 ch_mask=0x0 fmt=0x0) address=''
06-04 11:05:42.223 D/audio_hw_hal_primary( 476): adev_open_output_stream_new: enter
06-04 11:05:42.223 I/audio_hw_hal_primary( 476): [adev_open_output_stream:3285] io 117: out:0xf07c4f20 dev:OUT_HDMI(0x400) addr:
06-04 11:05:42.223 I/audio_hw_hal_primary( 476): [adev_open_output_stream:3287] ch_mask:0 rate:0 format:DEFAULT(0) flags:0x1
06-04 11:05:42.223 I/audio_hw_hal_primary( 476): [adev_open_output_stream:3610] result profile ch_mask:0x3 rate:48000 format:PCM_16_BIT(0x1) usecase:PCM_DIRECT
06-04 11:05:42.223 I/audio_hw_hal_utils( 476): aml_get_stream_dump_file_name line 2929 file_name /data/vendor/audiohal/stream_pid476_tid553.pcm
06-04 11:05:42.223 I/audio_hw_hal_primary( 476): [adev_open_output_stream_new:8037] io 117: out: 0xf07c4f20 card:0 alsa devices:0 exit ------
06-04 11:05:42.231 D/CCodecBufferChannel( 689): [c2.android.vorbis.decoder#32] MediaCodec discarded an unknown buffer
06-04 11:05:42.232 D/CCodecBufferChannel( 689): [c2.android.vorbis.decoder#32] MediaCodec discarded an unknown buffer
06-04 11:05:42.232 D/CCodecBufferChannel( 689): [c2.android.vorbis.decoder#32] MediaCodec discarded an unknown buffer
06-04 11:05:42.233 D/KeyguardTransitionCoreStartable( 939): Started com.android.systemui.keyguard.domain.interactor.FromAlternateBouncerTransitionInteractor@3556cfc
06-04 11:05:42.233 I/hw-BpHwBinder( 689): onLastStrongRef automatically unlinking death recipients
06-04 11:05:42.234 I/hw-BpHwBinder( 612): onLastStrongRef automatically unlinking death recipients
06-04 11:05:42.235 D/MediaCodec( 689): flushMediametrics
06-04 11:05:42.243 I/AmFFmpegByteIOAdapter( 601): File size : 5952
06-04 11:05:42.244 W/exFFmpeg( 601): Invalid return value 0 for stream protocol
06-04 11:05:42.244 W/exFFmpeg( 601): Invalid return value 0 for stream protocol
06-04 11:05:42.244 D/KeyguardTransitionCoreStartable( 939): Started com.android.systemui.keyguard.domain.interactor.FromDreamingLockscreenHostedTransitionInteractor@4d38fc9
06-04 11:05:42.244 I/AmFFmpegExtractor( 601): checkInList: iswhite:0, mime:audio/ogg, type:1, id:86021 tag:0
06-04 11:05:42.244 I/AmFFmpegExtractor( 601): checkInList: iswhite:1, mime:audio/ogg, type:1, id:86021 tag:0
06-04 11:05:42.244 E/AmFFmpegExtractor( 601): codec_ctx->properties: 0
06-04 11:05:42.244 I/AmFFmpegExtractor( 601): checkSupportInList ret 1
06-04 11:05:42.245 D/CCodecBufferChannel( 689): [c2.android.vorbis.decoder#395] MediaCodec discarded an unknown buffer
06-04 11:05:42.247 I/audio_hw_hal_primary( 476): [out_get_buffer_size:552] out:0xf07c4f20 config.rate=48000, format:PCM_16_BIT(0x1), stream format:PCM_16_BIT(0x1)
06-04 11:05:42.247 I/AmFFmpegExtractor( 601): checkInList: iswhite:0, mime:audio/ogg, type:1, id:86021 tag:0
06-04 11:05:42.247 I/AmFFmpegExtractor( 601): checkInList: iswhite:1, mime:audio/ogg, type:1, id:86021 tag:0
06-04 11:05:42.247 E/AmFFmpegExtractor( 601): codec_ctx->properties: 0
06-04 11:05:42.247 I/AmFFmpegExtractor( 601): checkSupportInList ret 0
06-04 11:05:42.247 E/AmFFmpegExtractor( 601): vendor do not support
06-04 11:05:42.248 I/hw-BpHwBinder( 689): onLastStrongRef automatically unlinking death recipients
06-04 11:05:42.248 I/hw-BpHwBinder( 612): onLastStrongRef automatically unlinking death recipients
06-04 11:05:42.248 I/hw-BpHwBinder( 612): onLastStrongRef automatically unlinking death recipients
06-04 11:05:42.251 I/AudioFlinger( 521): HAL output buffer size 2048 frames, normal sink buffer size 2048 frames
06-04 11:05:42.252 D/MediaCodec( 689): flushMediametrics
06-04 11:05:42.252 I/audio_hw_hal_primary( 476): [audiohal_get_latency:1333] io 117: out:0xf07c4f20 frames:1152 rate:48000 whole_latency:24 alsa_latency:24
06-04 11:05:42.255 I/audio_hw_hal_primary( 476): [out_set_event_callback:3158] io 117: out:0xf07c4f20, callback:0xf29d791d cookie:0xf2e403d0
06-04 11:05:42.256 I/audio_hw_hal_primary( 476): [audiohal_get_latency:1333] io 117: out:0xf07c4f20 frames:1152 rate:48000 whole_latency:24 alsa_latency:24
06-04 11:05:42.259 I/AudioFlinger( 521): AudioFlinger's thread 0xeb2a85b0 tid=1197 ready to run
06-04 11:05:42.260 D/KeyguardTransitionCoreStartable( 939): Started com.android.systemui.keyguard.domain.interactor.FromAodTransitionInteractor@b6fc482
06-04 11:05:42.262 I/AmFFmpegByteIOAdapter( 601): File size : 5832
06-04 11:05:42.263 W/exFFmpeg( 601): Invalid return value 0 for stream protocol
06-04 11:05:42.263 D/BluetoothAdapterService( 1045): onCreate()
06-04 11:05:42.263 W/exFFmpeg( 601): Invalid return value 0 for stream protocol
06-04 11:05:42.264 I/AmFFmpegExtractor( 601): checkInList: iswhite:0, mime:audio/ogg, type:1, id:86021 tag:0
06-04 11:05:42.264 I/AmFFmpegExtractor( 601): checkInList: iswhite:1, mime:audio/ogg, type:1, id:86021 tag:0
06-04 11:05:42.264 E/AmFFmpegExtractor( 601): codec_ctx->properties: 0
06-04 11:05:42.264 I/AmFFmpegExtractor( 601): checkSupportInList ret 1
06-04 11:05:42.266 D/KeyguardTransitionCoreStartable( 939): Started com.android.systemui.keyguard.domain.interactor.FromDreamingTransitionInteractor@f2de3d0
06-04 11:05:42.267 I/audio_hw_hal_primary( 476): [audiohal_get_latency:1333] io 117: out:0xf07c4f20 frames:1152 rate:48000 whole_latency:24 alsa_latency:24
06-04 11:05:42.268 I/AmFFmpegExtractor( 601): checkInList: iswhite:0, mime:audio/ogg, type:1, id:86021 tag:0
06-04 11:05:42.268 I/AmFFmpegExtractor( 601): checkInList: iswhite:1, mime:audio/ogg, type:1, id:86021 tag:0
06-04 11:05:42.268 E/AmFFmpegExtractor( 601): codec_ctx->properties: 0
06-04 11:05:42.268 I/AmFFmpegExtractor( 601): checkSupportInList ret 0
06-04 11:05:42.268 E/AmFFmpegExtractor( 601): vendor do not support
06-04 11:05:42.268 D/audio_hw_hal_primary( 476): [out_standby_new:5767] io 117: out:0xf07c4f20 usecase:PCM_DIRECT
06-04 11:05:42.268 I/audio_hw_hal_primary( 476): already standby, do nothing
06-04 11:05:42.268 D/MediaCodecList( 689): codecHandlesFormat: no format, so no extra checks
06-04 11:05:42.268 I/audio_hw_hal_profile( 476): [out_get_parameters:2085] out:0xf07c4f20 query audio format. ++++++++++ hal_format:PCM_16_BIT
06-04 11:05:42.269 D/audio_hw_hal_profile( 476): get_hdmi_sink_cap_new is running...
06-04 11:05:42.269 D/audio_hw_hal_profile( 476): query hdmi format...
06-04 11:05:42.269 D/audio_hw_hal_profile( 476): get_hdmi_sink_cap_new ddp is unsupported; ddp-joc(atmos) is unsupported;
06-04 11:05:42.269 I/audio_hw_hal_profile( 476): PCM cap Max channel =2
06-04 11:05:42.269 I/audio_hw_hal_profile( 476): [out_get_parameters:2165] sup_formats=AUDIO_FORMAT_PCM_16_BIT|AUDIO_FORMAT_IEC61937|AUDIO_FORMAT_AC3|AUDIO_FORMAT_E_AC3
06-04 11:05:42.269 D/APM_AudioPolicyManager( 521): modifySurroundFormats: forced use = 13
06-04 11:05:42.270 I/audio_hw_hal_profile( 476): [out_get_parameters:2089] out:0xf07c4f20 query sample rate. Format:PCM_16_BIT(0x1) ++++++++++ hal_format:PCM_16_BIT
06-04 11:05:42.270 D/audio_hw_hal_profile( 476): get_hdmi_sink_cap_new is running...
06-04 11:05:42.270 D/audio_hw_hal_profile( 476): [get_hdmi_sink_cap_new:960] query hdmi sample_rate... format: PCM_16_BIT(0x1)
06-04 11:05:42.270 I/audio_hw_hal_profile( 476): get_hdmi_sink_cap_new format =0x1 support rate =sup_sampling_rates=32000|44100|48000|88200|96000|176400|192000
06-04 11:05:42.270 I/audio_hw_hal_profile( 476): [out_get_parameters:2165] sup_sampling_rates=32000|44100|48000|88200|96000|176400|192000
06-04 11:05:42.271 I/audio_hw_hal_profile( 476): [out_get_parameters:2092] out:0xf07c4f20 query channels. Format:PCM_16_BIT(0x1) ++++++++++ hal_format:PCM_16_BIT
06-04 11:05:42.271 D/audio_hw_hal_profile( 476): get_hdmi_sink_cap_new is running...
06-04 11:05:42.271 D/audio_hw_hal_profile( 476): [get_hdmi_sink_cap_new:887] query hdmi channels... format: PCM_16_BIT(0x1)
06-04 11:05:42.271 I/audio_hw_hal_profile( 476): [out_get_parameters:2165] sup_channels=AUDIO_CHANNEL_OUT_STEREO
06-04 11:05:42.272 I/audio_hw_hal_profile( 476): [out_get_parameters:2089] out:0xf07c4f20 query sample rate. Format:IEC61937(0xd000000) ++++++++++ hal_format:PCM_16_BIT
06-04 11:05:42.272 D/audio_hw_hal_profile( 476): get_hdmi_sink_cap_new is running...
06-04 11:05:42.273 D/audio_hw_hal_profile( 476): [get_hdmi_sink_cap_new:960] query hdmi sample_rate... format: IEC61937(0xd000000)
06-04 11:05:42.273 I/audio_hw_hal_profile( 476): [out_get_parameters:2165] sup_sampling_rates=8000|11025|16000|22050|24000|32000|44100|48000|128000|176400|192000
06-04 11:05:42.275 I/audio_hw_hal_profile( 476): [out_get_parameters:2092] out:0xf07c4f20 query channels. Format:IEC61937(0xd000000) ++++++++++ hal_format:PCM_16_BIT
06-04 11:05:42.275 D/audio_hw_hal_profile( 476): get_hdmi_sink_cap_new is running...
06-04 11:05:42.275 D/audio_hw_hal_profile( 476): [get_hdmi_sink_cap_new:887] query hdmi channels... format: IEC61937(0xd000000)
06-04 11:05:42.275 I/audio_hw_hal_profile( 476): [out_get_parameters:2165] sup_channels=AUDIO_CHANNEL_OUT_MONO|AUDIO_CHANNEL_OUT_STEREO|AUDIO_CHANNEL_OUT_TRI|AUDIO_CHANNEL_OUT_TRI_BACK|AUDIO_CHANNEL_OUT_3POINT1|AUDIO_CHANNEL_OUT_QUAD|AUDIO_CHANNEL_OUT_SURROUND|AUDIO_CHANNEL_OUT_PENTA|AUDIO_CHANNEL_OUT_5POINT1|AUDIO_CHANNEL_OUT_7POINT1
06-04 11:05:42.276 D/audio_hw_hal_primary( 476): [out_dump:848] io 117: out:0xf07c4f20, fd:17
06-04 11:05:42.279 D/CCodec ( 689): allocate(c2.android.vorbis.decoder)
06-04 11:05:42.280 D/audio_hw_hal_primary( 476): [out_set_parameters:971] out:0xf07c4f20 kvpairs:closing=true;exiting=1 out->out_device:0x400, adev->out_device:0x80002
06-04 11:05:42.280 E/audio_hw_hal_primary( 476): out_set_parameters, ret:-2, hw_sync_mode:is false
06-04 11:05:42.282 D/MediaCodecList( 689): codecHandlesFormat: no format, so no extra checks
06-04 11:05:42.283 I/audio_hw_hal_primary( 476): [out_set_event_callback:3158] io 117: out:0xf07c4f20, callback:0xf29d791d cookie:0xf2e403d0
06-04 11:05:42.284 I/audio_hw_hal_primary( 476): [adev_close_output_stream_new:8052] io handle 117: out:0xf07c4f20
06-04 11:05:42.284 D/audio_hw_hal_primary( 476): adev_close_output_stream_new: enter usecase = PCM_DIRECT
06-04 11:05:42.284 I/audio_hw_hal_primary( 476): [adev_close_output_stream:3695] io 117: out:0xf07c4f20 dev:OUT_HDMI(0x400) flags:0x1, usecase:PCM_DIRECT
06-04 11:05:42.284 D/audio_hw_hal_primary( 476): [out_standby_new:5767] io 117: out:0xf07c4f20 usecase:PCM_DIRECT
06-04 11:05:42.284 I/audio_hw_hal_primary( 476): already standby, do nothing
06-04 11:05:42.284 I/audio_hw_hal_resourcemgr( 476): [is_output_device_muted:710] device:0x2 port_mute:0, fade_mute:0
06-04 11:05:42.284 I/audio_hw_hal_primary( 476): [adev_close_output_stream:3863] io 117: out:0xf07c4f20 exit ------
06-04 11:05:42.284 D/CCodec ( 689): allocate(c2.android.vorbis.decoder)
06-04 11:05:42.285 I/AudioFlinger( 521): openOutput() this 0xf0d45950, module 10 Device AUDIO_DEVICE_OUT_HDMI, @:, SamplingRate 8000, Format 0xd000000, Channels 0x1, flags 0x1
06-04 11:05:42.286 D/audio_hw_hal_primary( 476): [adev_open_output_stream_new:7868] enter: dev=0xf09c2930 handle=7d devices=0x400/'HDMI,' flags=0x401/'DIRECT,IEC958_NONAUDIO,' config=(rt=8000 ch_mask=0x1 fmt=0xd000000) address=''
06-04 11:05:42.286 D/audio_hw_hal_primary( 476): adev_open_output_stream_new: enter
06-04 11:05:42.286 I/audio_hw_hal_primary( 476): [adev_open_output_stream:3285] io 125: out:0xf07c4f20 dev:OUT_HDMI(0x400) addr:
06-04 11:05:42.286 I/audio_hw_hal_primary( 476): [adev_open_output_stream:3287] ch_mask:0x1 rate:8000 format:IEC61937(0xd000000) flags:0x401
06-04 11:05:42.286 D/audio_hw_hal_primary( 476): [adev_open_output_stream:3381] current format is IEC61937
06-04 11:05:42.286 I/audio_hw_hal_primary( 476): [adev_open_output_stream:3610] result profile ch_mask:0x1 rate:8000 format:IEC61937(0xd000000) usecase:RAW_DIRECT
06-04 11:05:42.286 I/audio_hw_hal_utils( 476): aml_get_stream_dump_file_name line 2929 file_name /data/vendor/audiohal/stream_pid476_tid1190.pcm
06-04 11:05:42.286 I/audio_hw_hal_primary( 476): [adev_open_output_stream_new:8037] io 125: out: 0xf07c4f20 card:0 alsa devices:0 exit ------
06-04 11:05:42.286 I/CCodec ( 689): setting up 'default' as default (vendor) store
06-04 11:05:42.288 D/CompatibilityChangeReporter( 689): Compat change id reported: 161145287; UID 1002; state: ENABLED
06-04 11:05:42.289 I/CCodec ( 689): setting up 'default' as default (vendor) store
06-04 11:05:42.290 I/audio_hw_hal_primary( 476): [out_get_buffer_size:552] out:0xf07c4f20 config.rate=8000, format:IEC61937(0xd000000), stream format:IEC61937(0xd000000)
06-04 11:05:42.290 I/audio_hw_hal_primary( 476): out_get_buffer_size AUDIO_FORMAT_IEC61937 buffer size = 4096 frames
06-04 11:05:42.290 I/AudioFlinger( 521): HAL output buffer size 2048 frames, normal sink buffer size 2048 frames
06-04 11:05:42.290 I/audio_hw_hal_primary( 476): [audiohal_get_latency:1333] io 125: out:0xf07c4f20 frames:1152 rate:8000 whole_latency:144 alsa_latency:144
06-04 11:05:42.292 D/KeyguardTransitionCoreStartable( 939): Started com.android.systemui.keyguard.domain.interactor.FromDozingTransitionInteractor@252f9ef
06-04 11:05:42.292 I/audio_hw_hal_primary( 476): [out_set_event_callback:3158] io 125: out:0xf07c4f20, callback:0xf29d791d cookie:0xf2e40550
06-04 11:05:42.293 I/CCodec ( 689): Created component [c2.android.vorbis.decoder]
06-04 11:05:42.294 I/audio_hw_hal_primary( 476): [audiohal_get_latency:1333] io 125: out:0xf07c4f20 frames:1152 rate:8000 whole_latency:144 alsa_latency:144
06-04 11:05:42.294 I/AudioFlinger( 521): AudioFlinger's thread 0xeb2a85b0 tid=1204 ready to run
06-04 11:05:42.294 I/audio_hw_hal_primary( 476): [audiohal_get_latency:1333] io 125: out:0xf07c4f20 frames:1152 rate:8000 whole_latency:144 alsa_latency:144
06-04 11:05:42.295 D/CCodecConfig( 689): read media type: audio/vorbis
06-04 11:05:42.298 D/audio_hw_hal_primary( 476): [out_standby_new:5767] io 125: out:0xf07c4f20 usecase:RAW_DIRECT
06-04 11:05:42.298 I/audio_hw_hal_primary( 476): already standby, do nothing
06-04 11:05:42.299 I/CCodec ( 689): Created component [c2.android.vorbis.decoder]
06-04 11:05:42.303 D/CCodecConfig( 689): read media type: audio/vorbis
06-04 11:05:42.307 D/AdapterState( 1045): make() - Creating AdapterState
06-04 11:05:42.310 D/ReflectedParamUpdater( 689): extent() != 1 for single value type: algo.buffers.max-count.values
06-04 11:05:42.310 D/ReflectedParamUpdater( 689): extent() != 1 for single value type: output.subscribed-indices.values
06-04 11:05:42.310 D/ReflectedParamUpdater( 689): extent() != 1 for single value type: input.buffers.allocator-ids.values
06-04 11:05:42.310 D/ReflectedParamUpdater( 689): extent() != 1 for single value type: output.buffers.allocator-ids.values
06-04 11:05:42.310 D/ReflectedParamUpdater( 689): extent() != 1 for single value type: algo.buffers.allocator-ids.values
06-04 11:05:42.310 D/ReflectedParamUpdater( 689): extent() != 1 for single value type: output.buffers.pool-ids.values
06-04 11:05:42.311 D/ReflectedParamUpdater( 689): extent() != 1 for single value type: algo.buffers.pool-ids.values
06-04 11:05:42.312 I/AdapterState( 1045): OFF : entered
06-04 11:05:42.312 D/AdapterProperties( 1045): Setting state to OFF
06-04 11:05:42.314 D/BluetoothKeystoreService( 1045): new BluetoothKeystoreService isCommonCriteriaMode: false
06-04 11:05:42.315 D/BluetoothKeystoreService( 1045): start
06-04 11:05:42.315 I/droid.bluetooth( 1045): [0604/110542.315889:INFO:com_android_bluetooth_btservice_BluetoothKeystore.cpp(97)] classInitNative: succeeds
06-04 11:05:42.316 D/BluetoothKeystoreService( 1045): setBluetoothKeystoreService(): set to: com.android.bluetooth.btservice.bluetoothkeystore.BluetoothKeystoreService@a2d9ede
06-04 11:05:42.317 D/ReflectedParamUpdater( 689): extent() != 1 for single value type: algo.buffers.max-count.values
06-04 11:05:42.318 D/ReflectedParamUpdater( 689): extent() != 1 for single value type: output.subscribed-indices.values
06-04 11:05:42.319 D/ReflectedParamUpdater( 689): extent() != 1 for single value type: input.buffers.allocator-ids.values
06-04 11:05:42.320 D/ReflectedParamUpdater( 689): extent() != 1 for single value type: output.buffers.allocator-ids.values
06-04 11:05:42.321 D/ReflectedParamUpdater( 689): extent() != 1 for single value type: algo.buffers.allocator-ids.values
06-04 11:05:42.321 D/ReflectedParamUpdater( 689): extent() != 1 for single value type: output.buffers.pool-ids.values
06-04 11:05:42.322 I/CCodecConfig( 689): query failed after returning 7 values (BAD_INDEX)
06-04 11:05:42.322 D/ReflectedParamUpdater( 689): extent() != 1 for single value type: algo.buffers.pool-ids.values
06-04 11:05:42.322 D/CCodecConfig( 689): c2 config diff is Dict {
06-04 11:05:42.322 D/CCodecConfig( 689): c2::u32 coded.bitrate.value = 64000
06-04 11:05:42.322 D/CCodecConfig( 689): c2::u32 input.buffers.max-size.value = 32768
06-04 11:05:42.322 D/CCodecConfig( 689): c2::u32 input.delay.value = 0
06-04 11:05:42.322 D/CCodecConfig( 689): string input.media-type.value = "audio/vorbis"
06-04 11:05:42.322 D/CCodecConfig( 689): string output.media-type.value = "audio/raw"
06-04 11:05:42.322 D/CCodecConfig( 689): c2::u32 raw.channel-count.value = 1
06-04 11:05:42.322 D/CCodecConfig( 689): c2::u32 raw.sample-rate.value = 48000
06-04 11:05:42.322 D/CCodecConfig( 689): }
06-04 11:05:42.323 D/BluetoothKeystoreService( 1045): loadConfigData
06-04 11:05:42.326 D/BluetoothKeystoreService( 1045): getCompareResult: 0
06-04 11:05:42.327 D/MediaCodec( 689): flushMediametrics
06-04 11:05:42.328 D/CCodec ( 689): [c2.android.vorbis.decoder] buffers are bound to CCodec for this session
06-04 11:05:42.328 D/CCodecConfig( 689): no c2 equivalents for durationUs
06-04 11:05:42.328 D/CCodecConfig( 689): no c2 equivalents for track-id
06-04 11:05:42.328 D/CCodecConfig( 689): no c2 equivalents for csd-1
06-04 11:05:42.328 D/CCodecConfig( 689): no c2 equivalents for flags
06-04 11:05:42.330 D/CCodecConfig( 689): c2 config diff is c2::u32 coded.bitrate.value = 140000
06-04 11:05:42.332 I/CCodecConfig( 689): query failed after returning 7 values (BAD_INDEX)
06-04 11:05:42.333 D/CCodecConfig( 689): c2 config diff is Dict {
06-04 11:05:42.333 D/CCodecConfig( 689): c2::u32 coded.bitrate.value = 64000
06-04 11:05:42.333 D/CCodecConfig( 689): c2::u32 input.buffers.max-size.value = 32768
06-04 11:05:42.333 D/CCodecConfig( 689): c2::u32 input.delay.value = 0
06-04 11:05:42.333 D/CCodecConfig( 689): string input.media-type.value = "audio/vorbis"
06-04 11:05:42.333 D/CCodecConfig( 689): string output.media-type.value = "audio/raw"
06-04 11:05:42.333 D/CCodecConfig( 689): c2::u32 raw.channel-count.value = 1
06-04 11:05:42.333 D/CCodecConfig( 689): c2::u32 raw.sample-rate.value = 48000
06-04 11:05:42.333 D/CCodecConfig( 689): }
06-04 11:05:42.333 I/AudioFlinger( 521): openOutput() this 0xf0d45950, module 10 Device AUDIO_DEVICE_OUT_HDMI, @:, SamplingRate 0, Format 00000000, Channels 0, flags 0x4001
06-04 11:05:42.334 D/audio_hw_hal_primary( 476): [adev_open_output_stream_new:7868] enter: dev=0xf09c2930 handle=85 devices=0x400/'HDMI,' flags=0x4001/'DIRECT,MMAP_NOIRQ,' config=(rt=0 ch_mask=0x0 fmt=0x0) address=''
06-04 11:05:42.334 D/audio_hw_hal_primary( 476): adev_open_output_stream_new: enter
06-04 11:05:42.334 I/audio_hw_hal_primary( 476): [adev_open_output_stream:3285] io 133: out:0xf07c3260 dev:OUT_HDMI(0x400) addr:
06-04 11:05:42.334 I/audio_hw_hal_primary( 476): [adev_open_output_stream:3287] ch_mask:0 rate:0 format:DEFAULT(0) flags:0x4001
06-04 11:05:42.334 I/audio_hw_hal_primary( 476): when open aaudio stream, send RUNNING msg to submix & ms12
06-04 11:05:42.334 W/audio_hw_hal_ms12common( 476): aml_set_ms12_scheduler_state sch_state:0 SCHEDULER_RUNNING, ms12 scheduler state not changed.
06-04 11:05:42.334 I/audio_hw_hal_mmap( 476): [outMmapInit:680] stream:0xf07c3260
06-04 11:05:42.334 I/audio_hw_hal_mmap( 476): [dma_buffer_allocate:639] enter
06-04 11:05:42.334 I/DMABUFHEAPS( 476): Using DMA-BUF heap named: system-uncached
06-04 11:05:42.335 W/Codec2Client( 689): query -- param skipped: index = 1107298332.
06-04 11:05:42.335 I/audio_hw_hal_mmap( 476): [dma_buffer_allocate:673] s32DmaFd:19, pu8MmapAddr:0xf4641000
06-04 11:05:42.335 I/audio_hw_hal_mmap( 476): [mmap_audio_register_client:927] OK ! stream 0xf07c3260, client id 0
06-04 11:05:42.335 I/audio_hw_hal_primary( 476): [adev_open_output_stream:3540] vendor.media.llp 0
06-04 11:05:42.335 D/CCodec ( 689): encoding statistics level = 0
06-04 11:05:42.335 I/audio_hw_hal_primary( 476): [adev_open_output_stream:3610] result profile ch_mask:0x3 rate:48000 format:PCM_16_BIT(0x1) usecase:PCM_MMAP
06-04 11:05:42.335 I/audio_hw_hal_utils( 476): aml_get_stream_dump_file_name line 2929 file_name /data/vendor/audiohal/stream_pid476_tid1190.pcm
06-04 11:05:42.335 I/audio_hw_hal_primary( 476): [adev_open_output_stream_new:8037] io 133: out: 0xf07c3260 card:0 alsa devices:0 exit ------
06-04 11:05:42.335 D/CCodec ( 689): setup formats input: AMessage(what = 0x00000000) = {
06-04 11:05:42.335 D/CCodec ( 689): int32_t bitrate = 140000
06-04 11:05:42.335 D/CCodec ( 689): int32_t channel-count = 1
06-04 11:05:42.335 D/CCodec ( 689): int32_t max-input-size = 32768
06-04 11:05:42.335 D/CCodec ( 689): string mime = "audio/vorbis"
06-04 11:05:42.335 D/CCodec ( 689): int32_t sample-rate = 48000
06-04 11:05:42.335 D/CCodec ( 689): }
06-04 11:05:42.335 D/CCodec ( 689): setup formats output: AMessage(what = 0x00000000) = {
06-04 11:05:42.335 D/CCodec ( 689): int32_t channel-count = 1
06-04 11:05:42.335 D/CCodec ( 689): string mime = "audio/raw"
06-04 11:05:42.335 D/CCodec ( 689): int32_t sample-rate = 48000
06-04 11:05:42.335 D/CCodec ( 689): int32_t channel-mask = 1
06-04 11:05:42.335 D/CCodec ( 689): int32_t android._config-pcm-encoding = 2
06-04 11:05:42.335 D/CCodec ( 689): }
06-04 11:05:42.335 I/CCodecConfig( 689): query failed after returning 7 values (BAD_INDEX)
06-04 11:05:42.335 D/CompatibilityChangeReporter( 1045): Compat change id reported: 183155436; UID 1002; state: ENABLED
06-04 11:05:42.337 W/Codec2Client( 689): query -- param skipped: index = 1342179345.
06-04 11:05:42.337 W/Codec2Client( 689): query -- param skipped: index = 2415921170.
06-04 11:05:42.337 I/bt_btif ( 1045): packages/modules/Bluetooth/system/btif/src/bluetooth.cc:386 init: init: start restricted = 0 ; common criteria mode = 0, config compare result = 0
06-04 11:05:42.338 I/bt ( 1045): bt_common::init_flags: Flags loaded: asha_packet_drop_frequency_threshold=60asha_phy_update_retry_limit=5always_send_services_if_gatt_disc_done=truealways_use_private_gatt_for_debugging=falseasynchronously_start_l2cap_coc=truebtaa_hci=truebta_dm_clear_conn_id_on_client_close=truebtm_dm_flush_discovery_queue_on_search_cancel=falseclassic_discovery_only=falseclear_hidd_interrupt_cid_on_disconnect=truedelay_hidh_cleanup_until_hidh_ready_start=truedevice_iot_config_logging=falsedynamic_avrcp_version_enhancement=truefinite_att_timeout=truegatt_robust_caching_client=truegatt_robust_caching_server=falsegd_core=falsegd_hal_snoop_logger_socket=truegd_hal_snoop_logger_filtering=truegd_l2cap=falsegd_link_policy=falsegd_remote_name_request=falsegd_rust=falsehci_adapter=0hfp_dynamic_version=trueirk_rotation=falseleaudio_targeted_announcement_reconnection_mode=truepass_phy_update_callback=truepbap_pse_dynamic_version_upgrade=falseperiodic_advertising_adi=trueprivate_gatt=truequeue_l2cap_coc_while_encrypting=trueread_encryption_key_size=trueredact_log=truerust_event_loop=truesco_codec_select_lc3=falsesco_codec_timeout_clear=falsesdp_serialization=truesdp_skip_rnr_if_known=truebluetooth_quality_report_callback=trueset_min_encryption=truesubrating=truetrigger_advertising_callbacks_on_first_resume_after_pause=trueuse_unified_connection_manager=falsesdp_return_classic_services_when_le_discovery_fails=truedefault_log_level=4logging_explicit_tag_settings={}
06-04 11:05:42.338 I/droid.bluetooth( 1045): [0604/110542.338643:INFO:message_loop_thread.cc(184)] Run: message loop starting for thread bt_stack_manager_thread
06-04 11:05:42.340 I/audio_hw_hal_primary( 476): [out_get_buffer_size:552] out:0xf07c3260 config.rate=48000, format:PCM_16_BIT(0x1), stream format:PCM_16_BIT(0x1)
06-04 11:05:42.340 I/bt_stack_manager( 1045): packages/modules/Bluetooth/system/btif/src/stack_manager.cc:277 event_init_stack: is initializing the stack
06-04 11:05:42.341 I/AudioFlinger( 521): AudioFlinger's thread 0xeb0c6dc0 tid=1211 ready to run
06-04 11:05:42.341 D/CCodecBufferChannel( 689): [c2.android.vorbis.decoder#592] Created input block pool with allocatorID 16 => poolID 19 - OK (0)
06-04 11:05:42.341 D/MediaCodec( 689): flushMediametrics
06-04 11:05:42.341 I/droid.bluetooth( 1045): [0604/110542.341190:INFO:message_loop_thread.cc(184)] Run: message loop starting for thread bt_main_thread
06-04 11:05:42.341 D/CCodec ( 689): [c2.android.vorbis.decoder] buffers are bound to CCodec for this session
06-04 11:05:42.341 I/device_iot_config( 1045): packages/modules/Bluetooth/system/device/src/device_iot_config_int.cc:68 device_iot_config_module_init:
06-04 11:05:42.341 D/CCodecConfig( 689): no c2 equivalents for durationUs
06-04 11:05:42.341 D/CCodecConfig( 689): no c2 equivalents for track-id
06-04 11:05:42.341 D/CCodecConfig( 689): no c2 equivalents for csd-1
06-04 11:05:42.341 D/CCodecConfig( 689): no c2 equivalents for flags
06-04 11:05:42.341 E/droid.bluetooth( 1045): [0604/110542.341555:ERROR:config.cc(106)] config_new: unable to open file '/data/misc/bluedroid/bt_remote_dev_info.conf': No such file or directory
06-04 11:05:42.341 W/device_iot_config( 1045): packages/modules/Bluetooth/system/device/src/device_iot_config_int.cc:83 device_iot_config_module_init: Unable to load config file: /data/misc/bluedroid/bt_remote_dev_info.conf; using backup.
06-04 11:05:42.341 E/droid.bluetooth( 1045): [0604/110542.341692:ERROR:config.cc(106)] config_new: unable to open file '/data/misc/bluedroid/bt_remote_dev_info.bak': No such file or directory
06-04 11:05:42.341 E/device_iot_config( 1045): packages/modules/Bluetooth/system/device/src/device_iot_config_int.cc:89 device_iot_config_module_init: Unable to load bak file; creating empty config.
06-04 11:05:42.341 I/device_iot_config( 1045): packages/modules/Bluetooth/system/device/src/device_iot_config_int.cc:130 device_iot_config_module_init: Devices loaded 0
06-04 11:05:42.342 I/audio_hw_hal_profile( 476): [out_get_parameters:2092] out:0xf07c3260 query channels. Format:PCM_16_BIT(0x1) ++++++++++ hal_format:PCM_16_BIT
06-04 11:05:42.342 D/audio_hw_hal_profile( 476): get_hdmi_sink_cap_new is running...
06-04 11:05:42.342 D/audio_hw_hal_profile( 476): [get_hdmi_sink_cap_new:887] query hdmi channels... format: PCM_16_BIT(0x1)
06-04 11:05:42.342 I/audio_hw_hal_profile( 476): [out_get_parameters:2165] sup_channels=AUDIO_CHANNEL_OUT_STEREO
06-04 11:05:42.343 I/bt_osi_thread( 1045): packages/modules/Bluetooth/system/osi/src/thread.cc:210 run_thread: run_thread: thread id 1215, thread name alarm_default_ca started
06-04 11:05:42.343 D/CCodecConfig( 689): c2 config diff is c2::u32 coded.bitrate.value = 140000
06-04 11:05:42.344 I/bt_osi_thread( 1045): packages/modules/Bluetooth/system/osi/src/thread.cc:210 run_thread: run_thread: thread id 1216, thread name alarm_dispatcher started
06-04 11:05:42.344 W/Codec2Client( 689): query -- param skipped: index = 1107298332.
06-04 11:05:42.345 D/CCodec ( 689): encoding statistics level = 0
06-04 11:05:42.345 D/CCodec ( 689): setup formats input: AMessage(what = 0x00000000) = {
06-04 11:05:42.345 D/CCodec ( 689): int32_t bitrate = 140000
06-04 11:05:42.345 D/CCodec ( 689): int32_t channel-count = 1
06-04 11:05:42.345 D/CCodec ( 689): int32_t max-input-size = 32768
06-04 11:05:42.345 D/CCodec ( 689): string mime = "audio/vorbis"
06-04 11:05:42.345 D/CCodec ( 689): int32_t sample-rate = 48000
06-04 11:05:42.345 D/CCodec ( 689): }
06-04 11:05:42.345 D/CCodec ( 689): setup formats output: AMessage(what = 0x00000000) = {
06-04 11:05:42.345 D/CCodec ( 689): int32_t channel-count = 1
06-04 11:05:42.345 D/CCodec ( 689): string mime = "audio/raw"
06-04 11:05:42.345 D/CCodec ( 689): int32_t sample-rate = 48000
06-04 11:05:42.345 D/CCodec ( 689): int32_t channel-mask = 1
06-04 11:05:42.345 D/CCodec ( 689): int32_t android._config-pcm-encoding = 2
06-04 11:05:42.345 D/CCodec ( 689): }
06-04 11:05:42.345 I/CCodecConfig( 689): query failed after returning 7 values (BAD_INDEX)
06-04 11:05:42.346 I/bt_core_module( 1045): packages/modules/Bluetooth/system/btcore/src/module.cc:86 module_start_up: module_start_up Starting module "gd_shim_module"
06-04 11:05:42.346 I/bt_gd_shim( 1045): packages/modules/Bluetooth/system/main/shim/stack.cc:81 StartEverything: StartEverything Starting Gd stack
06-04 11:05:42.346 I/bt_gd_shim( 1045): packages/modules/Bluetooth/system/main/shim/stack.cc:160 Start: Start Starting Gd stack
06-04 11:05:42.347 W/Codec2Client( 689): query -- param skipped: index = 1342179345.
06-04 11:05:42.347 W/Codec2Client( 689): query -- param skipped: index = 2415921170.
06-04 11:05:42.347 I/BtGdWakelockNative( 1045): packages/modules/Bluetooth/system/gd/os/android/wakelock_native.cc:79 Initialize: Initializing native wake locks
06-04 11:05:42.348 D/CCodecBufferChannel( 689): [c2.android.vorbis.decoder#623] Created input block pool with allocatorID 16 => poolID 20 - OK (0)
06-04 11:05:42.349 D/AudioFlinger( 521): closing mmapThread 0xeb0c6dc0
06-04 11:05:42.349 D/AudioFlinger( 521): mmapThread exit()
06-04 11:05:42.350 I/audio_hw_hal_primary( 476): [adev_close_output_stream_new:8052] io handle 133: out:0xf07c3260
06-04 11:05:42.350 D/audio_hw_hal_primary( 476): adev_close_output_stream_new: enter usecase = PCM_MMAP
06-04 11:05:42.350 I/audio_hw_hal_primary( 476): [adev_close_output_stream:3695] io 133: out:0xf07c3260 dev:OUT_HDMI(0x400) flags:0x4001, usecase:PCM_MMAP
06-04 11:05:42.350 D/audio_hw_hal_primary( 476): [out_standby_new:5767] io 133: out:0xf07c3260 usecase:PCM_MMAP
06-04 11:05:42.350 I/audio_hw_hal_primary( 476): already standby, do nothing
06-04 11:05:42.350 I/audio_hw_hal_mmap( 476): [outMmapDeInit:743] stream:0xf07c3260
06-04 11:05:42.350 I/audio_hw_hal_mmap( 476): [mmap_audio_unregister_client:955] OK ! stream 0xf07c3260, client id 0
06-04 11:05:42.350 I/audio_hw_hal_primary( 476): when close aaudio stream, send STANDBY msg to submix & ms12
06-04 11:05:42.350 I/audio_hw_hal_ms12common( 476): aml_set_ms12_scheduler_state ms12_scheduler_state:1, sch_state:1 SCHEDULER_STANDBY is sent to ms12
06-04 11:05:42.350 I/audio_hw_hal_resourcemgr( 476): [is_output_device_muted:710] device:0x2 port_mute:0, fade_mute:0
06-04 11:05:42.350 I/audio_hw_hal_primary( 476): [adev_close_output_stream:3863] io 133: out:0xf07c3260 exit ------
06-04 11:05:42.350 I/CCodecBufferChannel( 689): [c2.android.vorbis.decoder#623] Created output block pool with allocatorID 16 => poolID 19 - OK
06-04 11:05:42.351 D/CCodecBufferChannel( 689): [c2.android.vorbis.decoder#623] Configured output block pool ids 19 => OK
06-04 11:05:42.351 I/AudioFlinger( 521): openOutput() this 0xf0d45950, module 10 Device AUDIO_DEVICE_OUT_HDMI, @:, SamplingRate 48000, Format 0x000001, Channels 0x3, flags 0x4001
06-04 11:05:42.352 D/audio_hw_hal_primary( 476): [adev_open_output_stream_new:7868] enter: dev=0xf09c2930 handle=8d devices=0x400/'HDMI,' flags=0x4001/'DIRECT,MMAP_NOIRQ,' config=(rt=48000 ch_mask=0x3 fmt=0x1) address=''
06-04 11:05:42.352 D/audio_hw_hal_primary( 476): adev_open_output_stream_new: enter
06-04 11:05:42.352 I/audio_hw_hal_primary( 476): [adev_open_output_stream:3285] io 141: out:0xf07c3260 dev:OUT_HDMI(0x400) addr:
06-04 11:05:42.352 I/audio_hw_hal_primary( 476): [adev_open_output_stream:3287] ch_mask:0x3 rate:48000 format:PCM_16_BIT(0x1) flags:0x4001
06-04 11:05:42.352 I/audio_hw_hal_primary( 476): when open aaudio stream, send RUNNING msg to submix & ms12
06-04 11:05:42.352 D/audio_hw_hal_ms12v2( 476): set_dolby_ms12_continuous_state audio_continuous_standby_set status 0
06-04 11:05:42.352 D/audio_hw_hal_continuous_standby( 476): audio_continuous_standby_set, type 0, params 0
06-04 11:05:42.352 I/audio_hw_hal_ms12common( 476): aml_set_ms12_scheduler_state ms12_scheduler_state:0, sch_state:0 SCHEDULER_RUNNING is sent to ms12
06-04 11:05:42.352 I/audio_hw_hal_mmap( 476): [outMmapInit:680] stream:0xf07c3260
06-04 11:05:42.352 I/audio_hw_hal_mmap( 476): [dma_buffer_allocate:639] enter
06-04 11:05:42.352 I/BtGdModule( 1045): packages/modules/Bluetooth/system/gd/module.cc:85 Start: Constructing next module
06-04 11:05:42.352 I/BtGdModule( 1045): packages/modules/Bluetooth/system/gd/module.cc:89 Start: Starting dependencies of BluetoothCounterMetrics
06-04 11:05:42.352 I/BtGdModule( 1045): packages/modules/Bluetooth/system/gd/module.cc:93 Start: Finished starting dependencies and calling Start() of BluetoothCounterMetrics
06-04 11:05:42.352 I/DMABUFHEAPS( 476): Using DMA-BUF heap named: system-uncached
06-04 11:05:42.352 I/BluetoothCounterMetrics( 1045): packages/modules/Bluetooth/system/gd/metrics/counter_metrics.cc:40 Start: Counter metrics initialized
06-04 11:05:42.352 I/BtGdModule( 1045): packages/modules/Bluetooth/system/gd/module.cc:99 Start: Started BluetoothCounterMetrics
06-04 11:05:42.352 I/BtGdModule( 1045): packages/modules/Bluetooth/system/gd/module.cc:85 Start: Constructing next module
06-04 11:05:42.352 I/BtGdModule( 1045): packages/modules/Bluetooth/system/gd/module.cc:89 Start: Starting dependencies of HciHalHidl
06-04 11:05:42.352 I/BtGdModule( 1045): packages/modules/Bluetooth/system/gd/module.cc:85 Start: Constructing next module
06-04 11:05:42.352 I/bluetooth( 1045): packages/modules/Bluetooth/system/gd/common/strings.cc:153 Uint64FromString: cannot parse whole string '0xffff'
06-04 11:05:42.352 I/audio_hw_hal_mmap( 476): [dma_buffer_allocate:673] s32DmaFd:19, pu8MmapAddr:0xf4641000
06-04 11:05:42.352 I/audio_hw_hal_mmap( 476): [mmap_audio_register_client:927] OK ! stream 0xf07c3260, client id 0
06-04 11:05:42.352 I/audio_hw_hal_primary( 476): [adev_open_output_stream:3540] vendor.media.llp 0
06-04 11:05:42.352 I/audio_hw_hal_primary( 476): [adev_open_output_stream:3610] result profile ch_mask:0x3 rate:48000 format:PCM_16_BIT(0x1) usecase:PCM_MMAP
06-04 11:05:42.352 I/audio_hw_hal_utils( 476): aml_get_stream_dump_file_name line 2929 file_name /data/vendor/audiohal/stream_pid476_tid1190.pcm
06-04 11:05:42.352 I/audio_hw_hal_primary( 476): [adev_open_output_stream_new:8037] io 141: out: 0xf07c3260 card:0 alsa devices:0 exit ------
06-04 11:05:42.352 I/bluetooth( 1045): packages/modules/Bluetooth/system/gd/hal/snoop_logger.cc:1432 GetBtSnoopMode: btsnoop_mode_empty: 1
06-04 11:05:42.352 I/C2VendorComponentStore( 482): setDmaBufUsage 5
06-04 11:05:42.352 I/bluetooth( 1045): packages/modules/Bluetooth/system/gd/hal/snoop_logger.cc:520 SnoopLogger: Snoop Logs disabled
06-04 11:05:42.353 I/bluetooth( 1045): packages/modules/Bluetooth/system/gd/hal/snoop_logger.cc:334 delete_btsnoop_files: Deleting logs if they exist
06-04 11:05:42.353 I/bluetooth( 1045): packages/modules/Bluetooth/system/gd/hal/snoop_logger.cc:340 delete_btsnoop_files: Main log file does not exist at "/data/misc/bluetooth/logs/btsnoop_hci.log.filtered"
06-04 11:05:42.353 I/bluetooth( 1045): packages/modules/Bluetooth/system/gd/hal/snoop_logger.cc:348 delete_btsnoop_files: Last log file does not exist at "/data/misc/bluetooth/logs/btsnoop_hci.log.filtered"
06-04 11:05:42.353 I/bluetooth( 1045): packages/modules/Bluetooth/system/gd/hal/snoop_logger.cc:334 delete_btsnoop_files: Deleting logs if they exist
06-04 11:05:42.353 I/bluetooth( 1045): packages/modules/Bluetooth/system/gd/hal/snoop_logger.cc:340 delete_btsnoop_files: Main log file does not exist at "/data/misc/bluetooth/logs/btsnoop_hci.log"
06-04 11:05:42.353 I/bluetooth( 1045): packages/modules/Bluetooth/system/gd/hal/snoop_logger.cc:348 delete_btsnoop_files: Last log file does not exist at "/data/misc/bluetooth/logs/btsnoop_hci.log"
06-04 11:05:42.353 I/BtGdModule( 1045): packages/modules/Bluetooth/system/gd/module.cc:89 Start: Starting dependencies of SnoopLogger
06-04 11:05:42.353 I/BtGdModule( 1045): packages/modules/Bluetooth/system/gd/module.cc:93 Start: Finished starting dependencies and calling Start() of SnoopLogger
06-04 11:05:42.353 I/BtGdModule( 1045): packages/modules/Bluetooth/system/gd/module.cc:99 Start: Started SnoopLogger
06-04 11:05:42.353 I/BtGdModule( 1045): packages/modules/Bluetooth/system/gd/module.cc:85 Start: Constructing next module
06-04 11:05:42.353 I/BtGdModule( 1045): packages/modules/Bluetooth/system/gd/module.cc:89 Start: Starting dependencies of Btaa Module
06-04 11:05:42.353 I/BtGdModule( 1045): packages/modules/Bluetooth/system/gd/module.cc:93 Start: Finished starting dependencies and calling Start() of Btaa Module
06-04 11:05:42.353 I/CCodecBufferChannel( 689): [c2.android.vorbis.decoder#592] Created output block pool with allocatorID 16 => poolID 20 - OK
06-04 11:05:42.354 D/CCodecBufferChannel( 689): [c2.android.vorbis.decoder#592] Configured output block pool ids 20 => OK
06-04 11:05:42.355 E/btaa ( 1045): packages/modules/Bluetooth/system/gd/btaa/android/activity_attribution.cc:107 impl: No suspend control service available.
06-04 11:05:42.355 I/BtGdModule( 1045): packages/modules/Bluetooth/system/gd/module.cc:99 Start: Started Btaa Module
06-04 11:05:42.355 I/BtGdModule( 1045): packages/modules/Bluetooth/system/gd/module.cc:93 Start: Finished starting dependencies and calling Start() of HciHalHidl
06-04 11:05:42.356 D/SimpleC2Component( 612): Using output block pool with poolID 20 => got 20 - 0
06-04 11:05:42.356 I/audio_hw_hal_primary( 476): [out_get_buffer_size:552] out:0xf07c3260 config.rate=48000, format:PCM_16_BIT(0x1), stream format:PCM_16_BIT(0x1)
06-04 11:05:42.357 I/AudioFlinger( 521): AudioFlinger's thread 0xeb0c6dc0 tid=1221 ready to run
06-04 11:05:42.358 D/SimpleC2Component( 612): Using output block pool with poolID 19 => got 19 - 0
06-04 11:05:42.359 I/bluetooth( 1045): packages/modules/Bluetooth/system/gd/hal/hci_hal_android_hidl.cc:439 start_hidl: Trying to find a HIDL interface
06-04 11:05:42.361 I/audio_hw_hal_primary( 476): [out_set_volume:1406] out:0xf07c3260 left:0.000000 continuous:1 internal_format:PCM_16_BIT dolby:0 direct pcm:1 mmap_pcm:1
06-04 11:05:42.364 I/android.hardware.bluetooth@1.1-impl( 477): BluetoothHci::initialize_1_1()
06-04 11:05:42.364 E/android.hardware.bluetooth@1.0-impl( 477): bt_vendor_acquire_wake_lock call in
06-04 11:05:42.366 E/android.hardware.bluetooth@1.0-impl( 477): bt_vendor_acquire_wake_lock get lock
06-04 11:05:42.367 E/fwlog_bt( 477): updateLogFile
06-04 11:05:42.371 E/fwlog_bt( 477): updateLogFile: to open /data/vendor/fw_log.txt
06-04 11:05:42.371 I/android.hardware.bluetooth@1.0-impl( 477): [Open-284]: ro.vendor.btmodule:multibt
06-04 11:05:42.377 I/C2VendorComponentStore( 482): setDmaBufUsage 5
06-04 11:05:42.378 I/AudioFlinger( 521): openOutput() this 0xf0d45950, module 10 Device AUDIO_DEVICE_OUT_HDMI, @:, SamplingRate 32000, Format 0x9000000, Channels 0x1, flags 0x1
06-04 11:05:42.378 D/audio_hw_hal_primary( 476): [adev_open_output_stream_new:7868] enter: dev=0xf09c2930 handle=95 devices=0x400/'HDMI,' flags=0x1/'DIRECT,' config=(rt=32000 ch_mask=0x1 fmt=0x9000000) address=''
06-04 11:05:42.378 D/audio_hw_hal_primary( 476): adev_open_output_stream_new: enter
06-04 11:05:42.378 I/audio_hw_hal_primary( 476): [adev_open_output_stream:3285] io 149: out:0xf07c40c0 dev:OUT_HDMI(0x400) addr:
06-04 11:05:42.378 I/audio_hw_hal_primary( 476): [adev_open_output_stream:3287] ch_mask:0x1 rate:32000 format:AC3(0x9000000) flags:0x1
06-04 11:05:42.378 I/audio_hw_hal_primary( 476): adev_open_output_stream: for raw audio output,force alsa stereo output
06-04 11:05:42.378 I/audio_hw_hal_primary( 476): [adev_open_output_stream:3610] result profile ch_mask:0x1 rate:32000 format:AC3(0x9000000) usecase:RAW_DIRECT
06-04 11:05:42.378 I/audio_hw_hal_utils( 476): aml_get_stream_dump_file_name line 2929 file_name /data/vendor/audiohal/stream_pid476_tid1190.dd
06-04 11:05:42.378 I/audio_hw_hal_primary( 476): [adev_open_output_stream_new:8037] io 149: out: 0xf07c40c0 card:0 alsa devices:0 exit ------
06-04 11:05:42.380 I/audio_hw_hal_primary( 476): [out_get_buffer_size:552] out:0xf07c40c0 config.rate=32000, format:AC3(0x9000000), stream format:AC3(0x9000000)
06-04 11:05:42.380 I/AudioFlinger( 521): HAL output buffer size 2048 frames, normal sink buffer size 2048 frames
06-04 11:05:42.380 I/audio_hw_hal_primary( 476): [audiohal_get_latency:1333] io 149: out:0xf07c40c0 frames:1152 rate:32000 whole_latency:36 alsa_latency:36
06-04 11:05:42.381 I/audio_hw_hal_primary( 476): [out_set_event_callback:3158] io 149: out:0xf07c40c0, callback:0xf29d791d cookie:0xf2e41570
06-04 11:05:42.382 I/AudioFlinger( 521): AudioFlinger's thread 0xeb2b06d0 tid=1225 ready to run
06-04 11:05:42.382 I/audio_hw_hal_primary( 476): [audiohal_get_latency:1333] io 149: out:0xf07c40c0 frames:1024 rate:32000 whole_latency:32 alsa_latency:32
06-04 11:05:42.382 I/audio_hw_hal_primary( 476): [audiohal_get_latency:1333] io 149: out:0xf07c40c0 frames:1024 rate:32000 whole_latency:32 alsa_latency:32
06-04 11:05:42.383 E/Multi_BT( 477): [get_config_param-707]: debug config file not exist
06-04 11:05:42.383 I/Multi_BT( 477): [get_bt_prop-353]: bt_prop_val dev_name:aml_w2_s, mod_name:, vnd_lib_name:libbt-vendor_amlMulti.so, wifi_bt_name:,
06-04 11:05:42.383 I/android.hardware.bluetooth@1.0-impl( 477): [Open-290]: cur dev_name:aml_w2_s, wifi_bt_name:, libbt_vendor:libbt-vendor_amlMulti.so,
06-04 11:05:42.383 I/Multi_BT( 477): [mailbox_qca_bt_name-280]: bt_name:aml_w2_s, not qca6174
06-04 11:05:42.383 I/Multi_BT( 477): [get_aml_bt_module-445]: get aml bt module: aml_w2_s
06-04 11:05:42.383 I/Multi_BT( 477): [aml_special_handle-658]: aml modules need rmmod wifi_comm
06-04 11:05:42.383 E/Multi_BT( 477): [rmmod-641]: Unable to unload driver module wifi_comm
06-04 11:05:42.383 I/Multi_BT( 477): [matching_dev_name-418]: matched dev_name:aml_w2_s, cnt:9
06-04 11:05:42.383 I/Multi_BT( 477): [clr_bt_power_bit-798]: aml w2_s needn't clr bt power bit
06-04 11:05:42.383 I/android.hardware.bluetooth@1.0-impl( 477): [Open-310]: open vnd_lib_name:libbt-vendor_aml.so
06-04 11:05:42.387 D/audio_hw_hal_primary( 476): [out_standby_new:5767] io 149: out:0xf07c40c0 usecase:RAW_DIRECT
06-04 11:05:42.387 I/audio_hw_hal_primary( 476): already standby, do nothing
06-04 11:05:42.404 I/bt_vendor( 477): amlbt release init 0x2024-0821-1954
06-04 11:05:42.404 I/bt_vendor( 477): I1b034743deac6dfde92346a715774f36b96e2c4b
06-04 11:05:42.404 I/bt_vendor( 477): release base commit:bb2e79fb184ca4ddf6686f77cdb0bf91f6a6fe67
