06-04 11:05:46.822 W/System.err( 1721): android.app.BackgroundServiceStartNotAllowedException: Not allowed to start service Intent { act=com.dangbei.screencast.STARTUP pkg=com.dangbei.screencast }: app is in background uid UidRecord{a126613 u0a43 CEM idle change:idle|cached|procstate procs:0 seq(137,104)} caps=------
06-04 11:05:46.822 W/System.err( 1721): at android.app.ContextImpl.startServiceCommon(ContextImpl.java:1945)
06-04 11:05:46.822 W/System.err( 1721): at android.app.ContextImpl.startService(ContextImpl.java:1900)
06-04 11:05:46.822 W/System.err( 1721): at android.content.ContextWrapper.startService(ContextWrapper.java:825)
06-04 11:05:46.822 W/System.err( 1721): at b.f.f.h.g.k.a(Unknown Source:20)
06-04 11:05:46.822 W/System.err( 1721): at com.dangbei.screencast.provider.PartsInfoProvider.onCreate(:2)
06-04 11:05:46.822 W/System.err( 1721): at android.content.ContentProvider.attachInfo(ContentProvider.java:2619)
06-04 11:05:46.822 W/System.err( 1721): at android.content.ContentProvider.attachInfo(ContentProvider.java:2589)
06-04 11:05:46.822 W/System.err( 1721): at android.app.ActivityThread.installProvider(ActivityThread.java:7840)
06-04 11:05:46.822 W/System.err( 1721): at android.app.ActivityThread.installContentProviders(ActivityThread.java:7351)
06-04 11:05:46.822 W/System.err( 1721): at android.app.ActivityThread.handleBindApplication(ActivityThread.java:7046)
06-04 11:05:46.822 W/System.err( 1721): at android.app.ActivityThread.-$$Nest$mhandleBindApplication(Unknown Source:0)
06-04 11:05:46.822 W/System.err( 1721): at android.app.ActivityThread$H.handleMessage(ActivityThread.java:2265)
06-04 11:05:46.822 W/System.err( 1721): at android.os.Handler.dispatchMessage(Handler.java:106)
06-04 11:05:46.822 W/System.err( 1721): at android.os.Looper.loopOnce(Looper.java:205)
06-04 11:05:46.822 W/System.err( 1721): at android.os.Looper.loop(Looper.java:294)
06-04 11:05:46.822 W/System.err( 1721): at android.app.ActivityThread.main(ActivityThread.java:8255)
06-04 11:05:46.822 W/System.err( 1721): at java.lang.reflect.Method.invoke(Native Method)
06-04 11:05:46.822 W/System.err( 1721): at com.android.internal.os.RuntimeInit$MethodAndArgsCaller.run(RuntimeInit.java:552)
06-04 11:05:46.822 W/System.err( 1721): at com.android.internal.os.ZygoteInit.main(ZygoteInit.java:978)
06-04 11:05:46.824 I/SupplicantStaNetworkHalAidlImpl( 689): Successfully set SSID
06-04 11:05:46.826 W/ActivityManager( 689): Background start not allowed: service Intent { act=com.dangbei.screencast.STARTUP pkg=com.dangbei.screencast } to com.dangbei.screencast/.startup.StartupService from pid=1721 uid=10043 pkg=com.dangbei.screencast startFg?=false
06-04 11:05:46.826 I/RockyManager( 1699): initSDKDelegate:
06-04 11:05:46.826 W/System.err( 1721): android.app.BackgroundServiceStartNotAllowedException: Not allowed to start service Intent { act=com.dangbei.screencast.STARTUP pkg=com.dangbei.screencast }: app is in background uid UidRecord{a126613 u0a43 CEM idle change:idle|cached|procstate procs:0 seq(137,104)} caps=------
06-04 11:05:46.826 W/System.err( 1721): at android.app.ContextImpl.startServiceCommon(ContextImpl.java:1945)
06-04 11:05:46.826 W/System.err( 1721): at android.app.ContextImpl.startService(ContextImpl.java:1900)
06-04 11:05:46.826 W/System.err( 1721): at android.content.ContextWrapper.startService(ContextWrapper.java:825)
06-04 11:05:46.826 W/System.err( 1721): at b.f.f.h.g.k.a(Unknown Source:20)
06-04 11:05:46.826 W/System.err( 1721): at com.dangbei.screencast.common.utils.remotepreferences.ScreenCastPreferenceProvider.onCreate(Unknown Source:11)
06-04 11:05:46.826 W/System.err( 1721): at android.content.ContentProvider.attachInfo(ContentProvider.java:2619)
06-04 11:05:46.826 W/System.err( 1721): at android.content.ContentProvider.attachInfo(ContentProvider.java:2589)
06-04 11:05:46.826 W/System.err( 1721): at android.app.ActivityThread.installProvider(ActivityThread.java:7840)
06-04 11:05:46.826 W/System.err( 1721): at android.app.ActivityThread.installContentProviders(ActivityThread.java:7351)
06-04 11:05:46.826 W/System.err( 1721): at android.app.ActivityThread.handleBindApplication(ActivityThread.java:7046)
06-04 11:05:46.826 W/System.err( 1721): at android.app.ActivityThread.-$$Nest$mhandleBindApplication(Unknown Source:0)
06-04 11:05:46.826 W/System.err( 1721): at android.app.ActivityThread$H.handleMessage(ActivityThread.java:2265)
06-04 11:05:46.826 W/System.err( 1721): at android.os.Handler.dispatchMessage(Handler.java:106)
06-04 11:05:46.826 W/System.err( 1721): at android.os.Looper.loopOnce(Looper.java:205)
06-04 11:05:46.826 W/System.err( 1721): at android.os.Looper.loop(Looper.java:294)
06-04 11:05:46.826 W/System.err( 1721): at android.app.ActivityThread.main(ActivityThread.java:8255)
06-04 11:05:46.826 W/System.err( 1721): at java.lang.reflect.Method.invoke(Native Method)
06-04 11:05:46.826 W/System.err( 1721): at com.android.internal.os.RuntimeInit$MethodAndArgsCaller.run(RuntimeInit.java:552)
06-04 11:05:46.826 W/System.err( 1721): at com.android.internal.os.ZygoteInit.main(ZygoteInit.java:978)
06-04 11:05:46.833 D/SupplicantStaNetworkHalAidlImpl( 689): The target security params: Security Parameters:
06-04 11:05:46.833 D/SupplicantStaNetworkHalAidlImpl( 689): Type: 2
06-04 11:05:46.833 D/SupplicantStaNetworkHalAidlImpl( 689): Enabled: true
06-04 11:05:46.833 D/SupplicantStaNetworkHalAidlImpl( 689): KeyMgmt: WPA_PSK
06-04 11:05:46.833 D/SupplicantStaNetworkHalAidlImpl( 689): Protocols: WPA RSN
06-04 11:05:46.833 D/SupplicantStaNetworkHalAidlImpl( 689): AuthAlgorithms:
06-04 11:05:46.833 D/SupplicantStaNetworkHalAidlImpl( 689): PairwiseCiphers: TKIP CCMP
06-04 11:05:46.833 D/SupplicantStaNetworkHalAidlImpl( 689): GroupCiphers: WEP40 WEP104 TKIP CCMP
06-04 11:05:46.833 D/SupplicantStaNetworkHalAidlImpl( 689): GroupMgmtCiphers:
06-04 11:05:46.833 D/SupplicantStaNetworkHalAidlImpl( 689): SuiteBCiphers:
06-04 11:05:46.833 D/SupplicantStaNetworkHalAidlImpl( 689): RequirePmf: false
06-04 11:05:46.833 D/SupplicantStaNetworkHalAidlImpl( 689): IsAddedByAutoUpgrade: false
06-04 11:05:46.833 D/SupplicantStaNetworkHalAidlImpl( 689): IsSaeH2eOnlyMode: false
06-04 11:05:46.833 D/SupplicantStaNetworkHalAidlImpl( 689): IsSaePkOnlyMode: false
06-04 11:05:46.853 I/MediaProvider( 1403): Begin Intent { act=com.android.providers.media.action.SCAN_VOLUME (has extras) }
06-04 11:05:46.858 V/MediaStore( 1403): Examining volume emulated;0 with name external_primary and state mounted
06-04 11:05:46.859 D/audio_hw_hal_primary( 476): [out_standby_new:5767] io 13: out:0xf07c5650 usecase:PCM_NORMAL
06-04 11:05:46.859 I/audio_hw_hal_primary( 476): [do_output_standby_l:5663] io 13: out:0xf07c5650, stream usecase:PCM_NORMAL, continuous:1
06-04 11:05:46.859 I/audio_hw_hal_primary( 476): [usecase_change_validate_l:7436] ++ io 13: out:0xf07c5650 dev masks:0x1 is_standby:1 out usecase:PCM_NORMAL
06-04 11:05:46.859 I/audio_hw_hal_ms12common( 476): aml_set_ms12_scheduler_state ms12_scheduler_state:1, sch_state:1 SCHEDULER_STANDBY is sent to ms12
06-04 11:05:46.859 I/audio_hw_hal_primary( 476): [usecase_change_validate_l:7477] -- dev masks:0 is_standby:1 out usecase PCM_NORMAL
06-04 11:05:46.859 D/audio_hw_hal_primary( 476): [out_standby_new:5790] io 13: out:0xf07c5650 usecase:PCM_NORMAL exit
06-04 11:05:46.862 W/BroadcastLoopers( 689): Found previously unknown looper Thread[StorageManagerService,5,main]
06-04 11:05:46.865 D/StorageManagerService( 689): Volume emulated;0 broadcasting checking to UserHandle{0}
06-04 11:05:46.867 D/StorageManagerService( 689): Volume emulated;0 broadcasting mounted to UserHandle{0}
06-04 11:05:46.868 D/installd( 600): Found quota mount /dev/block/by-name/metadata at /metadata
06-04 11:05:46.868 E/DiskReceiver( 1269): Missing fsUuid, not launching activity.
06-04 11:05:46.868 D/installd( 600): Found quota mount /dev/block/dm-50 at /data
06-04 11:05:46.869 D/installd( 600): Found quota mount /dev/block/dm-50 at /data/user/0
06-04 11:05:46.869 D/installd( 600): Found quota mount /dev/block/dm-50 at /mnt/pass_through/0/emulated
06-04 11:05:46.873 V/MediaStore( 1403): Examining volume emulated;0 with name external_primary and state mounted
06-04 11:05:46.878 E/getHdmiStatus( 1441): sourceInputStatus=null mEtnaAdapter=null
06-04 11:05:46.879 V/MediaStore( 1403): Examining volume emulated;0 with name external_primary and state mounted
06-04 11:05:46.883 D/DiskReceiver( 1269): Scanning volume: VolumeInfo{emulated;0}:
06-04 11:05:46.883 D/DiskReceiver( 1269): type=EMULATED diskId=null partGuid= mountFlags=PRIMARY|VISIBLE_FOR_WRITE
06-04 11:05:46.883 D/DiskReceiver( 1269): mountUserId=0 state=MOUNTED
06-04 11:05:46.883 D/DiskReceiver( 1269): fsType=null fsUuid=null fsLabel=null
06-04 11:05:46.883 D/DiskReceiver( 1269): path=/storage/emulated internalPath=/data/media
06-04 11:05:46.889 D/installd( 600): Found storage mount /dev/block/dm-50 at /mnt/pass_through/0/emulated
06-04 11:05:46.889 D/installd( 600): Found storage mount at /mnt/pass_through/0/emulated
06-04 11:05:46.898 D/AndroidAutoSize( 1721): designWidthInDp = 360, designHeightInDp = 640, screenWidth = 1920, screenHeight = 1080
06-04 11:05:46.899 D/AndroidAutoSize( 1721): initDensity = 1.5, initScaledDensity = 1.5
06-04 11:05:46.920 D/CompatibilityChangeReporter( 689): Compat change id reported: 149924527; UID 10043; state: ENABLED
06-04 11:05:46.921 D/CompatibilityChangeReporter( 689): Compat change id reported: 132649864; UID 10043; state: DISABLED
06-04 11:05:46.922 D/libdolbyms12( 476): continuous underrun 2
06-04 11:05:46.927 D/CompatibilityChangeReporter( 1721): Compat change id reported: 247079863; UID 10043; state: DISABLED
06-04 11:05:46.938 V/MediaProvider( 1403): onConfigure() for internal.db
06-04 11:05:46.953 D/CompatibilityChangeReporter( 689): Compat change id reported: 161145287; UID 10043; state: DISABLED
06-04 11:05:46.960 V/MediaProvider( 1403): onOpen() for internal.db
06-04 11:05:46.961 V/MediaProvider( 1403): onOpen() finished for internal.db
06-04 11:05:46.964 I/wpa_supplicant( 1146): wlan0: Trying to associate with 58:c7:ac:78:f0:10 (SSID='DB-machines5G' freq=5745 MHz)
06-04 11:05:46.964 I/wpa_supplicant( 1146): assoc key_mgmt 0x2 network key_mgmt 0x142
06-04 11:05:46.966 D/CompatibilityChangeReporter( 689): Compat change id reported: 182734110; UID 10058; state: ENABLED
06-04 11:05:46.977 D/WifiCountryCode( 689): evaluateAllCmmStateAndApplyIfAllReady: {ConcreteClientModeManager{id=16445 iface=wlan0 role=ROLE_CLIENT_PRIMARY}=false}
06-04 11:05:46.977 D/WifiClientModeImpl[19843:wlan0]( 689): Start Connecting Watchdog 1
06-04 11:05:46.977 D/WifiNetworkFactory( 689): got request NetworkRequest [ REQUEST id=39, [ Capabilities: INTERNET&NOT_RESTRICTED&TRUSTED&NOT_VCN_MANAGED Uid: 10070 RequestorUid: 1000 RequestorPkg: android UnderlyingNetworks: Null] ]
06-04 11:05:46.977 D/UntrustedWifiNetworkFactory( 689): got request NetworkRequest [ REQUEST id=39, [ Capabilities: INTERNET&NOT_RESTRICTED&TRUSTED&NOT_VCN_MANAGED Uid: 10070 RequestorUid: 1000 RequestorPkg: android UnderlyingNetworks: Null] ]
06-04 11:05:46.977 D/OemPaidWifiNetworkFactory( 689): got request NetworkRequest [ REQUEST id=39, [ Capabilities: INTERNET&NOT_RESTRICTED&TRUSTED&NOT_VCN_MANAGED Uid: 10070 RequestorUid: 1000 RequestorPkg: android UnderlyingNetworks: Null] ]
06-04 11:05:46.977 D/MultiInternetWifiNetworkFactory( 689): got request NetworkRequest [ REQUEST id=39, [ Capabilities: INTERNET&NOT_RESTRICTED&TRUSTED&NOT_VCN_MANAGED Uid: 10070 RequestorUid: 1000 RequestorPkg: android UnderlyingNetworks: Null] ]
06-04 11:05:46.977 D/WifiNetworkFactory( 689): got request NetworkRequest [ REQUEST id=41, [ Capabilities: INTERNET&NOT_RESTRICTED&TRUSTED&NOT_VCN_MANAGED Uid: 10070 RequestorUid: 10070 RequestorPkg: com.android.devicelockcontroller UnderlyingNetworks: Null] ]
06-04 11:05:46.977 D/UntrustedWifiNetworkFactory( 689): got request NetworkRequest [ REQUEST id=41, [ Capabilities: INTERNET&NOT_RESTRICTED&TRUSTED&NOT_VCN_MANAGED Uid: 10070 RequestorUid: 10070 RequestorPkg: com.android.devicelockcontroller UnderlyingNetworks: Null] ]
06-04 11:05:46.978 D/OemPaidWifiNetworkFactory( 689): got request NetworkRequest [ REQUEST id=41, [ Capabilities: INTERNET&NOT_RESTRICTED&TRUSTED&NOT_VCN_MANAGED Uid: 10070 RequestorUid: 10070 RequestorPkg: com.android.devicelockcontroller UnderlyingNetworks: Null] ]
06-04 11:05:46.978 D/MultiInternetWifiNetworkFactory( 689): got request NetworkRequest [ REQUEST id=41, [ Capabilities: INTERNET&NOT_RESTRICTED&TRUSTED&NOT_VCN_MANAGED Uid: 10070 RequestorUid: 10070 RequestorPkg: com.android.devicelockcontroller UnderlyingNetworks: Null] ]
06-04 11:05:46.982 I/MediaProvider( 1403): Scanned internal due to REASON_MOUNTED, found 4 items in 21ms, 0 inserts 0 updates 0 deletes
06-04 11:05:46.989 W/ContextImpl( 689): Calling a method in the system process without a qualified user: android.app.ContextImpl.sendStickyBroadcast:1626 com.android.server.wifi.ClientModeImpl.sendNetworkChangeBroadcast:3008 com.android.server.wifi.ClientModeImpl.lambda$sendNetworkChangeBroadcastWithCurrentState$14:2985 com.android.server.wifi.ClientModeImpl.$r8$lambda$q-j88Pjw4gROgoJFr8wBlBVbuJI:0 com.android.server.wifi.ClientModeImpl$$ExternalSyntheticLambda4.send:0
06-04 11:05:46.991 I/WifiClientModeImpl[19843:wlan0]( 689): Update current security type to 2
06-04 11:05:46.997 W/ModernMediaScanner( 1403): Failed to visit /oem/media: java.nio.file.NoSuchFileException: /oem/media
06-04 11:05:47.014 D/OsInitLaunch( 1441): send cache: mangoAuth, null, AUTH_NO_NETWORK, null
06-04 11:05:47.021 I/MediaProvider( 1403): Scanned internal due to REASON_MOUNTED, found 0 items in 34ms, 0 inserts 0 updates 0 deletes
06-04 11:05:47.027 D/ConnectivityService( 689): requestNetwork for uid/pid:1000/1441 activeRequest: null callbackRequest: 42 [NetworkRequest [ REQUEST id=43, [ Capabilities: INTERNET&NOT_RESTRICTED&TRUSTED&NOT_VCN_MANAGED Uid: 1000 RequestorUid: 1000 RequestorPkg: com.dangbei.leard.leradlauncher UnderlyingNetworks: Null] ]] callback flags: 0 order: 2147483647
06-04 11:05:47.029 D/ConnectivityService( 689): NetReassign [no changes] [c 0] [a 0] [i 1]
06-04 11:05:47.029 D/WifiNetworkFactory( 689): got request NetworkRequest [ REQUEST id=43, [ Capabilities: INTERNET&NOT_RESTRICTED&TRUSTED&NOT_VCN_MANAGED Uid: 1000 RequestorUid: 1000 RequestorPkg: com.dangbei.leard.leradlauncher UnderlyingNetworks: Null] ]
06-04 11:05:47.029 D/UntrustedWifiNetworkFactory( 689): got request NetworkRequest [ REQUEST id=43, [ Capabilities: INTERNET&NOT_RESTRICTED&TRUSTED&NOT_VCN_MANAGED Uid: 1000 RequestorUid: 1000 RequestorPkg: com.dangbei.leard.leradlauncher UnderlyingNetworks: Null] ]
06-04 11:05:47.029 D/OemPaidWifiNetworkFactory( 689): got request NetworkRequest [ REQUEST id=43, [ Capabilities: INTERNET&NOT_RESTRICTED&TRUSTED&NOT_VCN_MANAGED Uid: 1000 RequestorUid: 1000 RequestorPkg: com.dangbei.leard.leradlauncher UnderlyingNetworks: Null] ]
06-04 11:05:47.029 D/MultiInternetWifiNetworkFactory( 689): got request NetworkRequest [ REQUEST id=43, [ Capabilities: INTERNET&NOT_RESTRICTED&TRUSTED&NOT_VCN_MANAGED Uid: 1000 RequestorUid: 1000 RequestorPkg: com.dangbei.leard.leradlauncher UnderlyingNetworks: Null] ]
06-04 11:05:47.049 D/CompatibilityChangeReporter( 1441): Compat change id reported: 237531167; UID 1000; state: DISABLED
06-04 11:05:47.053 W/OpenGLRenderer( 1441): Unknown dataspace 0
06-04 11:05:47.055 D/BufferPoolAccessor2.0( 689): bufferpool2 0xb90c8f08 : 0(0 size) total buffers - 0(0 size) used buffers - 2/7 (recycle/alloc) - 5/24 (fetch/transfer)
06-04 11:05:47.055 D/BufferPoolAccessor2.0( 689): bufferpool2 0xb90dcfa8 : 0(0 size) total buffers - 0(0 size) used buffers - 2/7 (recycle/alloc) - 5/18 (fetch/transfer)
06-04 11:05:47.055 D/BufferPoolAccessor2.0( 689): evictor expired: 2, evicted: 2
06-04 11:05:47.058 W/WindowManager( 689): [addWindow] title:com.dangbei.leard.leradlauncher/com.dangbei.launcher.home.LauncherActivity
06-04 11:05:47.058 W/WindowManager( 689): Failed looking up window session=Session{d8fbee5 1441:1000} callers=com.android.server.wm.WindowManagerService.windowForClientLocked:6075 com.android.server.wm.Session.updateRequestedVisibleTypes:695 android.view.IWindowSession$Stub.onTransact:1034
06-04 11:05:47.059 D/CompatibilityChangeReporter( 689): Compat change id reported: 168419799; UID 1000; state: DISABLED
06-04 11:05:47.060 D/CompatibilityChangeReporter( 689): Compat change id reported: 273564678; UID 1000; state: DISABLED
06-04 11:05:47.061 D/BufferPoolAccessor2.0( 612): bufferpool2 0xe9683748 : 0(0 size) total buffers - 0(0 size) used buffers - 4/7 (recycle/alloc) - 3/6 (fetch/transfer)
06-04 11:05:47.061 D/BufferPoolAccessor2.0( 612): evictor expired: 1, evicted: 1
06-04 11:05:47.070 I/TDLog ( 1721): setReportUncaughtExceptions: true
06-04 11:05:47.071 I/Choreographer( 1441): Skipped 69 frames! The application may be doing too much work on its main thread.
06-04 11:05:47.076 E/Application( 1721): onCreate:Version:v2.8.3/20830/883432e
06-04 11:05:47.078 I/crashsdk( 1721): version unique build id: 6230cced
06-04 11:05:47.084 I/crashsdk( 1721): begin hack android.os.Process
06-04 11:05:47.084 I/crashsdk( 1721): end hack android.os.Process
06-04 11:05:47.087 I/TDLog ( 1721): TalkingData SDK init...
06-04 11:05:47.087 I/TDLog ( 1721): SDK_VERSION is: Android+TD+V5.0.7 gp Type:Native Build_Num:2141
06-04 11:05:47.087 I/TDLog ( 1721): App ID is: B9D7815EC975466AB1332111FCE62DF5
06-04 11:05:47.087 I/TDLog ( 1721): App Channel is: os
06-04 11:05:47.087 I/TDLog ( 1721): App Custom is:
06-04 11:05:47.087 I/TDLog ( 1721): SDK_OVC is: TDOVC+a3bb7754719798526508b6caad480dd7+SaaS
06-04 11:05:47.100 D/crashsdk( 1721): Native log stat thread 1832 setup, waiting
06-04 11:05:47.106 D/CoreBackPreview( 689): Window{9c95c74 u0 com.dangbei.leard.leradlauncher/com.dangbei.launcher.home.LauncherActivity}: Setting back callback OnBackInvokedCallbackInfo{mCallback=android.window.IOnBackInvokedCallback$Stub$Proxy@6ebb5e3, mPriority=0, mIsAnimationCallback=false}
06-04 11:05:47.120 D/OomAdjuster( 689): Not killing cached processes
06-04 11:05:47.123 I/ActivityManager( 689): com.android.dynsystem is exempt from freezer
06-04 11:05:47.123 D/CompatibilityChangeReporter( 689): Compat change id reported: 135634846; UID 1000; state: DISABLED
06-04 11:05:47.124 I/mali ( 1441): Successfully parsed 1 environment variable(s) from /vendor/etc/mali_platform.config.
06-04 11:05:47.125 I/mali ( 1441): Successfully parsed 1 environment variable(s) from /vendor/etc/mali_platform.config.
06-04 11:05:47.136 I/crashsdk( 1721): Catcher mask: 5000, 20480
06-04 11:05:47.136 I/crashsdk( 1721): Catcher thread 1727
06-04 11:05:47.136 D/crashsdk( 1721): Register ANR handler ...
06-04 11:05:47.137 I/hwservicemanager( 234): getTransport: Cannot find entry android.hardware.configstore@1.0::ISurfaceFlingerConfigs/default in either framework or device VINTF manifest.
06-04 11:05:47.155 I/ActivityManager( 689): Background started FGS: Allowed [callingPackage: com.dangbei.screencast; callingUid: 10043; uidState: CEM ; uidBFSL: n/a; intent: Intent { act=com.dangbei.screencast.STARTUP pkg=com.dangbei.screencast }; code:SYSTEM_ALERT_WINDOW_PERMISSION; tempAllowListReason:; targetSdkVersion:28; callerTargetSdkVersion:28; startForegroundCount:0; bindFromPackage:null: isBindService:false]
06-04 11:05:47.172 W/efs.send_log( 1721): tryFileLock start!
06-04 11:05:47.173 D/CompatibilityChangeReporter( 689): Compat change id reported: 170668199; UID 10043; state: DISABLED
06-04 11:05:47.173 W/ActivityManager( 689): Foreground service started from background can not have location/camera/microphone access: service com.dangbei.screencast/.startup.StartupService
06-04 11:05:47.174 D/CompatibilityChangeReporter( 689): Compat change id reported: 255038118; UID 10043; state: DISABLED
06-04 11:05:47.175 D/CompatibilityChangeReporter( 689): Compat change id reported: 255042465; UID 10043; state: DISABLED
06-04 11:05:47.176 I/AiuiEngine( 1699): create aiui agent
06-04 11:05:47.176 D/RockyVoice_AiUiDelegate( 1699): 初始化成功
06-04 11:05:47.177 D/RockyNetMessageUtil( 1699): initTipsList tipEntity = null isRequestTipSuccess = false
06-04 11:05:47.177 W/ForegroundServiceTypeLoggerModule( 689): Foreground service start for UID: 10043 does not have any types
06-04 11:05:47.179 I/ActivityManager( 689): Deferring FGS notification in legacy app com.dangbei.screencast/u0a43 : Notification(channel=channel_record shortcut=null contentView=null vibrate=null sound=null defaults=0x0 flags=0x60 color=0x00000000 category=transport vis=PUBLIC)
06-04 11:05:47.184 I/efs.base( 1721): lt=event`ev_ct=efs_core`ev_ac=pvuv`tm=2025-06-04 11:05:18`dn=ac45bf75-7677-4e00-a7a1-ee108360b5d1`ps=com.dangbei.screencast`um_os=android`stime=1749006346927`pid=1721`fr=android`pkg=com.dangbei.screencast`vcode=20830`dsp_w=1920`uid=ac45bf75-7677-4e00-a7a1-ee108360b5d1`rom=14`wid=ac45bf75-7677-4e00-a7a1-ee108360b5d1`um_app_carrier=`um_access=unknow`um_app_channel=os`um_crash_sdk_version=1.4.0`ctime=1749006347`model=dbbox-a3`lang=zh`net=disconnected`brand=amlogic`dsp_h=1080`um_network_type=0`ver=v2.8.3`build_model=DBBOX-A3`w_tm=1749006347`appid=5fc60c21094d637f3130af19`um_umid_header=ai41d99d10bb185b6970e4743266d42450`sdk=34`tzone=Asia/Shanghai`sdk_ver=1.3.6.umeng
06-04 11:05:47.186 I/MediaProvider( 1403): Scanned internal due to REASON_MOUNTED, found 10 items in 113ms, 0 inserts 0 updates 0 deletes
06-04 11:05:47.187 I/Matrix.AnrTracer( 1721): anrTrace, final mAnrBeatTime:400, mAnrBeatRate:400
06-04 11:05:47.188 W/efs.send_log( 1721): tryFileLock sendlock sucess! processname: com.dangbei.screencast
06-04 11:05:47.189 I/MesonDisplay( 287): [/mode_policy.c, meson_mode_set_policy, 1177] connector:0 to policy:0
06-04 11:05:47.189 I/MesonDisplay( 287): [/mode_policy.c, is_dv_prefer, 66] not prefer dv, hdr_priority:10000010
06-04 11:05:47.189 I/MesonDisplay( 287): [/mode_policy.c, is_dv_prefer, 66] not prefer dv, hdr_priority:10000010
06-04 11:05:47.189 I/MesonDisplay( 287): [/mode_policy.c, hdr_scene_process, 724] policy:0 is_bestcolorspace:1 state:0
06-04 11:05:47.189 I/MesonDisplay( 287): [/mode_policy_parser.c, is_support_hdmimode, 110] is_support_hdmimode mode: 2160p60hz
06-04 11:05:47.189 I/MesonDisplay( 287): [/mode_policy_parser.c, is_support_hdmimode, 110] is_support_hdmimode mode: 2160p60hz
06-04 11:05:47.189 D/MesonDisplay( 287): meson_write /sys/class/amhdmitx/amhdmitx0/valid_mode, outputmode:2160p60hz420,10bit
06-04 11:05:47.189 D/MesonDisplay( 287): valid mode is true!
06-04 11:05:47.189 I/MesonDisplay( 287): [/mode_policy.c, is_support_4kHDR, 499] is_support_4kHDR mode:[420,10bit], deep color:[2160p60hz]
06-04 11:05:47.189 I/MesonDisplay( 287): [/mode_policy.c, meson_mode_get_policy_output, 1289] final_displaymode:2160p60hz, final_deepcolor:420,10bit, amdv_type:0
06-04 11:05:47.189 I/MesonDisplay( 287): [/mode_policy.c, meson_mode_set_policy, 1177] connector:0 to policy:0
06-04 11:05:47.191 E/OpenGLRenderer( 1441): Unable to match the desired swap behavior.
06-04 11:05:47.194 D/RockyNetMessageUtil( 1699): initMediaControlPage pageEntity = null isRequestPageControlSuccess = false
06-04 11:05:47.196 D/XHttpObservable( 1699): handleRequest: start https://tyapi.qun7.com/v1/voice/getsoundshowmsg ,,, isCache = false
06-04 11:05:47.200 D/LaunchConfigManager( 1721): check in allready
06-04 11:05:47.200 D/CompatibilityChangeReporter( 1699): Compat change id reported: 263076149; UID 1000; state: DISABLED
06-04 11:05:47.213 I/efs.config( 1721): --->>> 删除旧的配置文件 false
06-04 11:05:47.217 W/ContextImpl( 689): Calling a method in the system process without a qualified user: android.app.ContextImpl.startService:1899 com.android.server.wm.DisplayPolicy.lambda$focusChangedLw$5:2126 com.android.server.wm.DisplayPolicy.$r8$lambda$Znxk63oh-WzVnzo_WQefN7uxV48:0 com.android.server.wm.DisplayPolicy$$ExternalSyntheticLambda13.run:0 android.os.Handler.handleCallback:958
06-04 11:05:47.220 I/LaunchTrace( 1721): begin sendLaunchCache
06-04 11:05:47.221 D/aaa ( 1473): LedStatusService onStartCommand begin
06-04 11:05:47.240 W/System.err( 1699): java.lang.NoSuchMethodException: android.bluetooth.IBluetooth$Stub$Proxy.getAddress []
06-04 11:05:47.256 E/xxxxxxxxxxxxxxx( 1441): onReceive:mIsHDMIPlugged = true
06-04 11:05:47.257 E/hq ( 1441): NetWorkStateReceiver:::NetWorkStateReceiver onReceive: 网络变化广播 >>>> intent.action=android.net.wifi.SCAN_RESULTS
06-04 11:05:47.259 W/System.err( 1699): at java.lang.Class.getMethod(Class.java:2937)
06-04 11:05:47.259 W/System.err( 1699): at java.lang.Class.getMethod(Class.java:2449)
06-04 11:05:47.259 W/System.err( 1699): at com.dangbei.statistics.UtilCommon.getBluetoothAddressSdk23(UtilCommon.java:363)
06-04 11:05:47.259 W/System.err( 1699): at com.dangbei.statistics.UtilCommon.getBluetoothAddress(UtilCommon.java:333)
06-04 11:05:47.259 W/System.err( 1699): at com.dangbei.statistics.HttpBasicParamsInterceptor.lambda$create$26(HttpBasicParamsInterceptor.java:105)
06-04 11:05:47.259 W/System.err( 1699): at com.dangbei.statistics.-$$Lambda$HttpBasicParamsInterceptor$rmVfygJIBySIPZc0Bf7cpAPG2bY.call(Unknown Source:0)
06-04 11:05:47.259 W/System.err( 1699): at com.dangbei.statistics.library.Helper.callBackSelf(Helper.java:9)
06-04 11:05:47.259 W/System.err( 1699): at com.dangbei.statistics.HttpBasicParamsInterceptor.create(HttpBasicParamsInterceptor.java:105)
06-04 11:05:47.259 W/System.err( 1699): at com.dangbei.statistics.HttpBasicParamsInterceptor.lambda$init$0(HttpBasicParamsInterceptor.java:40)
06-04 11:05:47.259 W/System.err( 1699): at com.dangbei.statistics.-$$Lambda$HttpBasicParamsInterceptor$wo_01s0EQtjtRA0FDaKTO2uOKHM.accept(Unknown Source:2)
06-04 11:05:47.260 W/System.err( 1699): at io.reactivex.internal.operators.single.SingleDoOnSuccess$DoOnSuccess.onSuccess(SingleDoOnSuccess.java:54)
06-04 11:05:47.260 W/System.err( 1699): at io.reactivex.internal.operators.single.SingleObserveOn$ObserveOnSingleObserver.run(SingleObserveOn.java:81)
06-04 11:05:47.260 W/System.err( 1699): at io.reactivex.Scheduler$DisposeTask.run(Scheduler.java:578)
06-04 11:05:47.260 W/System.err( 1699): at io.reactivex.internal.schedulers.ScheduledRunnable.run(ScheduledRunnable.java:66)
06-04 11:05:47.260 W/System.err( 1699): at io.reactivex.internal.schedulers.ScheduledRunnable.call(ScheduledRunnable.java:57)
06-04 11:05:47.260 W/System.err( 1699): at java.util.concurrent.FutureTask.run(FutureTask.java:264)
06-04 11:05:47.260 W/System.err( 1699): at java.util.concurrent.ScheduledThreadPoolExecutor$ScheduledFutureTask.run(ScheduledThreadPoolExecutor.java:307)
06-04 11:05:47.260 W/System.err( 1699): at java.util.concurrent.ThreadPoolExecutor.runWorker(ThreadPoolExecutor.java:1145)
06-04 11:05:47.260 W/System.err( 1699): at java.util.concurrent.ThreadPoolExecutor$Worker.run(ThreadPoolExecutor.java:644)
06-04 11:05:47.260 W/System.err( 1699): at java.lang.Thread.run(Thread.java:1012)
06-04 11:05:47.266 V/WindowManagerShell( 939): onTransitionReady android.os.BinderProxy@1632462: {id=1 t=CLOSE f=0x0 trk=0 r=[0@Point(0, 0)] c=[{WCT{android.window.IWindowContainerToken$Stub$Proxy@85b967d} m=OPEN f=MOVE_TO_TOP leash=Surface(name=Task=25)/@0x9f2d4e6 sb=Rect(0, 0 - 1920, 1080) eb=Rect(0, 0 - 1920, 1080) d=0},{WCT{android.window.IWindowContainerToken$Stub$Proxy@8875972} m=CLOSE f=SHOW_WALLPAPER leash=Surface(name=Task=3)/@0x926ea27 sb=Rect(0, 0 - 1920, 1080) eb=Rect(0, 0 - 1920, 1080) d=0}]}
06-04 11:05:47.266 V/WindowManagerShell( 939): Playing animation for (#1)android.os.BinderProxy@1632462@0
06-04 11:05:47.267 V/WindowManagerShell( 939): try handler com.android.wm.shell.keyguard.KeyguardTransitionHandler@f0e01c3
06-04 11:05:47.267 V/WindowManagerShell( 939): try handler com.android.wm.shell.pip.tv.TvPipTransition@d525a40
06-04 11:05:47.267 V/WindowManagerShell( 939): try handler com.android.wm.shell.activityembedding.ActivityEmbeddingController@1101d79
06-04 11:05:47.267 V/WindowManagerShell( 939): try handler com.android.wm.shell.transition.RemoteTransitionHandler@16d9abe
06-04 11:05:47.267 V/WindowManagerShell( 939): Transition doesn't have explicit remote, search filters for match for {id=1 t=CLOSE f=0x0 trk=0 r=[0@Point(0, 0)] c=[{WCT{android.window.IWindowContainerToken$Stub$Proxy@85b967d} m=OPEN f=MOVE_TO_TOP leash=Surface(name=Task=25)/@0x9f2d4e6 sb=Rect(0, 0 - 1920, 1080) eb=Rect(0, 0 - 1920, 1080) d=0},{WCT{android.window.IWindowContainerToken$Stub$Proxy@8875972} m=CLOSE f=SHOW_WALLPAPER leash=Surface(name=Task=3)/@0x926ea27 sb=Rect(0, 0 - 1920, 1080) eb=Rect(0, 0 - 1920, 1080) d=0}]}
06-04 11:05:47.267 V/WindowManagerShell( 939): Delegate animation for #1 to null
06-04 11:05:47.267 V/WindowManagerShell( 939): try handler com.android.wm.shell.transition.DefaultTransitionHandler@dc4f71f
06-04 11:05:47.267 V/WindowManagerShell( 939): start default transition animation, info = {id=1 t=CLOSE f=0x0 trk=0 r=[0@Point(0, 0)] c=[{WCT{android.window.IWindowContainerToken$Stub$Proxy@85b967d} m=OPEN f=MOVE_TO_TOP leash=Surface(name=Task=25)/@0x9f2d4e6 sb=Rect(0, 0 - 1920, 1080) eb=Rect(0, 0 - 1920, 1080) d=0},{WCT{android.window.IWindowContainerToken$Stub$Proxy@8875972} m=CLOSE f=SHOW_WALLPAPER leash=Surface(name=Task=3)/@0x926ea27 sb=Rect(0, 0 - 1920, 1080) eb=Rect(0, 0 - 1920, 1080) d=0}]}
06-04 11:05:47.268 I/efs.config( 1721): current config version (-1) is older than another (1735614866)
06-04 11:05:47.268 E/raop ( 1721): *********************AirplayBroadcastServer+++++++++
06-04 11:05:47.269 V/WindowManagerShell( 939): loadAnimation: anim=android.view.animation.AlphaAnimation@3cbe63b animAttr=0x13 type=CLOSE isEntrance=false
06-04 11:05:47.270 V/WindowManagerShell( 939): loadAnimation: anim=android.view.animation.AlphaAnimation@25302b1 animAttr=0x12 type=CLOSE isEntrance=true
06-04 11:05:47.271 I/efs.config( 1721): load config from storage and notify observer
06-04 11:05:47.271 I/UtilCommon( 1699): bluetoothMac=1C:79:2D:20:62:84
06-04 11:05:47.272 V/WindowManagerShell( 939): animated by com.android.wm.shell.transition.DefaultTransitionHandler@dc4f71f
06-04 11:05:47.274 I/ActivityTaskManager( 689): Displayed com.dangbei.leard.leradlauncher/com.dangbei.launcher.home.LauncherActivity for user 0: +2s496ms
06-04 11:05:47.276 V/WindowManager( 689): Sent Transition #1 createdAt=06-04 11:05:44.684 via request=TransitionRequestInfo { type = 2, triggerTask = TaskInfo{userId=0 taskId=3 displayId=0 isRunning=false baseIntent=Intent { act=android.intent.action.MAIN cat=[android.intent.category.HOME] flg=0x10800100 cmp=com.android.tv.settings/.system.FallbackHome } baseActivity=null topActivity=null origActivity=null realActivity=ComponentInfo{com.android.tv.settings/com.android.tv.settings.system.FallbackHome} numActivities=0 lastActiveTime=21659 supportsMultiWindow=true resizeMode=0 isResizeable=false minWidth=-1 minHeight=-1 defaultMinSize=220 token=WCT{RemoteToken{20afabe Task{821908d #3 type=home A=1000:com.android.tv.settings}}} topActivityType=2 pictureInPictureParams=null shouldDockBigOverlays=false launchIntoPipHostTaskId=-1 lastParentTaskIdBeforePip=-1 displayCutoutSafeInsets=null topActivityInfo=null launchCookies=[] positionInParent=Point(0, 0) parentTaskId=-1 isFocused=true isVisible=true isVisibleRequested=true isSleeping=false topActivityInSizeCompat=false topActivityEligibleForLetterboxEducation= false isLetterboxDoubleTapEnabled= false topActivityEligibleForUserAspectRatioButton= false topActivityBoundsLetterboxed= false isFromLetterboxDoubleTap= false topActivityLetterboxVerticalPosition= -1 topActivityLetterboxHorizontalPosition= -1 topActivityLetterboxWidth=-1 topActivityLetterboxHeight=-1 isUserFullscreenOverrideEnabled=false isTopActivityTransparent=false locusId=null displayAreaFeatureId=1 cameraCompatControlState=hidden}, remoteTransition = null, displayChange = null, flags = 0 }
06-04 11:05:47.276 V/WindowManager( 689): startWCT=WindowContainerTransaction { changes = {} hops = [] errorCallbackToken=null taskFragmentOrganizer=null }
06-04 11:05:47.276 V/WindowManager( 689): info={id=1 t=CLOSE f=0x0 trk=0 r=[0@Point(0, 0)] c=[{WCT{RemoteToken{406d71f Task{a1cfd9a #25 type=home A=1000:com.dangbei.leard.leradlauncher}}} m=OPEN f=MOVE_TO_TOP leash=Surface(name=Task=25)/@0x80eb972 sb=Rect(0, 0 - 1920, 1080) eb=Rect(0, 0 - 1920, 1080) d=0},{WCT{RemoteToken{20afabe Task{821908d #3 type=home A=1000:com.android.tv.settings}}} m=CLOSE f=SHOW_WALLPAPER leash=Surface(name=Task=3)/@0xde4767d sb=Rect(0, 0 - 1920, 1080) eb=Rect(0, 0 - 1920, 1080) d=0}]}
06-04 11:05:47.276 I/OpenGLRenderer( 1441): Davey! duration=1352ms; Flags=1, FrameTimelineVsyncId=902, IntendedVsync=24013506918, Vsync=25164659517, InputEventId=0, HandleInputStart=25178027094, AnimationStart=25178029761, PerformTraversalsStart=25178121594, DrawStart=25298530469, FrameDeadline=24032190251, FrameInterval=25176758636, FrameStartTime=16683371, SyncQueued=25299090303, SyncStart=25299207053, IssueDrawCommandsStart=25300624178, SwapBuffers=25355913553, FrameCompleted=25365821344, DequeueBufferDuration=12828834, QueueBufferDuration=1122458, GpuCompleted=25365821344, SwapBuffersCompleted=25357910261, DisplayPresentTime=0, CommandSubmissionCompleted=25355913553,
06-04 11:05:47.279 W/eventbuscore( 1441): post Event:com.dangbei.leard.base.entity.event.NetWifiRssiEvent
06-04 11:05:47.287 D/Zygote ( 459): Forked child process 1878
06-04 11:05:47.288 W/ActivityManager( 689): Slow operation: 165ms so far, now at startProcess: returned from zygote!
06-04 11:05:47.288 W/ActivityManager( 689): Slow operation: 166ms so far, now at startProcess: done updating battery stats
06-04 11:05:47.288 W/ActivityManager( 689): Slow operation: 166ms so far, now at startProcess: building log message
06-04 11:05:47.288 I/ActivityManager( 689): Start proc 1878:com.android.dynsystem/1000 for broadcast {com.android.dynsystem/com.android.dynsystem.BootCompletedReceiver}
06-04 11:05:47.288 W/ActivityManager( 689): Slow operation: 166ms so far, now at startProcess: starting to update pids map
06-04 11:05:47.289 I/Zygote ( 1878): seccomp disabled by setenforce 0
06-04 11:05:47.293 D/xm_audio( 476): socket_thread start
06-04 11:05:47.293 D/xm_audio( 476): create socket g_is_running4
06-04 11:05:47.293 D/xm_audio( 476): create socket g_is_running5
06-04 11:05:47.293 E/xm_audio( 476): socket connect fail fd
06-04 11:05:47.293 E/xm_audio( 476): Error no: 111,Connection refused
06-04 11:05:47.293 E/xm_audio( 476): close cret:0
06-04 11:05:47.297 I/droid.dynsystem( 1878): Using CollectorTypeCC GC.
06-04 11:05:47.300 W/SQLiteLog( 1441): (28) double-quoted string literal: "1749006257226"
06-04 11:05:47.300 W/SQLiteLog( 1441): (28) double-quoted string literal: "BCA9D9BAD36E96EFC11C4D86B71E7242"
06-04 11:05:47.303 E/hq ( 1441): USBReceiver:::USBReceiver onReceive: action=android.intent.action.MEDIA_MOUNTED
06-04 11:05:47.305 E/droid.dynsystem( 1878): Not starting debugger since process cannot load the jdwp agent.
06-04 11:05:47.307 W/ActivityManager( 689): Slow operation: 181ms so far, now at startProcess: done updating pids map
06-04 11:05:47.326 D/CompatibilityChangeReporter( 689): Compat change id reported: 214016041; UID 1000; state: ENABLED
06-04 11:05:47.326 D/CompatibilityChangeReporter( 689): Compat change id reported: 214016041; UID 1000; state: DISABLED
06-04 11:05:47.328 I/ImeTracker( 689): com.dangbei.leard.leradlauncher:bf94637: onRequestHide at ORIGIN_SERVER_HIDE_INPUT reason HIDE_UNSPECIFIED_WINDOW
06-04 11:05:47.328 I/ImeTracker( 689): com.dangbei.leard.leradlauncher:bf94637: onCancelled at PHASE_SERVER_SHOULD_HIDE
06-04 11:05:47.332 W/SQLiteLog( 1441): (28) double-quoted string literal: "1749006257226"
06-04 11:05:47.332 W/SQLiteLog( 1441): (28) double-quoted string literal: "0"
06-04 11:05:47.332 W/SQLiteLog( 1441): (28) double-quoted string literal: ""
06-04 11:05:47.332 W/SQLiteLog( 1441): (28) double-quoted string literal: ""
06-04 11:05:47.332 W/SQLiteLog( 1441): (28) double-quoted string literal: "BCA9D9BAD36E96EFC11C4D86B71E7242"
06-04 11:05:47.343 I/DefaultIMS( 1440): onStartInput attribute=android.view.inputmethod.EditorInfo@e960af2 restarting=false inputType: 0
06-04 11:05:47.350 D/CompatibilityChangeReporter( 1721): Compat change id reported: 270306772; UID 10043; state: DISABLED
06-04 11:05:47.368 W/WindowOnBackDispatcher( 1269): sendCancelIfRunning: isInProgress=falsecallback=android.view.ViewRootImpl$$ExternalSyntheticLambda17@32027c0
06-04 11:05:47.369 D/CoreBackPreview( 689): Window{ad9fcec u0 com.android.tv.settings/com.android.tv.settings.system.FallbackHome}: Setting back callback null
06-04 11:05:47.379 W/InputManager-JNI( 689): Input channel object 'ad9fcec com.android.tv.settings/com.android.tv.settings.system.FallbackHome (client)' was disposed without first being removed with the input manager!
06-04 11:05:47.387 D/CompatibilityChangeReporter( 1721): Compat change id reported: 235355681; UID 10043; state: DISABLED
06-04 11:05:47.391 D/aaa ( 1473): topPkg is -------------- :com.dangbei.leard.leradlauncher
06-04 11:05:47.398 E/hq ( 1441): ErrorCoroutineExceptionHandler:::runTry error:java.net.UnknownHostException: Unable to resolve host "ottdbui-tyapiqun7.yysh.mgtv.com": No address associated with hostname from=requestAppBarData_loadData
06-04 11:05:47.421 D/XHttpObservable( 1699): handleRequest: start https://tyapi.qun7.com/v1/voice/getResponseControlPage ,,, isCache = false
06-04 11:05:47.426 D/CompatibilityChangeReporter( 1878): Compat change id reported: 171979766; UID 1000; state: ENABLED
06-04 11:05:47.426 D/CompatibilityChangeReporter( 1878): Compat change id reported: 242716250; UID 1000; state: ENABLED
06-04 11:05:47.436 I/ActivityManager( 689): Background started FGS: Allowed [callingPackage: com.dangbei.screencast; callingUid: 10043; uidState: FGS ; uidBFSL: [BFSL]; intent: Intent { cmp=com.dangbei.screencast/.huaweicast.service.HuaweiCastService }; code:PROC_STATE_FGS; tempAllowListReason:; targetSdkVersion:28; callerTargetSdkVersion:28; startForegroundCount:0; bindFromPackage:null: isBindService:false]
06-04 11:05:47.441 W/SQLiteLog( 1441): (28) double-quoted string literal: "9D9483C61F776F45CFC935A1F58A3622"
06-04 11:05:47.441 W/SQLiteLog( 1441): (28) double-quoted string literal: ""
06-04 11:05:47.441 W/SQLiteLog( 1441): (28) double-quoted string literal: "9D9483C61F776F45CFC935A1F58A3622"
06-04 11:05:47.441 W/SQLiteLog( 1441): (28) double-quoted string literal: "-1"
06-04 11:05:47.447 D/nativeloader( 1878): Configuring clns-shared-4 for other apk /system/priv-app/DynamicSystemInstallationService/DynamicSystemInstallationService.apk. target_sdk_version=34, uses_libraries=, library_path=/system/priv-app/DynamicSystemInstallationService/lib/arm:/system/priv-app/DynamicSystemInstallationService/DynamicSystemInstallationService.apk!/lib/armeabi-v7a:/system/lib:/system_ext/lib, permitted_path=/data:/mnt/expand:/data/user/0/com.android.dynsystem:/system/priv-app/DynamicSystemInstallationService:/system/lib:/system_ext/lib
06-04 11:05:47.421 W/SoundPool( 1699): Use of stream types is deprecated for operations other than volume control
06-04 11:05:47.451 W/SoundPool( 1699): See the documentation of SoundPool() for what to use instead with android.media.AudioAttributes to qualify your playback use case
06-04 11:05:47.446 E/H264FrameQueue( 1721): H264FrameQueue: mFullQueueCount:200
06-04 11:05:47.484 D/MobclickAgent( 1441): 创建新会话: 9D9483C61F776F45CFC935A1F58A3622
06-04 11:05:47.484 I/wpa_supplicant( 1146): assoc key_mgmt 0x2 network key_mgmt 0x142
06-04 11:05:47.485 I/wpa_supplicant( 1146): wlan0: Associated with 58:c7:ac:78:f0:10
06-04 11:05:47.485 I/wpa_supplicant( 1146): wlan0: WPA: RX message 1 of 4-Way Handshake from 58:c7:ac:78:f0:10 (ver=2)
06-04 11:05:47.485 I/wpa_supplicant( 1146): assoc key_mgmt 0x2 network key_mgmt 0x142
06-04 11:05:47.485 I/wpa_supplicant( 1146): wlan0: WPA: Sending EAPOL-Key 2/4
06-04 11:05:47.494 I/Tethering( 991): adding IpServer for: wlan0
06-04 11:05:47.498 E/FactoryResetOperateImpl( 1441): isFirstBoot 2
06-04 11:05:47.499 E/FactoryResetOperateImpl( 1441): isFirstBoot 2
06-04 11:05:47.500 D/View ( 1441):
06-04 11:05:47.501 D/View ( 1441):
06-04 11:05:47.501 D/wenhc ( 1441): getScreenInfo uri = content://com.dangbei.screencast.parts.info/screen_cast
06-04 11:05:47.501 D/View ( 1441):
06-04 11:05:47.502 D/View ( 1441):
06-04 11:05:47.502 D/View ( 1441):
06-04 11:05:47.503 D/View ( 1441):
06-04 11:05:47.503 I/wpa_supplicant( 1146): wlan0: CTRL-EVENT-SUBNET-STATUS-UPDATE status=0
06-04 11:05:47.503 D/View ( 1441):
06-04 11:05:47.504 I/wpa_supplicant( 1146): wlan0: RSN: RX message 3 of 4-Way Handshake from 58:c7:ac:78:f0:10 (ver=2)
06-04 11:05:47.504 I/wpa_supplicant( 1146): wlan0: WPA: Sending EAPOL-Key 4/4
06-04 11:05:47.504 D/View ( 1441):
06-04 11:05:47.504 D/View ( 1441):
06-04 11:05:47.505 D/View ( 1441):
06-04 11:05:47.505 D/View ( 1441):
06-04 11:05:47.505 I/WifiClientModeImpl[19843:wlan0]( 689): Update current security type to 2
06-04 11:05:47.506 D/View ( 1441):
06-04 11:05:47.506 D/View ( 1441):
06-04 11:05:47.510 W/ContextImpl( 689): Calling a method in the system process without a qualified user: android.app.ContextImpl.sendStickyBroadcast:1626 com.android.server.wifi.ClientModeImpl.sendNetworkChangeBroadcast:3008 com.android.server.wifi.ClientModeImpl.lambda$sendNetworkChangeBroadcastWithCurrentState$14:2985 com.android.server.wifi.ClientModeImpl.$r8$lambda$q-j88Pjw4gROgoJFr8wBlBVbuJI:0 com.android.server.wifi.ClientModeImpl$$ExternalSyntheticLambda4.send:0
06-04 11:05:47.511 D/View ( 1441):
06-04 11:05:47.513 I/WifiClientModeImpl[19843:wlan0]( 689): Update current security type to 2
06-04 11:05:47.513 D/View ( 1441):
06-04 11:05:47.514 D/View ( 1441):
06-04 11:05:47.520 D/View ( 1441):
06-04 11:05:47.521 D/View ( 1441):
06-04 11:05:47.521 D/View ( 1441):
06-04 11:05:47.522 D/View ( 1441):
06-04 11:05:47.522 D/View ( 1441):
06-04 11:05:47.522 D/View ( 1441):
06-04 11:05:47.523 D/View ( 1441):
06-04 11:05:47.523 D/View ( 1441):
06-04 11:05:47.524 D/View ( 1441):
06-04 11:05:47.524 D/View ( 1441):
06-04 11:05:47.525 W/System.err( 1441): java.net.UnknownHostException: Unable to resolve host "utoken.umeng.com": No address associated with hostname
06-04 11:05:47.526 W/System.err( 1441): at java.net.Inet6AddressImpl.lookupHostByName(Inet6AddressImpl.java:156)
06-04 11:05:47.526 W/System.err( 1441): at java.net.Inet6AddressImpl.lookupAllHostAddr(Inet6AddressImpl.java:103)
06-04 11:05:47.526 W/System.err( 1441): at java.net.InetAddress.getAllByName(InetAddress.java:1152)
06-04 11:05:47.537 V/GraphicsEnvironment( 1878): Currently set values for:
06-04 11:05:47.537 V/GraphicsEnvironment( 1878): angle_gl_driver_selection_pkgs=[]
06-04 11:05:47.537 V/GraphicsEnvironment( 1878): angle_gl_driver_selection_values=[]
06-04 11:05:47.538 V/GraphicsEnvironment( 1878): ANGLE GameManagerService for com.android.dynsystem: false
06-04 11:05:47.539 V/GraphicsEnvironment( 1878): com.android.dynsystem is not listed in per-application setting
06-04 11:05:47.539 V/GraphicsEnvironment( 1878): Neither updatable production driver nor prerelease driver is supported.
06-04 11:05:47.539 I/wpa_supplicant( 1146): assoc key_mgmt 0x2 network key_mgmt 0x142
06-04 11:05:47.540 W/System.err( 1699): java.net.UnknownHostException: Unable to resolve host "tyapi.qun7.com": No address associated with hostname
06-04 11:05:47.544 W/System.err( 1699): at java.net.Inet6AddressImpl.lookupHostByName(Inet6AddressImpl.java:156)
06-04 11:05:47.544 W/System.err( 1699): at java.net.Inet6AddressImpl.lookupAllHostAddr(Inet6AddressImpl.java:103)
06-04 11:05:47.544 W/System.err( 1699): at java.net.InetAddress.getAllByName(InetAddress.java:1152)
06-04 11:05:47.544 W/System.err( 1699): at com.android.okhttp.Dns$1.lookup(Dns.java:41)
06-04 11:05:47.545 W/System.err( 1699): at com.android.okhttp.internal.http.RouteSelector.resetNextInetSocketAddress(RouteSelector.java:178)
06-04 11:05:47.545 W/System.err( 1699): at com.android.okhttp.internal.http.RouteSelector.nextProxy(RouteSelector.java:144)
06-04 11:05:47.545 W/System.err( 1699): at com.android.okhttp.internal.http.RouteSelector.next(RouteSelector.java:86)
06-04 11:05:47.545 W/System.err( 1699): at com.android.okhttp.internal.http.StreamAllocation.findConnection(StreamAllocation.java:176)
06-04 11:05:47.545 W/System.err( 1699): at com.android.okhttp.internal.http.StreamAllocation.findHealthyConnection(StreamAllocation.java:128)
06-04 11:05:47.545 W/System.err( 1699): at com.android.okhttp.internal.http.StreamAllocation.newStream(StreamAllocation.java:97)
06-04 11:05:47.545 W/System.err( 1699): at com.android.okhttp.internal.http.HttpEngine.connect(HttpEngine.java:289)
06-04 11:05:47.545 W/System.err( 1699): at com.android.okhttp.internal.http.HttpEngine.sendRequest(HttpEngine.java:232)
06-04 11:05:47.545 W/System.err( 1699): at com.android.okhttp.internal.huc.HttpURLConnectionImpl.execute(HttpURLConnectionImpl.java:465)
06-04 11:05:47.545 W/System.err( 1699): at com.android.okhttp.internal.huc.HttpURLConnectionImpl.getResponse(HttpURLConnectionImpl.java:411)
06-04 11:05:47.545 W/System.err( 1699): at com.android.okhttp.internal.huc.HttpURLConnectionImpl.getResponseCode(HttpURLConnectionImpl.java:542)
06-04 11:05:47.545 W/System.err( 1699): at com.dangbei.statistics.UtilCommon.networkGetIp(UtilCommon.java:826)
06-04 11:05:47.545 W/System.err( 1699): at com.dangbei.statistics.UtilCommon$1.accept(UtilCommon.java:807)
06-04 11:05:47.545 W/System.err( 1699): at com.dangbei.statistics.UtilCommon$1.accept(UtilCommon.java:803)
06-04 11:05:47.545 W/System.err( 1699): at io.reactivex.internal.operators.observable.ObservableDoOnEach$DoOnEachObserver.onNext(ObservableDoOnEach.java:93)
06-04 11:05:47.545 W/System.err( 1699): at io.reactivex.internal.operators.observable.ObservableObserveOn$ObserveOnObserver.drainNormal(ObservableObserveOn.java:201)
06-04 11:05:47.545 W/System.err( 1699): at io.reactivex.internal.operators.observable.ObservableObserveOn$ObserveOnObserver.run(ObservableObserveOn.java:255)
06-04 11:05:47.545 W/System.err( 1699): at io.reactivex.internal.schedulers.ScheduledRunnable.run(ScheduledRunnable.java:66)
06-04 11:05:47.545 W/System.err( 1699): at io.reactivex.internal.schedulers.ScheduledRunnable.call(ScheduledRunnable.java:57)
06-04 11:05:47.545 W/System.err( 1699): at java.util.concurrent.FutureTask.run(FutureTask.java:264)
06-04 11:05:47.545 W/System.err( 1699): at java.util.concurrent.ScheduledThreadPoolExecutor$ScheduledFutureTask.run(ScheduledThreadPoolExecutor.java:307)
06-04 11:05:47.545 W/System.err( 1699): at java.util.concurrent.ThreadPoolExecutor.runWorker(ThreadPoolExecutor.java:1145)
06-04 11:05:47.545 W/System.err( 1699): at java.util.concurrent.ThreadPoolExecutor$Worker.run(ThreadPoolExecutor.java:644)
06-04 11:05:47.545 W/System.err( 1699): at java.lang.Thread.run(Thread.java:1012)
06-04 11:05:47.545 W/System.err( 1699): Caused by: android.system.GaiException: android_getaddrinfo failed: EAI_NODATA (No address associated with hostname)
06-04 11:05:47.545 W/System.err( 1699): at libcore.io.Linux.android_getaddrinfo(Native Method)
06-04 11:05:47.545 W/System.err( 1699): at libcore.io.ForwardingOs.android_getaddrinfo(ForwardingOs.java:133)
06-04 11:05:47.546 I/WifiService( 689): updateInterfaceIpState uid=1073
06-04 11:05:47.549 I/WifiClientModeImpl[19843:wlan0]( 689): Update current security type to 2
06-04 11:05:47.550 D/WifiService( 689): updateInterfaceIpState: ifaceName=wlan0 mode=-1 previous LOHS mode= -1
06-04 11:05:47.558 W/System.err( 1721): java.lang.NullPointerException: Attempt to invoke virtual method 'byte[] java.net.NetworkInterface.getHardwareAddress()' on a null object reference
06-04 11:05:47.560 W/System.err( 1721): at b.f.f.y.g.b(Unknown Source:11)
06-04 11:05:47.560 W/System.err( 1721): at b.d.a.a.p.c0(Unknown Source:2)
06-04 11:05:47.560 W/System.err( 1721): at com.dangbei.screencast.startup.StartupService.onCreate(:5)
06-04 11:05:47.560 W/System.err( 1721): at android.app.ActivityThread.handleCreateService(ActivityThread.java:4696)
06-04 11:05:47.560 W/System.err( 1721): at android.app.ActivityThread.-$$Nest$mhandleCreateService(Unknown Source:0)
06-04 11:05:47.560 W/System.err( 1721): at android.app.ActivityThread$H.handleMessage(ActivityThread.java:2293)
06-04 11:05:47.560 W/System.err( 1721): at android.os.Handler.dispatchMessage(Handler.java:106)
06-04 11:05:47.560 W/System.err( 1721): at android.os.Looper.loopOnce(Looper.java:205)
06-04 11:05:47.560 W/System.err( 1721): at android.os.Looper.loop(Looper.java:294)
06-04 11:05:47.562 W/System.err( 1721): at android.app.ActivityThread.main(ActivityThread.java:8255)
06-04 11:05:47.562 W/System.err( 1721): at java.lang.reflect.Method.invoke(Native Method)
06-04 11:05:47.562 W/System.err( 1721): at com.android.internal.os.RuntimeInit$MethodAndArgsCaller.run(RuntimeInit.java:552)
06-04 11:05:47.562 W/System.err( 1721): at com.android.internal.os.ZygoteInit.main(ZygoteInit.java:978)
06-04 11:05:47.570 I/ActivityManager( 689): com.android.managedprovisioning is exempt from freezer
06-04 11:05:47.571 D/CompatibilityChangeReporter( 689): Compat change id reported: 135634846; UID 10023; state: DISABLED
06-04 11:05:47.571 D/CompatibilityChangeReporter( 689): Compat change id reported: 177438394; UID 10023; state: DISABLED
06-04 11:05:47.571 D/CompatibilityChangeReporter( 689): Compat change id reported: 135772972; UID 10023; state: DISABLED
06-04 11:05:47.572 D/CompatibilityChangeReporter( 689): Compat change id reported: 135754954; UID 10023; state: ENABLED
06-04 11:05:47.573 D/CompatibilityChangeReporter( 689): Compat change id reported: 143937733; UID 10023; state: ENABLED
06-04 11:05:47.582 D/CompatibilityChangeReporter( 689): Compat change id reported: 261072174; UID 1000; state: DISABLED
06-04 11:05:47.600 W/System.err( 1699): at libcore.io.BlockGuardOs.android_getaddrinfo(BlockGuardOs.java:222)
06-04 11:05:47.600 W/System.err( 1699): at libcore.io.ForwardingOs.android_getaddrinfo(ForwardingOs.java:133)
