06-04 11:06:08.180 W/bei.lerad.rocky( 1699): ApkAssets: Deleting an ApkAssets object ' and /system/priv-app/ContactsProvider/ContactsProvider.apk' with 1 weak references
06-04 11:06:08.180 W/bei.lerad.rocky( 1699): ApkAssets: Deleting an ApkAssets object ' and /system/app/CaptivePortalLogin/CaptivePortalLogin.apk' with 1 weak references
06-04 11:06:08.180 W/bei.lerad.rocky( 1699): ApkAssets: Deleting an ApkAssets object ' and /apex/com.android.devicelock/priv-app/DeviceLockController@UD2A.240505.001.W1/DeviceLockController.apk' with 1 weak references
06-04 11:06:08.181 W/bei.lerad.rocky( 1699): ApkAssets: Deleting an ApkAssets object ' and /apex/com.android.extservices/priv-app/AdExtServicesApk@UD2A.240505.001.W1/AdExtServicesApk.apk' with 1 weak references
06-04 11:06:09.091 D/SntpClient( 689): request time failed: java.net.SocketTimeoutException: Poll timed out
06-04 11:06:09.091 D/SntpClient( 689): request time failed
06-04 11:06:09.105 I/WifiHAL ( 501): call wifi_get_link_stats handler
06-04 11:06:09.105 I/WifiHAL ( 501): Creating message to get link statistics; iface = 16
06-04 11:06:09.105 D/TrafficStats( 689): tagSocket(386) with statsTag=0xffffff41, statsUid=-1
06-04 11:06:09.105 D/WifiHAL ( 501): error code -95 mapped to -3
06-04 11:06:09.106 E/WifiStaIfaceAidlImpl( 689): getLinkLayerStats failed with service-specific exception: android.os.ServiceSpecificException: (code 4)
06-04 11:06:09.399 D/SntpClient( 689): round trip: 291ms, clock offset: 3523ms
06-04 11:06:09.402 D/SystemClockTime( 689): Setting time of day to sec=1749006372
06-04 11:06:12.925 E/LazyAlarmStore( 689): Removed TIME_TICK alarm
06-04 11:06:12.930 W/SyncManager( 689): Clock is valid now.
06-04 11:06:12.931 D/ConditionProviders.SCP( 689): onReceive android.intent.action.TIME_SET
06-04 11:06:12.948 D/EpgDataCleanupService( 2238): Received intent: Intent { act=com.android.providers.tv.intent.CLEAN_UP_EPG_DATA cmp=com.android.providers.tv/.EpgDataCleanupService }
06-04 11:06:12.948 D/ConditionProviders.SCP( 689): evaluateSubscriptionLocked cal=ScheduleCalendar[mDays={1, 2, 3, 4, 5, 6, 7}, mSchedule=ScheduleInfo{days=[1, 2, 3, 4, 5, 6, 7], startHour=22, startMinute=0, endHour=7, endMinute=0, exitAtAlarm=true, nextAlarm=Thu Jan 01 08:00:00 GMT+08:00 1970 (0)}], now=Wed Jun 04 11:06:12 GMT+08:00 2025 (1749006372931), nextUserAlarmTime=Thu Jan 01 08:00:00 GMT+08:00 1970 (0)
06-04 11:06:12.949 D/ConditionProviders.SCP( 689): notifyCondition condition://android/schedule?days=1.2.3.4.5.6.7&start=22.0&end=7.0&exitAtAlarm=true STATE_FALSE reason=!meetsSchedule
06-04 11:06:12.950 D/ConditionProviders.SCP( 689): Scheduling evaluate for Wed Jun 04 22:00:00 GMT+08:00 2025 (1749045600000), in +10h53m47s69ms, now=Wed Jun 04 11:06:12 GMT+08:00 2025 (1749006372931)
06-04 11:06:12.951 D/CompatibilityChangeReporter( 689): Compat change id reported: 171306433; UID 1000; state: ENABLED
06-04 11:06:12.951 D/CompatibilityChangeReporter( 689): Compat change id reported: 218533173; UID 1000; state: ENABLED
06-04 11:06:12.954 I/UsageStatsService( 689): User[0] Time changed in by 3 seconds
06-04 11:06:12.954 I/UsageStatsService( 689): User[0] Flushing usage stats to disk
06-04 11:06:12.959 D/CompatibilityChangeReporter( 689): Compat change id reported: 143231523; UID 1000; state: DISABLED
06-04 11:06:12.974 I/UsageStatsDatabase( 689): Time changed by +3s522ms. files deleted: 0 files moved: 4
06-04 11:06:12.982 I/UsageStatsService( 689): User[0] Rollover scheduled @ 2025-06-05 10:57:57(1749092277201)
06-04 11:06:12.986 D/CompatibilityChangeReporter( 689): Compat change id reported: 218533173; UID 10016; state: ENABLED
06-04 11:06:12.986 D/CompatibilityChangeReporter( 689): Compat change id reported: 262645982; UID 10016; state: ENABLED
06-04 11:06:12.987 D/CompatibilityChangeReporter( 689): Compat change id reported: 218533173; UID 10040; state: DISABLED
06-04 11:06:12.987 D/CompatibilityChangeReporter( 689): Compat change id reported: 262645982; UID 10040; state: DISABLED
06-04 11:06:12.988 D/CompatibilityChangeReporter( 689): Compat change id reported: 218533173; UID 10018; state: ENABLED
06-04 11:06:12.988 D/CompatibilityChangeReporter( 689): Compat change id reported: 262645982; UID 10018; state: ENABLED
06-04 11:06:12.990 D/CompatibilityChangeReporter( 689): Compat change id reported: 218533173; UID 10027; state: ENABLED
06-04 11:06:12.989 I//apex/com.android.adbd/bin/adbd( 1357): type=1400 audit(0.0:1079): avc: denied { search } for comm=75736220666673206F70656E name="/" dev="functionfs" ino=23303 scontext=u:r:su:s0 tcontext=u:object_r:functionfs:s0 tclass=dir permissive=1
06-04 11:06:12.990 D/CompatibilityChangeReporter( 689): Compat change id reported: 262645982; UID 10027; state: ENABLED
06-04 11:06:12.994 D/CompatibilityChangeReporter( 689): Compat change id reported: 218533173; UID 10026; state: DISABLED
06-04 11:06:12.994 D/CompatibilityChangeReporter( 689): Compat change id reported: 262645982; UID 10026; state: DISABLED
06-04 11:06:12.995 D/CompatibilityChangeReporter( 689): Compat change id reported: 218533173; UID 10043; state: DISABLED
06-04 11:06:12.995 D/CompatibilityChangeReporter( 689): Compat change id reported: 262645982; UID 10043; state: DISABLED
06-04 11:06:12.996 D/CompatibilityChangeReporter( 689): Compat change id reported: 218533173; UID 10069; state: ENABLED
06-04 11:06:12.997 D/CompatibilityChangeReporter( 689): Compat change id reported: 262645982; UID 10069; state: ENABLED
06-04 11:06:12.999 D/CompatibilityChangeReporter( 689): Compat change id reported: 218533173; UID 10025; state: ENABLED
06-04 11:06:12.999 D/CompatibilityChangeReporter( 689): Compat change id reported: 262645982; UID 10025; state: ENABLED
06-04 11:06:13.000 D/CompatibilityChangeReporter( 689): Compat change id reported: 218533173; UID 10023; state: ENABLED
06-04 11:06:13.000 D/CompatibilityChangeReporter( 689): Compat change id reported: 262645982; UID 10023; state: ENABLED
06-04 11:06:13.002 D/CompatibilityChangeReporter( 689): Compat change id reported: 218533173; UID 10049; state: DISABLED
06-04 11:06:13.002 D/CompatibilityChangeReporter( 689): Compat change id reported: 262645982; UID 10049; state: DISABLED
06-04 11:06:13.003 D/CompatibilityChangeReporter( 689): Compat change id reported: 218533173; UID 10017; state: ENABLED
06-04 11:06:13.003 D/CompatibilityChangeReporter( 689): Compat change id reported: 262645982; UID 10017; state: ENABLED
06-04 11:06:13.003 D/CompatibilityChangeReporter( 689): Compat change id reported: 218533173; UID 10058; state: ENABLED
06-04 11:06:13.004 D/CompatibilityChangeReporter( 689): Compat change id reported: 262645982; UID 10058; state: ENABLED
06-04 11:06:13.005 D/CompatibilityChangeReporter( 689): Compat change id reported: 218533173; UID 10057; state: ENABLED
06-04 11:06:13.005 D/CompatibilityChangeReporter( 689): Compat change id reported: 262645982; UID 10057; state: ENABLED
06-04 11:06:15.005 I/adbd ( 1357): type=1400 audit(0.0:1080): avc: denied { read } for name="u:object_r:device_logging_prop:s0" dev="tmpfs" ino=213 scontext=u:r:su:s0 tcontext=u:object_r:device_logging_prop:s0 tclass=file permissive=1
06-04 11:06:15.005 I/adbd ( 1357): type=1400 audit(0.0:1081): avc: denied { open } for path="/dev/__properties__/u:object_r:device_logging_prop:s0" dev="tmpfs" ino=213 scontext=u:r:su:s0 tcontext=u:object_r:device_logging_prop:s0 tclass=file permissive=1
06-04 11:06:15.005 I/adbd ( 1357): type=1400 audit(0.0:1082): avc: denied { getattr } for path="/dev/__properties__/u:object_r:device_logging_prop:s0" dev="tmpfs" ino=213 scontext=u:r:su:s0 tcontext=u:object_r:device_logging_prop:s0 tclass=file permissive=1
06-04 11:06:15.005 I/adbd ( 1357): type=1400 audit(0.0:1083): avc: denied { map } for path="/dev/__properties__/u:object_r:device_logging_prop:s0" dev="tmpfs" ino=213 scontext=u:r:su:s0 tcontext=u:object_r:device_logging_prop:s0 tclass=file permissive=1
06-04 11:06:15.009 I/adbd ( 2682): type=1400 audit(0.0:1084): avc: denied { execute } for name="sh" dev="dm-8" ino=19226003 scontext=u:r:su:s0 tcontext=u:object_r:shell_exec:s0 tclass=file permissive=1
06-04 11:06:15.009 I/adbd ( 2682): type=1400 audit(0.0:1085): avc: denied { read open } for path="/system/bin/sh" dev="dm-8" ino=19226003 scontext=u:r:su:s0 tcontext=u:object_r:shell_exec:s0 tclass=file permissive=1
06-04 11:06:15.185 D/OomAdjuster( 689): Not killing cached processes
06-04 11:06:15.560 E/Tethering( 991): [wlan0.IpNeighborMonitor] ERROR readPacket error: : read failed: ENOBUFS (No buffer space available)
06-04 11:06:15.560 E/Tethering( 991): android.system.ErrnoException: read failed: ENOBUFS (No buffer space available)
06-04 11:06:15.560 E/Tethering( 991): at libcore.io.Linux.readBytes(Native Method)
06-04 11:06:15.560 E/Tethering( 991): at libcore.io.Linux.read(Linux.java:190)
06-04 11:06:15.560 E/Tethering( 991): at libcore.io.ForwardingOs.read(ForwardingOs.java:613)
06-04 11:06:15.560 E/Tethering( 991): at libcore.io.BlockGuardOs.read(BlockGuardOs.java:325)
06-04 11:06:15.560 E/Tethering( 991): at libcore.io.ForwardingOs.read(ForwardingOs.java:613)
06-04 11:06:15.560 E/Tethering( 991): at android.system.Os.read(Os.java:571)
06-04 11:06:15.560 E/Tethering( 991): at com.android.networkstack.tethering.util.PacketReader.readPacket(PacketReader.java:57)
06-04 11:06:15.560 E/Tethering( 991): at com.android.networkstack.tethering.util.PacketReader.readPacket(PacketReader.java:32)
06-04 11:06:15.560 E/Tethering( 991): at com.android.networkstack.tethering.util.FdEventsReader.handleInput(FdEventsReader.java:237)
06-04 11:06:15.560 E/Tethering( 991): at com.android.networkstack.tethering.util.FdEventsReader.lambda$createAndRegisterFd$0(FdEventsReader.java:217)
06-04 11:06:15.560 E/Tethering( 991): at com.android.networkstack.tethering.util.FdEventsReader.$r8$lambda$hO54Bijxt4hTUz0s2LBxGAFSDjY(FdEventsReader.java:0)
06-04 11:06:15.560 E/Tethering( 991): at com.android.networkstack.tethering.util.FdEventsReader$$ExternalSyntheticLambda0.onFileDescriptorEvents(R8$$SyntheticClass:0)
06-04 11:06:15.560 E/Tethering( 991): at android.os.MessageQueue.dispatchEvents(MessageQueue.java:293)
06-04 11:06:15.560 E/Tethering( 991): at android.os.MessageQueue.nativePollOnce(Native Method)
06-04 11:06:15.560 E/Tethering( 991): at android.os.MessageQueue.next(MessageQueue.java:335)
06-04 11:06:15.560 E/Tethering( 991): at android.os.Looper.loopOnce(Looper.java:162)
06-04 11:06:15.560 E/Tethering( 991): at android.os.Looper.loop(Looper.java:294)
06-04 11:06:15.560 E/Tethering( 991): at android.os.HandlerThread.run(HandlerThread.java:67)
06-04 11:06:15.560 E/IpClient.wlan0( 991): [IpReachabilityMonitor.IpNeighborMonitor] ERROR readPacket error: : read failed: ENOBUFS (No buffer space available)
06-04 11:06:15.560 E/IpClient.wlan0( 991): android.system.ErrnoException: read failed: ENOBUFS (No buffer space available)
06-04 11:06:15.560 E/IpClient.wlan0( 991): at libcore.io.Linux.readBytes(Native Method)
06-04 11:06:15.560 E/IpClient.wlan0( 991): at libcore.io.Linux.read(Linux.java:190)
06-04 11:06:15.560 E/IpClient.wlan0( 991): at libcore.io.ForwardingOs.read(ForwardingOs.java:613)
06-04 11:06:15.560 E/IpClient.wlan0( 991): at libcore.io.BlockGuardOs.read(BlockGuardOs.java:325)
06-04 11:06:15.560 E/IpClient.wlan0( 991): at libcore.io.ForwardingOs.read(ForwardingOs.java:613)
06-04 11:06:15.560 E/IpClient.wlan0( 991): at android.system.Os.read(Os.java:571)
06-04 11:06:15.560 E/IpClient.wlan0( 991): at com.android.networkstack.com.android.net.module.util.PacketReader.readPacket(PacketReader.java:57)
06-04 11:06:15.560 E/IpClient.wlan0( 991): at com.android.networkstack.com.android.net.module.util.PacketReader.readPacket(PacketReader.java:32)
06-04 11:06:15.560 E/IpClient.wlan0( 991): at com.android.networkstack.com.android.net.module.util.FdEventsReader.handleInput(FdEventsReader.java:237)
06-04 11:06:15.560 E/IpClient.wlan0( 991): at com.android.networkstack.com.android.net.module.util.FdEventsReader.lambda$createAndRegisterFd$0(FdEventsReader.java:217)
06-04 11:06:15.560 E/IpClient.wlan0( 991): at com.android.networkstack.com.android.net.module.util.FdEventsReader.$r8$lambda$2ruKbH72W_bSk1na0JLGasMr4OE(FdEventsReader.java:0)
06-04 11:06:15.560 E/IpClient.wlan0( 991): at com.android.networkstack.com.android.net.module.util.FdEventsReader$$ExternalSyntheticLambda0.onFileDescriptorEvents(R8$$SyntheticClass:0)
06-04 11:06:15.560 E/IpClient.wlan0( 991): at android.os.MessageQueue.dispatchEvents(MessageQueue.java:293)
06-04 11:06:15.560 E/IpClient.wlan0( 991): at android.os.MessageQueue.nativePollOnce(Native Method)
06-04 11:06:15.560 E/IpClient.wlan0( 991): at android.os.MessageQueue.next(MessageQueue.java:335)
06-04 11:06:15.560 E/IpClient.wlan0( 991): at android.os.Looper.loopOnce(Looper.java:162)
06-04 11:06:15.560 E/IpClient.wlan0( 991): at android.os.Looper.loop(Looper.java:294)
06-04 11:06:15.560 E/IpClient.wlan0( 991): at android.os.HandlerThread.run(HandlerThread.java:67)
06-04 11:06:15.560 E/IpNeighborMonitor( 991): Errno: ENOBUFS
06-04 11:06:15.561 E/IpNeighborMonitor( 991): Errno: ENOBUFS
06-04 11:06:15.634 I/WifiHAL ( 501): call wifi_get_link_stats handler
06-04 11:06:15.634 I/WifiHAL ( 501): Creating message to get link statistics; iface = 16
06-04 11:06:15.634 D/WifiHAL ( 501): error code -95 mapped to -3
06-04 11:06:15.635 E/WifiStaIfaceAidlImpl( 689): getLinkLayerStats failed with service-specific exception: android.os.ServiceSpecificException: (code 4)
06-04 11:06:15.640 D/TrafficStats( 2258): tagSocket(75) with statsTag=0x0, statsUid=-1
06-04 11:06:16.633 I/cling--ap-3( 1721): type=1400 audit(0.0:1092): avc: denied { search } for name="net" dev="sysfs" ino=12344 scontext=u:r:untrusted_app_27:s0:c43,c256,c512,c768 tcontext=u:object_r:sysfs_net:s0 tclass=dir permissive=1 app=com.dangbei.screencast
06-04 11:06:17.966 D/CompatibilityChangeReporter( 689): Compat change id reported: 261072174; UID 1000; state: ENABLED
06-04 11:06:18.642 I/WifiHAL ( 501): call wifi_get_link_stats handler
06-04 11:06:18.642 I/WifiHAL ( 501): Creating message to get link statistics; iface = 16
06-04 11:06:18.642 D/WifiHAL ( 501): error code -95 mapped to -3
06-04 11:06:18.643 E/WifiStaIfaceAidlImpl( 689): getLinkLayerStats failed with service-specific exception: android.os.ServiceSpecificException: (code 4)
06-04 11:06:19.839 W/id.ext.services( 1109): ApkAssets: Deleting an ApkAssets object ' and /system/app/dangbei-screencast/dangbei-screencast.apk' with 1 weak references
06-04 11:06:21.646 I/WifiHAL ( 501): call wifi_get_link_stats handler
06-04 11:06:21.646 I/WifiHAL ( 501): Creating message to get link statistics; iface = 16
06-04 11:06:21.646 D/WifiHAL ( 501): error code -95 mapped to -3
06-04 11:06:21.647 E/WifiStaIfaceAidlImpl( 689): getLinkLayerStats failed with service-specific exception: android.os.ServiceSpecificException: (code 4)
06-04 11:06:21.993 I/adbd ( 2696): type=1400 audit(0.0:1093): avc: denied { read write } for name="0" dev="devpts" ino=3 scontext=u:r:su:s0 tcontext=u:object_r:devpts:s0 tclass=chr_file permissive=1
06-04 11:06:21.993 I/adbd ( 2696): type=1400 audit(0.0:1094): avc: denied { open } for path="/dev/pts/0" dev="devpts" ino=3 scontext=u:r:su:s0 tcontext=u:object_r:devpts:s0 tclass=chr_file permissive=1
06-04 11:06:22.009 I/sh ( 2696): type=1400 audit(0.0:1095): avc: denied { getattr } for path="/dev/pts/0" dev="devpts" ino=3 scontext=u:r:su:s0 tcontext=u:object_r:devpts:s0 tclass=chr_file permissive=1
06-04 11:06:22.009 I/sh ( 2696): type=1400 audit(0.0:1096): avc: denied { ioctl } for path="/dev/pts/0" dev="devpts" ino=3 ioctlcmd=0x5401 scontext=u:r:su:s0 tcontext=u:object_r:devpts:s0 tclass=chr_file permissive=1
06-04 11:06:22.009 I/sh ( 2696): type=1400 audit(0.0:1097): avc: denied { read } for name="mkshrc" dev="dm-8" ino=19934720 scontext=u:r:su:s0 tcontext=u:object_r:system_file:s0 tclass=file permissive=1
06-04 11:06:22.009 I/sh ( 2696): type=1400 audit(0.0:1098): avc: denied { open } for path="/system/etc/mkshrc" dev="dm-8" ino=19934720 scontext=u:r:su:s0 tcontext=u:object_r:system_file:s0 tclass=file permissive=1
06-04 11:06:23.546 D/ActivityManager( 689): freezing 2238 com.android.providers.tv
06-04 11:06:24.654 I/WifiHAL ( 501): call wifi_get_link_stats handler
06-04 11:06:24.654 I/WifiHAL ( 501): Creating message to get link statistics; iface = 16
06-04 11:06:24.654 D/WifiHAL ( 501): error code -95 mapped to -3
06-04 11:06:24.654 E/WifiStaIfaceAidlImpl( 689): getLinkLayerStats failed with service-specific exception: android.os.ServiceSpecificException: (code 4)
06-04 11:06:24.705 I/sh ( 2696): type=1400 audit(0.0:1099): avc: denied { getattr } for path="/system/bin/toybox" dev="dm-8" ino=19432682 scontext=u:r:su:s0 tcontext=u:object_r:toolbox_exec:s0 tclass=file permissive=1
06-04 11:06:24.705 I/sh ( 2696): type=1400 audit(0.0:1100): avc: denied { execute } for name="toybox" dev="dm-8" ino=19432682 scontext=u:r:su:s0 tcontext=u:object_r:toolbox_exec:s0 tclass=file permissive=1
06-04 11:06:24.705 I/sh ( 2702): type=1400 audit(0.0:1101): avc: denied { read open } for path="/system/bin/toybox" dev="dm-8" ino=19432682 scontext=u:r:su:s0 tcontext=u:object_r:toolbox_exec:s0 tclass=file permissive=1
06-04 11:06:24.705 I/sh ( 2702): type=1400 audit(0.0:1102): avc: denied { execute_no_trans } for path="/system/bin/toybox" dev="dm-8" ino=19432682 scontext=u:r:su:s0 tcontext=u:object_r:toolbox_exec:s0 tclass=file permissive=1
06-04 11:06:24.705 I/ls ( 2702): type=1400 audit(0.0:1103): avc: denied { map } for path="/system/bin/toybox" dev="dm-8" ino=19432682 scontext=u:r:su:s0 tcontext=u:object_r:toolbox_exec:s0 tclass=file permissive=1
06-04 11:06:24.729 I/ls ( 2702): type=1400 audit(0.0:1104): avc: denied { read } for name="/" dev="dm-8" ino=59 scontext=u:r:su:s0 tcontext=u:object_r:rootfs:s0 tclass=dir permissive=1
06-04 11:06:24.729 I/ls ( 2702): type=1400 audit(0.0:1105): avc: denied { open } for path="/" dev="dm-8" ino=59 scontext=u:r:su:s0 tcontext=u:object_r:rootfs:s0 tclass=dir permissive=1
06-04 11:06:24.729 I/ls ( 2702): type=1400 audit(0.0:1106): avc: denied { getattr } for path="/cache" dev="dm-8" ino=95 scontext=u:r:su:s0 tcontext=u:object_r:cache_file:s0 tclass=lnk_file permissive=1
06-04 11:06:26.877 D/TrafficStats( 1721): tagSocket(222) with statsTag=0xffffffff, statsUid=-1
06-04 11:06:27.658 I/WifiHAL ( 501): call wifi_get_link_stats handler
06-04 11:06:27.658 I/WifiHAL ( 501): Creating message to get link statistics; iface = 16
06-04 11:06:27.659 D/WifiHAL ( 501): error code -95 mapped to -3
06-04 11:06:27.659 E/WifiStaIfaceAidlImpl( 689): getLinkLayerStats failed with service-specific exception: android.os.ServiceSpecificException: (code 4)
06-04 11:06:29.077 I/ls ( 2713): type=1400 audit(0.0:1118): avc: denied { read } for name="/" dev="dm-50" ino=3 scontext=u:r:su:s0 tcontext=u:object_r:system_data_root_file:s0 tclass=dir permissive=1
06-04 11:06:29.077 I/ls ( 2713): type=1400 audit(0.0:1119): avc: denied { open } for path="/data" dev="dm-50" ino=3 scontext=u:r:su:s0 tcontext=u:object_r:system_data_root_file:s0 tclass=dir permissive=1
06-04 11:06:29.077 I/ls ( 2713): type=1400 audit(0.0:1120): avc: denied { getattr } for path="/data/unencrypted" dev="dm-50" ino=8 scontext=u:r:su:s0 tcontext=u:object_r:unencrypted_data_file:s0 tclass=dir permissive=1
06-04 11:06:29.077 I/ls ( 2713): type=1400 audit(0.0:1121): avc: denied { getattr } for path="/data/bootchart" dev="dm-50" ino=17 scontext=u:r:su:s0 tcontext=u:object_r:bootchart_data_file:s0 tclass=dir permissive=1
06-04 11:06:29.077 I/ls ( 2713): type=1400 audit(0.0:1122): avc: denied { getattr } for path="/data/anr" dev="dm-50" ino=20 scontext=u:r:su:s0 tcontext=u:object_r:anr_data_file:s0 tclass=dir permissive=1
06-04 11:06:30.662 I/WifiHAL ( 501): call wifi_get_link_stats handler
06-04 11:06:30.662 I/WifiHAL ( 501): Creating message to get link statistics; iface = 16
06-04 11:06:30.662 D/WifiHAL ( 501): error code -95 mapped to -3
06-04 11:06:30.663 E/WifiStaIfaceAidlImpl( 689): getLinkLayerStats failed with service-specific exception: android.os.ServiceSpecificException: (code 4)
06-04 11:06:31.244 E/WifiHealthMonitor( 689): Hit PackageManager exception
06-04 11:06:31.244 E/WifiHealthMonitor( 689): android.content.pm.PackageManager$NameNotFoundException: No module info for package: com.android.wifi
06-04 11:06:31.244 E/WifiHealthMonitor( 689): at android.app.ApplicationPackageManager.getModuleInfo(ApplicationPackageManager.java:1190)
06-04 11:06:31.244 E/WifiHealthMonitor( 689): at com.android.server.wifi.WifiHealthMonitor.getWifiStackVersion(WifiHealthMonitor.java:367)
06-04 11:06:31.244 E/WifiHealthMonitor( 689): at com.android.server.wifi.WifiHealthMonitor.extractCurrentSoftwareBuildInfo(WifiHealthMonitor.java:588)
06-04 11:06:31.244 E/WifiHealthMonitor( 689): at com.android.server.wifi.WifiHealthMonitor.postBootSwBuildCheck(WifiHealthMonitor.java:523)
06-04 11:06:31.244 E/WifiHealthMonitor( 689): at com.android.server.wifi.WifiHealthMonitor.postBootDetectionHandler(WifiHealthMonitor.java:514)
06-04 11:06:31.244 E/WifiHealthMonitor( 689): at com.android.server.wifi.WifiHealthMonitor.-$$Nest$mpostBootDetectionHandler(WifiHealthMonitor.java:0)
06-04 11:06:31.244 E/WifiHealthMonitor( 689): at com.android.server.wifi.WifiHealthMonitor$2.onAlarm(WifiHealthMonitor.java:190)
06-04 11:06:31.244 E/WifiHealthMonitor( 689): at android.app.AlarmManager$ListenerWrapper.run(AlarmManager.java:375)
06-04 11:06:31.244 E/WifiHealthMonitor( 689): at android.os.Handler.handleCallback(Handler.java:958)
06-04 11:06:31.244 E/WifiHealthMonitor( 689): at android.os.Handler.dispatchMessage(Handler.java:99)
06-04 11:06:31.244 E/WifiHealthMonitor( 689): at com.android.server.wifi.RunnerHandler.dispatchMessage(RunnerHandler.java:122)
06-04 11:06:31.244 E/WifiHealthMonitor( 689): at android.os.Looper.loopOnce(Looper.java:205)
06-04 11:06:31.244 E/WifiHealthMonitor( 689): at android.os.Looper.loop(Looper.java:294)
06-04 11:06:31.244 E/WifiHealthMonitor( 689): at android.os.HandlerThread.run(HandlerThread.java:67)
06-04 11:06:32.950 D/OomAdjuster( 689): Not killing cached processes
06-04 11:06:33.667 I/WifiHAL ( 501): call wifi_get_link_stats handler
06-04 11:06:33.668 I/WifiHAL ( 501): Creating message to get link statistics; iface = 16
06-04 11:06:33.668 D/WifiHAL ( 501): error code -95 mapped to -3
06-04 11:06:33.668 E/WifiStaIfaceAidlImpl( 689): getLinkLayerStats failed with service-specific exception: android.os.ServiceSpecificException: (code 4)
06-04 11:06:33.737 I//apex/com.android.adbd/bin/adbd( 1357): type=1400 audit(0.0:1149): avc: denied { write } for comm=75736220666673206F70656E name="property_service" dev="tmpfs" ino=411 scontext=u:r:su:s0 tcontext=u:object_r:property_socket:s0 tclass=sock_file permissive=1
06-04 11:06:35.651 D/nStackXCoAP( 2477): IsInSameNetwork:[276] :IsInSameNetwork exec
06-04 11:06:35.651 I/nStackXDFinder( 2477): GetLocalInterfaceDetail:[461] :GetLocalInterfaceDetail in
06-04 11:06:35.651 E/nStackXCoAP( 2477): IsInSameNetwork:[281] :IsInSameNetwork: not priority process
06-04 11:06:35.651 D/nStackXCoAP( 2477): ParseServiceDiscover:[330] :new device join
06-04 11:06:35.651 I/nStackXDFinder( 2477): NotifyDeviceListChanged:[540] :notify callback: device list changed callback is null
06-04 11:06:35.651 E/nStackXDFinder( 2477): GetLocalIp:[401] :GetLocalIp exec
06-04 11:06:35.653 D/TrafficStats( 2258): tagSocket(5) with statsTag=0x0, statsUid=-1
06-04 11:06:35.856 D/nStackXCoAP( 2477): IsInSameNetwork:[276] :IsInSameNetwork exec
06-04 11:06:35.856 I/nStackXDFinder( 2477): GetLocalInterfaceDetail:[461] :GetLocalInterfaceDetail in
06-04 11:06:35.856 E/nStackXCoAP( 2477): IsInSameNetwork:[281] :IsInSameNetwork: not priority process
06-04 11:06:35.856 D/nStackXCoAP( 2477): ParseServiceDiscover:[330] :new device join
06-04 11:06:35.856 E/nStackXDFinder( 2477): GetLocalIp:[401] :GetLocalIp exec
06-04 11:06:36.081 I/cling--ap-1( 1721): type=1400 audit(0.0:1150): avc: denied { read } for name="address" dev="sysfs" ino=22126 scontext=u:r:untrusted_app_27:s0:c43,c256,c512,c768 tcontext=u:object_r:sysfs_net:s0 tclass=file permissive=1 app=com.dangbei.screencast
06-04 11:06:36.081 I/cling--ap-1( 1721): type=1400 audit(0.0:1151): avc: denied { open } for path="/sys/devices/virtual/net/dummy0/address" dev="sysfs" ino=22126 scontext=u:r:untrusted_app_27:s0:c43,c256,c512,c768 tcontext=u:object_r:sysfs_net:s0 tclass=file permissive=1 app=com.dangbei.screencast
06-04 11:06:36.081 I/cling--ap-1( 1721): type=1400 audit(0.0:1152): avc: denied { getattr } for path="/sys/devices/virtual/net/dummy0/address" dev="sysfs" ino=22126 scontext=u:r:untrusted_app_27:s0:c43,c256,c512,c768 tcontext=u:object_r:sysfs_net:s0 tclass=file permissive=1 app=com.dangbei.screencast
06-04 11:06:36.674 I/WifiHAL ( 501): call wifi_get_link_stats handler
06-04 11:06:36.674 I/WifiHAL ( 501): Creating message to get link statistics; iface = 16
06-04 11:06:36.674 D/WifiHAL ( 501): error code -95 mapped to -3
06-04 11:06:36.675 E/WifiStaIfaceAidlImpl( 689): getLinkLayerStats failed with service-specific exception: android.os.ServiceSpecificException: (code 4)
06-04 11:06:36.801 I/binder:458_3( 458): type=1400 audit(0.0:1153): avc: denied { add_name } for name="globalAlert" scontext=u:r:netd:s0 tcontext=u:object_r:proc_net:s0 tclass=dir permissive=1
06-04 11:06:37.094 D/nStackXCoAP( 2477): IsInSameNetwork:[276] :IsInSameNetwork exec
06-04 11:06:37.094 I/nStackXDFinder( 2477): GetLocalInterfaceDetail:[461] :GetLocalInterfaceDetail in
06-04 11:06:37.094 E/nStackXCoAP( 2477): IsInSameNetwork:[281] :IsInSameNetwork: not priority process
06-04 11:06:37.094 D/nStackXCoAP( 2477): ParseServiceDiscover:[330] :new device join
06-04 11:06:37.094 E/nStackXDFinder( 2477): GetLocalIp:[401] :GetLocalIp exec
06-04 11:06:37.582 D/nStackXCoAP( 2477): IsInSameNetwork:[276] :IsInSameNetwork exec
06-04 11:06:37.582 I/nStackXDFinder( 2477): GetLocalInterfaceDetail:[461] :GetLocalInterfaceDetail in
06-04 11:06:37.582 E/nStackXCoAP( 2477): IsInSameNetwork:[281] :IsInSameNetwork: not priority process
06-04 11:06:37.582 D/nStackXCoAP( 2477): ParseServiceDiscover:[330] :new device join
06-04 11:06:37.582 E/nStackXDFinder( 2477): GetLocalIp:[401] :GetLocalIp exec
06-04 11:06:38.007 I/audio_hw_hal_alsamgr( 476): alsa format =0x1 delay frames =768 total frames=3002880
06-04 11:06:38.009 I/rainbow_flow( 2218): type=1400 audit(0.0:1154): avc: denied { ioctl } for path="/dev/spidev1.0" dev="tmpfs" ino=550 ioctlcmd=0x6b00 scontext=u:r:init:s0 tcontext=u:object_r:device:s0 tclass=chr_file permissive=1
06-04 11:06:38.118 D/nStackXCoAP( 2477): IsInSameNetwork:[276] :IsInSameNetwork exec
06-04 11:06:38.118 I/nStackXDFinder( 2477): GetLocalInterfaceDetail:[461] :GetLocalInterfaceDetail in
06-04 11:06:38.118 E/nStackXCoAP( 2477): IsInSameNetwork:[281] :IsInSameNetwork: not priority process
06-04 11:06:38.118 D/nStackXCoAP( 2477): ParseServiceDiscover:[330] :new device join
06-04 11:06:38.118 E/nStackXDFinder( 2477): GetLocalIp:[401] :GetLocalIp exec
06-04 11:06:39.008 D/nStackXCoAP( 2477): CoapMessageHandler:[133] :2.01
06-04 11:06:39.119 D/nStackXCoAP( 2477): IsInSameNetwork:[276] :IsInSameNetwork exec
06-04 11:06:39.119 I/nStackXDFinder( 2477): GetLocalInterfaceDetail:[461] :GetLocalInterfaceDetail in
06-04 11:06:39.119 E/nStackXCoAP( 2477): IsInSameNetwork:[281] :IsInSameNetwork: not priority process
06-04 11:06:39.119 D/nStackXCoAP( 2477): ParseServiceDiscover:[330] :new device join
06-04 11:06:39.119 E/nStackXDFinder( 2477): GetLocalIp:[401] :GetLocalIp exec
06-04 11:06:39.649 D/nStackXCoAP( 2477): IsInSameNetwork:[276] :IsInSameNetwork exec
06-04 11:06:39.650 I/nStackXDFinder( 2477): GetLocalInterfaceDetail:[461] :GetLocalInterfaceDetail in
06-04 11:06:39.650 E/nStackXCoAP( 2477): IsInSameNetwork:[281] :IsInSameNetwork: not priority process
06-04 11:06:39.650 D/nStackXCoAP( 2477): ParseServiceDiscover:[330] :new device join
06-04 11:06:39.650 E/nStackXDFinder( 2477): GetLocalIp:[401] :GetLocalIp exec
06-04 11:06:39.681 I/WifiHAL ( 501): call wifi_get_link_stats handler
06-04 11:06:39.681 I/WifiHAL ( 501): Creating message to get link statistics; iface = 16
06-04 11:06:39.681 D/WifiHAL ( 501): error code -95 mapped to -3
06-04 11:06:39.682 E/WifiStaIfaceAidlImpl( 689): getLinkLayerStats failed with service-specific exception: android.os.ServiceSpecificException: (code 4)
06-04 11:06:41.930 I/UsageStatsService( 689): Time changed in by 3 seconds
06-04 11:06:41.933 D/OomAdjuster( 689): Not killing cached processes
06-04 11:06:41.935 I/PermissionControllerServiceImpl( 2119): Updating user sensitive for user 0
06-04 11:06:42.686 I/WifiHAL ( 501): call wifi_get_link_stats handler
06-04 11:06:42.686 I/WifiHAL ( 501): Creating message to get link statistics; iface = 16
06-04 11:06:42.686 D/WifiHAL ( 501): error code -95 mapped to -3
06-04 11:06:42.687 E/WifiStaIfaceAidlImpl( 689): getLinkLayerStats failed with service-specific exception: android.os.ServiceSpecificException: (code 4)
06-04 11:06:42.998 D/ActivityManager( 689): freezing 1585 android.process.acore
06-04 11:06:42.999 D/ActivityManager( 689): freezing 1651 android.process.media
06-04 11:06:42.999 D/ActivityManager( 689): freezing 2334 com.android.statementservice
06-04 11:06:45.425 I/adbd ( 2741): type=1400 audit(0.0:1155): avc: denied { execute } for name="sh" dev="dm-8" ino=19226003 scontext=u:r:su:s0 tcontext=u:object_r:shell_exec:s0 tclass=file permissive=1
06-04 11:06:45.425 I/adbd ( 2741): type=1400 audit(0.0:1156): avc: denied { read open } for path="/system/bin/sh" dev="dm-8" ino=19226003 scontext=u:r:su:s0 tcontext=u:object_r:shell_exec:s0 tclass=file permissive=1
06-04 11:06:45.425 I/adbd ( 2741): type=1400 audit(0.0:1157): avc: denied { execute_no_trans } for path="/system/bin/sh" dev="dm-8" ino=19226003 scontext=u:r:su:s0 tcontext=u:object_r:shell_exec:s0 tclass=file permissive=1
06-04 11:06:45.429 I/sh ( 2741): type=1400 audit(0.0:1158): avc: denied { map } for path="/system/bin/sh" dev="dm-8" ino=19226003 scontext=u:r:su:s0 tcontext=u:object_r:shell_exec:s0 tclass=file permissive=1
06-04 11:06:45.429 I/sh ( 2741): type=1400 audit(0.0:1159): avc: denied { getattr } for path="/system/bin/sh" dev="dm-8" ino=19226003 scontext=u:r:su:s0 tcontext=u:object_r:shell_exec:s0 tclass=file permissive=1
06-04 11:06:45.445 I/sh ( 2741): type=1400 audit(0.0:1160): avc: denied { getattr } for path="/system/bin/logcat" dev="dm-8" ino=19087719 scontext=u:r:su:s0 tcontext=u:object_r:logcat_exec:s0 tclass=file permissive=1
06-04 11:06:45.445 I/sh ( 2741): type=1400 audit(0.0:1161): avc: denied { execute } for name="logcat" dev="dm-8" ino=19087719 scontext=u:r:su:s0 tcontext=u:object_r:logcat_exec:s0 tclass=file permissive=1
06-04 11:06:45.445 I/sh ( 2741): type=1400 audit(0.0:1162): avc: denied { read open } for path="/system/bin/logcat" dev="dm-8" ino=19087719 scontext=u:r:su:s0 tcontext=u:object_r:logcat_exec:s0 tclass=file permissive=1
06-04 11:06:45.445 I/sh ( 2741): type=1400 audit(0.0:1163): avc: denied { execute_no_trans } for path="/system/bin/logcat" dev="dm-8" ino=19087719 scontext=u:r:su:s0 tcontext=u:object_r:logcat_exec:s0 tclass=file permissive=1
06-04 11:06:45.692 I/WifiHAL ( 501): call wifi_get_link_stats handler
06-04 11:06:45.692 I/WifiHAL ( 501): Creating message to get link statistics; iface = 16
06-04 11:06:45.692 D/WifiHAL ( 501): error code -95 mapped to -3
06-04 11:06:45.692 E/WifiStaIfaceAidlImpl( 689): getLinkLayerStats failed with service-specific exception: android.os.ServiceSpecificException: (code 4)
06-04 11:06:46.077 D/bbb ( 1561): onStartCommand begin !!!!!!! data分区剩余 54623MB
06-04 11:06:47.990 D/XM_HIDREAD( 1961): poll ret=1, event=1
06-04 11:06:47.990 D/XM_HIDREAD( 1961): [9 bytes]:01 00 00 50 00 00 00 00 00
06-04 11:06:48.005 I/audio_hw_hal_primary( 476): [register_audio_patch:8215] Patch 3:id:3 mix(io:13)->dev_0[OUT_HDMI(id:22)] found, register the same patch, do nothing.
06-04 11:06:48.005 I/audio_hw_hal_primary( 476): [adev_create_audio_patch:8316] Patch 3: MIX->DEVICE, num_src:1 num_sink:1 patch_src:INVAL
06-04 11:06:48.005 I/audio_hw_hal_primary( 476): [adev_create_audio_patch:8320] sink[0]: OUT_HDMI(id:22)
06-04 11:06:48.005 I/audio_hw_hal_primary( 476): [adev_create_audio_patch:8377] Patch 3: mix(io:13) -> dev[OUT_HDMI(id:22)]
06-04 11:06:48.005 I/audio_hw_hal_primary( 476): [adev_create_audio_patch:8445] dev=0xf09c2930 cur_out_device=0x400
06-04 11:06:48.005 D/UEventObserver( 1063): change@/devices/platform/auge_sound/sound/card0/controlC0ACTION=changeDEVPATH=/devices/platform/auge_sound/sound/card0/controlC0SUBSYSTEM=soundAUDIO_FORMAT=0MAJOR=116MINOR=13DEVNAME=snd/controlC0SEQNUM=3553
06-04 11:06:48.012 D/audioserver( 521): logFgsApiBegin: FGS Logger Transaction failed, -129
06-04 11:06:48.015 I/audio_hw_hal_primary( 476): out_update_source_metadata_v7() line 2013 usage:1 content_type:2
06-04 11:06:48.016 D/audio_hw_hal_ms12v2( 476): set_dolby_ms12_continuous_state audio_continuous_standby_set status 0
06-04 11:06:48.016 D/audio_hw_hal_continuous_standby( 476): audio_continuous_standby_set, type 0, params 0
06-04 11:06:48.016 I/audio_hw_hal_ms12common( 476): aml_set_ms12_scheduler_state ms12_scheduler_state:0, sch_state:0 SCHEDULER_RUNNING is sent to ms12
06-04 11:06:48.016 I/audio_hw_hal_primary( 476): [mixer_aux_buffer_write:7017] io 13: out:0xf07c5650 usecase:PCM_NORMAL standby to unstandby
06-04 11:06:48.016 E/audio_hw_hal_virtualbuf( 476): ms12 system input underrun happens read=52513268650 write=4181333268 diff=48331935382
06-04 11:06:48.017 I/SogouIME( 1440): onKeyDown: keyoCode=21
06-04 11:06:48.017 I/DefaultIMS( 1440): onKeyDown: keyoCode=21
06-04 11:06:48.019 E/SecondScreen( 1441): FirstScreenLayoutView dispatchKeyEvent 21
06-04 11:06:48.039 I/audio_hw_hal_primary( 476): [register_audio_patch:8215] Patch 3:id:3 mix(io:13)->dev_0[OUT_HDMI(id:22)] found, register the same patch, do nothing.
06-04 11:06:48.039 I/audio_hw_hal_primary( 476): [adev_create_audio_patch:8316] Patch 3: MIX->DEVICE, num_src:1 num_sink:1 patch_src:INVAL
06-04 11:06:48.039 I/audio_hw_hal_primary( 476): [adev_create_audio_patch:8320] sink[0]: OUT_HDMI(id:22)
06-04 11:06:48.039 I/audio_hw_hal_primary( 476): [adev_create_audio_patch:8377] Patch 3: mix(io:13) -> dev[OUT_HDMI(id:22)]
06-04 11:06:48.039 I/audio_hw_hal_primary( 476): [adev_create_audio_patch:8445] dev=0xf09c2930 cur_out_device=0x400
06-04 11:06:48.039 D/UEventObserver( 1063): change@/devices/platform/auge_sound/sound/card0/controlC0ACTION=changeDEVPATH=/devices/platform/auge_sound/sound/card0/controlC0SUBSYSTEM=soundAUDIO_FORMAT=0MAJOR=116MINOR=13DEVNAME=snd/controlC0SEQNUM=3554
06-04 11:06:48.039 D/audioserver( 521): logFgsApiEnd: FGS Logger Transaction failed, -129
06-04 11:06:48.039 D/audioserver( 521): logFgsApiBegin: FGS Logger Transaction failed, -129
06-04 11:06:48.041 I/audio_hw_hal_stream( 476): aml_stream_out_info_print: out:0xf07c5650, stream_type:pcm, sync_mode:non tunnel, input_size:1474560 bytes
06-04 11:06:48.041 I/audio_hw_hal_stream( 476): aml_stream_out_info_print: last_time:34162 ms (sec:34, nsec:162170682), last_position:7516 ms (360784), cur_time:82621 ms (sec:82, nsec:621580579), cur_position:7607 ms (365136)
06-04 11:06:48.041 I/audio_hw_hal_stream( 476): aml_stream_out_info_print: time_gap:48459 ms (thr:100 ms), position_gap:90 ms, delay:73 ms, jitter: Position gap is behind system time gap by 48369 ms (thr:100 ms)
06-04 11:06:48.041 I/audio_hw_hal_primary( 476): out_update_source_metadata_v7() line 2013 usage:1 content_type:2
06-04 11:06:48.045 D/audioserver( 521): logFgsApiBegin: FGS Logger Transaction failed, -129
06-04 11:06:48.080 I/audio_hw_hal_primary( 476): out_update_source_metadata_v7() line 2013 usage:13 content_type:4
06-04 11:06:48.124 D/XM_HIDREAD( 1961): poll ret=1, event=1
06-04 11:06:48.124 D/XM_HIDREAD( 1961): [9 bytes]:01 00 00 00 00 00 00 00 00
06-04 11:06:48.128 I/SogouIME( 1440): onKeyUp: keyoCode=21
06-04 11:06:48.128 I/DefaultIMS( 1440): onKeyUp: keyoCode=21
06-04 11:06:48.129 E/SecondScreen( 1441): FirstScreenLayoutView dispatchKeyEvent 21
06-04 11:06:48.159 I/audio_hw_hal_primary( 476): [audiohal_get_latency:1333] io 13: out:0xf07c5650 frames:1152 rate:48000 whole_latency:24 alsa_latency:24
06-04 11:06:48.200 I/audio_hw_hal_primary( 476): [audiohal_get_latency:1333] io 13: out:0xf07c5650 frames:1280 rate:48000 whole_latency:26 alsa_latency:26
06-04 11:06:48.200 I/audio_hw_hal_primary( 476): [audiohal_get_latency:1333] io 13: out:0xf07c5650 frames:1280 rate:48000 whole_latency:26 alsa_latency:26
06-04 11:06:48.209 I/adbd ( 1357): type=1400 audit(0.0:1167): avc: denied { write } for path="socket:[34893]" dev="sockfs" ino=34893 scontext=u:r:su:s0 tcontext=u:r:adbd:s0 tclass=unix_stream_socket permissive=1
06-04 11:06:48.209 I/adbd ( 1357): type=1400 audit(0.0:1168): avc: denied { read } for path="socket:[34894]" dev="sockfs" ino=34894 scontext=u:r:su:s0 tcontext=u:r:adbd:s0 tclass=unix_stream_socket permissive=1
06-04 11:06:48.222 I/audio_hw_hal_primary( 476): [audiohal_get_latency:1333] io 13: out:0xf07c5650 frames:1152 rate:48000 whole_latency:24 alsa_latency:24
06-04 11:06:48.222 I/audio_hw_hal_primary( 476): [audiohal_get_latency:1333] io 13: out:0xf07c5650 frames:1152 rate:48000 whole_latency:24 alsa_latency:24
06-04 11:06:48.238 I/audio_hw_hal_primary( 476): [audiohal_get_latency:1333] io 13: out:0xf07c5650 frames:1152 rate:48000 whole_latency:24 alsa_latency:24
06-04 11:06:48.239 I/audio_hw_hal_primary( 476): [audiohal_get_latency:1333] io 13: out:0xf07c5650 frames:1152 rate:48000 whole_latency:24 alsa_latency:24
06-04 11:06:48.257 I//apex/com.android.adbd/bin/adbd( 1357): type=1400 audit(0.0:1169): avc: denied { read write } for comm=75736220666673206F70656E name="ep0" dev="functionfs" ino=23304 scontext=u:r:su:s0 tcontext=u:object_r:functionfs:s0 tclass=file permissive=1
06-04 11:06:48.257 I//apex/com.android.adbd/bin/adbd( 1357): type=1400 audit(0.0:1170): avc: denied { open } for comm=75736220666673206F70656E path="/dev/usb-ffs/adb/ep0" dev="functionfs" ino=23304 scontext=u:r:su:s0 tcontext=u:object_r:functionfs:s0 tclass=file permissive=1
06-04 11:06:48.260 I/audio_hw_hal_primary( 476): [audiohal_get_latency:1333] io 13: out:0xf07c5650 frames:1152 rate:48000 whole_latency:24 alsa_latency:24
06-04 11:06:48.260 I/audio_hw_hal_primary( 476): [audiohal_get_latency:1333] io 13: out:0xf07c5650 frames:1152 rate:48000 whole_latency:24 alsa_latency:24
06-04 11:06:48.261 D/audioserver( 521): logFgsApiEnd: FGS Logger Transaction failed, -129
06-04 11:06:48.262 I/audio_hw_hal_primary( 476): out_update_source_metadata_v7() line 2013 usage:13 content_type:4
06-04 11:06:48.276 W/BatteryExternalStatsWorker( 689): error reading Bluetooth stats: 11
06-04 11:06:48.279 I/audio_hw_hal_primary( 476): [audiohal_get_latency:1333] io 13: out:0xf07c5650 frames:1280 rate:48000 whole_latency:26 alsa_latency:26
06-04 11:06:48.301 I/audio_hw_hal_primary( 476): [audiohal_get_latency:1333] io 13: out:0xf07c5650 frames:1280 rate:48000 whole_latency:26 alsa_latency:26
06-04 11:06:48.302 D/audioserver( 521): logFgsApiEnd: FGS Logger Transaction failed, -129
06-04 11:06:48.450 D/XM_HIDREAD( 1961): poll ret=1, event=1
06-04 11:06:48.450 D/XM_HIDREAD( 1961): [9 bytes]:01 00 00 28 00 00 00 00 00
06-04 11:06:48.480 I/audio_hw_hal_primary( 476): [register_audio_patch:8215] Patch 3:id:3 mix(io:13)->dev_0[OUT_HDMI(id:22)] found, register the same patch, do nothing.
06-04 11:06:48.480 I/audio_hw_hal_primary( 476): [adev_create_audio_patch:8316] Patch 3: MIX->DEVICE, num_src:1 num_sink:1 patch_src:INVAL
06-04 11:06:48.480 I/audio_hw_hal_primary( 476): [adev_create_audio_patch:8320] sink[0]: OUT_HDMI(id:22)
06-04 11:06:48.480 I/audio_hw_hal_primary( 476): [adev_create_audio_patch:8377] Patch 3: mix(io:13) -> dev[OUT_HDMI(id:22)]
06-04 11:06:48.480 D/UEventObserver( 1063): change@/devices/platform/auge_sound/sound/card0/controlC0ACTION=changeDEVPATH=/devices/platform/auge_sound/sound/card0/controlC0SUBSYSTEM=soundAUDIO_FORMAT=0MAJOR=116MINOR=13DEVNAME=snd/controlC0SEQNUM=3555
06-04 11:06:48.480 I/audio_hw_hal_primary( 476): [adev_create_audio_patch:8445] dev=0xf09c2930 cur_out_device=0x400
06-04 11:06:48.488 D/audioserver( 521): logFgsApiBegin: FGS Logger Transaction failed, -129
06-04 11:06:48.490 I/audio_hw_hal_primary( 476): out_update_source_metadata_v7() line 2013 usage:1 content_type:2
06-04 11:06:48.490 I/SogouIME( 1440): onKeyDown: keyoCode=23
06-04 11:06:48.491 I/DefaultIMS( 1440): onKeyDown: keyoCode=23
06-04 11:06:48.492 E/SecondScreen( 1441): FirstScreenLayoutView dispatchKeyEvent 23
06-04 11:06:48.552 D/XM_HIDREAD( 1961): poll ret=1, event=1
06-04 11:06:48.552 D/XM_HIDREAD( 1961): [9 bytes]:01 00 00 00 00 00 00 00 00
06-04 11:06:48.554 I/SogouIME( 1440): onKeyUp: keyoCode=23
06-04 11:06:48.554 I/DefaultIMS( 1440): onKeyUp: keyoCode=23
06-04 11:06:48.555 E/SecondScreen( 1441): FirstScreenLayoutView dispatchKeyEvent 23
06-04 11:06:48.558 I/fragmentlink( 1441): fragmentPaths onLost
06-04 11:06:48.559 E/ActivityLinkRouter( 1441): startDefault: path=db://usercenter
06-04 11:06:48.560 I/MLoginRouterInterceptor( 1441): 登录拦截器 process: db://usercenter
06-04 11:06:48.564 D/CompatibilityChangeReporter( 689): Compat change id reported: 265464455; UID 1000; state: DISABLED
06-04 11:06:48.564 D/CompatibilityChangeReporter( 689): Compat change id reported: 265452344; UID 1000; state: DISABLED
06-04 11:06:48.565 D/CompatibilityChangeReporter( 689): Compat change id reported: 266124927; UID 1000; state: DISABLED
06-04 11:06:48.565 D/CompatibilityChangeReporter( 689): Compat change id reported: 265451093; UID 1000; state: DISABLED
06-04 11:06:48.565 D/CompatibilityChangeReporter( 689): Compat change id reported: 265456536; UID 1000; state: DISABLED
06-04 11:06:48.565 D/CompatibilityChangeReporter( 689): Compat change id reported: 255940284; UID 1000; state: DISABLED
06-04 11:06:48.565 D/CompatibilityChangeReporter( 689): Compat change id reported: 236283604; UID 1000; state: DISABLED
06-04 11:06:48.566 D/CompatibilityChangeReporter( 689): Compat change id reported: 263959004; UID 1000; state: DISABLED
06-04 11:06:48.566 D/CompatibilityChangeReporter( 689): Compat change id reported: 264304459; UID 1000; state: DISABLED
06-04 11:06:48.567 D/CompatibilityChangeReporter( 689): Compat change id reported: 264301586; UID 1000; state: DISABLED
06-04 11:06:48.567 D/CompatibilityChangeReporter( 689): Compat change id reported: 254631730; UID 1000; state: DISABLED
06-04 11:06:48.567 D/CompatibilityChangeReporter( 689): Compat change id reported: 273509367; UID 1000; state: DISABLED
06-04 11:06:48.567 D/CompatibilityChangeReporter( 689): Compat change id reported: 263259275; UID 1000; state: DISABLED
06-04 11:06:48.568 D/CompatibilityChangeReporter( 689): Compat change id reported: 174042980; UID 1000; state: DISABLED
06-04 11:06:48.568 D/CompatibilityChangeReporter( 689): Compat change id reported: 174042936; UID 1000; state: DISABLED
06-04 11:06:48.568 D/CompatibilityChangeReporter( 689): Compat change id reported: 181136395; UID 1000; state: DISABLED
06-04 11:06:48.570 D/CompatibilityChangeReporter( 689): Compat change id reported: 194480991; UID 1000; state: ENABLED
06-04 11:06:48.574 E/CellBroadcastUtils( 689): getDefaultCellBroadcastReceiverPackageName: no package found
06-04 11:06:48.574 D/CompatibilityChangeReporter( 689): Compat change id reported: 197654537; UID 1000; state: DISABLED
06-04 11:06:48.580 E/Transition( 689): Trying to add a ready-group twice: Display{#0 state=ON size=1920x1080 ROTATION_0}
06-04 11:06:48.581 I/ActivityTaskManager( 689): START u0 {cmp=com.dangbei.leard.leradlauncher/.module.usercenter.UserCenterActivity (has extras)} with LAUNCH_MULTIPLE from uid 1000 (BAL_ALLOW_ALLOWLISTED_UID) result code=0
06-04 11:06:48.582 V/WindowManagerShell( 939): Transition requested: android.os.BinderProxy@a942f6e TransitionRequestInfo { type = 1, triggerTask = TaskInfo{userId=0 taskId=25 displayId=0 isRunning=true baseIntent=Intent { act=android.intent.action.MAIN cat=[android.intent.category.HOME] flg=0x10800100 cmp=com.dangbei.leard.leradlauncher/com.dangbei.launcher.home.LauncherActivity } baseActivity=ComponentInfo{com.dangbei.leard.leradlauncher/com.dangbei.launcher.home.LauncherActivity} topActivity=ComponentInfo{com.dangbei.leard.leradlauncher/com.dangbei.leard.leradlauncher.module.usercenter.UserCenterActivity} origActivity=null realActivity=ComponentInfo{com.dangbei.leard.leradlauncher/com.dangbei.launcher.home.LauncherActivity} numActivities=2 lastActiveTime=83161 supportsMultiWindow=true resizeMode=0 isResizeable=false minWidth=-1 minHeight=-1 defaultMinSize=220 token=WCT{android.window.IWindowContainerToken$Stub$Proxy@49fe60f} topActivityType=2 pictureInPictureParams=null shouldDockBigOverlays=true launchIntoPipHostTaskId=-1 lastParentTaskIdBeforePip=-1 displayCutoutSafeInsets=null topActivityInfo=ActivityInfo{ec7b69c com.dangbei.leard.leradlauncher.module.usercenter.UserCenterActivity} launchCookies=[] positionInParent=Point(0, 0) parentTaskId=-1 isFocused=true isVisible=true isVisibleRequested=true isSleeping=false topActivityInSizeCompat=false topActivityEligibleForLetterboxEducation= false isLetterboxDoubleTapEnabled= false topActivityEligibleForUserAspectRatioButton= false topActivityBoundsLetterboxed= false isFromLetterboxDoubleTap= false topActivityLetterboxVerticalPosition= -1 topActivityLetterboxHorizontalPosition= -1 topActivityLetterboxWidth=-1 topActivityLetterboxHeight=-1 isUserFullscreenOverrideEnabled=false isTopActivityTransparent=false locusId=null displayAreaFeatureId=1 cameraCompatControlState=hidden}, remoteTransition = null, displayChange = null, flags = 0 }
06-04 11:06:48.589 V/WindowManager( 689): app ------------- force_land :0
06-04 11:06:48.595 D/OomAdjuster( 689): Not killing cached processes
06-04 11:06:48.597 D/TrafficStats( 1441): tagSocket(79) with statsTag=0xffffffff, statsUid=-1
06-04 11:06:48.602 I/audio_hw_hal_primary( 476): [register_audio_patch:8215] Patch 3:id:3 mix(io:13)->dev_0[OUT_HDMI(id:22)] found, register the same patch, do nothing.
06-04 11:06:48.602 I/audio_hw_hal_primary( 476): [adev_create_audio_patch:8316] Patch 3: MIX->DEVICE, num_src:1 num_sink:1 patch_src:INVAL
06-04 11:06:48.602 I/audio_hw_hal_primary( 476): [adev_create_audio_patch:8320] sink[0]: OUT_HDMI(id:22)
06-04 11:06:48.602 I/audio_hw_hal_primary( 476): [adev_create_audio_patch:8377] Patch 3: mix(io:13) -> dev[OUT_HDMI(id:22)]
06-04 11:06:48.602 I/audio_hw_hal_primary( 476): [adev_create_audio_patch:8445] dev=0xf09c2930 cur_out_device=0x400
06-04 11:06:48.602 D/audioserver( 521): logFgsApiEnd: FGS Logger Transaction failed, -129
06-04 11:06:48.603 D/audioserver( 521): logFgsApiBegin: FGS Logger Transaction failed, -129
06-04 11:06:48.603 D/UEventObserver( 1063): change@/devices/platform/auge_sound/sound/card0/controlC0ACTION=changeDEVPATH=/devices/platform/auge_sound/sound/card0/controlC0SUBSYSTEM=soundAUDIO_FORMAT=0MAJOR=116MINOR=13DEVNAME=snd/controlC0SEQNUM=3556
06-04 11:06:48.601 I/adbd ( 1357): type=1400 audit(0.0:1171): avc: denied { read } for path="socket:[34899]" dev="sockfs" ino=34899 scontext=u:r:su:s0 tcontext=u:r:su:s0 tclass=tcp_socket permissive=1
06-04 11:06:48.605 I/audio_hw_hal_primary( 476): out_update_source_metadata_v7() line 2013 usage:1 content_type:2
06-04 11:06:48.608 W/SQLiteLog( 1441): (28) double-quoted string literal: "
06-04 11:06:48.608 W/SQLiteLog( 1441): (28) double-quoted string literal: "9D9483C61F776F45CFC935A1F58A3622"
06-04 11:06:48.609 I/BpBinder( 260): onLastStrongRef automatically unlinking death recipients:
06-04 11:06:48.615 D/audioserver( 521): logFgsApiBegin: FGS Logger Transaction failed, -129
06-04 11:06:48.641 I/audio_hw_hal_primary( 476): [audiohal_get_latency:1333] io 13: out:0xf07c5650 frames:1024 rate:48000 whole_latency:21 alsa_latency:21
06-04 11:06:48.642 I/audio_hw_hal_primary( 476): out_update_source_metadata_v7() line 2013 usage:13 content_type:4
06-04 11:06:48.667 E/focusmmmm( 1441):
06-04 11:06:48.674 I/hq ( 1441): 当小贝:::showMessage from=mActivityLifecycleCallbacks
06-04 11:06:48.675 I/hq ( 1441): 当小贝:::showMessage 没有消息需要显示
06-04 11:06:48.678 W/WindowManager( 689): [addWindow] title:com.dangbei.leard.leradlauncher/com.dangbei.leard.leradlauncher.module.usercenter.UserCenterActivity
06-04 11:06:48.678 W/WindowManager( 689): Failed looking up window session=Session{d8fbee5 1441:1000} callers=com.android.server.wm.WindowManagerService.windowForClientLocked:6075 com.android.server.wm.Session.updateRequestedVisibleTypes:695 android.view.IWindowSession$Stub.onTransact:1034
06-04 11:06:48.679 D/CompatibilityChangeReporter( 689): Compat change id reported: 168419799; UID 1000; state: DISABLED
06-04 11:06:48.680 D/CompatibilityChangeReporter( 689): Compat change id reported: 273564678; UID 1000; state: DISABLED
06-04 11:06:48.681 I/audio_hw_hal_primary( 476): [audiohal_get_latency:1333] io 13: out:0xf07c5650 frames:1152 rate:48000 whole_latency:24 alsa_latency:24
06-04 11:06:48.681 D/MobclickAgent( 1441): 延续上一个会话: 9D9483C61F776F45CFC935A1F58A3622
06-04 11:06:48.684 W/SQLiteLog( 1441): (28) double-quoted string literal: "9D9483C61F776F45CFC935A1F58A3622"
06-04 11:06:48.684 W/SQLiteLog( 1441): (28) double-quoted string literal: ""
06-04 11:06:48.684 W/SQLiteLog( 1441): (28) double-quoted string literal: "9D9483C61F776F45CFC935A1F58A3622"
06-04 11:06:48.684 W/SQLiteLog( 1441): (28) double-quoted string literal: "-1"
06-04 11:06:48.685 D/CoreBackPreview( 689): Window{267d870 u0 com.dangbei.leard.leradlauncher/com.dangbei.leard.leradlauncher.module.usercenter.UserCenterActivity}: Setting back callback OnBackInvokedCallbackInfo{mCallback=android.window.IOnBackInvokedCallback$Stub$Proxy@f873c6e, mPriority=0, mIsAnimationCallback=false}
06-04 11:06:48.690 D/TrafficStats( 1441): tagSocket(147) with statsTag=0xffffffff, statsUid=-1
06-04 11:06:48.693 D/WindowManagerShell( 939): TvPipController: onTaskStackChanged()
