06-04 11:07:12.939 E/DifferentialGridView( 1441): at com.android.internal.os.RuntimeInit$MethodAndArgsCaller.run(RuntimeInit.java:552)
06-04 11:07:12.939 E/DifferentialGridView( 1441): at com.android.internal.os.ZygoteInit.main(ZygoteInit.java:978)
06-04 11:07:13.044 D/XM_HIDREAD( 1961): poll ret=1, event=1
06-04 11:07:13.044 D/XM_HIDREAD( 1961): [9 bytes]:01 00 00 00 00 00 00 00 00
06-04 11:07:13.046 I/SogouIME( 1440): onKeyUp: keyoCode=20
06-04 11:07:13.046 I/DefaultIMS( 1440): onKeyUp: keyoCode=20
06-04 11:07:13.102 I/audio_hw_hal_primary( 476): [audiohal_get_latency:1333] io 13: out:0xf07c5650 frames:1152 rate:48000 whole_latency:24 alsa_latency:24
06-04 11:07:13.103 I/audio_hw_hal_primary( 476): [audiohal_get_latency:1333] io 13: out:0xf07c5650 frames:1152 rate:48000 whole_latency:24 alsa_latency:24
06-04 11:07:13.124 I/audio_hw_hal_primary( 476): [audiohal_get_latency:1333] io 13: out:0xf07c5650 frames:1152 rate:48000 whole_latency:24 alsa_latency:24
06-04 11:07:13.124 I/audio_hw_hal_primary( 476): [audiohal_get_latency:1333] io 13: out:0xf07c5650 frames:1152 rate:48000 whole_latency:24 alsa_latency:24
06-04 11:07:13.145 I/audio_hw_hal_primary( 476): [audiohal_get_latency:1333] io 13: out:0xf07c5650 frames:1280 rate:48000 whole_latency:26 alsa_latency:26
06-04 11:07:13.145 I/audio_hw_hal_primary( 476): [audiohal_get_latency:1333] io 13: out:0xf07c5650 frames:1152 rate:48000 whole_latency:24 alsa_latency:24
06-04 11:07:13.167 I/audio_hw_hal_primary( 476): [audiohal_get_latency:1333] io 13: out:0xf07c5650 frames:1152 rate:48000 whole_latency:24 alsa_latency:24
06-04 11:07:13.169 I/audio_hw_hal_primary( 476): [audiohal_get_latency:1333] io 13: out:0xf07c5650 frames:1152 rate:48000 whole_latency:24 alsa_latency:24
06-04 11:07:13.184 D/TrafficStats( 1441): tagSocket(136) with statsTag=0xffffffff, statsUid=-1
06-04 11:07:13.187 I/audio_hw_hal_primary( 476): [audiohal_get_latency:1333] io 13: out:0xf07c5650 frames:1280 rate:48000 whole_latency:26 alsa_latency:26
06-04 11:07:13.187 I/audio_hw_hal_primary( 476): [audiohal_get_latency:1333] io 13: out:0xf07c5650 frames:1280 rate:48000 whole_latency:26 alsa_latency:26
06-04 11:07:13.195 D/TrafficStats( 1441): tagSocket(112) with statsTag=0xffffffff, statsUid=-1
06-04 11:07:13.209 I/audio_hw_hal_primary( 476): [audiohal_get_latency:1333] io 13: out:0xf07c5650 frames:1152 rate:48000 whole_latency:24 alsa_latency:24
06-04 11:07:13.209 I/audio_hw_hal_primary( 476): [audiohal_get_latency:1333] io 13: out:0xf07c5650 frames:1152 rate:48000 whole_latency:24 alsa_latency:24
06-04 11:07:13.230 I/audio_hw_hal_primary( 476): [audiohal_get_latency:1333] io 13: out:0xf07c5650 frames:1152 rate:48000 whole_latency:24 alsa_latency:24
06-04 11:07:13.230 I/audio_hw_hal_primary( 476): [audiohal_get_latency:1333] io 13: out:0xf07c5650 frames:1152 rate:48000 whole_latency:24 alsa_latency:24
06-04 11:07:13.252 I/audio_hw_hal_primary( 476): [audiohal_get_latency:1333] io 13: out:0xf07c5650 frames:1152 rate:48000 whole_latency:24 alsa_latency:24
06-04 11:07:13.252 I/audio_hw_hal_primary( 476): [audiohal_get_latency:1333] io 13: out:0xf07c5650 frames:1152 rate:48000 whole_latency:24 alsa_latency:24
06-04 11:07:13.257 D/XM_HIDREAD( 1961): poll ret=1, event=1
06-04 11:07:13.258 D/XM_HIDREAD( 1961): [9 bytes]:01 00 00 51 00 00 00 00 00
06-04 11:07:13.260 I/SogouIME( 1440): onKeyDown: keyoCode=20
06-04 11:07:13.261 I/DefaultIMS( 1440): onKeyDown: keyoCode=20
06-04 11:07:13.263 E/DifferentialGridView( 1441): java.lang.NoSuchMethodException: androidx.recyclerview.widget.RecyclerView$d0.smoothScrollBy [int, int, interface android.view.animation.Interpolator, int]
06-04 11:07:13.263 E/DifferentialGridView( 1441): at java.lang.Class.getMethod(Class.java:2937)
06-04 11:07:13.263 E/DifferentialGridView( 1441): at java.lang.Class.getMethod(Class.java:2449)
06-04 11:07:13.263 E/DifferentialGridView( 1441): at com.dangbei.palaemon.leanback.DifferentialGridView.customSmoothScrollBy(SourceFile:224)
06-04 11:07:13.263 E/DifferentialGridView( 1441): at com.dangbei.palaemon.leanback.DifferentialGridView.smoothScrollBy(SourceFile:4)
06-04 11:07:13.263 E/DifferentialGridView( 1441): at com.dangbei.palaemon.leanback.DifferentialGridView.smoothScrollBy(SourceFile:1)
06-04 11:07:13.263 E/DifferentialGridView( 1441): at com.dangbei.palaemon.leanback.GridLayoutManager.scrollGrid(SourceFile:27)
06-04 11:07:13.263 E/DifferentialGridView( 1441): at com.dangbei.palaemon.leanback.GridLayoutManager.scrollToView(SourceFile:19)
06-04 11:07:13.263 E/DifferentialGridView( 1441): at com.dangbei.palaemon.leanback.GridLayoutManager.scrollToView(SourceFile:3)
06-04 11:07:13.263 E/DifferentialGridView( 1441): at com.dangbei.palaemon.leanback.GridLayoutManager.onRequestChildFocus(SourceFile:25)
06-04 11:07:13.263 E/DifferentialGridView( 1441): at androidx.recyclerview.widget.RecyclerView.requestChildFocus(SourceFile:5)
06-04 11:07:13.263 E/DifferentialGridView( 1441): at android.view.View.handleFocusGainInternal(View.java:7995)
06-04 11:07:13.263 E/DifferentialGridView( 1441): at android.view.ViewGroup.handleFocusGainInternal(ViewGroup.java:847)
06-04 11:07:13.263 E/DifferentialGridView( 1441): at android.view.View.requestFocusNoSearch(View.java:14519)
06-04 11:07:13.263 E/DifferentialGridView( 1441): at android.view.View.requestFocus(View.java:14493)
06-04 11:07:13.263 E/DifferentialGridView( 1441): at android.view.ViewGroup.requestFocus(ViewGroup.java:3325)
06-04 11:07:13.263 E/DifferentialGridView( 1441): at android.view.ViewRootImpl$ViewPostImeInputStage.performFocusNavigation(ViewRootImpl.java:7099)
06-04 11:07:13.263 E/DifferentialGridView( 1441): at android.view.ViewRootImpl$ViewPostImeInputStage.processKeyEvent(ViewRootImpl.java:7218)
06-04 11:07:13.263 E/DifferentialGridView( 1441): at android.view.ViewRootImpl$ViewPostImeInputStage.onProcess(ViewRootImpl.java:7028)
06-04 11:07:13.263 E/DifferentialGridView( 1441): at android.view.ViewRootImpl$InputStage.deliver(ViewRootImpl.java:6435)
06-04 11:07:13.263 E/DifferentialGridView( 1441): at android.view.ViewRootImpl$InputStage.onDeliverToNext(ViewRootImpl.java:6492)
06-04 11:07:13.263 E/DifferentialGridView( 1441): at android.view.ViewRootImpl$InputStage.forward(ViewRootImpl.java:6458)
06-04 11:07:13.263 E/DifferentialGridView( 1441): at android.view.ViewRootImpl$AsyncInputStage.forward(ViewRootImpl.java:6623)
06-04 11:07:13.263 E/DifferentialGridView( 1441): at android.view.ViewRootImpl$InputStage.apply(ViewRootImpl.java:6466)
06-04 11:07:13.263 E/DifferentialGridView( 1441): at android.view.ViewRootImpl$AsyncInputStage.apply(ViewRootImpl.java:6680)
06-04 11:07:13.263 E/DifferentialGridView( 1441): at android.view.ViewRootImpl$InputStage.deliver(ViewRootImpl.java:6439)
06-04 11:07:13.263 E/DifferentialGridView( 1441): at android.view.ViewRootImpl$InputStage.onDeliverToNext(ViewRootImpl.java:6492)
06-04 11:07:13.263 E/DifferentialGridView( 1441): at android.view.ViewRootImpl$InputStage.forward(ViewRootImpl.java:6458)
06-04 11:07:13.263 E/DifferentialGridView( 1441): at android.view.ViewRootImpl$InputStage.apply(ViewRootImpl.java:6466)
06-04 11:07:13.263 E/DifferentialGridView( 1441): at android.view.ViewRootImpl$InputStage.deliver(ViewRootImpl.java:6439)
06-04 11:07:13.263 E/DifferentialGridView( 1441): at android.view.ViewRootImpl$InputStage.onDeliverToNext(ViewRootImpl.java:6492)
06-04 11:07:13.263 E/DifferentialGridView( 1441): at android.view.ViewRootImpl$InputStage.forward(ViewRootImpl.java:6458)
06-04 11:07:13.263 E/DifferentialGridView( 1441): at android.view.ViewRootImpl$AsyncInputStage.forward(ViewRootImpl.java:6656)
06-04 11:07:13.263 E/DifferentialGridView( 1441): at android.view.ViewRootImpl$ImeInputStage.onFinishedInputEvent(ViewRootImpl.java:6867)
06-04 11:07:13.263 E/DifferentialGridView( 1441): at android.view.inputmethod.InputMethodManager$PendingEvent.run(InputMethodManager.java:4303)
06-04 11:07:13.263 E/DifferentialGridView( 1441): at android.view.inputmethod.InputMethodManager.invokeFinishedInputEventCallback(InputMethodManager.java:3740)
06-04 11:07:13.263 E/DifferentialGridView( 1441): at android.view.inputmethod.InputMethodManager.finishedInputEvent(InputMethodManager.java:3731)
06-04 11:07:13.263 E/DifferentialGridView( 1441): at android.view.inputmethod.InputMethodManager.-$$Nest$mfinishedInputEvent(Unknown Source:0)
06-04 11:07:13.263 E/DifferentialGridView( 1441): at android.view.inputmethod.InputMethodManager$ImeInputEventSender.onInputEventFinished(InputMethodManager.java:4280)
06-04 11:07:13.263 E/DifferentialGridView( 1441): at android.view.InputEventSender.dispatchInputEventFinished(InputEventSender.java:154)
06-04 11:07:13.263 E/DifferentialGridView( 1441): at android.os.MessageQueue.nativePollOnce(Native Method)
06-04 11:07:13.263 E/DifferentialGridView( 1441): at android.os.MessageQueue.next(MessageQueue.java:335)
06-04 11:07:13.263 E/DifferentialGridView( 1441): at android.os.Looper.loopOnce(Looper.java:162)
06-04 11:07:13.263 E/DifferentialGridView( 1441): at android.os.Looper.loop(Looper.java:294)
06-04 11:07:13.263 E/DifferentialGridView( 1441): at android.app.ActivityThread.main(ActivityThread.java:8255)
06-04 11:07:13.263 E/DifferentialGridView( 1441): at java.lang.reflect.Method.invoke(Native Method)
06-04 11:07:13.263 E/DifferentialGridView( 1441): at com.android.internal.os.RuntimeInit$MethodAndArgsCaller.run(RuntimeInit.java:552)
06-04 11:07:13.263 E/DifferentialGridView( 1441): at com.android.internal.os.ZygoteInit.main(ZygoteInit.java:978)
06-04 11:07:13.381 D/XM_HIDREAD( 1961): poll ret=1, event=1
06-04 11:07:13.381 D/XM_HIDREAD( 1961): [9 bytes]:01 00 00 00 00 00 00 00 00
06-04 11:07:13.388 I/SogouIME( 1440): onKeyUp: keyoCode=20
06-04 11:07:13.388 I/DefaultIMS( 1440): onKeyUp: keyoCode=20
06-04 11:07:13.401 I/audio_hw_hal_primary( 476): [audiohal_get_latency:1333] io 13: out:0xf07c5650 frames:1280 rate:48000 whole_latency:26 alsa_latency:26
06-04 11:07:13.443 I/audio_hw_hal_primary( 476): [audiohal_get_latency:1333] io 13: out:0xf07c5650 frames:1280 rate:48000 whole_latency:26 alsa_latency:26
06-04 11:07:13.443 I/audio_hw_hal_primary( 476): [audiohal_get_latency:1333] io 13: out:0xf07c5650 frames:1280 rate:48000 whole_latency:26 alsa_latency:26
06-04 11:07:13.465 I/audio_hw_hal_primary( 476): [audiohal_get_latency:1333] io 13: out:0xf07c5650 frames:1152 rate:48000 whole_latency:24 alsa_latency:24
06-04 11:07:13.466 I/audio_hw_hal_primary( 476): [audiohal_get_latency:1333] io 13: out:0xf07c5650 frames:1152 rate:48000 whole_latency:24 alsa_latency:24
06-04 11:07:13.486 I/audio_hw_hal_primary( 476): [audiohal_get_latency:1333] io 13: out:0xf07c5650 frames:1024 rate:48000 whole_latency:21 alsa_latency:21
06-04 11:07:13.486 I/audio_hw_hal_primary( 476): [audiohal_get_latency:1333] io 13: out:0xf07c5650 frames:1152 rate:48000 whole_latency:24 alsa_latency:24
06-04 11:07:13.508 I/audio_hw_hal_primary( 476): [audiohal_get_latency:1333] io 13: out:0xf07c5650 frames:1152 rate:48000 whole_latency:24 alsa_latency:24
06-04 11:07:13.508 I/audio_hw_hal_primary( 476): [audiohal_get_latency:1333] io 13: out:0xf07c5650 frames:1152 rate:48000 whole_latency:24 alsa_latency:24
06-04 11:07:13.529 I/audio_hw_hal_primary( 476): [audiohal_get_latency:1333] io 13: out:0xf07c5650 frames:1280 rate:48000 whole_latency:26 alsa_latency:26
06-04 11:07:13.529 I/audio_hw_hal_primary( 476): [audiohal_get_latency:1333] io 13: out:0xf07c5650 frames:1152 rate:48000 whole_latency:24 alsa_latency:24
06-04 11:07:13.551 I/audio_hw_hal_primary( 476): [audiohal_get_latency:1333] io 13: out:0xf07c5650 frames:1152 rate:48000 whole_latency:24 alsa_latency:24
06-04 11:07:13.551 I/audio_hw_hal_primary( 476): [audiohal_get_latency:1333] io 13: out:0xf07c5650 frames:1152 rate:48000 whole_latency:24 alsa_latency:24
06-04 11:07:13.571 I/audio_hw_hal_primary( 476): [audiohal_get_latency:1333] io 13: out:0xf07c5650 frames:1280 rate:48000 whole_latency:26 alsa_latency:26
06-04 11:07:13.571 I/audio_hw_hal_primary( 476): [audiohal_get_latency:1333] io 13: out:0xf07c5650 frames:1280 rate:48000 whole_latency:26 alsa_latency:26
06-04 11:07:13.571 D/audioserver( 521): logFgsApiEnd: FGS Logger Transaction failed, -129
06-04 11:07:13.572 I/audio_hw_hal_primary( 476): out_update_source_metadata_v7() line 2013 usage:1 content_type:2
06-04 11:07:13.594 I/audio_hw_hal_primary( 476): [audiohal_get_latency:1333] io 13: out:0xf07c5650 frames:1152 rate:48000 whole_latency:24 alsa_latency:24
06-04 11:07:13.614 I/audio_hw_hal_primary( 476): [audiohal_get_latency:1333] io 13: out:0xf07c5650 frames:1280 rate:48000 whole_latency:26 alsa_latency:26
06-04 11:07:13.616 D/audioserver( 521): logFgsApiEnd: FGS Logger Transaction failed, -129
06-04 11:07:13.773 D/TrafficStats( 1441): tagSocket(79) with statsTag=0xffffffff, statsUid=-1
06-04 11:07:14.899 I/d.leradlauncher( 1441): Background concurrent copying GC freed 244064(12MB) AllocSpace objects, 130(3976KB) LOS objects, 50% free, 15MB/31MB, paused 212us,681us total 136.429ms
06-04 11:07:15.218 D/VideoSecondaryActivity( 1441): updateContent:
06-04 11:07:15.277 D/TrafficStats( 1441): tagSocket(79) with statsTag=0xffffffff, statsUid=-1
06-04 11:07:15.280 D/TrafficStats( 1441): tagSocket(190) with statsTag=0xffffffff, statsUid=-1
06-04 11:07:15.281 D/TrafficStats( 1441): tagSocket(191) with statsTag=0xffffffff, statsUid=-1
06-04 11:07:15.284 D/TrafficStats( 1441): tagSocket(137) with statsTag=0xffffffff, statsUid=-1
06-04 11:07:15.285 D/TrafficStats( 1441): tagSocket(194) with statsTag=0xffffffff, statsUid=-1
06-04 11:07:15.373 D/TrafficStats( 1441): tagSocket(198) with statsTag=0xffffffff, statsUid=-1
06-04 11:07:15.374 D/TrafficStats( 1441): tagSocket(206) with statsTag=0xffffffff, statsUid=-1
06-04 11:07:15.377 D/TrafficStats( 1441): tagSocket(138) with statsTag=0xffffffff, statsUid=-1
06-04 11:07:15.444 D/TrafficStats( 1441): tagSocket(208) with statsTag=0xffffffff, statsUid=-1
06-04 11:07:15.680 D/TrafficStats( 1441): tagSocket(141) with statsTag=0xffffffff, statsUid=-1
06-04 11:07:15.688 D/TrafficStats( 2258): tagSocket(5) with statsTag=0x0, statsUid=-1
06-04 11:07:15.750 I/WifiHAL ( 501): call wifi_get_link_stats handler
06-04 11:07:15.750 I/WifiHAL ( 501): Creating message to get link statistics; iface = 16
06-04 11:07:15.750 D/WifiHAL ( 501): error code -95 mapped to -3
06-04 11:07:15.751 E/WifiStaIfaceAidlImpl( 689): getLinkLayerStats failed with service-specific exception: android.os.ServiceSpecificException: (code 4)
06-04 11:07:15.856 D/XM_HIDREAD( 1961): poll ret=1, event=1
06-04 11:07:15.856 D/XM_HIDREAD( 1961): [9 bytes]:01 00 00 4F 00 00 00 00 00
06-04 11:07:15.876 I/audio_hw_hal_primary( 476): [register_audio_patch:8215] Patch 3:id:3 mix(io:13)->dev_0[OUT_HDMI(id:22)] found, register the same patch, do nothing.
06-04 11:07:15.876 I/audio_hw_hal_primary( 476): [adev_create_audio_patch:8316] Patch 3: MIX->DEVICE, num_src:1 num_sink:1 patch_src:INVAL
06-04 11:07:15.876 I/audio_hw_hal_primary( 476): [adev_create_audio_patch:8320] sink[0]: OUT_HDMI(id:22)
06-04 11:07:15.876 I/audio_hw_hal_primary( 476): [adev_create_audio_patch:8377] Patch 3: mix(io:13) -> dev[OUT_HDMI(id:22)]
06-04 11:07:15.876 D/UEventObserver( 1063): change@/devices/platform/auge_sound/sound/card0/controlC0ACTION=changeDEVPATH=/devices/platform/auge_sound/sound/card0/controlC0SUBSYSTEM=soundAUDIO_FORMAT=0MAJOR=116MINOR=13DEVNAME=snd/controlC0SEQNUM=3577
06-04 11:07:15.876 I/audio_hw_hal_primary( 476): [adev_create_audio_patch:8445] dev=0xf09c2930 cur_out_device=0x400
06-04 11:07:15.884 D/audioserver( 521): logFgsApiBegin: FGS Logger Transaction failed, -129
06-04 11:07:15.886 I/audio_hw_hal_primary( 476): out_update_source_metadata_v7() line 2013 usage:1 content_type:2
06-04 11:07:15.888 I/SogouIME( 1440): onKeyDown: keyoCode=22
06-04 11:07:15.889 I/DefaultIMS( 1440): onKeyDown: keyoCode=22
06-04 11:07:16.013 D/XM_HIDREAD( 1961): poll ret=1, event=1
06-04 11:07:16.013 D/XM_HIDREAD( 1961): [9 bytes]:01 00 00 00 00 00 00 00 00
06-04 11:07:16.024 I/SogouIME( 1440): onKeyUp: keyoCode=22
06-04 11:07:16.024 I/DefaultIMS( 1440): onKeyUp: keyoCode=22
06-04 11:07:16.032 D/TrafficStats( 1441): tagSocket(112) with statsTag=0xffffffff, statsUid=-1
06-04 11:07:16.035 D/TrafficStats( 1441): tagSocket(202) with statsTag=0xffffffff, statsUid=-1
06-04 11:07:16.046 I/audio_hw_hal_primary( 476): [audiohal_get_latency:1333] io 13: out:0xf07c5650 frames:1280 rate:48000 whole_latency:26 alsa_latency:26
06-04 11:07:16.068 I/audio_hw_hal_primary( 476): [audiohal_get_latency:1333] io 13: out:0xf07c5650 frames:1152 rate:48000 whole_latency:24 alsa_latency:24
06-04 11:07:16.071 I/audio_hw_hal_alsamgr( 476): alsa format =0x1 delay frames =1024 total frames=4823040
06-04 11:07:16.088 I/audio_hw_hal_primary( 476): [audiohal_get_latency:1333] io 13: out:0xf07c5650 frames:1280 rate:48000 whole_latency:26 alsa_latency:26
06-04 11:07:16.097 D/TrafficStats( 1441): tagSocket(136) with statsTag=0xffffffff, statsUid=-1
06-04 11:07:16.110 I/audio_hw_hal_primary( 476): [audiohal_get_latency:1333] io 13: out:0xf07c5650 frames:1152 rate:48000 whole_latency:24 alsa_latency:24
06-04 11:07:16.131 I/audio_hw_hal_primary( 476): [audiohal_get_latency:1333] io 13: out:0xf07c5650 frames:1024 rate:48000 whole_latency:21 alsa_latency:21
06-04 11:07:16.132 D/TrafficStats( 1441): tagSocket(79) with statsTag=0xffffffff, statsUid=-1
06-04 11:07:16.133 D/TrafficStats( 1441): tagSocket(123) with statsTag=0xffffffff, statsUid=-1
06-04 11:07:16.134 D/TrafficStats( 1441): tagSocket(154) with statsTag=0xffffffff, statsUid=-1
06-04 11:07:16.135 D/TrafficStats( 1441): tagSocket(147) with statsTag=0xffffffff, statsUid=-1
06-04 11:07:16.153 I/audio_hw_hal_primary( 476): [audiohal_get_latency:1333] io 13: out:0xf07c5650 frames:1280 rate:48000 whole_latency:26 alsa_latency:26
06-04 11:07:16.174 I/audio_hw_hal_primary( 476): [audiohal_get_latency:1333] io 13: out:0xf07c5650 frames:1280 rate:48000 whole_latency:26 alsa_latency:26
06-04 11:07:16.196 I/audio_hw_hal_primary( 476): [audiohal_get_latency:1333] io 13: out:0xf07c5650 frames:1152 rate:48000 whole_latency:24 alsa_latency:24
06-04 11:07:16.217 I/audio_hw_hal_primary( 476): [audiohal_get_latency:1333] io 13: out:0xf07c5650 frames:1280 rate:48000 whole_latency:26 alsa_latency:26
06-04 11:07:16.218 D/audioserver( 521): logFgsApiEnd: FGS Logger Transaction failed, -129
06-04 11:07:16.282 D/TrafficStats( 1441): tagSocket(79) with statsTag=0xffffffff, statsUid=-1
06-04 11:07:16.396 D/TrafficStats( 1441): tagSocket(147) with statsTag=0xffffffff, statsUid=-1
06-04 11:07:16.465 D/TrafficStats( 1441): tagSocket(190) with statsTag=0xffffffff, statsUid=-1
06-04 11:07:16.509 D/XM_HIDREAD( 1961): poll ret=1, event=1
06-04 11:07:16.509 D/XM_HIDREAD( 1961): [9 bytes]:01 00 00 4F 00 00 00 00 00
06-04 11:07:16.522 I/audio_hw_hal_primary( 476): [register_audio_patch:8215] Patch 3:id:3 mix(io:13)->dev_0[OUT_HDMI(id:22)] found, register the same patch, do nothing.
06-04 11:07:16.523 I/audio_hw_hal_primary( 476): [adev_create_audio_patch:8316] Patch 3: MIX->DEVICE, num_src:1 num_sink:1 patch_src:INVAL
06-04 11:07:16.523 I/audio_hw_hal_primary( 476): [adev_create_audio_patch:8320] sink[0]: OUT_HDMI(id:22)
06-04 11:07:16.523 I/audio_hw_hal_primary( 476): [adev_create_audio_patch:8377] Patch 3: mix(io:13) -> dev[OUT_HDMI(id:22)]
06-04 11:07:16.523 I/audio_hw_hal_primary( 476): [adev_create_audio_patch:8445] dev=0xf09c2930 cur_out_device=0x400
06-04 11:07:16.523 D/UEventObserver( 1063): change@/devices/platform/auge_sound/sound/card0/controlC0ACTION=changeDEVPATH=/devices/platform/auge_sound/sound/card0/controlC0SUBSYSTEM=soundAUDIO_FORMAT=0MAJOR=116MINOR=13DEVNAME=snd/controlC0SEQNUM=3578
06-04 11:07:16.531 D/audioserver( 521): logFgsApiBegin: FGS Logger Transaction failed, -129
06-04 11:07:16.533 I/SogouIME( 1440): onKeyDown: keyoCode=22
06-04 11:07:16.533 I/DefaultIMS( 1440): onKeyDown: keyoCode=22
06-04 11:07:16.559 I/audio_hw_hal_primary( 476): [register_audio_patch:8215] Patch 3:id:3 mix(io:13)->dev_0[OUT_HDMI(id:22)] found, register the same patch, do nothing.
06-04 11:07:16.559 I/audio_hw_hal_primary( 476): [adev_create_audio_patch:8316] Patch 3: MIX->DEVICE, num_src:1 num_sink:1 patch_src:INVAL
06-04 11:07:16.559 I/audio_hw_hal_primary( 476): [adev_create_audio_patch:8320] sink[0]: OUT_HDMI(id:22)
06-04 11:07:16.559 I/audio_hw_hal_primary( 476): [adev_create_audio_patch:8377] Patch 3: mix(io:13) -> dev[OUT_HDMI(id:22)]
06-04 11:07:16.559 I/audio_hw_hal_primary( 476): [adev_create_audio_patch:8445] dev=0xf09c2930 cur_out_device=0x400
06-04 11:07:16.560 D/audioserver( 521): logFgsApiEnd: FGS Logger Transaction failed, -129
06-04 11:07:16.560 D/audioserver( 521): logFgsApiBegin: FGS Logger Transaction failed, -129
06-04 11:07:16.561 I/audio_hw_hal_primary( 476): out_update_source_metadata_v7() line 2013 usage:1 content_type:2
06-04 11:07:16.562 D/UEventObserver( 1063): change@/devices/platform/auge_sound/sound/card0/controlC0ACTION=changeDEVPATH=/devices/platform/auge_sound/sound/card0/controlC0SUBSYSTEM=soundAUDIO_FORMAT=0MAJOR=116MINOR=13DEVNAME=snd/controlC0SEQNUM=3579
06-04 11:07:16.566 D/audioserver( 521): logFgsApiBegin: FGS Logger Transaction failed, -129
06-04 11:07:16.569 D/TrafficStats( 1441): tagSocket(79) with statsTag=0xffffffff, statsUid=-1
06-04 11:07:16.572 D/TrafficStats( 1441): tagSocket(111) with statsTag=0xffffffff, statsUid=-1
06-04 11:07:16.575 D/TrafficStats( 1441): tagSocket(112) with statsTag=0xffffffff, statsUid=-1
06-04 11:07:16.601 I/audio_hw_hal_primary( 476): out_update_source_metadata_v7() line 2013 usage:13 content_type:4
06-04 11:07:16.644 D/XM_HIDREAD( 1961): poll ret=1, event=1
06-04 11:07:16.644 D/XM_HIDREAD( 1961): [9 bytes]:01 00 00 00 00 00 00 00 00
06-04 11:07:16.647 I/SogouIME( 1440): onKeyUp: keyoCode=22
06-04 11:07:16.647 I/DefaultIMS( 1440): onKeyUp: keyoCode=22
06-04 11:07:16.673 D/TrafficStats( 1441): tagSocket(113) with statsTag=0xffffffff, statsUid=-1
06-04 11:07:16.729 I/audio_hw_hal_primary( 476): [audiohal_get_latency:1333] io 13: out:0xf07c5650 frames:1280 rate:48000 whole_latency:26 alsa_latency:26
06-04 11:07:16.729 I/audio_hw_hal_primary( 476): [audiohal_get_latency:1333] io 13: out:0xf07c5650 frames:1280 rate:48000 whole_latency:26 alsa_latency:26
06-04 11:07:16.751 I/audio_hw_hal_primary( 476): [audiohal_get_latency:1333] io 13: out:0xf07c5650 frames:1152 rate:48000 whole_latency:24 alsa_latency:24
06-04 11:07:16.751 I/audio_hw_hal_primary( 476): [audiohal_get_latency:1333] io 13: out:0xf07c5650 frames:1152 rate:48000 whole_latency:24 alsa_latency:24
06-04 11:07:16.771 I/audio_hw_hal_primary( 476): [audiohal_get_latency:1333] io 13: out:0xf07c5650 frames:1280 rate:48000 whole_latency:26 alsa_latency:26
06-04 11:07:16.771 I/audio_hw_hal_primary( 476): [audiohal_get_latency:1333] io 13: out:0xf07c5650 frames:1280 rate:48000 whole_latency:26 alsa_latency:26
06-04 11:07:16.793 I/audio_hw_hal_primary( 476): [audiohal_get_latency:1333] io 13: out:0xf07c5650 frames:1152 rate:48000 whole_latency:24 alsa_latency:24
06-04 11:07:16.793 I/audio_hw_hal_primary( 476): [audiohal_get_latency:1333] io 13: out:0xf07c5650 frames:1152 rate:48000 whole_latency:24 alsa_latency:24
06-04 11:07:16.814 I/audio_hw_hal_primary( 476): [audiohal_get_latency:1333] io 13: out:0xf07c5650 frames:1280 rate:48000 whole_latency:26 alsa_latency:26
06-04 11:07:16.814 I/audio_hw_hal_primary( 476): [audiohal_get_latency:1333] io 13: out:0xf07c5650 frames:1152 rate:48000 whole_latency:24 alsa_latency:24
06-04 11:07:16.836 I/audio_hw_hal_primary( 476): [audiohal_get_latency:1333] io 13: out:0xf07c5650 frames:1152 rate:48000 whole_latency:24 alsa_latency:24
06-04 11:07:16.836 I/audio_hw_hal_primary( 476): [audiohal_get_latency:1333] io 13: out:0xf07c5650 frames:1152 rate:48000 whole_latency:24 alsa_latency:24
06-04 11:07:16.856 I/audio_hw_hal_primary( 476): [audiohal_get_latency:1333] io 13: out:0xf07c5650 frames:1280 rate:48000 whole_latency:26 alsa_latency:26
06-04 11:07:16.857 I/audio_hw_hal_primary( 476): [audiohal_get_latency:1333] io 13: out:0xf07c5650 frames:1280 rate:48000 whole_latency:26 alsa_latency:26
06-04 11:07:16.879 I/audio_hw_hal_primary( 476): [audiohal_get_latency:1333] io 13: out:0xf07c5650 frames:1152 rate:48000 whole_latency:24 alsa_latency:24
06-04 11:07:16.879 I/audio_hw_hal_primary( 476): [audiohal_get_latency:1333] io 13: out:0xf07c5650 frames:1152 rate:48000 whole_latency:24 alsa_latency:24
06-04 11:07:16.899 I/audio_hw_hal_primary( 476): [audiohal_get_latency:1333] io 13: out:0xf07c5650 frames:1280 rate:48000 whole_latency:26 alsa_latency:26
06-04 11:07:16.900 I/audio_hw_hal_primary( 476): [audiohal_get_latency:1333] io 13: out:0xf07c5650 frames:1152 rate:48000 whole_latency:24 alsa_latency:24
06-04 11:07:16.900 D/audioserver( 521): logFgsApiEnd: FGS Logger Transaction failed, -129
06-04 11:07:16.903 D/audioserver( 521): logFgsApiEnd: FGS Logger Transaction failed, -129
06-04 11:07:17.176 I/audio_hw_hal_stream( 476): aml_stream_out_info_print: out:0xf07c5650, stream_type:pcm, sync_mode:non tunnel, input_size:4505600 bytes
06-04 11:07:17.176 I/audio_hw_hal_stream( 476): aml_stream_out_info_print: last_time:111736 ms (sec:111, nsec:736501635), last_position:23308 ms (1118800), cur_time:111758 ms (sec:111, nsec:758734135), cur_position:23329 ms (1119824)
06-04 11:07:17.176 I/audio_hw_hal_stream( 476): aml_stream_out_info_print: time_gap:22 ms (thr:100 ms), position_gap:21 ms, delay:137 ms, jitter: Position gap is behind system time gap by 1 ms (thr:100 ms)
06-04 11:07:17.240 D/XM_HIDREAD( 1961): poll ret=1, event=1
06-04 11:07:17.240 D/XM_HIDREAD( 1961): [9 bytes]:01 00 00 4F 00 00 00 00 00
06-04 11:07:17.254 I/audio_hw_hal_primary( 476): [register_audio_patch:8215] Patch 3:id:3 mix(io:13)->dev_0[OUT_HDMI(id:22)] found, register the same patch, do nothing.
06-04 11:07:17.254 I/audio_hw_hal_primary( 476): [adev_create_audio_patch:8316] Patch 3: MIX->DEVICE, num_src:1 num_sink:1 patch_src:INVAL
06-04 11:07:17.254 I/audio_hw_hal_primary( 476): [adev_create_audio_patch:8320] sink[0]: OUT_HDMI(id:22)
06-04 11:07:17.254 I/audio_hw_hal_primary( 476): [adev_create_audio_patch:8377] Patch 3: mix(io:13) -> dev[OUT_HDMI(id:22)]
06-04 11:07:17.255 I/audio_hw_hal_primary( 476): [adev_create_audio_patch:8445] dev=0xf09c2930 cur_out_device=0x400
06-04 11:07:17.255 D/UEventObserver( 1063): change@/devices/platform/auge_sound/sound/card0/controlC0ACTION=changeDEVPATH=/devices/platform/auge_sound/sound/card0/controlC0SUBSYSTEM=soundAUDIO_FORMAT=0MAJOR=116MINOR=13DEVNAME=snd/controlC0SEQNUM=3580
06-04 11:07:17.265 D/audioserver( 521): logFgsApiBegin: FGS Logger Transaction failed, -129
06-04 11:07:17.267 I/SogouIME( 1440): onKeyDown: keyoCode=22
06-04 11:07:17.267 I/DefaultIMS( 1440): onKeyDown: keyoCode=22
06-04 11:07:17.284 I/audio_hw_hal_primary( 476): out_update_source_metadata_v7() line 2013 usage:1 content_type:2
06-04 11:07:17.288 W/View ( 1441): requestLayout() improperly called by android.widget.ImageView{c2cfe V.ED..... ..S..AID 10,318-136,350} during layout: running second layout pass
06-04 11:07:17.326 I/audio_hw_hal_primary( 476): [register_audio_patch:8215] Patch 3:id:3 mix(io:13)->dev_0[OUT_HDMI(id:22)] found, register the same patch, do nothing.
06-04 11:07:17.326 I/audio_hw_hal_primary( 476): [adev_create_audio_patch:8316] Patch 3: MIX->DEVICE, num_src:1 num_sink:1 patch_src:INVAL
06-04 11:07:17.326 I/audio_hw_hal_primary( 476): [adev_create_audio_patch:8320] sink[0]: OUT_HDMI(id:22)
06-04 11:07:17.326 I/audio_hw_hal_primary( 476): [adev_create_audio_patch:8377] Patch 3: mix(io:13) -> dev[OUT_HDMI(id:22)]
06-04 11:07:17.327 I/audio_hw_hal_primary( 476): [adev_create_audio_patch:8445] dev=0xf09c2930 cur_out_device=0x400
06-04 11:07:17.327 D/UEventObserver( 1063): change@/devices/platform/auge_sound/sound/card0/controlC0ACTION=changeDEVPATH=/devices/platform/auge_sound/sound/card0/controlC0SUBSYSTEM=soundAUDIO_FORMAT=0MAJOR=116MINOR=13DEVNAME=snd/controlC0SEQNUM=3581
06-04 11:07:17.327 D/audioserver( 521): logFgsApiEnd: FGS Logger Transaction failed, -129
06-04 11:07:17.327 D/audioserver( 521): logFgsApiBegin: FGS Logger Transaction failed, -129
06-04 11:07:17.328 I/audio_hw_hal_primary( 476): out_update_source_metadata_v7() line 2013 usage:1 content_type:2
06-04 11:07:17.334 D/audioserver( 521): logFgsApiBegin: FGS Logger Transaction failed, -129
06-04 11:07:17.369 I/audio_hw_hal_primary( 476): out_update_source_metadata_v7() line 2013 usage:13 content_type:4
06-04 11:07:17.397 D/XM_HIDREAD( 1961): poll ret=1, event=1
06-04 11:07:17.397 D/XM_HIDREAD( 1961): [9 bytes]:01 00 00 00 00 00 00 00 00
06-04 11:07:17.400 I/SogouIME( 1440): onKeyUp: keyoCode=22
06-04 11:07:17.400 I/DefaultIMS( 1440): onKeyUp: keyoCode=22
06-04 11:07:17.454 I/audio_hw_hal_primary( 476): [audiohal_get_latency:1333] io 13: out:0xf07c5650 frames:1280 rate:48000 whole_latency:26 alsa_latency:26
06-04 11:07:17.497 I/audio_hw_hal_primary( 476): [audiohal_get_latency:1333] io 13: out:0xf07c5650 frames:1280 rate:48000 whole_latency:26 alsa_latency:26
06-04 11:07:17.497 I/audio_hw_hal_primary( 476): [audiohal_get_latency:1333] io 13: out:0xf07c5650 frames:1152 rate:48000 whole_latency:24 alsa_latency:24
06-04 11:07:17.519 I/audio_hw_hal_primary( 476): [audiohal_get_latency:1333] io 13: out:0xf07c5650 frames:1152 rate:48000 whole_latency:24 alsa_latency:24
06-04 11:07:17.519 I/audio_hw_hal_primary( 476): [audiohal_get_latency:1333] io 13: out:0xf07c5650 frames:1152 rate:48000 whole_latency:24 alsa_latency:24
06-04 11:07:17.539 I/audio_hw_hal_primary( 476): [audiohal_get_latency:1333] io 13: out:0xf07c5650 frames:1280 rate:48000 whole_latency:26 alsa_latency:26
06-04 11:07:17.540 I/audio_hw_hal_primary( 476): [audiohal_get_latency:1333] io 13: out:0xf07c5650 frames:1152 rate:48000 whole_latency:24 alsa_latency:24
06-04 11:07:17.561 I/audio_hw_hal_primary( 476): [audiohal_get_latency:1333] io 13: out:0xf07c5650 frames:1152 rate:48000 whole_latency:24 alsa_latency:24
06-04 11:07:17.561 I/audio_hw_hal_primary( 476): [audiohal_get_latency:1333] io 13: out:0xf07c5650 frames:1152 rate:48000 whole_latency:24 alsa_latency:24
06-04 11:07:17.582 I/audio_hw_hal_primary( 476): [audiohal_get_latency:1333] io 13: out:0xf07c5650 frames:1280 rate:48000 whole_latency:26 alsa_latency:26
06-04 11:07:17.582 I/audio_hw_hal_primary( 476): [audiohal_get_latency:1333] io 13: out:0xf07c5650 frames:1152 rate:48000 whole_latency:24 alsa_latency:24
06-04 11:07:17.604 I/audio_hw_hal_primary( 476): [audiohal_get_latency:1333] io 13: out:0xf07c5650 frames:1152 rate:48000 whole_latency:24 alsa_latency:24
06-04 11:07:17.604 I/audio_hw_hal_primary( 476): [audiohal_get_latency:1333] io 13: out:0xf07c5650 frames:1152 rate:48000 whole_latency:24 alsa_latency:24
06-04 11:07:17.625 I/audio_hw_hal_primary( 476): [audiohal_get_latency:1333] io 13: out:0xf07c5650 frames:1280 rate:48000 whole_latency:26 alsa_latency:26
06-04 11:07:17.625 I/audio_hw_hal_primary( 476): [audiohal_get_latency:1333] io 13: out:0xf07c5650 frames:1152 rate:48000 whole_latency:24 alsa_latency:24
06-04 11:07:17.625 D/audioserver( 521): logFgsApiEnd: FGS Logger Transaction failed, -129
06-04 11:07:17.626 I/audio_hw_hal_primary( 476): out_update_source_metadata_v7() line 2013 usage:13 content_type:4
06-04 11:07:17.648 I/audio_hw_hal_primary( 476): [audiohal_get_latency:1333] io 13: out:0xf07c5650 frames:1152 rate:48000 whole_latency:24 alsa_latency:24
06-04 11:07:17.667 I/audio_hw_hal_primary( 476): [audiohal_get_latency:1333] io 13: out:0xf07c5650 frames:1280 rate:48000 whole_latency:26 alsa_latency:26
06-04 11:07:17.669 D/audioserver( 521): logFgsApiEnd: FGS Logger Transaction failed, -129
06-04 11:07:17.712 D/TrafficStats( 1441): tagSocket(79) with statsTag=0xffffffff, statsUid=-1
06-04 11:07:18.292 D/TrafficStats( 1441): tagSocket(111) with statsTag=0xffffffff, statsUid=-1
06-04 11:07:18.294 D/TrafficStats( 1441): tagSocket(137) with statsTag=0xffffffff, statsUid=-1
06-04 11:07:18.299 D/TrafficStats( 1441): tagSocket(112) with statsTag=0xffffffff, statsUid=-1
06-04 11:07:18.537 D/TrafficStats( 1441): tagSocket(79) with statsTag=0xffffffff, statsUid=-1
06-04 11:07:18.755 I/WifiHAL ( 501): call wifi_get_link_stats handler
06-04 11:07:18.755 I/WifiHAL ( 501): Creating message to get link statistics; iface = 16
06-04 11:07:18.756 D/WifiHAL ( 501): error code -95 mapped to -3
06-04 11:07:18.756 E/WifiStaIfaceAidlImpl( 689): getLinkLayerStats failed with service-specific exception: android.os.ServiceSpecificException: (code 4)
06-04 11:07:19.198 D/XM_HIDREAD( 1961): poll ret=1, event=1
06-04 11:07:19.198 D/XM_HIDREAD( 1961): [9 bytes]:01 00 00 51 00 00 00 00 00
06-04 11:07:19.212 I/audio_hw_hal_primary( 476): [register_audio_patch:8215] Patch 3:id:3 mix(io:13)->dev_0[OUT_HDMI(id:22)] found, register the same patch, do nothing.
06-04 11:07:19.212 I/audio_hw_hal_primary( 476): [adev_create_audio_patch:8316] Patch 3: MIX->DEVICE, num_src:1 num_sink:1 patch_src:INVAL
06-04 11:07:19.212 I/audio_hw_hal_primary( 476): [adev_create_audio_patch:8320] sink[0]: OUT_HDMI(id:22)
06-04 11:07:19.212 I/audio_hw_hal_primary( 476): [adev_create_audio_patch:8377] Patch 3: mix(io:13) -> dev[OUT_HDMI(id:22)]
06-04 11:07:19.212 I/audio_hw_hal_primary( 476): [adev_create_audio_patch:8445] dev=0xf09c2930 cur_out_device=0x400
06-04 11:07:19.212 D/UEventObserver( 1063): change@/devices/platform/auge_sound/sound/card0/controlC0ACTION=changeDEVPATH=/devices/platform/auge_sound/sound/card0/controlC0SUBSYSTEM=soundAUDIO_FORMAT=0MAJOR=116MINOR=13DEVNAME=snd/controlC0SEQNUM=3582
06-04 11:07:19.220 D/audioserver( 521): logFgsApiBegin: FGS Logger Transaction failed, -129
06-04 11:07:19.222 I/SogouIME( 1440): onKeyDown: keyoCode=20
06-04 11:07:19.222 I/DefaultIMS( 1440): onKeyDown: keyoCode=20
06-04 11:07:19.227 E/DifferentialGridView( 1441): java.lang.NoSuchMethodException: androidx.recyclerview.widget.RecyclerView$d0.smoothScrollBy [int, int, interface android.view.animation.Interpolator, int]
06-04 11:07:19.227 E/DifferentialGridView( 1441): at java.lang.Class.getMethod(Class.java:2937)
06-04 11:07:19.227 E/DifferentialGridView( 1441): at java.lang.Class.getMethod(Class.java:2449)
06-04 11:07:19.227 E/DifferentialGridView( 1441): at com.dangbei.palaemon.leanback.DifferentialGridView.customSmoothScrollBy(SourceFile:224)
06-04 11:07:19.227 E/DifferentialGridView( 1441): at com.dangbei.palaemon.leanback.DifferentialGridView.smoothScrollBy(SourceFile:4)
06-04 11:07:19.227 E/DifferentialGridView( 1441): at com.dangbei.palaemon.leanback.DifferentialGridView.smoothScrollBy(SourceFile:1)
06-04 11:07:19.227 E/DifferentialGridView( 1441): at com.dangbei.palaemon.leanback.GridLayoutManager.scrollGrid(SourceFile:27)
06-04 11:07:19.227 E/DifferentialGridView( 1441): at com.dangbei.palaemon.leanback.GridLayoutManager.scrollToView(SourceFile:19)
06-04 11:07:19.227 E/DifferentialGridView( 1441): at com.dangbei.palaemon.leanback.GridLayoutManager.scrollToView(SourceFile:3)
06-04 11:07:19.227 E/DifferentialGridView( 1441): at com.dangbei.palaemon.leanback.GridLayoutManager.onRequestChildFocus(SourceFile:25)
06-04 11:07:19.227 E/DifferentialGridView( 1441): at androidx.recyclerview.widget.RecyclerView.requestChildFocus(SourceFile:5)
06-04 11:07:19.227 E/DifferentialGridView( 1441): at android.view.ViewGroup.requestChildFocus(ViewGroup.java:871)
06-04 11:07:19.227 E/DifferentialGridView( 1441): at android.view.View.handleFocusGainInternal(View.java:7995)
06-04 11:07:19.227 E/DifferentialGridView( 1441): at android.view.ViewGroup.handleFocusGainInternal(ViewGroup.java:847)
06-04 11:07:19.227 E/DifferentialGridView( 1441): at android.view.View.requestFocusNoSearch(View.java:14519)
06-04 11:07:19.227 E/DifferentialGridView( 1441): at android.view.View.requestFocus(View.java:14493)
06-04 11:07:19.227 E/DifferentialGridView( 1441): at android.view.ViewGroup.requestFocus(ViewGroup.java:3325)
06-04 11:07:19.227 E/DifferentialGridView( 1441): at android.view.ViewRootImpl$ViewPostImeInputStage.performFocusNavigation(ViewRootImpl.java:7099)
06-04 11:07:19.227 E/DifferentialGridView( 1441): at android.view.ViewRootImpl$ViewPostImeInputStage.processKeyEvent(ViewRootImpl.java:7218)
06-04 11:07:19.227 E/DifferentialGridView( 1441): at android.view.ViewRootImpl$ViewPostImeInputStage.onProcess(ViewRootImpl.java:7028)
06-04 11:07:19.227 E/DifferentialGridView( 1441): at android.view.ViewRootImpl$InputStage.deliver(ViewRootImpl.java:6435)
06-04 11:07:19.227 E/DifferentialGridView( 1441): at android.view.ViewRootImpl$InputStage.onDeliverToNext(ViewRootImpl.java:6492)
06-04 11:07:19.227 E/DifferentialGridView( 1441): at android.view.ViewRootImpl$InputStage.forward(ViewRootImpl.java:6458)
06-04 11:07:19.227 E/DifferentialGridView( 1441): at android.view.ViewRootImpl$AsyncInputStage.forward(ViewRootImpl.java:6623)
06-04 11:07:19.227 E/DifferentialGridView( 1441): at android.view.ViewRootImpl$InputStage.apply(ViewRootImpl.java:6466)
06-04 11:07:19.227 E/DifferentialGridView( 1441): at android.view.ViewRootImpl$AsyncInputStage.apply(ViewRootImpl.java:6680)
06-04 11:07:19.227 E/DifferentialGridView( 1441): at android.view.ViewRootImpl$InputStage.deliver(ViewRootImpl.java:6439)
06-04 11:07:19.227 E/DifferentialGridView( 1441): at android.view.ViewRootImpl$InputStage.onDeliverToNext(ViewRootImpl.java:6492)
06-04 11:07:19.227 E/DifferentialGridView( 1441): at android.view.ViewRootImpl$InputStage.forward(ViewRootImpl.java:6458)
06-04 11:07:19.227 E/DifferentialGridView( 1441): at android.view.ViewRootImpl$InputStage.apply(ViewRootImpl.java:6466)
06-04 11:07:19.227 E/DifferentialGridView( 1441): at android.view.ViewRootImpl$InputStage.deliver(ViewRootImpl.java:6439)
06-04 11:07:19.227 E/DifferentialGridView( 1441): at android.view.ViewRootImpl$InputStage.onDeliverToNext(ViewRootImpl.java:6492)
06-04 11:07:19.227 E/DifferentialGridView( 1441): at android.view.ViewRootImpl$InputStage.forward(ViewRootImpl.java:6458)
06-04 11:07:19.227 E/DifferentialGridView( 1441): at android.view.ViewRootImpl$AsyncInputStage.forward(ViewRootImpl.java:6656)
06-04 11:07:19.227 E/DifferentialGridView( 1441): at android.view.ViewRootImpl$ImeInputStage.onFinishedInputEvent(ViewRootImpl.java:6867)
06-04 11:07:19.227 E/DifferentialGridView( 1441): at android.view.inputmethod.InputMethodManager$PendingEvent.run(InputMethodManager.java:4303)
06-04 11:07:19.227 E/DifferentialGridView( 1441): at android.view.inputmethod.InputMethodManager.invokeFinishedInputEventCallback(InputMethodManager.java:3740)
06-04 11:07:19.227 E/DifferentialGridView( 1441): at android.view.inputmethod.InputMethodManager.finishedInputEvent(InputMethodManager.java:3731)
06-04 11:07:19.227 E/DifferentialGridView( 1441): at android.view.inputmethod.InputMethodManager.-$$Nest$mfinishedInputEvent(Unknown Source:0)
06-04 11:07:19.227 E/DifferentialGridView( 1441): at android.view.inputmethod.InputMethodManager$ImeInputEventSender.onInputEventFinished(InputMethodManager.java:4280)
06-04 11:07:19.227 E/DifferentialGridView( 1441): at android.view.InputEventSender.dispatchInputEventFinished(InputEventSender.java:154)
06-04 11:07:19.227 E/DifferentialGridView( 1441): at android.os.MessageQueue.nativePollOnce(Native Method)
06-04 11:07:19.227 E/DifferentialGridView( 1441): at android.os.MessageQueue.next(MessageQueue.java:335)
06-04 11:07:19.227 E/DifferentialGridView( 1441): at android.os.Looper.loopOnce(Looper.java:162)
06-04 11:07:19.227 E/DifferentialGridView( 1441): at android.os.Looper.loop(Looper.java:294)
06-04 11:07:19.227 E/DifferentialGridView( 1441): at android.app.ActivityThread.main(ActivityThread.java:8255)
06-04 11:07:19.227 E/DifferentialGridView( 1441): at java.lang.reflect.Method.invoke(Native Method)
06-04 11:07:19.227 E/DifferentialGridView( 1441): at com.android.internal.os.RuntimeInit$MethodAndArgsCaller.run(RuntimeInit.java:552)
06-04 11:07:19.227 E/DifferentialGridView( 1441): at com.android.internal.os.ZygoteInit.main(ZygoteInit.java:978)
06-04 11:07:19.236 D/TrafficStats( 1441): tagSocket(79) with statsTag=0xffffffff, statsUid=-1
06-04 11:07:19.240 W/View ( 1441): requestLayout() improperly called by android.widget.ImageView{c2cfe V.ED..... .....AID 10,281-136,313} during layout: running second layout pass
06-04 11:07:19.246 I/audio_hw_hal_primary( 476): [register_audio_patch:8215] Patch 3:id:3 mix(io:13)->dev_0[OUT_HDMI(id:22)] found, register the same patch, do nothing.
06-04 11:07:19.246 I/audio_hw_hal_primary( 476): [adev_create_audio_patch:8316] Patch 3: MIX->DEVICE, num_src:1 num_sink:1 patch_src:INVAL
06-04 11:07:19.246 I/audio_hw_hal_primary( 476): [adev_create_audio_patch:8320] sink[0]: OUT_HDMI(id:22)
06-04 11:07:19.246 I/audio_hw_hal_primary( 476): [adev_create_audio_patch:8377] Patch 3: mix(io:13) -> dev[OUT_HDMI(id:22)]
06-04 11:07:19.247 D/UEventObserver( 1063): change@/devices/platform/auge_sound/sound/card0/controlC0ACTION=changeDEVPATH=/devices/platform/auge_sound/sound/card0/controlC0SUBSYSTEM=soundAUDIO_FORMAT=0MAJOR=116MINOR=13DEVNAME=snd/controlC0SEQNUM=3583
06-04 11:07:19.247 I/audio_hw_hal_primary( 476): [adev_create_audio_patch:8445] dev=0xf09c2930 cur_out_device=0x400
06-04 11:07:19.247 D/audioserver( 521): logFgsApiEnd: FGS Logger Transaction failed, -129
06-04 11:07:19.247 D/audioserver( 521): logFgsApiBegin: FGS Logger Transaction failed, -129
06-04 11:07:19.249 I/audio_hw_hal_primary( 476): out_update_source_metadata_v7() line 2013 usage:1 content_type:2
06-04 11:07:19.254 D/audioserver( 521): logFgsApiBegin: FGS Logger Transaction failed, -129
06-04 11:07:19.288 D/VideoRecommendAdapter( 1441): onCreateViewHolder: 1
06-04 11:07:19.289 I/audio_hw_hal_primary( 476): out_update_source_metadata_v7() line 2013 usage:13 content_type:4
06-04 11:07:19.332 D/XM_HIDREAD( 1961): poll ret=1, event=1
06-04 11:07:19.332 D/XM_HIDREAD( 1961): [9 bytes]:01 00 00 00 00 00 00 00 00
06-04 11:07:19.336 I/SogouIME( 1440): onKeyUp: keyoCode=20
06-04 11:07:19.336 I/DefaultIMS( 1440): onKeyUp: keyoCode=20
06-04 11:07:19.416 I/audio_hw_hal_primary( 476): [audiohal_get_latency:1333] io 13: out:0xf07c5650 frames:1280 rate:48000 whole_latency:26 alsa_latency:26
06-04 11:07:19.417 I/audio_hw_hal_primary( 476): [audiohal_get_latency:1333] io 13: out:0xf07c5650 frames:1280 rate:48000 whole_latency:26 alsa_latency:26
06-04 11:07:19.438 I/audio_hw_hal_primary( 476): [audiohal_get_latency:1333] io 13: out:0xf07c5650 frames:1152 rate:48000 whole_latency:24 alsa_latency:24
06-04 11:07:19.438 I/audio_hw_hal_primary( 476): [audiohal_get_latency:1333] io 13: out:0xf07c5650 frames:1152 rate:48000 whole_latency:24 alsa_latency:24
06-04 11:07:19.459 I/audio_hw_hal_primary( 476): [audiohal_get_latency:1333] io 13: out:0xf07c5650 frames:1280 rate:48000 whole_latency:26 alsa_latency:26
06-04 11:07:19.459 I/audio_hw_hal_primary( 476): [audiohal_get_latency:1333] io 13: out:0xf07c5650 frames:1280 rate:48000 whole_latency:26 alsa_latency:26
06-04 11:07:19.481 I/audio_hw_hal_primary( 476): [audiohal_get_latency:1333] io 13: out:0xf07c5650 frames:1152 rate:48000 whole_latency:24 alsa_latency:24
06-04 11:07:19.481 I/audio_hw_hal_primary( 476): [audiohal_get_latency:1333] io 13: out:0xf07c5650 frames:1152 rate:48000 whole_latency:24 alsa_latency:24
06-04 11:07:19.502 I/audio_hw_hal_primary( 476): [audiohal_get_latency:1333] io 13: out:0xf07c5650 frames:1280 rate:48000 whole_latency:26 alsa_latency:26
06-04 11:07:19.502 I/audio_hw_hal_primary( 476): [audiohal_get_latency:1333] io 13: out:0xf07c5650 frames:1280 rate:48000 whole_latency:26 alsa_latency:26
06-04 11:07:19.524 I/audio_hw_hal_primary( 476): [audiohal_get_latency:1333] io 13: out:0xf07c5650 frames:1152 rate:48000 whole_latency:24 alsa_latency:24
06-04 11:07:19.524 I/audio_hw_hal_primary( 476): [audiohal_get_latency:1333] io 13: out:0xf07c5650 frames:1152 rate:48000 whole_latency:24 alsa_latency:24
06-04 11:07:19.544 I/audio_hw_hal_primary( 476): [audiohal_get_latency:1333] io 13: out:0xf07c5650 frames:1280 rate:48000 whole_latency:26 alsa_latency:26
06-04 11:07:19.545 I/audio_hw_hal_primary( 476): [audiohal_get_latency:1333] io 13: out:0xf07c5650 frames:1280 rate:48000 whole_latency:26 alsa_latency:26
06-04 11:07:19.566 I/audio_hw_hal_primary( 476): [audiohal_get_latency:1333] io 13: out:0xf07c5650 frames:1280 rate:48000 whole_latency:26 alsa_latency:26
06-04 11:07:19.566 I/audio_hw_hal_primary( 476): [audiohal_get_latency:1333] io 13: out:0xf07c5650 frames:1152 rate:48000 whole_latency:24 alsa_latency:24
06-04 11:07:19.587 I/audio_hw_hal_primary( 476): [audiohal_get_latency:1333] io 13: out:0xf07c5650 frames:1280 rate:48000 whole_latency:26 alsa_latency:26
06-04 11:07:19.587 I/audio_hw_hal_primary( 476): [audiohal_get_latency:1333] io 13: out:0xf07c5650 frames:1280 rate:48000 whole_latency:26 alsa_latency:26
06-04 11:07:19.588 D/audioserver( 521): logFgsApiEnd: FGS Logger Transaction failed, -129
06-04 11:07:19.589 D/audioserver( 521): logFgsApiEnd: FGS Logger Transaction failed, -129
06-04 11:07:19.682 D/nStackXCoAP( 3069): IsInSameNetwork:[276] :IsInSameNetwork exec
06-04 11:07:19.682 I/nStackXDFinder( 3069): GetLocalInterfaceDetail:[461] :GetLocalInterfaceDetail in
06-04 11:07:19.682 E/nStackXCoAP( 3069): IsInSameNetwork:[281] :IsInSameNetwork: not priority process
06-04 11:07:19.682 D/nStackXCoAP( 3069): ParseServiceDiscover:[330] :new device join
06-04 11:07:19.683 I/nStackXDFinder( 3069): NotifyDeviceListChanged:[540] :notify callback: device list changed callback is null
06-04 11:07:19.683 E/nStackXDFinder( 3069): GetLocalIp:[401] :GetLocalIp exec
06-04 11:07:19.847 D/TrafficStats( 1441): tagSocket(111) with statsTag=0xffffffff, statsUid=-1
06-04 11:07:19.852 D/TrafficStats( 1441): tagSocket(194) with statsTag=0xffffffff, statsUid=-1
06-04 11:07:19.863 D/TrafficStats( 1441): tagSocket(144) with statsTag=0xffffffff, statsUid=-1
06-04 11:07:19.870 D/TrafficStats( 1441): tagSocket(193) with statsTag=0xffffffff, statsUid=-1
06-04 11:07:19.883 D/nStackXCoAP( 3069): IsInSameNetwork:[276] :IsInSameNetwork exec
06-04 11:07:19.883 I/nStackXDFinder( 3069): GetLocalInterfaceDetail:[461] :GetLocalInterfaceDetail in
06-04 11:07:19.884 E/nStackXCoAP( 3069): IsInSameNetwork:[281] :IsInSameNetwork: not priority process
06-04 11:07:19.884 D/nStackXCoAP( 3069): ParseServiceDiscover:[330] :new device join
06-04 11:07:19.884 E/nStackXDFinder( 3069): GetLocalIp:[401] :GetLocalIp exec
06-04 11:07:20.000 D/nStackXCoAP( 3069): CoapMessageHandler:[133] :2.01
06-04 11:07:20.050 D/TrafficStats( 1441): tagSocket(79) with statsTag=0xffffffff, statsUid=-1
06-04 11:07:20.055 D/TrafficStats( 1441): tagSocket(185) with statsTag=0xffffffff, statsUid=-1
06-04 11:07:20.125 D/nStackXCoAP( 3069): IsInSameNetwork:[276] :IsInSameNetwork exec
06-04 11:07:20.125 I/nStackXDFinder( 3069): GetLocalInterfaceDetail:[461] :GetLocalInterfaceDetail in
06-04 11:07:20.125 E/nStackXCoAP( 3069): IsInSameNetwork:[281] :IsInSameNetwork: not priority process
06-04 11:07:20.125 D/nStackXCoAP( 3069): ParseServiceDiscover:[330] :new device join
06-04 11:07:20.125 E/nStackXDFinder( 3069): GetLocalIp:[401] :GetLocalIp exec
06-04 11:07:20.264 D/nStackXCoAP( 3069): IsInSameNetwork:[276] :IsInSameNetwork exec
06-04 11:07:20.264 I/nStackXDFinder( 3069): GetLocalInterfaceDetail:[461] :GetLocalInterfaceDetail in
06-04 11:07:20.264 E/nStackXCoAP( 3069): IsInSameNetwork:[281] :IsInSameNetwork: not priority process
06-04 11:07:20.264 D/nStackXCoAP( 3069): ParseServiceDiscover:[330] :new device join
06-04 11:07:20.264 E/nStackXDFinder( 3069): GetLocalIp:[401] :GetLocalIp exec
06-04 11:07:20.343 D/nStackXCoAP( 3069): IsInSameNetwork:[276] :IsInSameNetwork exec
06-04 11:07:20.343 I/nStackXDFinder( 3069): GetLocalInterfaceDetail:[461] :GetLocalInterfaceDetail in
06-04 11:07:20.343 E/nStackXCoAP( 3069): IsInSameNetwork:[281] :IsInSameNetwork: not priority process
06-04 11:07:20.343 D/nStackXCoAP( 3069): ParseServiceDiscover:[330] :new device join
06-04 11:07:20.343 E/nStackXDFinder( 3069): GetLocalIp:[401] :GetLocalIp exec
06-04 11:07:20.401 D/XM_HIDREAD( 1961): poll ret=1, event=1
06-04 11:07:20.401 D/XM_HIDREAD( 1961): [9 bytes]:01 00 00 28 00 00 00 00 00
06-04 11:07:20.415 I/audio_hw_hal_primary( 476): [register_audio_patch:8215] Patch 3:id:3 mix(io:13)->dev_0[OUT_HDMI(id:22)] found, register the same patch, do nothing.
06-04 11:07:20.415 I/audio_hw_hal_primary( 476): [adev_create_audio_patch:8316] Patch 3: MIX->DEVICE, num_src:1 num_sink:1 patch_src:INVAL
06-04 11:07:20.415 I/audio_hw_hal_primary( 476): [adev_create_audio_patch:8320] sink[0]: OUT_HDMI(id:22)
06-04 11:07:20.415 I/audio_hw_hal_primary( 476): [adev_create_audio_patch:8377] Patch 3: mix(io:13) -> dev[OUT_HDMI(id:22)]
06-04 11:07:20.415 D/UEventObserver( 1063): change@/devices/platform/auge_sound/sound/card0/controlC0ACTION=changeDEVPATH=/devices/platform/auge_sound/sound/card0/controlC0SUBSYSTEM=soundAUDIO_FORMAT=0MAJOR=116MINOR=13DEVNAME=snd/controlC0SEQNUM=3586
06-04 11:07:20.415 I/audio_hw_hal_primary( 476): [adev_create_audio_patch:8445] dev=0xf09c2930 cur_out_device=0x400
06-04 11:07:20.423 D/audioserver( 521): logFgsApiBegin: FGS Logger Transaction failed, -129
06-04 11:07:20.425 I/SogouIME( 1440): onKeyDown: keyoCode=23
06-04 11:07:20.426 I/DefaultIMS( 1440): onKeyDown: keyoCode=23
06-04 11:07:20.441 I/audio_hw_hal_primary( 476): out_update_source_metadata_v7() line 2013 usage:1 content_type:2
06-04 11:07:20.503 D/XM_HIDREAD( 1961): poll ret=1, event=1
06-04 11:07:20.503 D/XM_HIDREAD( 1961): [9 bytes]:01 00 00 00 00 00 00 00 00
06-04 11:07:20.506 I/SogouIME( 1440): onKeyUp: keyoCode=23
06-04 11:07:20.506 I/DefaultIMS( 1440): onKeyUp: keyoCode=23
06-04 11:07:20.508 I/fragmentlink( 1441): fragmentPaths onLost
06-04 11:07:20.508 E/ActivityLinkRouter( 1441): startDefault: path=db://mediadetail?id=72077045&type=12
06-04 11:07:20.510 D/hq ( 1441): iqiyi vipDangbei status is VipDangbei{id=1, status=2, mlUserId='e502cfec393ffab8f86fb6362afbebe5', extraInfo='null', pic=''}
