06-04 11:05:38.730 D/CompatibilityChangeReporter( 689): Compat change id reported: 143937733; UID 10052; state: ENABLED
06-04 11:05:38.734 I/WallpaperDataParser( 689): No static wallpaper imagery; defaults will be shown
06-04 11:05:38.756 I/ActivityManager( 689): Start proc 939:com.android.systemui/u0a52 for service {com.android.systemui/com.android.systemui.wallpapers.ImageWallpaper}
06-04 11:05:38.757 D/WallpaperCropper( 689): WPMS.generateCrop
06-04 11:05:38.758 W/WallpaperCropper( 689): Invalid wallpaper data
06-04 11:05:38.758 E/WallpaperCropper( 689): Unable to apply new wallpaper
06-04 11:05:38.759 D/SystemServerTiming( 689): OnBootPhase_550_com.android.server.wallpapereffectsgeneration.WallpaperEffectsGenerationManagerService
06-04 11:05:38.759 D/SystemServerTiming( 689): OnBootPhase_550_com.android.server.audio.AudioService$Lifecycle
06-04 11:05:38.760 D/SystemServerTiming( 689): OnBootPhase_550_com.android.server.soundtrigger_middleware.SoundTriggerMiddlewareService$Lifecycle
06-04 11:05:38.760 D/SystemServerTiming( 689): OnBootPhase_550_com.android.server.adb.AdbService$Lifecycle
06-04 11:05:38.760 D/SystemServerTiming( 689): OnBootPhase_550_com.android.server.usb.UsbService$Lifecycle
06-04 11:05:38.761 D/SystemServerTiming( 689): OnBootPhase_550_com.android.server.twilight.TwilightService
06-04 11:05:38.761 D/SystemServerTiming( 689): OnBootPhase_550_com.android.server.display.color.ColorDisplayService
06-04 11:05:38.761 D/SystemServerTiming( 689): OnBootPhase_550_com.android.server.job.JobSchedulerService
06-04 11:05:38.761 D/SystemServerTiming( 689): OnBootPhase_550_com.android.server.soundtrigger.SoundTriggerService
06-04 11:05:38.761 D/SoundTriggerService( 689): onBootPhase: 550 : false
06-04 11:05:38.761 D/SystemServerTimingAsync( 689): InitThreadPoolExec:UsbService$Lifecycle#onBootPhase
06-04 11:05:38.779 I/UsbPortManager( 689): all: opID:1 successful
06-04 11:05:38.779 D/SystemServerTiming( 689): OnBootPhase_550_com.android.server.trust.TrustManagerService
06-04 11:05:38.779 D/SystemServerTiming( 689): OnBootPhase_550_com.android.server.backup.BackupManagerService$Lifecycle
06-04 11:05:38.779 D/SystemServerTiming( 689): OnBootPhase_550_com.android.server.appwidget.AppWidgetService
06-04 11:05:38.779 D/SystemServerTiming( 689): OnBootPhase_550_com.android.server.voiceinteraction.VoiceInteractionManagerService
06-04 11:05:38.779 D/SystemServerTiming( 689): OnBootPhase_550_com.android.server.GestureLauncherService
06-04 11:05:38.779 D/SystemServerTiming( 689): OnBootPhase_550_com.android.server.SensorNotificationService
06-04 11:05:38.780 D/SystemServerTiming( 689): OnBootPhase_550_com.android.server.emergency.EmergencyAffordanceService
06-04 11:05:38.780 D/SystemServerTiming( 689): OnBootPhase_550_com.android.server.blob.BlobStoreManagerService
06-04 11:05:38.781 D/SystemServerTiming( 689): OnBootPhase_550_com.android.server.dreams.DreamManagerService
06-04 11:05:38.781 D/SystemServerTiming( 689): OnBootPhase_550_com.android.server.security.AttestationVerificationManagerService
06-04 11:05:38.781 D/SystemServerTiming( 689): OnBootPhase_550_com.android.server.restrictions.RestrictionsManagerService
06-04 11:05:38.781 D/SystemServerTiming( 689): OnBootPhase_550_com.android.server.media.MediaSessionService
06-04 11:05:38.782 D/SystemServerTiming( 689): OnBootPhase_550_com.android.server.hdmi.HdmiControlService
06-04 11:05:38.782 D/SystemServerTiming( 689): OnBootPhase_550_com.android.server.tv.interactive.TvInteractiveAppManagerService
06-04 11:05:38.782 D/SystemServerTiming( 689): OnBootPhase_550_com.android.server.tv.TvInputManagerService
06-04 11:05:38.782 D/SystemServerTiming( 689): OnBootPhase_550_com.android.server.media.MediaResourceMonitorService
06-04 11:05:38.782 D/SystemServerTiming( 689): OnBootPhase_550_com.android.server.tv.TvRemoteService
06-04 11:05:38.782 D/SystemServerTiming( 689): OnBootPhase_550_com.android.server.biometrics.BiometricService
06-04 11:05:38.782 D/SystemServerTiming( 689): OnBootPhase_550_com.android.server.biometrics.AuthService
06-04 11:05:38.782 D/SystemServerTiming( 689): OnBootPhase_550_com.android.server.pm.ShortcutService$Lifecycle
06-04 11:05:38.782 D/SystemServerTiming( 689): OnBootPhase_550_com.android.server.pm.LauncherAppsService
06-04 11:05:38.791 D/SystemServerTiming( 689): OnBootPhase_550_com.android.server.pm.CrossProfileAppsService
06-04 11:05:38.791 D/SystemServerTiming( 689): OnBootPhase_550_com.android.server.people.PeopleService
06-04 11:05:38.791 D/SystemServerTiming( 689): OnBootPhase_550_com.android.server.media.metrics.MediaMetricsManagerService
06-04 11:05:38.791 D/SystemServerTiming( 689): OnBootPhase_550_com.android.server.pm.BackgroundInstallControlService
06-04 11:05:38.791 D/SystemServerTiming( 689): OnBootPhase_550_com.android.server.media.projection.MediaProjectionManagerService
06-04 11:05:38.791 D/SystemServerTiming( 689): OnBootPhase_550_com.android.server.slice.SliceManagerService$Lifecycle
06-04 11:05:38.791 D/SystemServerTiming( 689): OnBootPhase_550_com.android.server.stats.StatsCompanion$Lifecycle
06-04 11:05:38.791 D/SystemServerTiming( 689): OnBootPhase_550_com.android.server.scheduling.RebootReadinessManagerService$Lifecycle
06-04 11:05:38.791 D/SystemServerTiming( 689): OnBootPhase_550_com.android.server.stats.pull.StatsPullAtomService
06-04 11:05:38.791 D/SystemServerTiming( 689): OnBootPhase_550_com.android.server.stats.bootstrap.StatsBootstrapAtomService$Lifecycle
06-04 11:05:38.791 D/SystemServerTiming( 689): OnBootPhase_550_com.android.server.incident.IncidentCompanionService
06-04 11:05:38.791 D/SystemServerTiming( 689): OnBootPhase_550_com.android.server.sdksandbox.SdkSandboxManagerService$Lifecycle
06-04 11:05:38.791 D/SystemServerTiming( 689): OnBootPhase_550_com.android.server.adservices.AdServicesManagerService$Lifecycle
06-04 11:05:38.791 D/SystemServerTiming( 689): OnBootPhase_550_com.android.server.ondevicepersonalization.OnDevicePersonalizationSystemService$Lifecycle
06-04 11:05:38.791 D/SystemServerTiming( 689): OnBootPhase_550_com.android.server.autofill.AutofillManagerService
06-04 11:05:38.791 D/SystemServerTiming( 689): OnBootPhase_550_com.android.server.clipboard.ClipboardService
06-04 11:05:38.792 D/SystemServerTiming( 689): OnBootPhase_550_com.android.server.appbinding.AppBindingService$Lifecycle
06-04 11:05:38.792 I/AppBindingService( 689): Updating constants with: null
06-04 11:05:38.793 D/SystemServerTiming( 689): OnBootPhase_550_com.android.server.tracing.TracingServiceProxy
06-04 11:05:38.793 D/SystemServerTiming( 689): OnBootPhase_550_com.android.server.policy.PermissionPolicyService
06-04 11:05:38.793 D/SystemServerTiming( 689): Permission_grant_default_permissions-0
06-04 11:05:38.793 D/SystemServerTiming( 689): Permission_synchronize_permissions-0
06-04 11:05:38.793 D/SystemServerTiming( 689): Permission_synchronize_addPackages-0
06-04 11:05:38.804 W/BroadcastLoopers( 689): Found previously unknown looper Thread[AudioDeviceBroker,5,main]
06-04 11:05:38.811 D/HDMI ( 689): Process pid:689 is calling addHotplugEventListener
06-04 11:05:38.829 D/GameManagerService( 689): User ID '0' does not have a Game Mode selected for package: 'com.android.systemui'
06-04 11:05:38.830 D/CompatibilityChangeReporter( 689): Compat change id reported: 168419799; UID 10052; state: DISABLED
06-04 11:05:38.830 D/CompatibilityChangeReporter( 689): Compat change id reported: 273564678; UID 10052; state: DISABLED
06-04 11:05:38.858 D/CompatibilityChangeReporter( 689): Compat change id reported: 170503758; UID 10052; state: ENABLED
06-04 11:05:38.861 D/SystemServerTiming( 689): Permission_syncPackages-0
06-04 11:05:38.863 D/SystemServerTiming( 689): Permission_onInitialized-0
06-04 11:05:38.863 I/PermissionManager( 689): Permission ownership changed. Updating all permissions.
06-04 11:05:38.864 W/PermissionManager( 689): Package com.android.adservices.api is an APK in APEX, but has permission allowlist on the system image. Please bundle the allowlist in the com.android.adservices APEX instead.
06-04 11:05:38.870 D/CompatibilityChangeReporter( 689): Compat change id reported: 265195908; UID 10052; state: ENABLED
06-04 11:05:38.955 D/AudioService( 689): No vibrator found
06-04 11:05:39.133 W/PermissionManager( 689): Package com.android.providers.media.module is an APK in APEX, but has permission allowlist on the system image. Please bundle the allowlist in the com.android.mediaprovider APEX instead.
06-04 11:05:39.134 W/PermissionManager( 689): Package com.android.providers.media.module is an APK in APEX, but has permission allowlist on the system image. Please bundle the allowlist in the com.android.mediaprovider APEX instead.
06-04 11:05:39.134 W/PermissionManager( 689): Package com.android.providers.media.module is an APK in APEX, but has permission allowlist on the system image. Please bundle the allowlist in the com.android.mediaprovider APEX instead.
06-04 11:05:39.134 W/PermissionManager( 689): Package com.android.providers.media.module is an APK in APEX, but has permission allowlist on the system image. Please bundle the allowlist in the com.android.mediaprovider APEX instead.
06-04 11:05:39.134 W/PermissionManager( 689): Package com.android.providers.media.module is an APK in APEX, but has permission allowlist on the system image. Please bundle the allowlist in the com.android.mediaprovider APEX instead.
06-04 11:05:39.134 W/PermissionManager( 689): Package com.android.providers.media.module is an APK in APEX, but has permission allowlist on the system image. Please bundle the allowlist in the com.android.mediaprovider APEX instead.
06-04 11:05:39.134 W/PermissionManager( 689): Package com.android.providers.media.module is an APK in APEX, but has permission allowlist on the system image. Please bundle the allowlist in the com.android.mediaprovider APEX instead.
06-04 11:05:39.134 W/PermissionManager( 689): Package com.android.providers.media.module is an APK in APEX, but has permission allowlist on the system image. Please bundle the allowlist in the com.android.mediaprovider APEX instead.
06-04 11:05:39.134 W/PermissionManager( 689): Package com.android.providers.media.module is an APK in APEX, but has permission allowlist on the system image. Please bundle the allowlist in the com.android.mediaprovider APEX instead.
06-04 11:05:39.134 W/PermissionManager( 689): Package com.android.providers.media.module is an APK in APEX, but has permission allowlist on the system image. Please bundle the allowlist in the com.android.mediaprovider APEX instead.
06-04 11:05:39.134 W/PermissionManager( 689): Package com.android.providers.media.module is an APK in APEX, but has permission allowlist on the system image. Please bundle the allowlist in the com.android.mediaprovider APEX instead.
06-04 11:05:39.134 W/PermissionManager( 689): Package com.android.providers.media.module is an APK in APEX, but has permission allowlist on the system image. Please bundle the allowlist in the com.android.mediaprovider APEX instead.
06-04 11:05:39.134 W/PermissionManager( 689): Package com.android.providers.media.module is an APK in APEX, but has permission allowlist on the system image. Please bundle the allowlist in the com.android.mediaprovider APEX instead.
06-04 11:05:39.155 W/SystemServiceManager( 689): Service com.android.server.policy.PermissionPolicyService took 362 ms in onBootPhase
06-04 11:05:39.155 D/SystemServerTiming( 689): OnBootPhase_550_com.android.server.pm.StagingManager$Lifecycle
06-04 11:05:39.155 D/SystemServerTiming( 689): OnBootPhase_550_com.android.server.app.GameManagerService$Lifecycle
06-04 11:05:39.155 D/SystemServerTiming( 689): OnBootPhase_550_com.android.safetycenter.SafetyCenterService
06-04 11:05:39.155 D/SystemServerTiming( 689): OnBootPhase_550_com.android.server.appsearch.AppSearchModule$Lifecycle
06-04 11:05:39.155 D/SystemServerTiming( 689): OnBootPhase_550_com.android.server.media.MediaCommunicationService
06-04 11:05:39.155 D/SystemServerTiming( 689): OnBootPhase_550_com.android.server.compat.overrides.AppCompatOverridesService$Lifecycle
06-04 11:05:39.155 D/SystemServerTiming( 689): OnBootPhase_550_com.android.server.healthconnect.HealthConnectManagerService
06-04 11:05:39.155 D/SystemServerTiming( 689): OnBootPhase_550_com.android.server.devicelock.DeviceLockService
06-04 11:05:39.155 D/DeviceLockService( 689): onBootPhase: 550
06-04 11:05:39.155 D/SystemServerTiming( 689): StartObservingNativeCrashes
06-04 11:05:39.156 D/SystemServerTiming( 689): RegisterAppOpsPolicy
06-04 11:05:39.158 D/SystemServerTiming( 689): MakeNetworkManagementServiceReady
06-04 11:05:39.159 D/SystemServerTimingAsync( 689): InitThreadPoolExec:WebViewFactoryPreparation
06-04 11:05:39.159 I/SystemServer( 689): WebViewFactoryPreparation
06-04 11:05:39.159 D/SystemServerTimingAsync( 689): WebViewFactoryPreparation
06-04 11:05:39.164 D/SystemServerTiming( 689): MakeConnectivityServiceReady
06-04 11:05:39.166 I/ActivityManager( 689): android is exempt from freezer
06-04 11:05:39.166 D/CompatibilityChangeReporter( 689): Compat change id reported: 135634846; UID 1000; state: DISABLED
06-04 11:05:39.166 D/CompatibilityChangeReporter( 689): Compat change id reported: 177438394; UID 1000; state: DISABLED
06-04 11:05:39.166 D/CompatibilityChangeReporter( 689): Compat change id reported: 135772972; UID 1000; state: DISABLED
06-04 11:05:39.166 D/CompatibilityChangeReporter( 689): Compat change id reported: 178038272; UID 1000; state: DISABLED
06-04 11:05:39.168 W/BatteryExternalStatsWorker( 689): error reading modem stats:ERROR_PHONE_NOT_AVAILABLE
06-04 11:05:39.183 I/ActivityManager( 689): Start proc 966:WebViewLoader-armeabi-v7a/1037 [android.webkit.WebViewLibraryLoader$RelroFileCreator] for
06-04 11:05:39.191 W/NetworkPolicy( 689): setRestrictBackgroundUL: already false
06-04 11:05:39.213 E/android.hardware.wifi-service.droidlogic( 501): get aml true wifi is aml_w2_s
06-04 11:05:39.215 E/android.hardware.wifi-service.droidlogic( 501): multiwifi will rmmod wifi comm
06-04 11:05:39.249 I/android.hardware.wifi-service.droidlogic( 501): found the match wifi is: aml_w2_s
06-04 11:05:39.249 I/android.hardware.wifi-service.droidlogic( 501): insmod driver: /vendor/lib/modules/w2_comm.ko
06-04 11:05:39.270 D/GameManagerService( 689): User ID '0' does not have a Game Mode selected for package: 'android'
06-04 11:05:39.270 D/CompatibilityChangeReporter( 689): Compat change id reported: 168419799; UID 1000; state: DISABLED
06-04 11:05:39.270 D/CompatibilityChangeReporter( 689): Compat change id reported: 273564678; UID 1000; state: DISABLED
06-04 11:05:39.291 I/keystore2( 283): system/security/keystore2/src/watchdog.rs:319 - Watchdog thread idle -> terminating. Have a great day.
06-04 11:05:39.318 V/WindowManagerShell( 939): Adding init callback for DisplayChangeController
06-04 11:05:39.319 V/WindowManagerShell( 939): Adding init callback for DisplayController
06-04 11:05:39.319 V/WindowManagerShell( 939): Adding init callback for DisplayInsetsController
06-04 11:05:39.320 V/WindowManagerShell( 939): Adding init callback for DisplayImeController
06-04 11:05:39.320 V/WindowManagerShell( 939): Adding init callback for ShellController
06-04 11:05:39.322 W/BroadcastLoopers( 689): Found previously unknown looper Thread[NetworkStats,5,main]
06-04 11:05:39.326 D/SystemServerTiming( 689): MakeVpnManagerServiceReady
06-04 11:05:39.323 V/WindowManagerShell( 939): Adding init callback for DragAndDropController
06-04 11:05:39.334 I/android.hardware.wifi-service.droidlogic( 501): insmod driver: /vendor/lib/modules/aml_bt.ko
06-04 11:05:39.337 D/SystemServerTiming( 689): MakeVcnManagementServiceReady
06-04 11:05:39.347 I/android.hardware.wifi-service.droidlogic( 501): insmod driver: /vendor/lib/modules/w2.ko
06-04 11:05:39.365 D/SystemServerTiming( 689): MakeNetworkPolicyServiceReady
06-04 11:05:39.367 W/PackageManager( 689): Invalid dex load report. loadingPackageName=null, uid=1037
06-04 11:05:39.370 D/SystemServerTiming( 689): PhaseThirdPartyAppsCanStart
06-04 11:05:39.370 I/SystemServiceManager( 689): Starting phase 600
06-04 11:05:39.370 D/SystemServerTiming( 689): OnBootPhase_600
06-04 11:05:39.370 D/SystemServerTiming( 689): OnBootPhase_600_com.android.server.security.FileIntegrityService
06-04 11:05:39.370 D/SystemServerTiming( 689): OnBootPhase_600_com.android.server.pm.Installer
06-04 11:05:39.370 D/SystemServerTiming( 689): OnBootPhase_600_com.android.server.os.DeviceIdentifiersPolicyService
06-04 11:05:39.370 D/SystemServerTiming( 689): OnBootPhase_600_com.android.server.flags.FeatureFlagsService
06-04 11:05:39.370 D/SystemServerTiming( 689): OnBootPhase_600_com.android.server.uri.UriGrantsManagerService$Lifecycle
06-04 11:05:39.370 D/SystemServerTiming( 689): OnBootPhase_600_com.android.server.powerstats.PowerStatsService
06-04 11:05:39.370 D/SystemServerTiming( 689): OnBootPhase_600_com.android.server.permission.access.AccessCheckingService
06-04 11:05:39.370 D/SystemServerTiming( 689): OnBootPhase_600_com.android.server.wm.ActivityTaskManagerService$Lifecycle
06-04 11:05:39.370 D/SystemServerTiming( 689): OnBootPhase_600_com.android.server.am.ActivityManagerService$Lifecycle
06-04 11:05:39.373 I/ExplicitHealthCheckController( 689): Explicit health checks enabled.
06-04 11:05:39.373 I/PackageWatchdog( 689): Syncing state, reason: health check state enabled
06-04 11:05:39.374 I/PackageWatchdog( 689): Not pruning observers, elapsed time: 0ms
06-04 11:05:39.374 I/PackageWatchdog( 689): Cancelling state sync, nothing to sync
06-04 11:05:39.374 D/SystemServerTiming( 689): OnBootPhase_600_com.android.server.pm.DataLoaderManagerService
06-04 11:05:39.374 D/SystemServerTiming( 689): OnBootPhase_600_com.android.server.power.PowerManagerService
06-04 11:05:39.374 I/PackageWatchdog( 689): Saving observer state to file
06-04 11:05:39.375 D/SystemServerTiming( 689): OnBootPhase_600_com.android.server.power.ThermalManagerService
06-04 11:05:39.375 D/SystemServerTiming( 689): OnBootPhase_600_com.android.server.power.hint.HintManagerService
06-04 11:05:39.375 D/SystemServerTiming( 689): OnBootPhase_600_com.android.server.recoverysystem.RecoverySystemService$Lifecycle
06-04 11:05:39.375 D/SystemServerTiming( 689): OnBootPhase_600_com.android.server.lights.LightsService
06-04 11:05:39.375 D/SystemServerTiming( 689): OnBootPhase_600_com.android.server.display.DisplayManagerService
06-04 11:05:39.375 D/SystemServerTiming( 689): OnBootPhase_600_com.android.server.pm.verify.domain.DomainVerificationService
06-04 11:05:39.375 D/SystemServerTiming( 689): OnBootPhase_600_com.android.server.pm.PackageInstallerService$Lifecycle
06-04 11:05:39.375 D/SystemServerTiming( 689): OnBootPhase_600_com.android.server.pm.UserManagerService$LifeCycle
06-04 11:05:39.375 D/SystemServerTiming( 689): OnBootPhase_600_com.android.server.om.OverlayManagerService
06-04 11:05:39.375 D/SystemServerTiming( 689): OnBootPhase_600_com.android.server.resources.ResourcesManagerService
06-04 11:05:39.375 D/SystemServerTiming( 689): OnBootPhase_600_com.android.server.sensorprivacy.SensorPrivacyService
06-04 11:05:39.375 D/SystemServerTiming( 689): OnBootPhase_600_com.android.server.sensors.SensorService
06-04 11:05:39.375 D/SystemServerTiming( 689): OnBootPhase_600_com.android.server.SystemConfigService
06-04 11:05:39.375 D/SystemServerTiming( 689): OnBootPhase_600_com.android.server.BatteryService
06-04 11:05:39.375 D/SystemServerTiming( 689): OnBootPhase_600_com.android.server.usage.UsageStatsService
06-04 11:05:39.375 D/SystemServerTiming( 689): OnBootPhase_600_com.android.server.webkit.WebViewUpdateService
06-04 11:05:39.375 D/SystemServerTiming( 689): OnBootPhase_600_com.android.server.CachedDeviceStateService
06-04 11:05:39.375 D/SystemServerTiming( 689): OnBootPhase_600_com.android.server.BinderCallsStatsService$LifeCycle
06-04 11:05:39.375 D/SystemServerTiming( 689): OnBootPhase_600_com.android.server.LooperStatsService$Lifecycle
06-04 11:05:39.375 D/SystemServerTiming( 689): OnBootPhase_600_com.android.server.rollback.RollbackManagerService
06-04 11:05:39.375 D/SystemServerTiming( 689): OnBootPhase_600_com.android.server.os.NativeTombstoneManagerService
06-04 11:05:39.375 D/SystemServerTiming( 689): OnBootPhase_600_com.android.server.os.BugreportManagerService
06-04 11:05:39.375 D/SystemServerTiming( 689): OnBootPhase_600_com.android.server.gpu.GpuService
06-04 11:05:39.375 D/SystemServerTiming( 689): OnBootPhase_600_com.android.server.security.rkp.RemoteProvisioningService
06-04 11:05:39.375 D/SystemServerTiming( 689): OnBootPhase_600_com.android.server.security.KeyChainSystemService
06-04 11:05:39.375 D/SystemServerTiming( 689): OnBootPhase_600_com.android.server.BinaryTransparencyService
06-04 11:05:39.375 D/SystemServerTiming( 689): OnBootPhase_600_com.android.server.accounts.AccountManagerService$Lifecycle
06-04 11:05:39.375 D/SystemServerTiming( 689): OnBootPhase_600_com.android.server.content.ContentService$Lifecycle
06-04 11:05:39.376 D/SystemServerTiming( 689): OnBootPhase_600_com.android.server.deviceconfig.DeviceConfigInit$Lifecycle
06-04 11:05:39.376 D/SystemServerTiming( 689): OnBootPhase_600_com.android.server.DropBoxManagerService
06-04 11:05:39.376 D/SystemServerTiming( 689): OnBootPhase_600_com.android.role.RoleService
06-04 11:05:39.376 D/SystemServerTiming( 689): OnBootPhase_600_com.android.server.vibrator.VibratorManagerService$Lifecycle
06-04 11:05:39.376 D/SystemServerTiming( 689): OnBootPhase_600_com.android.server.tare.InternalResourceService
06-04 11:05:39.376 D/SystemServerTiming( 689): OnBootPhase_600_com.android.server.alarm.AlarmManagerService
06-04 11:05:39.376 D/SystemServerTiming( 689): OnBootPhase_600_com.android.server.devicestate.DeviceStateManagerService
06-04 11:05:39.376 D/SystemServerTiming( 689): OnBootPhase_600_com.android.server.camera.CameraServiceProxy
06-04 11:05:39.376 D/SystemServerTiming( 689): OnBootPhase_600_com.android.server.bluetooth.BluetoothService
06-04 11:05:39.376 D/SystemServerTiming( 689): OnBootPhase_600_com.android.server.connectivity.IpConnectivityMetrics
06-04 11:05:39.376 D/SystemServerTiming( 689): OnBootPhase_600_com.android.server.net.watchlist.NetworkWatchlistService$Lifecycle
06-04 11:05:39.376 D/SystemServerTiming( 689): OnBootPhase_600_com.android.server.PinnerService
06-04 11:05:39.376 D/SystemServerTiming( 689): OnBootPhase_600_com.android.server.integrity.AppIntegrityManagerService
06-04 11:05:39.376 D/SystemServerTiming( 689): OnBootPhase_600_com.android.server.logcat.LogcatManagerService
06-04 11:05:39.376 D/SystemServerTiming( 689): OnBootPhase_600_com.android.server.inputmethod.InputMethodManagerService$Lifecycle
06-04 11:05:39.376 D/SystemServerTiming( 689): OnBootPhase_600_com.android.server.accessibility.AccessibilityManagerService$Lifecycle
06-04 11:05:39.377 D/SystemServerTiming( 689): OnBootPhase_600_com.android.server.StorageManagerService$Lifecycle
06-04 11:05:39.377 D/SystemServerTiming( 689): OnBootPhase_600_com.android.server.usage.StorageStatsService$Lifecycle
06-04 11:05:39.377 D/SystemServerTiming( 689): OnBootPhase_600_com.android.server.UiModeManagerService
06-04 11:05:39.377 D/SystemServerTiming( 689): OnBootPhase_600_com.android.server.locales.LocaleManagerService
06-04 11:05:39.377 D/SystemServerTiming( 689): OnBootPhase_600_com.android.server.grammaticalinflection.GrammaticalInflectionService
06-04 11:05:39.377 D/SystemServerTiming( 689): OnBootPhase_600_com.android.server.apphibernation.AppHibernationService
06-04 11:05:39.377 D/SystemServerTiming( 689): OnBootPhase_600_com.android.server.locksettings.LockSettingsService$Lifecycle
06-04 11:05:39.377 D/SystemServerTiming( 689): OnBootPhase_600_com.android.server.PersistentDataBlockService
06-04 11:05:39.378 D/SystemServerTiming( 689): OnBootPhase_600_com.android.server.testharness.TestHarnessModeService
06-04 11:05:39.378 D/SystemServerTiming( 689): OnBootPhase_600_com.android.server.oemlock.OemLockService
06-04 11:05:39.378 D/SystemServerTiming( 689): OnBootPhase_600_com.android.server.DeviceIdleController
06-04 11:05:39.378 D/SystemServerTiming( 689): OnBootPhase_600_com.android.server.devicepolicy.DevicePolicyManagerService$Lifecycle
06-04 11:05:39.378 D/SystemServerTiming( 689): OnBootPhase_600_com.android.server.texttospeech.TextToSpeechManagerService
06-04 11:05:39.378 D/SystemServerTiming( 689): OnBootPhase_600_com.android.server.ambientcontext.AmbientContextManagerService
06-04 11:05:39.378 D/SystemServerTiming( 689): OnBootPhase_600_com.android.server.wearable.WearableSensingManagerService
06-04 11:05:39.378 D/SystemServerTiming( 689): OnBootPhase_600_com.android.server.speech.SpeechRecognitionManagerService
06-04 11:05:39.378 D/SystemServerTiming( 689): OnBootPhase_600_com.android.server.searchui.SearchUiManagerService
06-04 11:05:39.379 D/SystemServerTiming( 689): OnBootPhase_600_com.android.server.smartspace.SmartspaceManagerService
06-04 11:05:39.380 D/SystemServerTiming( 689): OnBootPhase_600_com.android.server.graphics.fonts.FontManagerService$Lifecycle
06-04 11:05:39.380 D/SystemServerTiming( 689): OnBootPhase_600_com.android.server.textservices.TextServicesManagerService$Lifecycle
06-04 11:05:39.380 D/SystemServerTiming( 689): OnBootPhase_600_com.android.server.textclassifier.TextClassificationManagerService$Lifecycle
06-04 11:05:39.380 D/SystemServerTiming( 689): OnBootPhase_600_com.android.server.NetworkScoreService$Lifecycle
06-04 11:05:39.380 D/SystemServerTiming( 689): OnBootPhase_600_com.android.server.NetworkStatsServiceInitializer
06-04 11:05:39.380 D/SystemServerTiming( 689): OnBootPhase_600_com.android.server.wifi.WifiService
06-04 11:05:39.380 D/SystemServerTiming( 689): OnBootPhase_600_com.android.server.wifi.scanner.WifiScanningService
06-04 11:05:39.380 D/SystemServerTiming( 689): OnBootPhase_600_com.android.server.wifi.p2p.WifiP2pService
06-04 11:05:39.380 D/SystemServerTiming( 689): OnBootPhase_600_com.android.server.ConnectivityServiceInitializer
06-04 11:05:39.392 D/SystemServerTiming( 689): OnBootPhase_600_com.android.server.notification.NotificationManagerService
06-04 11:05:39.393 V/WindowManagerShell( 939): Adding init callback for CompatUIController
06-04 11:05:39.397 D/SystemServerTiming( 689): OnBootPhase_600_com.android.server.storage.DeviceStorageMonitorService
06-04 11:05:39.397 D/SystemServerTiming( 689): OnBootPhase_600_com.android.server.timedetector.TimeDetectorService$Lifecycle
06-04 11:05:39.397 D/SystemServerTiming( 689): OnBootPhase_600_com.android.server.location.LocationManagerService$Lifecycle
06-04 11:05:39.412 V/WindowManagerShell( 939): Adding init callback for ShellTaskOrganizer
06-04 11:05:39.418 D/CompatibilityChangeReporter( 689): Compat change id reported: 261072174; UID 1000; state: ENABLED
06-04 11:05:39.445 V/WindowManagerShell( 939): Adding init callback for DefaultTransitionHandler
06-04 11:05:39.445 D/SystemServerTiming( 689): OnBootPhase_600_com.android.server.timezonedetector.TimeZoneDetectorService$Lifecycle
06-04 11:05:39.445 V/WindowManagerShell( 939): addHandler: Default
06-04 11:05:39.445 D/SystemServerTiming( 689): OnBootPhase_600_com.android.server.location.altitude.AltitudeService$Lifecycle
06-04 11:05:39.445 V/WindowManagerShell( 939): addHandler: Remote
06-04 11:05:39.445 D/SystemServerTiming( 689): OnBootPhase_600_com.android.server.timezonedetector.location.LocationTimeZoneManagerService$Lifecycle
06-04 11:05:39.445 V/WindowManagerShell( 939): Adding init callback for Transitions
06-04 11:05:39.445 D/SystemServerTiming( 689): OnBootPhase_600_com.android.server.search.SearchManagerService$Lifecycle
06-04 11:05:39.445 D/SystemServerTiming( 689): OnBootPhase_600_com.android.server.wallpaper.WallpaperManagerService$Lifecycle
06-04 11:05:39.445 D/WallpaperManagerService( 689): Wallpaper_switch-user-0
06-04 11:05:39.446 V/WallpaperManagerService( 689): bindWallpaperComponentLocked: componentName=ComponentInfo{com.android.systemui/com.android.systemui.wallpapers.ImageWallpaper}
06-04 11:05:39.446 D/WallpaperManagerService( 689): WPMS.bindWallpaperComponentLocked-ComponentInfo{com.android.systemui/com.android.systemui.wallpapers.ImageWallpaper}
06-04 11:05:39.451 V/WindowManagerShell( 939): Adding init callback for FullscreenTaskListener
06-04 11:05:39.452 D/SystemServerTiming( 689): OnBootPhase_600_com.android.server.wallpapereffectsgeneration.WallpaperEffectsGenerationManagerService
06-04 11:05:39.453 D/SystemServerTiming( 689): OnBootPhase_600_com.android.server.audio.AudioService$Lifecycle
06-04 11:05:39.453 D/SystemServerTiming( 689): OnBootPhase_600_com.android.server.soundtrigger_middleware.SoundTriggerMiddlewareService$Lifecycle
06-04 11:05:39.453 D/SystemServerTiming( 689): OnBootPhase_600_com.android.server.adb.AdbService$Lifecycle
06-04 11:05:39.453 D/SystemServerTiming( 689): OnBootPhase_600_com.android.server.usb.UsbService$Lifecycle
06-04 11:05:39.453 D/SystemServerTiming( 689): OnBootPhase_600_com.android.server.twilight.TwilightService
06-04 11:05:39.453 D/SystemServerTiming( 689): OnBootPhase_600_com.android.server.display.color.ColorDisplayService
06-04 11:05:39.453 D/SystemServerTiming( 689): OnBootPhase_600_com.android.server.job.JobSchedulerService
06-04 11:05:39.455 V/WindowManagerShell( 939): Adding init callback for ActivityEmbeddingController
06-04 11:05:39.458 D/SystemServerTiming( 689): OnBootPhase_600_com.android.server.soundtrigger.SoundTriggerService
06-04 11:05:39.458 D/SoundTriggerService( 689): onBootPhase: 600 : false
06-04 11:05:39.460 D/SystemServerTiming( 689): OnBootPhase_600_com.android.server.trust.TrustManagerService
06-04 11:05:39.462 I/keystore2( 283): system/security/keystore2/src/authorization.rs:143 - on_lock_screen_event(r#UNLOCK, user_id=0, password.is_some()=false, unlocking_sids=Some([]))
06-04 11:05:39.463 D/SystemServerTiming( 689): OnBootPhase_600_com.android.server.backup.BackupManagerService$Lifecycle
06-04 11:05:39.463 D/SystemServerTiming( 689): OnBootPhase_600_com.android.server.appwidget.AppWidgetService
06-04 11:05:39.463 D/SystemServerTiming( 689): OnBootPhase_600_com.android.server.voiceinteraction.VoiceInteractionManagerService
06-04 11:05:39.463 D/CompatibilityChangeReporter( 689): Compat change id reported: 161145287; UID 10052; state: ENABLED
06-04 11:05:39.464 V/WindowManagerShell( 939): Adding init callback for StartingWindowController
06-04 11:05:39.464 V/WindowManagerShell( 939): Adding init callback for ProtoLogController
06-04 11:05:39.464 D/SystemServerTiming( 689): OnBootPhase_600_com.android.server.GestureLauncherService
06-04 11:05:39.466 D/SystemServerTiming( 689): OnBootPhase_600_com.android.server.SensorNotificationService
06-04 11:05:39.467 D/SystemServerTiming( 689): OnBootPhase_600_com.android.server.emergency.EmergencyAffordanceService
06-04 11:05:39.467 D/SystemServerTiming( 689): OnBootPhase_600_com.android.server.blob.BlobStoreManagerService
06-04 11:05:39.467 V/WindowManagerShell( 939): Adding init callback for TvPipTransition
06-04 11:05:39.471 D/SystemServerTiming( 689): OnBootPhase_600_com.android.server.dreams.DreamManagerService
06-04 11:05:39.473 D/SystemServerTiming( 689): OnBootPhase_600_com.android.server.security.AttestationVerificationManagerService
06-04 11:05:39.474 D/SystemServerTiming( 689): OnBootPhase_600_com.android.server.restrictions.RestrictionsManagerService
06-04 11:05:39.474 D/SystemServerTiming( 689): OnBootPhase_600_com.android.server.media.MediaSessionService
06-04 11:05:39.474 D/SystemServerTiming( 689): OnBootPhase_600_com.android.server.hdmi.HdmiControlService
06-04 11:05:39.474 D/SystemServerTiming( 689): OnBootPhase_600_com.android.server.tv.interactive.TvInteractiveAppManagerService
06-04 11:05:39.480 D/SystemServerTiming( 689): OnBootPhase_600_com.android.server.tv.TvInputManagerService
06-04 11:05:39.481 D/SystemServerTiming( 689): OnBootPhase_600_com.android.server.media.MediaResourceMonitorService
06-04 11:05:39.481 D/SystemServerTiming( 689): OnBootPhase_600_com.android.server.tv.TvRemoteService
06-04 11:05:39.481 D/SystemServerTiming( 689): OnBootPhase_600_com.android.server.biometrics.BiometricService
06-04 11:05:39.481 D/SystemServerTiming( 689): OnBootPhase_600_com.android.server.biometrics.AuthService
06-04 11:05:39.481 D/SystemServerTiming( 689): OnBootPhase_600_com.android.server.pm.ShortcutService$Lifecycle
06-04 11:05:39.481 D/SystemServerTiming( 689): OnBootPhase_600_com.android.server.pm.LauncherAppsService
06-04 11:05:39.481 D/SystemServerTiming( 689): OnBootPhase_600_com.android.server.pm.CrossProfileAppsService
06-04 11:05:39.481 D/SystemServerTiming( 689): OnBootPhase_600_com.android.server.people.PeopleService
06-04 11:05:39.481 D/SystemServerTiming( 689): OnBootPhase_600_com.android.server.media.metrics.MediaMetricsManagerService
06-04 11:05:39.481 D/SystemServerTiming( 689): OnBootPhase_600_com.android.server.pm.BackgroundInstallControlService
06-04 11:05:39.481 D/SystemServerTiming( 689): OnBootPhase_600_com.android.server.media.projection.MediaProjectionManagerService
06-04 11:05:39.481 D/SystemServerTiming( 689): OnBootPhase_600_com.android.server.slice.SliceManagerService$Lifecycle
06-04 11:05:39.481 D/SystemServerTiming( 689): OnBootPhase_600_com.android.server.stats.StatsCompanion$Lifecycle
06-04 11:05:39.492 D/WindowManagerShell( 939): TvPipActionsProvider: onMediaActionsChanged()
06-04 11:05:39.492 D/WindowManagerShell( 939): TvPipActionsProvider: replaceCustomActions, count: 0
06-04 11:05:39.492 D/WindowManagerShell( 939): TvPipMenuController: setDelegate(), delegate=com.android.wm.shell.pip.tv.TvPipController@75fb8a9
06-04 11:05:39.492 V/WindowManagerShell( 939): Adding init callback for TvPipController
06-04 11:05:39.493 V/WindowManagerShell( 939): Adding init callback for KeyguardTransitionHandler
06-04 11:05:39.494 D/SystemServerTiming( 689): OnBootPhase_600_com.android.server.scheduling.RebootReadinessManagerService$Lifecycle
06-04 11:05:39.494 D/SystemServerTiming( 689): OnBootPhase_600_com.android.server.stats.pull.StatsPullAtomService
06-04 11:05:39.494 D/SystemServerTiming( 689): OnBootPhase_600_com.android.server.stats.bootstrap.StatsBootstrapAtomService$Lifecycle
06-04 11:05:39.494 D/SystemServerTiming( 689): OnBootPhase_600_com.android.server.incident.IncidentCompanionService
06-04 11:05:39.494 D/SystemServerTiming( 689): OnBootPhase_600_com.android.server.sdksandbox.SdkSandboxManagerService$Lifecycle
06-04 11:05:39.494 D/SystemServerTiming( 689): OnBootPhase_600_com.android.server.adservices.AdServicesManagerService$Lifecycle
06-04 11:05:39.494 D/SystemServerTiming( 689): OnBootPhase_600_com.android.server.ondevicepersonalization.OnDevicePersonalizationSystemService$Lifecycle
06-04 11:05:39.495 D/SystemServerTiming( 689): OnBootPhase_600_com.android.server.autofill.AutofillManagerService
06-04 11:05:39.495 D/StatsPullAtomService( 689): Registering NetworkStats pullers with statsd
06-04 11:05:39.496 D/SystemServerTiming( 689): OnBootPhase_600_com.android.server.clipboard.ClipboardService
06-04 11:05:39.496 D/SystemServerTiming( 689): OnBootPhase_600_com.android.server.appbinding.AppBindingService$Lifecycle
06-04 11:05:39.496 D/SystemServerTiming( 689): OnBootPhase_600_com.android.server.tracing.TracingServiceProxy
06-04 11:05:39.496 D/SystemServerTiming( 689): OnBootPhase_600_com.android.server.policy.PermissionPolicyService
06-04 11:05:39.496 D/SystemServerTiming( 689): OnBootPhase_600_com.android.server.pm.StagingManager$Lifecycle
06-04 11:05:39.496 D/SystemServerTiming( 689): OnBootPhase_600_com.android.server.app.GameManagerService$Lifecycle
06-04 11:05:39.496 D/SystemServerTiming( 689): OnBootPhase_600_com.android.safetycenter.SafetyCenterService
06-04 11:05:39.496 D/SystemServerTiming( 689): OnBootPhase_600_com.android.server.appsearch.AppSearchModule$Lifecycle
06-04 11:05:39.496 D/SystemServerTiming( 689): OnBootPhase_600_com.android.server.media.MediaCommunicationService
06-04 11:05:39.496 D/SystemServerTiming( 689): OnBootPhase_600_com.android.server.compat.overrides.AppCompatOverridesService$Lifecycle
06-04 11:05:39.496 D/SystemServerTiming( 689): OnBootPhase_600_com.android.server.healthconnect.HealthConnectManagerService
06-04 11:05:39.496 D/SystemServerTiming( 689): OnBootPhase_600_com.android.server.devicelock.DeviceLockService
06-04 11:05:39.496 D/DeviceLockService( 689): onBootPhase: 600
06-04 11:05:39.496 D/SystemServerTiming( 689): StartNetworkStack
06-04 11:05:39.498 V/WindowManagerShell( 939): Adding init callback for BackAnimationController
06-04 11:05:39.502 D/CompatibilityChangeReporter( 689): Compat change id reported: 135634846; UID 1073; state: DISABLED
06-04 11:05:39.504 D/SystemServerTiming( 689): StartTethering
06-04 11:05:39.515 V/WindowManagerShell( 939): Initializing Shell Components: 18
06-04 11:05:39.518 V/WindowManagerShell( 939): DisplayChangeController init took 2ms
06-04 11:05:39.521 V/WindowManagerShell( 939): DisplayController init took 2ms
06-04 11:05:39.523 V/WindowManagerShell( 939): DisplayInsetsController init took 2ms
06-04 11:05:39.523 I/ActivityManager( 689): Start proc 991:com.android.networkstack.process/1073 for service {com.android.networkstack/com.android.server.NetworkStackService}
06-04 11:05:39.523 V/WindowManagerShell( 939): DisplayImeController init took 0ms
06-04 11:05:39.523 V/WindowManagerShell( 939): Adding dump callback for ShellController
06-04 11:05:39.523 V/WindowManagerShell( 939): ShellController init took 0ms
06-04 11:05:39.523 D/SystemServerTiming( 689): MakeCountryDetectionServiceReady
06-04 11:05:39.523 V/WindowManagerShell( 939): Adding external interface from DragAndDropController with key extra_shell_drag_and_drop
06-04 11:05:39.523 V/WindowManagerShell( 939): Adding dump callback for DragAndDropController
06-04 11:05:39.523 V/WindowManagerShell( 939): DragAndDropController init took 0ms
06-04 11:05:39.523 D/SystemServerTiming( 689): MakeNetworkTimeUpdateReady
06-04 11:05:39.524 V/WindowManagerShell( 939): Adding command class compatui for CompatUIShellCommandHandler
06-04 11:05:39.524 V/WindowManagerShell( 939): CompatUIController init took 1ms
06-04 11:05:39.524 V/WindowManagerShell( 939): Adding dump callback for ShellTaskOrganizer
06-04 11:05:39.525 D/SystemServerTiming( 689): MakeInputManagerServiceReady
06-04 11:05:39.527 V/WindowManagerShell( 939): ShellTaskOrganizer init took 3ms
06-04 11:05:39.542 V/WindowManagerShell( 939): DefaultTransitionHandler init took 15ms
06-04 11:05:39.556 V/WindowManagerShell( 939): Adding external interface from Transitions with key extra_shell_shell_transitions
06-04 11:05:39.572 V/WindowManagerShell( 939): Adding command class transitions for Transitions
06-04 11:05:39.572 V/WindowManagerShell( 939): Transitions init took 30ms
06-04 11:05:39.572 V/WindowManagerShell( 939): FullscreenTaskListener init took 0ms
06-04 11:05:39.572 V/WindowManagerShell( 939): addHandler: ActivityEmbeddingController
06-04 11:05:39.572 V/WindowManagerShell( 939): ActivityEmbeddingController init took 0ms
06-04 11:05:39.572 V/WindowManagerShell( 939): Adding external interface from StartingWindowController with key extra_shell_starting_window
06-04 11:05:39.572 V/WindowManagerShell( 939): StartingWindowController init took 0ms
06-04 11:05:39.572 V/WindowManagerShell( 939): Adding command class protolog for ProtoLogController
06-04 11:05:39.572 V/WindowManagerShell( 939): ProtoLogController init took 0ms
06-04 11:05:39.572 V/WindowManagerShell( 939): addHandler: TvPipTransition
06-04 11:05:39.573 V/WindowManagerShell( 939): TvPipTransition init took 0ms
06-04 11:05:39.573 D/SystemServerTiming( 689): MakeTelephonyRegistryReady
06-04 11:05:39.574 D/SystemServerTiming( 689): MakeMediaRouterServiceReady
06-04 11:05:39.577 D/GameManagerService( 689): User ID '0' does not have a Game Mode selected for package: 'com.android.networkstack'
06-04 11:05:39.578 I/MR2ServiceImpl( 689): switchUser | user: 0
06-04 11:05:39.578 D/SystemServerTiming( 689): IncidentDaemonReady
06-04 11:05:39.579 D/CompatibilityChangeReporter( 689): Compat change id reported: 168419799; UID 1073; state: DISABLED
06-04 11:05:39.580 D/CompatibilityChangeReporter( 689): Compat change id reported: 273564678; UID 1073; state: DISABLED
06-04 11:05:39.583 D/SystemServerTiming( 689): MakeIncrementalServiceReady
06-04 11:05:39.583 D/SystemServerTiming( 689): OdsignStatsLogger
06-04 11:05:39.584 D/SystemServerTiming( 689): getCurrentUser
06-04 11:05:39.584 I/ActivityManager( 689): Current user:0
06-04 11:05:39.584 D/SystemServerTiming( 689): ActivityManagerStartApps
06-04 11:05:39.584 D/SystemServerTimingAsync( 689): ssm.StartUser-0
06-04 11:05:39.584 I/SystemServiceManager( 689): Calling onStartUser 0
06-04 11:05:39.584 D/SystemServerTimingAsync( 689): ssm.onStartUser-0_com.android.server.security.FileIntegrityService
06-04 11:05:39.585 D/SystemServerTimingAsync( 689): ssm.onStartUser-0_com.android.server.pm.Installer
06-04 11:05:39.585 D/SystemServerTimingAsync( 689): ssm.onStartUser-0_com.android.server.os.DeviceIdentifiersPolicyService
06-04 11:05:39.585 D/SystemServerTimingAsync( 689): ssm.onStartUser-0_com.android.server.flags.FeatureFlagsService
06-04 11:05:39.585 D/SystemServerTimingAsync( 689): ssm.onStartUser-0_com.android.server.uri.UriGrantsManagerService$Lifecycle
06-04 11:05:39.585 D/SystemServerTimingAsync( 689): ssm.onStartUser-0_com.android.server.powerstats.PowerStatsService
06-04 11:05:39.585 D/SystemServerTimingAsync( 689): ssm.onStartUser-0_com.android.server.permission.access.AccessCheckingService
06-04 11:05:39.585 D/SystemServerTimingAsync( 689): ssm.onStartUser-0_com.android.server.wm.ActivityTaskManagerService$Lifecycle
06-04 11:05:39.585 D/SystemServerTimingAsync( 689): ssm.onStartUser-0_com.android.server.am.ActivityManagerService$Lifecycle
06-04 11:05:39.585 D/SystemServerTimingAsync( 689): ssm.onStartUser-0_com.android.server.pm.DataLoaderManagerService
06-04 11:05:39.585 D/SystemServerTimingAsync( 689): ssm.onStartUser-0_com.android.server.power.PowerManagerService
06-04 11:05:39.585 D/SystemServerTimingAsync( 689): ssm.onStartUser-0_com.android.server.power.ThermalManagerService
06-04 11:05:39.585 D/SystemServerTimingAsync( 689): ssm.onStartUser-0_com.android.server.power.hint.HintManagerService
06-04 11:05:39.585 D/SystemServerTimingAsync( 689): ssm.onStartUser-0_com.android.server.recoverysystem.RecoverySystemService$Lifecycle
06-04 11:05:39.585 D/SystemServerTimingAsync( 689): ssm.onStartUser-0_com.android.server.lights.LightsService
06-04 11:05:39.585 D/SystemServerTimingAsync( 689): ssm.onStartUser-0_com.android.server.display.DisplayManagerService
06-04 11:05:39.585 D/SystemServerTimingAsync( 689): ssm.onStartUser-0_com.android.server.pm.verify.domain.DomainVerificationService
06-04 11:05:39.585 D/SystemServerTimingAsync( 689): ssm.onStartUser-0_com.android.server.pm.PackageInstallerService$Lifecycle
06-04 11:05:39.585 D/SystemServerTimingAsync( 689): ssm.onStartUser-0_com.android.server.pm.UserManagerService$LifeCycle
06-04 11:05:39.585 D/SystemServerTimingAsync( 689): ssm.onStartUser-0_com.android.server.om.OverlayManagerService
06-04 11:05:39.588 D/CompatibilityChangeReporter( 689): Compat change id reported: 265195908; UID 1073; state: ENABLED
06-04 11:05:39.601 D/CompatibilityChangeReporter( 689): Compat change id reported: 135634846; UID 10051; state: DISABLED
06-04 11:05:39.602 D/CompatibilityChangeReporter( 689): Compat change id reported: 177438394; UID 10051; state: DISABLED
06-04 11:05:39.603 D/CompatibilityChangeReporter( 689): Compat change id reported: 135772972; UID 10051; state: DISABLED
06-04 11:05:39.603 D/CompatibilityChangeReporter( 689): Compat change id reported: 135754954; UID 10051; state: ENABLED
06-04 11:05:39.616 V/WindowManagerShell( 939): TvPipController init took 44ms
06-04 11:05:39.616 V/WindowManagerShell( 939): addHandler: KeyguardTransitionHandler
06-04 11:05:39.616 V/WindowManagerShell( 939): KeyguardTransitionHandler init took 0ms
06-04 11:05:39.618 E/SettingsState( 689): Failed to write settings, restoring old file
06-04 11:05:39.618 E/SettingsState( 689): java.io.SyncFailedException: sync failed
06-04 11:05:39.618 E/SettingsState( 689): at java.io.FileDescriptor.sync(Native Method)
06-04 11:05:39.618 E/SettingsState( 689): at com.android.providers.settings.SettingsState.doWriteState(SettingsState.java:925)
06-04 11:05:39.618 E/SettingsState( 689): at com.android.providers.settings.SettingsState.-$$Nest$mdoWriteState(SettingsState.java:0)
06-04 11:05:39.618 E/SettingsState( 689): at com.android.providers.settings.SettingsState$MyHandler.handleMessage(SettingsState.java:1279)
06-04 11:05:39.618 E/SettingsState( 689): at android.os.Handler.dispatchMessage(Handler.java:106)
06-04 11:05:39.618 E/SettingsState( 689): at android.os.Looper.loopOnce(Looper.java:205)
06-04 11:05:39.618 E/SettingsState( 689): at android.os.Looper.loop(Looper.java:294)
06-04 11:05:39.618 E/SettingsState( 689): at android.os.HandlerThread.run(HandlerThread.java:67)
06-04 11:05:39.627 D/ShellBackPreview( 939): Back animation enabled=false
06-04 11:05:39.628 V/WindowManagerShell( 939): Adding external interface from BackAnimationController with key extra_shell_back_animation
06-04 11:05:39.637 V/WindowManagerShell( 939): BackAnimationController init took 21ms
06-04 11:05:39.638 V/ShellDragAndDrop( 939): Display added: 0
06-04 11:05:39.671 D/CompatibilityChangeReporter( 689): Compat change id reported: 171306433; UID 1000; state: ENABLED
06-04 11:05:39.679 W/WindowManager( 689): [addWindow] title:ShellDropTarget
06-04 11:05:39.684 D/GameManagerService( 689): User ID '0' does not have a Game Mode selected for package: 'com.android.systemui'
06-04 11:05:39.713 W/SystemServiceManager( 689): Service com.android.server.om.OverlayManagerService took 128 ms in onStartUser-0
06-04 11:05:39.713 D/SystemServerTimingAsync( 689): ssm.onStartUser-0_com.android.server.resources.ResourcesManagerService
06-04 11:05:39.713 D/SystemServerTimingAsync( 689): ssm.onStartUser-0_com.android.server.sensorprivacy.SensorPrivacyService
06-04 11:05:39.730 I/ActivityManager( 689): Process WebViewLoader-armeabi-v7a (pid 966) has died: psvc PER
06-04 11:05:39.738 D/CompatibilityChangeReporter( 689): Compat change id reported: 265464455; UID 10052; state: DISABLED
06-04 11:05:39.739 D/CompatibilityChangeReporter( 689): Compat change id reported: 265452344; UID 10052; state: DISABLED
06-04 11:05:39.740 D/CompatibilityChangeReporter( 689): Compat change id reported: 266124927; UID 10052; state: DISABLED
06-04 11:05:39.742 D/CompatibilityChangeReporter( 689): Compat change id reported: 265451093; UID 10052; state: DISABLED
06-04 11:05:39.745 D/WindowManagerShell( 939): TvPipController: onImeVisibilityChanged(), visible=false, height=0
06-04 11:05:39.745 D/CompatibilityChangeReporter( 689): Compat change id reported: 265456536; UID 10052; state: DISABLED
06-04 11:05:39.747 D/CompatibilityChangeReporter( 689): Compat change id reported: 255940284; UID 10052; state: DISABLED
06-04 11:05:39.749 D/CompatibilityChangeReporter( 689): Compat change id reported: 236283604; UID 10052; state: DISABLED
06-04 11:05:39.750 D/CompatibilityChangeReporter( 689): Compat change id reported: 263959004; UID 10052; state: DISABLED
06-04 11:05:39.750 D/CompatibilityChangeReporter( 689): Compat change id reported: 264304459; UID 10052; state: DISABLED
06-04 11:05:39.751 D/CompatibilityChangeReporter( 689): Compat change id reported: 264301586; UID 10052; state: DISABLED
06-04 11:05:39.751 D/CompatibilityChangeReporter( 689): Compat change id reported: 254631730; UID 10052; state: DISABLED
06-04 11:05:39.752 D/CompatibilityChangeReporter( 689): Compat change id reported: 273509367; UID 10052; state: DISABLED
06-04 11:05:39.752 D/CompatibilityChangeReporter( 689): Compat change id reported: 263259275; UID 10052; state: DISABLED
06-04 11:05:39.752 D/CompatibilityChangeReporter( 689): Compat change id reported: 174042980; UID 10052; state: DISABLED
06-04 11:05:39.754 D/CompatibilityChangeReporter( 689): Compat change id reported: 174042936; UID 10052; state: DISABLED
06-04 11:05:39.755 D/CompatibilityChangeReporter( 689): Compat change id reported: 181136395; UID 10052; state: DISABLED
06-04 11:05:39.769 D/CompatibilityChangeReporter( 689): Compat change id reported: 194480991; UID 10052; state: ENABLED
06-04 11:05:39.776 W/ActivityTaskManager( 689): startActivity called from non-Activity context; forcing Intent.FLAG_ACTIVITY_NEW_TASK for: Intent { flg=0x840000 cmp=com.android.systemui/.sensorprivacy.television.TvSensorPrivacyChangedActivity (has extras) }
06-04 11:05:39.784 D/CompatibilityChangeReporter( 689): Compat change id reported: 184838306; UID 10052; state: DISABLED
06-04 11:05:39.784 D/CompatibilityChangeReporter( 689): Compat change id reported: 185004937; UID 10052; state: DISABLED
06-04 11:05:39.787 D/CompatibilityChangeReporter( 689): Compat change id reported: 197654537; UID 10052; state: ENABLED
06-04 11:05:39.793 I/ActivityTaskManager( 689): START u0 {flg=0x840000 cmp=com.android.systemui/.sensorprivacy.television.TvSensorPrivacyChangedActivity (has extras)} with LAUNCH_SINGLE_TOP from uid 1000 (BAL_ALLOW_ALLOWLISTED_UID) result code=0
06-04 11:05:39.794 D/DisplayManagerService( 689): Drop pending events for gone uid 1037
06-04 11:05:39.798 D/CoreBackPreview( 689): Window{5191887 u0 ShellDropTarget}: Setting back callback OnBackInvokedCallbackInfo{mCallback=android.window.IOnBackInvokedCallback$Stub$Proxy@9088699, mPriority=0, mIsAnimationCallback=false}
06-04 11:05:39.806 W/ActivityTaskManager( 689): startActivity called from non-Activity context; forcing Intent.FLAG_ACTIVITY_NEW_TASK for: Intent { flg=0x840000 cmp=com.android.systemui/.sensorprivacy.television.TvSensorPrivacyChangedActivity (has extras) }
06-04 11:05:39.811 I/ActivityTaskManager( 689): START u0 {flg=0x840000 cmp=com.android.systemui/.sensorprivacy.television.TvSensorPrivacyChangedActivity (has extras)} with LAUNCH_SINGLE_TOP from uid 1000 (BAL_ALLOW_ALLOWLISTED_UID) result code=3
