06-04 11:05:52.440 I/efs.config( 1721): efs config is {"msg":"成功","code":0,"cip":"127.0.0.1","config":{"common":{"updateInteval":480,"gate_way_https":true},"sign":"f3NTUAxMcFVTa1IRAw==","app_configs":[{"conditions":[{"val":"0.0.0.0","opc":">=","fld":"ver"}],"actions":[{"opt":"apm_netperf_state","set":100},{"opt":"apm_netperf_day_limit","set":100},{"opt":"apm_netperf_res_bd_state","set":100},{"opt":"apm_oom_state","set":0},{"opt":"apm_netperf_data_rate","set":10},{"opt":"apm_native_h5perf_sampling_rate","set":5},{"opt":"apm_netperf_req_hd_state","set":100},{"opt":"apm_netperf_sampling_rate","set":1},{"opt":"flutter_dart_exception_max_count","set":20},{"opt":"flutter_pv_sampling_rate","set":5},{"opt":"apm_netperf_res_hd_state","set":100},{"opt":"flutter_page_state","set":100},{"opt":"flutter_page_rate","set":5},{"opt":"apm_memperf_sampling_rate","set":0},{"opt":"apm_crash_user_upload_type","set":1},{"opt":"apm_memperf_collect_max_period_sec","set":600},{"opt":"apm_crash_user_max_count","set":20},{"opt":"apm_netperf_bd_state","set":100},{"opt":"apm_native_h5_state","set":0},{"opt":"apm_mem_state","set":0},{"opt":"flutter_dart_exception_state","set":100},{"opt":"flutter_pv_max_count","set":200},{"opt":"apm_memperf_collect_interval","set":5},{"opt":"apm_flutter_state","set":100},{"opt":"apm_patrace_switch_rate","set":5},{"opt":"record_accumulation_time","set":60},{"opt":"apm_net_state","set":0},{"opt":"apm_startperf_sampling_rate","set":5},{"opt":"apm_oom_sampling_rate","set":5}]}]},"stm":1749006355,"cver":1735614866}
06-04 11:05:52.442 E/efs.config( 1721): updateConfigCond error
06-04 11:05:52.442 E/efs.config( 1721): java.lang.NumberFormatException: For input string: "v2"
06-04 11:05:52.442 E/efs.config( 1721): at java.lang.Integer.parseInt(Integer.java:797)
06-04 11:05:52.442 E/efs.config( 1721): at java.lang.Integer.parseInt(Integer.java:915)
06-04 11:05:52.442 E/efs.config( 1721): at com.efs.sdk.base.core.config.a.d.a(Unknown Source:33)
06-04 11:05:52.442 E/efs.config( 1721): at com.efs.sdk.base.core.config.a.d.a(Unknown Source:8)
06-04 11:05:52.442 E/efs.config( 1721): at com.efs.sdk.base.core.config.a.d.a(Unknown Source:404)
06-04 11:05:52.442 E/efs.config( 1721): at com.efs.sdk.base.core.config.a.d.a(Unknown Source:129)
06-04 11:05:52.442 E/efs.config( 1721): at com.efs.sdk.base.core.config.a.c.a(Unknown Source:4)
06-04 11:05:52.442 E/efs.config( 1721): at com.efs.sdk.base.core.config.a.c.e(Unknown Source:53)
06-04 11:05:52.442 E/efs.config( 1721): at com.efs.sdk.base.core.config.a.c.handleMessage(Unknown Source:105)
06-04 11:05:52.442 E/efs.config( 1721): at android.os.Handler.dispatchMessage(Handler.java:102)
06-04 11:05:52.442 E/efs.config( 1721): at android.os.Looper.loopOnce(Looper.java:205)
06-04 11:05:52.442 E/efs.config( 1721): at android.os.Looper.loop(Looper.java:294)
06-04 11:05:52.442 E/efs.config( 1721): at android.os.HandlerThread.run(HandlerThread.java:67)
06-04 11:05:52.448 E/StartupService( 1721): showToast: app is background
06-04 11:05:52.450 D/HiSight-SinkService( 1721): setDiscoverable true
06-04 11:05:52.450 D/wenhc ( 1441): getScreenInfo uri = content://com.dangbei.screencast.parts.info/screen_cast
06-04 11:05:52.451 D/NearFieldManager( 1721): init.
06-04 11:05:52.451 D/NearFieldManager( 1721): try check dmsdp
06-04 11:05:52.460 D/NearFieldManager( 1721): package not exist
06-04 11:05:52.462 D/CompatibilityChangeReporter( 689): Compat change id reported: 135634846; UID 10043; state: DISABLED
06-04 11:05:52.463 D/CompatibilityChangeReporter( 689): Compat change id reported: 143937733; UID 10043; state: DISABLED
06-04 11:05:52.474 D/NearFieldManager( 1721): bind nearfield service true
06-04 11:05:52.475 D/NearFieldManager( 1721): registerCallback true
06-04 11:05:52.475 D/HiSight-Discovery( 1721): set deviceInfo type:46
06-04 11:05:52.475 D/HiSight-Discovery( 1721): startAdvertise 1
06-04 11:05:52.480 D/Zygote ( 459): Forked child process 2477
06-04 11:05:52.482 I/ActivityManager( 689): Start proc 2477:com.huawei.connection/u0a43 for service {com.dangbei.screencast/com.huawei.connection.service.NearFieldManagerService}
06-04 11:05:52.486 I/Zygote ( 2477): seccomp disabled by setenforce 0
06-04 11:05:52.486 E/hq ( 1441): Etna:::sendInspectLauncherUpdate
06-04 11:05:52.490 E/ccc ( 1420): cccccc SystemUpdateHelper launcherUpdate {"launcherCodeLocal":102941,"launcherCodeNet":0,"launcherVersionLocal":"2.9.4.1","launcherVersionNet":"","otaCodeLocal":0,"otaCodeNet":0,"remoteNeedUpdate":false,"updateType":""}
06-04 11:05:52.492 D/etnaManager( 1441): 不需要更新桌面
06-04 11:05:52.499 I/awei.connection( 2477): Using CollectorTypeCC GC.
06-04 11:05:52.505 E/awei.connection( 2477): Not starting debugger since process cannot load the jdwp agent.
06-04 11:05:52.518 D/CompatibilityChangeReporter( 689): Compat change id reported: 168419799; UID 10043; state: DISABLED
06-04 11:05:52.519 D/CompatibilityChangeReporter( 689): Compat change id reported: 273564678; UID 10043; state: DISABLED
06-04 11:05:52.521 D/hdmicecd( 487): [CEC]:printCecMessage, [4 -> 0] len: 2, body: 90 00, result:success
06-04 11:05:52.521 E/IPCThreadState( 487): binder thread pool (1 threads) starved for 105 ms
06-04 11:05:52.522 D/CompatibilityChangeReporter( 2477): Compat change id reported: 171979766; UID 10043; state: DISABLED
06-04 11:05:52.522 D/CompatibilityChangeReporter( 2477): Compat change id reported: 242716250; UID 10043; state: DISABLED
06-04 11:05:52.526 D/CompatibilityChangeReporter( 689): Compat change id reported: 170503758; UID 10043; state: DISABLED
06-04 11:05:52.529 D/ApplicationLoaders( 2477): Returning zygote-cached class loader: /system/framework/android.test.base.jar
06-04 11:05:52.529 D/ApplicationLoaders( 2477): Returning zygote-cached class loader: /system/framework/android.hidl.manager-V1.0-java.jar
06-04 11:05:52.529 D/ApplicationLoaders( 2477): Returning zygote-cached class loader: /system/framework/android.hidl.base-V1.0-java.jar
06-04 11:05:52.530 E/hq ( 1441): ErrorCoroutineExceptionHandler:::runTry error:com.dangbei.leard.base.proider.error.EmptyApiException: 数据为空 from=requestMessageDialog from=requestMessageDialog
06-04 11:05:52.538 D/nativeloader( 2477): Configuring clns-shared-4 for other apk /system/app/dangbei-screencast/dangbei-screencast.apk. target_sdk_version=28, uses_libraries=, library_path=/system/app/dangbei-screencast/lib/arm:/system/app/dangbei-screencast/dangbei-screencast.apk!/lib/armeabi-v7a:/system/lib:/system_ext/lib, permitted_path=/data:/mnt/expand:/data/user/0/com.dangbei.screencast:/system/app/dangbei-screencast:/system/lib:/system_ext/lib
06-04 11:05:52.547 D/TrafficStats( 1721): tagSocket(161) with statsTag=0xffffffff, statsUid=-1
06-04 11:05:52.559 V/GraphicsEnvironment( 2477): Currently set values for:
06-04 11:05:52.559 V/GraphicsEnvironment( 2477): angle_gl_driver_selection_pkgs=[]
06-04 11:05:52.559 V/GraphicsEnvironment( 2477): angle_gl_driver_selection_values=[]
06-04 11:05:52.559 V/GraphicsEnvironment( 2477): ANGLE GameManagerService for com.dangbei.screencast: false
06-04 11:05:52.559 V/GraphicsEnvironment( 2477): com.dangbei.screencast is not listed in per-application setting
06-04 11:05:52.560 V/GraphicsEnvironment( 2477): Neither updatable production driver nor prerelease driver is supported.
06-04 11:05:52.563 I/MultiDex( 2477): VM with version 2.1.0 has multidex support
06-04 11:05:52.564 I/MultiDex( 2477): Installing application
06-04 11:05:52.564 I/MultiDex( 2477): VM has multidex support, MultiDex support library is disabled.
06-04 11:05:52.564 D/CompatibilityChangeReporter( 2477): Compat change id reported: 247079863; UID 10043; state: DISABLED
06-04 11:05:52.607 I/crashsdk( 2477): version unique build id: 6230cced
06-04 11:05:52.607 I/crashsdk( 2477): version unique build id: 6230cced
06-04 11:05:52.609 D/crashsdk( 2477): Native log stat thread 2515 setup, waiting
06-04 11:05:52.613 I/crashsdk( 2477): begin hack android.os.Process
06-04 11:05:52.613 I/crashsdk( 2477): end hack android.os.Process
06-04 11:05:52.629 I/Matrix.AnrTracer( 2477): anrTrace, final mAnrBeatTime:400, mAnrBeatRate:400
06-04 11:05:52.631 E/LaunchManager( 2477): Non main process !
06-04 11:05:52.631 W/efs.send_log( 2477): tryFileLock start!
06-04 11:05:52.631 W/System.err( 2477): java.lang.NullPointerException: Attempt to invoke virtual method 'boolean com.efs.sdk.launch.LaunchConfigManager.enableTracer()' on a null object reference
06-04 11:05:52.631 W/System.err( 2477): at com.umeng.umcrash.UMCrash.init(Unknown Source:403)
06-04 11:05:52.631 W/System.err( 2477): at java.lang.reflect.Method.invoke(Native Method)
06-04 11:05:52.631 W/System.err( 2477): at com.umeng.commonsdk.UMConfigure.init(Unknown Source:811)
06-04 11:05:52.631 W/System.err( 2477): at b.f.f.b.a(:4)
06-04 11:05:52.631 W/System.err( 2477): at h.o.a.run(Unknown Source:2)
06-04 11:05:52.637 I/efs.config( 2477): --->>> 删除旧的配置文件 false
06-04 11:05:52.637 I/efs.base( 2477): lt=event`ev_ct=efs_core`ev_ac=pvuv`tm=2025-06-04 11:05:63`dn=ac45bf75-7677-4e00-a7a1-ee108360b5d1`ps=com.huawei.connection`um_os=android`stime=1749006352481`pid=2477`fr=android`pkg=com.dangbei.screencast`vcode=20830`dsp_w=1920`uid=ac45bf75-7677-4e00-a7a1-ee108360b5d1`rom=14`wid=ac45bf75-7677-4e00-a7a1-ee108360b5d1`um_app_carrier=`um_access=wifi`um_app_channel=os`um_crash_sdk_version=1.4.0`ctime=1749006352`model=dbbox-a3`lang=zh`net=wifi`brand=amlogic`dsp_h=1080`um_network_type=0`ver=v2.8.3`build_model=DBBOX-A3`w_tm=1749006352`appid=5fc60c21094d637f3130af19`um_umid_header=ai41d99d10bb185b6970e4743266d42450`sdk=34`tzone=Asia/Shanghai`sdk_ver=1.3.6.umeng
06-04 11:05:52.640 I/efs.config( 2477): current config version (-1) is older than another (1735614866)
06-04 11:05:52.640 I/efs.config( 2477): load config from storage and notify observer
06-04 11:05:52.671 I/TDLog ( 2477): setReportUncaughtExceptions: true
06-04 11:05:52.673 E/Application( 2477): onCreate:Version:v2.8.3/20830/883432e
06-04 11:05:52.690 I/TDLog ( 2477): TalkingData SDK init...
06-04 11:05:52.690 I/TDLog ( 2477): SDK_VERSION is: Android+TD+V5.0.7 gp Type:Native Build_Num:2141
06-04 11:05:52.690 I/TDLog ( 2477): App ID is: B9D7815EC975466AB1332111FCE62DF5
06-04 11:05:52.690 I/TDLog ( 2477): App Channel is: os
06-04 11:05:52.690 I/TDLog ( 2477): App Custom is:
06-04 11:05:52.690 I/TDLog ( 2477): SDK_OVC is: TDOVC+a3bb7754719798526508b6caad480dd7+SaaS
06-04 11:05:52.691 I/crashsdk( 2477): Catcher mask: 5000, 20480
06-04 11:05:52.691 I/crashsdk( 2477): Catcher thread 2483
06-04 11:05:52.691 D/crashsdk( 2477): Register ANR handler ...
06-04 11:05:52.693 D/NearFieldManagerService( 2477): NearFieldManagerService.
06-04 11:05:52.694 D/NearFieldManagerService( 2477): onCreate, enter.
06-04 11:05:52.694 I/NearFieldManagerService( 2477): onBind, enter.
06-04 11:05:52.694 D/NearFieldManagerService( 2477): initService
06-04 11:05:52.694 D/NearFieldManagerService( 2477): NearField starting...
06-04 11:05:52.695 D/NearFieldUtils( 2477): checkSystemProperty in
06-04 11:05:52.695 D/NearFieldUtils( 2477): checkSystemProperty: systemProperties:
06-04 11:05:52.695 E/NearFieldUtils( 2477): validProperty: priority is null
06-04 11:05:52.697 D/TrafficStats( 2477): tagSocket(139) with statsTag=0xffffffff, statsUid=-1
06-04 11:05:52.699 D/NearFieldManager( 1721): service connected.
06-04 11:05:52.700 D/HiSight-Discovery( 1721): eventId: 4001
06-04 11:05:52.701 D/HiSight-Discovery( 1721): msg 4001
06-04 11:05:52.701 D/HiSight-Discovery( 1721): bind success, status Ready
06-04 11:05:52.701 D/HiSight-Discovery( 1721): startAdvertise 2
06-04 11:05:52.701 D/HiSight-Discovery( 1721): stopAdvertise.
06-04 11:05:52.701 D/HiSight-Discovery( 1721): nearFieldStartListen deviceType 46
06-04 11:05:52.702 I/NearFieldManagerImpl( 2477): setDeviceInfo, sDeviceId changes
06-04 11:05:52.703 I/NearFieldManagerImpl( 2477): setDeviceInfo, sDeviceName changes
06-04 11:05:52.703 D/NearFieldManagerImpl( 2477): setServiceData, sServiceData=[], serviceData=[32]
06-04 11:05:52.704 E/NearFieldManager( 1721): setIdnNetworkPriority: networkPortPriority is empty
06-04 11:05:52.704 D/NearFieldManager( 1721): StartListen moduleId: CastPlusDiscoveryModule
06-04 11:05:52.705 D/NearFieldManagerImpl( 2477): startListen: moduleId: CastPlusDiscoveryModule
06-04 11:05:52.705 D/NearFieldUtils( 2477): getPreferredIpAddress exec
06-04 11:05:52.705 D/NearFieldUtils( 2477): getPreferredIpAddress by custom priority
06-04 11:05:52.705 D/NearFieldUtils( 2477): getIpByInterfaceSetting customIdnNetworkPriority:[]
06-04 11:05:52.705 D/NearFieldUtils( 2477): getPreferredIpAddress by default priority
06-04 11:05:52.713 D/NearFieldUtils( 2477): to get wlan0 ip address
06-04 11:05:52.713 D/NearFieldUtils( 2477): get wlan0 IP succeed.
06-04 11:05:52.713 D/NearFieldManagerImpl( 2477): sDeviceType: 46
06-04 11:05:52.713 D/NearFieldManagerImpl( 2477): registerDevice() is called.
06-04 11:05:52.714 E/NearFieldManagerUtilsNative( 2477): Begin System.loadLibrary()
06-04 11:05:52.720 D/ProfileInstaller( 1441): Installing profile for com.dangbei.leard.leradlauncher
06-04 11:05:52.737 I/HicomNfTimerManager( 2477): epoll fd:140 create success
06-04 11:05:52.738 I/HicomNfTimerManager( 2477): epoll add fd:141--->140 success
06-04 11:05:52.738 I/HicomNfTimerManager( 2477): time fd:141 add to epoll success
06-04 11:05:52.742 D/nStackXDFinder( 2477): NSTACKX_Init:[146] :nstack ctrl creat epollfd 142
06-04 11:05:52.742 I/nStackXDFinder( 2477): InitDefaultInterfaceName:[779] :InitDefaultInterfaceName exec
06-04 11:05:52.742 D/nStackXCoAP( 2477): CoapServerInit:[174] :CoapServerInit is called
06-04 11:05:52.742 E/nStackXDFinder( 2477): GetLocalIp:[401] :GetLocalIp exec
06-04 11:05:52.742 E/nStackXDFinder( 2477): GetLocalIp:[407] :GetLocalIp, ifInfo is null
06-04 11:05:52.736 I/binder:2477_2( 2477): type=1400 audit(0.0:1024): avc: denied { bind } for scontext=u:r:untrusted_app_27:s0:c43,c256,c512,c768 tcontext=u:r:untrusted_app_27:s0:c43,c256,c512,c768 tclass=netlink_route_socket permissive=1 app=com.dangbei.screencast
06-04 11:05:52.743 I/HicomNfMainCtrlManager( 2477): NSTACKX_RegisterDevice is called
06-04 11:05:52.743 D/NearFieldManagerImpl( 2477): Register device success.
06-04 11:05:52.743 I/NearFieldManagerImpl( 2477): serviceName is castPlus
06-04 11:05:52.743 D/NearFieldManagerImpl( 2477): registerCapability() called with: capabilityBitmapNum = 1, capabilityBitmap = [8]
06-04 11:05:52.743 I/HicomNf_java_to_c( 2477): registerCapability, capabilityBitmapNum: 1
06-04 11:05:52.743 I/HicomNfMainCtrlManager( 2477): RegisterCapability: 1, 8
06-04 11:05:52.743 D/NearFieldManagerImpl( 2477): Register capability succeed with capabilityBitmapNum = 1, capabilityBitmap = [8]
06-04 11:05:52.743 D/NearFieldManagerImpl( 2477): registerServiceData() called with: serviceData = 32
06-04 11:05:52.743 I/nStackXDFinder( 2477): UpdateLocalNetworkInterface:[472] :UpdateLocalNetworkInterface exec,initerfaceName:wlan0
06-04 11:05:52.743 E/nStackXDFinder( 2477): GetLocalIp:[401] :GetLocalIp exec
06-04 11:05:52.743 E/nStackXDFinder( 2477): GetLocalIp:[407] :GetLocalIp, ifInfo is null
06-04 11:05:52.743 I/nStackXDFinder( 2477): UpdateLocalNetworkInterface:[498] :UpdateLocalNetworkInterface copy ip value in default process
06-04 11:05:52.743 E/nStackXDFinder( 2477): GetLocalIp:[401] :GetLocalIp exec
06-04 11:05:52.743 D/nStackXCoAP( 2477): CoapServerInit:[174] :CoapServerInit is called
06-04 11:05:52.744 E/nStackXDFinder( 2477): GetLocalIp:[401] :GetLocalIp exec
06-04 11:05:52.744 I/nStackXUtil( 2477): BindToDevice:[352] :BindToDevice exec
06-04 11:05:52.744 I/nStackXUtil( 2477): GetInterfaceByPriority:[279] :GetInterfaceByPriority exec
06-04 11:05:52.744 I/nStackXUtil( 2477): GetInterfaceByDefault:[309] :GetInterfaceByDefault exec
06-04 11:05:52.744 I/nStackXUtil( 2477): GetInterfaceByDefault:[316] :GetInterfaceByDefault, ndevice name: lo
06-04 11:05:52.744 I/nStackXUtil( 2477): GetInterfaceByDefault:[316] :GetInterfaceByDefault, ndevice name: wlan0
06-04 11:05:52.744 I/nStackXUtil( 2477): BindToDevice:[374] :BindToDevice, Bind localAddr name: wlan0
06-04 11:05:52.744 I/nStackXUtil( 2477): BindToDeviceInner:[191] :binding interface wlan0 success
06-04 11:05:52.744 D/nStackXCoAP( 2477): CoapInitResources:[744] :CoapInitResources g_wlanOrEthContext update
06-04 11:05:52.744 I/nStackXDFinder( 2477): RegisterServiceData:[728] :RegisterServiceData, serviceData=[32]
06-04 11:05:52.744 D/NearFieldManagerImpl( 2477): registerModule() called with: packageModuleName = com.huawei.connection+CastPlusDiscoveryModule
06-04 11:05:52.744 I/HicomNf_java_to_c( 2477): registerModule, moduleName: com.huawei.connection+CastPlusDiscoveryModule
06-04 11:05:52.744 I/HicomNfMainCtrlManager( 2477): Enter RegisterModule
06-04 11:05:52.744 I/HicomNfRegManager( 2477): RegisterModule OK, add module name com.huawei.connection+CastPlusDiscoveryModule
06-04 11:05:52.746 I/Hisight-DeviceListManager( 1721): init DeviceListManager.
06-04 11:05:52.749 D/Hisight-DeviceListManager( 1721): get old secret key
06-04 11:05:52.752 E/Hisight-ConnectAuthCallBack( 1721): readSecureFile failed, no such file
06-04 11:05:52.752 W/Hisight-DeviceListManager( 1721): deviceRecords is empty
06-04 11:05:52.752 W/Hisight-DeviceListManager( 1721): occur error, clear all the list
06-04 11:05:52.752 D/Hisight-HiChainAuthControl( 1721): start HiChainAuthControl
06-04 11:05:52.760 I/ConnectAuthJNI( 1721): JNI_OnLoad begin load
06-04 11:05:52.760 I/ConnectAuthJNI( 1721): RegisterNativeMethod begin
06-04 11:05:52.760 I/ConnectAuthJNI( 1721): RegisterNativeMethod end
06-04 11:05:52.760 I/ConnectAuthJNI( 1721): RegisterNativeMethod 1004 methodLen=10
06-04 11:05:52.760 I/ConnectAuthJNI( 1721): RegisterNativeMethod 1007 RegisterNatives=0
06-04 11:05:52.760 I/ConnectAuthJNI( 1721): InitArraylist 1013
06-04 11:05:52.760 I/ConnectAuthJNI( 1721): InitConnectAuthStaticJNIMethod 1114 methodRet=0
06-04 11:05:52.760 E/ConnectAuthJNI( 1721): JNI_OnLoad finish....1138
06-04 11:05:52.760 D/Hisight-HiChainAuthControl( 1721): setupAuthIfNeeded, HiChainInstance hasn't been initialized
06-04 11:05:52.760 I/ConnectAuthJNI( 1721): Java_com_huawei_hisight_security_ConnectAuthNative_nativeSetup 795 call HiChainNativeSetup
06-04 11:05:52.761 I/ConnectAuthJNI( 1721): HiChainNativeSetup 565 registe_log
06-04 11:05:52.761 I/ConnectAuthJNI( 1721): HksStorageRegisterFileCallbacks 245 register hks file callback status =0
06-04 11:05:52.761 I/ConnectAuthJNI( 1721): HksRegisterGetDeviceIdCallback 268 register hks get hardware udid callback status =0
06-04 11:05:52.761 D/ConnectAuthJNI( 1721): [HiChain] get_instance Begin get instance
06-04 11:05:52.761 I/ConnectAuthJNI( 1721): [HKS] hks_service_key_info_init hks init : begin
06-04 11:05:52.761 I/ConnectAuthJNI( 1721): FileRead 113 FileRead
06-04 11:05:52.761 I/ConnectAuthJNI( 1721): FileRead 122 FileRead call readSecureFile begin
06-04 11:05:52.762 E/Hisight-ConnectAuthCallBack( 1721): readSecureFile failed, no such file
06-04 11:05:52.762 W/ConnectAuthJNI( 1721): FileRead 132 FileRead call readSecureFile byteArray is null
06-04 11:05:52.762 I/ConnectAuthJNI( 1721): [HKS] hks_rkc_init RKC init:begin, is_key_info_exist=0
06-04 11:05:52.762 I/ConnectAuthJNI( 1721): [HKS] hks_rkc_init_entropy the entropy is empty
06-04 11:05:52.762 I/ConnectAuthJNI( 1721): FileSize 214 FileSize
06-04 11:05:52.763 I/ConnectAuthJNI( 1721): FileSize 230 fileSize=258
06-04 11:05:52.763 I/ConnectAuthJNI( 1721): FileRead 113 FileRead
06-04 11:05:52.763 I/ConnectAuthJNI( 1721): FileRead 122 FileRead call readSecureFile begin
06-04 11:05:52.763 I/ConnectAuthJNI( 1721): FileRead 135 FileRead call readSecureFile end
06-04 11:05:52.763 I/ConnectAuthJNI( 1721): FileRead 150 fileBuff size 258, buf len 258
06-04 11:05:52.763 I/ConnectAuthJNI( 1721): FileSize 214 FileSize
06-04 11:05:52.764 I/ConnectAuthJNI( 1721): FileSize 230 fileSize=258
06-04 11:05:52.764 I/ConnectAuthJNI( 1721): FileRead 113 FileRead
06-04 11:05:52.764 I/ConnectAuthJNI( 1721): FileRead 122 FileRead call readSecureFile begin
06-04 11:05:52.765 I/ConnectAuthJNI( 1721): FileRead 135 FileRead call readSecureFile end
06-04 11:05:52.765 I/ConnectAuthJNI( 1721): FileRead 150 fileBuff size 258, buf len 258
06-04 11:05:52.765 I/ConnectAuthJNI( 1721): [HKS] hks_rkc_load_ksf load ksf success
06-04 11:05:52.765 I/ConnectAuthJNI( 1721): [HKS] hks_rkc_init root key component init success
06-04 11:05:52.765 I/ConnectAuthJNI( 1721): [HKS] hks_rkc_init RKC init:end,rc=0
06-04 11:05:52.765 I/ConnectAuthJNI( 1721): [HKS] hks_service_key_info_init hks init : end
06-04 11:05:52.765 I/ConnectAuthJNI( 1721): GetHiChainProtocolParamsCallback 371 GetHiChainProtocolParamsCallback operation_code= 99
06-04 11:05:52.765 I/ConnectAuthJNI( 1721): paramLen is ,=0
06-04 11:05:52.765 I/ConnectAuthJNI( 1721): paramLen is ,=0
06-04 11:05:52.765 I/ConnectAuthJNI( 1721): GetHiChainProtocolParamsCallback 402 GetHiChainProtocolParamsCallback end
06-04 11:05:52.765 I/ConnectAuthJNI( 1721): [HiChain] get_instance Get instance success
06-04 11:05:52.765 I/ConnectAuthJNI( 1721): Java_com_huawei_hisight_security_ConnectAuthNative_nativeGetHiChainInstance 598 get instance success
06-04 11:05:52.765 D/Hisight-HiChainAuthControl( 1721): destroyAuth
06-04 11:05:52.765 I/ConnectAuthJNI( 1721): Java_com_huawei_hisight_security_ConnectAuthNative_nativeDestroy 603 destroy
06-04 11:05:52.765 D/Hisight-HiChainAuthControl( 1721): setupAuthIfNeeded, HiChainInstance hasn't been initialized
06-04 11:05:52.765 I/ConnectAuthJNI( 1721): Java_com_huawei_hisight_security_ConnectAuthNative_nativeSetup 795 call HiChainNativeSetup
06-04 11:05:52.765 I/ConnectAuthJNI( 1721): HiChainNativeSetup 565 registe_log
06-04 11:05:52.765 I/ConnectAuthJNI( 1721): HksStorageRegisterFileCallbacks 245 register hks file callback status =0
06-04 11:05:52.765 I/ConnectAuthJNI( 1721): HksRegisterGetDeviceIdCallback 268 register hks get hardware udid callback status =0
06-04 11:05:52.765 D/ConnectAuthJNI( 1721): [HiChain] get_instance Begin get instance
06-04 11:05:52.765 I/ConnectAuthJNI( 1721): [HKS] hks_service_key_info_init hks init : begin
06-04 11:05:52.765 I/ConnectAuthJNI( 1721): [HKS] hks_service_key_info_init hks init : end
06-04 11:05:52.765 I/ConnectAuthJNI( 1721): GetHiChainProtocolParamsCallback 371 GetHiChainProtocolParamsCallback operation_code= 99
06-04 11:05:52.765 I/ConnectAuthJNI( 1721): paramLen is ,=0
06-04 11:05:52.765 I/ConnectAuthJNI( 1721): paramLen is ,=0
06-04 11:05:52.765 I/ConnectAuthJNI( 1721): GetHiChainProtocolParamsCallback 402 GetHiChainProtocolParamsCallback end
06-04 11:05:52.765 I/ConnectAuthJNI( 1721): [HiChain] get_instance Get instance success
06-04 11:05:52.766 I/ConnectAuthJNI( 1721): Java_com_huawei_hisight_security_ConnectAuthNative_nativeGetHiChainInstance 598 get instance success
06-04 11:05:52.766 W/ConnectAuthJNI( 1721): GetListTrustPeers 899 trustPeerSize=0
06-04 11:05:52.766 D/Hisight-HiChainAuthControl( 1721): destroyAuth
06-04 11:05:52.766 I/ConnectAuthJNI( 1721): Java_com_huawei_hisight_security_ConnectAuthNative_nativeDestroy 603 destroy
06-04 11:05:52.766 D/Hisight-HiChainAuthControl( 1721): setupAuthIfNeeded, HiChainInstance hasn't been initialized
06-04 11:05:52.766 I/ConnectAuthJNI( 1721): Java_com_huawei_hisight_security_ConnectAuthNative_nativeSetup 795 call HiChainNativeSetup
06-04 11:05:52.766 I/ConnectAuthJNI( 1721): HiChainNativeSetup 565 registe_log
06-04 11:05:52.766 I/ConnectAuthJNI( 1721): HksStorageRegisterFileCallbacks 245 register hks file callback status =0
06-04 11:05:52.766 I/ConnectAuthJNI( 1721): HksRegisterGetDeviceIdCallback 268 register hks get hardware udid callback status =0
06-04 11:05:52.766 D/ConnectAuthJNI( 1721): [HiChain] get_instance Begin get instance
06-04 11:05:52.766 I/ConnectAuthJNI( 1721): [HKS] hks_service_key_info_init hks init : begin
06-04 11:05:52.766 I/ConnectAuthJNI( 1721): [HKS] hks_service_key_info_init hks init : end
06-04 11:05:52.766 I/ConnectAuthJNI( 1721): GetHiChainProtocolParamsCallback 371 GetHiChainProtocolParamsCallback operation_code= 99
06-04 11:05:52.766 I/ConnectAuthJNI( 1721): paramLen is ,=0
06-04 11:05:52.766 I/ConnectAuthJNI( 1721): paramLen is ,=0
06-04 11:05:52.766 I/ConnectAuthJNI( 1721): GetHiChainProtocolParamsCallback 402 GetHiChainProtocolParamsCallback end
06-04 11:05:52.766 I/ConnectAuthJNI( 1721): [HiChain] get_instance Get instance success
06-04 11:05:52.766 I/ConnectAuthJNI( 1721): Java_com_huawei_hisight_security_ConnectAuthNative_nativeGetHiChainInstance 598 get instance success
06-04 11:05:52.766 W/ConnectAuthJNI( 1721): GetListTrustPeers 899 trustPeerSize=0
06-04 11:05:52.766 D/Hisight-DeviceListManager( 1721): init trusted list size: 0
06-04 11:05:52.767 D/HiSight-ConnectionManager( 1721): setAuthInfo, authMode: 1
06-04 11:05:52.812 I/UsbFfs-monitor( 1357): type=1400 audit(0.0:1025): avc: denied { use } for path="anon_inode:[eventfd]" dev="anon_inodefs" ino=10204 scontext=u:r:su:s0 tcontext=u:r:adbd:s0 tclass=fd permissive=1
06-04 11:05:52.812 I/adbd ( 1357): type=1400 audit(0.0:1026): avc: denied { write } for path="socket:[34893]" dev="sockfs" ino=34893 scontext=u:r:su:s0 tcontext=u:r:adbd:s0 tclass=unix_stream_socket permissive=1
06-04 11:05:52.812 I/adbd ( 1357): type=1400 audit(0.0:1027): avc: denied { read } for path="socket:[34894]" dev="sockfs" ino=34894 scontext=u:r:su:s0 tcontext=u:r:adbd:s0 tclass=unix_stream_socket permissive=1
06-04 11:05:52.840 D/XM_HIDREAD( 1961): poll ret=1, event=1
06-04 11:05:52.841 D/XM_HIDREAD( 1961): [9 bytes]:01 00 00 4F 00 00 00 00 00
06-04 11:05:52.848 I//apex/com.android.adbd/bin/adbd( 1357): type=1400 audit(0.0:1028): avc: denied { dac_read_search } for comm=75736220666673206F70656E capability=2 scontext=u:r:su:s0 tcontext=u:r:su:s0 tclass=capability permissive=1
06-04 11:05:52.853 I/audio_hw_hal_primary( 476): [register_audio_patch:8215] Patch 3:id:3 mix(io:13)->dev_0[OUT_HDMI(id:22)] found, register the same patch, do nothing.
06-04 11:05:52.854 I/audio_hw_hal_primary( 476): [adev_create_audio_patch:8316] Patch 3: MIX->DEVICE, num_src:1 num_sink:1 patch_src:INVAL
06-04 11:05:52.854 I/audio_hw_hal_primary( 476): [adev_create_audio_patch:8320] sink[0]: OUT_HDMI(id:22)
06-04 11:05:52.854 I/audio_hw_hal_primary( 476): [adev_create_audio_patch:8377] Patch 3: mix(io:13) -> dev[OUT_HDMI(id:22)]
06-04 11:05:52.854 I/audio_hw_hal_primary( 476): [adev_create_audio_patch:8445] dev=0xf09c2930 cur_out_device=0x400
06-04 11:05:52.857 D/UEventObserver( 1063): change@/devices/platform/auge_sound/sound/card0/controlC0ACTION=changeDEVPATH=/devices/platform/auge_sound/sound/card0/controlC0SUBSYSTEM=soundAUDIO_FORMAT=0MAJOR=116MINOR=13DEVNAME=snd/controlC0SEQNUM=3545
06-04 11:05:52.859 D/audioserver( 521): logFgsApiBegin: FGS Logger Transaction failed, -129
06-04 11:05:52.861 I/SogouIME( 1440): onKeyDown: keyoCode=22
06-04 11:05:52.861 I/DefaultIMS( 1440): onKeyDown: keyoCode=22
06-04 11:05:52.862 E/SecondScreen( 1441): FirstScreenLayoutView dispatchKeyEvent 22
06-04 11:05:52.877 W/AudioFlinger( 521): createTrack_l(): mismatch between requested flags (00000004) and output flags (00000002)
06-04 11:05:52.889 I/audio_hw_hal_primary( 476): out_update_source_metadata_v7() line 2013 usage:1 content_type:2
06-04 11:05:52.890 I/audio_hw_hal_primary( 476): [audiohal_get_latency:1333] io 13: out:0xf07c5650 frames:1280 rate:48000 whole_latency:26 alsa_latency:26
06-04 11:05:52.892 D/TrafficStats( 2477): tagSocket(138) with statsTag=0xffffffff, statsUid=-1
06-04 11:05:52.924 D/TrafficStats( 2477): tagSocket(139) with statsTag=0xffffffff, statsUid=-1
06-04 11:05:52.948 D/XM_HIDREAD( 1961): poll ret=1, event=1
06-04 11:05:52.948 D/XM_HIDREAD( 1961): [9 bytes]:01 00 00 00 00 00 00 00 00
06-04 11:05:52.948 I/audio_hw_hal_primary( 476): [register_audio_patch:8215] Patch 3:id:3 mix(io:13)->dev_0[OUT_HDMI(id:22)] found, register the same patch, do nothing.
06-04 11:05:52.948 I/audio_hw_hal_primary( 476): [adev_create_audio_patch:8316] Patch 3: MIX->DEVICE, num_src:1 num_sink:1 patch_src:INVAL
06-04 11:05:52.948 I/audio_hw_hal_primary( 476): [adev_create_audio_patch:8320] sink[0]: OUT_HDMI(id:22)
06-04 11:05:52.948 I/audio_hw_hal_primary( 476): [adev_create_audio_patch:8377] Patch 3: mix(io:13) -> dev[OUT_HDMI(id:22)]
06-04 11:05:52.948 I/audio_hw_hal_primary( 476): [adev_create_audio_patch:8445] dev=0xf09c2930 cur_out_device=0x400
06-04 11:05:52.949 D/audioserver( 521): logFgsApiEnd: FGS Logger Transaction failed, -129
06-04 11:05:52.949 D/audioserver( 521): logFgsApiBegin: FGS Logger Transaction failed, -129
06-04 11:05:52.950 I/audio_hw_hal_primary( 476): out_update_source_metadata_v7() line 2013 usage:1 content_type:2
06-04 11:05:52.954 D/audioserver( 521): logFgsApiBegin: FGS Logger Transaction failed, -129
06-04 11:05:52.956 D/UEventObserver( 1063): change@/devices/platform/auge_sound/sound/card0/controlC0ACTION=changeDEVPATH=/devices/platform/auge_sound/sound/card0/controlC0SUBSYSTEM=soundAUDIO_FORMAT=0MAJOR=116MINOR=13DEVNAME=snd/controlC0SEQNUM=3546
06-04 11:05:52.974 I/SogouIME( 1440): onKeyUp: keyoCode=22
06-04 11:05:52.974 I/DefaultIMS( 1440): onKeyUp: keyoCode=22
06-04 11:05:52.975 E/SecondScreen( 1441): FirstScreenLayoutView dispatchKeyEvent 22
06-04 11:05:52.984 I/audio_hw_hal_primary( 476): out_update_source_metadata_v7() line 2013 usage:13 content_type:4
06-04 11:05:53.048 I/audio_hw_hal_primary( 476): [audiohal_get_latency:1333] io 13: out:0xf07c5650 frames:1024 rate:48000 whole_latency:21 alsa_latency:21
06-04 11:05:53.093 I/audio_hw_hal_primary( 476): [audiohal_get_latency:1333] io 13: out:0xf07c5650 frames:1280 rate:48000 whole_latency:26 alsa_latency:26
06-04 11:05:53.093 I/audio_hw_hal_primary( 476): [audiohal_get_latency:1333] io 13: out:0xf07c5650 frames:1280 rate:48000 whole_latency:26 alsa_latency:26
06-04 11:05:53.111 D/NearFieldManagerImpl( 2477): onReceive action get:android.net.conn.CONNECTIVITY_CHANGE
06-04 11:05:53.112 W/efs.info.manager( 2477): network change: wifi
06-04 11:05:53.114 D/NearFieldUtils( 2477): getPreferredIpAddress exec
06-04 11:05:53.114 D/NearFieldUtils( 2477): getPreferredIpAddress by custom priority
06-04 11:05:53.114 D/NearFieldUtils( 2477): getIpByInterfaceSetting customIdnNetworkPriority:[]
06-04 11:05:53.114 D/NearFieldUtils( 2477): getPreferredIpAddress by default priority
06-04 11:05:53.115 I/audio_hw_hal_primary( 476): [audiohal_get_latency:1333] io 13: out:0xf07c5650 frames:1152 rate:48000 whole_latency:24 alsa_latency:24
06-04 11:05:53.115 I/audio_hw_hal_primary( 476): [audiohal_get_latency:1333] io 13: out:0xf07c5650 frames:1152 rate:48000 whole_latency:24 alsa_latency:24
06-04 11:05:53.134 I/audio_hw_hal_primary( 476): [audiohal_get_latency:1333] io 13: out:0xf07c5650 frames:1024 rate:48000 whole_latency:21 alsa_latency:21
06-04 11:05:53.134 I/audio_hw_hal_primary( 476): [audiohal_get_latency:1333] io 13: out:0xf07c5650 frames:1024 rate:48000 whole_latency:21 alsa_latency:21
06-04 11:05:53.145 D/NearFieldUtils( 2477): to get wlan0 ip address
06-04 11:05:53.148 D/NearFieldUtils( 2477): get wlan0 IP succeed.
06-04 11:05:53.149 E/NearFieldManagerImpl( 2477): notifyByPriority: interfaceNameInUse is null
06-04 11:05:53.149 D/NearFieldManagerImpl( 2477): handleConnectivityAction: notified by default
06-04 11:05:53.156 I/audio_hw_hal_primary( 476): [audiohal_get_latency:1333] io 13: out:0xf07c5650 frames:1024 rate:48000 whole_latency:21 alsa_latency:21
06-04 11:05:53.156 I/audio_hw_hal_primary( 476): [audiohal_get_latency:1333] io 13: out:0xf07c5650 frames:1024 rate:48000 whole_latency:21 alsa_latency:21
06-04 11:05:53.167 D/NearFieldUtils( 2477): to get wlan0 ip address
06-04 11:05:53.167 D/NearFieldUtils( 2477): get wlan0 IP succeed.
06-04 11:05:53.167 I/NearFieldManagerImpl( 2477): wlan Connected
06-04 11:05:53.168 I/HicomNf_java_to_c( 2477): notifyNetworkStateChanged with maskStr, networkType: 0, networkState: 0, mask:
06-04 11:05:53.168 I/HicomNfMainCtrlManager( 2477): NotifyNetworkStateChanged is called with networkState: 0
06-04 11:05:53.168 I/HicomNfMainCtrlManager( 2477): P2P and USB are both disconnected
06-04 11:05:53.168 I/HicomNfSecureManager( 2477): stop listening
06-04 11:05:53.168 I/HicomNfSecureManager( 2477): StopListening, m_sessionInfoLock out, before calling NSTACKX_DMsgClose 2
06-04 11:05:53.168 I/HicomNfSecureManager( 2477): StopListening, after calling NSTACKX_DMsgClose 2
06-04 11:05:53.177 I/audio_hw_hal_primary( 476): [audiohal_get_latency:1333] io 13: out:0xf07c5650 frames:1280 rate:48000 whole_latency:26 alsa_latency:26
06-04 11:05:53.178 I/audio_hw_hal_primary( 476): [audiohal_get_latency:1333] io 13: out:0xf07c5650 frames:1280 rate:48000 whole_latency:26 alsa_latency:26
06-04 11:05:53.181 I/HicomNf_java_to_c( 2477): notifyNetworkStateChanged with maskStr, networkType: 0, networkState: 1, mask: 255.255.254.0
06-04 11:05:53.181 I/HicomNfMainCtrlManager( 2477): NotifyNetworkStateChanged is called with networkState: 1
06-04 11:05:53.181 I/HicomNfSecureManager( 2477): StartListening, before calling NSTACKX_DMsgServer
06-04 11:05:53.181 I/nStackXDMsg( 2477): NSTACKX_DMsgServer:[1335] :msgReceiver is not NULL
06-04 11:05:53.181 D/nStackXDMsg( 2477): StartDMsgMainThread:[1274] :pthread_create
06-04 11:05:53.181 I/HicomNfSecureManager( 2477): StartListening, after calling NSTACKX_DMsgServer
06-04 11:05:53.181 I/HicomNfSecureManager( 2477): OnehopSecureCtrlManager: succeeded to StartListening with type 0
06-04 11:05:53.201 I/audio_hw_hal_primary( 476): [audiohal_get_latency:1333] io 13: out:0xf07c5650 frames:1152 rate:48000 whole_latency:24 alsa_latency:24
06-04 11:05:53.201 I/audio_hw_hal_primary( 476): [audiohal_get_latency:1333] io 13: out:0xf07c5650 frames:1152 rate:48000 whole_latency:24 alsa_latency:24
06-04 11:05:53.202 D/audioserver( 521): logFgsApiEnd: FGS Logger Transaction failed, -129
06-04 11:05:53.203 I/audio_hw_hal_primary( 476): out_update_source_metadata_v7() line 2013 usage:13 content_type:4
06-04 11:05:53.219 I/audio_hw_hal_primary( 476): [audiohal_get_latency:1333] io 13: out:0xf07c5650 frames:1024 rate:48000 whole_latency:21 alsa_latency:21
06-04 11:05:53.241 I/audio_hw_hal_primary( 476): [audiohal_get_latency:1333] io 13: out:0xf07c5650 frames:1024 rate:48000 whole_latency:21 alsa_latency:21
06-04 11:05:53.241 D/audioserver( 521): logFgsApiEnd: FGS Logger Transaction failed, -129
06-04 11:05:53.319 I/bt_btif_dm( 1045): packages/modules/Bluetooth/system/btif/src/btif_dm.cc:691 btif_update_remote_properties: cod from storage is also unclassified
06-04 11:05:53.444 E/raop ( 1721): JavaCallback init
06-04 11:05:53.916 I//apex/com.android.adbd/bin/adbd( 1357): type=1400 audit(0.0:1036): avc: denied { search } for comm=75736220666673206F70656E name="/" dev="functionfs" ino=23303 scontext=u:r:su:s0 tcontext=u:object_r:functionfs:s0 tclass=dir permissive=1
06-04 11:05:53.944 D/TrafficStats( 1721): tagSocket(171) with statsTag=0xffffffff, statsUid=-1
06-04 11:05:54.073 D/SntpClient( 689): request time failed: java.net.SocketTimeoutException: Poll timed out
06-04 11:05:54.073 D/TrafficStats( 689): tagSocket(386) with statsTag=0xffffff41, statsUid=-1
06-04 11:05:54.076 I/WifiHAL ( 501): call wifi_get_link_stats handler
06-04 11:05:54.076 I/WifiHAL ( 501): Creating message to get link statistics; iface = 16
06-04 11:05:54.077 D/WifiHAL ( 501): error code -95 mapped to -3
06-04 11:05:54.077 E/WifiStaIfaceAidlImpl( 689): getLinkLayerStats failed with service-specific exception: android.os.ServiceSpecificException: (code 4)
06-04 11:05:54.436 D/DhcpClient( 991): Received packet: 1c:79:2d:20:62:cb ACK: your new IP /192.168.3.4, netmask /255.255.254.0, gateways [/192.168.3.1] DNS servers: /202.96.134.133 /202.96.128.166 , lease time 3600
06-04 11:05:54.653 E/raop ( 1721): httpd_stop running 1 joined 0
06-04 11:05:54.653 E/raop ( 1721): httpd_stop connection->socket_fd=0
06-04 11:05:54.653 E/raop ( 1721): httpd_stop connection->socket_fd=0
06-04 11:05:54.653 E/raop ( 1721): httpd_stop connection->socket_fd=0
06-04 11:05:54.653 E/raop ( 1721): httpd_stop connection->socket_fd=0
06-04 11:05:54.653 E/raop ( 1721): httpd_stop connection->socket_fd=0
06-04 11:05:54.653 E/raop ( 1721): httpd_stop connection->socket_fd=0
06-04 11:05:54.653 E/raop ( 1721): httpd_stop connection->socket_fd=0
06-04 11:05:54.653 E/raop ( 1721): httpd_stop connection->socket_fd=0
06-04 11:05:54.653 E/raop ( 1721): httpd_stop connection->socket_fd=0
06-04 11:05:54.653 E/raop ( 1721): httpd_stop connection->socket_fd=0
06-04 11:05:54.654 W/System.err( 1721): java.net.SocketException: Socket closed
06-04 11:05:54.654 W/System.err( 1721): at java.net.PlainSocketImpl.socketAccept(PlainSocketImpl.java:213)
06-04 11:05:54.654 W/System.err( 1721): at java.net.AbstractPlainSocketImpl.accept(AbstractPlainSocketImpl.java:451)
06-04 11:05:54.655 W/System.err( 1721): at java.net.ServerSocket.implAccept(ServerSocket.java:569)
06-04 11:05:54.655 W/System.err( 1721): at java.net.ServerSocket.accept(ServerSocket.java:537)
06-04 11:05:54.655 W/System.err( 1721): at b.f.f.t.f.run(Unknown Source:40)
06-04 11:05:54.655 W/System.err( 1721): at java.lang.Thread.run(Thread.java:1012)
06-04 11:05:54.658 D/HiSight-SinkService( 1721): setDiscoverable true
06-04 11:05:54.659 D/HiSight-Discovery( 1721): set deviceInfo type:46
06-04 11:05:54.659 D/HiSight-Discovery( 1721): startAdvertise 3
06-04 11:05:54.659 D/HiSight-Discovery( 1721): stopAdvertise.
06-04 11:05:54.659 D/NearFieldManager( 1721): StopListen moduleId: CastPlusDiscoveryModule
06-04 11:05:54.659 D/NearFieldManagerImpl( 2477): stopListen: moduleId: CastPlusDiscoveryModule
06-04 11:05:54.659 D/NearFieldManagerImpl( 2477): registerCapability() called with: capabilityBitmapNum = 1, capabilityBitmap = [0]
06-04 11:05:54.659 I/HicomNf_java_to_c( 2477): registerCapability, capabilityBitmapNum: 1
06-04 11:05:54.659 I/HicomNfMainCtrlManager( 2477): RegisterCapability: 1, 0
06-04 11:05:54.659 D/NearFieldManagerImpl( 2477): Register capability succeed with capabilityBitmapNum = 1, capabilityBitmap = [0]
06-04 11:05:54.660 D/wenhc ( 1441): getScreenInfo uri = content://com.dangbei.screencast.parts.info/screen_cast
06-04 11:05:54.660 D/HiSight-Discovery( 1721): nearFieldStartListen deviceType 46
06-04 11:05:54.660 D/NearFieldManagerImpl( 2477): setServiceData, sServiceData=[32], serviceData=[32]
06-04 11:05:54.660 E/NearFieldManagerImpl( 2477): setServiceData, serviceData exists
06-04 11:05:54.660 E/NearFieldManager( 1721): setIdnNetworkPriority: networkPortPriority is empty
06-04 11:05:54.660 D/NearFieldManager( 1721): StartListen moduleId: CastPlusDiscoveryModule
06-04 11:05:54.661 D/NearFieldManagerImpl( 2477): startListen: moduleId: CastPlusDiscoveryModule
06-04 11:05:54.661 D/NearFieldUtils( 2477): getPreferredIpAddress exec
06-04 11:05:54.661 D/NearFieldUtils( 2477): getPreferredIpAddress by custom priority
06-04 11:05:54.661 D/NearFieldUtils( 2477): getIpByInterfaceSetting customIdnNetworkPriority:[]
06-04 11:05:54.661 D/NearFieldUtils( 2477): getPreferredIpAddress by default priority
06-04 11:05:54.656 I/binder:2477_4( 2477): type=1400 audit(0.0:1037): avc: denied { search } for name="net" dev="sysfs" ino=12344 scontext=u:r:untrusted_app_27:s0:c43,c256,c512,c768 tcontext=u:object_r:sysfs_net:s0 tclass=dir permissive=1 app=com.dangbei.screencast
06-04 11:05:54.665 I/audio_hw_hal_alsamgr( 476): alsa format =0x1 delay frames =1024 total frames=1090560
06-04 11:05:54.671 D/NearFieldUtils( 2477): to get wlan0 ip address
06-04 11:05:54.671 D/NearFieldUtils( 2477): get wlan0 IP succeed.
06-04 11:05:54.671 D/NearFieldManagerImpl( 2477): sDeviceType: 46
06-04 11:05:54.671 D/NearFieldManagerImpl( 2477): registerDevice() is called.
06-04 11:05:54.671 I/HicomNfMainCtrlManager( 2477): NSTACKX_RegisterDevice is called
06-04 11:05:54.672 D/NearFieldManagerImpl( 2477): Register device success.
06-04 11:05:54.672 I/NearFieldManagerImpl( 2477): serviceName is castPlus
06-04 11:05:54.672 I/nStackXDFinder( 2477): UpdateLocalNetworkInterface:[472] :UpdateLocalNetworkInterface exec,initerfaceName:wlan0
06-04 11:05:54.672 E/nStackXDFinder( 2477): GetLocalIp:[401] :GetLocalIp exec
06-04 11:05:54.672 I/nStackXDFinder( 2477): UpdateLocalNetworkInterface:[498] :UpdateLocalNetworkInterface copy ip value in default process
06-04 11:05:54.672 E/nStackXDFinder( 2477): GetLocalIp:[401] :GetLocalIp exec
06-04 11:05:54.672 I/nStackXDFinder( 2477): UpdateLocalNetworkInterface:[505] :UpdateLocalNetworkInterface: ip not change
06-04 11:05:54.672 D/NearFieldManagerImpl( 2477): registerCapability() called with: capabilityBitmapNum = 1, capabilityBitmap = [8]
06-04 11:05:54.672 I/HicomNf_java_to_c( 2477): registerCapability, capabilityBitmapNum: 1
06-04 11:05:54.672 I/HicomNfMainCtrlManager( 2477): RegisterCapability: 1, 8
06-04 11:05:54.672 D/NearFieldManagerImpl( 2477): Register capability succeed with capabilityBitmapNum = 1, capabilityBitmap = [8]
06-04 11:05:54.672 D/NearFieldManagerImpl( 2477): registerServiceData() called with: serviceData = 32
06-04 11:05:54.672 I/nStackXDFinder( 2477): RegisterServiceData:[728] :RegisterServiceData, serviceData=[32]
06-04 11:05:54.672 D/NearFieldManagerImpl( 2477): registerModule() called with: packageModuleName = com.huawei.connection+CastPlusDiscoveryModule
06-04 11:05:54.672 D/NearFieldManagerImpl( 2477): registerModule, registered before
06-04 11:05:54.672 I/HicomNf_java_to_c( 2477): registerModule, moduleName: com.huawei.connection+CastPlusDiscoveryModule
06-04 11:05:54.672 I/HicomNfMainCtrlManager( 2477): Enter RegisterModule
06-04 11:05:54.672 I/HicomNfRegManager( 2477): RegisterModule OK, already registered com.huawei.connection+CastPlusDiscoveryModule
06-04 11:05:54.676 D/OomAdjuster( 689): Not killing cached processes
06-04 11:05:54.676 I/gbei.screencast( 1721): type=1400 audit(0.0:1038): avc: denied { write } for name="property_service" dev="tmpfs" ino=411 scontext=u:r:untrusted_app_27:s0:c43,c256,c512,c768 tcontext=u:object_r:property_socket:s0 tclass=sock_file permissive=1 app=com.dangbei.screencast
06-04 11:05:54.676 I/gbei.screencast( 1721): type=1400 audit(0.0:1039): avc: denied { connectto } for path="/dev/socket/property_service" scontext=u:r:untrusted_app_27:s0:c43,c256,c512,c768 tcontext=u:r:init:s0 tclass=unix_stream_socket permissive=1 app=com.dangbei.screencast
06-04 11:05:54.692 D/HiSight-SinkService( 1721): setDiscoverable true
06-04 11:05:54.692 D/HiSight-Discovery( 1721): set deviceInfo type:46
06-04 11:05:54.692 D/HiSight-Discovery( 1721): startAdvertise 3
06-04 11:05:54.692 D/HiSight-Discovery( 1721): stopAdvertise.
06-04 11:05:54.692 D/NearFieldManager( 1721): StopListen moduleId: CastPlusDiscoveryModule
06-04 11:05:54.693 D/NearFieldManagerImpl( 2477): stopListen: moduleId: CastPlusDiscoveryModule
06-04 11:05:54.693 D/NearFieldManagerImpl( 2477): registerCapability() called with: capabilityBitmapNum = 1, capabilityBitmap = [0]
06-04 11:05:54.693 I/HicomNf_java_to_c( 2477): registerCapability, capabilityBitmapNum: 1
06-04 11:05:54.693 I/HicomNfMainCtrlManager( 2477): RegisterCapability: 1, 0
06-04 11:05:54.693 D/NearFieldManagerImpl( 2477): Register capability succeed with capabilityBitmapNum = 1, capabilityBitmap = [0]
06-04 11:05:54.693 D/HiSight-Discovery( 1721): nearFieldStartListen deviceType 46
06-04 11:05:54.693 D/wenhc ( 1441): getScreenInfo uri = content://com.dangbei.screencast.parts.info/screen_cast
06-04 11:05:54.694 D/NearFieldManagerImpl( 2477): setServiceData, sServiceData=[32], serviceData=[32]
06-04 11:05:54.694 E/NearFieldManagerImpl( 2477): setServiceData, serviceData exists
06-04 11:05:54.694 E/NearFieldManager( 1721): setIdnNetworkPriority: networkPortPriority is empty
06-04 11:05:54.694 D/NearFieldManager( 1721): StartListen moduleId: CastPlusDiscoveryModule
06-04 11:05:54.694 D/NearFieldManagerImpl( 2477): startListen: moduleId: CastPlusDiscoveryModule
06-04 11:05:54.694 D/NearFieldUtils( 2477): getPreferredIpAddress exec
06-04 11:05:54.694 D/NearFieldUtils( 2477): getPreferredIpAddress by custom priority
06-04 11:05:54.694 D/NearFieldUtils( 2477): getIpByInterfaceSetting customIdnNetworkPriority:[]
06-04 11:05:54.694 D/NearFieldUtils( 2477): getPreferredIpAddress by default priority
06-04 11:05:54.702 D/NearFieldUtils( 2477): to get wlan0 ip address
06-04 11:05:54.702 D/NearFieldUtils( 2477): get wlan0 IP succeed.
06-04 11:05:54.702 D/NearFieldManagerImpl( 2477): sDeviceType: 46
06-04 11:05:54.702 D/NearFieldManagerImpl( 2477): registerDevice() is called.
06-04 11:05:54.702 I/HicomNfMainCtrlManager( 2477): NSTACKX_RegisterDevice is called
06-04 11:05:54.702 I/nStackXDFinder( 2477): UpdateLocalNetworkInterface:[472] :UpdateLocalNetworkInterface exec,initerfaceName:wlan0
06-04 11:05:54.702 E/nStackXDFinder( 2477): GetLocalIp:[401] :GetLocalIp exec
06-04 11:05:54.702 I/nStackXDFinder( 2477): UpdateLocalNetworkInterface:[498] :UpdateLocalNetworkInterface copy ip value in default process
06-04 11:05:54.702 E/nStackXDFinder( 2477): GetLocalIp:[401] :GetLocalIp exec
06-04 11:05:54.702 I/nStackXDFinder( 2477): UpdateLocalNetworkInterface:[505] :UpdateLocalNetworkInterface: ip not change
06-04 11:05:54.702 D/NearFieldManagerImpl( 2477): Register device success.
06-04 11:05:54.703 I/NearFieldManagerImpl( 2477): serviceName is castPlus
06-04 11:05:54.703 D/NearFieldManagerImpl( 2477): registerCapability() called with: capabilityBitmapNum = 1, capabilityBitmap = [8]
06-04 11:05:54.703 I/HicomNf_java_to_c( 2477): registerCapability, capabilityBitmapNum: 1
06-04 11:05:54.703 I/HicomNfMainCtrlManager( 2477): RegisterCapability: 1, 8
06-04 11:05:54.703 D/NearFieldManagerImpl( 2477): Register capability succeed with capabilityBitmapNum = 1, capabilityBitmap = [8]
06-04 11:05:54.703 D/NearFieldManagerImpl( 2477): registerServiceData() called with: serviceData = 32
06-04 11:05:54.703 I/nStackXDFinder( 2477): RegisterServiceData:[728] :RegisterServiceData, serviceData=[32]
06-04 11:05:54.703 D/NearFieldManagerImpl( 2477): registerModule() called with: packageModuleName = com.huawei.connection+CastPlusDiscoveryModule
06-04 11:05:54.703 D/NearFieldManagerImpl( 2477): registerModule, registered before
06-04 11:05:54.703 I/HicomNf_java_to_c( 2477): registerModule, moduleName: com.huawei.connection+CastPlusDiscoveryModule
06-04 11:05:54.703 I/HicomNfMainCtrlManager( 2477): Enter RegisterModule
06-04 11:05:54.703 I/HicomNfRegManager( 2477): RegisterModule OK, already registered com.huawei.connection+CastPlusDiscoveryModule
06-04 11:05:54.704 E/HuaweiCastService( 1721): onStartCommand in 0
06-04 11:05:54.722 D/AvrcpBrowsablePlayerConnector( 1045): Received a message: msg.what=2
06-04 11:05:54.723 V/AvrcpBrowsablePlayerConnector( 1045): Timed out waiting for players
06-04 11:05:54.723 I/AvrcpBrowsablePlayerConnector( 1045): Successfully connected to 0 browsable players.
06-04 11:05:54.723 I/MediaPlayerList( 1045): init: Browsable Player list size is 0
06-04 11:05:54.778 E/hq ( 1441): ErrorCoroutineExceptionHandler:::runTry error:com.dangbei.leard.base.proider.error.EmptyApiException: 数据为空 from=requestMessageDialog from=requestMessageDialog
06-04 11:05:54.829 I/BLE_Service( 1063): mStartDiscoveryRunnable, return for nonGTV or usersetup finished
06-04 11:05:54.842 D/CompatibilityChangeReporter( 2195): Compat change id reported: 253665015; UID 10019; state: ENABLED
06-04 11:05:54.843 D/CompatibilityChangeReporter( 2195): Compat change id reported: 194532703; UID 10019; state: ENABLED
06-04 11:05:54.844 D/CompatibilityChangeReporter( 689): Compat change id reported: 253665015; UID 10019; state: ENABLED
06-04 11:05:54.845 D/CompatibilityChangeReporter( 689): Compat change id reported: 194532703; UID 10019; state: ENABLED
06-04 11:05:54.916 I/UsbFfs-monitor( 1357): type=1400 audit(0.0:1040): avc: denied { use } for path="anon_inode:[eventfd]" dev="anon_inodefs" ino=10204 scontext=u:r:su:s0 tcontext=u:r:adbd:s0 tclass=fd permissive=1
06-04 11:05:55.043 D/nStackXCoAP( 2477): IsInSameNetwork:[276] :IsInSameNetwork exec
06-04 11:05:55.043 I/nStackXDFinder( 2477): GetLocalInterfaceDetail:[461] :GetLocalInterfaceDetail in
06-04 11:05:55.043 E/nStackXCoAP( 2477): IsInSameNetwork:[281] :IsInSameNetwork: not priority process
06-04 11:05:55.043 D/nStackXCoAP( 2477): ParseServiceDiscover:[330] :new device join
06-04 11:05:55.043 I/nStackXDFinder( 2477): NotifyDeviceListChanged:[540] :notify callback: device list changed callback is null
06-04 11:05:55.043 E/nStackXDFinder( 2477): GetLocalIp:[401] :GetLocalIp exec
06-04 11:05:55.085 D/TrafficStats( 1721): tagSocket(172) with statsTag=0xffffffff, statsUid=-1
06-04 11:05:55.124 I//apex/com.android.adbd/bin/adbd( 1357): type=1400 audit(0.0:1041): avc: denied { getopt } for comm=73657276657220736F636B6574 laddr=::ffff:192.168.3.125 lport=5555 faddr=::ffff:192.168.15.10 fport=57755 scontext=u:r:su:s0 tcontext=u:r:su:s0 tclass=tcp_socket permissive=1
06-04 11:05:55.124 I//apex/com.android.adbd/bin/adbd( 1357): type=1400 audit(0.0:1042): avc: denied { write } for comm=73657276657220736F636B6574 name="fwmarkd" dev="tmpfs" ino=861 scontext=u:r:su:s0 tcontext=u:object_r:fwmarkd_socket:s0 tclass=sock_file permissive=1
06-04 11:05:55.138 I/adbd ( 1357): host-17: read thread spawning
06-04 11:05:55.138 I/adbd ( 1357): host-17: write thread spawning
06-04 11:05:55.138 I/adbd ( 1357): authentication not required
06-04 11:05:55.124 I//apex/com.android.adbd/bin/adbd( 1357): type=1400 audit(0.0:1043): avc: denied { connectto } for comm=73657276657220736F636B6574 path="/dev/socket/fwmarkd" scontext=u:r:su:s0 tcontext=u:r:netd:s0 tclass=unix_stream_socket permissive=1
06-04 11:05:55.124 I/binder:458_2( 458): type=1400 audit(0.0:1044): avc: denied { use } for path="socket:[34899]" dev="sockfs" ino=34899 scontext=u:r:netd:s0 tcontext=u:r:su:s0 tclass=fd permissive=1
06-04 11:05:55.124 I/binder:458_2( 458): type=1400 audit(0.0:1045): avc: denied { read write } for path="socket:[34899]" dev="sockfs" ino=34899 scontext=u:r:netd:s0 tcontext=u:r:su:s0 tclass=tcp_socket permissive=1
06-04 11:05:55.361 D/nStackXCoAP( 2477): IsInSameNetwork:[276] :IsInSameNetwork exec
