06-04 11:05:43.344 I/audio_hw_hal_primary( 476): [audiohal_get_latency:1333] io 13: out:0xf07c5650 frames:1024 rate:48000 whole_latency:21 alsa_latency:21
06-04 11:05:43.346 E/CellBroadcastUtils( 689): getDefaultCellBroadcastReceiverPackageName: no package found
06-04 11:05:43.350 I/audio_hw_hal_alsamgr( 476): -aml_alsa_output_close_new()
06-04 11:05:43.350 I/audio_hw_hal_alsamgr( 476):
06-04 11:05:43.350 I/audio_hw_hal_spdifencoder( 476): aml_spdif_encoder_close handle=0xf4611fe0
06-04 11:05:43.350 I/audio_hw_hal_alsamgr( 476): raw to lpcm switch aml_alsa_output_write
06-04 11:05:43.354 D/CompatibilityChangeReporter( 689): Compat change id reported: 197654537; UID 1000; state: ENABLED
06-04 11:05:43.357 I/ActivityTaskManager( 689): START u0 {act=android.intent.action.MAIN cat=[android.intent.category.HOME] flg=0x10000100 cmp=com.android.tv.settings/.system.FallbackHome (has extras)} with LAUNCH_MULTIPLE from uid 0 (BAL_ALLOW_ALLOWLISTED_UID) result code=0
06-04 11:05:43.358 D/UEventObserver( 1063): change@/devices/platform/auge_sound/sound/card0/controlC0ACTION=changeDEVPATH=/devices/platform/auge_sound/sound/card0/controlC0SUBSYSTEM=soundAUDIO_FORMAT=0MAJOR=116MINOR=13DEVNAME=snd/controlC0SEQNUM=3520
06-04 11:05:43.361 I/ActivityManager( 689): com.android.tv.settings is exempt from freezer
06-04 11:05:43.362 D/CompatibilityChangeReporter( 689): Compat change id reported: 135634846; UID 1000; state: DISABLED
06-04 11:05:43.365 D/libdolbyms12( 476): Aml_MS12_DynamicDisConnectNode Success
06-04 11:05:43.365 D/libdolbyms12( 476): Aml_MS12_DynamicDisConnectNode handle is NULL
06-04 11:05:43.365 I/audio_hw_decoder_ms12v2( 476): aml_ms12_main_encoder_reconfig : output_config 0x8 not request open encoder
06-04 11:05:43.365 D/audio_hw_hal_ms12common( 476): ms12_message_threadloop mesg_list is empty, loop waiting......
06-04 11:05:43.367 I/SystemControl( 318): [/UEventObserver.cpp, HDMITxUenventThreadLoop, 451] HDMI TX switch_name:hdmitx_current_status, switch_state: 7
06-04 11:05:43.367 I/audio_hw_hal_ms12v2( 476): dolby_ms12_threadloop alsa is not running
06-04 11:05:43.367 D/libdolbyms12( 476): set runtime mch_enable 0
06-04 11:05:43.367 I/audio_hw_hal_ms12v2( 476): ms12 optical format change from 0x1 to 0x1
06-04 11:05:43.368 I/audio_hw_hal_ms12v2( 476): dolby_ms12_threadloop alsa is not running
06-04 11:05:43.368 I/audio_hw_hal_ms12v2( 476): dolby_ms12_threadloop alsa is not running
06-04 11:05:43.368 I/audio_hw_hal_ms12v2( 476): dolby_ms12_threadloop alsa is not running
06-04 11:05:43.368 I/audio_hw_hal_alsamgr( 476): aml_alsa_output_write alsa_running_status[0xf07c0e70] change from 0 to 1
06-04 11:05:43.377 D/SystemServerTiming( 689): getUserSwitchability-0
06-04 11:05:43.377 D/SystemServerTiming( 689): TM.isInCall
06-04 11:05:43.378 D/SystemServerTiming( 689): hasUserRestriction-DISALLOW_USER_SWITCH
06-04 11:05:43.378 D/SystemServerTiming( 689): getInt-ALLOW_USER_SWITCHING_WHEN_SYSTEM_USER_LOCKED
06-04 11:05:43.378 D/SystemServerTiming( 689): isUserUnlocked-USER_SYSTEM
06-04 11:05:43.382 D/Zygote ( 459): Forked child process 1269
06-04 11:05:43.384 I/ActivityManager( 689): Start proc 1269:com.android.tv.settings/1000 for top-activity {com.android.tv.settings/com.android.tv.settings.system.FallbackHome}
06-04 11:05:43.389 I/Zygote ( 1269): seccomp disabled by setenforce 0
06-04 11:05:43.395 I/update_engine( 617): [INFO:cleanup_previous_update_action.cc(112)] Executing task 7
06-04 11:05:43.396 D/QSTileHost( 939): Saving tiles: [internet, bt, dnd, alarm, airplane, cast, screenrecord, mictoggle, cameratoggle, custom(com.android.permissioncontroller/.permission.service.v33.SafetyCenterQsTileService)] for user: 0
06-04 11:05:43.397 I/oid.tv.settings( 1269): Using CollectorTypeCC GC.
06-04 11:05:43.404 W/Looper ( 939): Drained
06-04 11:05:43.404 I/update_engine( 617): [INFO:cleanup_previous_update_action.cc(124)] CleanupPreviousUpdateAction scheduled task ID 8 for WaitBootCompleted
06-04 11:05:43.406 D/SystemServerTiming( 689): getUserSwitchability-0
06-04 11:05:43.406 D/SystemServerTiming( 689): TM.isInCall
06-04 11:05:43.407 D/SystemServerTiming( 689): hasUserRestriction-DISALLOW_USER_SWITCH
06-04 11:05:43.407 D/SystemServerTiming( 689): getInt-ALLOW_USER_SWITCHING_WHEN_SYSTEM_USER_LOCKED
06-04 11:05:43.407 D/SystemServerTiming( 689): isUserUnlocked-USER_SYSTEM
06-04 11:05:43.407 D/audioserver( 521): logFgsApiBegin: FGS Logger Transaction failed, -129
06-04 11:05:43.408 E/oid.tv.settings( 1269): Not starting debugger since process cannot load the jdwp agent.
06-04 11:05:43.413 E/SettingsState( 689): Failed to write settings, restoring old file
06-04 11:05:43.413 E/SettingsState( 689): java.io.SyncFailedException: sync failed
06-04 11:05:43.413 E/SettingsState( 689): at java.io.FileDescriptor.sync(Native Method)
06-04 11:05:43.413 E/SettingsState( 689): at com.android.providers.settings.SettingsState.doWriteState(SettingsState.java:925)
06-04 11:05:43.413 E/SettingsState( 689): at com.android.providers.settings.SettingsState.-$$Nest$mdoWriteState(SettingsState.java:0)
06-04 11:05:43.413 E/SettingsState( 689): at com.android.providers.settings.SettingsState$MyHandler.handleMessage(SettingsState.java:1279)
06-04 11:05:43.413 E/SettingsState( 689): at android.os.Handler.dispatchMessage(Handler.java:106)
06-04 11:05:43.413 E/SettingsState( 689): at android.os.Looper.loopOnce(Looper.java:205)
06-04 11:05:43.413 E/SettingsState( 689): at android.os.Looper.loop(Looper.java:294)
06-04 11:05:43.413 E/SettingsState( 689): at android.os.HandlerThread.run(HandlerThread.java:67)
06-04 11:05:43.413 E/AtomicFile( 689): Failed to sync file output stream
06-04 11:05:43.414 I/audio_hw_hal_primary( 476): out_update_source_metadata_v7() line 2013 usage:1 content_type:2
06-04 11:05:43.414 I/audio_hw_hal_utils( 476): enable_mlock_specific_lib : persist.vendor.audio.service.mlock
06-04 11:05:43.414 I/audio_hw_hal_utils( 476): [aml_load_lock_lib_address:3932] mlock_specific_lib is disabled
06-04 11:05:43.414 I/audio_hw_hal_utils( 476): enable_mlock_specific_lib : persist.vendor.audio.service.mlock
06-04 11:05:43.414 I/audio_hw_hal_utils( 476): [_aml_lock_lib_address:4012] mlock_specific_lib is disabled
06-04 11:05:43.420 D/audio_hw_hal_profile( 476): get_hdmi_sink_cap_new is running...
06-04 11:05:43.420 D/audio_hw_hal_profile( 476): query hdmi format...
06-04 11:05:43.420 D/audio_hw_hal_profile( 476): get_hdmi_sink_cap_new ddp is unsupported; ddp-joc(atmos) is unsupported;
06-04 11:05:43.420 I/audio_hw_hal_profile( 476): PCM cap Max channel =2
06-04 11:05:43.420 I/audio_hw_hal_stream( 476): get_sink_capability mbox+dvb case sink_capability = 0x9000000
06-04 11:05:43.420 I/audio_hw_hal_stream( 476): force ddp out =0
06-04 11:05:43.420 D/audio_hw_hal_profile( 476): get_hdmi_sink_cap_new is running...
06-04 11:05:43.421 D/audio_hw_hal_profile( 476): query hdmi format...
06-04 11:05:43.421 D/audio_hw_hal_profile( 476): get_hdmi_sink_cap_new ddp is unsupported; ddp-joc(atmos) is unsupported;
06-04 11:05:43.421 I/audio_hw_hal_profile( 476): PCM cap Max channel =2
06-04 11:05:43.421 I/audio_hw_hal_stream( 476): [get_sink_dts_capability:212] mbox+dvb case sink_capability: PCM_16_BIT(0x1)
06-04 11:05:43.421 D/audio_hw_hal_profile( 476): get_hdmi_sink_cap_new is running...
06-04 11:05:43.421 D/audio_hw_hal_profile( 476): query hdmi format...
06-04 11:05:43.421 D/SystemServerTiming( 689): getUserSwitchability-0
06-04 11:05:43.421 D/audio_hw_hal_profile( 476): get_hdmi_sink_cap_new ddp is unsupported; ddp-joc(atmos) is unsupported;
06-04 11:05:43.421 D/SystemServerTiming( 689): TM.isInCall
06-04 11:05:43.421 I/audio_hw_hal_profile( 476): PCM cap Max channel =2
06-04 11:05:43.421 I/audio_hw_hal_stream( 476): [get_sink_mpegh_capability:245] mbox+dvb case sink_capability: PCM_16_BIT(0x1)
06-04 11:05:43.421 D/audio_hw_hal_profile( 476): get_hdmi_sink_cap_new is running...
06-04 11:05:43.421 D/audio_hw_hal_profile( 476): [get_hdmi_sink_cap_new:960] query hdmi sample_rate... format: PCM_16_BIT(0x1)
06-04 11:05:43.421 I/audio_hw_hal_profile( 476): get_hdmi_sink_cap_new format =0x1 support rate =sup_sampling_rates=32000|44100|48000|88200|96000|176400|192000
06-04 11:05:43.421 I/audio_hw_hal_stream( 476): pcm_fmt support sample_rate_mask:0x7f
06-04 11:05:43.421 I/audio_hw_hal_stream( 476): get_sink_dv_capability : /sys/class/amhdmitx/amhdmitx0/hdmi_hdr_status = HDR10-GAMMA_ST2084
06-04 11:05:43.421 I/audio_hw_hal_stream( 476): get_sink_dv_capability : dv enable 0
06-04 11:05:43.421 I/audio_hw_hal_stream( 476): [get_sink_format:446] out:0xf07c5650 out devices:0x80002 cur_out_devices:0x400 format:PCM_16_BIT(0x1) digital_mode(PCM) sink cap:AC3(0x9000000)
06-04 11:05:43.421 I/audio_hw_hal_stream( 476): get_sink_format() HDMI ARC or mbox + dvb case
06-04 11:05:43.421 I/audio_hw_hal_stream( 476): [get_sink_format:645] sink_format:PCM_16_BIT(0x1) max channel:2 optical_format:PCM_16_BIT(0x1) dual_output 0
06-04 11:05:43.421 D/audio_hw_hal_ms12v2( 476): set_dolby_ms12_continuous_state audio_continuous_standby_set status 0
06-04 11:05:43.421 D/audio_hw_hal_continuous_standby( 476): audio_continuous_standby_set, type 0, params 0
06-04 11:05:43.421 I/audio_hw_hal_ms12common( 476): aml_set_ms12_scheduler_state ms12_scheduler_state:0, sch_state:0 SCHEDULER_RUNNING is sent to ms12
06-04 11:05:43.421 I/audio_hw_hal_primary( 476): [mixer_aux_buffer_write:7017] io 13: out:0xf07c5650 usecase:PCM_NORMAL standby to unstandby
06-04 11:05:43.421 I/audio_hw_hal_primary( 476): mixer_aux_buffer_write(), digital audio format updated, current PCM
06-04 11:05:43.421 I/audio_hw_hal_primary( 476): mixer_aux_buffer_write(), output routing changed from 0x2 to 0x400,need MS12 reconfig output
06-04 11:05:43.421 D/audio_hw_hal_profile( 476): get_hdmi_sink_cap_new is running...
06-04 11:05:43.421 D/SystemServerTiming( 689): hasUserRestriction-DISALLOW_USER_SWITCH
06-04 11:05:43.421 D/SystemServerTiming( 689): getInt-ALLOW_USER_SWITCHING_WHEN_SYSTEM_USER_LOCKED
06-04 11:05:43.421 D/audio_hw_hal_profile( 476): query hdmi format...
06-04 11:05:43.421 D/audio_hw_hal_profile( 476): get_hdmi_sink_cap_new ddp is unsupported; ddp-joc(atmos) is unsupported;
06-04 11:05:43.421 I/audio_hw_hal_profile( 476): PCM cap Max channel =2
06-04 11:05:43.421 I/audio_hw_hal_stream( 476): get_sink_capability mbox+dvb case sink_capability = 0x9000000
06-04 11:05:43.421 I/audio_hw_hal_stream( 476): force ddp out =0
06-04 11:05:43.421 D/SystemServerTiming( 689): isUserUnlocked-USER_SYSTEM
06-04 11:05:43.421 D/audio_hw_hal_profile( 476): get_hdmi_sink_cap_new is running...
06-04 11:05:43.421 D/audio_hw_hal_profile( 476): query hdmi format...
06-04 11:05:43.421 D/audio_hw_hal_profile( 476): get_hdmi_sink_cap_new ddp is unsupported; ddp-joc(atmos) is unsupported;
06-04 11:05:43.421 I/audio_hw_hal_profile( 476): PCM cap Max channel =2
06-04 11:05:43.421 I/audio_hw_hal_stream( 476): [get_sink_dts_capability:212] mbox+dvb case sink_capability: PCM_16_BIT(0x1)
06-04 11:05:43.421 D/audio_hw_hal_profile( 476): get_hdmi_sink_cap_new is running...
06-04 11:05:43.421 D/audio_hw_hal_profile( 476): query hdmi format...
06-04 11:05:43.421 D/audio_hw_hal_profile( 476): get_hdmi_sink_cap_new ddp is unsupported; ddp-joc(atmos) is unsupported;
06-04 11:05:43.421 I/audio_hw_hal_profile( 476): PCM cap Max channel =2
06-04 11:05:43.421 I/audio_hw_hal_stream( 476): [get_sink_mpegh_capability:245] mbox+dvb case sink_capability: PCM_16_BIT(0x1)
06-04 11:05:43.422 D/audio_hw_hal_profile( 476): get_hdmi_sink_cap_new is running...
06-04 11:05:43.422 D/audio_hw_hal_profile( 476): [get_hdmi_sink_cap_new:960] query hdmi sample_rate... format: PCM_16_BIT(0x1)
06-04 11:05:43.422 I/audio_hw_hal_profile( 476): get_hdmi_sink_cap_new format =0x1 support rate =sup_sampling_rates=32000|44100|48000|88200|96000|176400|192000
06-04 11:05:43.422 I/audio_hw_hal_stream( 476): pcm_fmt support sample_rate_mask:0x7f
06-04 11:05:43.422 I/audio_hw_hal_stream( 476): get_sink_dv_capability : /sys/class/amhdmitx/amhdmitx0/hdmi_hdr_status = HDR10-GAMMA_ST2084
06-04 11:05:43.422 I/audio_hw_hal_stream( 476): get_sink_dv_capability : dv enable 0
06-04 11:05:43.422 I/audio_hw_hal_stream( 476): [get_sink_format:446] out:0xf07c5650 out devices:0x80002 cur_out_devices:0x400 format:PCM_16_BIT(0x1) digital_mode(PCM) sink cap:AC3(0x9000000)
06-04 11:05:43.422 I/audio_hw_hal_stream( 476): get_sink_format() HDMI ARC or mbox + dvb case
06-04 11:05:43.422 I/audio_hw_hal_stream( 476): [get_sink_format:645] sink_format:PCM_16_BIT(0x1) max channel:2 optical_format:PCM_16_BIT(0x1) dual_output 0
06-04 11:05:43.422 I/audio_hw_hal_primary( 476): [config_output:5882] out:0xf07c5650 hal_internal_format:PCM_16_BIT(0x1) dolby_lib_type: 2 reset_decoder 1 rate =48000 ch=2
06-04 11:05:43.422 D/audio_hw_decoder_api( 476): [aml_decoder_init:140] dec_fun->f_init=0xf155dc95, format:0x1
06-04 11:05:43.422 I/audio_hw_decoder_pcm( 476): [pcm_decoder_init:135] success PCM format=1, samplerate:48000, ch:2
06-04 11:05:43.422 I/audio_hw_hal_primary( 476): continuous_mode(adev) 1 ms12->dolby_ms12_enable 1
06-04 11:05:43.422 I/audio_hw_hal_ms12common( 476): audiohal_send_msg_2_ms12 mesg_type:MS12_MESG_TYPE_RESET_MS12_ENCODER entry
06-04 11:05:43.422 I/audio_hw_hal_ms12common( 476): audiohal_send_msg_2_ms12 mesg_type:MS12_MESG_TYPE_RESET_MS12_ENCODER exit
06-04 11:05:43.422 I/audio_hw_hal_primary( 476): [config_output:6071] out stream alsa port device:0
06-04 11:05:43.422 W/libdolbyms12( 476): resized buffer size exceed largest buffer size, max 0, cur 24576
06-04 11:05:43.422 D/audio_hw_hal_ms12common( 476): ms12_message_threadloop(), msg type: MS12_MESG_TYPE_RESET_MS12_ENCODER
06-04 11:05:43.422 I/audio_hw_hal_ms12v2( 476): +dolby_ms12_encoder_reconfig()
06-04 11:05:43.422 I/libdolbyms12( 476): reset buffer size from 0 to 24576
06-04 11:05:43.422 I/libdolbyms12( 476): storage_audio_stream_out_data system : ring_buffer_size change from 0 to 24576
06-04 11:05:43.422 D/audio_hw_hal_virtualbuf( 476): audio_virtual_buf_open ms12 system input buf_begin=21333333 buf_target=84000000 time=1000000000
06-04 11:05:43.422 D/libdolbyms12( 476): mch_enable 0
06-04 11:05:43.422 D/audio_hw_hal_continuous_standby( 476): audio_continuous_standby_set, type 1, params 8
06-04 11:05:43.422 D/audio_hw_hal_ms12common( 476): ms12_message_threadloop mesg_list is empty, loop waiting......
06-04 11:05:43.422 E/AtomicFile( 689): Failed to delete new file /data/system/users/0/settings_secure.xml.new
06-04 11:05:43.423 D/libdolbyms12( 476): set runtime mch_enable 0
06-04 11:05:43.428 D/xm_audio( 476): adev_get_parameters
06-04 11:05:43.430 D/SystemServerTiming( 689): getUserSwitchability-0
06-04 11:05:43.430 D/SystemServerTiming( 689): TM.isInCall
06-04 11:05:43.431 D/SystemServerTiming( 689): hasUserRestriction-DISALLOW_USER_SWITCH
06-04 11:05:43.431 D/SystemServerTiming( 689): getInt-ALLOW_USER_SWITCHING_WHEN_SYSTEM_USER_LOCKED
06-04 11:05:43.431 D/SystemServerTiming( 689): isUserUnlocked-USER_SYSTEM
06-04 11:05:43.432 D/CompatibilityChangeReporter( 689): Compat change id reported: 168419799; UID 1000; state: DISABLED
06-04 11:05:43.433 D/CompatibilityChangeReporter( 689): Compat change id reported: 273564678; UID 1000; state: DISABLED
06-04 11:05:43.434 D/SystemServerTiming( 689): getUserSwitchability-0
06-04 11:05:43.434 D/SystemServerTiming( 689): TM.isInCall
06-04 11:05:43.434 D/xm_audio( 476): adev_get_parameters
06-04 11:05:43.435 D/SystemServerTiming( 689): hasUserRestriction-DISALLOW_USER_SWITCH
06-04 11:05:43.435 D/SystemServerTiming( 689): getInt-ALLOW_USER_SWITCHING_WHEN_SYSTEM_USER_LOCKED
06-04 11:05:43.435 D/SystemServerTiming( 689): isUserUnlocked-USER_SYSTEM
06-04 11:05:43.437 D/CompatibilityChangeReporter( 1269): Compat change id reported: 171979766; UID 1000; state: ENABLED
06-04 11:05:43.437 D/CompatibilityChangeReporter( 1269): Compat change id reported: 242716250; UID 1000; state: ENABLED
06-04 11:05:43.441 D/xm_audio( 476): adev_get_parameters
06-04 11:05:43.442 D/xm_audio( 476): adev_get_parameters
06-04 11:05:43.445 I/audio_hw_hal_primary( 476): out_write_new(), stream[0xf07c5650] write_status set to true
06-04 11:05:43.446 I/audio_hw_hal_stream( 476): aml_stream_out_info_print: out:0xf07c5650, stream_type:pcm, sync_mode:non tunnel, input_size:8192 bytes
06-04 11:05:43.446 I/audio_hw_hal_stream( 476): aml_stream_out_info_print: last_time:10050 ms (sec:10, nsec:50647129), last_position:0 ms (0), cur_time:21549 ms (sec:21, nsec:549051426), cur_position:0 ms (0)
06-04 11:05:43.446 I/audio_hw_hal_stream( 476): aml_stream_out_info_print: time_gap:11499 ms (thr:100 ms), position_gap:0 ms, delay:42 ms, jitter: Position gap is behind system time gap by 21549 ms (thr:100 ms)
06-04 11:05:43.448 D/xm_audio( 476): adev_get_parameters
06-04 11:05:43.449 D/xm_audio( 476): adev_get_parameters
06-04 11:05:43.451 W/oid.tv.settings( 1269): ClassLoaderContext shared library size mismatch. Expected=2, found=0 (PCL[]{PCL[/system_ext/framework/androidx.window.extensions.jar*875812793]#PCL[/system_ext/framework/androidx.window.sidecar.jar*2298648165]} | PCL[])
06-04 11:05:43.455 D/xm_audio( 476): adev_get_parameters
06-04 11:05:43.456 D/xm_audio( 476): adev_get_parameters
06-04 11:05:43.462 D/xm_audio( 476): adev_get_parameters
06-04 11:05:43.463 D/xm_audio( 476): adev_get_parameters
06-04 11:05:43.468 I/vol.Events( 939): writeEvent level_changed STREAM_VOICE_CALL 100
06-04 11:05:43.472 D/xm_audio( 476): adev_get_parameters
06-04 11:05:43.473 D/xm_audio( 476): adev_get_parameters
06-04 11:05:43.479 D/xm_audio( 476): adev_get_parameters
06-04 11:05:43.481 D/xm_audio( 476): adev_get_parameters
06-04 11:05:43.486 D/nativeloader( 1269): Configuring clns-shared-4 for other apk /system_ext/priv-app/TvSettings/TvSettings.apk. target_sdk_version=34, uses_libraries=, library_path=/system_ext/priv-app/TvSettings/lib/arm:/system_ext/priv-app/TvSettings/TvSettings.apk!/lib/armeabi-v7a:/system/lib:/system_ext/lib, permitted_path=/data:/mnt/expand:/data/user_de/0/com.android.tv.settings:/system_ext/priv-app/TvSettings:/system/lib:/system_ext/lib
06-04 11:05:43.488 D/xm_audio( 476): adev_get_parameters
06-04 11:05:43.490 D/xm_audio( 476): adev_get_parameters
06-04 11:05:43.494 D/xm_audio( 476): adev_get_parameters
06-04 11:05:43.495 D/xm_audio( 476): adev_get_parameters
06-04 11:05:43.499 D/xm_audio( 476): adev_get_parameters
06-04 11:05:43.500 D/xm_audio( 476): adev_get_parameters
06-04 11:05:43.505 D/xm_audio( 476): adev_get_parameters
06-04 11:05:43.506 D/xm_audio( 476): adev_get_parameters
06-04 11:05:43.512 D/xm_audio( 476): adev_get_parameters
06-04 11:05:43.513 D/xm_audio( 476): adev_get_parameters
06-04 11:05:43.516 D/xm_audio( 476): adev_get_parameters
06-04 11:05:43.517 D/xm_audio( 476): adev_get_parameters
06-04 11:05:43.526 D/xm_audio( 476): adev_get_parameters
06-04 11:05:43.528 D/xm_audio( 476): adev_get_parameters
06-04 11:05:43.528 V/GraphicsEnvironment( 1269): Currently set values for:
06-04 11:05:43.528 V/GraphicsEnvironment( 1269): angle_gl_driver_selection_pkgs=[]
06-04 11:05:43.528 V/GraphicsEnvironment( 1269): angle_gl_driver_selection_values=[]
06-04 11:05:43.529 V/GraphicsEnvironment( 1269): ANGLE GameManagerService for com.android.tv.settings: false
06-04 11:05:43.530 V/GraphicsEnvironment( 1269): com.android.tv.settings is not listed in per-application setting
06-04 11:05:43.530 V/GraphicsEnvironment( 1269): Neither updatable production driver nor prerelease driver is supported.
06-04 11:05:43.532 D/xm_audio( 476): adev_get_parameters
06-04 11:05:43.533 D/xm_audio( 476): adev_get_parameters
06-04 11:05:43.538 D/xm_audio( 476): adev_get_parameters
06-04 11:05:43.539 D/xm_audio( 476): adev_get_parameters
06-04 11:05:43.552 V/WindowManager( 689): app ------------- force_land :0
06-04 11:05:43.552 V/WindowManager( 689): app ------------- force_land :0
06-04 11:05:43.556 D/xm_audio( 476): adev_get_parameters
06-04 11:05:43.557 D/xm_audio( 476): adev_get_parameters
06-04 11:05:43.576 D/xm_audio( 476): adev_get_parameters
06-04 11:05:43.588 D/xm_audio( 476): adev_get_parameters
06-04 11:05:43.601 D/xm_audio( 476): adev_get_parameters
06-04 11:05:43.605 D/xm_audio( 476): adev_get_parameters
06-04 11:05:43.610 D/xm_audio( 476): adev_get_parameters
06-04 11:05:43.611 D/xm_audio( 476): adev_get_parameters
06-04 11:05:43.617 D/xm_audio( 476): adev_get_parameters
06-04 11:05:43.618 D/xm_audio( 476): adev_get_parameters
06-04 11:05:43.623 D/xm_audio( 476): adev_get_parameters
06-04 11:05:43.624 D/xm_audio( 476): adev_get_parameters
06-04 11:05:43.626 D/CompatibilityChangeReporter( 1269): Compat change id reported: 183155436; UID 1000; state: ENABLED
06-04 11:05:43.630 D/xm_audio( 476): adev_get_parameters
06-04 11:05:43.631 D/xm_audio( 476): adev_get_parameters
06-04 11:05:43.638 D/xm_audio( 476): adev_get_parameters
06-04 11:05:43.640 D/xm_audio( 476): adev_get_parameters
06-04 11:05:43.644 D/xm_audio( 476): adev_get_parameters
06-04 11:05:43.646 D/audio_hw_hal_stream( 476): update_audio_hal_info() audio hal format change to 1, atmos flag = 0, is_dolby_atmos = 0, dts_hp_x = 0, update_type = 0 is_dolby_atmos_off = 1 virtual_bass_enable 0
06-04 11:05:43.646 D/audio_hw_hal_stream( 476): update_audio_hal_info() cur_out_devices 0x400, dap_bypass_enable = 0, is_ms12_tuning_dat = 0, dolby_ms12_enable = 1, output_config = 0x8
06-04 11:05:43.646 D/UEventObserver( 1063): change@/devices/platform/auge_sound/sound/card0/controlC0ACTION=changeDEVPATH=/devices/platform/auge_sound/sound/card0/controlC0SUBSYSTEM=soundAUDIO_FORMAT=0MAJOR=116MINOR=13DEVNAME=snd/controlC0SEQNUM=3522
06-04 11:05:43.655 D/xm_audio( 476): adev_get_parameters
06-04 11:05:43.656 D/CompatibilityChangeReporter( 1269): Compat change id reported: 237531167; UID 1000; state: DISABLED
06-04 11:05:43.658 W/OpenGLRenderer( 1269): Unknown dataspace 0
06-04 11:05:43.663 W/WindowManager( 689): [addWindow] title:com.android.tv.settings/com.android.tv.settings.system.FallbackHome
06-04 11:05:43.664 D/xm_audio( 476): adev_get_parameters
06-04 11:05:43.666 D/xm_audio( 476): adev_get_parameters
06-04 11:05:43.672 D/xm_audio( 476): adev_get_parameters
06-04 11:05:43.678 D/CoreBackPreview( 689): Window{ad9fcec u0 com.android.tv.settings/com.android.tv.settings.system.FallbackHome}: Setting back callback OnBackInvokedCallbackInfo{mCallback=android.window.IOnBackInvokedCallback$Stub$Proxy@81d4abb, mPriority=0, mIsAnimationCallback=false}
06-04 11:05:43.683 D/xm_audio( 476): adev_get_parameters
06-04 11:05:43.688 I/mali ( 1269): Successfully parsed 1 environment variable(s) from /vendor/etc/mali_platform.config.
06-04 11:05:43.690 I/mali ( 1269): Successfully parsed 1 environment variable(s) from /vendor/etc/mali_platform.config.
06-04 11:05:43.696 D/xm_audio( 476): adev_get_parameters
06-04 11:05:43.702 I/hwservicemanager( 234): getTransport: Cannot find entry android.hardware.configstore@1.0::ISurfaceFlingerConfigs/default in either framework or device VINTF manifest.
06-04 11:05:43.707 D/xm_audio( 476): adev_get_parameters
06-04 11:05:43.718 D/xm_audio( 476): adev_get_parameters
06-04 11:05:43.723 D/xm_audio( 476): adev_get_parameters
06-04 11:05:43.728 D/xm_audio( 476): adev_get_parameters
06-04 11:05:43.734 I/MesonDisplay( 287): [/mode_policy.c, meson_mode_set_policy, 1177] connector:0 to policy:0
06-04 11:05:43.734 I/MesonDisplay( 287): [/mode_policy.c, is_dv_prefer, 66] not prefer dv, hdr_priority:10000010
06-04 11:05:43.734 I/MesonDisplay( 287): [/mode_policy.c, is_dv_prefer, 66] not prefer dv, hdr_priority:10000010
06-04 11:05:43.734 I/MesonDisplay( 287): [/mode_policy.c, hdr_scene_process, 724] policy:0 is_bestcolorspace:1 state:0
06-04 11:05:43.734 I/MesonDisplay( 287): [/mode_policy_parser.c, is_support_hdmimode, 110] is_support_hdmimode mode: 2160p60hz
06-04 11:05:43.734 I/MesonDisplay( 287): [/mode_policy_parser.c, is_support_hdmimode, 110] is_support_hdmimode mode: 2160p60hz
06-04 11:05:43.734 D/MesonDisplay( 287): meson_write /sys/class/amhdmitx/amhdmitx0/valid_mode, outputmode:2160p60hz420,10bit
06-04 11:05:43.734 D/MesonDisplay( 287): valid mode is true!
06-04 11:05:43.734 I/MesonDisplay( 287): [/mode_policy.c, is_support_4kHDR, 499] is_support_4kHDR mode:[420,10bit], deep color:[2160p60hz]
06-04 11:05:43.734 I/MesonDisplay( 287): [/mode_policy.c, meson_mode_get_policy_output, 1289] final_displaymode:2160p60hz, final_deepcolor:420,10bit, amdv_type:0
06-04 11:05:43.734 I/MesonDisplay( 287): [/mode_policy.c, meson_mode_set_policy, 1177] connector:0 to policy:0
06-04 11:05:43.736 E/OpenGLRenderer( 1269): Unable to match the desired swap behavior.
06-04 11:05:43.737 D/xm_audio( 476): adev_get_parameters
06-04 11:05:43.764 D/xm_audio( 476): adev_get_parameters
06-04 11:05:43.779 D/xm_audio( 476): adev_get_parameters
06-04 11:05:43.785 W/ContextImpl( 689): Calling a method in the system process without a qualified user: android.app.ContextImpl.startService:1899 com.android.server.wm.DisplayPolicy.lambda$focusChangedLw$5:2126 com.android.server.wm.DisplayPolicy.$r8$lambda$Znxk63oh-WzVnzo_WQefN7uxV48:0 com.android.server.wm.DisplayPolicy$$ExternalSyntheticLambda13.run:0 android.os.Handler.handleCallback:958
06-04 11:05:43.785 W/ActivityManager( 689): Unable to start service Intent { cmp=com.oranth.ledstatus/.LedStatusService } U=0: not found
06-04 11:05:43.786 I/ActivityTaskManager( 689): Displayed com.android.tv.settings/.system.FallbackHome for user 0: +485ms
06-04 11:05:43.786 V/WindowManager( 689): Sent Transition #0 createdAt=06-04 11:05:39.773
06-04 11:05:43.786 V/WindowManager( 689): startWCT=WindowContainerTransaction { changes = {} hops = [] errorCallbackToken=null taskFragmentOrganizer=null }
06-04 11:05:43.786 V/WindowManager( 689): info=null
06-04 11:05:43.791 D/xm_audio( 476): adev_get_parameters
06-04 11:05:43.795 V/WindowManager( 689): Finish Transition #0: created at
06-04 11:05:39.773 collect-started=0.941ms request-sent=18.982ms started=23.611ms ready=3782.396ms sent=4005.439ms finished=4017.887ms
06-04 11:05:43.797 D/ActivityManagerTiming( 689): FinishBooting
06-04 11:05:43.798 D/WindowManager( 689): updateCecScreenStatus 0
06-04 11:05:43.799 D/HDMI ( 689): setCecSettingIntValue name:cec_screen_state, value:0
06-04 11:05:43.801 D/xm_audio( 476): adev_get_parameters
06-04 11:05:43.808 D/AudioService( 689): Restoring device volume behavior
06-04 11:05:43.808 D/AudioService( 689): Retrieving Volume Behavior for DeviceType: 8192
06-04 11:05:43.808 D/AudioService( 689): Skipping Setting Volume Behavior for DeviceType: 8192
06-04 11:05:43.808 D/AudioService( 689): Retrieving Volume Behavior for DeviceType: 512
06-04 11:05:43.808 D/AudioService( 689): Skipping Setting Volume Behavior for DeviceType: 512
06-04 11:05:43.808 I/vol.Events( 939): writeEvent level_changed STREAM_SYSTEM 100
06-04 11:05:43.808 D/AudioService( 689): Retrieving Volume Behavior for DeviceType: 64
06-04 11:05:43.808 D/AudioService( 689): Skipping Setting Volume Behavior for DeviceType: 64
06-04 11:05:43.809 D/AudioService( 689): Retrieving Volume Behavior for DeviceType: 128
06-04 11:05:43.809 D/AudioService( 689): Skipping Setting Volume Behavior for DeviceType: 128
06-04 11:05:43.809 D/AudioService( 689): Retrieving Volume Behavior for DeviceType: 256
06-04 11:05:43.809 D/AudioService( 689): Skipping Setting Volume Behavior for DeviceType: 256
06-04 11:05:43.809 D/AudioService( 689): Retrieving Volume Behavior for DeviceType: 1024
06-04 11:05:43.809 D/AudioService( 689): Skipping Setting Volume Behavior for DeviceType: 1024
06-04 11:05:43.809 D/AudioService( 689): Retrieving Volume Behavior for DeviceType: 2048
06-04 11:05:43.809 D/AudioService( 689): Skipping Setting Volume Behavior for DeviceType: 2048
06-04 11:05:43.809 D/AudioService( 689): Retrieving Volume Behavior for DeviceType: 4096
06-04 11:05:43.809 D/AudioService( 689): Skipping Setting Volume Behavior for DeviceType: 4096
06-04 11:05:43.809 D/AudioService( 689): Retrieving Volume Behavior for DeviceType: 16384
06-04 11:05:43.809 D/AudioService( 689): Skipping Setting Volume Behavior for DeviceType: 16384
06-04 11:05:43.809 D/AudioService( 689): Retrieving Volume Behavior for DeviceType: 32768
06-04 11:05:43.809 D/AudioService( 689): Skipping Setting Volume Behavior for DeviceType: 32768
06-04 11:05:43.809 D/AudioService( 689): Retrieving Volume Behavior for DeviceType: 4194304
06-04 11:05:43.809 D/AudioService( 689): Skipping Setting Volume Behavior for DeviceType: 4194304
06-04 11:05:43.809 D/AudioService( 689): Retrieving Volume Behavior for DeviceType: 8388608
06-04 11:05:43.809 D/AudioService( 689): Skipping Setting Volume Behavior for DeviceType: 8388608
06-04 11:05:43.809 D/AudioService( 689): Retrieving Volume Behavior for DeviceType: 16777216
06-04 11:05:43.809 D/AudioService( 689): Skipping Setting Volume Behavior for DeviceType: 16777216
06-04 11:05:43.809 D/AudioService( 689): Retrieving Volume Behavior for DeviceType: 33554432
06-04 11:05:43.809 D/AudioService( 689): Skipping Setting Volume Behavior for DeviceType: 33554432
06-04 11:05:43.809 D/AudioService( 689): Retrieving Volume Behavior for DeviceType: 67108864
06-04 11:05:43.809 D/AudioService( 689): Skipping Setting Volume Behavior for DeviceType: 67108864
06-04 11:05:43.809 D/AudioService( 689): Retrieving Volume Behavior for DeviceType: 134217728
06-04 11:05:43.809 D/AudioService( 689): Skipping Setting Volume Behavior for DeviceType: 134217728
06-04 11:05:43.809 D/AudioService( 689): Retrieving Volume Behavior for DeviceType: 268435456
06-04 11:05:43.809 D/AudioService( 689): Skipping Setting Volume Behavior for DeviceType: 268435456
06-04 11:05:43.809 D/AudioService( 689): Retrieving Volume Behavior for DeviceType: 536870912
06-04 11:05:43.809 D/AudioService( 689): Skipping Setting Volume Behavior for DeviceType: 536870912
06-04 11:05:43.809 D/AudioService( 689): Retrieving Volume Behavior for DeviceType: 1073741824
06-04 11:05:43.810 I/vol.Events( 939): writeEvent level_changed STREAM_RING 100
06-04 11:05:43.810 D/AudioService( 689): Skipping Setting Volume Behavior for DeviceType: 1073741824
06-04 11:05:43.810 D/AudioService( 689): Retrieving Volume Behavior for DeviceType: 1
06-04 11:05:43.810 D/AudioService( 689): Skipping Setting Volume Behavior for DeviceType: 1
06-04 11:05:43.810 D/AudioService( 689): Retrieving Volume Behavior for DeviceType: 65536
06-04 11:05:43.810 D/AudioService( 689): Skipping Setting Volume Behavior for DeviceType: 65536
06-04 11:05:43.810 D/AudioService( 689): Retrieving Volume Behavior for DeviceType: 536870913
06-04 11:05:43.810 D/AudioService( 689): Skipping Setting Volume Behavior for DeviceType: 536870913
06-04 11:05:43.810 D/AudioService( 689): Retrieving Volume Behavior for DeviceType: 2
06-04 11:05:43.811 D/BootAnimation( 252): BootAnimationShownTiming End time: 21916ms
06-04 11:05:43.811 D/AudioService( 689): Skipping Setting Volume Behavior for DeviceType: 2
06-04 11:05:43.811 D/AudioService( 689): Retrieving Volume Behavior for DeviceType: 131072
06-04 11:05:43.811 D/AudioService( 689): Skipping Setting Volume Behavior for DeviceType: 131072
06-04 11:05:43.811 D/AudioService( 689): Retrieving Volume Behavior for DeviceType: 536870914
06-04 11:05:43.811 D/AudioService( 689): Skipping Setting Volume Behavior for DeviceType: 536870914
06-04 11:05:43.811 D/AudioService( 689): Retrieving Volume Behavior for DeviceType: 4
06-04 11:05:43.811 D/AudioService( 689): Skipping Setting Volume Behavior for DeviceType: 4
06-04 11:05:43.811 D/AudioService( 689): Retrieving Volume Behavior for DeviceType: 262144
06-04 11:05:43.811 D/AudioService( 689): Skipping Setting Volume Behavior for DeviceType: 262144
06-04 11:05:43.811 D/AudioService( 689): Retrieving Volume Behavior for DeviceType: 262145
06-04 11:05:43.811 D/AudioService( 689): Skipping Setting Volume Behavior for DeviceType: 262145
06-04 11:05:43.811 D/AudioService( 689): Retrieving Volume Behavior for DeviceType: 8
06-04 11:05:43.811 D/AudioService( 689): Skipping Setting Volume Behavior for DeviceType: 8
06-04 11:05:43.811 D/AudioService( 689): Retrieving Volume Behavior for DeviceType: 524288
06-04 11:05:43.811 D/AudioService( 689): Skipping Setting Volume Behavior for DeviceType: 524288
06-04 11:05:43.811 D/AudioService( 689): Retrieving Volume Behavior for DeviceType: 16
06-04 11:05:43.811 D/AudioService( 689): Skipping Setting Volume Behavior for DeviceType: 16
06-04 11:05:43.811 D/AudioService( 689): Retrieving Volume Behavior for DeviceType: 1048576
06-04 11:05:43.811 D/AudioService( 689): Skipping Setting Volume Behavior for DeviceType: 1048576
06-04 11:05:43.811 D/AudioService( 689): Retrieving Volume Behavior for DeviceType: 32
06-04 11:05:43.811 D/AudioService( 689): Skipping Setting Volume Behavior for DeviceType: 32
06-04 11:05:43.811 D/AudioService( 689): Retrieving Volume Behavior for DeviceType: 2097152
06-04 11:05:43.811 D/AudioService( 689): Skipping Setting Volume Behavior for DeviceType: 2097152
06-04 11:05:43.812 W/Looper ( 689): Slow dispatch took 1885ms main h=android.app.ActivityThread$H c=android.app.LoadedApk$ReceiverDispatcher$Args$$ExternalSyntheticLambda0@4b6596d m=0
06-04 11:05:43.812 I/vol.Events( 939): writeEvent level_changed STREAM_MUSIC 20
06-04 11:05:43.813 I/vol.Events( 939): writeEvent level_changed STREAM_ALARM 100
06-04 11:05:43.815 D/InstantWifi( 689): mWifiEnabled is changed to false
06-04 11:05:43.816 D/WifiP2pService( 689): Wifi enabled=true, P2P disallowed by admin=false
06-04 11:05:43.817 D/InstantWifi( 689): mWifiEnabled is changed to true
06-04 11:05:43.817 D/BluetoothA2dp( 689): Binding service...
06-04 11:05:43.817 D/BluetoothManagerService( 689): Trying to bind to profile: 2, while Bluetooth was disabled
06-04 11:05:43.817 D/BluetoothHearingAid( 689): Binding service...
06-04 11:05:43.817 D/BluetoothManagerService( 689): Trying to bind to profile: 21, while Bluetooth was disabled
06-04 11:05:43.817 D/BluetoothLeAudio( 689): Binding service...
06-04 11:05:43.817 D/BluetoothManagerService( 689): Trying to bind to profile: 22, while Bluetooth was disabled
06-04 11:05:43.818 D/xm_audio( 476): adev_get_parameters
06-04 11:05:43.820 I/PackageWatchdog( 689): Syncing health check requests for packages: {}
06-04 11:05:43.820 D/ExplicitHealthCheckController( 689): Getting health check supported packages
06-04 11:05:43.821 I/AutofillManagerService( 689): Updating for user 0: disabled=false
06-04 11:05:43.824 D/xm_audio( 476): adev_get_parameters
06-04 11:05:43.824 D/WifiService( 689): user restrictions changed
06-04 11:05:43.825 I/ExplicitHealthCheckController( 689): Explicit health check supported packages [PackageConfig{com.android.networkstack, 86400000}]
06-04 11:05:43.826 D/BootAnimation( 252): BootAnimationStopTiming start time: 21931ms
06-04 11:05:43.829 D/PackageWatchdog( 689): Received supported packages [PackageConfig{com.android.networkstack, 86400000}]
06-04 11:05:43.829 D/ExplicitHealthCheckController( 689): Getting health check requested packages
06-04 11:05:43.830 D/QSTileHost( 939): Loaded tile specs from setting: internet,bt,dnd,alarm,airplane,cast,screenrecord,mictoggle,cameratoggle,custom(com.android.permissioncontroller/.permission.service.v33.SafetyCenterQsTileService)
06-04 11:05:43.830 D/QSTileHost( 939): Saving tiles: [internet, bt, dnd, alarm, airplane, cast, screenrecord, mictoggle, cameratoggle] for user: 0
06-04 11:05:43.831 I/ExplicitHealthCheckController( 689): Explicit health check requested packages []
06-04 11:05:43.832 I/ExplicitHealthCheckController( 689): No more health check requests, unbinding...
06-04 11:05:43.833 I/ExplicitHealthCheckController( 689): Explicit health check service is unbound
06-04 11:05:43.833 D/ConnectivityService( 689): NetReassign [no changes] [c 0] [a 0] [i 0]
06-04 11:05:43.834 V/NotificationAssistants( 689): 0 notification assistant service connected: ComponentInfo{android.ext.services/android.ext.services.notification.Assistant}
06-04 11:05:43.836 D/ConnectivityService( 689): requestNetwork for uid/pid:10052/939 activeRequest: null callbackRequest: 30 [NetworkRequest [ REQUEST id=31, [ Capabilities: INTERNET&NOT_RESTRICTED&TRUSTED&NOT_VCN_MANAGED Uid: 10052 RequestorUid: 10052 RequestorPkg: com.android.systemui UnderlyingNetworks: Null] ]] callback flags: 1 order: 2147483647
06-04 11:05:43.836 D/HDMI ( 689): [R]: 0F:87:6D:74:6B
06-04 11:05:43.836 D/hdmicecd( 487): [HdmiCecControl]:getPhysicalAddress, physical addr: 3000, last pa: 3000, ret = 0
06-04 11:05:43.836 D/ConnectivityService( 689): NetReassign [no changes] [c 0] [a 0] [i 0]
06-04 11:05:43.838 V/MediaRouter( 689): Audio routes updated: AudioRoutesInfo{ type=HDMI }, a2dp=false
06-04 11:05:43.838 V/MediaRouter( 689): Selecting route: RouteInfo{ name=外部设备, description=null, status=null, category=RouteCategory{ name=系统 types=ROUTE_TYPE_LIVE_AUDIO ROUTE_TYPE_LIVE_VIDEO groupable=false }, supportedTypes=ROUTE_TYPE_LIVE_AUDIO ROUTE_TYPE_LIVE_VIDEO , presentationDisplay=null }
06-04 11:05:43.838 D/HDMI ( 689): AVR did not respond to
06-04 11:05:43.840 D/xm_audio( 476): adev_get_parameters
06-04 11:05:43.843 D/xm_audio( 476): adev_get_parameters
06-04 11:05:43.846 I/libperfmgr( 484): Hint type not present in actions: EXPENSIVE_RENDERING
06-04 11:05:43.846 I/android.hardware.power-service.libperfmgr( 484): Power mode EXPENSIVE_RENDERING isModeSupported: 0
06-04 11:05:43.850 W/ScanResultUtil( 689): Empty or null ScanResult list
06-04 11:05:43.850 W/WifiService( 689): Attempt to retrieve WifiConfiguration with invalid scanResult List
06-04 11:05:43.851 D/AudioTrack( 1063): stop(33): called with 24600 frames delivered
06-04 11:05:43.851 D/xm_audio( 476): adev_get_parameters
06-04 11:05:43.855 D/SoundEffectManager( 1063): getDualEffectMode:3
06-04 11:05:43.856 D/xm_audio( 476): adev_get_parameters
06-04 11:05:43.861 W/ScanResultUtil( 689): Empty or null ScanResult list
06-04 11:05:43.861 W/WifiService( 689): Attempt to retrieve WifiConfiguration with invalid scanResult List
06-04 11:05:43.862 D/SoundEffectManager( 1063): setSoundMode = 0
06-04 11:05:43.862 D/SoundEffectManager( 1063): init() dolbyMs12AudioConfig: Y, dtsVirtualxConfig: 0
06-04 11:05:43.862 W/ScanResultUtil( 689): Empty or null ScanResult list
06-04 11:05:43.862 E/WifiService( 689): Attempt to retrieve passpoint with invalid scanResult List
06-04 11:05:43.862 D/xm_audio( 476): adev_get_parameters
06-04 11:05:43.863 W/ScanResultUtil( 689): Empty or null ScanResult list
06-04 11:05:43.863 W/WifiService( 689): Attempt to retrieve OsuProviders with invalid scanResult List
06-04 11:05:43.864 D/xm_audio( 476): adev_get_parameters
06-04 11:05:43.889 I/audio_hw_hal_primary( 476): [audiohal_get_latency:1333] io 13: out:0xf07c5650 frames:1152 rate:48000 whole_latency:24 alsa_latency:24
06-04 11:05:43.896 D/hdmicecd( 487): [CEC]:printCecMessage, [4 -> b] len: 0, body:, result:no ack
06-04 11:05:43.900 D/xm_audio( 476): adev_get_parameters
06-04 11:05:43.903 D/xm_audio( 476): adev_get_parameters
06-04 11:05:43.906 E/BpTransactionCompletedListener( 260): Failed to transact (-32)
06-04 11:05:43.909 I/SurfaceFlinger( 260): Boot is finished (16729 ms)
06-04 11:05:43.900 I/rainbow_flow( 578): type=1400 audit(0.0:702): avc: denied { ioctl } for path="/dev/spidev1.0" dev="tmpfs" ino=550 ioctlcmd=0x6b00 scontext=u:r:init:s0 tcontext=u:object_r:device:s0 tclass=chr_file permissive=1
06-04 11:05:43.916 I/audio_hw_hal_primary( 476): [audiohal_get_latency:1333] io 13: out:0xf07c5650 frames:1152 rate:48000 whole_latency:24 alsa_latency:24
06-04 11:05:43.916 D/SurfaceFlinger( 260): Power hint is disabled
06-04 11:05:43.917 D/ActivityManagerTiming( 689): FinishBooting
06-04 11:05:43.917 D/xm_audio( 476): adev_get_parameters
06-04 11:05:43.917 W/Zygote ( 459): forkRepeatedly terminated due to non-simple command
06-04 11:05:43.917 D/Zygote ( 459): mbuffer starts with 1 , nice name is , mEnd = 19, mNext = 19, mLinesLeft = 0, mFd = 5
06-04 11:05:43.919 I/ActivityManager( 689): About to commit checkpoint
06-04 11:05:43.920 D/xm_audio( 476): adev_get_parameters
06-04 11:05:43.920 I/SystemServiceManager( 689): Starting phase 1000
06-04 11:05:43.920 D/ActivityManagerTiming( 689): OnBootPhase_1000
06-04 11:05:43.920 D/ActivityManagerTiming( 689): OnBootPhase_1000_com.android.server.security.FileIntegrityService
06-04 11:05:43.920 D/ActivityManagerTiming( 689): OnBootPhase_1000_com.android.server.pm.Installer
06-04 11:05:43.920 D/ActivityManagerTiming( 689): OnBootPhase_1000_com.android.server.os.DeviceIdentifiersPolicyService
06-04 11:05:43.920 D/ActivityManagerTiming( 689): OnBootPhase_1000_com.android.server.flags.FeatureFlagsService
06-04 11:05:43.920 D/ActivityManagerTiming( 689): OnBootPhase_1000_com.android.server.uri.UriGrantsManagerService$Lifecycle
06-04 11:05:43.920 D/ActivityManagerTiming( 689): OnBootPhase_1000_com.android.server.powerstats.PowerStatsService
06-04 11:05:43.920 E/PowerStatsService( 689): Failed to start PowerStatsService loggers
06-04 11:05:43.920 D/ActivityManagerTiming( 689): OnBootPhase_1000_com.android.server.permission.access.AccessCheckingService
06-04 11:05:43.920 D/ActivityManagerTiming( 689): OnBootPhase_1000_com.android.server.wm.ActivityTaskManagerService$Lifecycle
06-04 11:05:43.920 D/ActivityManagerTiming( 689): OnBootPhase_1000_com.android.server.am.ActivityManagerService$Lifecycle
06-04 11:05:43.920 D/ActivityManagerTiming( 689): OnBootPhase_1000_com.android.server.pm.DataLoaderManagerService
06-04 11:05:43.920 D/ActivityManagerTiming( 689): OnBootPhase_1000_com.android.server.power.PowerManagerService
06-04 11:05:43.922 I/DisplayBrightnessStrategySelector( 689): Changing the DisplayBrightnessStrategy from OverrideBrightnessStrategy toInvalidBrightnessStrategy for display 0
06-04 11:05:43.922 D/ActivityManagerTiming( 689): OnBootPhase_1000_com.android.server.power.ThermalManagerService
06-04 11:05:43.922 D/ActivityManagerTiming( 689): OnBootPhase_1000_com.android.server.power.hint.HintManagerService
06-04 11:05:43.922 V/DisplayPowerController2[0]( 689): Brightness [0.39763778] reason changing to: 'manual', previous reason: 'override'.
06-04 11:05:43.923 I/DisplayPowerController2[0]( 689): BrightnessEvent: disp=0, physDisp=local:4616277992360486155, brt=0.39763778, initBrt=0.39763778, rcmdBrt=NaN, preBrt=NaN, lux=0.0, preLux=0.0, hbmMax=1.0, hbmMode=off, rbcStrength=0, thrmMax=1.0, powerFactor=1.0, wasShortTermModelActive=false, flags=, reason=manual, autoBrightness=false, strategy=InvalidBrightnessStrategy
06-04 11:05:43.923 D/ActivityManagerTiming( 689): OnBootPhase_1000_com.android.server.recoverysystem.RecoverySystemService$Lifecycle
06-04 11:05:43.923 D/ActivityManagerTiming( 689): OnBootPhase_1000_com.android.server.lights.LightsService
06-04 11:05:43.923 D/ActivityManagerTiming( 689): OnBootPhase_1000_com.android.server.display.DisplayManagerService
06-04 11:05:43.924 I/LogicalDisplayMapper( 689): Requesting Transition to state: 0, from state=-1, interactive=true, mBootCompleted=true
06-04 11:05:43.924 I/LogicalDisplayMapper( 689): Applying layout: [{dispId: 0(ON), displayGroupName: , addr: {port=11, model=0x401050603f19a5}, mThermalBrightnessThrottlingMapId: null, mRefreshRateZoneId: null, mLeadDisplayId: -1, mLeadDisplayAddress: null, mThermalRefreshRateThrottlingMapId: null}], Previous layout: [{dispId: 0(ON), displayGroupName: , addr: {port=11, model=0x401050603f19a5}, mThermalBrightnessThrottlingMapId: null, mRefreshRateZoneId: null, mLeadDisplayId: -1, mLeadDisplayAddress: null, mThermalRefreshRateThrottlingMapId: null}]
06-04 11:05:43.924 D/ActivityManagerTiming( 689): OnBootPhase_1000_com.android.server.pm.verify.domain.DomainVerificationService
06-04 11:05:43.925 D/ActivityManagerTiming( 689): OnBootPhase_1000_com.android.server.pm.PackageInstallerService$Lifecycle
06-04 11:05:43.925 D/ActivityManagerTiming( 689): OnBootPhase_1000_com.android.server.pm.UserManagerService$LifeCycle
06-04 11:05:43.925 D/ActivityManagerTiming( 689): OnBootPhase_1000_com.android.server.om.OverlayManagerService
06-04 11:05:43.925 D/ActivityManagerTiming( 689): OnBootPhase_1000_com.android.server.resources.ResourcesManagerService
06-04 11:05:43.925 D/ActivityManagerTiming( 689): OnBootPhase_1000_com.android.server.sensorprivacy.SensorPrivacyService
06-04 11:05:43.925 D/ActivityManagerTiming( 689): OnBootPhase_1000_com.android.server.sensors.SensorService
06-04 11:05:43.925 D/ActivityManagerTiming( 689): OnBootPhase_1000_com.android.server.SystemConfigService
06-04 11:05:43.925 D/ActivityManagerTiming( 689): OnBootPhase_1000_com.android.server.BatteryService
06-04 11:05:43.925 D/ActivityManagerTiming( 689): OnBootPhase_1000_com.android.server.usage.UsageStatsService
06-04 11:05:43.925 D/ActivityManagerTiming( 689): OnBootPhase_1000_com.android.server.webkit.WebViewUpdateService
06-04 11:05:43.925 D/ActivityManagerTiming( 689): OnBootPhase_1000_com.android.server.CachedDeviceStateService
06-04 11:05:43.925 D/ActivityManagerTiming( 689): OnBootPhase_1000_com.android.server.BinderCallsStatsService$LifeCycle
06-04 11:05:43.925 D/ActivityManagerTiming( 689): OnBootPhase_1000_com.android.server.LooperStatsService$Lifecycle
06-04 11:05:43.925 D/ActivityManagerTiming( 689): OnBootPhase_1000_com.android.server.rollback.RollbackManagerService
06-04 11:05:43.926 D/ActivityManagerTiming( 689): OnBootPhase_1000_com.android.server.os.NativeTombstoneManagerService
06-04 11:05:43.926 D/ActivityManagerTiming( 689): OnBootPhase_1000_com.android.server.os.BugreportManagerService
06-04 11:05:43.926 D/ActivityManagerTiming( 689): OnBootPhase_1000_com.android.server.gpu.GpuService
06-04 11:05:43.926 D/ActivityManagerTiming( 689): OnBootPhase_1000_com.android.server.security.rkp.RemoteProvisioningService
06-04 11:05:43.926 D/ActivityManagerTiming( 689): OnBootPhase_1000_com.android.server.security.KeyChainSystemService
06-04 11:05:43.926 D/ActivityManagerTiming( 689): OnBootPhase_1000_com.android.server.BinaryTransparencyService
06-04 11:05:43.926 I/TransparencyService( 689): Boot completed. Getting VBMeta Digest.
06-04 11:05:43.926 D/TransparencyService( 689): VBMeta Digest: a3635926f091656b2cc8ba4d8392e022b213c003c61429b9911b7304d8a280c9
06-04 11:05:43.926 I/TransparencyService( 689): Boot completed. Collecting biometric system properties.
06-04 11:05:43.927 I/audio_hw_hal_primary( 476): [audiohal_get_latency:1333] io 13: out:0xf07c5650 frames:1152 rate:48000 whole_latency:24 alsa_latency:24
06-04 11:05:43.927 D/RollbackManager( 689): mRollbackLifetimeDurationInMillis=1209600000
06-04 11:05:43.927 I/TransparencyService( 689): Scheduling measurements to be taken.
06-04 11:05:43.928 I/TransparencyService( 689): Scheduling binary content-digest computation job
06-04 11:05:43.928 D/CompatibilityChangeReporter( 689): Compat change id reported: 253665015; UID 1000; state: DISABLED
06-04 11:05:43.929 D/CompatibilityChangeReporter( 689): Compat change id reported: 253665015; UID 1000; state: ENABLED
06-04 11:05:43.931 D/AppStandbyController( 689): Loaded headless system app cache in 3 ms: appIdleEnabled=true
06-04 11:05:43.931 D/CompatibilityChangeReporter( 689): Compat change id reported: 194532703; UID 1000; state: DISABLED
06-04 11:05:43.932 D/xm_audio( 476): adev_get_parameters
06-04 11:05:43.932 D/CompatibilityChangeReporter( 689): Compat change id reported: 194532703; UID 1000; state: ENABLED
06-04 11:05:43.933 D/xm_audio( 476): adev_get_parameters
06-04 11:05:43.934 D/TransparencyService( 689): Job 1740526926 to measure binaries was scheduled successfully.
06-04 11:05:43.934 D/TransparencyService( 689): Registering APK & Non-Staged APEX updates...
06-04 11:05:43.934 D/TransparencyService( 689): Registering APEX updates...
06-04 11:05:43.935 D/ActivityManagerTiming( 689): OnBootPhase_1000_com.android.server.accounts.AccountManagerService$Lifecycle
06-04 11:05:43.935 D/ActivityManagerTiming( 689): OnBootPhase_1000_com.android.server.content.ContentService$Lifecycle
06-04 11:05:43.936 D/ActivityManagerTiming( 689): OnBootPhase_1000_com.android.server.deviceconfig.DeviceConfigInit$Lifecycle
06-04 11:05:43.936 D/ActivityManagerTiming( 689): OnBootPhase_1000_com.android.server.DropBoxManagerService
06-04 11:05:43.936 D/ActivityManagerTiming( 689): OnBootPhase_1000_com.android.role.RoleService
06-04 11:05:43.936 D/ActivityManagerTiming( 689): OnBootPhase_1000_com.android.server.vibrator.VibratorManagerService$Lifecycle
06-04 11:05:43.936 D/ActivityManagerTiming( 689): OnBootPhase_1000_com.android.server.tare.InternalResourceService
06-04 11:05:43.936 D/ActivityManagerTiming( 689): OnBootPhase_1000_com.android.server.alarm.AlarmManagerService
06-04 11:05:43.936 D/ActivityManagerTiming( 689): OnBootPhase_1000_com.android.server.devicestate.DeviceStateManagerService
06-04 11:05:43.936 D/ActivityManagerTiming( 689): OnBootPhase_1000_com.android.server.camera.CameraServiceProxy
06-04 11:05:43.937 D/ActivityManagerTiming( 689): OnBootPhase_1000_com.android.server.bluetooth.BluetoothService
06-04 11:05:43.938 D/ActivityManagerTiming( 689): OnBootPhase_1000_com.android.server.connectivity.IpConnectivityMetrics
06-04 11:05:43.938 D/ActivityManagerTiming( 689): OnBootPhase_1000_com.android.server.net.watchlist.NetworkWatchlistService$Lifecycle
06-04 11:05:43.938 D/ActivityManagerTiming( 689): OnBootPhase_1000_com.android.server.PinnerService
06-04 11:05:43.938 D/ActivityManagerTiming( 689): OnBootPhase_1000_com.android.server.integrity.AppIntegrityManagerService
06-04 11:05:43.938 D/ActivityManagerTiming( 689): OnBootPhase_1000_com.android.server.logcat.LogcatManagerService
06-04 11:05:43.938 D/ActivityManagerTiming( 689): OnBootPhase_1000_com.android.server.inputmethod.InputMethodManagerService$Lifecycle
06-04 11:05:43.938 D/ActivityManagerTiming( 689): OnBootPhase_1000_com.android.server.accessibility.AccessibilityManagerService$Lifecycle
06-04 11:05:43.938 D/ActivityManagerTiming( 689): OnBootPhase_1000_com.android.server.StorageManagerService$Lifecycle
06-04 11:05:43.938 D/ActivityManagerTiming( 689): OnBootPhase_1000_com.android.server.usage.StorageStatsService$Lifecycle
