06-04 11:06:48.698 E/OpenGLRenderer( 1441): Unable to match the desired swap behavior.
06-04 11:06:48.698 I/WifiHAL ( 501): call wifi_get_link_stats handler
06-04 11:06:48.698 I/WifiHAL ( 501): Creating message to get link statistics; iface = 16
06-04 11:06:48.698 D/WifiHAL ( 501): error code -95 mapped to -3
06-04 11:06:48.699 E/WifiStaIfaceAidlImpl( 689): getLinkLayerStats failed with service-specific exception: android.os.ServiceSpecificException: (code 4)
06-04 11:06:48.722 I/audio_hw_hal_primary( 476): [audiohal_get_latency:1333] io 13: out:0xf07c5650 frames:1280 rate:48000 whole_latency:26 alsa_latency:26
06-04 11:06:48.762 I/audio_hw_hal_primary( 476): [audiohal_get_latency:1333] io 13: out:0xf07c5650 frames:1152 rate:48000 whole_latency:24 alsa_latency:24
06-04 11:06:48.762 I/audio_hw_hal_primary( 476): [audiohal_get_latency:1333] io 13: out:0xf07c5650 frames:1152 rate:48000 whole_latency:24 alsa_latency:24
06-04 11:06:48.762 D/audioserver( 521): logFgsApiEnd: FGS Logger Transaction failed, -129
06-04 11:06:48.763 I/audio_hw_hal_primary( 476): out_update_source_metadata_v7() line 2013 usage:13 content_type:4
06-04 11:06:48.764 V/HotPlugDetectionAction( 689): Poll all devices.
06-04 11:06:48.785 I/audio_hw_hal_primary( 476): [audiohal_get_latency:1333] io 13: out:0xf07c5650 frames:1024 rate:48000 whole_latency:21 alsa_latency:21
06-04 11:06:48.794 W/ContextImpl( 689): Calling a method in the system process without a qualified user: android.app.ContextImpl.startService:1899 com.android.server.wm.DisplayPolicy.lambda$focusChangedLw$5:2126 com.android.server.wm.DisplayPolicy.$r8$lambda$Znxk63oh-WzVnzo_WQefN7uxV48:0 com.android.server.wm.DisplayPolicy$$ExternalSyntheticLambda13.run:0 android.os.Handler.handleCallback:958
06-04 11:06:48.796 D/aaa ( 1473): LedStatusService onStartCommand begin
06-04 11:06:48.797 D/aaa ( 1473): topPkg is -------------- :com.dangbei.leard.leradlauncher
06-04 11:06:48.799 D/aaa ( 1473): WiFi is connect
06-04 11:06:48.800 I/audio_hw_hal_primary( 476): [audiohal_get_latency:1333] io 13: out:0xf07c5650 frames:1024 rate:48000 whole_latency:21 alsa_latency:21
06-04 11:06:48.822 I/audio_hw_hal_primary( 476): [audiohal_get_latency:1333] io 13: out:0xf07c5650 frames:1280 rate:48000 whole_latency:26 alsa_latency:26
06-04 11:06:48.823 D/hdmicecd( 487): [CEC]:printCecMessage, [4 -> 0] len: 0, body:, result:success
06-04 11:06:48.833 V/WindowManagerShell( 939): onTransitionReady android.os.BinderProxy@a942f6e: {id=2 t=OPEN f=0x0 trk=0 r=[0@Point(0, 0)] c=[{null m=OPEN f=FILLS_TASK leash=Surface(name=ActivityRecord{19729ed u0 com.dangbei.leard.leradlauncher/.module.usercenter.UserCenterActivity)/@0xd5478a5 sb=Rect(0, 0 - 0, 0) eb=Rect(0, 0 - 1920, 1080) d=-1->0 r=-1->0:-1},{null m=TO_BACK f=FILLS_TASK leash=Surface(name=ActivityRecord{6fe1245 u0 com.dangbei.leard.leradlauncher/com.dangbei.launcher.home.LauncherActivity)/@0xe57d47a sb=Rect(0, 0 - 1920, 1080) eb=Rect(0, 0 - 1920, 1080) d=0}]}
06-04 11:06:48.834 V/WindowManagerShell( 939): Playing animation for (#2)android.os.BinderProxy@a942f6e@0
06-04 11:06:48.834 V/WindowManagerShell( 939): try handler com.android.wm.shell.keyguard.KeyguardTransitionHandler@f0e01c3
06-04 11:06:48.834 V/WindowManagerShell( 939): try handler com.android.wm.shell.pip.tv.TvPipTransition@d525a40
06-04 11:06:48.834 V/WindowManagerShell( 939): try handler com.android.wm.shell.activityembedding.ActivityEmbeddingController@1101d79
06-04 11:06:48.834 V/WindowManagerShell( 939): try handler com.android.wm.shell.transition.RemoteTransitionHandler@16d9abe
06-04 11:06:48.835 V/WindowManagerShell( 939): Transition doesn't have explicit remote, search filters for match for {id=2 t=OPEN f=0x0 trk=0 r=[0@Point(0, 0)] c=[{null m=OPEN f=FILLS_TASK leash=Surface(name=ActivityRecord{19729ed u0 com.dangbei.leard.leradlauncher/.module.usercenter.UserCenterActivity)/@0xd5478a5 sb=Rect(0, 0 - 0, 0) eb=Rect(0, 0 - 1920, 1080) d=-1->0 r=-1->0:-1},{null m=TO_BACK f=FILLS_TASK leash=Surface(name=ActivityRecord{6fe1245 u0 com.dangbei.leard.leradlauncher/com.dangbei.launcher.home.LauncherActivity)/@0xe57d47a sb=Rect(0, 0 - 1920, 1080) eb=Rect(0, 0 - 1920, 1080) d=0}]}
06-04 11:06:48.835 I/ActivityTaskManager( 689): Displayed com.dangbei.leard.leradlauncher/.module.usercenter.UserCenterActivity for user 0: +262ms
06-04 11:06:48.835 V/WindowManagerShell( 939): Delegate animation for #2 to null
06-04 11:06:48.835 V/WindowManagerShell( 939): try handler com.android.wm.shell.transition.DefaultTransitionHandler@dc4f71f
06-04 11:06:48.835 V/WindowManagerShell( 939): start default transition animation, info = {id=2 t=OPEN f=0x0 trk=0 r=[0@Point(0, 0)] c=[{null m=OPEN f=FILLS_TASK leash=Surface(name=ActivityRecord{19729ed u0 com.dangbei.leard.leradlauncher/.module.usercenter.UserCenterActivity)/@0xd5478a5 sb=Rect(0, 0 - 0, 0) eb=Rect(0, 0 - 1920, 1080) d=-1->0 r=-1->0:-1},{null m=TO_BACK f=FILLS_TASK leash=Surface(name=ActivityRecord{6fe1245 u0 com.dangbei.leard.leradlauncher/com.dangbei.launcher.home.LauncherActivity)/@0xe57d47a sb=Rect(0, 0 - 1920, 1080) eb=Rect(0, 0 - 1920, 1080) d=0}]}
06-04 11:06:48.835 V/WindowManager( 689): Sent Transition #2 createdAt=06-04 11:06:48.572 via request=TransitionRequestInfo { type = 1, triggerTask = TaskInfo{userId=0 taskId=25 displayId=0 isRunning=true baseIntent=Intent { act=android.intent.action.MAIN cat=[android.intent.category.HOME] flg=0x10800100 cmp=com.dangbei.leard.leradlauncher/com.dangbei.launcher.home.LauncherActivity } baseActivity=ComponentInfo{com.dangbei.leard.leradlauncher/com.dangbei.launcher.home.LauncherActivity} topActivity=ComponentInfo{com.dangbei.leard.leradlauncher/com.dangbei.leard.leradlauncher.module.usercenter.UserCenterActivity} origActivity=null realActivity=ComponentInfo{com.dangbei.leard.leradlauncher/com.dangbei.launcher.home.LauncherActivity} numActivities=2 lastActiveTime=83161 supportsMultiWindow=true resizeMode=0 isResizeable=false minWidth=-1 minHeight=-1 defaultMinSize=220 token=WCT{RemoteToken{406d71f Task{a1cfd9a #25 type=home A=1000:com.dangbei.leard.leradlauncher}}} topActivityType=2 pictureInPictureParams=null shouldDockBigOverlays=true launchIntoPipHostTaskId=-1 lastParentTaskIdBeforePip=-1 displayCutoutSafeInsets=null topActivityInfo=ActivityInfo{3eeb17a com.dangbei.leard.leradlauncher.module.usercenter.UserCenterActivity} launchCookies=[] positionInParent=Point(0, 0) parentTaskId=-1 isFocused=true isVisible=true isVisibleRequested=true isSleeping=false topActivityInSizeCompat=false topActivityEligibleForLetterboxEducation= false isLetterboxDoubleTapEnabled= false topActivityEligibleForUserAspectRatioButton= false topActivityBoundsLetterboxed= false isFromLetterboxDoubleTap= false topActivityLetterboxVerticalPosition= -1 topActivityLetterboxHorizontalPosition= -1 topActivityLetterboxWidth=-1 topActivityLetterboxHeight=-1 isUserFullscreenOverrideEnabled=false isTopActivityTransparent=false locusId=null displayAreaFeatureId=1 cameraCompatControlState=hidden}, remoteTransition = null, displayChange = null, flags = 0 }
06-04 11:06:48.835 V/WindowManager( 689): startWCT=WindowContainerTransaction { changes = {} hops = [] errorCallbackToken=null taskFragmentOrganizer=null }
06-04 11:06:48.838 V/WindowManagerShell( 939): Transition animation finished (aborted=false), notifying core (#2)android.os.BinderProxy@a942f6e@0
06-04 11:06:48.839 V/WindowManager( 689): info={id=2 t=OPEN f=0x0 trk=0 r=[0@Point(0, 0)] c=[{null m=OPEN f=FILLS_TASK leash=Surface(name=ActivityRecord{19729ed u0 com.dangbei.leard.leradlauncher/.module.usercenter.UserCenterActivity)/@0x64a0b9c sb=Rect(0, 0 - 0, 0) eb=Rect(0, 0 - 1920, 1080) d=-1->0 r=-1->0:-1},{null m=TO_BACK f=FILLS_TASK leash=Surface(name=ActivityRecord{6fe1245 u0 com.dangbei.leard.leradlauncher/com.dangbei.launcher.home.LauncherActivity)/@0xc126f0f sb=Rect(0, 0 - 1920, 1080) eb=Rect(0, 0 - 1920, 1080) d=0}]}
06-04 11:06:48.840 V/WindowManager( 689): Finish Transition #2: created at
06-04 11:06:48.572 collect-started=0.109ms request-sent=7.706ms started=10.493ms ready=19.038ms sent=258.353ms finished=267.195ms
06-04 11:06:48.841 I/audio_hw_hal_primary( 476): [audiohal_get_latency:1333] io 13: out:0xf07c5650 frames:1152 rate:48000 whole_latency:24 alsa_latency:24
06-04 11:06:48.847 V/WindowManagerShell( 939): Track 0 became idle
06-04 11:06:48.847 V/WindowManagerShell( 939): All active transition animations finished
06-04 11:06:48.847 V/WindowManagerShell( 939): animated by com.android.wm.shell.transition.DefaultTransitionHandler@dc4f71f
06-04 11:06:48.847 V/WindowManagerShell( 939): Track 0 became idle
06-04 11:06:48.847 V/WindowManagerShell( 939): All active transition animations finished
06-04 11:06:48.862 I/audio_hw_hal_primary( 476): [audiohal_get_latency:1333] io 13: out:0xf07c5650 frames:1152 rate:48000 whole_latency:24 alsa_latency:24
06-04 11:06:48.881 I/audio_hw_hal_primary( 476): [audiohal_get_latency:1333] io 13: out:0xf07c5650 frames:1280 rate:48000 whole_latency:26 alsa_latency:26
06-04 11:06:48.883 D/hdmicecd( 487): [CEC]:printCecMessage, [4 -> 1] len: 0, body:, result:no ack
06-04 11:06:48.903 I/audio_hw_hal_primary( 476): [audiohal_get_latency:1333] io 13: out:0xf07c5650 frames:1024 rate:48000 whole_latency:21 alsa_latency:21
06-04 11:06:48.904 D/audioserver( 521): logFgsApiEnd: FGS Logger Transaction failed, -129
06-04 11:06:48.939 D/hdmicecd( 487): [CEC]:printCecMessage, [4 -> 3] len: 0, body:, result:no ack
06-04 11:06:48.956 D/CompatibilityChangeReporter( 689): Compat change id reported: 214016041; UID 1000; state: ENABLED
06-04 11:06:48.957 D/CompatibilityChangeReporter( 689): Compat change id reported: 214016041; UID 1000; state: DISABLED
06-04 11:06:48.958 I/ImeTracker( 689): com.dangbei.leard.leradlauncher:3f7ab62e: onRequestHide at ORIGIN_SERVER_HIDE_INPUT reason HIDE_UNSPECIFIED_WINDOW
06-04 11:06:48.959 I/ImeTracker( 689): com.dangbei.leard.leradlauncher:3f7ab62e: onCancelled at PHASE_SERVER_SHOULD_HIDE
06-04 11:06:48.962 I/DefaultIMS( 1440): onStartInput attribute=android.view.inputmethod.EditorInfo@ac817c6 restarting=false inputType: 0
06-04 11:06:49.176 D/hdmicecd( 487): [CEC]:printCecMessage, [4 -> 5] len: 0, body:, result:no ack
06-04 11:06:49.176 E/IPCThreadState( 487): binder thread pool (1 threads) starved for 236 ms
06-04 11:06:49.216 D/TrafficStats( 1441): tagSocket(79) with statsTag=0xffffffff, statsUid=-1
06-04 11:06:49.313 I//apex/com.android.adbd/bin/adbd( 1357): type=1400 audit(0.0:1173): avc: denied { search } for comm=75736220666673206F70656E name="/" dev="functionfs" ino=23303 scontext=u:r:su:s0 tcontext=u:object_r:functionfs:s0 tclass=dir permissive=1
06-04 11:06:49.464 W/WindowOnBackDispatcher( 1441): OnBackInvokedCallback is not enabled for the application.
06-04 11:06:49.464 W/WindowOnBackDispatcher( 1441): Set 'android:enableOnBackInvokedCallback="true"' in the application manifest.
06-04 11:06:49.486 D/TrafficStats( 1441): tagSocket(108) with statsTag=0xffffffff, statsUid=-1
06-04 11:06:49.487 D/TrafficStats( 1441): tagSocket(79) with statsTag=0xffffffff, statsUid=-1
06-04 11:06:49.491 D/TrafficStats( 1441): tagSocket(156) with statsTag=0xffffffff, statsUid=-1
06-04 11:06:49.494 D/TrafficStats( 1441): tagSocket(157) with statsTag=0xffffffff, statsUid=-1
06-04 11:06:49.500 D/TrafficStats( 1441): tagSocket(158) with statsTag=0xffffffff, statsUid=-1
06-04 11:06:49.501 D/TrafficStats( 1441): tagSocket(79) with statsTag=0xffffffff, statsUid=-1
06-04 11:06:49.506 D/TrafficStats( 1441): tagSocket(165) with statsTag=0xffffffff, statsUid=-1
06-04 11:06:49.512 D/TrafficStats( 1441): tagSocket(169) with statsTag=0xffffffff, statsUid=-1
06-04 11:06:49.555 D/TrafficStats( 1441): tagSocket(199) with statsTag=0xffffffff, statsUid=-1
06-04 11:06:49.556 D/TrafficStats( 1441): tagSocket(198) with statsTag=0xffffffff, statsUid=-1
06-04 11:06:49.559 D/TrafficStats( 1441): tagSocket(200) with statsTag=0xffffffff, statsUid=-1
06-04 11:06:49.562 D/TrafficStats( 1441): tagSocket(201) with statsTag=0xffffffff, statsUid=-1
06-04 11:06:49.565 W/View ( 1441): requestLayout() improperly called by android.widget.TextView{d8420c7 V.ED..... ......ID 240,66-480,120 #7f08041a app:id/vip_center_top_title_tv} during layout: running second layout pass
06-04 11:06:49.565 W/View ( 1441): requestLayout() improperly called by android.widget.TextView{428c6f4 V.ED..... ......ID 240,145-456,178 #7f080419 app:id/vip_center_top_subtitle_tv} during layout: running second layout pass
06-04 11:06:49.565 W/View ( 1441): requestLayout() improperly called by com.dangbei.palaemon.layout.DbHorizontalGridView{6b33e1d VFE...... ......ID 60,238-1760,298 #7f080416 app:id/vip_center_top_btn_rlv} during layout: running second layout pass
06-04 11:06:49.565 D/TrafficStats( 1441): tagSocket(203) with statsTag=0xffffffff, statsUid=-1
06-04 11:06:49.600 D/hdmicecd( 487): [CEC]:printCecMessage, [4 -> 8] len: 0, body:, result:no ack
06-04 11:06:49.600 E/IPCThreadState( 487): binder thread pool (1 threads) starved for 423 ms
06-04 11:06:49.633 D/TrafficStats( 1441): tagSocket(101) with statsTag=0xffffffff, statsUid=-1
06-04 11:06:49.812 D/XM_HIDREAD( 1961): poll ret=1, event=1
06-04 11:06:49.812 D/XM_HIDREAD( 1961): [9 bytes]:01 00 00 52 00 00 00 00 00
06-04 11:06:49.826 I/audio_hw_hal_primary( 476): [register_audio_patch:8215] Patch 3:id:3 mix(io:13)->dev_0[OUT_HDMI(id:22)] found, register the same patch, do nothing.
06-04 11:06:49.827 I/audio_hw_hal_primary( 476): [adev_create_audio_patch:8316] Patch 3: MIX->DEVICE, num_src:1 num_sink:1 patch_src:INVAL
06-04 11:06:49.827 I/audio_hw_hal_primary( 476): [adev_create_audio_patch:8320] sink[0]: OUT_HDMI(id:22)
06-04 11:06:49.827 I/audio_hw_hal_primary( 476): [adev_create_audio_patch:8377] Patch 3: mix(io:13) -> dev[OUT_HDMI(id:22)]
06-04 11:06:49.827 I/audio_hw_hal_primary( 476): [adev_create_audio_patch:8445] dev=0xf09c2930 cur_out_device=0x400
06-04 11:06:49.828 D/UEventObserver( 1063): change@/devices/platform/auge_sound/sound/card0/controlC0ACTION=changeDEVPATH=/devices/platform/auge_sound/sound/card0/controlC0SUBSYSTEM=soundAUDIO_FORMAT=0MAJOR=116MINOR=13DEVNAME=snd/controlC0SEQNUM=3559
06-04 11:06:49.832 D/hdmicecd( 487): [CEC]:printCecMessage, [4 -> b] len: 0, body:, result:no ack
06-04 11:06:49.832 E/IPCThreadState( 487): binder thread pool (1 threads) starved for 231 ms
06-04 11:06:49.836 D/TrafficStats( 1441): tagSocket(164) with statsTag=0xffffffff, statsUid=-1
06-04 11:06:49.839 D/audioserver( 521): logFgsApiBegin: FGS Logger Transaction failed, -129
06-04 11:06:49.842 I/SogouIME( 1440): onKeyDown: keyoCode=19
06-04 11:06:49.842 I/DefaultIMS( 1440): onKeyDown: keyoCode=19
06-04 11:06:49.849 D/TrafficStats( 1441): tagSocket(156) with statsTag=0xffffffff, statsUid=-1
06-04 11:06:49.852 D/TrafficStats( 1441): tagSocket(196) with statsTag=0xffffffff, statsUid=-1
06-04 11:06:49.852 I/DefaultIMS( 1440): onStartInput attribute=android.view.inputmethod.EditorInfo@2490bd9 restarting=false inputType: 0
06-04 11:06:49.853 I/audio_hw_hal_primary( 476): out_update_source_metadata_v7() line 2013 usage:1 content_type:2
06-04 11:06:49.870 D/TrafficStats( 1441): tagSocket(142) with statsTag=0xffffffff, statsUid=-1
06-04 11:06:49.950 D/XM_HIDREAD( 1961): poll ret=1, event=1
06-04 11:06:49.950 D/XM_HIDREAD( 1961): [9 bytes]:01 00 00 00 00 00 00 00 00
06-04 11:06:49.950 I/SogouIME( 1440): onKeyUp: keyoCode=19
06-04 11:06:49.951 I/DefaultIMS( 1440): onKeyUp: keyoCode=19
06-04 11:06:49.969 D/TrafficStats( 1441): tagSocket(101) with statsTag=0xffffffff, statsUid=-1
06-04 11:06:50.020 D/TrafficStats( 1441): tagSocket(102) with statsTag=0xffffffff, statsUid=-1
06-04 11:06:50.022 D/TrafficStats( 1441): tagSocket(123) with statsTag=0xffffffff, statsUid=-1
06-04 11:06:50.022 D/TrafficStats( 1441): tagSocket(111) with statsTag=0xffffffff, statsUid=-1
06-04 11:06:50.023 I/audio_hw_hal_primary( 476): [audiohal_get_latency:1333] io 13: out:0xf07c5650 frames:1280 rate:48000 whole_latency:26 alsa_latency:26
06-04 11:06:50.045 I/audio_hw_hal_primary( 476): [audiohal_get_latency:1333] io 13: out:0xf07c5650 frames:1280 rate:48000 whole_latency:26 alsa_latency:26
06-04 11:06:50.064 D/hdmicecd( 487): [CEC]:printCecMessage, [4 -> e] len: 0, body:, result:no ack
06-04 11:06:50.064 E/IPCThreadState( 487): binder thread pool (1 threads) starved for 228 ms
06-04 11:06:50.065 D/HdmiCecController( 689): [P]:AllocatedAddress=[0]
06-04 11:06:50.066 I/audio_hw_hal_primary( 476): [audiohal_get_latency:1333] io 13: out:0xf07c5650 frames:1280 rate:48000 whole_latency:26 alsa_latency:26
06-04 11:06:50.072 D/TrafficStats( 1441): tagSocket(157) with statsTag=0xffffffff, statsUid=-1
06-04 11:06:50.088 I/audio_hw_hal_primary( 476): [audiohal_get_latency:1333] io 13: out:0xf07c5650 frames:1280 rate:48000 whole_latency:26 alsa_latency:26
06-04 11:06:50.109 I/audio_hw_hal_primary( 476): [audiohal_get_latency:1333] io 13: out:0xf07c5650 frames:1280 rate:48000 whole_latency:26 alsa_latency:26
06-04 11:06:50.131 I/audio_hw_hal_primary( 476): [audiohal_get_latency:1333] io 13: out:0xf07c5650 frames:1280 rate:48000 whole_latency:26 alsa_latency:26
06-04 11:06:50.148 D/TrafficStats( 1441): tagSocket(101) with statsTag=0xffffffff, statsUid=-1
06-04 11:06:50.148 D/TrafficStats( 1441): tagSocket(111) with statsTag=0xffffffff, statsUid=-1
06-04 11:06:50.152 I/audio_hw_hal_primary( 476): [audiohal_get_latency:1333] io 13: out:0xf07c5650 frames:1024 rate:48000 whole_latency:21 alsa_latency:21
06-04 11:06:50.174 I/audio_hw_hal_primary( 476): [audiohal_get_latency:1333] io 13: out:0xf07c5650 frames:1152 rate:48000 whole_latency:24 alsa_latency:24
06-04 11:06:50.175 D/audioserver( 521): logFgsApiEnd: FGS Logger Transaction failed, -129
06-04 11:06:50.329 D/XM_HIDREAD( 1961): poll ret=1, event=1
06-04 11:06:50.329 D/XM_HIDREAD( 1961): [9 bytes]:01 00 00 28 00 00 00 00 00
06-04 11:06:50.344 I/audio_hw_hal_primary( 476): [register_audio_patch:8215] Patch 3:id:3 mix(io:13)->dev_0[OUT_HDMI(id:22)] found, register the same patch, do nothing.
06-04 11:06:50.344 I/audio_hw_hal_primary( 476): [adev_create_audio_patch:8316] Patch 3: MIX->DEVICE, num_src:1 num_sink:1 patch_src:INVAL
06-04 11:06:50.344 I/audio_hw_hal_primary( 476): [adev_create_audio_patch:8320] sink[0]: OUT_HDMI(id:22)
06-04 11:06:50.344 I/audio_hw_hal_primary( 476): [adev_create_audio_patch:8377] Patch 3: mix(io:13) -> dev[OUT_HDMI(id:22)]
06-04 11:06:50.344 I/audio_hw_hal_primary( 476): [adev_create_audio_patch:8445] dev=0xf09c2930 cur_out_device=0x400
06-04 11:06:50.344 D/UEventObserver( 1063): change@/devices/platform/auge_sound/sound/card0/controlC0ACTION=changeDEVPATH=/devices/platform/auge_sound/sound/card0/controlC0SUBSYSTEM=soundAUDIO_FORMAT=0MAJOR=116MINOR=13DEVNAME=snd/controlC0SEQNUM=3560
06-04 11:06:50.354 D/audioserver( 521): logFgsApiBegin: FGS Logger Transaction failed, -129
06-04 11:06:50.358 I/SogouIME( 1440): onKeyDown: keyoCode=23
06-04 11:06:50.358 I/DefaultIMS( 1440): onKeyDown: keyoCode=23
06-04 11:06:50.366 I/audio_hw_hal_primary( 476): out_update_source_metadata_v7() line 2013 usage:1 content_type:2
06-04 11:06:50.442 D/XM_HIDREAD( 1961): poll ret=1, event=1
06-04 11:06:50.442 D/XM_HIDREAD( 1961): [9 bytes]:01 00 00 00 00 00 00 00 00
06-04 11:06:50.445 I/SogouIME( 1440): onKeyUp: keyoCode=23
06-04 11:06:50.446 I/DefaultIMS( 1440): onKeyUp: keyoCode=23
06-04 11:06:50.448 I/fragmentlink( 1441): fragmentPaths onLost
06-04 11:06:50.449 E/ActivityLinkRouter( 1441): startDefault: path=db://userinfo
06-04 11:06:50.449 I/MLoginRouterInterceptor( 1441): 登录拦截器 process: db://userinfo
06-04 11:06:50.451 I/fragmentlink( 1441): fragmentPaths onLost
06-04 11:06:50.451 E/ActivityLinkRouter( 1441): startDefault: path=db://login
06-04 11:06:50.452 W/WindowOnBackDispatcher( 1441): OnBackInvokedCallback is not enabled for the application.
06-04 11:06:50.452 W/WindowOnBackDispatcher( 1441): Set 'android:enableOnBackInvokedCallback="true"' in the application manifest.
06-04 11:06:50.455 I/MLoginRouterInterceptor( 1441): 登录拦截器 process: db://login
06-04 11:06:50.462 E/CellBroadcastUtils( 689): getDefaultCellBroadcastReceiverPackageName: no package found
06-04 11:06:50.467 E/Transition( 689): Trying to add a ready-group twice: Display{#0 state=ON size=1920x1080 ROTATION_0}
06-04 11:06:50.468 I/ActivityTaskManager( 689): START u0 {cmp=com.dangbei.leard.leradlauncher/com.dangbei.leard.login.ui.login.LoginActivity (has extras)} with LAUNCH_SINGLE_TASK from uid 1000 (BAL_ALLOW_ALLOWLISTED_UID) result code=0
06-04 11:06:50.469 V/WindowManagerShell( 939): Transition requested: android.os.BinderProxy@ab8fa21 TransitionRequestInfo { type = 1, triggerTask = TaskInfo{userId=0 taskId=25 displayId=0 isRunning=true baseIntent=Intent { act=android.intent.action.MAIN cat=[android.intent.category.HOME] flg=0x10800100 cmp=com.dangbei.leard.leradlauncher/com.dangbei.launcher.home.LauncherActivity } baseActivity=ComponentInfo{com.dangbei.leard.leradlauncher/com.dangbei.launcher.home.LauncherActivity} topActivity=ComponentInfo{com.dangbei.leard.leradlauncher/com.dangbei.leard.login.ui.login.LoginActivity} origActivity=null realActivity=ComponentInfo{com.dangbei.leard.leradlauncher/com.dangbei.launcher.home.LauncherActivity} numActivities=3 lastActiveTime=85048 supportsMultiWindow=true resizeMode=0 isResizeable=false minWidth=-1 minHeight=-1 defaultMinSize=220 token=WCT{android.window.IWindowContainerToken$Stub$Proxy@37ebe46} topActivityType=2 pictureInPictureParams=null shouldDockBigOverlays=true launchIntoPipHostTaskId=-1 lastParentTaskIdBeforePip=-1 displayCutoutSafeInsets=null topActivityInfo=ActivityInfo{b148807 com.dangbei.leard.login.ui.login.LoginActivity} launchCookies=[] positionInParent=Point(0, 0) parentTaskId=-1 isFocused=true isVisible=true isVisibleRequested=true isSleeping=false topActivityInSizeCompat=false topActivityEligibleForLetterboxEducation= false isLetterboxDoubleTapEnabled= false topActivityEligibleForUserAspectRatioButton= false topActivityBoundsLetterboxed= false isFromLetterboxDoubleTap= false topActivityLetterboxVerticalPosition= -1 topActivityLetterboxHorizontalPosition= -1 topActivityLetterboxWidth=-1 topActivityLetterboxHeight=-1 isUserFullscreenOverrideEnabled=false isTopActivityTransparent=false locusId=null displayAreaFeatureId=1 cameraCompatControlState=hidden}, remoteTransition = null, displayChange = null, flags = 0 }
06-04 11:06:50.475 D/TrafficStats( 1441): tagSocket(101) with statsTag=0xffffffff, statsUid=-1
06-04 11:06:50.476 V/WindowManager( 689): app ------------- force_land :0
06-04 11:06:50.481 D/TrafficStats( 1441): tagSocket(123) with statsTag=0xffffffff, statsUid=-1
06-04 11:06:50.493 I/audio_hw_hal_primary( 476): [register_audio_patch:8215] Patch 3:id:3 mix(io:13)->dev_0[OUT_HDMI(id:22)] found, register the same patch, do nothing.
06-04 11:06:50.493 I/audio_hw_hal_primary( 476): [adev_create_audio_patch:8316] Patch 3: MIX->DEVICE, num_src:1 num_sink:1 patch_src:INVAL
06-04 11:06:50.493 I/audio_hw_hal_primary( 476): [adev_create_audio_patch:8320] sink[0]: OUT_HDMI(id:22)
06-04 11:06:50.493 I/audio_hw_hal_primary( 476): [adev_create_audio_patch:8377] Patch 3: mix(io:13) -> dev[OUT_HDMI(id:22)]
06-04 11:06:50.493 I/audio_hw_hal_primary( 476): [adev_create_audio_patch:8445] dev=0xf09c2930 cur_out_device=0x400
06-04 11:06:50.494 D/audioserver( 521): logFgsApiEnd: FGS Logger Transaction failed, -129
06-04 11:06:50.494 D/audioserver( 521): logFgsApiBegin: FGS Logger Transaction failed, -129
06-04 11:06:50.495 I/BpBinder( 260): onLastStrongRef automatically unlinking death recipients:
06-04 11:06:50.497 I/audio_hw_hal_primary( 476): out_update_source_metadata_v7() line 2013 usage:1 content_type:2
06-04 11:06:50.498 D/UEventObserver( 1063): change@/devices/platform/auge_sound/sound/card0/controlC0ACTION=changeDEVPATH=/devices/platform/auge_sound/sound/card0/controlC0SUBSYSTEM=soundAUDIO_FORMAT=0MAJOR=116MINOR=13DEVNAME=snd/controlC0SEQNUM=3561
06-04 11:06:50.501 W/SQLiteLog( 1441): (28) double-quoted string literal: "
06-04 11:06:50.501 W/SQLiteLog( 1441): (28) double-quoted string literal: "9D9483C61F776F45CFC935A1F58A3622"
06-04 11:06:50.504 D/audioserver( 521): logFgsApiBegin: FGS Logger Transaction failed, -129
06-04 11:06:50.530 W/System.err( 1441): SLF4J: Failed to load class "org.slf4j.impl.StaticLoggerBinder".
06-04 11:06:50.530 W/System.err( 1441): SLF4J: Defaulting to no-operation (NOP) logger implementation
06-04 11:06:50.530 W/System.err( 1441): SLF4J: See http://www.slf4j.org/codes.html#StaticLoggerBinder for further details.
06-04 11:06:50.536 I/audio_hw_hal_primary( 476): [audiohal_get_latency:1333] io 13: out:0xf07c5650 frames:1280 rate:48000 whole_latency:26 alsa_latency:26
06-04 11:06:50.536 I/audio_hw_hal_primary( 476): out_update_source_metadata_v7() line 2013 usage:13 content_type:4
06-04 11:06:50.538 I/hq ( 1441): 当小贝:::showMessage from=mActivityLifecycleCallbacks
06-04 11:06:50.539 I/hq ( 1441): 当小贝:::showMessage 没有消息需要显示
06-04 11:06:50.542 W/WindowManager( 689): [addWindow] title:com.dangbei.leard.leradlauncher/com.dangbei.leard.login.ui.login.LoginActivity
06-04 11:06:50.542 W/WindowManager( 689): Failed looking up window session=Session{d8fbee5 1441:1000} callers=com.android.server.wm.WindowManagerService.windowForClientLocked:6075 com.android.server.wm.Session.updateRequestedVisibleTypes:695 android.view.IWindowSession$Stub.onTransact:1034
06-04 11:06:50.543 D/TrafficStats( 1441): tagSocket(158) with statsTag=0xffffffff, statsUid=-1
06-04 11:06:50.547 D/CoreBackPreview( 689): Window{5f339ff u0 com.dangbei.leard.leradlauncher/com.dangbei.leard.login.ui.login.LoginActivity}: Setting back callback OnBackInvokedCallbackInfo{mCallback=android.window.IOnBackInvokedCallback$Stub$Proxy@6e04615, mPriority=0, mIsAnimationCallback=false}
06-04 11:06:50.555 D/MobclickAgent( 1441): 延续上一个会话: 9D9483C61F776F45CFC935A1F58A3622
06-04 11:06:50.555 E/OpenGLRenderer( 1441): Unable to match the desired swap behavior.
06-04 11:06:50.559 W/SQLiteLog( 1441): (28) double-quoted string literal: "9D9483C61F776F45CFC935A1F58A3622"
06-04 11:06:50.559 W/SQLiteLog( 1441): (28) double-quoted string literal: ""
06-04 11:06:50.559 W/SQLiteLog( 1441): (28) double-quoted string literal: "9D9483C61F776F45CFC935A1F58A3622"
06-04 11:06:50.559 W/SQLiteLog( 1441): (28) double-quoted string literal: "-1"
06-04 11:06:50.573 I/ActivityTaskManager( 689): Displayed com.dangbei.leard.leradlauncher/com.dangbei.leard.login.ui.login.LoginActivity for user 0: +108ms
06-04 11:06:50.574 V/WindowManagerShell( 939): onTransitionReady android.os.BinderProxy@ab8fa21: {id=3 t=OPEN f=0x0 trk=0 r=[0@Point(0, 0)] c=[{null m=OPEN f=FILLS_TASK leash=Surface(name=ActivityRecord{1a3da0 u0 com.dangbei.leard.leradlauncher/com.dangbei.leard.login.ui.login.LoginActivity)/@0x59a3d34 sb=Rect(0, 0 - 0, 0) eb=Rect(0, 0 - 1920, 1080) d=-1->0 r=-1->0:-1},{null m=TO_BACK f=FILLS_TASK leash=Surface(name=ActivityRecord{19729ed u0 com.dangbei.leard.leradlauncher/.module.usercenter.UserCenterActivity)/@0xb8a175d sb=Rect(0, 0 - 1920, 1080) eb=Rect(0, 0 - 1920, 1080) d=0}]}
06-04 11:06:50.574 V/WindowManagerShell( 939): Playing animation for (#3)android.os.BinderProxy@ab8fa21@0
06-04 11:06:50.574 V/WindowManagerShell( 939): try handler com.android.wm.shell.keyguard.KeyguardTransitionHandler@f0e01c3
06-04 11:06:50.574 V/WindowManager( 689): Sent Transition #3 createdAt=06-04 11:06:50.461 via request=TransitionRequestInfo { type = 1, triggerTask = TaskInfo{userId=0 taskId=25 displayId=0 isRunning=true baseIntent=Intent { act=android.intent.action.MAIN cat=[android.intent.category.HOME] flg=0x10800100 cmp=com.dangbei.leard.leradlauncher/com.dangbei.launcher.home.LauncherActivity } baseActivity=ComponentInfo{com.dangbei.leard.leradlauncher/com.dangbei.launcher.home.LauncherActivity} topActivity=ComponentInfo{com.dangbei.leard.leradlauncher/com.dangbei.leard.login.ui.login.LoginActivity} origActivity=null realActivity=ComponentInfo{com.dangbei.leard.leradlauncher/com.dangbei.launcher.home.LauncherActivity} numActivities=3 lastActiveTime=85048 supportsMultiWindow=true resizeMode=0 isResizeable=false minWidth=-1 minHeight=-1 defaultMinSize=220 token=WCT{RemoteToken{406d71f Task{a1cfd9a #25 type=home A=1000:com.dangbei.leard.leradlauncher}}} topActivityType=2 pictureInPictureParams=null shouldDockBigOverlays=true launchIntoPipHostTaskId=-1 lastParentTaskIdBeforePip=-1 displayCutoutSafeInsets=null topActivityInfo=ActivityInfo{f4e20b8 com.dangbei.leard.login.ui.login.LoginActivity} launchCookies=[] positionInParent=Point(0, 0) parentTaskId=-1 isFocused=true isVisible=true isVisibleRequested=true isSleeping=false topActivityInSizeCompat=false topActivityEligibleForLetterboxEducation= false isLetterboxDoubleTapEnabled= false topActivityEligibleForUserAspectRatioButton= false topActivityBoundsLetterboxed= false isFromLetterboxDoubleTap= false topActivityLetterboxVerticalPosition= -1 topActivityLetterboxHorizontalPosition= -1 topActivityLetterboxWidth=-1 topActivityLetterboxHeight=-1 isUserFullscreenOverrideEnabled=false isTopActivityTransparent=false locusId=null displayAreaFeatureId=1 cameraCompatControlState=hidden}, remoteTransition = null, displayChange = null, flags = 0 }
06-04 11:06:50.574 V/WindowManagerShell( 939): try handler com.android.wm.shell.pip.tv.TvPipTransition@d525a40
06-04 11:06:50.574 V/WindowManager( 689): startWCT=WindowContainerTransaction { changes = {} hops = [] errorCallbackToken=null taskFragmentOrganizer=null }
06-04 11:06:50.574 V/WindowManagerShell( 939): try handler com.android.wm.shell.activityembedding.ActivityEmbeddingController@1101d79
06-04 11:06:50.574 V/WindowManagerShell( 939): try handler com.android.wm.shell.transition.RemoteTransitionHandler@16d9abe
06-04 11:06:50.574 V/WindowManager( 689): info={id=3 t=OPEN f=0x0 trk=0 r=[0@Point(0, 0)] c=[{null m=OPEN f=FILLS_TASK leash=Surface(name=ActivityRecord{1a3da0 u0 com.dangbei.leard.leradlauncher/com.dangbei.leard.login.ui.login.LoginActivity)/@0xc166d2a sb=Rect(0, 0 - 0, 0) eb=Rect(0, 0 - 1920, 1080) d=-1->0 r=-1->0:-1},{null m=TO_BACK f=FILLS_TASK leash=Surface(name=ActivityRecord{19729ed u0 com.dangbei.leard.leradlauncher/.module.usercenter.UserCenterActivity)/@0x64a0b9c sb=Rect(0, 0 - 1920, 1080) eb=Rect(0, 0 - 1920, 1080) d=0}]}
06-04 11:06:50.575 V/WindowManagerShell( 939): Transition doesn't have explicit remote, search filters for match for {id=3 t=OPEN f=0x0 trk=0 r=[0@Point(0, 0)] c=[{null m=OPEN f=FILLS_TASK leash=Surface(name=ActivityRecord{1a3da0 u0 com.dangbei.leard.leradlauncher/com.dangbei.leard.login.ui.login.LoginActivity)/@0x59a3d34 sb=Rect(0, 0 - 0, 0) eb=Rect(0, 0 - 1920, 1080) d=-1->0 r=-1->0:-1},{null m=TO_BACK f=FILLS_TASK leash=Surface(name=ActivityRecord{19729ed u0 com.dangbei.leard.leradlauncher/.module.usercenter.UserCenterActivity)/@0xb8a175d sb=Rect(0, 0 - 1920, 1080) eb=Rect(0, 0 - 1920, 1080) d=0}]}
06-04 11:06:50.575 V/WindowManagerShell( 939): Delegate animation for #3 to null
06-04 11:06:50.575 V/WindowManagerShell( 939): try handler com.android.wm.shell.transition.DefaultTransitionHandler@dc4f71f
06-04 11:06:50.575 V/WindowManagerShell( 939): start default transition animation, info = {id=3 t=OPEN f=0x0 trk=0 r=[0@Point(0, 0)] c=[{null m=OPEN f=FILLS_TASK leash=Surface(name=ActivityRecord{1a3da0 u0 com.dangbei.leard.leradlauncher/com.dangbei.leard.login.ui.login.LoginActivity)/@0x59a3d34 sb=Rect(0, 0 - 0, 0) eb=Rect(0, 0 - 1920, 1080) d=-1->0 r=-1->0:-1},{null m=TO_BACK f=FILLS_TASK leash=Surface(name=ActivityRecord{19729ed u0 com.dangbei.leard.leradlauncher/.module.usercenter.UserCenterActivity)/@0xb8a175d sb=Rect(0, 0 - 1920, 1080) eb=Rect(0, 0 - 1920, 1080) d=0}]}
06-04 11:06:50.575 V/WindowManagerShell( 939): loadAnimation: anim=android.view.animation.AlphaAnimation@4679da3 animAttr=0x5 type=OPEN isEntrance=false
06-04 11:06:50.576 V/WindowManagerShell( 939): loadAnimation: anim=android.view.animation.AlphaAnimation@137f8a0 animAttr=0x4 type=OPEN isEntrance=true
06-04 11:06:50.577 V/WindowManagerShell( 939): animated by com.android.wm.shell.transition.DefaultTransitionHandler@dc4f71f
06-04 11:06:50.581 D/WindowManagerShell( 939): TvPipController: onTaskStackChanged()
06-04 11:06:50.582 I/audio_hw_hal_primary( 476): [audiohal_get_latency:1333] io 13: out:0xf07c5650 frames:1024 rate:48000 whole_latency:21 alsa_latency:21
06-04 11:06:50.621 I/audio_hw_hal_primary( 476): [audiohal_get_latency:1333] io 13: out:0xf07c5650 frames:1280 rate:48000 whole_latency:26 alsa_latency:26
06-04 11:06:50.645 I/ImeTracker( 689): com.dangbei.leard.leradlauncher:148830f0: onRequestHide at ORIGIN_SERVER_HIDE_INPUT reason HIDE_UNSPECIFIED_WINDOW
06-04 11:06:50.646 I/ImeTracker( 689): com.dangbei.leard.leradlauncher:148830f0: onCancelled at PHASE_SERVER_SHOULD_HIDE
06-04 11:06:50.648 I/DefaultIMS( 1440): onStartInput attribute=android.view.inputmethod.EditorInfo@fdef938 restarting=false inputType: 0
06-04 11:06:50.652 W/ContextImpl( 689): Calling a method in the system process without a qualified user: android.app.ContextImpl.startService:1899 com.android.server.wm.DisplayPolicy.lambda$focusChangedLw$5:2126 com.android.server.wm.DisplayPolicy.$r8$lambda$Znxk63oh-WzVnzo_WQefN7uxV48:0 com.android.server.wm.DisplayPolicy$$ExternalSyntheticLambda13.run:0 android.os.Handler.handleCallback:958
06-04 11:06:50.655 D/aaa ( 1473): LedStatusService onStartCommand begin
06-04 11:06:50.656 D/aaa ( 1473): topPkg is -------------- :com.dangbei.leard.leradlauncher
06-04 11:06:50.659 D/aaa ( 1473): WiFi is connect
06-04 11:06:50.662 W/WindowOnBackDispatcher( 1441): OnBackInvokedCallback is not enabled for the application.
06-04 11:06:50.662 W/WindowOnBackDispatcher( 1441): Set 'android:enableOnBackInvokedCallback="true"' in the application manifest.
06-04 11:06:50.663 I/audio_hw_hal_primary( 476): [audiohal_get_latency:1333] io 13: out:0xf07c5650 frames:1280 rate:48000 whole_latency:26 alsa_latency:26
06-04 11:06:50.664 I/audio_hw_hal_primary( 476): [audiohal_get_latency:1333] io 13: out:0xf07c5650 frames:1280 rate:48000 whole_latency:26 alsa_latency:26
06-04 11:06:50.673 D/TrafficStats( 1441): tagSocket(216) with statsTag=0xffffffff, statsUid=-1
06-04 11:06:50.686 I/audio_hw_hal_primary( 476): [audiohal_get_latency:1333] io 13: out:0xf07c5650 frames:1152 rate:48000 whole_latency:24 alsa_latency:24
06-04 11:06:50.686 I/audio_hw_hal_primary( 476): [audiohal_get_latency:1333] io 13: out:0xf07c5650 frames:1152 rate:48000 whole_latency:24 alsa_latency:24
06-04 11:06:50.686 D/audioserver( 521): logFgsApiEnd: FGS Logger Transaction failed, -129
06-04 11:06:50.687 I/audio_hw_hal_primary( 476): out_update_source_metadata_v7() line 2013 usage:13 content_type:4
06-04 11:06:50.693 D/userManager( 1441): startLongConnect:349951772153876677,false,
06-04 11:06:50.693 D/userManager( 1441): disposeDisposable
06-04 11:06:50.693 D/LongConnectionManager( 1441): open
06-04 11:06:50.693 D/LongConnectionManager( 1441): open connect
06-04 11:06:50.694 D/TrafficStats( 1441): tagSocket(231) with statsTag=0xffffffff, statsUid=-1
06-04 11:06:50.706 I/audio_hw_hal_primary( 476): [audiohal_get_latency:1333] io 13: out:0xf07c5650 frames:1280 rate:48000 whole_latency:26 alsa_latency:26
06-04 11:06:50.710 I/DefaultIMS( 1440): onStartInput attribute=android.view.inputmethod.EditorInfo@b2f5d11 restarting=false inputType: 0
06-04 11:06:50.728 I/audio_hw_hal_primary( 476): [audiohal_get_latency:1333] io 13: out:0xf07c5650 frames:1280 rate:48000 whole_latency:26 alsa_latency:26
06-04 11:06:50.749 I/audio_hw_hal_primary( 476): [audiohal_get_latency:1333] io 13: out:0xf07c5650 frames:1280 rate:48000 whole_latency:26 alsa_latency:26
06-04 11:06:50.751 I/efs.base( 1721): lt=event`ev_ct=efs_core`ev_ac=req_succ_rate`tm=2025-06-04 11:06:75`dn=ac45bf75-7677-4e00-a7a1-ee108360b5d1`ps=com.dangbei.screencast`um_os=android`stime=1749006346927`pid=1721`fr=android`pkg=com.dangbei.screencast`vcode=20830`dsp_w=1920`path=https://errlog.umeng.com/apm_cc`uid=ac45bf75-7677-4e00-a7a1-ee108360b5d1`rom=14`wid=ac45bf75-7677-4e00-a7a1-ee108360b5d1`um_app_carrier=`um_access=unknow`um_app_channel=os`um_crash_sdk_version=1.4.0`ctime=1749006410`model=dbbox-a3`lang=zh`net=wifi`brand=amlogic`dsp_h=1080`um_network_type=0`ver=v2.8.3`cnt=1`rep_code=200`px_code=0`build_model=DBBOX-A3`w_tm=1749006410`appid=5fc60c21094d637f3130af19`um_umid_header=ai41d99d10bb185b6970e4743266d42450`sdk=34`tzone=Asia/Shanghai`sdk_ver=1.3.6.umeng
06-04 11:06:50.770 I/audio_hw_hal_primary( 476): [audiohal_get_latency:1333] io 13: out:0xf07c5650 frames:1280 rate:48000 whole_latency:26 alsa_latency:26
06-04 11:06:50.791 I/audio_hw_hal_primary( 476): [audiohal_get_latency:1333] io 13: out:0xf07c5650 frames:1280 rate:48000 whole_latency:26 alsa_latency:26
06-04 11:06:50.813 I/audio_hw_hal_primary( 476): [audiohal_get_latency:1333] io 13: out:0xf07c5650 frames:1280 rate:48000 whole_latency:26 alsa_latency:26
06-04 11:06:50.816 D/audioserver( 521): logFgsApiEnd: FGS Logger Transaction failed, -129
06-04 11:06:50.915 D/TrafficStats( 1721): tagSocket(142) with statsTag=0xffffffff, statsUid=-1
06-04 11:06:50.981 I/d.leradlauncher( 1441): Background young concurrent copying GC freed 156012(8313KB) AllocSpace objects, 22(3304KB) LOS objects, 33% free, 23MB/35MB, paused 293us,152us total 139.405ms
06-04 11:06:50.999 V/WindowManagerShell( 939): Transition animation finished (aborted=false), notifying core (#3)android.os.BinderProxy@ab8fa21@0
06-04 11:06:51.001 V/WindowManager( 689): Finish Transition #3: created at
06-04 11:06:50.461 collect-started=0.093ms request-sent=6.749ms started=8.393ms ready=17.435ms sent=111.164ms finished=539.493ms
06-04 11:06:51.006 V/WindowManagerShell( 939): Track 0 became idle
06-04 11:06:51.006 V/WindowManagerShell( 939): All active transition animations finished
06-04 11:06:51.007 D/CompatibilityChangeReporter( 1441): Compat change id reported: 247079863; UID 1000; state: DISABLED
06-04 11:06:51.010 E/LongConnectionManager( 1441): 1 onOpen:20:02:FE:19:C2:46
06-04 11:06:51.466 I/efs.base( 1721): wa upload succ, HttpResponse {succ=true, code=200, data='暂不支持该服务', extra={req_url=https://errlog.umeng.com/api/crashsdk/logcollect}}
06-04 11:06:51.508 I/ActivityManager( 689): Background started FGS: Allowed [callingPackage: com.dangbei.screencast; callingUid: 10043; uidState: FGS ; uidBFSL: [BFSL]; intent: Intent { cmp=com.dangbei.screencast/.startup.GuardService }; code:PROC_STATE_FGS; tempAllowListReason:; targetSdkVersion:28; callerTargetSdkVersion:28; startForegroundCount:0; bindFromPackage:null: isBindService:false]
06-04 11:06:51.511 D/CompatibilityChangeReporter( 689): Compat change id reported: 135634846; UID 10043; state: DISABLED
06-04 11:06:51.514 D/CompatibilityChangeReporter( 689): Compat change id reported: 143937733; UID 10043; state: DISABLED
06-04 11:06:51.528 I/serviceDiscovery( 689): [MdnsAdvertiser] Removing service with ID 5
06-04 11:06:51.528 I/serviceDiscovery( 689): [MdnsAdvertiser] Removing service with ID 4
06-04 11:06:51.529 W/System.err( 1721): java.net.SocketException: Socket closed
06-04 11:06:51.529 W/System.err( 1721): at java.net.PlainSocketImpl.socketAccept(PlainSocketImpl.java:213)
06-04 11:06:51.529 W/System.err( 1721): at java.net.AbstractPlainSocketImpl.accept(AbstractPlainSocketImpl.java:451)
06-04 11:06:51.529 W/System.err( 1721): at java.net.ServerSocket.implAccept(ServerSocket.java:569)
06-04 11:06:51.529 W/System.err( 1721): at java.net.ServerSocket.accept(ServerSocket.java:537)
06-04 11:06:51.530 W/System.err( 1721): at b.f.f.t.f.run(Unknown Source:40)
06-04 11:06:51.530 W/System.err( 1721): at java.lang.Thread.run(Thread.java:1012)
06-04 11:06:51.533 I/serviceDiscovery( 689): [MdnsAdvertiser] Removing service with ID 3
06-04 11:06:51.535 D/Zygote ( 459): Forked child process 2827
06-04 11:06:51.536 I/ActivityManager( 689): Start proc 2827:com.dangbei.screencast:bg_guard/u0a43 for service {com.dangbei.screencast/com.dangbei.screencast.startup.GuardService}
06-04 11:06:51.536 W/UpnpServiceImpl( 1721): >>> Shutting down UPnP service...
06-04 11:06:51.545 I/Zygote ( 2827): seccomp disabled by setenforce 0
06-04 11:06:51.550 W/AbstractChannel( 1721): Can't invoke task later as EventLoop rejected it
06-04 11:06:51.550 W/AbstractChannel( 1721): java.util.concurrent.RejectedExecutionException: event executor terminated
06-04 11:06:51.550 W/AbstractChannel( 1721): at io.netty.util.concurrent.SingleThreadEventExecutor.reject(Unknown Source:4)
06-04 11:06:51.550 W/AbstractChannel( 1721): at io.netty.util.concurrent.SingleThreadEventExecutor.offerTask(Unknown Source:6)
06-04 11:06:51.550 W/AbstractChannel( 1721): at io.netty.util.concurrent.SingleThreadEventExecutor.addTask(Unknown Source:5)
06-04 11:06:51.550 W/AbstractChannel( 1721): at io.netty.util.concurrent.SingleThreadEventExecutor.execute(Unknown Source:4)
06-04 11:06:51.550 W/AbstractChannel( 1721): at io.netty.util.concurrent.SingleThreadEventExecutor.execute(Unknown Source:18)
06-04 11:06:51.550 W/AbstractChannel( 1721): at io.netty.channel.AbstractChannel$AbstractUnsafe.invokeLater(Unknown Source:6)
06-04 11:06:51.550 W/AbstractChannel( 1721): at io.netty.channel.AbstractChannel$AbstractUnsafe.deregister(Unknown Source:24)
06-04 11:06:51.550 W/AbstractChannel( 1721): at io.netty.channel.AbstractChannel$AbstractUnsafe.fireChannelInactiveAndDeregister(Unknown Source:17)
06-04 11:06:51.550 W/AbstractChannel( 1721): at io.netty.channel.AbstractChannel$AbstractUnsafe.close(Unknown Source:112)
06-04 11:06:51.550 W/AbstractChannel( 1721): at io.netty.channel.AbstractChannel$AbstractUnsafe.close(Unknown Source:12)
06-04 11:06:51.550 W/AbstractChannel( 1721): at io.netty.channel.nio.NioEventLoop.closeAll(Unknown Source:86)
06-04 11:06:51.550 W/AbstractChannel( 1721): at io.netty.channel.nio.NioEventLoop.run(Unknown Source:202)
06-04 11:06:51.550 W/AbstractChannel( 1721): at io.netty.util.concurrent.SingleThreadEventExecutor$4.run(Unknown Source:41)
06-04 11:06:51.550 W/AbstractChannel( 1721): at io.netty.util.internal.ThreadExecutorMap$2.run(Unknown Source:8)
06-04 11:06:51.550 W/AbstractChannel( 1721): at io.netty.util.concurrent.FastThreadLocalRunnable.run(Unknown Source:2)
06-04 11:06:51.550 W/AbstractChannel( 1721): at java.lang.Thread.run(Thread.java:1012)
06-04 11:06:51.554 E/raop ( 1721): httpd_stop running 1 joined 0
06-04 11:06:51.554 E/raop ( 1721): httpd_stop connection->socket_fd=0
06-04 11:06:51.554 E/raop ( 1721): httpd_stop connection->socket_fd=0
06-04 11:06:51.554 E/raop ( 1721): httpd_stop connection->socket_fd=0
06-04 11:06:51.554 E/raop ( 1721): httpd_stop connection->socket_fd=0
06-04 11:06:51.554 E/raop ( 1721): httpd_stop connection->socket_fd=0
06-04 11:06:51.554 E/raop ( 1721): httpd_stop connection->socket_fd=0
06-04 11:06:51.554 E/raop ( 1721): httpd_stop connection->socket_fd=0
06-04 11:06:51.554 E/raop ( 1721): httpd_stop connection->socket_fd=0
06-04 11:06:51.554 E/raop ( 1721): httpd_stop connection->socket_fd=0
06-04 11:06:51.554 E/raop ( 1721): httpd_stop connection->socket_fd=0
06-04 11:06:51.554 I/encast:bg_guard( 2827): Using CollectorTypeCC GC.
06-04 11:06:51.560 E/encast:bg_guard( 2827): Not starting debugger since process cannot load the jdwp agent.
06-04 11:06:51.571 D/CompatibilityChangeReporter( 689): Compat change id reported: 168419799; UID 10043; state: DISABLED
06-04 11:06:51.572 D/CompatibilityChangeReporter( 689): Compat change id reported: 273564678; UID 10043; state: DISABLED
06-04 11:06:51.576 D/CompatibilityChangeReporter( 2827): Compat change id reported: 171979766; UID 10043; state: DISABLED
06-04 11:06:51.576 D/CompatibilityChangeReporter( 2827): Compat change id reported: 242716250; UID 10043; state: DISABLED
06-04 11:06:51.573 I/rainbow_flow( 2218): type=1400 audit(0.0:1174): avc: denied { ioctl } for path="/dev/spidev1.0" dev="tmpfs" ino=550 ioctlcmd=0x6b00 scontext=u:r:init:s0 tcontext=u:object_r:device:s0 tclass=chr_file permissive=1
06-04 11:06:51.579 D/CompatibilityChangeReporter( 689): Compat change id reported: 170503758; UID 10043; state: DISABLED
06-04 11:06:51.582 D/ApplicationLoaders( 2827): Returning zygote-cached class loader: /system/framework/android.test.base.jar
06-04 11:06:51.582 D/ApplicationLoaders( 2827): Returning zygote-cached class loader: /system/framework/android.hidl.manager-V1.0-java.jar
06-04 11:06:51.582 D/ApplicationLoaders( 2827): Returning zygote-cached class loader: /system/framework/android.hidl.base-V1.0-java.jar
06-04 11:06:51.591 D/nativeloader( 2827): Configuring clns-shared-4 for other apk /system/app/dangbei-screencast/dangbei-screencast.apk. target_sdk_version=28, uses_libraries=, library_path=/system/app/dangbei-screencast/lib/arm:/system/app/dangbei-screencast/dangbei-screencast.apk!/lib/armeabi-v7a:/system/lib:/system_ext/lib, permitted_path=/data:/mnt/expand:/data/user/0/com.dangbei.screencast:/system/app/dangbei-screencast:/system/lib:/system_ext/lib
06-04 11:06:51.601 I/adbd ( 1357): type=1400 audit(0.0:1175): avc: denied { use } for path="anon_inode:[eventfd]" dev="anon_inodefs" ino=10204 scontext=u:r:su:s0 tcontext=u:r:adbd:s0 tclass=fd permissive=1
06-04 11:06:51.614 V/GraphicsEnvironment( 2827): Currently set values for:
06-04 11:06:51.614 V/GraphicsEnvironment( 2827): angle_gl_driver_selection_pkgs=[]
06-04 11:06:51.614 V/GraphicsEnvironment( 2827): angle_gl_driver_selection_values=[]
06-04 11:06:51.615 V/GraphicsEnvironment( 2827): ANGLE GameManagerService for com.dangbei.screencast: false
06-04 11:06:51.615 V/GraphicsEnvironment( 2827): com.dangbei.screencast is not listed in per-application setting
06-04 11:06:51.615 V/GraphicsEnvironment( 2827): Neither updatable production driver nor prerelease driver is supported.
06-04 11:06:51.620 I/MultiDex( 2827): VM with version 2.1.0 has multidex support
06-04 11:06:51.620 I/MultiDex( 2827): Installing application
06-04 11:06:51.620 I/MultiDex( 2827): VM has multidex support, MultiDex support library is disabled.
06-04 11:06:51.621 D/CompatibilityChangeReporter( 2827): Compat change id reported: 247079863; UID 10043; state: DISABLED
06-04 11:06:51.630 D/CompatibilityChangeReporter( 689): Compat change id reported: 161145287; UID 10043; state: DISABLED
06-04 11:06:51.653 I/encast:bg_guard( 2827): type=1400 audit(0.0:1176): avc: denied { search } for name="net" dev="sysfs" ino=12344 scontext=u:r:untrusted_app_27:s0:c43,c256,c512,c768 tcontext=u:object_r:sysfs_net:s0 tclass=dir permissive=1 app=com.dangbei.screencast
06-04 11:06:51.653 I/encast:bg_guard( 2827): type=1400 audit(0.0:1177): avc: denied { read } for name="address" dev="sysfs" ino=22126 scontext=u:r:untrusted_app_27:s0:c43,c256,c512,c768 tcontext=u:object_r:sysfs_net:s0 tclass=file permissive=1 app=com.dangbei.screencast
06-04 11:06:51.653 I/encast:bg_guard( 2827): type=1400 audit(0.0:1178): avc: denied { open } for path="/sys/devices/virtual/net/dummy0/address" dev="sysfs" ino=22126 scontext=u:r:untrusted_app_27:s0:c43,c256,c512,c768 tcontext=u:object_r:sysfs_net:s0 tclass=file permissive=1 app=com.dangbei.screencast
06-04 11:06:51.653 I/encast:bg_guard( 2827): type=1400 audit(0.0:1179): avc: denied { getattr } for path="/sys/devices/virtual/net/dummy0/address" dev="sysfs" ino=22126 scontext=u:r:untrusted_app_27:s0:c43,c256,c512,c768 tcontext=u:object_r:sysfs_net:s0 tclass=file permissive=1 app=com.dangbei.screencast
06-04 11:06:51.674 I/crashsdk( 2827): version unique build id: 6230cced
06-04 11:06:51.674 I/crashsdk( 2827): version unique build id: 6230cced
06-04 11:06:51.676 D/crashsdk( 2827): Native log stat thread 2880 setup, waiting
06-04 11:06:51.673 I/Thread-3( 2827): type=1400 audit(0.0:1180): avc: denied { read } for name="version" dev="proc" ino=4026532005 scontext=u:r:untrusted_app_27:s0:c43,c256,c512,c768 tcontext=u:object_r:proc_version:s0 tclass=file permissive=1 app=com.dangbei.screencast
06-04 11:06:51.679 I/crashsdk( 2827): begin hack android.os.Process
06-04 11:06:51.679 I/crashsdk( 2827): end hack android.os.Process
06-04 11:06:51.682 I/audio_hw_hal_alsamgr( 476): alsa format =0x1 delay frames =1024 total frames=3658240
06-04 11:06:51.673 I/Thread-3( 2827): type=1400 audit(0.0:1181): avc: denied { open } for path="/proc/version" dev="proc" ino=4026532005 scontext=u:r:untrusted_app_27:s0:c43,c256,c512,c768 tcontext=u:object_r:proc_version:s0 tclass=file permissive=1 app=com.dangbei.screencast
06-04 11:06:51.673 I/Thread-3( 2827): type=1400 audit(0.0:1182): avc: denied { getattr } for path="/proc/version" dev="proc" ino=4026532005 scontext=u:r:untrusted_app_27:s0:c43,c256,c512,c768 tcontext=u:object_r:proc_version:s0 tclass=file permissive=1 app=com.dangbei.screencast
06-04 11:06:51.694 I/TDLog ( 2827): setReportUncaughtExceptions: true
06-04 11:06:51.694 E/Application( 2827): onCreate:Version:v2.8.3/20830/883432e
06-04 11:06:51.698 W/efs.send_log( 2827): tryFileLock start!
06-04 11:06:51.703 I/Matrix.AnrTracer( 2827): anrTrace, final mAnrBeatTime:400, mAnrBeatRate:400
06-04 11:06:51.703 I/efs.config( 2827): --->>> 删除旧的配置文件 false
06-04 11:06:51.703 I/efs.base( 2827): lt=event`ev_ct=efs_core`ev_ac=pvuv`tm=2025-06-04 11:06:70`dn=ac45bf75-7677-4e00-a7a1-ee108360b5d1`ps=com.dangbei.screencast:bg_guard`um_os=android`stime=1749006411550`pid=2827`fr=android`pkg=com.dangbei.screencast`vcode=20830`dsp_w=1920`uid=ac45bf75-7677-4e00-a7a1-ee108360b5d1`rom=14`wid=ac45bf75-7677-4e00-a7a1-ee108360b5d1`um_app_carrier=`um_access=wifi`um_app_channel=os`um_crash_sdk_version=1.4.0`ctime=1749006411`model=dbbox-a3`lang=zh`net=wifi`brand=amlogic`dsp_h=1080`um_network_type=0`ver=v2.8.3`build_model=DBBOX-A3`w_tm=1749006411`appid=5fc60c21094d637f3130af19`um_umid_header=ai41d99d10bb185b6970e4743266d42450`sdk=34`tzone=Asia/Shanghai`sdk_ver=1.3.6.umeng
06-04 11:06:51.704 I/WifiHAL ( 501): call wifi_get_link_stats handler
06-04 11:06:51.704 I/WifiHAL ( 501): Creating message to get link statistics; iface = 16
06-04 11:06:51.704 D/WifiHAL ( 501): error code -95 mapped to -3
06-04 11:06:51.704 E/WifiStaIfaceAidlImpl( 689): getLinkLayerStats failed with service-specific exception: android.os.ServiceSpecificException: (code 4)
