06-04 11:05:44.254 D/vold_prepare_subdirs( 1331): Setting up mode 771 uid 0 gid 1000 context u:object_r:apex_module_data_file:s0 on path: /data/misc_ce/0/apexdata/com.android.configinfrastructure
06-04 11:05:44.256 D/xm_audio( 476): adev_get_parameters
06-04 11:05:44.256 D/vold_prepare_subdirs( 1331): Setting up mode 771 uid 0 gid 1000 context u:object_r:apex_system_server_data_file:s0 on path: /data/misc_ce/0/apexdata/com.android.wifi
06-04 11:05:44.260 D/nativeloader( 1336): Configuring clns-shared-5 for other apk /apex/com.android.devicelock/priv-app/DeviceLockController@UD2A.240505.001.W1/DeviceLockController.apk. target_sdk_version=34, uses_libraries=, library_path=/apex/com.android.devicelock/priv-app/DeviceLockController@UD2A.240505.001.W1/lib/arm:/system/lib:/system_ext/lib, permitted_path=/data:/mnt/expand:/data/user/0/com.android.devicelockcontroller:/apex/com.android.devicelock/priv-app/DeviceLockController@UD2A.240505.001.W1:/system/lib:/system_ext/lib
06-04 11:05:44.261 E/AvrcpTargetService( 1045): Please use AVRCP version 1.6 to enable cover art
06-04 11:05:44.262 D/xm_audio( 476): adev_get_parameters
06-04 11:05:44.262 D/nativeloader( 1336): InitApexLibraries:
06-04 11:05:44.262 D/nativeloader( 1336): com_android_adservices: libhpke_jni.so:libtflite_support_classifiers_native.so
06-04 11:05:44.262 D/nativeloader( 1336): com_android_appsearch: libicing.so
06-04 11:05:44.262 D/nativeloader( 1336): com_android_art: libartservice.so
06-04 11:05:44.262 D/nativeloader( 1336): com_android_btservices: libbluetooth_jni.so
06-04 11:05:44.262 D/nativeloader( 1336): com_android_conscrypt: libjavacrypto.so
06-04 11:05:44.262 D/nativeloader( 1336): com_android_extservices: libhpke_jni.so:libtflite_support_classifiers_native.so
06-04 11:05:44.262 D/nativeloader( 1336): com_android_os_statsd: libstats_jni.so
06-04 11:05:44.262 D/nativeloader( 1336): com_android_tethering: libandroid_net_connectivity_com_android_net_module_util_jni.so:libcronet.114.0.5735.84.so:libframework-connectivity-jni.so:libframework-connectivity-tiramisu-jni.so:libservice-connectivity.so
06-04 11:05:44.262 D/nativeloader( 1336): com_android_uwb: libuwb_uci_jni_rust.so
06-04 11:05:44.262 D/nativeloader( 1336): com_android_virt: libvirtualizationservice_jni.so:libvirtualmachine_jni.so
06-04 11:05:44.263 D/ActivityAttributionService( 1045): notifyActivityAttributionInfo UID=1002 packageName=com.android.bluetooth deviceAddress=no_active_device_address
06-04 11:05:44.263 I/bt_btif ( 1045): packages/modules/Bluetooth/system/btif/src/bluetooth.cc:829 get_profile_interface: get_profile_interface: id = activity_attribution
06-04 11:05:44.264 D/xm_audio( 476): adev_get_parameters
06-04 11:05:44.265 D/ActiveDeviceManager( 1045): handleAdapterStateChanged: currentState=11
06-04 11:05:44.266 I/HeadsetService( 1045): create()
06-04 11:05:44.268 I/HeadsetService( 1045): start()
06-04 11:05:44.268 I/bootstat( 1358): Service started: /system/bin/bootstat --record_boot_complete --record_boot_reason --record_time_since_factory_reset -l
06-04 11:05:44.270 D/xm_audio( 476): adev_get_parameters
06-04 11:05:44.272 D/xm_audio( 476): adev_get_parameters
06-04 11:05:44.275 I/BluetoothHeadsetServiceJni( 1045): classInitNative: succeeds
06-04 11:05:44.275 W/HeadsetClientService( 1045): getHeadsetClientService(): service is null
06-04 11:05:44.275 I/bt_btif ( 1045): packages/modules/Bluetooth/system/btif/src/bluetooth.cc:829 get_profile_interface: get_profile_interface: id = handsfree
06-04 11:05:44.275 I/bt_stack( 1045): [INFO:btif_hf.cc(1626)] GetInterface
06-04 11:05:44.275 I/bt_btif_hf( 1045): packages/modules/Bluetooth/system/btif/src/btif_hf.cc:1590 ExecuteService: service starts to: Initialize
06-04 11:05:44.275 I/bluetooth( 1045): packages/modules/Bluetooth/system/bta/ag/bta_ag_main.cc:405 bta_ag_api_enable: AG api enable
06-04 11:05:44.276 I/bt_btif_storage( 1045): packages/modules/Bluetooth/system/btif/src/btif_storage.cc:653 btif_storage_get_adapter_property: btif_storage_get_adapter_property service_mask:0x20000048
06-04 11:05:44.276 I/bluetooth( 1045): packages/modules/Bluetooth/system/bta/ag/bta_ag_sdp.cc:146 bta_ag_add_record: features: 135023
06-04 11:05:44.276 I/bt_bta_dm( 1045): packages/modules/Bluetooth/system/bta/dm/bta_dm_act.cc:3456 bta_dm_eir_update_uuid: EIR Adding UUID=0x1112 into extended inquiry response
06-04 11:05:44.276 I/bt_bta_dm( 1045): packages/modules/Bluetooth/system/bta/dm/bta_dm_act.cc:3155 bta_dm_set_eir: Generating extended inquiry response packet EIR
06-04 11:05:44.276 I/bluetooth( 1045): packages/modules/Bluetooth/system/bta/ag/bta_ag_sdp.cc:146 bta_ag_add_record: features: 135023
06-04 11:05:44.276 I/bt_bta_dm( 1045): packages/modules/Bluetooth/system/bta/dm/bta_dm_act.cc:3456 bta_dm_eir_update_uuid: EIR Adding UUID=0x111F into extended inquiry response
06-04 11:05:44.276 I/bt_bta_dm( 1045): packages/modules/Bluetooth/system/bta/dm/bta_dm_act.cc:3155 bta_dm_set_eir: Generating extended inquiry response packet EIR
06-04 11:05:44.276 I/bt_stack( 1045): [INFO:port_api.cc(220)] RFCOMM_CreateConnectionWithSecurity: bd_addr=ff:ff:ff:ff:ff:ff, scn=2, is_server=1, mtu=256, uuid=0x1112, dlci=4, signal_state=0x0b, p_port=0xbef513b0
06-04 11:05:44.276 I/bt_stack( 1045): [INFO:port_api.cc(220)] RFCOMM_CreateConnectionWithSecurity: bd_addr=ff:ff:ff:ff:ff:ff, scn=3, is_server=1, mtu=256, uuid=0x111f, dlci=6, signal_state=0x0b, p_port=0xbef51438
06-04 11:05:44.276 I/bt_stack( 1045): [INFO:port_api.cc(220)] RFCOMM_CreateConnectionWithSecurity: bd_addr=ff:ff:ff:ff:ff:ff, scn=2, is_server=1, mtu=256, uuid=0x1112, dlci=4, signal_state=0x0b, p_port=0xbef514c0
06-04 11:05:44.276 I/bt_stack( 1045): [INFO:port_api.cc(220)] RFCOMM_CreateConnectionWithSecurity: bd_addr=ff:ff:ff:ff:ff:ff, scn=3, is_server=1, mtu=256, uuid=0x111f, dlci=6, signal_state=0x0b, p_port=0xbef51548
06-04 11:05:44.276 D/vold_prepare_subdirs( 1331): Setting up mode 771 uid 0 gid 1000 context u:object_r:apex_module_data_file:s0 on path: /data/misc_ce/0/apexdata/com.android.ipsec
06-04 11:05:44.276 I/bt_stack( 1045): [INFO:port_api.cc(220)] RFCOMM_CreateConnectionWithSecurity: bd_addr=ff:ff:ff:ff:ff:ff, scn=2, is_server=1, mtu=256, uuid=0x1112, dlci=4, signal_state=0x0b, p_port=0xbef515d0
06-04 11:05:44.276 I/bt_stack( 1045): [INFO:port_api.cc(220)] RFCOMM_CreateConnectionWithSecurity: bd_addr=ff:ff:ff:ff:ff:ff, scn=3, is_server=1, mtu=256, uuid=0x111f, dlci=6, signal_state=0x0b, p_port=0xbef51658
06-04 11:05:44.276 I/bt_stack( 1045): [INFO:port_api.cc(220)] RFCOMM_CreateConnectionWithSecurity: bd_addr=ff:ff:ff:ff:ff:ff, scn=2, is_server=1, mtu=256, uuid=0x1112, dlci=4, signal_state=0x0b, p_port=0xbef516e0
06-04 11:05:44.276 I/bt_stack( 1045): [INFO:port_api.cc(220)] RFCOMM_CreateConnectionWithSecurity: bd_addr=ff:ff:ff:ff:ff:ff, scn=3, is_server=1, mtu=256, uuid=0x111f, dlci=6, signal_state=0x0b, p_port=0xbef51768
06-04 11:05:44.276 I/bt_stack( 1045): [INFO:port_api.cc(220)] RFCOMM_CreateConnectionWithSecurity: bd_addr=ff:ff:ff:ff:ff:ff, scn=2, is_server=1, mtu=256, uuid=0x1112, dlci=4, signal_state=0x0b, p_port=0xbef517f0
06-04 11:05:44.277 I/bt_stack( 1045): [INFO:port_api.cc(220)] RFCOMM_CreateConnectionWithSecurity: bd_addr=ff:ff:ff:ff:ff:ff, scn=3, is_server=1, mtu=256, uuid=0x111f, dlci=6, signal_state=0x0b, p_port=0xbef51878
06-04 11:05:44.277 I/bt_stack( 1045): [INFO:port_api.cc(220)] RFCOMM_CreateConnectionWithSecurity: bd_addr=ff:ff:ff:ff:ff:ff, scn=2, is_server=1, mtu=256, uuid=0x1112, dlci=4, signal_state=0x0b, p_port=0xbef51900
06-04 11:05:44.277 I/bt_stack( 1045): [INFO:port_api.cc(220)] RFCOMM_CreateConnectionWithSecurity: bd_addr=ff:ff:ff:ff:ff:ff, scn=3, is_server=1, mtu=256, uuid=0x111f, dlci=6, signal_state=0x0b, p_port=0xbef51988
06-04 11:05:44.277 I/bt_stack( 1045): [INFO:btif_hf.cc(318)] btif_hf_upstreams_evt: AG enable/disable event 0
06-04 11:05:44.278 W/bootstat( 1358): LogBootEvents, atomInfo not defined for events:last_boot_time_utc,build_date,ro.boottime.init.cold_boot_wait,boot_reason,system_boot_reason,time_since_last_boot
06-04 11:05:44.278 D/ActivityAttributionService( 1045): notifyActivityAttributionInfo UID=1002 packageName=com.android.bluetooth deviceAddress=no_active_device_address
06-04 11:05:44.278 I/bt_btif ( 1045): packages/modules/Bluetooth/system/btif/src/bluetooth.cc:829 get_profile_interface: get_profile_interface: id = activity_attribution
06-04 11:05:44.279 D/HearingAidService( 1045): create()
06-04 11:05:44.281 D/xm_audio( 476): adev_get_parameters
06-04 11:05:44.282 D/xm_audio( 476): adev_get_parameters
06-04 11:05:44.282 D/HearingAidService( 1045): start()
06-04 11:05:44.283 I/bt_stack( 1045): [INFO:com_android_bluetooth_hearing_aid.cpp(97)] classInitNative: succeeds
06-04 11:05:44.284 D/vold_prepare_subdirs( 1331): Setting up mode 771 uid 0 gid 1000 context u:object_r:apex_module_data_file:s0 on path: /data/misc_ce/0/apexdata/com.android.conscrypt
06-04 11:05:44.285 D/HearingAidService( 1045): setHearingAidService(): set to: com.android.bluetooth.hearingaid.HearingAidService@8d0664e
06-04 11:05:44.286 I/bt_btif ( 1045): packages/modules/Bluetooth/system/btif/src/bluetooth.cc:829 get_profile_interface: get_profile_interface: id = hearing_aid
06-04 11:05:44.286 D/ActivityAttributionService( 1045): notifyActivityAttributionInfo UID=1002 packageName=com.android.bluetooth deviceAddress=no_active_device_address
06-04 11:05:44.286 I/bt_btif ( 1045): packages/modules/Bluetooth/system/btif/src/bluetooth.cc:829 get_profile_interface: get_profile_interface: id = activity_attribution
06-04 11:05:44.286 I/bt_stack( 1045): [INFO:hearing_aid_software_encoding_aidl.cc(182)] init
06-04 11:05:44.287 D/vold_prepare_subdirs( 1331): Setting up mode 771 uid 0 gid 1000 context u:object_r:apex_module_data_file:s0 on path: /data/misc_ce/0/apexdata/com.android.adbd
06-04 11:05:44.288 D/hdmicecd( 487): [CEC]:printCecMessage, [4 -> 5] len: 0, body:, result:no ack
06-04 11:05:44.289 D/xm_audio( 476): adev_get_parameters
06-04 11:05:44.289 I/BTAudioProviderFactoryAIDL( 476): getProviderCapabilities - SessionType=HEARING_AID_SOFTWARE_ENCODING_DATAPATH supports 1 codecs
06-04 11:05:44.289 I/bt_stack( 1045): [INFO:client_interface_aidl.cc(124)] FetchAudioProvider: BluetoothAudioHal SessionType=HEARING_AID_SOFTWARE_ENCODING_DATAPATH has 1 AudioCapabilities
06-04 11:05:44.290 I/BTAudioProviderFactoryAIDL( 476): openProvider - SessionType=HEARING_AID_SOFTWARE_ENCODING_DATAPATH
06-04 11:05:44.290 I/BTAudioProviderHearingAid( 476): HearingAidAudioProvider - size of audio buffer 3584 byte(s)
06-04 11:05:44.290 I/bt_stack( 1045): [INFO:client_interface_aidl.cc(143)] IBluetoothAudioProvidersFactory::openProvider() returned 0xed1232d0 (remote)
06-04 11:05:44.291 D/xm_audio( 476): socket_thread start
06-04 11:05:44.291 I/bluetooth( 1045): packages/modules/Bluetooth/system/stack/gatt/gatt_api.cc:1257 GATT_Register: Allocated name:GattClient uuid:9210e3b7-0b97-853d-9dcc-7c8e23fc1df6 gatt_if:4 eatt_support:0
06-04 11:05:44.291 D/xm_audio( 476): create socket g_is_running4
06-04 11:05:44.290 D/vold_prepare_subdirs( 1331): Setting up mode 771 uid 0 gid 1000 context u:object_r:apex_module_data_file:s0 on path: /data/misc_ce/0/apexdata/com.android.adservices
06-04 11:05:44.291 I/bt_btif ( 1045): packages/modules/Bluetooth/system/btif/src/bluetooth.cc:829 get_profile_interface: get_profile_interface: id = hidhost
06-04 11:05:44.291 I/bt_btif_storage( 1045): packages/modules/Bluetooth/system/btif/src/btif_storage.cc:653 btif_storage_get_adapter_property: btif_storage_get_adapter_property service_mask:0x20100048
06-04 11:05:44.291 I/bt_l2cap( 1045): packages/modules/Bluetooth/system/stack/l2cap/l2c_api.cc:172 L2CA_Register: L2CAP Registered service classic PSM: 0x0011
06-04 11:05:44.291 I/bt_l2cap( 1045): packages/modules/Bluetooth/system/stack/l2cap/l2c_api.cc:172 L2CA_Register: L2CAP Registered service classic PSM: 0x0013
06-04 11:05:44.291 I/bluetooth( 1045): packages/modules/Bluetooth/system/stack/gatt/gatt_api.cc:1257 GATT_Register: Allocated name:GattClient uuid:46b9d027-e6f5-d147-6103-fbdf7583e022 gatt_if:5 eatt_support:0
06-04 11:05:44.291 W/bt_stack( 1045): [WARNING:btif_hh.cc(467)] Added device xx:xx:xx:xx:c0:69
06-04 11:05:44.291 D/xm_audio( 476): create socket g_is_running5
06-04 11:05:44.291 E/xm_audio( 476): socket connect fail fd
06-04 11:05:44.291 E/xm_audio( 476): Error no: 111,Connection refused
06-04 11:05:44.291 W/bt_btif ( 1045): packages/modules/Bluetooth/system/main/bte_logmsg.cc:108 LogMsg: BTA_HH_ADD_DEV_EVT: status = 0, handle = 16
06-04 11:05:44.292 E/xm_audio( 476): close cret:0
06-04 11:05:44.292 I/bt_bta_gattc( 1045): packages/modules/Bluetooth/system/bta/gatt/bta_gattc_act.cc:429 bta_gattc_init_bk_conn: Not a connected remote device yet
06-04 11:05:44.292 I/bluetooth( 1045): packages/modules/Bluetooth/system/gd/hci/le_address_manager.cc:178 register_client: Client registered
06-04 11:05:44.292 I/bluetooth( 1045): packages/modules/Bluetooth/system/gd/hci/le_address_manager.cc:265 ack_pause: Client already in paused state
06-04 11:05:44.292 D/xm_audio( 476): adev_get_parameters
06-04 11:05:44.294 I/bluetooth( 1045): packages/modules/Bluetooth/system/gd/hci/le_address_manager.cc:596 OnCommandComplete: Received command complete with op_code LE_ADD_DEVICE_TO_FILTER_ACCEPT_LIST
06-04 11:05:44.294 I/bluetooth( 1045): packages/modules/Bluetooth/system/gd/hci/le_address_manager.cc:294 resume_registered_clients: Resuming registered clients
06-04 11:05:44.297 D/vold_prepare_subdirs( 1331): Setting up mode 771 uid 0 gid 1000 context u:object_r:apex_module_data_file:s0 on path: /data/misc_ce/0/apexdata/com.android.art
06-04 11:05:44.292 I/adbd ( 1357): type=1400 audit(0.0:706): avc: denied { read } for name="u:object_r:vendor_default_prop:s0" dev="tmpfs" ino=377 scontext=u:r:adbd:s0 tcontext=u:object_r:vendor_default_prop:s0 tclass=file permissive=1
06-04 11:05:44.298 I/bluetooth( 1045): packages/modules/Bluetooth/system/gd/hci/acl_manager/le_impl.h:878 update_connectability_state_after_armed: Le connection state machine armed state:ConnectabilityState::ARMED status:SUCCESS
06-04 11:05:44.292 I/adbd ( 1357): type=1400 audit(0.0:707): avc: denied { open } for path="/dev/__properties__/u:object_r:vendor_default_prop:s0" dev="tmpfs" ino=377 scontext=u:r:adbd:s0 tcontext=u:object_r:vendor_default_prop:s0 tclass=file permissive=1
06-04 11:05:44.301 D/vold_prepare_subdirs( 1331): Setting up mode 771 uid 0 gid 1000 context u:object_r:apex_system_server_data_file:s0 on path: /data/misc_ce/0/apexdata/com.android.appsearch
06-04 11:05:44.302 D/BtOppService( 1045): setBluetoothOppService(): set to: com.android.bluetooth.opp.BluetoothOppService@8d0995a
06-04 11:05:44.302 D/ActivityAttributionService( 1045): notifyActivityAttributionInfo UID=1002 packageName=com.android.bluetooth deviceAddress=no_active_device_address
06-04 11:05:44.302 I/bt_btif ( 1045): packages/modules/Bluetooth/system/btif/src/bluetooth.cc:829 get_profile_interface: get_profile_interface: id = activity_attribution
06-04 11:05:44.305 D/BluetoothPanServiceJni( 1045): initializeNative(L113): pan
06-04 11:05:44.305 I/bt_btif ( 1045): packages/modules/Bluetooth/system/btif/src/bluetooth.cc:829 get_profile_interface: get_profile_interface: id = pan
06-04 11:05:44.305 I/bt_l2cap( 1045): packages/modules/Bluetooth/system/stack/l2cap/l2c_api.cc:172 L2CA_Register: L2CAP Registered service classic PSM: 0x000f
06-04 11:05:44.305 I/bt_bta_dm( 1045): packages/modules/Bluetooth/system/bta/dm/bta_dm_act.cc:3456 bta_dm_eir_update_uuid: EIR Adding UUID=0x1116 into extended inquiry response
06-04 11:05:44.305 I/bt_bta_dm( 1045): packages/modules/Bluetooth/system/bta/dm/bta_dm_act.cc:3155 bta_dm_set_eir: Generating extended inquiry response packet EIR
06-04 11:05:44.305 I/bt_bta_dm( 1045): packages/modules/Bluetooth/system/bta/dm/bta_dm_act.cc:3456 bta_dm_eir_update_uuid: EIR Adding UUID=0x1115 into extended inquiry response
06-04 11:05:44.305 I/bt_bta_dm( 1045): packages/modules/Bluetooth/system/bta/dm/bta_dm_act.cc:3155 bta_dm_set_eir: Generating extended inquiry response packet EIR
06-04 11:05:44.305 I/bt_bta_dm( 1045): packages/modules/Bluetooth/system/bta/dm/bta_dm_act.cc:3456 bta_dm_eir_update_uuid: EIR Adding UUID=0x1116 into extended inquiry response
06-04 11:05:44.305 I/bt_bta_dm( 1045): packages/modules/Bluetooth/system/bta/dm/bta_dm_act.cc:3155 bta_dm_set_eir: Generating extended inquiry response packet EIR
06-04 11:05:44.305 I/bt_bta_dm( 1045): packages/modules/Bluetooth/system/bta/dm/bta_dm_act.cc:3456 bta_dm_eir_update_uuid: EIR Adding UUID=0x1115 into extended inquiry response
06-04 11:05:44.305 I/bt_bta_dm( 1045): packages/modules/Bluetooth/system/bta/dm/bta_dm_act.cc:3155 bta_dm_set_eir: Generating extended inquiry response packet EIR
06-04 11:05:44.305 D/BluetoothPanServiceJni( 1045): control_state_callback(L60): state:0, local_role:3, ifname:bt-pan
06-04 11:05:44.307 I/adbd ( 1357): persist.adb.watchdog set to ''
06-04 11:05:44.292 I/adbd ( 1357): type=1400 audit(0.0:708): avc: denied { getattr } for path="/dev/__properties__/u:object_r:vendor_default_prop:s0" dev="tmpfs" ino=377 scontext=u:r:adbd:s0 tcontext=u:object_r:vendor_default_prop:s0 tclass=file permissive=1
06-04 11:05:44.308 D/xm_audio( 476): adev_get_parameters
06-04 11:05:44.309 I/adbd ( 1357): persist.sys.test_harness set to ''
06-04 11:05:44.309 I/adbd ( 1357): adb watchdog timeout set to 600 seconds
06-04 11:05:44.309 I/TetheringManager( 1045): registerTetheringEventCallback:com.android.bluetooth
06-04 11:05:44.309 D/xm_audio( 476): adev_get_parameters
06-04 11:05:44.309 I/TetheringManager( 1045): registerTetheringEventCallback caller:com.android.bluetooth
06-04 11:05:44.311 D/AvrcpVolumeManager( 1045): onAudioDevicesAdded: Not expecting device changed
06-04 11:05:44.311 D/HeadsetPhoneState( 1045): sendDeviceStateChanged. mService=0 mSignal=0 mRoam=0 mBatteryCharge=3
06-04 11:05:44.312 I/adbd ( 1357): Setup mdns on port= 5555
06-04 11:05:44.312 D/CompatibilityChangeReporter( 1045): Compat change id reported: 150939131; UID 1002; state: ENABLED
06-04 11:05:44.312 I/adbd ( 1357): adbd listening on tcp:5555
06-04 11:05:44.313 I/adbd ( 1357): adbd listening on vsock:5555
06-04 11:05:44.313 I/adbd ( 1357): adbd started
06-04 11:05:44.315 D/AdapterProperties( 1045): onBluetoothReady, state=TURNING_ON, ScanMode=20
06-04 11:05:44.319 D/xm_audio( 476): adev_get_parameters
06-04 11:05:44.321 D/BluetoothAdapterService( 1045): updateUuids() - Updating UUIDs for bonded devices
06-04 11:05:44.321 I/BluetoothAdapterService( 1045): initProfileServices: Initializing all bluetooth profile services
06-04 11:05:44.321 D/xm_audio( 476): adev_get_parameters
06-04 11:05:44.321 W/HeadsetClientService( 1045): getHeadsetClientService(): service is null
06-04 11:05:44.321 W/BluetoothMapService( 1045): getBluetoothMapService(): service is null
06-04 11:05:44.321 W/MapClientService( 1045): getMapClientService(): service is null
06-04 11:05:44.321 D/HidDeviceService( 1045): getHidDeviceService(): service is NULL
06-04 11:05:44.321 W/BluetoothPbapService( 1045): getBluetoothPbapService(): service is null
06-04 11:05:44.321 W/PbapClientService( 1045): getPbapClientService(): service is null
06-04 11:05:44.321 W/HapClientService( 1045): getHapClientService(): service is NULL
06-04 11:05:44.321 W/SapService( 1045): getSapService(): service is null
06-04 11:05:44.321 W/VolumeControlService( 1045): getVolumeControlService(): service is NULL
06-04 11:05:44.321 W/CsipSetCoordinatorService( 1045): getCsipSetCoordinatorService(): service is NULL
06-04 11:05:44.321 W/LeAudioService( 1045): getLeAudioService(): service is NULL
06-04 11:05:44.321 W/BassClientService( 1045): getBassClientService(): service is NULL
06-04 11:05:44.321 W/BatteryService( 1045): getBatteryService(): service is NULL
06-04 11:05:44.322 I/AdapterState( 1045): ON : entered
06-04 11:05:44.322 D/AdapterProperties( 1045): Setting state to ON
06-04 11:05:44.322 E/perfetto( 1360): perfetto_cmd.cc:385 Could not open /data/misc/perfetto-configs/stopboottracetrigger.pbtxt (errno: 2, No such file or directory)
06-04 11:05:44.322 D/BluetoothAdapterService( 1045): updateAdapterState() - Broadcasting state ON to 1 receivers.
06-04 11:05:44.323 D/BluetoothManagerService( 689): MESSAGE_BLUETOOTH_STATE_CHANGE: TURNING_ON > ON
06-04 11:05:44.323 D/BluetoothManagerService( 689): Broadcasting onBluetoothStateChange(true) to 13 receivers.
06-04 11:05:44.324 D/BluetoothA2dp( 689): Binding service...
06-04 11:05:44.324 D/BluetoothManagerService( 689): Creating new ProfileServiceConnections object for profile: 2
06-04 11:05:44.324 D/AdapterProperties( 1045): Scan Mode:21
06-04 11:05:44.324 D/AdapterProperties( 1045): Discoverable Timeout:120
06-04 11:05:44.324 D/vold_prepare_subdirs( 1331): Setting up mode 771 uid 0 gid 1000 context u:object_r:apex_module_data_file:s0 on path: /data/misc_ce/0/apexdata/com.android.media
06-04 11:05:44.324 D/AdapterProperties( 1045): mLocalIOCapability set to 1
06-04 11:05:44.324 I/BluetoothCompanionManager( 1045): Companion device is null, type=0
06-04 11:05:44.325 I/BluetoothAdapterService( 1045): sendUuidsInternal: Received service discovery UUIDs for device XX:XX:XX:XX:C0:69
06-04 11:05:44.325 D/BluetoothAdapterService( 1045): index=0uuid=0000180f-0000-1000-8000-00805f9b34fb
06-04 11:05:44.325 D/BluetoothAdapterService( 1045): index=1uuid=00001812-0000-1000-8000-00805f9b34fb
06-04 11:05:44.325 I/BluetoothPhonePolicy( 1045): onUuidsDiscovered: discovered services for device XX:XX:XX:XX:C0:69
06-04 11:05:44.325 I/BluetoothPhonePolicy( 1045): processInitProfilePriorities() - device XX:XX:XX:XX:C0:69
06-04 11:05:44.325 W/LeAudioService( 1045): getLeAudioService(): service is NULL
06-04 11:05:44.325 W/CsipSetCoordinatorService( 1045): getCsipSetCoordinatorService(): service is NULL
06-04 11:05:44.325 W/VolumeControlService( 1045): getVolumeControlService(): service is NULL
06-04 11:05:44.325 W/HapClientService( 1045): getHapClientService(): service is NULL
06-04 11:05:44.325 W/BassClientService( 1045): getBassClientService(): service is NULL
06-04 11:05:44.325 W/BatteryService( 1045): getBatteryService(): service is NULL
06-04 11:05:44.326 V/BluetoothDatabase( 1045): getProfileConnectionPolicy: device XX:XX:XX:XX:C0:69 profile=HID_HOST, connectionPolicy=100
06-04 11:05:44.326 D/BluetoothA2dp( 689): Binding service...
06-04 11:05:44.326 D/BluetoothLeAudio( 689): Binding service...
06-04 11:05:44.326 W/BluetoothManagerService( 689): Cannot bind profile: 22, not in supported profiles list
06-04 11:05:44.327 D/BluetoothHearingAid( 689): Binding service...
06-04 11:05:44.327 D/BluetoothManagerService( 689): Creating new ProfileServiceConnections object for profile: 21
06-04 11:05:44.331 D/xm_audio( 476): adev_get_parameters
06-04 11:05:44.334 D/vold_prepare_subdirs( 1331): Setting up mode 771 uid 0 gid 1000 context u:object_r:apex_module_data_file:s0 on path: /data/misc_ce/0/apexdata/com.google.android.widevine
06-04 11:05:44.335 D/xm_audio( 476): adev_get_parameters
06-04 11:05:44.335 D/BluetoothHearingAid( 689): Binding service...
06-04 11:05:44.335 D/BluetoothLeAudio( 689): Binding service...
06-04 11:05:44.335 W/BluetoothManagerService( 689): Cannot bind profile: 22, not in supported profiles list
06-04 11:05:44.335 D/BluetoothA2dpSink( 689): Binding service...
06-04 11:05:44.335 W/BluetoothManagerService( 689): Cannot bind profile: 11, not in supported profiles list
06-04 11:05:44.335 D/BluetoothLeAudioBroadcast( 689): Binding service...
06-04 11:05:44.335 W/BluetoothManagerService( 689): Cannot bind profile: 26, not in supported profiles list
06-04 11:05:44.335 D/BluetoothHearingAid( 689): Binding service...
06-04 11:05:44.335 D/BluetoothHearingAid( 939): Binding service...
06-04 11:05:44.335 D/BluetoothA2dp( 689): Binding service...
06-04 11:05:44.335 D/BluetoothLeAudio( 689): Binding service...
06-04 11:05:44.335 W/BluetoothManagerService( 689): Cannot bind profile: 22, not in supported profiles list
06-04 11:05:44.335 D/BluetoothHeadset( 689): Binding service...
06-04 11:05:44.335 D/BluetoothManagerService( 689): Creating new ProfileServiceConnections object for profile: 1
06-04 11:05:44.340 D/BluetoothManagerService( 689): Sending BLE State Change: TURNING_ON > ON
06-04 11:05:44.341 D/BluetoothManagerService( 689): Sending State Change: TURNING_ON > ON
06-04 11:05:44.342 D/vold_prepare_subdirs( 1331): Setting up mode 771 uid 0 gid 1000 context u:object_r:apex_module_data_file:s0 on path: /data/misc_ce/0/apexdata/com.android.sdkext
06-04 11:05:44.344 D/vold_prepare_subdirs( 1331): Setting up mode 771 uid 0 gid 1000 context u:object_r:apex_module_data_file:s0 on path: /data/misc_ce/0/apexdata/com.android.rkpd
06-04 11:05:44.344 D/hdmicecd( 487): [CEC]:printCecMessage, [4 -> 3] len: 0, body:, result:no ack
06-04 11:05:44.345 D/vold_prepare_subdirs( 1331): Setting up mode 771 uid 0 gid 1000 context u:object_r:apex_module_data_file:s0 on path: /data/misc_ce/0/apexdata/com.android.os.statsd
06-04 11:05:44.345 I/adbd ( 1357): Waiting for persist.adb.tls_server.enable=1
06-04 11:05:44.345 W/NotificationHistory( 689): Attempted to add notif for locked/gone/disabled user 0
06-04 11:05:44.346 D/vold_prepare_subdirs( 1331): Setting up mode 771 uid 0 gid 1000 context u:object_r:apex_module_data_file:s0 on path: /data/misc_ce/0/apexdata/com.android.btservices
06-04 11:05:44.347 D/vold_prepare_subdirs( 1331): Setting up mode 771 uid 0 gid 1000 context u:object_r:apex_module_data_file:s0 on path: /data/misc_ce/0/apexdata/com.android.virt
06-04 11:05:44.292 I/adbd ( 1357): type=1400 audit(0.0:709): avc: denied { map } for path="/dev/__properties__/u:object_r:vendor_default_prop:s0" dev="tmpfs" ino=377 scontext=u:r:adbd:s0 tcontext=u:object_r:vendor_default_prop:s0 tclass=file permissive=1
06-04 11:05:44.349 D/xm_audio( 476): adev_get_parameters
06-04 11:05:44.351 D/vold_prepare_subdirs( 1331): Setting up mode 771 uid 0 gid 1000 context u:object_r:apex_module_data_file:s0 on path: /data/misc_ce/0/apexdata/com.android.apex.cts.shim
06-04 11:05:44.292 I/adbd ( 1357): type=1400 audit(0.0:710): avc: denied { setcurrent } for scontext=u:r:adbd:s0 tcontext=u:r:adbd:s0 tclass=process permissive=1
06-04 11:05:44.352 D/ActiveDeviceManager( 1045): handleAdapterStateChanged: currentState=12
06-04 11:05:44.352 D/vold_prepare_subdirs( 1331): Setting up mode 771 uid 0 gid 1000 context u:object_r:apex_module_data_file:s0 on path: /data/misc_ce/0/apexdata/com.android.healthfitness
06-04 11:05:44.354 D/xm_audio( 476): adev_get_parameters
06-04 11:05:44.354 D/vold_prepare_subdirs( 1331): Setting up mode 771 uid 0 gid 1000 context u:object_r:apex_module_data_file:s0 on path: /data/misc_ce/0/apexdata/com.amlogic.mediaextractor
06-04 11:05:44.356 D/BluetoothAdapterService( 1045): isQuietModeEnabled() - Enabled = false
06-04 11:05:44.356 I/BluetoothPhonePolicy( 1045): autoConnect: Initiate auto connection on BT on...
06-04 11:05:44.357 D/BluetoothDatabase( 1045): getMostRecentlyConnectedA2dpDevice: Invalid address for device null
06-04 11:05:44.357 E/BluetoothPhonePolicy( 1045): autoConnect: most recently active a2dp device is null
06-04 11:05:44.357 D/BtOppService( 1045): start Socket Listeners
06-04 11:05:44.357 D/BtOppService( 1045): stopListeners: mServerSocket is null
06-04 11:05:44.357 D/ObexServerSockets( 1045): create(rfcomm = -2, l2capPsm = -2)
06-04 11:05:44.292 I/adbd ( 1357): type=1400 audit(0.0:711): avc: denied { dyntransition } for scontext=u:r:adbd:s0 tcontext=u:r:su:s0 tclass=process permissive=1
06-04 11:05:44.304 I/adbd ( 1357): type=1400 audit(0.0:712): avc: denied { open } for path="/dev/__properties__/u:object_r:test_harness_prop:s0" dev="tmpfs" ino=349 scontext=u:r:su:s0 tcontext=u:object_r:test_harness_prop:s0 tclass=file permissive=1
06-04 11:05:44.304 I/adbd ( 1357): type=1400 audit(0.0:713): avc: denied { getattr } for path="/dev/__properties__/u:object_r:test_harness_prop:s0" dev="tmpfs" ino=349 scontext=u:r:su:s0 tcontext=u:object_r:test_harness_prop:s0 tclass=file permissive=1
06-04 11:05:44.304 I/adbd ( 1357): type=1400 audit(0.0:714): avc: denied { map } for path="/dev/__properties__/u:object_r:test_harness_prop:s0" dev="tmpfs" ino=349 scontext=u:r:su:s0 tcontext=u:object_r:test_harness_prop:s0 tclass=file permissive=1
06-04 11:05:44.360 D/vold_prepare_subdirs( 1331): Setting up mode 771 uid 0 gid 1000 context u:object_r:apex_module_data_file:s0 on path: /data/misc_ce/0/apexdata/com.android.devicelock
06-04 11:05:44.360 I/bt_btif_sock( 1045): packages/modules/Bluetooth/system/btif/src/btif_sock.cc:161 btif_sock_connection_logger: address=00:00:00:00:00:00, role=1, state=1
06-04 11:05:44.360 I/bt_btif_sock_rfcomm( 1045): packages/modules/Bluetooth/system/btif/src/btif_sock_rfc.cc:320 btsock_rfc_listen: Adding listening socket service_name: (null) - channel: -2
06-04 11:05:44.360 I/bt_stack( 1045): [INFO:port_api.cc(220)] RFCOMM_CreateConnectionWithSecurity: bd_addr=ff:ff:ff:ff:ff:ff, scn=4, is_server=1, mtu=990, uuid=000000, dlci=8, signal_state=0x0b, p_port=0xbef51a10
06-04 11:05:44.360 D/xm_audio( 476): adev_get_parameters
06-04 11:05:44.360 I/bt_btif_sock( 1045): packages/modules/Bluetooth/system/btif/src/btif_sock.cc:161 btif_sock_connection_logger: address=00:00:00:00:00:00, role=1, state=1
06-04 11:05:44.361 D/BluetoothAdapter( 1045): listenUsingInsecureL2capOn: port=-2
06-04 11:05:44.361 D/vold_prepare_subdirs( 1331): Setting up mode 771 uid 0 gid 1000 context u:object_r:apex_module_data_file:s0 on path: /data/misc_ce/0/apexdata/com.android.runtime
06-04 11:05:44.362 D/xm_audio( 476): adev_get_parameters
06-04 11:05:44.363 D/vold_prepare_subdirs( 1331): Setting up mode 771 uid 0 gid 1000 context u:object_r:apex_module_data_file:s0 on path: /data/misc_ce/0/apexdata/com.android.i18n
06-04 11:05:44.364 I/bt_btif_sock( 1045): packages/modules/Bluetooth/system/btif/src/btif_sock.cc:161 btif_sock_connection_logger: address=00:00:00:00:00:00, role=1, state=1
06-04 11:05:44.364 I/bluetooth( 1045): packages/modules/Bluetooth/system/btif/src/btif_sock_l2cap.cc:332 btsock_l2cap_alloc_l: Allocated l2cap socket structure socket_id:1
06-04 11:05:44.364 I/bt_l2cap( 1045): packages/modules/Bluetooth/system/stack/l2cap/l2c_api.cc:172 L2CA_Register: L2CAP Registered service classic PSM: 0x1001
06-04 11:05:44.364 I/bt_btif_sock( 1045): packages/modules/Bluetooth/system/btif/src/btif_sock.cc:161 btif_sock_connection_logger: address=00:00:00:00:00:00, role=1, state=1
06-04 11:05:44.364 I/bluetooth( 1045): packages/modules/Bluetooth/system/btif/src/btif_sock_l2cap.cc:357 send_app_psm_or_chan_l: Sending l2cap socket socket_id:1 channel:4097
06-04 11:05:44.364 D/BluetoothAdapter( 1045): listenUsingInsecureL2capOn: set assigned channel to 4097
06-04 11:05:44.365 D/ObexServerSockets( 1045): Succeed to create listening sockets
06-04 11:05:44.365 D/ObexServerSockets0( 1045): startAccept()
06-04 11:05:44.365 D/BluetoothSdpJni( 1045): sdpCreateOppOpsRecordNative
06-04 11:05:44.365 D/BluetoothSdpJni( 1045): SDP Create record success - handle: 0
06-04 11:05:44.365 I/bt_bta_dm( 1045): packages/modules/Bluetooth/system/bta/dm/bta_dm_act.cc:3456 bta_dm_eir_update_uuid: EIR Adding UUID=0x1105 into extended inquiry response
06-04 11:05:44.365 I/bt_bta_dm( 1045): packages/modules/Bluetooth/system/bta/dm/bta_dm_act.cc:3155 bta_dm_set_eir: Generating extended inquiry response packet EIR
06-04 11:05:44.365 E/bt_btif ( 1045): packages/modules/Bluetooth/system/main/bte_logmsg.cc:105 LogMsg: toggleProfile: Unknown service 255 being enabled
06-04 11:05:44.365 D/BtOppService( 1045): mOppSdpHandle :0
06-04 11:05:44.366 D/ObexServerSockets0( 1045): Accepting socket connection...
06-04 11:05:44.366 D/BluetoothSocket( 1045): accept(), timeout (ms):-1
06-04 11:05:44.366 D/ObexServerSockets0( 1045): Accepting socket connection...
06-04 11:05:44.366 D/BluetoothSocket( 1045): accept(), timeout (ms):-1
06-04 11:05:44.368 D/vold_prepare_subdirs( 1331): Setting up mode 771 uid 0 gid 1000 context u:object_r:apex_module_data_file:s0 on path: /data/misc_ce/0/apexdata/com.android.tzdata
06-04 11:05:44.369 D/xm_audio( 476): adev_get_parameters
06-04 11:05:44.369 D/vold_prepare_subdirs( 1331): Setting up mode 771 uid 0 gid 1000 context u:object_r:apex_module_data_file:s0 on path: /data/misc_ce/0/apexdata/com.android.vndk.v34
06-04 11:05:44.371 D/xm_audio( 476): adev_get_parameters
06-04 11:05:44.372 D/vold_prepare_subdirs( 1331): Setting up mode 771 uid 0 gid 1000 context u:object_r:apex_module_data_file:s0 on path: /data/misc_ce/0/apexdata/sharedlibs
06-04 11:05:44.374 D/vold_prepare_subdirs( 1331): Setting up mode 770 uid 1000 gid 2001 context u:object_r:checkin_data_file:s0:c512,c768 on path: /data/misc_ce/0/checkin
06-04 11:05:44.376 D/xm_audio( 476): adev_get_parameters
06-04 11:05:44.378 D/xm_audio( 476): adev_get_parameters
06-04 11:05:44.378 V/GraphicsEnvironment( 1336): Currently set values for:
06-04 11:05:44.378 V/GraphicsEnvironment( 1336): angle_gl_driver_selection_pkgs=[]
06-04 11:05:44.378 V/GraphicsEnvironment( 1336): angle_gl_driver_selection_values=[]
06-04 11:05:44.379 V/GraphicsEnvironment( 1336): ANGLE GameManagerService for com.android.devicelockcontroller: false
06-04 11:05:44.379 V/GraphicsEnvironment( 1336): com.android.devicelockcontroller is not listed in per-application setting
06-04 11:05:44.379 V/GraphicsEnvironment( 1336): Neither updatable production driver nor prerelease driver is supported.
06-04 11:05:44.380 D/vold_prepare_subdirs( 1331): Setting up mode 700 uid 1000 gid 1000 context u:object_r:backup_data_file:s0 on path: /data/system_ce/0/backup
06-04 11:05:44.381 D/vold_prepare_subdirs( 1331): Setting up mode 700 uid 1000 gid 1000 context u:object_r:backup_data_file:s0 on path: /data/system_ce/0/backup_stage
06-04 11:05:44.383 D/vold_prepare_subdirs( 1331): Setting up mode 700 uid 1000 gid 1000 context u:object_r:face_vendor_data_file:s0 on path: /data/vendor_ce/0/facedata
06-04 11:05:44.385 D/xm_audio( 476): adev_get_parameters
06-04 11:05:44.387 D/xm_audio( 476): adev_get_parameters
06-04 11:05:44.389 V/UserDataPreparer( 689): Found /data/user/0 with serial number 0
06-04 11:05:44.389 V/UserDataPreparer( 689): Found /data/system_ce/0 with serial number 0
06-04 11:05:44.390 D/UserDataPreparer( 689): Setting property: sys.user.0.ce_available=true
06-04 11:05:44.391 D/SystemServerTiming( 689): reconcileAppsData-0
06-04 11:05:44.391 V/PackageManager( 689): reconcileAppsData for null u0 0x2 migrateAppData=false
06-04 11:05:44.394 D/xm_audio( 476): adev_get_parameters
06-04 11:05:44.394 W/PackageManager( 689): Skipping preparing app data for com.android.configinfrastructure
06-04 11:05:44.394 W/PackageManager( 689): Skipping preparing app data for com.android.appsearch
06-04 11:05:44.395 W/PackageManager( 689): Skipping preparing app data for com.android.adservices
06-04 11:05:44.395 W/PackageManager( 689): Skipping preparing app data for com.android.scheduling
06-04 11:05:44.395 W/PackageManager( 689): Skipping preparing app data for com.google.android.widevine.nonupdatable
06-04 11:05:44.395 W/PackageManager( 689): Skipping preparing app data for com.android.permission
06-04 11:05:44.396 D/xm_audio( 476): adev_get_parameters
06-04 11:05:44.396 W/PackageManager( 689): Skipping preparing app data for com.android.art
06-04 11:05:44.396 W/PackageManager( 689): Skipping preparing app data for com.android.uwb
06-04 11:05:44.396 W/PackageManager( 689): Skipping preparing app data for com.android.tethering
06-04 11:05:44.396 W/PackageManager( 689): Skipping preparing app data for com.android.btservices
06-04 11:05:44.396 W/PackageManager( 689): Skipping preparing app data for com.android.media.swcodec
06-04 11:05:44.396 W/PackageManager( 689): Skipping preparing app data for com.android.conscrypt
06-04 11:05:44.396 W/PackageManager( 689): Skipping preparing app data for com.android.adbd
06-04 11:05:44.396 W/PackageManager( 689): Skipping preparing app data for com.android.i18n
06-04 11:05:44.396 W/PackageManager( 689): Skipping preparing app data for com.android.rkpd
06-04 11:05:44.396 W/PackageManager( 689): Skipping preparing app data for com.android.virt
06-04 11:05:44.397 W/PackageManager( 689): Skipping preparing app data for com.android.wifi
06-04 11:05:44.397 W/PackageManager( 689): Skipping preparing app data for com.android.runtime
06-04 11:05:44.397 W/PackageManager( 689): Skipping preparing app data for com.android.devicelock
06-04 11:05:44.397 W/PackageManager( 689): Skipping preparing app data for com.android.apex.cts.shim
06-04 11:05:44.397 W/PackageManager( 689): Skipping preparing app data for com.android.neuralnetworks
06-04 11:05:44.397 W/PackageManager( 689): Skipping preparing app data for com.android.healthfitness
06-04 11:05:44.397 W/PackageManager( 689): Skipping preparing app data for com.android.resolv
06-04 11:05:44.397 W/PackageManager( 689): Skipping preparing app data for com.android.sdkext
06-04 11:05:44.397 W/PackageManager( 689): Skipping preparing app data for com.android.tzdata
06-04 11:05:44.397 W/PackageManager( 689): Skipping preparing app data for com.android.vndk.v34
06-04 11:05:44.397 W/PackageManager( 689): Skipping preparing app data for com.android.os.statsd
06-04 11:05:44.397 W/PackageManager( 689): Skipping preparing app data for com.android.extservices
06-04 11:05:44.397 W/PackageManager( 689): Skipping preparing app data for com.amlogic.mediaextractor
06-04 11:05:44.397 W/PackageManager( 689): Skipping preparing app data for com.android.ipsec
06-04 11:05:44.397 W/PackageManager( 689): Skipping preparing app data for com.android.media
06-04 11:05:44.397 W/PackageManager( 689): Skipping preparing app data for com.android.sdksandbox
06-04 11:05:44.398 W/PackageManager( 689): Skipping preparing app data for com.android.mediaprovider
06-04 11:05:44.399 W/PackageManager( 689): Skipping preparing app data for com.android.ondevicepersonalization
06-04 11:05:44.400 D/hdmicecd( 487): [CEC]:printCecMessage, [4 -> 1] len: 0, body:, result:no ack
06-04 11:05:44.400 I/DeviceLockControllerApplication( 1336): onCreate
06-04 11:05:44.408 I/DeviceStateControllerImpl( 1336): Starting state is 0
06-04 11:05:44.408 D/xm_audio( 476): adev_get_parameters
06-04 11:05:44.410 D/xm_audio( 476): adev_get_parameters
06-04 11:05:44.412 I/UserRestrictionsPolicyHandler( 1336): Build type DEBUG = false
06-04 11:05:44.415 D/xm_audio( 476): adev_get_parameters
06-04 11:05:44.417 D/xm_audio( 476): adev_get_parameters
06-04 11:05:44.418 D/CompatibilityChangeReporter( 1336): Compat change id reported: 183155436; UID 10070; state: ENABLED
06-04 11:05:44.422 D/xm_audio( 476): adev_get_parameters
06-04 11:05:44.424 D/xm_audio( 476): adev_get_parameters
06-04 11:05:44.426 D/BluetoothA2dp( 689): Proxy object connected
06-04 11:05:44.426 D/BluetoothA2dp( 689): Proxy object connected
06-04 11:05:44.430 D/xm_audio( 476): adev_get_parameters
06-04 11:05:44.432 D/xm_audio( 476): adev_get_parameters
06-04 11:05:44.435 D/BluetoothHearingAid( 689): Proxy object connected
06-04 11:05:44.436 D/BluetoothHearingAid( 689): Proxy object connected
06-04 11:05:44.436 D/BluetoothHearingAid( 689): Proxy object connected
06-04 11:05:44.436 D/BluetoothA2dp( 689): Proxy object connected
06-04 11:05:44.436 D/BluetoothAdapter( 689): getActiveDevices(profile= HEARING_AID)
06-04 11:05:44.438 D/CompatibilityChangeReporter( 689): Compat change id reported: 261072174; UID 10070; state: ENABLED
06-04 11:05:44.440 D/BluetoothHeadset( 689): Proxy object connected
06-04 11:05:44.440 D/BluetoothHearingAid( 939): Proxy object connected
06-04 11:05:44.442 I/DlcClient( 1336): Binding com.android.devicelockcontroller/.storage.SetupParametersService
06-04 11:05:44.443 D/xm_audio( 476): adev_get_parameters
06-04 11:05:44.443 I/BluetoothAdapterService( 1045): getActiveDevices: Hearing Aid devices: Left[null] - Right[null]
06-04 11:05:44.445 D/xm_audio( 476): adev_get_parameters
06-04 11:05:44.447 D/BluetoothAdapter( 689): getActiveDevices(profile= A2DP)
06-04 11:05:44.449 I/BluetoothAdapterService( 1045): getActiveDevices: A2dp device: null
06-04 11:05:44.451 D/xm_audio( 476): adev_get_parameters
06-04 11:05:44.453 D/xm_audio( 476): adev_get_parameters
06-04 11:05:44.454 I/DeviceLockControllerApplication( 1336): Policies enforced
06-04 11:05:44.456 D/hdmicecd( 487): [CEC]:printCecMessage, [4 -> 0] len: 0, body:, result:success
06-04 11:05:44.456 D/BluetoothAdapter( 689): getActiveDevices(profile= HEADSET)
06-04 11:05:44.456 D/HdmiCecController( 689): [P]:AllocatedAddress=[0]
06-04 11:05:44.457 E/AggregateFuture( 1336): Got more than one input Future failure. Logging failures after the first
06-04 11:05:44.457 E/AggregateFuture( 1336): java.lang.IllegalStateException: Setup parameters does not exist!
06-04 11:05:44.457 E/AggregateFuture( 1336): at com.android.devicelockcontroller.policy.UserRestrictionsPolicyHandler.lambda$retrieveLockModeRestrictions$3(UserRestrictionsPolicyHandler.java:138)
06-04 11:05:44.457 E/AggregateFuture( 1336): at com.android.devicelockcontroller.policy.UserRestrictionsPolicyHandler.$r8$lambda$K4dazaAj4roA8BauvRaHZASMq6E(UserRestrictionsPolicyHandler.java:0)
06-04 11:05:44.457 E/AggregateFuture( 1336): at com.android.devicelockcontroller.policy.UserRestrictionsPolicyHandler$$ExternalSyntheticLambda4.call(R8$$SyntheticClass:0)
06-04 11:05:44.457 E/AggregateFuture( 1336): at com.google.common.util.concurrent.CombinedFuture$CallableInterruptibleTask.runInterruptibly(CombinedFuture.java:196)
06-04 11:05:44.457 E/AggregateFuture( 1336): at com.google.common.util.concurrent.InterruptibleTask.run(InterruptibleTask.java:74)
06-04 11:05:44.457 E/AggregateFuture( 1336): at android.os.Handler.handleCallback(Handler.java:958)
06-04 11:05:44.457 E/AggregateFuture( 1336): at android.os.Handler.dispatchMessage(Handler.java:99)
06-04 11:05:44.457 E/AggregateFuture( 1336): at android.os.Looper.loopOnce(Looper.java:205)
06-04 11:05:44.457 E/AggregateFuture( 1336): at android.os.Looper.loop(Looper.java:294)
06-04 11:05:44.457 E/AggregateFuture( 1336): at android.app.ActivityThread.main(ActivityThread.java:8255)
06-04 11:05:44.457 E/AggregateFuture( 1336): at java.lang.reflect.Method.invoke(Native Method)
06-04 11:05:44.457 E/AggregateFuture( 1336): at com.android.internal.os.RuntimeInit$MethodAndArgsCaller.run(RuntimeInit.java:552)
06-04 11:05:44.457 E/AggregateFuture( 1336): at com.android.internal.os.ZygoteInit.main(ZygoteInit.java:978)
06-04 11:05:44.457 I/BluetoothAdapterService( 1045): getActiveDevices: Headset device: null
06-04 11:05:44.458 I/AS.BtHelper( 689): onSetBtScoActiveDevice: (null) -> (null)
06-04 11:05:44.458 D/HDMI ( 689): [S]: 40:83
06-04 11:05:44.459 D/xm_audio( 476): adev_get_parameters
06-04 11:05:44.460 D/xm_audio( 476): adev_get_parameters
06-04 11:05:44.464 D/xm_audio( 476): adev_get_parameters
06-04 11:05:44.465 D/xm_audio( 476): adev_get_parameters
06-04 11:05:44.469 D/xm_audio( 476): adev_get_parameters
06-04 11:05:44.470 I/DevicePolicyEngine( 689): Couldn't find any receivers that handle ACTION_DEVICE_POLICY_SET_RESULT in package com.android.devicelockcontroller
06-04 11:05:44.470 D/xm_audio( 476): adev_get_parameters
06-04 11:05:44.471 D/DevicePolicyEngine( 689): Writing device policies to file.
06-04 11:05:44.471 D/DevicePolicyEngine( 689): Writing to /data/system/device_policy_state.xml
06-04 11:05:44.474 D/xm_audio( 476): adev_get_parameters
06-04 11:05:44.475 D/xm_audio( 476): adev_get_parameters
06-04 11:05:44.480 D/xm_audio( 476): adev_get_parameters
06-04 11:05:44.480 D/xm_audio( 476): adev_get_parameters
06-04 11:05:44.484 D/xm_audio( 476): adev_get_parameters
06-04 11:05:44.485 D/xm_audio( 476): adev_get_parameters
06-04 11:05:44.488 D/xm_audio( 476): adev_get_parameters
06-04 11:05:44.489 D/xm_audio( 476): adev_get_parameters
06-04 11:05:44.493 D/xm_audio( 476): adev_get_parameters
06-04 11:05:44.494 D/xm_audio( 476): adev_get_parameters
06-04 11:05:44.497 D/xm_audio( 476): adev_get_parameters
06-04 11:05:44.498 D/xm_audio( 476): adev_get_parameters
06-04 11:05:44.502 D/xm_audio( 476): adev_get_parameters
06-04 11:05:44.503 D/xm_audio( 476): adev_get_parameters
06-04 11:05:44.508 D/xm_audio( 476): adev_get_parameters
06-04 11:05:44.509 D/xm_audio( 476): adev_get_parameters
06-04 11:05:44.512 D/xm_audio( 476): adev_get_parameters
06-04 11:05:44.513 D/xm_audio( 476): adev_get_parameters
06-04 11:05:44.517 D/xm_audio( 476): adev_get_parameters
06-04 11:05:44.518 D/xm_audio( 476): adev_get_parameters
06-04 11:05:44.522 D/xm_audio( 476): adev_get_parameters
06-04 11:05:44.523 D/xm_audio( 476): adev_get_parameters
06-04 11:05:44.527 D/xm_audio( 476): adev_get_parameters
06-04 11:05:44.528 D/xm_audio( 476): adev_get_parameters
06-04 11:05:44.531 D/xm_audio( 476): adev_get_parameters
06-04 11:05:44.532 D/xm_audio( 476): adev_get_parameters
06-04 11:05:44.535 D/xm_audio( 476): adev_get_parameters
06-04 11:05:44.536 D/hdmicecd( 487): [CEC]:printCecMessage, [4 -> 0] len: 1, body: 83, result:success
06-04 11:05:44.536 D/xm_audio( 476): adev_get_parameters
06-04 11:05:44.540 D/xm_audio( 476): adev_get_parameters
06-04 11:05:44.541 D/xm_audio( 476): adev_get_parameters
06-04 11:05:44.545 D/xm_audio( 476): adev_get_parameters
06-04 11:05:44.545 D/xm_audio( 476): adev_get_parameters
06-04 11:05:44.552 D/xm_audio( 476): adev_get_parameters
06-04 11:05:44.553 D/xm_audio( 476): adev_get_parameters
06-04 11:05:44.557 I/vol.Events( 939): writeEvent external_ringer_mode_changed normal
06-04 11:05:44.557 I/vol.Events( 939): writeEvent zen_mode_config_changed [disallowAlarms=false disallowMedia=false disallowSystem=true disallowRinger=false]
06-04 11:05:44.563 D/xm_audio( 476): adev_get_parameters
06-04 11:05:44.564 D/xm_audio( 476): adev_get_parameters
06-04 11:05:44.568 D/xm_audio( 476): adev_get_parameters
06-04 11:05:44.568 D/xm_audio( 476): adev_get_parameters
06-04 11:05:44.573 D/xm_audio( 476): adev_get_parameters
06-04 11:05:44.574 D/xm_audio( 476): adev_get_parameters
06-04 11:05:44.578 D/xm_audio( 476): adev_get_parameters
06-04 11:05:44.579 D/xm_audio( 476): adev_get_parameters
06-04 11:05:44.579 V/PackageManager( 689): reconcileAppsData finished 142 packages
06-04 11:05:44.580 I/ActivityManager( 689): User 0 state changed from RUNNING_LOCKED to RUNNING_UNLOCKING
06-04 11:05:44.581 D/ActivityManager( 689): Unlocking user 0 progress 20
06-04 11:05:44.581 W/Looper ( 689): Slow dispatch took 538ms android.fg h=android.os.Handler c=com.android.server.am.UserController$$ExternalSyntheticLambda2@cdf5a86 m=0
06-04 11:05:44.581 W/Looper ( 689): Slow delivery took 539ms android.fg h=android.os.Handler c=com.android.server.am.UserController$$ExternalSyntheticLambda9@2528f47 m=0
06-04 11:05:44.581 D/SystemServerTimingAsync( 689): ssm.UnlockingUser-0
06-04 11:05:44.581 I/SystemServiceManager( 689): Calling onUnlockingUser 0
06-04 11:05:44.581 D/SystemServerTimingAsync( 689): ssm.onUnlockingUser-0_com.android.server.security.FileIntegrityService
06-04 11:05:44.582 D/SystemServerTimingAsync( 689): ssm.onUnlockingUser-0_com.android.server.pm.Installer
06-04 11:05:44.582 D/SystemServerTimingAsync( 689): ssm.onUnlockingUser-0_com.android.server.os.DeviceIdentifiersPolicyService
06-04 11:05:44.582 D/SystemServerTimingAsync( 689): ssm.onUnlockingUser-0_com.android.server.flags.FeatureFlagsService
06-04 11:05:44.582 D/SystemServerTimingAsync( 689): ssm.onUnlockingUser-0_com.android.server.uri.UriGrantsManagerService$Lifecycle
06-04 11:05:44.582 D/SystemServerTimingAsync( 689): ssm.onUnlockingUser-0_com.android.server.powerstats.PowerStatsService
06-04 11:05:44.582 D/SystemServerTimingAsync( 689): ssm.onUnlockingUser-0_com.android.server.permission.access.AccessCheckingService
06-04 11:05:44.582 D/SystemServerTimingAsync( 689): ssm.onUnlockingUser-0_com.android.server.wm.ActivityTaskManagerService$Lifecycle
06-04 11:05:44.582 D/SystemServerTimingAsync( 689): ssm.onUnlockingUser-0_com.android.server.am.ActivityManagerService$Lifecycle
06-04 11:05:44.582 D/SystemServerTimingAsync( 689): ssm.onUnlockingUser-0_com.android.server.pm.DataLoaderManagerService
06-04 11:05:44.582 D/SystemServerTimingAsync( 689): ssm.onUnlockingUser-0_com.android.server.power.PowerManagerService
06-04 11:05:44.582 D/SystemServerTimingAsync( 689): ssm.onUnlockingUser-0_com.android.server.power.ThermalManagerService
06-04 11:05:44.582 D/SystemServerTimingAsync( 689): ssm.onUnlockingUser-0_com.android.server.power.hint.HintManagerService
06-04 11:05:44.582 D/SystemServerTimingAsync( 689): ssm.onUnlockingUser-0_com.android.server.recoverysystem.RecoverySystemService$Lifecycle
06-04 11:05:44.582 D/SystemServerTimingAsync( 689): ssm.onUnlockingUser-0_com.android.server.lights.LightsService
06-04 11:05:44.582 D/SystemServerTimingAsync( 689): ssm.onUnlockingUser-0_com.android.server.display.DisplayManagerService
06-04 11:05:44.582 D/SystemServerTimingAsync( 689): ssm.onUnlockingUser-0_com.android.server.pm.verify.domain.DomainVerificationService
06-04 11:05:44.582 D/SystemServerTimingAsync( 689): ssm.onUnlockingUser-0_com.android.server.pm.PackageInstallerService$Lifecycle
06-04 11:05:44.582 D/SystemServerTimingAsync( 689): ssm.onUnlockingUser-0_com.android.server.pm.UserManagerService$LifeCycle
06-04 11:05:44.582 D/SystemServerTimingAsync( 689): ssm.onUnlockingUser-0_com.android.server.om.OverlayManagerService
06-04 11:05:44.582 D/SystemServerTimingAsync( 689): ssm.onUnlockingUser-0_com.android.server.resources.ResourcesManagerService
06-04 11:05:44.582 D/SystemServerTimingAsync( 689): ssm.onUnlockingUser-0_com.android.server.sensorprivacy.SensorPrivacyService
06-04 11:05:44.582 D/SystemServerTimingAsync( 689): ssm.onUnlockingUser-0_com.android.server.sensors.SensorService
06-04 11:05:44.582 D/SystemServerTimingAsync( 689): ssm.onUnlockingUser-0_com.android.server.SystemConfigService
06-04 11:05:44.582 D/SystemServerTimingAsync( 689): ssm.onUnlockingUser-0_com.android.server.BatteryService
