06-04 11:05:55.361 I/nStackXDFinder( 2477): GetLocalInterfaceDetail:[461] :GetLocalInterfaceDetail in
06-04 11:05:55.361 E/nStackXCoAP( 2477): IsInSameNetwork:[281] :IsInSameNetwork: not priority process
06-04 11:05:55.361 D/nStackXCoAP( 2477): ParseServiceDiscover:[330] :new device join
06-04 11:05:55.361 E/nStackXDFinder( 2477): GetLocalIp:[401] :GetLocalIp exec
06-04 11:05:55.397 D/ActivityManager( 689): freezing 1471 com.android.music
06-04 11:05:55.457 E/raop ( 1721): httpd_stop running 0 joined 1
06-04 11:05:55.458 D/TrafficStats( 1721): tagSocket(170) with statsTag=0xffffffff, statsUid=-1
06-04 11:05:55.472 W/System.err( 1721): java.lang.NullPointerException: Attempt to invoke virtual method 'byte[] java.net.NetworkInterface.getHardwareAddress()' on a null object reference
06-04 11:05:55.473 W/System.err( 1721): at b.f.f.y.g.b(Unknown Source:11)
06-04 11:05:55.473 W/System.err( 1721): at b.d.a.a.p.c0(Unknown Source:2)
06-04 11:05:55.473 W/System.err( 1721): at b.f.f.o.f.c.a(Unknown Source:23)
06-04 11:05:55.473 W/System.err( 1721): at b.f.f.d.b.c(:5)
06-04 11:05:55.473 W/System.err( 1721): at b.f.f.n.d$a.handleMessage(:3)
06-04 11:05:55.473 W/System.err( 1721): at android.os.Handler.dispatchMessage(Handler.java:106)
06-04 11:05:55.473 W/System.err( 1721): at android.os.Looper.loopOnce(Looper.java:205)
06-04 11:05:55.473 W/System.err( 1721): at android.os.Looper.loop(Looper.java:294)
06-04 11:05:55.473 W/System.err( 1721): at android.os.HandlerThread.run(HandlerThread.java:67)
06-04 11:05:55.489 I/PlatformDependent( 1721): Your platform does not provide complete low-level API for accessing direct buffers reliably. Unless explicitly requested, heap buffer will always be preferred to avoid potential system instability.
06-04 11:05:55.500 W/AudioCapabilities( 1721): Unsupported mime audio/vnd.dts.hd;profile=lbr
06-04 11:05:55.500 W/AudioCapabilities( 1721): Unsupported mime audio/ffmpeg
06-04 11:05:55.501 W/AudioCapabilities( 1721): Unsupported mime audio/mpeg-L1
06-04 11:05:55.501 W/AudioCapabilities( 1721): Unsupported mime audio/mpeg-L2
06-04 11:05:55.505 W/VideoCapabilities( 1721): Unsupported mime video/avs
06-04 11:05:55.505 W/VideoCapabilities( 1721): Unsupported mime video/avs2
06-04 11:05:55.505 D/TrafficStats( 1721): tagSocket(214) with statsTag=0xffffffff, statsUid=-1
06-04 11:05:55.506 W/VideoCapabilities( 1721): Unsupported mime video/x-motion-jpeg
06-04 11:05:55.507 W/VideoCapabilities( 1721): Unrecognized profile/level 0/4 for video/mpeg2
06-04 11:05:55.507 I/VideoCapabilities( 1721): Unsupported profile 3 for video/mpeg2
06-04 11:05:55.507 I/VideoCapabilities( 1721): Unsupported profile 4 for video/mpeg2
06-04 11:05:55.507 I/VideoCapabilities( 1721): Unsupported profile 5 for video/mpeg2
06-04 11:05:55.507 W/VideoCapabilities( 1721): Unrecognized profile/level 0/4 for video/mpeg2
06-04 11:05:55.507 I/VideoCapabilities( 1721): Unsupported profile 3 for video/mpeg2
06-04 11:05:55.507 I/VideoCapabilities( 1721): Unsupported profile 4 for video/mpeg2
06-04 11:05:55.507 I/VideoCapabilities( 1721): Unsupported profile 5 for video/mpeg2
06-04 11:05:55.507 I/VideoCapabilities( 1721): Unsupported profile 2 for video/mp4v-es
06-04 11:05:55.507 I/VideoCapabilities( 1721): Unsupported profile 8 for video/mp4v-es
06-04 11:05:55.507 I/VideoCapabilities( 1721): Unsupported profile 16 for video/mp4v-es
06-04 11:05:55.507 I/VideoCapabilities( 1721): Unsupported profile 1024 for video/mp4v-es
06-04 11:05:55.508 W/VideoCapabilities( 1721): Unsupported mime video/rm10
06-04 11:05:55.508 W/VideoCapabilities( 1721): Unsupported mime video/rm20
06-04 11:05:55.508 W/VideoCapabilities( 1721): Unsupported mime video/rm30
06-04 11:05:55.509 W/VideoCapabilities( 1721): Unsupported mime video/rm40
06-04 11:05:55.509 W/VideoCapabilities( 1721): Unsupported mime video/vc1
06-04 11:05:55.509 W/VideoCapabilities( 1721): Unsupported mime video/vc1
06-04 11:05:55.509 W/VideoCapabilities( 1721): Unsupported mime video/x-vnd.on2.vp6a
06-04 11:05:55.509 W/VideoCapabilities( 1721): Unsupported mime video/x-vnd.on2.vp6f
06-04 11:05:55.510 W/VideoCapabilities( 1721): Unsupported mime video/wmv1
06-04 11:05:55.510 W/VideoCapabilities( 1721): Unsupported mime video/wmv2
06-04 11:05:55.511 W/VideoCapabilities( 1721): Unsupported mime video/wmv3
06-04 11:05:55.521 I/serviceDiscovery( 689): [MdnsAdvertiser] Adding service name: 当贝投屏F7, type: _airplay._tcp, hostAddresses: , port: 37955, network: null, txtRecord: srcvers=220.68features=0x527FFFF7,0x1E'pi=2e388006-13ba-4041-9a67-25dd4a43d536Cpk=b07727d6f6cd6e08b58ede525ec3cdeaa252ad9f683feb212ef8a205246554e7vv=2 flags=0x4model=AppleTV2,1deviceid=1c:79:2d:20:62:83 with ID 3 and subtype null
06-04 11:05:55.532 I/serviceDiscovery( 689): [MdnsAdvertiser] Adding service name: 1c792d206283@当贝投屏F7, type: _raop._tcp, hostAddresses: , port: 39341, network: null, txtRecord: txtvers=1 am=AppleTV2,1ch=2
06-04 11:05:55.532 I/serviceDiscovery( 689): cn=0,1,2,3da=trueet=0,3,5ft=0x527FFFF7,0x1Emd=0,1,2Cpk=b07727d6f6cd6e08b58ede525ec3cdeaa252ad9f683feb212ef8a205246554e7pw=falsesf=0x4sr=44100ss=16sv=falsetp=UDPvn=65537 vs=220.68vv=2 rhd=5.6.0.0 with ID 4 and subtype null
06-04 11:05:55.572 D/nStackXCoAP( 2477): IsInSameNetwork:[276] :IsInSameNetwork exec
06-04 11:05:55.572 I/nStackXDFinder( 2477): GetLocalInterfaceDetail:[461] :GetLocalInterfaceDetail in
06-04 11:05:55.572 E/nStackXCoAP( 2477): IsInSameNetwork:[281] :IsInSameNetwork: not priority process
06-04 11:05:55.572 D/nStackXCoAP( 2477): ParseServiceDiscover:[330] :new device join
06-04 11:05:55.572 E/nStackXDFinder( 2477): GetLocalIp:[401] :GetLocalIp exec
06-04 11:05:55.622 D/TrafficStats( 2477): tagSocket(158) with statsTag=0xffffffff, statsUid=-1
06-04 11:05:55.686 E/raop ( 1721): JavaCallback init
06-04 11:05:55.713 I/bt_btif_dm( 1045): packages/modules/Bluetooth/system/btif/src/btif_dm.cc:691 btif_update_remote_properties: cod from storage is also unclassified
06-04 11:05:55.956 W/System.err( 1721): java.lang.NullPointerException: Attempt to invoke virtual method 'byte[] java.net.NetworkInterface.getHardwareAddress()' on a null object reference
06-04 11:05:55.956 W/System.err( 1721): at b.f.f.y.g.b(Unknown Source:11)
06-04 11:05:55.956 W/System.err( 1721): at b.d.a.a.p.c0(Unknown Source:2)
06-04 11:05:55.956 W/System.err( 1721): at b.f.f.o.f.c.a(Unknown Source:23)
06-04 11:05:55.956 W/System.err( 1721): at b.f.f.t.d.c(:1)
06-04 11:05:55.956 W/System.err( 1721): at b.f.f.n.d$a.handleMessage(:3)
06-04 11:05:55.956 W/System.err( 1721): at android.os.Handler.dispatchMessage(Handler.java:106)
06-04 11:05:55.956 W/System.err( 1721): at android.os.Looper.loopOnce(Looper.java:205)
06-04 11:05:55.956 W/System.err( 1721): at android.os.Looper.loop(Looper.java:294)
06-04 11:05:55.956 W/System.err( 1721): at android.os.HandlerThread.run(HandlerThread.java:67)
06-04 11:05:55.968 I/serviceDiscovery( 689): [MdnsAdvertiser] Adding service name: 当贝投屏F7, type: _db_cast_screen._tcp, hostAddresses: , port: 43147, network: null, txtRecord: au=1cV=20830mV=100h265=0maxR=4096-4096model=DBBOX-A3deviceid=1c:79:2d:20:62:83 with ID 5 and subtype null
06-04 11:05:55.969 E/MdnsAdvertiser( 689): Name conflict adding services that should have unique names
06-04 11:05:55.969 E/MdnsAdvertiser( 689): android.net.connectivity.com.android.server.connectivity.mdns.NameConflictException
06-04 11:05:55.969 E/MdnsAdvertiser( 689): at android.net.connectivity.com.android.server.connectivity.mdns.MdnsRecordRepository.addService(MdnsRecordRepository.java:314)
06-04 11:05:55.969 E/MdnsAdvertiser( 689): at android.net.connectivity.com.android.server.connectivity.mdns.MdnsInterfaceAdvertiser.addService(MdnsInterfaceAdvertiser.java:217)
06-04 11:05:55.969 E/MdnsAdvertiser( 689): at android.net.connectivity.com.android.server.connectivity.mdns.MdnsAdvertiser$InterfaceAdvertiserRequest.addService(MdnsAdvertiser.java:273)
06-04 11:05:55.969 E/MdnsAdvertiser( 689): at android.net.connectivity.com.android.server.connectivity.mdns.MdnsAdvertiser.addService(MdnsAdvertiser.java:488)
06-04 11:05:55.969 E/MdnsAdvertiser( 689): at android.net.connectivity.com.android.server.NsdService$NsdStateMachine$EnabledState.processMessage(NsdService.java:730)
06-04 11:05:55.969 E/MdnsAdvertiser( 689): at android.net.connectivity.com.android.internal.util.StateMachine$SmHandler.processMsg(StateMachine.java:993)
06-04 11:05:55.969 E/MdnsAdvertiser( 689): at android.net.connectivity.com.android.internal.util.StateMachine$SmHandler.handleMessage(StateMachine.java:810)
06-04 11:05:55.969 E/MdnsAdvertiser( 689): at android.os.Handler.dispatchMessage(Handler.java:106)
06-04 11:05:55.969 E/MdnsAdvertiser( 689): at android.os.Looper.loopOnce(Looper.java:205)
06-04 11:05:55.969 E/MdnsAdvertiser( 689): at android.os.Looper.loop(Looper.java:294)
06-04 11:05:55.969 E/MdnsAdvertiser( 689): at android.os.HandlerThread.run(HandlerThread.java:67)
06-04 11:05:55.999 D/nStackXCoAP( 2477): IsInSameNetwork:[276] :IsInSameNetwork exec
06-04 11:05:55.999 I/nStackXDFinder( 2477): GetLocalInterfaceDetail:[461] :GetLocalInterfaceDetail in
06-04 11:05:55.999 E/nStackXCoAP( 2477): IsInSameNetwork:[281] :IsInSameNetwork: not priority process
06-04 11:05:55.999 D/nStackXCoAP( 2477): ParseServiceDiscover:[330] :new device join
06-04 11:05:55.999 E/nStackXDFinder( 2477): GetLocalIp:[401] :GetLocalIp exec
06-04 11:05:56.057 D/audio_hw_hal_primary( 476): [out_standby_new:5767] io 13: out:0xf07c5650 usecase:PCM_NORMAL
06-04 11:05:56.057 I/audio_hw_hal_primary( 476): [do_output_standby_l:5663] io 13: out:0xf07c5650, stream usecase:PCM_NORMAL, continuous:1
06-04 11:05:56.057 I/audio_hw_hal_primary( 476): [usecase_change_validate_l:7436] ++ io 13: out:0xf07c5650 dev masks:0x1 is_standby:1 out usecase:PCM_NORMAL
06-04 11:05:56.057 I/audio_hw_hal_ms12common( 476): aml_set_ms12_scheduler_state ms12_scheduler_state:1, sch_state:1 SCHEDULER_STANDBY is sent to ms12
06-04 11:05:56.058 I/audio_hw_hal_primary( 476): [usecase_change_validate_l:7477] -- dev masks:0 is_standby:1 out usecase PCM_NORMAL
06-04 11:05:56.058 D/audio_hw_hal_primary( 476): [out_standby_new:5790] io 13: out:0xf07c5650 usecase:PCM_NORMAL exit
06-04 11:05:56.126 D/libdolbyms12( 476): continuous underrun 2
06-04 11:05:56.186 D/TrafficStats( 1721): tagSocket(172) with statsTag=0xffffffff, statsUid=-1
06-04 11:05:56.269 E/dangbei111( 1420): cccccc 检查遥控器是否连接: Dangbei E4:BB:D3:57:C0:69
06-04 11:05:56.273 E/dangbei111( 1420): cccccc 检查遥控器是否连接: 蓝牙的结果 Dangbei E4:BB:D3:57:C0:69 true
06-04 11:05:56.274 E/dangbei111( 1420): cccccc 确实有遥控器 存在
06-04 11:05:56.274 D/BluetoothAdapter( 1420): isLeEnabled(): ON
06-04 11:05:56.279 D/ActivityAttributionService( 1045): notifyActivityAttributionInfo UID=1002 packageName=com.android.bluetooth deviceAddress=no_active_device_address
06-04 11:05:56.279 I/bt_stack( 1045): [INFO:le_scanning_manager.cc(168)] Scan in shim layer stopped
06-04 11:05:56.279 I/bt_btif ( 1045): packages/modules/Bluetooth/system/btif/src/bluetooth.cc:829 get_profile_interface: get_profile_interface: id = activity_attribution
06-04 11:05:56.279 I/bluetooth( 1045): packages/modules/Bluetooth/system/gd/hci/le_address_manager.cc:193 unregister_client: Client unregistered
06-04 11:05:56.282 I/bt_stack( 1045): [INFO:le_scanning_manager.cc(162)] Unregister in shim layer, scanner_id:1
06-04 11:05:56.283 E/dangbei111( 1420): cccccc rc is connected, stop scan =E4:BB:D3:57:C0:69
06-04 11:05:56.364 I/serviceDiscovery( 689): [MdnsAdvertiser.wlan0] Probing finished for service 4
06-04 11:05:56.425 I/serviceDiscovery( 689): [MdnsAdvertiser.wlan0] Probing finished for service 3
06-04 11:05:56.492 D/TrafficStats( 1441): tagSocket(79) with statsTag=0xffffffff, statsUid=-1
06-04 11:05:56.719 W/BroadcastLoopers( 689): Found previously unknown looper Thread[PackageManager,5,main]
06-04 11:05:56.733 W/Searchables( 689): No global search activity found
06-04 11:05:56.744 V/MediaPlayerList( 1045): mPackageChangedBroadcastReceiver: action: android.intent.action.PACKAGE_CHANGED
06-04 11:05:56.744 W/BroadcastLoopers( 689): Found previously unknown looper Thread[android.bg,5,main]
06-04 11:05:56.752 I/InputReader( 689): Reconfiguring input devices, changes=KEYBOARD_LAYOUTS
06-04 11:05:56.753 W/VoiceInteractionManager( 689): no available voice recognition services found for user 0
06-04 11:05:56.757 I/PermissionControllerServiceImpl( 2119): Updating user sensitive for uid 10070
06-04 11:05:56.759 D/BufferPoolAccessor2.0( 689): bufferpool2 0xb90c79a8 : 0(0 size) total buffers - 0(0 size) used buffers - 2/7 (recycle/alloc) - 5/60 (fetch/transfer)
06-04 11:05:56.759 D/BufferPoolAccessor2.0( 689): evictor expired: 1, evicted: 1
06-04 11:05:56.760 D/BufferPoolAccessor2.0( 612): evictor expired: 6, evicted: 0
06-04 11:05:56.864 D/CompatibilityChangeReporter( 689): Compat change id reported: 161145287; UID 10057; state: ENABLED
06-04 11:05:57.016 I//apex/com.android.adbd/bin/adbd( 1357): type=1400 audit(0.0:1059): avc: denied { dac_read_search } for comm=75736220666673206F70656E capability=2 scontext=u:r:su:s0 tcontext=u:r:su:s0 tclass=capability permissive=1
06-04 11:05:57.016 I//apex/com.android.adbd/bin/adbd( 1357): type=1400 audit(0.0:1060): avc: denied { dac_override } for comm=75736220666673206F70656E capability=1 scontext=u:r:su:s0 tcontext=u:r:su:s0 tclass=capability permissive=1
06-04 11:05:57.059 D/nStackXCoAP( 2477): IsInSameNetwork:[276] :IsInSameNetwork exec
06-04 11:05:57.059 I/nStackXDFinder( 2477): GetLocalInterfaceDetail:[461] :GetLocalInterfaceDetail in
06-04 11:05:57.059 E/nStackXCoAP( 2477): IsInSameNetwork:[281] :IsInSameNetwork: not priority process
06-04 11:05:57.059 D/nStackXCoAP( 2477): ParseServiceDiscover:[330] :new device join
06-04 11:05:57.059 E/nStackXDFinder( 2477): GetLocalIp:[401] :GetLocalIp exec
06-04 11:05:57.069 D/nStackXCoAP( 2477): CoapMessageHandler:[133] :2.01
06-04 11:05:57.082 I/WifiHAL ( 501): call wifi_get_link_stats handler
06-04 11:05:57.082 I/WifiHAL ( 501): Creating message to get link statistics; iface = 16
06-04 11:05:57.082 D/WifiHAL ( 501): error code -95 mapped to -3
06-04 11:05:57.083 E/WifiStaIfaceAidlImpl( 689): getLinkLayerStats failed with service-specific exception: android.os.ServiceSpecificException: (code 4)
06-04 11:05:57.214 I/efs.base( 1721): lt=event`ev_ct=efs_core`ev_ac=log_lag`tm=2025-06-04 11:05:21`dn=ac45bf75-7677-4e00-a7a1-ee108360b5d1`ps=com.dangbei.screencast`um_os=android`stime=1749006346927`pid=1721`fr=android`pkg=com.dangbei.screencast`vcode=20830`dsp_w=1920`uid=ac45bf75-7677-4e00-a7a1-ee108360b5d1`rom=14`wid=ac45bf75-7677-4e00-a7a1-ee108360b5d1`um_app_carrier=`um_access=unknow`um_app_channel=os`um_crash_sdk_version=1.4.0`ctime=1749006357`model=dbbox-a3`lang=zh`net=wifi`brand=amlogic`dsp_h=1080`um_network_type=0`ver=v2.8.3`cnt=0`build_model=DBBOX-A3`w_tm=1749006357`appid=5fc60c21094d637f3130af19`um_umid_header=ai41d99d10bb185b6970e4743266d42450`sdk=34`tzone=Asia/Shanghai`sdk_ver=1.3.6.umeng
06-04 11:05:57.396 W/NotificationHistory( 689): Attempted to add notif for locked/gone/disabled user 0
06-04 11:05:57.638 D/nStackXCoAP( 2477): IsInSameNetwork:[276] :IsInSameNetwork exec
06-04 11:05:57.638 I/nStackXDFinder( 2477): GetLocalInterfaceDetail:[461] :GetLocalInterfaceDetail in
06-04 11:05:57.638 E/nStackXCoAP( 2477): IsInSameNetwork:[281] :IsInSameNetwork: not priority process
06-04 11:05:57.638 D/nStackXCoAP( 2477): ParseServiceDiscover:[330] :new device join
06-04 11:05:57.638 E/nStackXDFinder( 2477): GetLocalIp:[401] :GetLocalIp exec
06-04 11:05:57.688 I/Timer-1 ( 2477): type=1400 audit(0.0:1061): avc: denied { read } for name="address" dev="sysfs" ino=22126 scontext=u:r:untrusted_app_27:s0:c43,c256,c512,c768 tcontext=u:object_r:sysfs_net:s0 tclass=file permissive=1 app=com.dangbei.screencast
06-04 11:05:57.692 I/Timer-1 ( 2477): type=1400 audit(0.0:1062): avc: denied { open } for path="/sys/devices/virtual/net/dummy0/address" dev="sysfs" ino=22126 scontext=u:r:untrusted_app_27:s0:c43,c256,c512,c768 tcontext=u:object_r:sysfs_net:s0 tclass=file permissive=1 app=com.dangbei.screencast
06-04 11:05:57.692 I/Timer-1 ( 2477): type=1400 audit(0.0:1063): avc: denied { getattr } for path="/sys/devices/virtual/net/dummy0/address" dev="sysfs" ino=22126 scontext=u:r:untrusted_app_27:s0:c43,c256,c512,c768 tcontext=u:object_r:sysfs_net:s0 tclass=file permissive=1 app=com.dangbei.screencast
06-04 11:05:57.711 W/TelephonyPermissions( 689): reportAccessDeniedToReadIdentifiers:com.dangbei.screencast:getSerial:-1
06-04 11:05:57.755 V/NFC ( 2477): this device does not have NFC support
06-04 11:05:57.759 D/BufferPoolAccessor2.0( 689): bufferpool2 0xb90fb008 : 0(0 size) total buffers - 0(0 size) used buffers - 1/7 (recycle/alloc) - 6/42 (fetch/transfer)
06-04 11:05:57.759 D/BufferPoolAccessor2.0( 689): bufferpool2 0xb90c2668 : 0(0 size) total buffers - 0(0 size) used buffers - 2/7 (recycle/alloc) - 5/50 (fetch/transfer)
06-04 11:05:57.759 D/BufferPoolAccessor2.0( 689): evictor expired: 8, evicted: 2
06-04 11:05:57.761 D/BufferPoolAccessor2.0( 612): bufferpool2 0xe96829c8 : 0(0 size) total buffers - 0(0 size) used buffers - 21/23 (recycle/alloc) - 2/22 (fetch/transfer)
06-04 11:05:57.761 D/BufferPoolAccessor2.0( 612): bufferpool2 0xe9682788 : 0(0 size) total buffers - 0(0 size) used buffers - 26/28 (recycle/alloc) - 2/27 (fetch/transfer)
06-04 11:05:57.761 D/BufferPoolAccessor2.0( 612): bufferpool2 0xe9682308 : 0(0 size) total buffers - 0(0 size) used buffers - 17/19 (recycle/alloc) - 2/18 (fetch/transfer)
06-04 11:05:57.761 D/BufferPoolAccessor2.0( 612): evictor expired: 3, evicted: 3
06-04 11:05:57.908 D/CompatibilityChangeReporter( 689): Compat change id reported: 161145287; UID 10043; state: DISABLED
06-04 11:05:58.028 D/nStackXCoAP( 2477): IsInSameNetwork:[276] :IsInSameNetwork exec
06-04 11:05:58.028 I/nStackXDFinder( 2477): GetLocalInterfaceDetail:[461] :GetLocalInterfaceDetail in
06-04 11:05:58.028 E/nStackXCoAP( 2477): IsInSameNetwork:[281] :IsInSameNetwork: not priority process
06-04 11:05:58.028 D/nStackXCoAP( 2477): ParseServiceDiscover:[330] :new device join
06-04 11:05:58.028 E/nStackXDFinder( 2477): GetLocalIp:[401] :GetLocalIp exec
06-04 11:05:58.092 D/TrafficStats( 2477): tagSocket(168) with statsTag=0xffffffff, statsUid=-1
06-04 11:05:58.248 I/ip ( 2629): type=1400 audit(0.0:1065): avc: denied { nlmsg_readpriv } for scontext=u:r:untrusted_app_27:s0:c43,c256,c512,c768 tcontext=u:r:untrusted_app_27:s0:c43,c256,c512,c768 tclass=netlink_route_socket permissive=1 app=com.dangbei.screencast
06-04 11:05:58.248 W/ip ( 2629): type=1400 audit(0.0:1066): avc: granted { nlmsg_getneigh } for scontext=u:r:untrusted_app_27:s0:c43,c256,c512,c768 tcontext=u:r:untrusted_app_27:s0:c43,c256,c512,c768 tclass=netlink_route_socket app=com.dangbei.screencast
06-04 11:05:58.700 E/accept ( 1721): myIp:192.168.3.125
06-04 11:05:58.700 D/TrafficStats( 1721): tagSocket(5) with statsTag=0xffffffff, statsUid=-1
06-04 11:05:58.703 E/accept ( 1721): connect error
06-04 11:05:58.713 I/UpnpServiceImpl( 1721): >>> Starting UPnP service...
06-04 11:05:58.713 I/UpnpServiceImpl( 1721): Using configuration: org.fourthline.cling.android.AndroidUpnpServiceConfiguration
06-04 11:05:58.718 I/Router ( 1721): Creating Router: org.fourthline.cling.android.AndroidRouter
06-04 11:05:58.720 W/Router ( 1721): enable lock:org.fourthline.cling.android.AndroidRouter@5c3cdf_java.util.concurrent.locks.ReentrantReadWriteLock$WriteLock@54c0d2c[Unlocked]
06-04 11:05:58.726 W/tworkAddressFactoryImpl( 1721): Network interface may not be multicast capable: dummy0
06-04 11:05:58.729 I/MulticastReceiver( 1721): Creating wildcard socket (for receiving multicast datagrams) on port: 1900
06-04 11:05:58.729 D/TrafficStats( 1721): tagSocket(5) with statsTag=0xffffffff, statsUid=-1
06-04 11:05:58.730 I/MulticastReceiver( 1721): Joining multicast group: /239.255.255.250:1900 on network interface: wlan0
06-04 11:05:58.748 E/accept ( 1721): Adding connector try: 192.168.3.125/192.168.3.125:43413
06-04 11:05:58.751 D/TrafficStats( 1721): tagSocket(217) with statsTag=0xffffffff, statsUid=-1
06-04 11:05:58.751 E/accept ( 1721): Adding connector result: 192.168.3.125/192.168.3.125:43413
06-04 11:05:58.830 I/JettyServletContainer( 1721): Registering UPnP servlet under context path: /upnp
06-04 11:05:58.834 I/DatagramIO( 1721): Creating bound socket (for datagram input/output) on: 192.168.3.125/192.168.3.125
06-04 11:05:58.834 D/TrafficStats( 1721): tagSocket(218) with statsTag=0xffffffff, statsUid=-1
06-04 11:05:58.836 E/JettyServletContainer( 1721): gogogo
06-04 11:05:58.836 I/JettyServletContainer( 1721): Starting Jetty server...
06-04 11:05:58.837 W/System.err( 1721): 2025-06-04 11:05:58.837:INFO:lcaf.p:jetty-8.y.z-SNAPSHOT
06-04 11:05:58.839 I/Router ( 1721): WiFi multicast lock acquired
06-04 11:05:58.840 I/WifiService( 689): acquireMulticastLock uid=10043
06-04 11:05:58.841 I/Router ( 1721): WiFi lock acquired
06-04 11:05:58.842 I/WifiService( 689): acquireWifiLock uid=10043 lockMode=3
06-04 11:05:58.844 I/WifiHAL ( 501): wifi_set_latency_mode set to 1
06-04 11:05:58.854 D/WifiHAL ( 501): Setting APF program, halHandle = 0xf7b425c0
06-04 11:05:58.854 W/Router ( 1721): enable unlock:org.fourthline.cling.android.AndroidRouter@5c3cdf
06-04 11:05:58.854 I/WifiHAL ( 501): createRequest: APF set program request
06-04 11:05:58.854 D/WifiHAL ( 501): error code -95 mapped to -3
06-04 11:05:58.854 I/WifiHAL ( 501): Request Response failed for APF, result = -3
06-04 11:05:58.855 I/UpnpServiceImpl( 1721): <<< UPnP service started successfully
06-04 11:05:58.855 E/WifiStaIfaceAidlImpl( 689): installApfPacketFilter failed with service-specific exception: android.os.ServiceSpecificException: (code 4)
06-04 11:05:58.880 W/System.err( 1721): 2025-06-04 11:05:58.879:INFO:lcaf.a:Started @192.168.3.125:43413
06-04 11:05:58.923 E/g ( 1721): channel :os
06-04 11:05:58.964 I/DefaultDispatch( 1420): type=1400 audit(0.0:1067): avc: denied { read } for name="devices" dev="proc" ino=4026531982 scontext=u:r:system_app:s0 tcontext=u:object_r:proc:s0 tclass=file permissive=1
06-04 11:05:58.964 I/DefaultDispatch( 1420): type=1400 audit(0.0:1068): avc: denied { open } for path="/proc/bus/input/devices" dev="proc" ino=4026531982 scontext=u:r:system_app:s0 tcontext=u:object_r:proc:s0 tclass=file permissive=1
06-04 11:05:58.964 I/DefaultDispatch( 1420): type=1400 audit(0.0:1069): avc: denied { getattr } for path="/proc/bus/input/devices" dev="proc" ino=4026531982 scontext=u:r:system_app:s0 tcontext=u:object_r:proc:s0 tclass=file permissive=1
06-04 11:05:58.968 E/RCInfo ( 1420): vid:000d
06-04 11:05:58.968 E/RCInfo ( 1420): pid:3838
06-04 11:05:58.968 E/RCInfo ( 1420): vid:000d
06-04 11:05:58.969 E/RCInfo ( 1420): pid:3838
06-04 11:05:58.974 D/CompatibilityChangeReporter( 1420): Compat change id reported: 265103382; UID 1000; state: DISABLED
06-04 11:05:58.974 D/BluetoothGatt( 1420): connect() - device: E4:BB:D3:57:C0:69, auto: true
06-04 11:05:58.974 D/BluetoothGatt( 1420): registerApp()
06-04 11:05:58.975 D/BluetoothGatt( 1420): registerApp() - UUID=40cdfcb8-e0e6-4557-8842-61105042cdaf
06-04 11:05:58.977 I/bluetooth( 1045): packages/modules/Bluetooth/system/stack/gatt/gatt_api.cc:1257 GATT_Register: Allocated name:GattClient uuid:b0100e4d-e08f-22e0-3b99-4b5c9e6fd7f8 gatt_if:6 eatt_support:0
06-04 11:05:58.977 I/bluetooth( 1045): packages/modules/Bluetooth/system/stack/gatt/gatt_api.cc:1371 GATT_StartIf: GATT interface 6 already has connected device xx:xx:xx:xx:c0:69
06-04 11:05:58.977 I/bluetooth( 1045): packages/modules/Bluetooth/system/stack/gatt/gatt_api.cc:1374 GATT_StartIf: Invoking callback with connection id 6
06-04 11:05:58.977 I/bt_bta_gattc( 1045): packages/modules/Bluetooth/system/bta/gatt/bta_gattc_act.cc:1304 bta_gattc_conn_cback: Connected client_if:6 addr:xx:xx:xx:xx:c0:69, transport:BT_TRANSPORT_LE reason:GATT_CONN_OK
06-04 11:05:58.977 E/bta_gattc_main( 1045): packages/modules/Bluetooth/system/bta/gatt/bta_gattc_main.cc:395 bta_gattc_hdl_event: Ignore unknown conn ID: 6
06-04 11:05:58.977 D/BluetoothGatt( 1420): onClientRegistered() - status=0 clientIf=6
06-04 11:05:58.979 I/bt_btif_gattc( 1045): packages/modules/Bluetooth/system/btif/src/btif_gatt_client.cc:340 btif_gattc_open_impl: Transport=2, device type=2, address type =0, phy=1
06-04 11:05:58.979 I/bluetooth( 1045): packages/modules/Bluetooth/system/stack/gatt/gatt_main.cc:405 gatt_update_app_use_link_flag: disable link idle timer for xx:xx:xx:xx:c0:69
06-04 11:05:58.979 I/bt_stack( 1045): [INFO:l2c_api.cc(1607)] L2CA_MarkLeLinkAsActivesetting link to e4:bb:d3:57:c0:69 as active
06-04 11:05:58.979 I/bluetooth( 1045): packages/modules/Bluetooth/system/stack/gatt/gatt_api.cc:1206 GATT_SetIdleTimeout: idle_timeout=65535, is_active=1, status=1 (1-OK 0-not performed)
06-04 11:05:58.980 D/BtGatt.GattService( 1045): onConnected() - adding permit for address=E4:BB:D3:57:C0:69
06-04 11:05:58.980 D/BluetoothGatt( 1420): onClientConnectionState() - status=0 clientIf=6 device=E4:BB:D3:57:C0:69
06-04 11:05:58.980 D/BluetoothGatt( 1420): discoverServices() - device: E4:BB:D3:57:C0:69
06-04 11:05:58.982 I/bt_bta_gattc( 1045): packages/modules/Bluetooth/system/bta/gatt/bta_gattc_cache.cc:1035 bta_gattc_get_gatt_db: bta_gattc_get_gatt_db
06-04 11:05:58.985 D/BluetoothGatt( 1420): onSearchComplete() = Device=E4:BB:D3:57:C0:69 Status=0
06-04 11:05:59.058 D/audio_hw_hal_ms12common( 476): func:ms12_timer_callback_handler sigv:0 ~~~~~~~~~~
06-04 11:05:59.058 D/audio_hw_hal_ms12v2( 476): set_dolby_ms12_continuous_state audio_continuous_standby_set status 1
06-04 11:05:59.058 D/audio_hw_hal_continuous_standby( 476): audio_continuous_standby_set, type 0, params 1
06-04 11:05:59.058 D/audio_hw_hal_ms12common( 476): aml_send_ms12_scheduler_state_2_ms12 adev:0xf09c2930, sch_state:1(SCHEDULER_STANDBY)
06-04 11:05:59.079 D/SntpClient( 689): request time failed: java.net.SocketTimeoutException: Poll timed out
06-04 11:05:59.079 D/TrafficStats( 689): tagSocket(386) with statsTag=0xffffff41, statsUid=-1
06-04 11:05:59.142 D/nStackXCoAP( 2477): IsInSameNetwork:[276] :IsInSameNetwork exec
06-04 11:05:59.142 I/nStackXDFinder( 2477): GetLocalInterfaceDetail:[461] :GetLocalInterfaceDetail in
06-04 11:05:59.142 E/nStackXCoAP( 2477): IsInSameNetwork:[281] :IsInSameNetwork: not priority process
06-04 11:05:59.142 D/nStackXCoAP( 2477): ParseServiceDiscover:[330] :new device join
06-04 11:05:59.142 E/nStackXDFinder( 2477): GetLocalIp:[401] :GetLocalIp exec
06-04 11:05:59.264 I//apex/com.android.adbd/bin/adbd( 1357): type=1400 audit(0.0:1070): avc: denied { connectto } for comm=73657276657220736F636B6574 path="/dev/socket/fwmarkd" scontext=u:r:su:s0 tcontext=u:r:netd:s0 tclass=unix_stream_socket permissive=1
06-04 11:05:59.269 I/adbd ( 1357): host-26: read thread spawning
06-04 11:05:59.269 I/adbd ( 1357): host-26: write thread spawning
06-04 11:05:59.269 I/adbd ( 1357): host-26: read failed: Success
06-04 11:05:59.270 I/adbd ( 1357): BlockingConnectionAdapter(host-26): stopping
06-04 11:05:59.264 I/adbd ( 1357): type=1400 audit(0.0:1071): avc: denied { shutdown } for laddr=::ffff:192.168.3.125 lport=5555 faddr=::ffff:192.168.15.10 fport=57772 scontext=u:r:su:s0 tcontext=u:r:su:s0 tclass=tcp_socket permissive=1
06-04 11:05:59.270 I/adbd ( 1357): BlockingConnectionAdapter(host-26): stopped
06-04 11:05:59.270 I/adbd ( 1357): BlockingConnectionAdapter(host-26): destructing
06-04 11:05:59.270 I/adbd ( 1357): BlockingConnectionAdapter(host-26): already stopped
06-04 11:05:59.273 I/ActivityManager( 689): Skip zero pid ANR, process=WebViewLoader-armeabi-v7a
06-04 11:05:59.577 D/nStackXCoAP( 2477): IsInSameNetwork:[276] :IsInSameNetwork exec
06-04 11:05:59.577 I/nStackXDFinder( 2477): GetLocalInterfaceDetail:[461] :GetLocalInterfaceDetail in
06-04 11:05:59.577 E/nStackXCoAP( 2477): IsInSameNetwork:[281] :IsInSameNetwork: not priority process
06-04 11:05:59.577 D/nStackXCoAP( 2477): ParseServiceDiscover:[330] :new device join
06-04 11:05:59.577 E/nStackXDFinder( 2477): GetLocalIp:[401] :GetLocalIp exec
06-04 11:05:59.610 D/nStackXCoAP( 2477): CoapMessageHandler:[133] :2.01
06-04 11:05:59.928 W/System ( 1045): A resource failed to call close.
06-04 11:06:00.088 I/WifiHAL ( 501): call wifi_get_link_stats handler
06-04 11:06:00.088 I/WifiHAL ( 501): Creating message to get link statistics; iface = 16
06-04 11:06:00.088 D/WifiHAL ( 501): error code -95 mapped to -3
06-04 11:06:00.088 E/WifiStaIfaceAidlImpl( 689): getLinkLayerStats failed with service-specific exception: android.os.ServiceSpecificException: (code 4)
06-04 11:06:00.096 I/adbd ( 1357): type=1400 audit(0.0:1072): avc: denied { write } for path="socket:[34893]" dev="sockfs" ino=34893 scontext=u:r:su:s0 tcontext=u:r:adbd:s0 tclass=unix_stream_socket permissive=1
06-04 11:06:00.096 I/adbd ( 1357): type=1400 audit(0.0:1073): avc: denied { read } for path="socket:[34894]" dev="sockfs" ino=34894 scontext=u:r:su:s0 tcontext=u:r:adbd:s0 tclass=unix_stream_socket permissive=1
06-04 11:06:00.132 I//apex/com.android.adbd/bin/adbd( 1357): type=1400 audit(0.0:1074): avc: denied { read write } for comm=75736220666673206F70656E name="ep0" dev="functionfs" ino=23304 scontext=u:r:su:s0 tcontext=u:object_r:functionfs:s0 tclass=file permissive=1
06-04 11:06:00.760 I/xm_hidread( 1961): type=1400 audit(0.0:1076): avc: denied { read } for scontext=u:r:init:s0 tcontext=u:r:init:s0 tclass=netlink_kobject_uevent_socket permissive=1
06-04 11:06:00.827 E/ccc ( 1420): cccccc hhhhhhhhhh RC version is DB-15B-H5-R0111
06-04 11:06:00.829 E/RCInfo ( 1420): vid:000d
06-04 11:06:00.829 E/RCInfo ( 1420): pid:3838
06-04 11:06:00.831 E/RCInfo ( 1420): vid:000d
06-04 11:06:00.831 E/RCInfo ( 1420): pid:3838
06-04 11:06:00.831 E/ccc ( 1420): cccccc 请求remote实时 DB-15B-H5-R0111
06-04 11:06:00.831 E/ccc ( 1420): cccccc requestRemoteInfoInner factory XIMI version DB-15B-H5-R0111
06-04 11:06:00.866 I/okhttp.OkHttpClient( 1420): --> POST http://tymsgapi.qun7.com/v1/core/ykota (600-byte body)
06-04 11:06:00.898 W/System ( 1420): A resource failed to call close.
06-04 11:06:00.899 W/System ( 1420): A resource failed to call close.
06-04 11:06:00.899 W/System ( 1420): A resource failed to call close.
06-04 11:06:00.899 W/System ( 1420): A resource failed to call close.
06-04 11:06:00.899 W/System ( 1420): A resource failed to call close.
06-04 11:06:00.899 W/System ( 1420): A resource failed to call close.
06-04 11:06:00.900 W/System ( 1420): A resource failed to call close.
06-04 11:06:00.900 W/System ( 1420): A resource failed to call close.
06-04 11:06:00.900 W/System ( 1420): A resource failed to call close.
06-04 11:06:00.900 W/System ( 1420): A resource failed to call close.
06-04 11:06:00.947 D/ActivityManager( 689): freezing 2373 com.android.externalstorage
06-04 11:06:00.981 I/ActivityManager( 689): Waited long enough for: ServiceRecord{8c86aa2 u0 com.oranth.storage/.MainService}
06-04 11:06:01.378 I/ActivityManager( 689): Waited long enough for: ServiceRecord{f2f7f1b u0 com.droidlogic.mictoggle/.AssistantMicMuteService}
06-04 11:06:01.525 I/okhttp.OkHttpClient( 1420): <-- 200 OK http://tymsgapi.qun7.com/v1/core/ykota (657ms, unknown-length body)
06-04 11:06:01.528 W/System.err( 1420): java.lang.NullPointerException: Attempt to invoke virtual method 'java.lang.String com.etna.haqu.model.business.bean.db.remote.RemoteUpdateBean.getDownloadId()' on a null object reference
06-04 11:06:01.528 W/System.err( 1420): at com.dangbei.etna.update.remote.RemoteUpdateHelper$requestRemoteInfoInner$1$2.invoke(RemoteUpdateHelper.kt:178)
06-04 11:06:01.528 W/System.err( 1420): at com.dangbei.etna.update.remote.RemoteUpdateHelper$requestRemoteInfoInner$1$2.invoke(RemoteUpdateHelper.kt:170)
06-04 11:06:01.528 W/System.err( 1420): at com.etna.haqu.support.ext.FlowExtKt$safeCollect$3.emit(FlowExt.kt:52)
06-04 11:06:01.528 W/System.err( 1420): at kotlinx.coroutines.flow.FlowKt__ErrorsKt$catchImpl$2.emit(Errors.kt:158)
06-04 11:06:01.528 W/System.err( 1420): at kotlinx.coroutines.flow.FlowKt__ChannelsKt.emitAllImpl$FlowKt__ChannelsKt(Channels.kt:62)
06-04 11:06:01.528 W/System.err( 1420): at kotlinx.coroutines.flow.FlowKt__ChannelsKt.access$emitAllImpl$FlowKt__ChannelsKt(Channels.kt:1)
06-04 11:06:01.528 W/System.err( 1420): at kotlinx.coroutines.flow.FlowKt__ChannelsKt$emitAllImpl$1.invokeSuspend(Unknown Source:14)
06-04 11:06:01.528 W/System.err( 1420): at kotlin.coroutines.jvm.internal.BaseContinuationImpl.resumeWith(ContinuationImpl.kt:33)
06-04 11:06:01.528 W/System.err( 1420): at kotlinx.coroutines.DispatchedTask.run(DispatchedTask.kt:106)
06-04 11:06:01.528 W/System.err( 1420): at android.os.Handler.handleCallback(Handler.java:958)
06-04 11:06:01.528 W/System.err( 1420): at android.os.Handler.dispatchMessage(Handler.java:99)
06-04 11:06:01.528 W/System.err( 1420): at android.os.Looper.loopOnce(Looper.java:205)
06-04 11:06:01.528 W/System.err( 1420): at android.os.Looper.loop(Looper.java:294)
06-04 11:06:01.528 W/System.err( 1420): at android.app.ActivityThread.main(ActivityThread.java:8255)
06-04 11:06:01.528 W/System.err( 1420): at java.lang.reflect.Method.invoke(Native Method)
06-04 11:06:01.528 W/System.err( 1420): at com.android.internal.os.RuntimeInit$MethodAndArgsCaller.run(RuntimeInit.java:552)
06-04 11:06:01.528 W/System.err( 1420): at com.android.internal.os.ZygoteInit.main(ZygoteInit.java:978)
06-04 11:06:01.531 E/ccc ( 1420): cccccc com.dangbei.haqusetting not connect
06-04 11:06:01.531 E/ccc ( 1420): cccccc updateHelper 通知更新
06-04 11:06:01.755 W/ActivityThread( 1441): ClassLoader.loadClass: The class loader returned by Thread.getContextClassLoader() may fail for processes that host multiple applications. You should explicitly specify a context class loader. For example: Thread.setContextClassLoader(getClass().getClassLoader());
06-04 11:06:01.759 D/AccountManagerService( 689): bind attempt failed for Session: expectLaunch false, connected false, stats (0/0/0), lifetime 0.0, addAccount, accountType com.soul.kp.account, requiredFeatures null
06-04 11:06:01.766 E/d.leradlauncher( 1441): Invalid resource ID 0x00000000.
06-04 11:06:01.801 D/TrafficStats( 1441): tagSocket(79) with statsTag=0xffffffff, statsUid=-1
06-04 11:06:01.823 I/ActivityManager( 689): Waited long enough for: ServiceRecord{3b5417c u0 com.dangbei.lerad.rocky/com.dangbei.phrike.core.PhrikeDownloadService}
06-04 11:06:02.178 I/crashsdk( 1721): crashsdk uploading logs
06-04 11:06:02.447 D/nStackXCoAP( 2477): CoapMessageHandler:[133] :2.01
06-04 11:06:02.483 I/audio_hw_hal_alsamgr( 476): alsa format =0x1 delay frames =768 total frames=1466880
06-04 11:06:03.093 I/WifiHAL ( 501): call wifi_get_link_stats handler
06-04 11:06:03.093 I/WifiHAL ( 501): Creating message to get link statistics; iface = 16
06-04 11:06:03.093 D/WifiHAL ( 501): error code -95 mapped to -3
06-04 11:06:03.093 E/WifiStaIfaceAidlImpl( 689): getLinkLayerStats failed with service-specific exception: android.os.ServiceSpecificException: (code 4)
06-04 11:06:03.112 I/adbd ( 1357): type=1400 audit(0.0:1077): avc: denied { read } for path="socket:[34899]" dev="sockfs" ino=34899 scontext=u:r:su:s0 tcontext=u:r:su:s0 tclass=tcp_socket permissive=1
06-04 11:06:03.112 I/adbd ( 1357): type=1400 audit(0.0:1078): avc: denied { write } for path="socket:[34899]" dev="sockfs" ino=34899 scontext=u:r:su:s0 tcontext=u:r:su:s0 tclass=tcp_socket permissive=1
06-04 11:06:03.250 I/keystore2( 283): system/security/keystore2/src/watchdog.rs:319 - Watchdog thread idle -> terminating. Have a great day.
06-04 11:06:03.826 D/bt_vendor( 477): op for 7
06-04 11:06:03.827 D/bt_upio ( 477): upio_set : pio 0 action 1, polarity 1
06-04 11:06:03.827 D/bt_upio ( 477): begin open btwrite.
06-04 11:06:03.827 E/bt_upio ( 477): upio_set : open(/proc/bluetooth/sleep/btwrite) for write failed: No such file or directory (2)
06-04 11:06:04.087 D/SntpClient( 689): request time failed: java.net.SocketTimeoutException: Poll timed out
06-04 11:06:04.088 D/TrafficStats( 689): tagSocket(386) with statsTag=0xffffff41, statsUid=-1
06-04 11:06:04.619 I/SdkSandboxManager( 689): Reconciling sdk data package directories for 0
06-04 11:06:05.042 W/method.sogou.tv( 1440): Cleared Reference was only reachable from finalizer (only reported once)
06-04 11:06:05.166 W/oid.tv.settings( 1269): Cleared Reference was only reachable from finalizer (only reported once)
06-04 11:06:06.099 I/WifiHAL ( 501): call wifi_get_link_stats handler
06-04 11:06:06.099 I/WifiHAL ( 501): Creating message to get link statistics; iface = 16
06-04 11:06:06.099 D/WifiHAL ( 501): error code -95 mapped to -3
06-04 11:06:06.100 E/WifiStaIfaceAidlImpl( 689): getLinkLayerStats failed with service-specific exception: android.os.ServiceSpecificException: (code 4)
06-04 11:06:06.408 D/OomAdjuster( 689): Not killing cached processes
06-04 11:06:06.411 W/BroadcastLoopers( 689): Found previously unknown looper Thread[appscheduling.default,5,main]
06-04 11:06:08.156 W/System ( 1699): A resource failed to call close.
06-04 11:06:08.156 W/bei.lerad.rocky( 1699): ApkAssets: Deleting an ApkAssets object ' and /system/app/dangbei-feedback/dangbei-feedback.apk' with 1 weak references
06-04 11:06:08.157 W/bei.lerad.rocky( 1699): ApkAssets: Deleting an ApkAssets object ' and /apex/com.android.uwb/priv-app/ServiceUwbResources@UD2A.240505.001.W1/ServiceUwbResources.apk' with 1 weak references
06-04 11:06:08.157 W/bei.lerad.rocky( 1699): ApkAssets: Deleting an ApkAssets object ' and /apex/com.android.adservices/priv-app/AdServicesApk@UD2A.240505.001.W1/AdServicesApk.apk' with 1 weak references
06-04 11:06:08.158 W/bei.lerad.rocky( 1699): ApkAssets: Deleting an ApkAssets object ' and /system/priv-app/DynamicSystemInstallationService/DynamicSystemInstallationService.apk' with 1 weak references
06-04 11:06:08.159 W/bei.lerad.rocky( 1699): ApkAssets: Deleting an ApkAssets object ' and /apex/com.android.healthfitness/priv-app/HealthConnectController@UD2A.240505.001.W1/HealthConnectController.apk' with 1 weak references
06-04 11:06:08.159 W/bei.lerad.rocky( 1699): ApkAssets: Deleting an ApkAssets object ' and /system/priv-app/CalendarProvider/CalendarProvider.apk' with 1 weak references
06-04 11:06:08.159 W/bei.lerad.rocky( 1699): ApkAssets: Deleting an ApkAssets object ' and /system_ext/priv-app/TvSettings/TvSettings.apk' with 1 weak references
06-04 11:06:08.160 W/bei.lerad.rocky( 1699): ApkAssets: Deleting an ApkAssets object ' and /system/app/dangbei-steward/dangbei-steward.apk' with 1 weak references
06-04 11:06:08.160 W/bei.lerad.rocky( 1699): ApkAssets: Deleting an ApkAssets object ' and /system/app/com.sohu.inputmethod.sogou.tv/com.sohu.inputmethod.sogou.tv.apk' with 1 weak references
06-04 11:06:08.161 W/bei.lerad.rocky( 1699): ApkAssets: Deleting an ApkAssets object ' and /system/priv-app/ExternalStorageProvider/ExternalStorageProvider.apk' with 1 weak references
06-04 11:06:08.161 W/bei.lerad.rocky( 1699): ApkAssets: Deleting an ApkAssets object ' and /system/app/HTMLViewer/HTMLViewer.apk' with 1 weak references
06-04 11:06:08.161 W/bei.lerad.rocky( 1699): ApkAssets: Deleting an ApkAssets object ' and /system/app/CompanionDeviceManager/CompanionDeviceManager.apk' with 1 weak references
06-04 11:06:08.161 W/bei.lerad.rocky( 1699): ApkAssets: Deleting an ApkAssets object ' and /system/priv-app/DownloadProvider/DownloadProvider.apk' with 1 weak references
06-04 11:06:08.161 W/bei.lerad.rocky( 1699): ApkAssets: Deleting an ApkAssets object ' and /system/priv-app/TvProvider/TvProvider.apk' with 1 weak references
06-04 11:06:08.161 W/bei.lerad.rocky( 1699): ApkAssets: Deleting an ApkAssets object '/product/overlay/TvProviderOverlay.apk' with 1 weak references
06-04 11:06:08.161 W/bei.lerad.rocky( 1699): ApkAssets: Deleting an ApkAssets object ' and /product/app/DLNA/DLNA.apk' with 1 weak references
06-04 11:06:08.162 W/bei.lerad.rocky( 1699): ApkAssets: Deleting an ApkAssets object ' and /system_ext/priv-app/droidlogic-res/droidlogic-res.apk' with 1 weak references
06-04 11:06:08.162 W/bei.lerad.rocky( 1699): ApkAssets: Deleting an ApkAssets object ' and /system_ext/priv-app/DroidTvSettings/DroidTvSettings.apk' with 1 weak references
06-04 11:06:08.163 W/bei.lerad.rocky( 1699): ApkAssets: Deleting an ApkAssets object ' and /system/app/LedCtrl/LedCtrl.apk' with 1 weak references
06-04 11:06:08.163 W/bei.lerad.rocky( 1699): ApkAssets: Deleting an ApkAssets object ' and /system/app/dangbei-media-player/dangbei-media-player.apk' with 1 weak references
06-04 11:06:08.164 W/bei.lerad.rocky( 1699): ApkAssets: Deleting an ApkAssets object ' and /system/app/PacProcessor/PacProcessor.apk' with 1 weak references
06-04 11:06:08.164 W/bei.lerad.rocky( 1699): ApkAssets: Deleting an ApkAssets object ' and /apex/com.android.permission/priv-app/SafetyCenterResources@UD2A.240505.001.W1/SafetyCenterResources.apk' with 1 weak references
06-04 11:06:08.164 W/bei.lerad.rocky( 1699): ApkAssets: Deleting an ApkAssets object ' and /system/priv-app/NetworkStack/NetworkStack.apk' with 1 weak references
06-04 11:06:08.164 W/bei.lerad.rocky( 1699): ApkAssets: Deleting an ApkAssets object '/product/overlay/TvNetworkStackOverlay.apk' with 1 weak references
06-04 11:06:08.164 W/bei.lerad.rocky( 1699): ApkAssets: Deleting an ApkAssets object ' and /apex/com.android.tethering/priv-app/ServiceConnectivityResources@UD2A.240505.001.W1/ServiceConnectivityResources.apk' with 1 weak references
06-04 11:06:08.165 W/bei.lerad.rocky( 1699): ApkAssets: Deleting an ApkAssets object ' and /product/app/ModuleMetadata/ModuleMetadata.apk' with 1 weak references
06-04 11:06:08.165 W/bei.lerad.rocky( 1699): ApkAssets: Deleting an ApkAssets object ' and /system/app/CertInstaller/CertInstaller.apk' with 1 weak references
06-04 11:06:08.165 W/bei.lerad.rocky( 1699): ApkAssets: Deleting an ApkAssets object ' and /system/framework/framework-res.apk' with 1 weak references
06-04 11:06:08.166 W/bei.lerad.rocky( 1699): ApkAssets: Deleting an ApkAssets object ' and /product/app/Camera2/Camera2.apk' with 1 weak references
06-04 11:06:08.167 W/bei.lerad.rocky( 1699): ApkAssets: Deleting an ApkAssets object ' and /system/priv-app/MtpService/MtpService.apk' with 1 weak references
06-04 11:06:08.167 W/bei.lerad.rocky( 1699): ApkAssets: Deleting an ApkAssets object ' and /system/priv-app/StatementService/StatementService.apk' with 1 weak references
06-04 11:06:08.167 W/bei.lerad.rocky( 1699): ApkAssets: Deleting an ApkAssets object ' and /system/app/dangbei-screencast/dangbei-screencast.apk' with 1 weak references
06-04 11:06:08.168 W/bei.lerad.rocky( 1699): ApkAssets: Deleting an ApkAssets object ' and /product/priv-app/SettingsIntelligence/SettingsIntelligence.apk' with 1 weak references
06-04 11:06:08.168 W/bei.lerad.rocky( 1699): ApkAssets: Deleting an ApkAssets object ' and /system/app/dangbei-launcher/dangbei-launcher.apk' with 1 weak references
06-04 11:06:08.168 W/bei.lerad.rocky( 1699): ApkAssets: Deleting an ApkAssets object ' and /system/app/PrintSpooler/PrintSpooler.apk' with 1 weak references
06-04 11:06:08.169 W/bei.lerad.rocky( 1699): ApkAssets: Deleting an ApkAssets object ' and /system/app/BasicDreams/BasicDreams.apk' with 1 weak references
06-04 11:06:08.169 W/bei.lerad.rocky( 1699): ApkAssets: Deleting an ApkAssets object ' and /system/priv-app/InputDevices/InputDevices.apk' with 1 weak references
06-04 11:06:08.169 W/bei.lerad.rocky( 1699): ApkAssets: Deleting an ApkAssets object ' and /apex/com.android.rkpd/priv-app/rkpdapp@UD2A.240505.001.W1/rkpdapp.apk' with 1 weak references
06-04 11:06:08.169 W/bei.lerad.rocky( 1699): ApkAssets: Deleting an ApkAssets object ' and /system/app/InputMacSn/InputMacSn.apk' with 1 weak references
06-04 11:06:08.170 W/bei.lerad.rocky( 1699): ApkAssets: Deleting an ApkAssets object ' and /system/priv-app/MusicFX/MusicFX.apk' with 1 weak references
06-04 11:06:08.170 W/bei.lerad.rocky( 1699): ApkAssets: Deleting an ApkAssets object ' and /system/priv-app/dangbei-boot-guide/dangbei-boot-guide.apk' with 1 weak references
06-04 11:06:08.170 W/bei.lerad.rocky( 1699): ApkAssets: Deleting an ApkAssets object ' and /system/app/ExtShared/ExtShared.apk' with 1 weak references
06-04 11:06:08.171 W/bei.lerad.rocky( 1699): ApkAssets: Deleting an ApkAssets object ' and /system/app/KeyChain/KeyChain.apk' with 1 weak references
06-04 11:06:08.171 W/bei.lerad.rocky( 1699): ApkAssets: Deleting an ApkAssets object ' and /apex/com.android.extservices/priv-app/ExtServices@UD2A.240505.001.W1/ExtServices.apk' with 1 weak references
06-04 11:06:08.171 W/bei.lerad.rocky( 1699): ApkAssets: Deleting an ApkAssets object ' and /apex/com.android.wifi/priv-app/ServiceWifiResources@UD2A.240505.001.W1/ServiceWifiResources.apk' with 1 weak references
06-04 11:06:08.172 W/bei.lerad.rocky( 1699): ApkAssets: Deleting an ApkAssets object '/product/overlay/TvWifiOverlay.apk' with 1 weak references
06-04 11:06:08.172 W/bei.lerad.rocky( 1699): ApkAssets: Deleting an ApkAssets object '/product/overlay/WiFiTetheringOverlay.apk' with 1 weak references
06-04 11:06:08.172 W/bei.lerad.rocky( 1699): ApkAssets: Deleting an ApkAssets object ' and /system/app/CameraExtensionsProxy/CameraExtensionsProxy.apk' with 1 weak references
06-04 11:06:08.172 W/bei.lerad.rocky( 1699): ApkAssets: Deleting an ApkAssets object ' and /system_ext/priv-app/MicToggleProvider/MicToggleProvider.apk' with 1 weak references
06-04 11:06:08.172 W/bei.lerad.rocky( 1699): ApkAssets: Deleting an ApkAssets object ' and /system/priv-app/PackageInstaller_tv/PackageInstaller_tv.apk' with 1 weak references
06-04 11:06:08.173 W/bei.lerad.rocky( 1699): ApkAssets: Deleting an ApkAssets object ' and /system/app/FactoryTest_oranth/FactoryTest_oranth.apk' with 1 weak references
06-04 11:06:08.173 W/bei.lerad.rocky( 1699): ApkAssets: Deleting an ApkAssets object ' and /system/priv-app/ProxyHandler/ProxyHandler.apk' with 1 weak references
06-04 11:06:08.173 W/bei.lerad.rocky( 1699): ApkAssets: Deleting an ApkAssets object ' and /system/priv-app/IntentResolver/IntentResolver.apk' with 1 weak references
06-04 11:06:08.174 W/bei.lerad.rocky( 1699): ApkAssets: Deleting an ApkAssets object ' and /system/priv-app/ManagedProvisioning/ManagedProvisioning.apk' with 1 weak references
06-04 11:06:08.174 W/bei.lerad.rocky( 1699): ApkAssets: Deleting an ApkAssets object ' and /system/app/UsbOpenFT/UsbOpenFT.apk' with 1 weak references
06-04 11:06:08.174 W/bei.lerad.rocky( 1699): ApkAssets: Deleting an ApkAssets object ' and /system/priv-app/SoundPicker/SoundPicker.apk' with 1 weak references
06-04 11:06:08.174 W/bei.lerad.rocky( 1699): ApkAssets: Deleting an ApkAssets object ' and /system/app/dangbei-etna-service/dangbei-etna-service.apk' with 1 weak references
06-04 11:06:08.174 W/bei.lerad.rocky( 1699): ApkAssets: Deleting an ApkAssets object ' and /product/app/Miracast/Miracast.apk' with 1 weak references
06-04 11:06:08.174 W/bei.lerad.rocky( 1699): ApkAssets: Deleting an ApkAssets object ' and /system/app/dangbei-file-manager/dangbei-file-manager.apk' with 1 weak references
06-04 11:06:08.175 W/bei.lerad.rocky( 1699): ApkAssets: Deleting an ApkAssets object ' and /system/app/PowerUI/PowerUI.apk' with 1 weak references
06-04 11:06:08.175 W/bei.lerad.rocky( 1699): ApkAssets: Deleting an ApkAssets object ' and /system/app/dangbei-screensaver/dangbei-screensaver.apk' with 1 weak references
06-04 11:06:08.175 W/bei.lerad.rocky( 1699): ApkAssets: Deleting an ApkAssets object ' and /product/app/Music/Music.apk' with 1 weak references
06-04 11:06:08.176 W/bei.lerad.rocky( 1699): ApkAssets: Deleting an ApkAssets object ' and /system/priv-app/Shell/Shell.apk' with 1 weak references
06-04 11:06:08.176 W/bei.lerad.rocky( 1699): ApkAssets: Deleting an ApkAssets object ' and /system/priv-app/UserDictionaryProvider/UserDictionaryProvider.apk' with 1 weak references
06-04 11:06:08.176 W/bei.lerad.rocky( 1699): ApkAssets: Deleting an ApkAssets object ' and /apex/com.android.mediaprovider/priv-app/MediaProvider@UD2A.240505.001.W1/MediaProvider.apk' with 1 weak references
06-04 11:06:08.176 W/bei.lerad.rocky( 1699): ApkAssets: Deleting an ApkAssets object ' and /system/app/Low_storage_dialog/Low_storage_dialog.apk' with 1 weak references
06-04 11:06:08.176 W/bei.lerad.rocky( 1699): ApkAssets: Deleting an ApkAssets object ' and /apex/com.android.wifi/app/OsuLogin@UD2A.240505.001.W1/OsuLogin.apk' with 1 weak references
06-04 11:06:08.177 W/bei.lerad.rocky( 1699): ApkAssets: Deleting an ApkAssets object ' and /system/priv-app/FusedLocation/FusedLocation.apk' with 1 weak references
06-04 11:06:08.177 W/bei.lerad.rocky( 1699): ApkAssets: Deleting an ApkAssets object ' and /product/app/DeskClock/DeskClock.apk' with 1 weak references
06-04 11:06:08.177 W/bei.lerad.rocky( 1699): ApkAssets: Deleting an ApkAssets object ' and /system_ext/priv-app/TvSystemUI/TvSystemUI.apk' with 1 weak references
06-04 11:06:08.178 W/bei.lerad.rocky( 1699): ApkAssets: Deleting an ApkAssets object '/vendor/overlay/TvSystemUI__auto_generated_rro_vendor.apk' with 1 weak references
06-04 11:06:08.178 W/bei.lerad.rocky( 1699): ApkAssets: Deleting an ApkAssets object '/product/overlay/SystemUIOverlay.apk' with 1 weak references
06-04 11:06:08.178 W/bei.lerad.rocky( 1699): ApkAssets: Deleting an ApkAssets object ' and /system/app/dangbei-setting/dangbei-setting.apk' with 1 weak references
06-04 11:06:08.179 W/bei.lerad.rocky( 1699): ApkAssets: Deleting an ApkAssets object ' and /apex/com.android.permission/priv-app/PermissionController@UD2A.240505.001.W1/PermissionController.apk' with 1 weak references
06-04 11:06:08.180 W/bei.lerad.rocky( 1699): ApkAssets: Deleting an ApkAssets object ' and /vendor/priv-app/AppInstaller/AppInstaller.apk' with 1 weak references
06-04 11:06:08.180 W/bei.lerad.rocky( 1699): ApkAssets: Deleting an ApkAssets object ' and /apex/com.android.btservices/app/Bluetooth@UD2A.240505.001.W1/Bluetooth.apk' with 1 weak references
