06-04 11:05:40.284 D/CompatibilityChangeReporter( 689): Compat change id reported: 262645982; UID 10060; state: ENABLED
06-04 11:05:40.285 D/CompatibilityChangeReporter( 689): Compat change id reported: 218533173; UID 10062; state: ENABLED
06-04 11:05:40.290 D/CompatibilityChangeReporter( 689): Compat change id reported: 262645982; UID 10062; state: ENABLED
06-04 11:05:40.330 D/CompatibilityChangeReporter( 689): Compat change id reported: 168419799; UID 1068; state: DISABLED
06-04 11:05:40.330 D/CompatibilityChangeReporter( 689): Compat change id reported: 273564678; UID 1068; state: DISABLED
06-04 11:05:40.373 D/CompatibilityChangeReporter( 689): Compat change id reported: 218533173; UID 10030; state: ENABLED
06-04 11:05:40.397 D/CompatibilityChangeReporter( 689): Compat change id reported: 262645982; UID 10030; state: ENABLED
06-04 11:05:40.398 D/CompatibilityChangeReporter( 689): Compat change id reported: 218533173; UID 10013; state: ENABLED
06-04 11:05:40.427 I/MR2ServiceImpl( 689): registerManager | uid: 10052, pid: 939, package: com.android.systemui, user: 0
06-04 11:05:40.436 D/CompatibilityChangeReporter( 689): Compat change id reported: 262645982; UID 10013; state: ENABLED
06-04 11:05:40.444 D/CompatibilityChangeReporter( 689): Compat change id reported: 218533173; UID 10025; state: ENABLED
06-04 11:05:40.454 D/CompatibilityChangeReporter( 689): Compat change id reported: 262645982; UID 10025; state: ENABLED
06-04 11:05:40.467 W/android.hardware.wifi-service.droidlogic( 501): No active wlan interfaces in use! Using default
06-04 11:05:40.467 E/android.hardware.wifi-service.droidlogic( 501): Unknown iface name: wlan0
06-04 11:05:40.467 E/android.hardware.wifi-service.droidlogic( 501): Unknown iface name: wlan0
06-04 11:05:40.481 D/CompatibilityChangeReporter( 689): Compat change id reported: 218533173; UID 10022; state: ENABLED
06-04 11:05:40.500 W/Looper ( 689): Slow dispatch took 226ms main h=android.database.sqlite.SQLiteConnectionPool$IdleConnectionHandler c=null m=0
06-04 11:05:40.501 D/CompatibilityChangeReporter( 689): Compat change id reported: 161145287; UID 1000; state: DISABLED
06-04 11:05:40.530 D/CompatibilityChangeReporter( 689): Compat change id reported: 262645982; UID 10022; state: ENABLED
06-04 11:05:40.580 I/android.hardware.wifi-service.droidlogic( 501): Adding interface handle for p2p0
06-04 11:05:40.580 I/android.hardware.wifi-service.droidlogic( 501): Adding interface handle for ap0
06-04 11:05:40.580 I/android.hardware.wifi-service.droidlogic( 501): Adding interface handle for wlan0
06-04 11:05:40.580 W/android.hardware.wifi-service.droidlogic( 501): No active wlan interfaces in use! Using default
06-04 11:05:40.580 E/android.hardware.wifi-service.droidlogic( 501): Failed to register radio mode change callback
06-04 11:05:40.580 W/android.hardware.wifi-service.droidlogic( 501): No active wlan interfaces in use! Using default
06-04 11:05:40.582 E/android.hardware.wifi-service.droidlogic( 501): Failed to get SupportedIfaceCombinations matrix from legacy HAL: NOT_SUPPORTED
06-04 11:05:40.582 I/android.hardware.wifi-service.droidlogic( 501): Configured chip in mode 3
06-04 11:05:40.582 W/android.hardware.wifi-service.droidlogic( 501): No active wlan interfaces in use! Using default
06-04 11:05:40.582 D/CompatibilityChangeReporter( 689): Compat change id reported: 218533173; UID 10020; state: ENABLED
06-04 11:05:40.584 D/CompatibilityChangeReporter( 689): Compat change id reported: 262645982; UID 10020; state: ENABLED
06-04 11:05:40.588 D/CompatibilityChangeReporter( 689): Compat change id reported: 161145287; UID 1000; state: ENABLED
06-04 11:05:40.590 D/ConditionProviders.SCP( 689): onConnected
06-04 11:05:40.596 D/CompatibilityChangeReporter( 689): Compat change id reported: 218533173; UID 10066; state: ENABLED
06-04 11:05:40.599 D/CompatibilityChangeReporter( 689): Compat change id reported: 262645982; UID 10066; state: ENABLED
06-04 11:05:40.602 D/ConditionProviders.SCP( 689): onSubscribe condition://android/schedule?days=1.2.3.4.5.6.7&start=22.0&end=7.0&exitAtAlarm=true
06-04 11:05:40.602 D/ConditionProviders.SCP( 689): setRegistered true
06-04 11:05:40.611 D/CompatibilityChangeReporter( 689): Compat change id reported: 218533173; UID 10023; state: ENABLED
06-04 11:05:40.615 D/CompatibilityChangeReporter( 689): Compat change id reported: 262645982; UID 10023; state: ENABLED
06-04 11:05:40.617 W/android.hardware.wifi-service.droidlogic( 501): No active wlan interfaces in use! Using default
06-04 11:05:40.617 D/CompatibilityChangeReporter( 689): Compat change id reported: 218533173; UID 10002; state: ENABLED
06-04 11:05:40.617 D/CompatibilityChangeReporter( 689): Compat change id reported: 262645982; UID 10002; state: ENABLED
06-04 11:05:40.638 I/android.hardware.wifi-service.droidlogic( 501): Adding interface handle for p2p0
06-04 11:05:40.638 I/android.hardware.wifi-service.droidlogic( 501): Adding interface handle for ap0
06-04 11:05:40.638 I/android.hardware.wifi-service.droidlogic( 501): Adding interface handle for wlan0
06-04 11:05:40.638 E/android.hardware.wifi-service.droidlogic( 501): Failed to set DFS flag; DFS channels may be unavailable.
06-04 11:05:40.680 D/CompatibilityChangeReporter( 689): Compat change id reported: 218533173; UID 10011; state: ENABLED
06-04 11:05:40.713 D/CompatibilityChangeReporter( 689): Compat change id reported: 262645982; UID 10011; state: ENABLED
06-04 11:05:40.769 D/ConditionProviders.SCP( 689): evaluateSubscriptionLocked cal=ScheduleCalendar[mDays={1, 2, 3, 4, 5, 6, 7}, mSchedule=ScheduleInfo{days=[1, 2, 3, 4, 5, 6, 7], startHour=22, startMinute=0, endHour=7, endMinute=0, exitAtAlarm=true, nextAlarm=Thu Jan 01 08:00:00 GMT+08:00 1970 (0)}], now=Wed Jun 04 11:05:40 GMT+08:00 2025 (1749006340602), nextUserAlarmTime=Thu Jan 01 08:00:00 GMT+08:00 1970 (0)
06-04 11:05:40.770 D/ConditionProviders.SCP( 689): notifyCondition condition://android/schedule?days=1.2.3.4.5.6.7&start=22.0&end=7.0&exitAtAlarm=true STATE_FALSE reason=!meetsSchedule
06-04 11:05:40.788 D/CompatibilityChangeReporter( 689): Compat change id reported: 218533173; UID 10041; state: DISABLED
06-04 11:05:40.790 D/ConditionProviders.SCP( 689): Scheduling evaluate for Wed Jun 04 22:00:00 GMT+08:00 2025 (1749045600000), in +10h54m19s398ms, now=Wed Jun 04 11:05:40 GMT+08:00 2025 (1749006340602)
06-04 11:05:40.807 D/CompatibilityChangeReporter( 689): Compat change id reported: 262645982; UID 10041; state: DISABLED
06-04 11:05:40.808 D/CompatibilityChangeReporter( 689): Compat change id reported: 218533173; UID 10074; state: DISABLED
06-04 11:05:40.831 D/CompatibilityChangeReporter( 689): Compat change id reported: 171306433; UID 1000; state: ENABLED
06-04 11:05:40.851 E/android.hardware.wifi-service.droidlogic( 501): Failed to get chip capabilities from legacy HAL: NOT_SUPPORTED
06-04 11:05:40.852 D/CompatibilityChangeReporter( 689): Compat change id reported: 262645982; UID 10074; state: DISABLED
06-04 11:05:40.868 I/wificond( 609): createClientInterface: wiphy_index 0 iface_name wlan0
06-04 11:05:40.870 I/wificond( 609): create scanner for interface with index: 16
06-04 11:05:40.870 I/wificond( 609): subscribe scan result for interface with index: 16
06-04 11:05:40.871 I/wificond( 609): add channel type 0 support at wiphy index: 0
06-04 11:05:40.871 I/wificond( 609): add channel type 1 support at wiphy index: 0
06-04 11:05:40.888 D/CompatibilityChangeReporter( 689): Compat change id reported: 218533173; UID 10044; state: ENABLED
06-04 11:05:40.888 D/CompatibilityChangeReporter( 689): Compat change id reported: 262645982; UID 10044; state: ENABLED
06-04 11:05:40.889 D/CompatibilityChangeReporter( 689): Compat change id reported: 218533173; UID 10009; state: ENABLED
06-04 11:05:40.890 D/CompatibilityChangeReporter( 689): Compat change id reported: 262645982; UID 10009; state: ENABLED
06-04 11:05:40.890 D/CompatibilityChangeReporter( 689): Compat change id reported: 218533173; UID 10028; state: ENABLED
06-04 11:05:40.911 D/CompatibilityChangeReporter( 689): Compat change id reported: 218533173; UID 1000; state: ENABLED
06-04 11:05:40.915 W/Looper ( 689): Slow dispatch took 312ms main h=android.service.notification.ConditionProviderService$H c=null m=3
06-04 11:05:40.953 D/CompatibilityChangeReporter( 689): Compat change id reported: 135634846; UID 10060; state: DISABLED
06-04 11:05:40.969 D/CompatibilityChangeReporter( 689): Compat change id reported: 143937733; UID 10060; state: ENABLED
06-04 11:05:40.984 D/CompatibilityChangeReporter( 689): Compat change id reported: 261072174; UID 1000; state: ENABLED
06-04 11:05:40.986 I/ActivityManager( 689): Start proc 1109:android.ext.services/u0a60 for service {android.ext.services/android.ext.services.autofill.InlineSuggestionRenderServiceImpl}
06-04 11:05:40.986 W/Looper ( 939): Slow dispatch took 2134ms main h=android.app.ActivityThread$H c=null m=110
06-04 11:05:41.003 D/CompatibilityChangeReporter( 689): Compat change id reported: 262645982; UID 10028; state: ENABLED
06-04 11:05:41.004 D/CompatibilityChangeReporter( 689): Compat change id reported: 218533173; UID 10049; state: DISABLED
06-04 11:05:41.005 D/CompatibilityChangeReporter( 689): Compat change id reported: 262645982; UID 10049; state: DISABLED
06-04 11:05:41.015 W/ActivityManager( 689): Slow operation: 63ms so far, now at startProcess: done updating pids map
06-04 11:05:41.029 D/CompatibilityChangeReporter( 689): Compat change id reported: 168419799; UID 10060; state: DISABLED
06-04 11:05:41.030 D/CompatibilityChangeReporter( 689): Compat change id reported: 273564678; UID 10060; state: DISABLED
06-04 11:05:41.045 D/CompatibilityChangeReporter( 689): Compat change id reported: 170503758; UID 10060; state: ENABLED
06-04 11:05:41.151 W/ActivityThread( 689): Failed to find provider info for com.android.calendar (user not unlocked)
06-04 11:05:41.151 D/CompatibilityChangeReporter( 689): Compat change id reported: 218533173; UID 10072; state: ENABLED
06-04 11:05:41.152 D/CompatibilityChangeReporter( 689): Compat change id reported: 262645982; UID 10072; state: ENABLED
06-04 11:05:41.153 D/CompatibilityChangeReporter( 689): Compat change id reported: 218533173; UID 10017; state: ENABLED
06-04 11:05:41.154 D/CompatibilityChangeReporter( 689): Compat change id reported: 262645982; UID 10017; state: ENABLED
06-04 11:05:41.155 D/CompatibilityChangeReporter( 689): Compat change id reported: 218533173; UID 10058; state: ENABLED
06-04 11:05:41.156 D/CompatibilityChangeReporter( 689): Compat change id reported: 262645982; UID 10058; state: ENABLED
06-04 11:05:41.157 D/CompatibilityChangeReporter( 689): Compat change id reported: 218533173; UID 10063; state: ENABLED
06-04 11:05:41.158 D/CompatibilityChangeReporter( 689): Compat change id reported: 262645982; UID 10063; state: ENABLED
06-04 11:05:41.171 D/HDMI ( 689): addCecDevice new:CEC: logical_address: 0x04 device_type: 4 cec_version: 5 vendor_id: 1877008 display_name: DBBOX-A3 power_status: 0 physical_address: 0x3000 port_id: 0 old:null
06-04 11:05:41.181 E/android.hardware.wifi-service.droidlogic( 501): Failed to get SupportedRadioCombinations matrix from legacy HAL: NOT_SUPPORTED
06-04 11:05:41.183 D/CompatibilityChangeReporter( 689): Compat change id reported: 161145287; UID 1073; state: ENABLED
06-04 11:05:41.185 W/ActivityThread( 689): Failed to find provider info for com.android.calendar (user not unlocked)
06-04 11:05:41.208 D/CompatibilityChangeReporter( 689): Compat change id reported: 218533173; UID 10050; state: DISABLED
06-04 11:05:41.209 D/CompatibilityChangeReporter( 689): Compat change id reported: 262645982; UID 10050; state: DISABLED
06-04 11:05:41.209 D/CompatibilityChangeReporter( 689): Compat change id reported: 171306433; UID 10050; state: DISABLED
06-04 11:05:41.210 D/CompatibilityChangeReporter( 689): Compat change id reported: 218533173; UID 10052; state: ENABLED
06-04 11:05:41.217 D/CompatibilityChangeReporter( 689): Compat change id reported: 218533173; UID 10005; state: ENABLED
06-04 11:05:41.220 D/CompatibilityChangeReporter( 689): Compat change id reported: 262645982; UID 10005; state: ENABLED
06-04 11:05:41.221 D/CompatibilityChangeReporter( 689): Compat change id reported: 218533173; UID 10057; state: ENABLED
06-04 11:05:41.221 D/CompatibilityChangeReporter( 689): Compat change id reported: 262645982; UID 10057; state: ENABLED
06-04 11:05:41.222 D/CompatibilityChangeReporter( 689): Compat change id reported: 218533173; UID 10045; state: ENABLED
06-04 11:05:41.227 D/CompatibilityChangeReporter( 689): Compat change id reported: 262645982; UID 10045; state: ENABLED
06-04 11:05:41.229 D/CompatibilityChangeReporter( 689): Compat change id reported: 218533173; UID 10054; state: ENABLED
06-04 11:05:41.229 D/CompatibilityChangeReporter( 689): Compat change id reported: 262645982; UID 10054; state: ENABLED
06-04 11:05:41.235 D/CompatibilityChangeReporter( 689): Compat change id reported: 218533173; UID 10034; state: ENABLED
06-04 11:05:41.236 D/CompatibilityChangeReporter( 689): Compat change id reported: 262645982; UID 10034; state: DISABLED
06-04 11:05:41.239 D/CompatibilityChangeReporter( 689): Compat change id reported: 218533173; UID 10001; state: ENABLED
06-04 11:05:41.240 D/CompatibilityChangeReporter( 689): Compat change id reported: 262645982; UID 10001; state: ENABLED
06-04 11:05:41.243 D/CompatibilityChangeReporter( 689): Compat change id reported: 218533173; UID 10070; state: ENABLED
06-04 11:05:41.245 D/CompatibilityChangeReporter( 689): Compat change id reported: 262645982; UID 10070; state: ENABLED
06-04 11:05:41.248 D/CompatibilityChangeReporter( 689): Compat change id reported: 218533173; UID 10061; state: ENABLED
06-04 11:05:41.250 D/CompatibilityChangeReporter( 689): Compat change id reported: 262645982; UID 10061; state: ENABLED
06-04 11:05:41.261 D/CompatibilityChangeReporter( 689): Compat change id reported: 218533173; UID 10014; state: ENABLED
06-04 11:05:41.263 D/CompatibilityChangeReporter( 689): Compat change id reported: 262645982; UID 10014; state: ENABLED
06-04 11:05:41.264 D/CompatibilityChangeReporter( 689): Compat change id reported: 265195908; UID 1002; state: ENABLED
06-04 11:05:41.279 D/CompatibilityChangeReporter( 689): Compat change id reported: 265195908; UID 1068; state: ENABLED
06-04 11:05:41.282 D/CompatibilityChangeReporter( 689): Compat change id reported: 265195908; UID 10060; state: ENABLED
06-04 11:05:41.329 D/HDMI ( 689): onInitializeCecComplete 1
06-04 11:05:41.329 D/HdmiControlService( 689): Local device is under address allocation. Queue display callback for later process.
06-04 11:05:41.335 D/HDMI ( 689): onAddressAllocated address:4 reason:1
06-04 11:05:41.355 D/CompatibilityChangeReporter( 689): Compat change id reported: 161145287; UID 1068; state: ENABLED
06-04 11:05:41.467 D/HDMI ( 689): [S]: 4F:84:30:00:04
06-04 11:05:41.484 D/CompatibilityChangeReporter( 689): Compat change id reported: 182478738; UID 1073; state: ENABLED
06-04 11:05:41.489 D/HDMI ( 689): DeviceDiscoveryAction start com.android.server.hdmi.DeviceDiscoveryAction@503c9b4
06-04 11:05:41.503 W/Looper ( 689): Slow dispatch took 549ms main h=android.os.Handler c=com.android.server.hdmi.WorkSourceUidPreservingRunnable@f0a789e m=0
06-04 11:05:41.505 D/HDMI ( 689): receive android.intent.action.CONFIGURATION_CHANGED
06-04 11:05:41.523 D/HDMI ( 689): receive android.intent.action.CONFIGURATION_CHANGED
06-04 11:05:41.547 I/HdmiCecLocalDeviceSource( 689): queryDisplayStatus already in progress
06-04 11:05:41.548 I/PackageWatchdog( 689): Syncing health check requests for packages: {}
06-04 11:05:41.548 I/ExplicitHealthCheckController( 689): Service not ready to get health check supported packages. Binding...
06-04 11:05:41.572 I/ExplicitHealthCheckController( 689): Explicit health check service is bound
06-04 11:05:41.623 D/HDMI ( 689): [S]: 4F:87:1C:A4:10
06-04 11:05:41.716 W/Looper ( 689): Slow dispatch took 101ms main h=android.app.ActivityThread$H c=null m=114
06-04 11:05:41.761 D/HDMI ( 689): Process pid:1063 is calling addHotplugEventListener
06-04 11:05:41.795 W/ActivityTaskManager( 689): Activity top resumed state loss timeout for ActivityRecord{a39ad9d u0 com.android.systemui/.sensorprivacy.television.TvSensorPrivacyChangedActivity t2 f}}
06-04 11:05:41.795 I/wificond( 609): Regulatory domain changed to country: CN on wiphy_index: 0
06-04 11:05:41.796 I/wificond( 609): UpdateBandInfo
06-04 11:05:41.799 I/wificond( 609): 2.4Ghz frequencies: 2412 2417 2422 2427 2432 2437 2442 2447 2452 2457 2462 2467 2472
06-04 11:05:41.799 I/wificond( 609): 5Ghz non-DFS frequencies: 5745 5765 5785 5805 5825
06-04 11:05:41.799 I/wificond( 609): 5Ghz DFS frequencies: 5180 5200 5220 5240 5260 5280 5300 5320
06-04 11:05:41.799 I/wificond( 609): 6Ghz frequencies:
06-04 11:05:41.799 I/wificond( 609): 60Ghz frequencies:
06-04 11:05:41.799 I/wificond( 609): Regulatory domain changed to country: CN on wiphy_index: 0
06-04 11:05:41.799 I/wificond( 609): UpdateBandInfo
06-04 11:05:41.802 I/wificond( 609): 2.4Ghz frequencies: 2412 2417 2422 2427 2432 2437 2442 2447 2452 2457 2462 2467 2472
06-04 11:05:41.802 I/wificond( 609): 5Ghz non-DFS frequencies: 5745 5765 5785 5805 5825
06-04 11:05:41.802 I/wificond( 609): 5Ghz DFS frequencies: 5180 5200 5220 5240 5260 5280 5300 5320
06-04 11:05:41.802 I/wificond( 609): 6Ghz frequencies:
06-04 11:05:41.802 I/wificond( 609): 60Ghz frequencies:
06-04 11:05:41.803 W/ActivityTaskManager( 689): Activity pause timeout for ActivityRecord{a39ad9d u0 com.android.systemui/.sensorprivacy.television.TvSensorPrivacyChangedActivity t2 f}}
06-04 11:05:41.804 D/WindowManager( 689): ThemeHomeDelay: Home launch was deferred.
06-04 11:05:41.805 I/wificond( 609): Receive notifyCountryCodeChanged
06-04 11:05:41.805 I/wificond( 609): UpdateBandInfo
06-04 11:05:41.806 D/WindowManager( 689): ThemeHomeDelay: Home launch was deferred.
06-04 11:05:41.807 D/WindowManager( 689): ThemeHomeDelay: Home launch was deferred.
06-04 11:05:41.811 I/wificond( 609): 2.4Ghz frequencies: 2412 2417 2422 2427 2432 2437 2442 2447 2452 2457 2462 2467 2472
06-04 11:05:41.811 I/wificond( 609): 5Ghz non-DFS frequencies: 5745 5765 5785 5805 5825
06-04 11:05:41.811 I/wificond( 609): 5Ghz DFS frequencies: 5180 5200 5220 5240 5260 5280 5300 5320
06-04 11:05:41.811 I/wificond( 609): 6Ghz frequencies:
06-04 11:05:41.811 I/wificond( 609): 60Ghz frequencies:
06-04 11:05:41.837 I/MR2ServiceImpl( 689): addProviderRoutes | provider: com.android.server.media/.SystemMediaRoute2Provider, routes: [DEVICE_ROUTE | 电视]
06-04 11:05:41.850 D/WallpaperManagerService( 689): WPMS.onServiceConnected-ComponentInfo{com.android.systemui/com.android.systemui.wallpapers.ImageWallpaper}
06-04 11:05:41.851 D/WallpaperManagerService( 689): WPMS.attachServiceLocked
06-04 11:05:41.851 D/WallpaperManagerService( 689): WPMS.connectLocked-ComponentInfo{com.android.systemui/com.android.systemui.wallpapers.ImageWallpaper}
06-04 11:05:41.854 D/WallpaperManagerService( 689): WPMS.saveSettingsLocked-0
06-04 11:05:41.859 D/WallpaperManagerService( 689): WPMS.onServiceConnected-ComponentInfo{com.android.systemui/com.android.systemui.wallpapers.ImageWallpaper}
06-04 11:05:41.859 D/WallpaperManagerService( 689): WPMS.attachServiceLocked
06-04 11:05:41.859 D/AudioService( 689): onHdmiCecVolumeControlFeature enabled:false
06-04 11:05:41.864 I/ExplicitHealthCheckController( 689): Explicit health check service is connected ComponentInfo{android.ext.services/android.ext.services.watchdog.ExplicitHealthCheckServiceImpl}
06-04 11:05:41.864 I/ExplicitHealthCheckController( 689): Service initialized, syncing requests
06-04 11:05:41.866 D/HDMI ( 689): [R]: 04:46
06-04 11:05:41.868 D/HDMI ( 689): addCecDevice new:CEC: logical_address: 0x00 device_type: 0 cec_version: 5 vendor_id: 16777215 display_name: TV power_status: -1 physical_address: 0xFFFF port_id: -1 old:null
06-04 11:05:41.869 D/HdmiControlService( 689): Switching to full volume behavior
06-04 11:05:41.870 D/HDMI ( 689): TV is available now for receiving its message
06-04 11:05:41.870 D/AudioService( 689): onStatusChange cecEnabled:true available:true
06-04 11:05:41.873 W/WindowManager( 689): [addWindow] title:com.android.systemui.wallpapers.ImageWallpaper
06-04 11:05:41.874 D/CompatibilityChangeReporter( 689): Compat change id reported: 168419799; UID 10052; state: DISABLED
06-04 11:05:41.875 D/CompatibilityChangeReporter( 689): Compat change id reported: 273564678; UID 10052; state: DISABLED
06-04 11:05:41.879 D/AudioService( 689): setWiredDeviceConnectionState( type:400 state:DEVICE_STATE_AVAILABLE addr: name:) from android
06-04 11:05:41.880 I/AS.AudioDeviceInventory( 689): handleDeviceConnection(true dev:400 address: name:)
06-04 11:05:41.880 I/AS.AudioDeviceInventory( 689): deviceKey:0x400:
06-04 11:05:41.880 I/AS.AudioDeviceInventory( 689): deviceInfo:null is(already)Connected:false
06-04 11:05:41.910 D/WindowManagerShell( 939): TvPipController: onTaskStackChanged()
06-04 11:05:41.910 D/SystemServerTiming( 689): ManagedServices.unbindOtherUserServices_current0
06-04 11:05:41.912 D/SystemServerTiming( 689): ManagedServices.unbindOtherUserServices_current0
06-04 11:05:41.913 D/SystemServerTiming( 689): ManagedServices.unbindOtherUserServices_current0
06-04 11:05:41.913 V/NotificationAssistants( 689): enabling notification assistant for 0: ComponentInfo{android.ext.services/android.ext.services.notification.Assistant}
06-04 11:05:41.914 V/NotificationAssistants( 689): binding: Intent { act=android.service.notification.NotificationAssistantService cmp=android.ext.services/.notification.Assistant (has extras) }
06-04 11:05:41.925 D/OomAdjuster( 689): Not killing cached processes
06-04 11:05:41.934 D/HDMI ( 689): [S]: 40:8C
06-04 11:05:41.955 D/CompatibilityChangeReporter( 689): Compat change id reported: 161145287; UID 10060; state: ENABLED
06-04 11:05:42.025 D/HDMI ( 689): [S]: 40:47:44:42:42:4F:58:2D:41:33
06-04 11:05:42.027 W/ActivityThread( 1045): Failed to find provider info for bluetooth_legacy.provider (user not unlocked)
06-04 11:05:42.288 D/CompatibilityChangeReporter( 689): Compat change id reported: 161145287; UID 1002; state: ENABLED
06-04 11:05:42.488 D/HDMI ( 689): [S]: 45:7D
06-04 11:05:42.513 I/AS.AudioDeviceInventory( 689): sendDeviceConnectionIntent(dev:0x400 state:0x1 address: name:);
06-04 11:05:42.600 E/HDMI ( 689): [1]:Failed to send 45:7D with errorCode=1
06-04 11:05:42.656 D/HDMI ( 689): [S]: 40:8F
06-04 11:05:42.739 D/HDMI ( 689): [S]: 40:47:44:42:42:4F:58:2D:41:33
06-04 11:05:42.865 D/CompatibilityChangeReporter( 689): Compat change id reported: 182478738; UID 10052; state: ENABLED
06-04 11:05:42.910 I/StatusBarManagerService( 689): registerStatusBar bar=com.android.internal.statusbar.IStatusBar$Stub$Proxy@665f03
06-04 11:05:43.070 W/Looper ( 939): Slow delivery took 2083ms main h=android.app.ActivityThread$H c=null m=115
06-04 11:05:43.085 D/WindowManager( 689): ThemeHomeDelay: Home launch was deferred.
06-04 11:05:43.131 W/Looper ( 1063): Slow dispatch took 2879ms main h=android.app.ActivityThread$H c=null m=110
06-04 11:05:43.132 W/ContextImpl( 1063): Calling a method in the system process without a qualified user: android.app.ContextImpl.startService:1899 android.content.ContextWrapper.startService:825 com.droidlogic.DroidlogicApplication$1.handleMessage:93 android.os.Handler.dispatchMessage:106 android.os.Looper.loopOnce:205
06-04 11:05:43.161 E/SettingsState( 689): Failed to write settings, restoring old file
06-04 11:05:43.161 E/SettingsState( 689): java.io.SyncFailedException: sync failed
06-04 11:05:43.161 E/SettingsState( 689): at java.io.FileDescriptor.sync(Native Method)
06-04 11:05:43.161 E/SettingsState( 689): at com.android.providers.settings.SettingsState.doWriteState(SettingsState.java:925)
06-04 11:05:43.161 E/SettingsState( 689): at com.android.providers.settings.SettingsState.-$$Nest$mdoWriteState(SettingsState.java:0)
06-04 11:05:43.161 E/SettingsState( 689): at com.android.providers.settings.SettingsState$MyHandler.handleMessage(SettingsState.java:1279)
06-04 11:05:43.161 E/SettingsState( 689): at android.os.Handler.dispatchMessage(Handler.java:106)
06-04 11:05:43.161 E/SettingsState( 689): at android.os.Looper.loopOnce(Looper.java:205)
06-04 11:05:43.161 E/SettingsState( 689): at android.os.Looper.loop(Looper.java:294)
06-04 11:05:43.161 E/SettingsState( 689): at android.os.HandlerThread.run(HandlerThread.java:67)
06-04 11:05:43.217 W/WindowManager( 689): Keyguard drawn timeout. Setting mKeyguardDrawComplete
06-04 11:05:43.285 D/CompatibilityChangeReporter( 689): Compat change id reported: 265464455; UID 1000; state: DISABLED
06-04 11:05:43.286 D/CompatibilityChangeReporter( 689): Compat change id reported: 265452344; UID 1000; state: DISABLED
06-04 11:05:43.286 D/CompatibilityChangeReporter( 689): Compat change id reported: 266124927; UID 1000; state: DISABLED
06-04 11:05:43.286 D/CompatibilityChangeReporter( 689): Compat change id reported: 265451093; UID 1000; state: DISABLED
06-04 11:05:43.287 D/CompatibilityChangeReporter( 689): Compat change id reported: 265456536; UID 1000; state: DISABLED
06-04 11:05:43.287 D/CompatibilityChangeReporter( 689): Compat change id reported: 255940284; UID 1000; state: DISABLED
06-04 11:05:43.287 D/CompatibilityChangeReporter( 689): Compat change id reported: 236283604; UID 1000; state: DISABLED
06-04 11:05:43.287 D/CompatibilityChangeReporter( 689): Compat change id reported: 263959004; UID 1000; state: DISABLED
06-04 11:05:43.288 D/CompatibilityChangeReporter( 689): Compat change id reported: 264304459; UID 1000; state: DISABLED
06-04 11:05:43.288 D/CompatibilityChangeReporter( 689): Compat change id reported: 264301586; UID 1000; state: DISABLED
06-04 11:05:43.288 D/CompatibilityChangeReporter( 689): Compat change id reported: 254631730; UID 1000; state: DISABLED
06-04 11:05:43.289 D/CompatibilityChangeReporter( 689): Compat change id reported: 273509367; UID 1000; state: DISABLED
06-04 11:05:43.289 D/CompatibilityChangeReporter( 689): Compat change id reported: 263259275; UID 1000; state: DISABLED
06-04 11:05:43.289 D/CompatibilityChangeReporter( 689): Compat change id reported: 174042980; UID 1000; state: DISABLED
06-04 11:05:43.289 D/CompatibilityChangeReporter( 689): Compat change id reported: 174042936; UID 1000; state: DISABLED
06-04 11:05:43.290 D/CompatibilityChangeReporter( 689): Compat change id reported: 181136395; UID 1000; state: DISABLED
06-04 11:05:43.343 D/CompatibilityChangeReporter( 689): Compat change id reported: 194480991; UID 1000; state: ENABLED
06-04 11:05:43.354 D/CompatibilityChangeReporter( 689): Compat change id reported: 197654537; UID 1000; state: ENABLED
06-04 11:05:43.357 I/ActivityTaskManager( 689): START u0 {act=android.intent.action.MAIN cat=[android.intent.category.HOME] flg=0x10000100 cmp=com.android.tv.settings/.system.FallbackHome (has extras)} with LAUNCH_MULTIPLE from uid 0 (BAL_ALLOW_ALLOWLISTED_UID) result code=0
06-04 11:05:43.361 I/ActivityManager( 689): com.android.tv.settings is exempt from freezer
06-04 11:05:43.362 D/CompatibilityChangeReporter( 689): Compat change id reported: 135634846; UID 1000; state: DISABLED
06-04 11:05:43.377 D/SystemServerTiming( 689): getUserSwitchability-0
06-04 11:05:43.377 D/SystemServerTiming( 689): TM.isInCall
06-04 11:05:43.378 D/SystemServerTiming( 689): hasUserRestriction-DISALLOW_USER_SWITCH
06-04 11:05:43.378 D/SystemServerTiming( 689): getInt-ALLOW_USER_SWITCHING_WHEN_SYSTEM_USER_LOCKED
06-04 11:05:43.378 D/SystemServerTiming( 689): isUserUnlocked-USER_SYSTEM
06-04 11:05:43.384 I/ActivityManager( 689): Start proc 1269:com.android.tv.settings/1000 for top-activity {com.android.tv.settings/com.android.tv.settings.system.FallbackHome}
06-04 11:05:43.404 W/Looper ( 939): Drained
06-04 11:05:43.406 D/SystemServerTiming( 689): getUserSwitchability-0
06-04 11:05:43.406 D/SystemServerTiming( 689): TM.isInCall
06-04 11:05:43.407 D/SystemServerTiming( 689): hasUserRestriction-DISALLOW_USER_SWITCH
06-04 11:05:43.407 D/SystemServerTiming( 689): getInt-ALLOW_USER_SWITCHING_WHEN_SYSTEM_USER_LOCKED
06-04 11:05:43.407 D/SystemServerTiming( 689): isUserUnlocked-USER_SYSTEM
06-04 11:05:43.413 E/SettingsState( 689): Failed to write settings, restoring old file
06-04 11:05:43.413 E/SettingsState( 689): java.io.SyncFailedException: sync failed
06-04 11:05:43.413 E/SettingsState( 689): at java.io.FileDescriptor.sync(Native Method)
06-04 11:05:43.413 E/SettingsState( 689): at com.android.providers.settings.SettingsState.doWriteState(SettingsState.java:925)
06-04 11:05:43.413 E/SettingsState( 689): at com.android.providers.settings.SettingsState.-$$Nest$mdoWriteState(SettingsState.java:0)
06-04 11:05:43.413 E/SettingsState( 689): at com.android.providers.settings.SettingsState$MyHandler.handleMessage(SettingsState.java:1279)
06-04 11:05:43.413 E/SettingsState( 689): at android.os.Handler.dispatchMessage(Handler.java:106)
06-04 11:05:43.413 E/SettingsState( 689): at android.os.Looper.loopOnce(Looper.java:205)
06-04 11:05:43.413 E/SettingsState( 689): at android.os.Looper.loop(Looper.java:294)
06-04 11:05:43.413 E/SettingsState( 689): at android.os.HandlerThread.run(HandlerThread.java:67)
06-04 11:05:43.421 D/SystemServerTiming( 689): getUserSwitchability-0
06-04 11:05:43.421 D/SystemServerTiming( 689): TM.isInCall
06-04 11:05:43.421 D/SystemServerTiming( 689): hasUserRestriction-DISALLOW_USER_SWITCH
06-04 11:05:43.421 D/SystemServerTiming( 689): getInt-ALLOW_USER_SWITCHING_WHEN_SYSTEM_USER_LOCKED
06-04 11:05:43.421 D/SystemServerTiming( 689): isUserUnlocked-USER_SYSTEM
06-04 11:05:43.430 D/SystemServerTiming( 689): getUserSwitchability-0
06-04 11:05:43.430 D/SystemServerTiming( 689): TM.isInCall
06-04 11:05:43.431 D/SystemServerTiming( 689): hasUserRestriction-DISALLOW_USER_SWITCH
06-04 11:05:43.431 D/SystemServerTiming( 689): getInt-ALLOW_USER_SWITCHING_WHEN_SYSTEM_USER_LOCKED
06-04 11:05:43.431 D/SystemServerTiming( 689): isUserUnlocked-USER_SYSTEM
06-04 11:05:43.432 D/CompatibilityChangeReporter( 689): Compat change id reported: 168419799; UID 1000; state: DISABLED
06-04 11:05:43.433 D/CompatibilityChangeReporter( 689): Compat change id reported: 273564678; UID 1000; state: DISABLED
06-04 11:05:43.434 D/SystemServerTiming( 689): getUserSwitchability-0
06-04 11:05:43.434 D/SystemServerTiming( 689): TM.isInCall
06-04 11:05:43.435 D/SystemServerTiming( 689): hasUserRestriction-DISALLOW_USER_SWITCH
06-04 11:05:43.435 D/SystemServerTiming( 689): getInt-ALLOW_USER_SWITCHING_WHEN_SYSTEM_USER_LOCKED
06-04 11:05:43.435 D/SystemServerTiming( 689): isUserUnlocked-USER_SYSTEM
06-04 11:05:43.552 V/WindowManager( 689): app ------------- force_land :0
06-04 11:05:43.552 V/WindowManager( 689): app ------------- force_land :0
06-04 11:05:43.663 W/WindowManager( 689): [addWindow] title:com.android.tv.settings/com.android.tv.settings.system.FallbackHome
06-04 11:05:43.678 D/CoreBackPreview( 689): Window{ad9fcec u0 com.android.tv.settings/com.android.tv.settings.system.FallbackHome}: Setting back callback OnBackInvokedCallbackInfo{mCallback=android.window.IOnBackInvokedCallback$Stub$Proxy@81d4abb, mPriority=0, mIsAnimationCallback=false}
06-04 11:05:43.785 W/ContextImpl( 689): Calling a method in the system process without a qualified user: android.app.ContextImpl.startService:1899 com.android.server.wm.DisplayPolicy.lambda$focusChangedLw$5:2126 com.android.server.wm.DisplayPolicy.$r8$lambda$Znxk63oh-WzVnzo_WQefN7uxV48:0 com.android.server.wm.DisplayPolicy$$ExternalSyntheticLambda13.run:0 android.os.Handler.handleCallback:958
06-04 11:05:43.785 W/ActivityManager( 689): Unable to start service Intent { cmp=com.oranth.ledstatus/.LedStatusService } U=0: not found
06-04 11:05:43.786 V/WindowManager( 689): Sent Transition #0 createdAt=06-04 11:05:39.773
06-04 11:05:43.786 V/WindowManager( 689): startWCT=WindowContainerTransaction { changes = {} hops = [] errorCallbackToken=null taskFragmentOrganizer=null }
06-04 11:05:43.786 V/WindowManager( 689): info=null
06-04 11:05:43.795 V/WindowManager( 689): Finish Transition #0: created at
06-04 11:05:39.773 collect-started=0.941ms request-sent=18.982ms started=23.611ms ready=3782.396ms sent=4005.439ms finished=4017.887ms
06-04 11:05:43.797 D/ActivityManagerTiming( 689): FinishBooting
06-04 11:05:43.798 D/WindowManager( 689): updateCecScreenStatus 0
06-04 11:05:43.799 D/HDMI ( 689): setCecSettingIntValue name:cec_screen_state, value:0
06-04 11:05:43.812 W/Looper ( 689): Slow dispatch took 1885ms main h=android.app.ActivityThread$H c=android.app.LoadedApk$ReceiverDispatcher$Args$$ExternalSyntheticLambda0@4b6596d m=0
06-04 11:05:43.820 I/PackageWatchdog( 689): Syncing health check requests for packages: {}
06-04 11:05:43.820 D/ExplicitHealthCheckController( 689): Getting health check supported packages
06-04 11:05:43.821 I/AutofillManagerService( 689): Updating for user 0: disabled=false
06-04 11:05:43.825 I/ExplicitHealthCheckController( 689): Explicit health check supported packages [PackageConfig{com.android.networkstack, 86400000}]
06-04 11:05:43.829 D/PackageWatchdog( 689): Received supported packages [PackageConfig{com.android.networkstack, 86400000}]
06-04 11:05:43.829 D/ExplicitHealthCheckController( 689): Getting health check requested packages
06-04 11:05:43.831 I/ExplicitHealthCheckController( 689): Explicit health check requested packages []
06-04 11:05:43.832 I/ExplicitHealthCheckController( 689): No more health check requests, unbinding...
06-04 11:05:43.833 I/ExplicitHealthCheckController( 689): Explicit health check service is unbound
06-04 11:05:43.834 V/NotificationAssistants( 689): 0 notification assistant service connected: ComponentInfo{android.ext.services/android.ext.services.notification.Assistant}
06-04 11:05:43.836 D/HDMI ( 689): [R]: 0F:87:6D:74:6B
06-04 11:05:43.838 D/HDMI ( 689): AVR did not respond to
06-04 11:05:43.917 D/ActivityManagerTiming( 689): FinishBooting
06-04 11:05:43.919 I/ActivityManager( 689): About to commit checkpoint
06-04 11:05:43.920 I/SystemServiceManager( 689): Starting phase 1000
06-04 11:05:43.920 D/ActivityManagerTiming( 689): OnBootPhase_1000
06-04 11:05:43.920 D/ActivityManagerTiming( 689): OnBootPhase_1000_com.android.server.security.FileIntegrityService
06-04 11:05:43.920 D/ActivityManagerTiming( 689): OnBootPhase_1000_com.android.server.pm.Installer
06-04 11:05:43.920 D/ActivityManagerTiming( 689): OnBootPhase_1000_com.android.server.os.DeviceIdentifiersPolicyService
06-04 11:05:43.920 D/ActivityManagerTiming( 689): OnBootPhase_1000_com.android.server.flags.FeatureFlagsService
06-04 11:05:43.920 D/ActivityManagerTiming( 689): OnBootPhase_1000_com.android.server.uri.UriGrantsManagerService$Lifecycle
06-04 11:05:43.920 D/ActivityManagerTiming( 689): OnBootPhase_1000_com.android.server.powerstats.PowerStatsService
06-04 11:05:43.920 E/PowerStatsService( 689): Failed to start PowerStatsService loggers
06-04 11:05:43.920 D/ActivityManagerTiming( 689): OnBootPhase_1000_com.android.server.permission.access.AccessCheckingService
06-04 11:05:43.920 D/ActivityManagerTiming( 689): OnBootPhase_1000_com.android.server.wm.ActivityTaskManagerService$Lifecycle
06-04 11:05:43.920 D/ActivityManagerTiming( 689): OnBootPhase_1000_com.android.server.am.ActivityManagerService$Lifecycle
06-04 11:05:43.920 D/ActivityManagerTiming( 689): OnBootPhase_1000_com.android.server.pm.DataLoaderManagerService
06-04 11:05:43.920 D/ActivityManagerTiming( 689): OnBootPhase_1000_com.android.server.power.PowerManagerService
06-04 11:05:43.922 I/DisplayBrightnessStrategySelector( 689): Changing the DisplayBrightnessStrategy from OverrideBrightnessStrategy toInvalidBrightnessStrategy for display 0
06-04 11:05:43.922 D/ActivityManagerTiming( 689): OnBootPhase_1000_com.android.server.power.ThermalManagerService
06-04 11:05:43.922 D/ActivityManagerTiming( 689): OnBootPhase_1000_com.android.server.power.hint.HintManagerService
06-04 11:05:43.922 V/DisplayPowerController2[0]( 689): Brightness [0.39763778] reason changing to: 'manual', previous reason: 'override'.
06-04 11:05:43.923 I/DisplayPowerController2[0]( 689): BrightnessEvent: disp=0, physDisp=local:4616277992360486155, brt=0.39763778, initBrt=0.39763778, rcmdBrt=NaN, preBrt=NaN, lux=0.0, preLux=0.0, hbmMax=1.0, hbmMode=off, rbcStrength=0, thrmMax=1.0, powerFactor=1.0, wasShortTermModelActive=false, flags=, reason=manual, autoBrightness=false, strategy=InvalidBrightnessStrategy
06-04 11:05:43.923 D/ActivityManagerTiming( 689): OnBootPhase_1000_com.android.server.recoverysystem.RecoverySystemService$Lifecycle
06-04 11:05:43.923 D/ActivityManagerTiming( 689): OnBootPhase_1000_com.android.server.lights.LightsService
06-04 11:05:43.923 D/ActivityManagerTiming( 689): OnBootPhase_1000_com.android.server.display.DisplayManagerService
06-04 11:05:43.924 I/LogicalDisplayMapper( 689): Requesting Transition to state: 0, from state=-1, interactive=true, mBootCompleted=true
06-04 11:05:43.924 I/LogicalDisplayMapper( 689): Applying layout: [{dispId: 0(ON), displayGroupName: , addr: {port=11, model=0x401050603f19a5}, mThermalBrightnessThrottlingMapId: null, mRefreshRateZoneId: null, mLeadDisplayId: -1, mLeadDisplayAddress: null, mThermalRefreshRateThrottlingMapId: null}], Previous layout: [{dispId: 0(ON), displayGroupName: , addr: {port=11, model=0x401050603f19a5}, mThermalBrightnessThrottlingMapId: null, mRefreshRateZoneId: null, mLeadDisplayId: -1, mLeadDisplayAddress: null, mThermalRefreshRateThrottlingMapId: null}]
06-04 11:05:43.924 D/ActivityManagerTiming( 689): OnBootPhase_1000_com.android.server.pm.verify.domain.DomainVerificationService
06-04 11:05:43.925 D/ActivityManagerTiming( 689): OnBootPhase_1000_com.android.server.pm.PackageInstallerService$Lifecycle
06-04 11:05:43.925 D/ActivityManagerTiming( 689): OnBootPhase_1000_com.android.server.pm.UserManagerService$LifeCycle
06-04 11:05:43.925 D/ActivityManagerTiming( 689): OnBootPhase_1000_com.android.server.om.OverlayManagerService
06-04 11:05:43.925 D/ActivityManagerTiming( 689): OnBootPhase_1000_com.android.server.resources.ResourcesManagerService
06-04 11:05:43.925 D/ActivityManagerTiming( 689): OnBootPhase_1000_com.android.server.sensorprivacy.SensorPrivacyService
06-04 11:05:43.925 D/ActivityManagerTiming( 689): OnBootPhase_1000_com.android.server.sensors.SensorService
06-04 11:05:43.925 D/ActivityManagerTiming( 689): OnBootPhase_1000_com.android.server.SystemConfigService
06-04 11:05:43.925 D/ActivityManagerTiming( 689): OnBootPhase_1000_com.android.server.BatteryService
06-04 11:05:43.925 D/ActivityManagerTiming( 689): OnBootPhase_1000_com.android.server.usage.UsageStatsService
06-04 11:05:43.925 D/ActivityManagerTiming( 689): OnBootPhase_1000_com.android.server.webkit.WebViewUpdateService
06-04 11:05:43.925 D/ActivityManagerTiming( 689): OnBootPhase_1000_com.android.server.CachedDeviceStateService
06-04 11:05:43.925 D/ActivityManagerTiming( 689): OnBootPhase_1000_com.android.server.BinderCallsStatsService$LifeCycle
06-04 11:05:43.925 D/ActivityManagerTiming( 689): OnBootPhase_1000_com.android.server.LooperStatsService$Lifecycle
06-04 11:05:43.925 D/ActivityManagerTiming( 689): OnBootPhase_1000_com.android.server.rollback.RollbackManagerService
06-04 11:05:43.926 D/ActivityManagerTiming( 689): OnBootPhase_1000_com.android.server.os.NativeTombstoneManagerService
06-04 11:05:43.926 D/ActivityManagerTiming( 689): OnBootPhase_1000_com.android.server.os.BugreportManagerService
06-04 11:05:43.926 D/ActivityManagerTiming( 689): OnBootPhase_1000_com.android.server.gpu.GpuService
06-04 11:05:43.926 D/ActivityManagerTiming( 689): OnBootPhase_1000_com.android.server.security.rkp.RemoteProvisioningService
06-04 11:05:43.926 D/ActivityManagerTiming( 689): OnBootPhase_1000_com.android.server.security.KeyChainSystemService
06-04 11:05:43.926 D/ActivityManagerTiming( 689): OnBootPhase_1000_com.android.server.BinaryTransparencyService
06-04 11:05:43.926 I/TransparencyService( 689): Boot completed. Getting VBMeta Digest.
06-04 11:05:43.926 D/TransparencyService( 689): VBMeta Digest: a3635926f091656b2cc8ba4d8392e022b213c003c61429b9911b7304d8a280c9
06-04 11:05:43.926 I/TransparencyService( 689): Boot completed. Collecting biometric system properties.
06-04 11:05:43.927 D/RollbackManager( 689): mRollbackLifetimeDurationInMillis=1209600000
06-04 11:05:43.927 I/TransparencyService( 689): Scheduling measurements to be taken.
06-04 11:05:43.928 I/TransparencyService( 689): Scheduling binary content-digest computation job
06-04 11:05:43.928 D/CompatibilityChangeReporter( 689): Compat change id reported: 253665015; UID 1000; state: DISABLED
06-04 11:05:43.929 D/CompatibilityChangeReporter( 689): Compat change id reported: 253665015; UID 1000; state: ENABLED
06-04 11:05:43.931 D/AppStandbyController( 689): Loaded headless system app cache in 3 ms: appIdleEnabled=true
06-04 11:05:43.931 D/CompatibilityChangeReporter( 689): Compat change id reported: 194532703; UID 1000; state: DISABLED
06-04 11:05:43.932 D/CompatibilityChangeReporter( 689): Compat change id reported: 194532703; UID 1000; state: ENABLED
06-04 11:05:43.934 D/TransparencyService( 689): Job 1740526926 to measure binaries was scheduled successfully.
06-04 11:05:43.934 D/TransparencyService( 689): Registering APK & Non-Staged APEX updates...
06-04 11:05:43.934 D/TransparencyService( 689): Registering APEX updates...
06-04 11:05:43.935 D/ActivityManagerTiming( 689): OnBootPhase_1000_com.android.server.accounts.AccountManagerService$Lifecycle
06-04 11:05:43.935 D/ActivityManagerTiming( 689): OnBootPhase_1000_com.android.server.content.ContentService$Lifecycle
06-04 11:05:43.936 D/ActivityManagerTiming( 689): OnBootPhase_1000_com.android.server.deviceconfig.DeviceConfigInit$Lifecycle
06-04 11:05:43.936 D/ActivityManagerTiming( 689): OnBootPhase_1000_com.android.server.DropBoxManagerService
06-04 11:05:43.936 D/ActivityManagerTiming( 689): OnBootPhase_1000_com.android.role.RoleService
06-04 11:05:43.936 D/ActivityManagerTiming( 689): OnBootPhase_1000_com.android.server.vibrator.VibratorManagerService$Lifecycle
06-04 11:05:43.936 D/ActivityManagerTiming( 689): OnBootPhase_1000_com.android.server.tare.InternalResourceService
06-04 11:05:43.936 D/ActivityManagerTiming( 689): OnBootPhase_1000_com.android.server.alarm.AlarmManagerService
06-04 11:05:43.936 D/ActivityManagerTiming( 689): OnBootPhase_1000_com.android.server.devicestate.DeviceStateManagerService
06-04 11:05:43.936 D/ActivityManagerTiming( 689): OnBootPhase_1000_com.android.server.camera.CameraServiceProxy
06-04 11:05:43.937 D/ActivityManagerTiming( 689): OnBootPhase_1000_com.android.server.bluetooth.BluetoothService
06-04 11:05:43.938 D/ActivityManagerTiming( 689): OnBootPhase_1000_com.android.server.connectivity.IpConnectivityMetrics
06-04 11:05:43.938 D/ActivityManagerTiming( 689): OnBootPhase_1000_com.android.server.net.watchlist.NetworkWatchlistService$Lifecycle
06-04 11:05:43.938 D/ActivityManagerTiming( 689): OnBootPhase_1000_com.android.server.PinnerService
06-04 11:05:43.938 D/ActivityManagerTiming( 689): OnBootPhase_1000_com.android.server.integrity.AppIntegrityManagerService
06-04 11:05:43.938 D/ActivityManagerTiming( 689): OnBootPhase_1000_com.android.server.logcat.LogcatManagerService
06-04 11:05:43.938 D/ActivityManagerTiming( 689): OnBootPhase_1000_com.android.server.inputmethod.InputMethodManagerService$Lifecycle
06-04 11:05:43.938 D/ActivityManagerTiming( 689): OnBootPhase_1000_com.android.server.accessibility.AccessibilityManagerService$Lifecycle
06-04 11:05:43.938 D/ActivityManagerTiming( 689): OnBootPhase_1000_com.android.server.StorageManagerService$Lifecycle
06-04 11:05:43.938 D/ActivityManagerTiming( 689): OnBootPhase_1000_com.android.server.usage.StorageStatsService$Lifecycle
06-04 11:05:43.938 D/ActivityManagerTiming( 689): OnBootPhase_1000_com.android.server.UiModeManagerService
06-04 11:05:43.938 D/ActivityManagerTiming( 689): OnBootPhase_1000_com.android.server.locales.LocaleManagerService
06-04 11:05:43.938 D/ActivityManagerTiming( 689): OnBootPhase_1000_com.android.server.grammaticalinflection.GrammaticalInflectionService
06-04 11:05:43.938 D/ActivityManagerTiming( 689): OnBootPhase_1000_com.android.server.apphibernation.AppHibernationService
06-04 11:05:43.938 D/StorageManagerService( 689): Thinking about reset, mBootCompleted=true, mDaemonConnected=true
06-04 11:05:43.938 I/StorageSessionController( 689): Started resetting external storage service...
06-04 11:05:43.938 D/ActivityManagerTiming( 689): OnBootPhase_1000_com.android.server.locksettings.LockSettingsService$Lifecycle
06-04 11:05:43.938 D/ActivityManagerTiming( 689): OnBootPhase_1000_com.android.server.PersistentDataBlockService
06-04 11:05:43.938 D/ActivityManagerTiming( 689): OnBootPhase_1000_com.android.server.testharness.TestHarnessModeService
06-04 11:05:43.938 D/TestHarnessModeService( 689): Completing Test Harness Mode setup.
06-04 11:05:43.938 I/StorageSessionController( 689): Finished resetting external storage service
06-04 11:05:43.939 I/HibernationStateDiskStore( 689): No hibernation file on disk for file /data/system/hibernation/states
06-04 11:05:43.939 I/StorageManagerService( 689): Resetting vold...
06-04 11:05:43.940 I/StorageManagerService( 689): Reset vold
06-04 11:05:43.940 I/vold ( 248): onUserAdded: 0
06-04 11:05:43.948 D/CompatibilityChangeReporter( 689): Compat change id reported: 218533173; UID 10060; state: ENABLED
06-04 11:05:43.948 D/CompatibilityChangeReporter( 689): Compat change id reported: 262645982; UID 10060; state: ENABLED
06-04 11:05:43.961 D/ActivityManagerTiming( 689): OnBootPhase_1000_com.android.server.oemlock.OemLockService
06-04 11:05:43.961 D/ActivityManagerTiming( 689): OnBootPhase_1000_com.android.server.DeviceIdleController
06-04 11:05:43.961 D/ActivityManagerTiming( 689): OnBootPhase_1000_com.android.server.devicepolicy.DevicePolicyManagerService$Lifecycle
06-04 11:05:43.961 D/ActivityManagerTiming( 689): OnBootPhase_1000_com.android.server.texttospeech.TextToSpeechManagerService
06-04 11:05:43.961 D/ActivityManagerTiming( 689): OnBootPhase_1000_com.android.server.ambientcontext.AmbientContextManagerService
06-04 11:05:43.961 D/ActivityManagerTiming( 689): OnBootPhase_1000_com.android.server.wearable.WearableSensingManagerService
06-04 11:05:43.961 D/ActivityManagerTiming( 689): OnBootPhase_1000_com.android.server.speech.SpeechRecognitionManagerService
06-04 11:05:43.961 D/ActivityManagerTiming( 689): OnBootPhase_1000_com.android.server.searchui.SearchUiManagerService
06-04 11:05:43.961 D/ActivityManagerTiming( 689): OnBootPhase_1000_com.android.server.smartspace.SmartspaceManagerService
06-04 11:05:43.961 D/ActivityManagerTiming( 689): OnBootPhase_1000_com.android.server.graphics.fonts.FontManagerService$Lifecycle
06-04 11:05:43.961 D/ActivityManagerTiming( 689): OnBootPhase_1000_com.android.server.textservices.TextServicesManagerService$Lifecycle
06-04 11:05:43.961 D/ActivityManagerTiming( 689): OnBootPhase_1000_com.android.server.textclassifier.TextClassificationManagerService$Lifecycle
06-04 11:05:43.961 D/ActivityManagerTiming( 689): OnBootPhase_1000_com.android.server.NetworkScoreService$Lifecycle
06-04 11:05:43.961 D/ActivityManagerTiming( 689): OnBootPhase_1000_com.android.server.NetworkStatsServiceInitializer
06-04 11:05:43.961 D/ActivityManagerTiming( 689): OnBootPhase_1000_com.android.server.wifi.WifiService
06-04 11:05:43.962 D/ActivityManagerTiming( 689): OnBootPhase_1000_com.android.server.wifi.scanner.WifiScanningService
06-04 11:05:43.962 D/ActivityManagerTiming( 689): OnBootPhase_1000_com.android.server.wifi.p2p.WifiP2pService
06-04 11:05:43.963 D/ActivityManagerTiming( 689): OnBootPhase_1000_com.android.server.ConnectivityServiceInitializer
06-04 11:05:43.963 D/CompatibilityChangeReporter( 689): Compat change id reported: 161145287; UID 1000; state: DISABLED
06-04 11:05:43.963 D/CompatibilityChangeReporter( 689): Compat change id reported: 161145287; UID 1000; state: ENABLED
06-04 11:05:43.965 D/ActivityManagerTiming( 689): OnBootPhase_1000_com.android.server.notification.NotificationManagerService
06-04 11:05:43.965 D/ActivityManagerTiming( 689): OnBootPhase_1000_com.android.server.storage.DeviceStorageMonitorService
06-04 11:05:43.965 D/ActivityManagerTiming( 689): OnBootPhase_1000_com.android.server.timedetector.TimeDetectorService$Lifecycle
06-04 11:05:43.965 D/ActivityManagerTiming( 689): OnBootPhase_1000_com.android.server.location.LocationManagerService$Lifecycle
06-04 11:05:43.965 D/ActivityManagerTiming( 689): OnBootPhase_1000_com.android.server.timezonedetector.TimeZoneDetectorService$Lifecycle
06-04 11:05:43.965 D/ActivityManagerTiming( 689): OnBootPhase_1000_com.android.server.location.altitude.AltitudeService$Lifecycle
06-04 11:05:43.965 D/ActivityManagerTiming( 689): OnBootPhase_1000_com.android.server.timezonedetector.location.LocationTimeZoneManagerService$Lifecycle
06-04 11:05:43.966 D/ActivityManagerTiming( 689): OnBootPhase_1000_com.android.server.search.SearchManagerService$Lifecycle
06-04 11:05:43.966 D/ActivityManagerTiming( 689): OnBootPhase_1000_com.android.server.wallpaper.WallpaperManagerService$Lifecycle
06-04 11:05:43.966 D/ActivityManagerTiming( 689): OnBootPhase_1000_com.android.server.wallpapereffectsgeneration.WallpaperEffectsGenerationManagerService
06-04 11:05:43.966 D/ActivityManagerTiming( 689): OnBootPhase_1000_com.android.server.audio.AudioService$Lifecycle
06-04 11:05:43.966 D/ActivityManagerTiming( 689): OnBootPhase_1000_com.android.server.soundtrigger_middleware.SoundTriggerMiddlewareService$Lifecycle
06-04 11:05:43.966 D/ActivityManagerTiming( 689): OnBootPhase_1000_com.android.server.adb.AdbService$Lifecycle
06-04 11:05:43.966 D/ActivityManagerTiming( 689): OnBootPhase_1000_com.android.server.usb.UsbService$Lifecycle
06-04 11:05:43.966 D/ActivityManagerTiming( 689): OnBootPhase_1000_com.android.server.twilight.TwilightService
06-04 11:05:43.968 I/UsbDeviceManager( 689): Setting USB config to
06-04 11:05:43.968 D/UsbDeviceManager( 689): setUsbConfig(4) request:1
