06-04 11:23:53.533 E/abs_info( 3472): HCDN_LOG: [T:4173][HINFO]:[f:PostABSInfo],[l:7214],Task(13), SetABSInterface ret(0) SetParam("DownloadStatusByHcdn", {"BandWidth":7864320,"BandWidth_1":7561216,"IsAd":1,"IsP2P":1,"VID":""}
06-04 11:23:53.533 E/abs_info( 3472): )
06-04 11:23:53.533 E/playfilesourceNew( 3472): HCDN_LOG: [T:4173][HINFO]:[f:DoAsynNotifyInfoResponse],[l:2605],[TaskID(318584460),type(6),msg({"BandWidth":2899968,"IsAd":1,"IsP2P":1,"VID":""}
06-04 11:23:53.533 E/playfilesourceNew( 3472): )!]
06-04 11:23:53.534 E/Hcdn_DeTask318584460( 3472): HCDN_LOG: [T:4176][HINFO]:[f:PostNotifyInfo],[l:248], notify type(6),info({"BandWidth":2899968,"IsAd":1,"IsP2P":1,"VID":""}
06-04 11:23:53.534 E/Hcdn_DeTask318584460( 3472): )
06-04 11:23:53.544 E/Hcdn_DeTask3999911026( 3472): HCDN_LOG: [T:4176][HINFO]:[f:MovieTaskAllocate],[l:9030], ad continue_play,task_exits_tiem(2830)ms,can_p2p(1),have_dcache(1)
06-04 11:23:53.545 E/HCDN_CMFM( 3472): HCDN_LOG: 17k memery total_cnt(64),use_cnt(0)
06-04 11:23:53.545 W/hcdn_downloadengine( 3472): HCDN_LOG: [T:4176][HERROR]:[f:Updata],[l:254],system cpu usage : 28.385417
06-04 11:23:53.540 I/HCDN_DownloadEn( 3472): type=1400 audit(0.0:1772): avc: denied { open } for path="/proc/stat" dev="proc" ino=4026532003 scontext=u:r:untrusted_app_29:s0:c75,c256,c512,c768 tcontext=u:object_r:proc_stat:s0 tclass=file permissive=1 app=com.dangbei.hqmedia
06-04 11:23:53.564 I/CLog ( 3472): 2025-06-04 11:23:53.564 T:6710 DEBUG: [5017]HCDNLoaderClient::Read read_len=262144
06-04 11:23:53.564 E/p2pfile ( 3472): HCDN_LOG: [T:6710][HINFO]:[f:Read],[l:1749],[Task(13), pos(393216), len(262144), timeout(6000)]
06-04 11:23:53.564 E/playfilesourceNew( 3472): HCDN_LOG: [T:6710][HINFO]:[f:GetCacheSeconds],[l:846],[TaskID(3999911026), offset(393216), CacheBytes(81920)]
06-04 11:23:53.564 E/playfilesourceNew( 3472): HCDN_LOG: [T:6710][HINFO]:[f:Read],[l:2071],[Task(13), taskid(3999911026), Offset(393216), needread(81920)]
06-04 11:23:53.564 E/playfilesourceNew( 3472): HCDN_LOG: [T:6710][HINFO]:[f:ReadDataByPiece],[l:4260],[TaskID(3999911026),seq(1356), Offset(393216), NumberOfBytesToRead(81920)]
06-04 11:23:53.565 W/abs_update_info( 3472): HCDN_LOG: [T:4181][HERROR]:[f:CheckPlayerReadData],[l:2157],vui(3f90c3f6e555fc8f01c344ddb68c23ca) task_id[3999911026] ret_code[0], offset[393216], offset_len[81920].
06-04 11:23:53.565 E/p2pfile ( 3472): HCDN_LOG: [T:6710][HINFO]:[f:Read],[l:2211],[Task(13), Read return, pos(393216),len(81920),idx(0),taskid(3999911026),videoTime(0)]
06-04 11:23:53.565 I/CLog ( 3472): 2025-06-04 11:23:53.565 T:6710 DEBUG: [5017]HCDNLoaderClient::Read need_read=262144, read_size=81920. pos:475136
06-04 11:23:53.565 I/CLog ( 3472): 2025-06-04 11:23:53.565 T:6710 DEBUG: LoadImplLock:will_stop_=====1(0)
06-04 11:23:53.566 I/audio_hw_hal_primary( 476): [audiohal_get_latency:1333] io 13: out:0xf07c5650 frames:256 rate:48000 whole_latency:5 alsa_latency:5
06-04 11:23:53.540 I/HCDN_DownloadEn( 3472): type=1400 audit(0.0:1773): avc: denied { getattr } for path="/proc/stat" dev="proc" ino=4026532003 scontext=u:r:untrusted_app_29:s0:c75,c256,c512,c768 tcontext=u:object_r:proc_stat:s0 tclass=file permissive=1 app=com.dangbei.hqmedia
06-04 11:23:53.580 I/UNIPLAYERSDK( 3472): MediaPlayerAdaptor.cpp:297 [PumaPlayerAdaptor@0xe5ea1fc4]doHandleMessage(KMSG_ACTION_GETCURRENTADPOSITION, arg1:-1, arg2:0)
06-04 11:23:53.580 I/UNIPLAYERSDK( 3472): PumaPlayer.cpp:1010 [PumaPlayer@0xab381cbc]InvokeMctoPlayerAdCommand(), command = 19, command_params = {"ad_id":262406}
06-04 11:23:53.580 I/UNIPLAYERSDK( 3472): , buffer = 0xb679a380
06-04 11:23:53.580 I/CLog ( 3472): 2025-06-04 11:23:53.580 T:3585 INFO: ADCmdParser::InvokeCmd,19,{"ad_id":262406}
06-04 11:23:53.580 I/CLog ( 3472):
06-04 11:23:53.580 I/CLog ( 3472): 2025-06-04 11:23:53.580 T:3585 INFO: ADPlayerManager::InvokeADCommand, 19 {"ad_id":262406}
06-04 11:23:53.580 I/CLog ( 3472):
06-04 11:23:53.580 I/CLog ( 3472): 2025-06-04 11:23:53.580 T:3585 INFO: GetCurrentADTime {"playtime":3141,"duration":15000}
06-04 11:23:53.580 D/UNIPLAYERSDK( 3472): PumaPlayer.cpp:816 [PumaPlayer@0xab381cbc][pos]getCurrentAdPosition pos=3141,dur=15000,ret=0
06-04 11:23:53.580 D/UNIPLAYERSDK( 3472): BaseState.cpp:42 [PumaPlayerAdaptor@0xe5ea1fc4@0xb384c4e8]{fm(KMSG_ACTION_GETCURRENTADPOSITION),ret(0),at(0,8162,8162),s(5,-2,-2,-2,5),fm=Message@0xecb66490{what=1048606,when=1108162,arg1=3141,arg2=15000,arg3=-1111111111,str=,timeout=0,obj=0x0,runnable=0x0,target=0xed09b83c,watchDogOp=0x0}
06-04 11:23:53.581 D/UNIPLAYERSDK( 3472): BaseState.cpp:56 [PumaPlayerAdaptor@0xe5ea1fc4@0xb384c4e8]{fm(KMSG_ACTION_GETCURRENTADPOSITION),o(AudioPrevi)-t(0,8162,8162),o(BitstreamS)-t(0,8162,8162),o(CarouselPr)-t(0,8162,8162),o(FastHelper)-t(0,8162,8162),o(HeaderTail)-t(0,8162,8162),o(HighLights)-t(0,8162,8162),o(InteractPr)-t(0,8162,8162),o(LivePrevie)-t(0,8162,8162),o(MediaPlaye)-t(0,8162,8162),o(MovieVVInf)-t(0,8162,8162),o(PPrecacher)-t(0,8162,8162),o(PlayerStuc)-t(0,8162,8162),o(PumaAbsCmd)-t(0,8162,8162),o(PumaAdvert)-t(0,8162,8162),o(PumaBuffer)-t(0,8162,8162),o(PumaError@)-t(0,8162,8162),o(PumaMediaD)-t(0,8162,8162),o(PumaPlayer)-t(0,8162,8162),o(PumaRate@0)-t(0,8162,8162),o(PumaSegmen)-t(0,8162,8162),o(PumaSubtit)-t(0,8162,8162),o(RefreshAcc)-t(0,8162,8162),o(RefreshSer)-t(0,8162,8162),o(SceneKeepe)-t(0,8162,8162),o(SetRate@0x)-t(0,8162,8162),o(SwitchEpis)-t(0,8162,8162),o(VideoPlayC)-t(0,8162,8162)}
06-04 11:23:53.581 D/UNIPLAYERSDK( 3472): MovieVVInfo.cpp:122 [pos]getCurrentAdPosition=3141
06-04 11:23:53.581 D/UNIPLAYERSDK( 3472): PumaPlayer.cpp:779 [PumaPlayer@0xab381cbc]getAdCountDown(41936)
06-04 11:23:53.581 I/UNIPLAYERSDK( 3472): PumaPlayerAdaptor.cpp:350 [PumaPlayerAdaptor@0xe5ea1fc4]getAdCountDown receiveAdCountDownMsg(41936)
06-04 11:23:53.581 D/UNIPLAYERSDK( 3472): PlayerBabelPingbackSender.cpp:96 onAdCountDown, countdown=41936
06-04 11:23:53.581 D/UNIPLAYERSDK( 3472): BaseState.cpp:42 [PumaPlayerAdaptor@0xe5ea1fc4@0xb384c4e8]{fm(KMSG_ACTION_GETADCOUNTDOWN),ret(0),at(0,8163,8163),s(5,-2,-2,-2,5),fm=Message@0xecb49110{what=1048609,when=1108163,arg1=41936,arg2=-1111111111,arg3=-1111111111,str=,timeout=0,obj=0x0,runnable=0x0,target=0xed09b83c,watchDogOp=0x0}
06-04 11:23:53.581 D/UNIPLAYERSDK( 3472): BaseState.cpp:56 [PumaPlayerAdaptor@0xe5ea1fc4@0xb384c4e8]{fm(KMSG_ACTION_GETADCOUNTDOWN),o(AudioPrevi)-t(0,8163,8163),o(BitstreamS)-t(0,8163,8163),o(CarouselPr)-t(0,8163,8163),o(FastHelper)-t(0,8163,8163),o(HeaderTail)-t(0,8163,8163),o(HighLights)-t(0,8163,8163),o(InteractPr)-t(0,8163,8163),o(LivePrevie)-t(0,8163,8163),o(MediaPlaye)-t(0,8163,8163),o(MovieVVInf)-t(0,8163,8163),o(PPrecacher)-t(0,8163,8163),o(PlayerStuc)-t(0,8163,8163),o(PumaAbsCmd)-t(0,8163,8163),o(PumaAdvert)-t(0,8163,8163),o(PumaBuffer)-t(0,8163,8163),o(PumaError@)-t(0,8163,8163),o(PumaMediaD)-t(0,8163,8163),o(PumaPlayer)-t(0,8163,8163),o(PumaRate@0)-t(0,8163,8163),o(PumaSegmen)-t(0,8163,8163),o(PumaSubtit)-t(0,8163,8163),o(RefreshAcc)-t(0,8163,8163),o(RefreshSer)-t(0,8163,8163),o(SceneKeepe)-t(0,8163,8163),o(SetRate@0x)-t(0,8163,8163),o(SwitchEpis)-t(0,8163,8163),o(VideoPlayC)-t(0,8163,8163)}
06-04 11:23:53.581 D/UNIPLAYERSDK( 3472): MovieVVInfo.cpp:136 [pos]getAdCountDown=41936
06-04 11:23:53.587 E/audio_hw_hal_alsamgr( 476): aml_alsa_output_get_delayframe:824, pcm_ioctl fail, ret:0xffffffff, error info:Broken pipe
06-04 11:23:53.588 I/audio_hw_hal_alsamgr( 476): aml_alsa_output_write alsa_running_status[0xf07c0e70] change from 1 to 0
06-04 11:23:53.588 W/audio_hw_hal_alsamgr( 476): [aml_alsa_output_write:616] alsa underrun
06-04 11:23:53.601 I/CLog ( 3472): 2025-06-04 11:23:53.601 T:5719 DEBUG: InvokeCommand, is_rtc (null)
06-04 11:23:53.601 I/CLog ( 3472): 2025-06-04 11:23:53.601 T:5719 DEBUG: DataPush to read:100,size(5),[82920-82825]
06-04 11:23:53.603 I/audio_hw_hal_ms12v2( 476): dolby_ms12_threadloop alsa is not running
06-04 11:23:53.603 I/audio_hw_hal_ms12v2( 476): dolby_ms12_threadloop alsa is not running
06-04 11:23:53.603 I/SystemControl( 318): [/UEventObserver.cpp, HDMITxUenventThreadLoop, 451] HDMI TX switch_name:hdmitx_current_status, switch_state: 41
06-04 11:23:53.604 I/audio_hw_hal_ms12v2( 476): dolby_ms12_threadloop alsa is not running
06-04 11:23:53.605 I/audio_hw_hal_ms12v2( 476): dolby_ms12_threadloop alsa is not running
06-04 11:23:53.605 I/audio_hw_hal_alsamgr( 476): aml_alsa_output_write alsa_running_status[0xf07c0e70] change from 0 to 1
06-04 11:23:53.608 I/audio_hw_hal_primary( 476): [audiohal_get_latency:1333] io 13: out:0xf07c5650 frames:1152 rate:48000 whole_latency:24 alsa_latency:24
06-04 11:23:53.609 D/audioserver( 521): logFgsApiEnd: FGS Logger Transaction failed, -129
06-04 11:23:53.611 I/audio_hw_hal_primary( 476): out_update_source_metadata_v7() line 2013 usage:1 content_type:3
06-04 11:23:53.620 E/storage_operate( 3472): HCDN_LOG: [T:4181][HINFO]:[f:UpdateBBNCache],[l:3267],[start_check_task]
06-04 11:23:53.621 I/block_buffer_piece_size( 3472): HCDN_LOG: [T:4177]save data response (error_code0) ON_MSG_STORAGE2P2P_SaveDataResponse(144441344-0-0) (offset:121,len:0)
06-04 11:23:53.621 I/block_buffer_piece_size( 3472): HCDN_LOG: [T:4177]save data response (error_code0) ON_MSG_STORAGE2P2P_SaveDataResponse(144441344-0-0) (offset:29,len:0)
06-04 11:23:53.621 I/block_buffer_piece_size( 3472): HCDN_LOG: [T:4177]save data response (error_code0) ON_MSG_STORAGE2P2P_SaveDataResponse(1962934272-0-0) (offset:30,len:0)
06-04 11:23:53.631 W/abs_update_info( 3472): HCDN_LOG: [T:4176][HERROR]:[f:CalcVidCacheBytesFromReadOffset],[l:2489],UPDATA CALC:vid:,task_seg=0, task_offset=475136, cur_cache_bytes=32768, total_cache_bytes=32768, fileToEnd=0
06-04 11:23:53.631 W/abs_update_info( 3472): HCDN_LOG: [T:4176][HERROR]:[f:UpdateForABS],[l:2545],UPDATA:vid:,i64ReadOffset=0, cache=32768, CachedBytes=32768
06-04 11:23:53.632 E/Hcdn_DeTask3999911026( 3472): HCDN_LOG: [T:4176][HINFO]:[f:PostNotifyInfo],[l:248], notify type(6),info({"BandWidth":7864320,"IsAd":1,"IsP2P":1,"VID":""}
06-04 11:23:53.632 E/Hcdn_DeTask3999911026( 3472): )
06-04 11:23:53.632 E/playfilesourceNew( 3472): HCDN_LOG: [T:4173][HINFO]:[f:DoAsynNotifyInfoResponse],[l:2605],[TaskID(3999911026),type(6),msg({"BandWidth":7864320,"IsAd":1,"IsP2P":1,"VID":""}
06-04 11:23:53.632 E/playfilesourceNew( 3472): )!]
06-04 11:23:53.632 E/Hcdn_DeTask318584460( 3472): HCDN_LOG: [T:4176][HINFO]:[f:PostNotifyInfo],[l:248], notify type(6),info({"BandWidth":2899968,"IsAd":1,"IsP2P":1,"VID":""}
06-04 11:23:53.632 E/Hcdn_DeTask318584460( 3472): )
06-04 11:23:53.632 E/abs_info( 3472): HCDN_LOG: [T:4173][HINFO]:[f:PostABSInfo],[l:7214],Task(13), SetABSInterface ret(0) SetParam("DownloadStatusByHcdn", {"BandWidth":7864320,"BandWidth_1":7561216,"IsAd":1,"IsP2P":1,"VID":""}
06-04 11:23:53.632 E/abs_info( 3472): )
06-04 11:23:53.632 E/playfilesourceNew( 3472): HCDN_LOG: [T:4173][HINFO]:[f:DoAsynNotifyInfoResponse],[l:2605],[TaskID(318584460),type(6),msg({"BandWidth":2899968,"IsAd":1,"IsP2P":1,"VID":""}
06-04 11:23:53.632 E/playfilesourceNew( 3472): )!]
06-04 11:23:53.648 E/tcp_session( 3472): HCDN_LOG: [T:4177][func:ReceiveRequestInfo],[line:590], ReceiveRequestInfo, number(2) complete
06-04 11:23:53.649 I/block_buffer_piece_size( 3472): HCDN_LOG: [T:4177]save data response (error_code0) ON_MSG_STORAGE2P2P_SaveDataResponse(2952059185-0-0) (offset:31,len:0)
06-04 11:23:53.661 D/XM_HIDREAD( 1961): poll ret=1, event=1
06-04 11:23:53.661 D/XM_HIDREAD( 1961): [9 bytes]:01 00 00 4F 00 00 00 00 00
06-04 11:23:53.662 I/CLog ( 3472): 2025-06-04 11:23:53.662 T:5719 DEBUG: InvokeCommand, is_rtc (null)
06-04 11:23:53.662 I/CLog ( 3472): 2025-06-04 11:23:53.662 T:5719 DEBUG: DataPush to read:100,size(6),[83000-82918]
06-04 11:23:53.665 D/audioserver( 521): logFgsApiBegin: FGS Logger Transaction failed, -129
06-04 11:23:53.666 I/CLog ( 3472): 2025-06-04 11:23:53.666 T:6710 DEBUG: [5017]HCDNLoaderClient::Read read_len=262144
06-04 11:23:53.666 E/p2pfile ( 3472): HCDN_LOG: [T:6710][HINFO]:[f:Read],[l:1749],[Task(13), pos(475136), len(262144), timeout(6000)]
06-04 11:23:53.668 I/SogouIME( 1440): onKeyDown: keyoCode=22
06-04 11:23:53.668 I/DefaultIMS( 1440): onKeyDown: keyoCode=22
06-04 11:23:53.668 V/UNIPLAYERSDK( 3472): MediaPlayerImpl.cpp:408 [MediaPlayerImpl@0xecff7154]isPlaying ret=0
06-04 11:23:53.668 D/IQiyiPlayer( 3472): playStateDesc is 4
06-04 11:23:53.670 E/playfilesourceNew( 3472): HCDN_LOG: [T:6710][HINFO]:[f:GetCacheSeconds],[l:846],[TaskID(3999911026), offset(475136), CacheBytes(966656)]
06-04 11:23:53.670 E/playfilesourceNew( 3472): HCDN_LOG: [T:6710][HINFO]:[f:Read],[l:2071],[Task(13), taskid(3999911026), Offset(475136), needread(262144)]
06-04 11:23:53.670 E/playfilesourceNew( 3472): HCDN_LOG: [T:6710][HINFO]:[f:ReadDataByPiece],[l:4260],[TaskID(3999911026),seq(1358), Offset(475136), NumberOfBytesToRead(262144)]
06-04 11:23:53.672 W/abs_update_info( 3472): HCDN_LOG: [T:4181][HERROR]:[f:CheckPlayerReadData],[l:2157],vui(3f90c3f6e555fc8f01c344ddb68c23ca) task_id[3999911026] ret_code[0], offset[475136], offset_len[262144].
06-04 11:23:53.672 E/storage_operate( 3472): HCDN_LOG: [T:4181][HINFO]:[f:BBNCheck],[l:3253],,[map_size:0]
06-04 11:23:53.672 E/p2pfile ( 3472): HCDN_LOG: [T:6710][HINFO]:[f:Read],[l:2211],[Task(13), Read return, pos(475136),len(262144),idx(0),taskid(3999911026),videoTime(0)]
06-04 11:23:53.672 I/CLog ( 3472): 2025-06-04 11:23:53.672 T:6710 DEBUG: [5017]HCDNLoaderClient::Read need_read=262144, read_size=262144. pos:737280
06-04 11:23:53.672 I/CLog ( 3472): 2025-06-04 11:23:53.672 T:6710 DEBUG: LoadImplLock:will_stop_=====1(0)
06-04 11:23:53.674 I/CLog ( 3472): 2025-06-04 11:23:53.674 T:6710 INFO: ADCacheManager::Write, reset file, -> 793395f4cbc265c4818fa3420c2bb454.mp4
06-04 11:23:53.677 I/CLog ( 3472): 2025-06-04 11:23:53.677 T:6710 INFO: Utf8Access, filename=/storage/emulated/0/Android/data/com.dangbei.hqmedia/files/qcache/data/ad_cache/TempFile/pre_5017_1749007349_0xbdf48fd0/793395f4cbc265c4818fa3420c2bb454.mp4.pm,mode=0,ret=-1,err=2
06-04 11:23:53.677 I/CLog ( 3472): 2025-06-04 11:23:53.677 T:6710 INFO: bdf48ff8 ,of, open file -/storage/emulated/0/Android/data/com.dangbei.hqmedia/files/qcache/data/ad_cache/TempFile/pre_5017_1749007349_0xbdf48fd0/793395f4cbc265c4818fa3420c2bb454.mp4.pm
06-04 11:23:53.678 I/CLog ( 3472): 2025-06-04 11:23:53.677 T:6710 INFO: 0xbdf48ff8 ,of, open file -/storage/emulated/0/Android/data/com.dangbei.hqmedia/files/qcache/data/ad_cache/TempFile/pre_5017_1749007349_0xbdf48fd0/793395f4cbc265c4818fa3420c2bb454.mp4.pm-- result:1[313]
06-04 11:23:53.678 I/CLog ( 3472): 2025-06-04 11:23:53.678 T:6710 INFO: close bdf48ff8[313]
06-04 11:23:53.678 I/CLog ( 3472): 2025-06-04 11:23:53.678 T:6710 INFO: bdf48ff8 ,of, open file -/storage/emulated/0/Android/data/com.dangbei.hqmedia/files/qcache/data/ad_cache/TempFile/pre_5017_1749007349_0xbdf48fd0/793395f4cbc265c4818fa3420c2bb454.mp4.pm
06-04 11:23:53.680 I/CLog ( 3472): 2025-06-04 11:23:53.678 T:6710 INFO: 0xbdf48ff8 ,of, open file -/storage/emulated/0/Android/data/com.dangbei.hqmedia/files/qcache/data/ad_cache/TempFile/pre_5017_1749007349_0xbdf48fd0/793395f4cbc265c4818fa3420c2bb454.mp4.pm-- result:1[313]
06-04 11:23:53.684 I/CLog ( 3472): 2025-06-04 11:23:53.684 T:6710 INFO: [5017]OnCheckCacheComplete, 3831
06-04 11:23:53.686 I/CLog ( 3472): 2025-06-04 11:23:53.686 T:6710 INFO: close bdf48ff8[313]
06-04 11:23:53.686 I/CLog ( 3472): 2025-06-04 11:23:53.686 T:6710 INFO: FileCopy, /storage/emulated/0/Android/data/com.dangbei.hqmedia/files/qcache/data/ad_cache/TempFile/pre_5017_1749007349_0xbdf48fd0/793395f4cbc265c4818fa3420c2bb454.mp4.pm to /storage/emulated/0/Android/data/com.dangbei.hqmedia/files/qcache/data/ad_cache/793395f4cbc265c4818fa3420c2bb454.mp4.frag
06-04 11:23:53.686 I/CLog ( 3472): 2025-06-04 11:23:53.686 T:6710 INFO: Utf8Access, filename=/storage/emulated/0/Android/data/com.dangbei.hqmedia/files/qcache/data/ad_cache/793395f4cbc265c4818fa3420c2bb454.mp4,mode=0,ret=-1,err=2
06-04 11:23:53.686 I/CLog ( 3472): 2025-06-04 11:23:53.686 T:6710 INFO: Utf8Access, filename=/storage/emulated/0/Android/data/com.dangbei.hqmedia/files/qcache/data/ad_cache/793395f4cbc265c4818fa3420c2bb454.mp4.frag,mode=0,ret=-1,err=2
06-04 11:23:53.686 I/CLog ( 3472): 2025-06-04 11:23:53.686 T:6710 INFO: Utf8Access, filename=/storage/emulated/0/Android/data/com.dangbei.hqmedia/files/qcache/data/ad_cache/793395f4cbc265c4818fa3420c2bb454_mp4,mode=0,ret=-1,err=2
06-04 11:23:53.687 I/UNIPLAYERSDK( 3472): PumaPlayerAdaptor.cpp:320 [PumaPlayerAdaptor@0xe5ea1fc4][pos]getCurrentPosition=0
06-04 11:23:53.687 D/UNIPLAYERSDK( 3472): BaseState.cpp:42 [PumaPlayerAdaptor@0xe5ea1fc4@0xb38402e8]{fm(KMSG_ACTION_GETCURRENTPOSITION),ret(0),at(1,8268,8269),s(5,-2,-2,-2,5),fm=Message@0xa7680790{what=1048605,when=1108267,arg1=0,arg2=-1,arg3=-1111111111,str=,timeout=0,obj=0x0,runnable=0x0,target=0xed09b83c,watchDogOp=0x0}
06-04 11:23:53.687 I/CLog ( 3472): 2025-06-04 11:23:53.687 T:6710 INFO: Utf8Access, filename=/storage/emulated/0/Android/data/com.dangbei.hqmedia/files/qcache/data/ad_cache/793395f4cbc265c4818fa3420c2bb454.mp4.frag,mode=0,ret=-1,err=2
06-04 11:23:53.687 D/UNIPLAYERSDK( 3472): BaseState.cpp:56 [PumaPlayerAdaptor@0xe5ea1fc4@0xb38402e8]{fm(KMSG_ACTION_GETCURRENTPOSITION),o(AudioPrevi)-t(0,8268,8268),o(BitstreamS)-t(0,8268,8268),o(CarouselPr)-t(0,8268,8268),o(FastHelper)-t(0,8268,8268),o(HeaderTail)-t(0,8268,8268),o(HighLights)-t(0,8268,8268),o(InteractPr)-t(0,8268,8268),o(LivePrevie)-t(0,8268,8268),o(MediaPlaye)-t(0,8269,8269),o(MovieVVInf)-t(0,8269,8269),o(PPrecacher)-t(0,8268,8268),o(PlayerStuc)-t(0,8269,8269),o(PumaAbsCmd)-t(0,8269,8269),o(PumaAdvert)-t(0,8268,8268),o(PumaBuffer)-t(0,8268,8268),o(PumaError@)-t(0,8268,8268),o(PumaMediaD)-t(0,8268,8268),o(PumaPlayer)-t(0,8268,8268),o(PumaRate@0)-t(0,8268,8268),o(PumaSegmen)-t(0,8268,8268),o(PumaSubtit)-t(0,8268,8268),o(RefreshAcc)-t(0,8268,8268),o(RefreshSer)-t(0,8268,8268),o(SceneKeepe)-t(0,8268,8268),o(SetRate@0x)-t(1,8268,8269),o(SwitchEpis)-t(0,8269,8269),o(VideoPlayC)-t(0,8268,8268)}
06-04 11:23:53.687 I/CLog ( 3472): 2025-06-04 11:23:53.687 T:6710 INFO: Utf8Access, filename=/storage/emulated/0/Android/data/com.dangbei.hqmedia/files/qcache/data/ad_cache/TempFile/pre_5017_1749007349_0xbdf48fd0/793395f4cbc265c4818fa3420c2bb454.mp4.pm.1749007433687.temp,mode=0,ret=-1,err=2
06-04 11:23:53.687 D/UNIPLAYERSDK( 3472): MovieVVInfo.cpp:113 [pos]getCurrentPosition=0
06-04 11:23:53.687 I/CLog ( 3472): 2025-06-04 11:23:53.687 T:6710 INFO: if, open file -/storage/emulated/0/Android/data/com.dangbei.hqmedia/files/qcache/data/ad_cache/TempFile/pre_5017_1749007349_0xbdf48fd0/793395f4cbc265c4818fa3420c2bb454.mp4.pm
06-04 11:23:53.687 I/CLog ( 3472): 2025-06-04 11:23:53.687 T:6710 INFO: 0xab63afb0,if, open file -/storage/emulated/0/Android/data/com.dangbei.hqmedia/files/qcache/data/ad_cache/TempFile/pre_5017_1749007349_0xbdf48fd0/793395f4cbc265c4818fa3420c2bb454.mp4.pm-- result:1[313]
06-04 11:23:53.687 I/CLog ( 3472): 2025-06-04 11:23:53.687 T:6710 INFO: ab63afa0 ,of, open file -/storage/emulated/0/Android/data/com.dangbei.hqmedia/files/qcache/data/ad_cache/TempFile/pre_5017_1749007349_0xbdf48fd0/793395f4cbc265c4818fa3420c2bb454.mp4.pm.1749007433687.temp
06-04 11:23:53.687 D/audioserver( 521): logFgsApiBegin: FGS Logger Transaction failed, -129
06-04 11:23:53.688 I/CLog ( 3472): 2025-06-04 11:23:53.688 T:6710 INFO: 0xab63afa0 ,of, open file -/storage/emulated/0/Android/data/com.dangbei.hqmedia/files/qcache/data/ad_cache/TempFile/pre_5017_1749007349_0xbdf48fd0/793395f4cbc265c4818fa3420c2bb454.mp4.pm.1749007433687.temp-- result:1[327]
06-04 11:23:53.690 I/SogouIME( 1440): onKeyDown: keyoCode=19
06-04 11:23:53.690 I/DefaultIMS( 1440): onKeyDown: keyoCode=19
06-04 11:23:53.690 V/UNIPLAYERSDK( 3472): MediaPlayerImpl.cpp:408 [MediaPlayerImpl@0xecff7154]isPlaying ret=0
06-04 11:23:53.691 E/storage_operate( 3472): HCDN_LOG: [T:4181][HINFO]:[f:UpdateBBNCache],[l:3267],[start_check_task]
06-04 11:23:53.692 I/block_buffer_piece_size( 3472): HCDN_LOG: [T:4177]save data response (error_code0) ON_MSG_STORAGE2P2P_SaveDataResponse(2952059185-0-0) (offset:88,len:0)
06-04 11:23:53.692 I/block_buffer_piece_size( 3472): HCDN_LOG: [T:4177]save data response (error_code0) ON_MSG_STORAGE2P2P_SaveDataResponse(2952059185-0-0) (offset:122,len:0)
06-04 11:23:53.694 I/audio_hw_hal_primary( 476): out_update_source_metadata_v7() line 2013 usage:1 content_type:2
06-04 11:23:53.697 I/CLog ( 3472): 2025-06-04 11:23:53.696 T:6710 INFO: close ab63afa0[327]
06-04 11:23:53.697 I/CLog ( 3472): 2025-06-04 11:23:53.697 T:6710 INFO: 0xab63afb0,close file[313]
06-04 11:23:53.698 I/CLog ( 3472): 2025-06-04 11:23:53.698 T:6710 INFO: Utf8Access, filename=/storage/emulated/0/Android/data/com.dangbei.hqmedia/files/qcache/data/ad_cache/TempFile/pre_5017_1749007349_0xbdf48fd0/793395f4cbc265c4818fa3420c2bb454.mp4.pm.1749007433687.temp,mode=0,ret=-1,err=2
06-04 11:23:53.702 D/UNIPLAYERSDK( 3472): PumaPlayer.cpp:773 [PumaPlayer@0xab381cbc]getCachePercent(0)
06-04 11:23:53.702 D/UNIPLAYERSDK( 3472): PumaPlayerAdaptor.cpp:343 [PumaPlayerAdaptor@0xe5ea1fc4]KMSG_ACTION_GETCACHEPERCENT=0
06-04 11:23:53.702 D/UNIPLAYERSDK( 3472): BaseState.cpp:42 [PumaPlayerAdaptor@0xe5ea1fc4@0xb384d268]{fm(KMSG_ACTION_GETCACHEPERCENT),ret(0),at(1,8283,8284),s(5,-2,-2,-2,5),fm=Message@0xecb69cd0{what=1048610,when=1108283,arg1=0,arg2=-1111111111,arg3=-1111111111,str=,timeout=0,obj=0x0,runnable=0x0,target=0xed09b83c,watchDogOp=0x0}
06-04 11:23:53.702 D/UNIPLAYERSDK( 3472): BaseState.cpp:56 [PumaPlayerAdaptor@0xe5ea1fc4@0xb384d268]{fm(KMSG_ACTION_GETCACHEPERCENT),o(AudioPrevi)-t(0,8283,8283),o(BitstreamS)-t(0,8283,8283),o(CarouselPr)-t(0,8283,8283),o(FastHelper)-t(0,8283,8283),o(HeaderTail)-t(0,8283,8283),o(HighLights)-t(0,8283,8283),o(InteractPr)-t(0,8283,8283),o(LivePrevie)-t(0,8283,8283),o(MediaPlaye)-t(0,8284,8284),o(MovieVVInf)-t(0,8283,8283),o(PPrecacher)-t(0,8283,8283),o(PlayerStuc)-t(0,8283,8283),o(PumaAbsCmd)-t(0,8283,8283),o(PumaAdvert)-t(0,8283,8283),o(PumaBuffer)-t(0,8283,8283),o(PumaError@)-t(0,8283,8283),o(PumaMediaD)-t(0,8283,8283),o(PumaPlayer)-t(0,8283,8283),o(PumaRate@0)-t(0,8283,8283),o(PumaSegmen)-t(0,8283,8283),o(PumaSubtit)-t(0,8283,8283),o(RefreshAcc)-t(0,8283,8283),o(RefreshSer)-t(0,8283,8283),o(SceneKeepe)-t(0,8283,8283),o(SetRate@0x)-t(0,8283,8283),o(SwitchEpis)-t(0,8283,8283),o(VideoPlayC)-t(0,8283,8283)}
06-04 11:23:53.702 D/UNIPLAYERSDK( 3472): MovieVVInfo.cpp:129 [pos]getCachePercent=0
06-04 11:23:53.704 I/CLog ( 3472): 2025-06-04 11:23:53.704 T:5719 DEBUG: GetADCountdown 78264, return 41736
06-04 11:23:53.704 I/p2p_session_speed( 3472): HCDN_LOG: [T:4177]UpdateConnectedSessions.5301 ***************taskid:3999911026, connected session number:9, speed=0kb/s **************
06-04 11:23:53.704 I/p2p_session_speed( 3472): HCDN_LOG: [T:4177]session:(61.170.182.12:19060[20565]/PT_PUBLIC), down_speed:0Kb/s down_avg_speed:0Kb/s ver:[10.9.70.524]
06-04 11:23:53.704 I/p2p_session_speed( 3472): HCDN_LOG: [T:4177]session:(113.249.254.35:11336[53349]/PT_PUBLIC), down_speed:0Kb/s down_avg_speed:0Kb/s ver:[10.9.90.524]
06-04 11:23:53.704 I/p2p_session_speed( 3472): HCDN_LOG: [T:4177]session:(113.250.197.68:12940[53349]/PT_PUBLIC), down_speed:0Kb/s down_avg_speed:0Kb/s ver:[10.9.90.524]
06-04 11:23:53.704 I/p2p_session_speed( 3472): HCDN_LOG: [T:4177]session:(14.107.174.69:39259[49783]/PT_PUBLIC), down_speed:0Kb/s down_avg_speed:0Kb/s ver:[10.9.175.524]
06-04 11:23:53.704 I/p2p_session_speed( 3472): HCDN_LOG: [T:4177]session:(218.91.242.83:39243[39243]/PT_PUBLIC), down_speed:0Kb/s down_avg_speed:0Kb/s ver:[10.9.169.524]
06-04 11:23:53.704 I/p2p_session_speed( 3472): HCDN_LOG: [T:4177]session:(111.120.118.149:9743[28682]/PT_PUBLIC), down_speed:0Kb/s down_avg_speed:0Kb/s ver:[10.9.333.521]
06-04 11:23:53.704 I/p2p_session_speed( 3472): HCDN_LOG: [T:4177]session:(119.123.128.190:9845[36001]/PT_PUBLIC), down_speed:0Kb/s down_avg_speed:0Kb/s ver:[10.9.48.524]
06-04 11:23:53.704 I/p2p_session_speed( 3472): HCDN_LOG: [T:4177]session:(218.1.186.220:11292[39603]/PT_PUBLIC), down_speed:0Kb/s down_avg_speed:0Kb/s ver:[10.9.70.524]
06-04 11:23:53.704 I/p2p_session_speed( 3472): HCDN_LOG: [T:4177]session:(218.1.186.220:54983[54983]/PT_PUBLIC), down_speed:0Kb/s down_avg_speed:0Kb/s ver:[10.9.70.524]
06-04 11:23:53.710 I/q_h_c_s ( 3472): HCDN_LOG: [T:3977]OnRecvHeader:4653,Received header (reid: 17020419)
06-04 11:23:53.710 I/q_h_c_s ( 3472): HTTP/1.1 206 Partial Content
06-04 11:23:53.710 I/q_h_c_s ( 3472): Date: Wed, 04 Jun 2025 03:23:53 GMT
06-04 11:23:53.710 I/q_h_c_s ( 3472): Content-Type: video/mp4
06-04 11:23:53.710 I/q_h_c_s ( 3472): Content-Length: 128
06-04 11:23:53.710 I/q_h_c_s ( 3472): Connection: keep-alive
06-04 11:23:53.710 I/q_h_c_s ( 3472): Content-Range: bytes 0-127/3257192
06-04 11:23:53.710 I/q_h_c_s ( 3472): Last-Modified: Fri, 9 May 2025 12:04:40 GMT
06-04 11:23:53.710 I/q_h_c_s ( 3472): X-H-M: HIT
06-04 11:23:53.710 I/q_h_c_s ( 3472): X-Proxy-Hit: 128
06-04 11:23:53.710 I/q_h_c_s ( 3472): X-Proxy-Miss: 0
06-04 11:23:53.710 I/q_h_c_s ( 3472): Access-Control-Allow-Origin: *
06-04 11:23:53.710 I/q_h_c_s ( 3472): QY-H-M: MISS
06-04 11:23:53.710 I/q_h_c_s ( 3472): Access-Control-Allow-Headers: Origin,X-Requested-With,Content-Type,Accept,Authorization,DNT,X-CustomHeader,Keep-Alive,User-Agent,If-Modified-Since,Cache-Control
06-04 11:23:53.710 I/q_h_c_s ( 3472): Access-Control-Allow-Methods: GET,OPTIONS
06-04 11:23:53.710 I/q_h_c_s ( 3472): Access-Control-Max-Age: 1728000
06-04 11:23:53.710 I/q_h_c_s ( 3472): Expires: Thu, 04 Jun 2026 03:23:53 GMT
06-04 11:23:53.710 I/q_h_c_s ( 3472): Cache-Control: max-age=31536000
06-04 11:23:53.710 I/q_h_c_s ( 3472):
06-04 11:23:53.710 I/q_h_c_s ( 3472):
06-04 11:23:53.711 I/q_h_c_s ( 3472): HCDN_LOG: [T:3977]ProcessCurlMsg:599,curl completed with code 0: No error (reid: 17020419, handle: 0xecd76730)
06-04 11:23:53.711 I/q_h_c_s ( 3472): HCDN_LOG: [T:3977]ProcessQtpStateWhenHttpDone:1821,Check QTP state, reid: 17020419, flags (isHijacked:0, isDataCallbacked:0, isHttpSockWorkable:0, isUproxyWorkable:0, isRange:1, isRangeLowSpeed:0, isUproxyOrHttp3RetryWorkable:0, http3RetryMode:0, isAltSvcRetryWorkable:0, isSpareIPWorkable:0)
06-04 11:23:53.711 I/q_h_c_s ( 3472): HCDN_LOG: [T:3977]SetState:1618,QTP State changed: QSD0R1_WAITFOR_HTTP_RESP ====> QS_SUCCESS (reid: 17020419)
06-04 11:23:53.712 W/q_h_c_s ( 3472): HCDN_LOG: [T:3977]PrintHttpStatInfo:3879,Connection info for reid: 17020419, req_domain: 59.36.206.217, http_code: 206[1], classified_err: 0, own_err: 0, try_path: , ipv6_check: 2-101, net_type: 1, connection info: (m_primaryIp: 59.36.206.217, m_primaryPort: 8410, m_connectIp: 59.36.206.217, m_connectPort: 8410, m_localIp: 192.168.3.125, m_localPort: 55738, m_resolveTime: 0.000431s, m_connectTime: 0.125957s, m_appConnectTime: 0.000000s, m_preTransTime: 0.126253s, m_startTransTime: 0.215887s, m_totalTime: 0.218000s, m_stageTime: 0.216303s, m_avgDownloadSpeed: 0.577148kB/s, m_totalDownloadSize: 128B, m_avgUploadSpeed: 0.000000kB/s, m_totalUploadSize: 0B, m_isHappyEyeballsHappened: 0, m_connectionReuse: 0, m_numConnects: 1, m_ipVersion: 4, m_redirectTime: 0.000000s)
06-04 11:23:53.712 W/q_h_c_s ( 3472): HCDN_LOG: [T:3977]PrintHttpStatInfo:3918,Qtp state record for reid: 17020419, QS_UNINIT -> QSD0R1_START -> QSD0R1_WAITFOR_HTTP_RESP -> QS_SUCCESS
06-04 11:23:53.712 I/q_h_c_s ( 3472): HCDN_LOG: [T:3977]ExecuteCallback:2569,HTTP time information: reid: 17020419, reqScheduleTime: 1749007433491, reqBeginTime: 1749007433493, qtpDnsEndTime: 1749007433493, startRecvHeaderTime: 1749007433709, startRecvBodyTime: 1749007433710, reqEndTime: 1749007433711
06-04 11:23:53.712 I/q_h_c_s ( 3472): HCDN_LOG: [T:3977]ExecuteCallback:2671,m_cQtpHttpFinishedCb is nullptr, skip callback (reid: 17020419)
06-04 11:23:53.712 I/q_h_c_s ( 3472): HCDN_LOG: [T:3977]ExecuteCallback:2700,m_cQtpHttpCb is nullptr, skip callback (reid: 17020419)
06-04 11:23:53.712 I/q_h_c_s ( 3472): HCDN_LOG: [T:3977]ExecuteCallback:2740,Call m_callbackTask callback (reid: 17020419)
06-04 11:23:53.712 E/multisource( 3472): HCDN_LOG: [T:3977][HINFO]:[f:OnTTFBCallback],[l:1614], [task_id:3999911026] success... req_id:1650037, result:1, http_code:206, ownErrCode:0, failed_ip:, m_ttfbSources=1
06-04 11:23:53.712 I/q_h_c_s ( 3472): HCDN_LOG: [T:3977]ExecuteCallback:2745,Finished m_callbackTask callback (reid: 17020419)
06-04 11:23:53.712 I/q_h_c_s ( 3472): HCDN_LOG: [T:3977]ExecuteCallback:2775,HTTP finished, reid: 17020419, status: ownErrCode: 0 (MultiCurl HTTP request success), sysErrno: 0, transErrCode: 0, mCurlErrCode: 0, eCurlErrCode: 0, HTTP status code: 206, HTTP version: 1, trypath:
06-04 11:23:53.712 I/q_h_c_s ( 3472): HCDN_LOG: [T:3977]OnRequestComplete:3657,OnRequestComplete for reid: 17020419, m_mapReqId2HttpInfo: 3
06-04 11:23:53.712 I/q_h_c_s ( 3472): HCDN_LOG: [T:3977]ProcessCurlMsg:658,ProcessCurlMsg: reid: 17020419, taskid(0), moduleId(0), offset(0), length(128), CURL(0x0), m_mapRun(2), m_mapReqId2EasyHandle(2), m_vecModuleRun(0,2,0,0,0,0,0,0,0)
06-04 11:23:53.712 I/q_h_c_s ( 3472): HCDN_LOG: [T:3977]~QtpHttpStatusCode:197,Delete QtpHttpStatusCode(address: 0xb5ac3ad0)
06-04 11:23:53.712 I/q_h_c_s ( 3472): HCDN_LOG: [T:3977]~QtpHttpRequest:538,Delete QtpHttpRequest(reid: 17020419, address: 0xecb1fcd0)
06-04 11:23:53.712 I/q_h_c_s ( 3472): HCDN_LOG: [T:3977]~QtpHttpResponse:1042,Delete QtpHttpResponse(address: 0xecc68390)
06-04 11:23:53.713 E/storage_operate( 3472): HCDN_LOG: [T:4181][HFATAL]:[f:SetExternalControlDiskIO],[l:53],[Type:0],[Switch:1]
06-04 11:23:53.713 E/storage_operate( 3472): HCDN_LOG: [T:4181][HFATAL]:[f:SetDiskIO],[l:45],[o_type:1],[o_reason:31],[o_switch:1],[type:1],[reason:31],[switch:1]
06-04 11:23:53.713 E/hcdn_downloadengine( 3472): HCDN_LOG: [T:4176][HINFO]:[f:OnRecvDiskIoState],[l:2971], disk_io_state : 1
06-04 11:23:53.713 E/playfilesourceNew( 3472): HCDN_LOG: [T:4173][HFATAL]:[f:AddResopnseMessage],[l:95],[Failed! Can not find task_id(0) or msg_seq(0)]
06-04 11:23:53.720 I/block_buffer_piece_size( 3472): HCDN_LOG: [T:4177]save data response (error_code0) ON_MSG_STORAGE2P2P_SaveDataResponse(2952059185-0-0) (offset:89,len:0)
06-04 11:23:53.730 I/block_buffer_piece_size( 3472): HCDN_LOG: [T:4177]save data response (error_code0) ON_MSG_STORAGE2P2P_SaveDataResponse(3972754988-0-0) (offset:123,len:0)
06-04 11:23:53.730 W/abs_update_info( 3472): HCDN_LOG: [T:4176][HERROR]:[f:CalcVidCacheBytesFromReadOffset],[l:2489],UPDATA CALC:vid:,task_seg=0, task_offset=737280, cur_cache_bytes=737280, total_cache_bytes=737280, fileToEnd=0
06-04 11:23:53.730 W/abs_update_info( 3472): HCDN_LOG: [T:4176][HERROR]:[f:UpdateForABS],[l:2545],UPDATA:vid:,i64ReadOffset=0, cache=737280, CachedBytes=737280
06-04 11:23:53.730 E/Hcdn_DeTask3999911026( 3472): HCDN_LOG: [T:4176][HINFO]:[f:PostNotifyInfo],[l:248], notify type(6),info({"BandWidth":6488064,"IsAd":1,"IsP2P":1,"VID":""}
06-04 11:23:53.730 E/Hcdn_DeTask3999911026( 3472): )
06-04 11:23:53.730 E/playfilesourceNew( 3472): HCDN_LOG: [T:4173][HINFO]:[f:DoAsynNotifyInfoResponse],[l:2605],[TaskID(3999911026),type(6),msg({"BandWidth":6488064,"IsAd":1,"IsP2P":1,"VID":""}
06-04 11:23:53.730 E/playfilesourceNew( 3472): )!]
06-04 11:23:53.730 E/Hcdn_DeTask318584460( 3472): HCDN_LOG: [T:4176][HINFO]:[f:PostNotifyInfo],[l:248], notify type(6),info({"BandWidth":-2,"IsAd":1,"IsP2P":1,"VID":""}
06-04 11:23:53.730 E/Hcdn_DeTask318584460( 3472): )
06-04 11:23:53.730 E/abs_info( 3472): HCDN_LOG: [T:4173][HINFO]:[f:PostABSInfo],[l:7214],Task(13), SetABSInterface ret(0) SetParam("DownloadStatusByHcdn", {"BandWidth":6488064,"BandWidth_1":7888896,"IsAd":1,"IsP2P":1,"VID":""}
06-04 11:23:53.730 E/abs_info( 3472): )
06-04 11:23:53.730 E/playfilesourceNew( 3472): HCDN_LOG: [T:4173][HINFO]:[f:DoAsynNotifyInfoResponse],[l:2605],[TaskID(318584460),type(6),msg({"BandWidth":-2,"IsAd":1,"IsP2P":1,"VID":""}
06-04 11:23:53.730 E/playfilesourceNew( 3472): )!]
06-04 11:23:53.738 I/UNIPLAYERSDK( 3472): MediaPlayerImpl.cpp:448 [MediaPlayerImpl@0xecff7154]getAdCountDown(41936)
06-04 11:23:53.738 I/CLog ( 3472): 2025-06-04 11:23:53.738 T:5719 DEBUG: InvokeCommand, is_rtc (null)
06-04 11:23:53.739 I/CLog ( 3472): 2025-06-04 11:23:53.738 T:5719 DEBUG: DataPush to read:100,size(5),[83080-82987]
06-04 11:23:53.741 I/q_h_c_s ( 3472): HCDN_LOG: [T:3977]OnRecvHeader:4653,Received header (reid: 17020420)
06-04 11:23:53.741 I/q_h_c_s ( 3472): HTTP/1.1 206 Partial Content
06-04 11:23:53.741 I/q_h_c_s ( 3472): Server: openresty
06-04 11:23:53.741 I/q_h_c_s ( 3472): Date: Wed, 04 Jun 2025 03:23:53 GMT
06-04 11:23:53.741 I/q_h_c_s ( 3472): Content-Type: video/mp4
06-04 11:23:53.741 I/q_h_c_s ( 3472): Content-Length: 128
06-04 11:23:53.741 I/q_h_c_s ( 3472): Connection: keep-alive
06-04 11:23:53.741 I/q_h_c_s ( 3472): Last-Modified: Fri, 09 May 2025 04:04:41 GMT
06-04 11:23:53.741 I/q_h_c_s ( 3472): ETag: "793395f4cbc265c4818fa3420c2bb454"
06-04 11:23:53.741 I/q_h_c_s ( 3472): Cache-Control: max-age=31536000
06-04 11:23:53.741 I/q_h_c_s ( 3472): Content-Range: bytes 0-127/3257192
06-04 11:23:53.741 I/q_h_c_s ( 3472): Accept-Ranges: bytes
06-04 11:23:53.741 I/q_h_c_s ( 3472): Access-Control-Allow-Origin: *
06-04 11:23:53.741 I/q_h_c_s ( 3472): Content-MD5: eTOV9MvCZcSBj6NCDCu0VA==
06-04 11:23:53.741 I/q_h_c_s ( 3472): x-bce-content-crc32: 578439442
06-04 11:23:53.741 I/q_h_c_s ( 3472): x-bce-debug-id: KmuTKvinbqI8LF6KJD8PSBTFGYHahTY8K8/+asKGAtxkXf7C7zHa+X86/JDfDgdzERTxDd2sSvHqoHx1a6hYaA==
06-04 11:23:53.741 I/q_h_c_s ( 3472): x-bce-flow-control-type: -1
06-04 11:23:53.741 I/q_h_c_s ( 3472): x-bce-is-transition: false
06-04 11:23:53.741 I/q_h_c_s ( 3472): x-bce-meta-last-modified: 1746763480
06-04 11:23:53.741 I/q_h_c_s ( 3472): x-bce-meta-length: 3257192
06-04 11:23:53.741 I/q_h_c_s ( 3472): x-bce-request-id: db58e2f4-be06-46d0-9a4b-937c81adb633
06-04 11:23:53.741 I/q_h_c_s ( 3472): x-bce-storage-class: COLD
06-04 11:23:53.741 I/q_h_c_s ( 3472): Ohc-Global-Saved-Time: Fri, 09 May 2025 06:02:50 GMT
06-04 11:23:53.741 I/q_h_c_s ( 3472): Ohc-Cache-HIT: suzix230 [1]
06-04 11:23:53.741 I/q_h_c_s ( 3472): Ohc-Response-Time: 1 0 24 25 93 94
06-04 11:23:53.741 I/q_h_c_s ( 3472): Ohc-File-Size: 3257192
06-04 11:23:53.741 I/q_h_c_s ( 3472): Server-Address: 116.31.102.50
06-04 11:23:53.741 I/q_h_c_s ( 3472): Access-Control-Ma
06-04 11:23:53.741 I/q_h_c_s ( 3472): HCDN_LOG: x-Age: 1728000
06-04 11:23:53.741 I/q_h_c_s ( 3472): Access-Control-Allow-Headers: Origin,X-Requested-With,Content-Type,Accept,Authorization,DNT,X-CustomHeader,Keep-Alive,User-Agent,If-Modified-Since,Cache-Control
06-04 11:23:53.741 I/q_h_c_s ( 3472): Access-Control-Expose-Headers: Server-Address
06-04 11:23:53.741 I/q_h_c_s ( 3472): Access-Control-Allow-Methods: GET,OPTIONS
06-04 11:23:53.741 I/q_h_c_s ( 3472): Age: 2236863
06-04 11:23:53.741 I/q_h_c_s ( 3472): Request-Id: 660d683fbc49741f1a423b5dc66e1968
06-04 11:23:53.741 I/q_h_c_s ( 3472): Remote-Reason: -
06-04 11:23:53.741 I/q_h_c_s ( 3472): QY-H-M: HIT
06-04 11:23:53.741 I/q_h_c_s ( 3472):
06-04 11:23:53.741 I/q_h_c_s ( 3472):
06-04 11:23:53.742 I/q_h_c_s ( 3472): HCDN_LOG: [T:3977]OnRecvHeader:4653,Received header (reid: 17020422)
06-04 11:23:53.742 I/q_h_c_s ( 3472): HTTP/1.1 206 Partial Content
06-04 11:23:53.742 I/q_h_c_s ( 3472): Server: openresty
06-04 11:23:53.742 I/q_h_c_s ( 3472): Date: Wed, 04 Jun 2025 03:23:53 GMT
06-04 11:23:53.742 I/q_h_c_s ( 3472): Content-Type: video/mp4
06-04 11:23:53.742 I/q_h_c_s ( 3472): Content-Length: 128
06-04 11:23:53.742 I/q_h_c_s ( 3472): Connection: keep-alive
06-04 11:23:53.742 I/q_h_c_s ( 3472): Content-Range: bytes 0-127/3257192
06-04 11:23:53.742 I/q_h_c_s ( 3472): X-Proxy-Hit: 0
06-04 11:23:53.742 I/q_h_c_s ( 3472): X-Proxy-Miss: 262144
06-04 11:23:53.742 I/q_h_c_s ( 3472): Last-Modified: Fri, 09 May 2025 04:04:40
06-04 11:23:53.742 I/q_h_c_s ( 3472): X-H-M: MISS
06-04 11:23:53.742 I/q_h_c_s ( 3472): Access-Control-Allow-Origin: *
06-04 11:23:53.742 I/q_h_c_s ( 3472): QY-H-M: HIT
06-04 11:23:53.742 I/q_h_c_s ( 3472): Access-Control-Allow-Headers: Origin,X-Requested-With,Content-Type,Accept,Authorization,DNT,X-CustomHeader,Keep-Alive,User-Agent,If-Modified-Since,Cache-Control
06-04 11:23:53.742 I/q_h_c_s ( 3472): Access-Control-Allow-Methods: GET,OPTIONS
06-04 11:23:53.742 I/q_h_c_s ( 3472): Access-Control-Max-Age: 1728000
06-04 11:23:53.742 I/q_h_c_s ( 3472): Cache-Control: max-age=31536000
06-04 11:23:53.742 I/q_h_c_s ( 3472): Age: 2236865
06-04 11:23:53.742 I/q_h_c_s ( 3472): Request-Id: e321683fbc497793f452a4cdb4a6e0e3
06-04 11:23:53.742 I/q_h_c_s ( 3472): Access-Control-Expose-Headers: Server-Address
06-04 11:23:53.742 I/q_h_c_s ( 3472): Server-Address: 119.147.227.48
06-04 11:23:53.742 I/q_h_c_s ( 3472): Remote-Reason: -
06-04 11:23:53.742 I/q_h_c_s ( 3472):
06-04 11:23:53.742 I/q_h_c_s ( 3472):
06-04 11:23:53.743 I/q_h_c_s ( 3472): HCDN_LOG: [T:3977]ProcessCurlMsg:599,curl completed with code 0: No error (reid: 17020420, handle: 0xecd5b9f0)
06-04 11:23:53.743 I/q_h_c_s ( 3472): HCDN_LOG: [T:3977]ProcessQtpStateWhenHttpDone:1821,Check QTP state, reid: 17020420, flags (isHijacked:0, isDataCallbacked:0, isHttpSockWorkable:0, isUproxyWorkable:0, isRange:1, isRangeLowSpeed:0, isUproxyOrHttp3RetryWorkable:0, http3RetryMode:0, isAltSvcRetryWorkable:0, isSpareIPWorkable:0)
06-04 11:23:53.744 I/q_h_c_s ( 3472): HCDN_LOG: [T:3977]SetState:1618,QTP State changed: QSD1R1_WAITFOR_HTTP_RESP0 ====> QS_SUCCESS (reid: 17020420)
06-04 11:23:53.744 W/q_h_c_s ( 3472): HCDN_LOG: [T:3977]PrintHttpStatInfo:3879,Connection info for reid: 17020420, req_domain: baiducdnct.inter.ptqy.gitv.tv, http_code: 206[1], classified_err: 0, own_err: 0, try_path: fc, ipv6_check: 2-101, net_type: 1, connection info: (m_primaryIp: 116.31.102.50, m_primaryPort: 80, m_connectIp: 116.31.102.50, m_connectPort: 80, m_localIp: 192.168.3.125, m_localPort: 36164, m_resolveTime: 0.020000s, m_connectTime: 0.136845s, m_appConnectTime: 0.000000s, m_preTransTime: 0.137208s, m_startTransTime: 0.210601s, m_totalTime: 0.250000s, m_stageTime: 0.211226s, m_avgDownloadSpeed: 0.590820kB/s, m_totalDownloadSize: 128B, m_avgUploadSpeed: 0.000000kB/s, m_totalUploadSize: 0B, m_isHappyEyeballsHappened: 0, m_connectionReuse: 0, m_numConnects: 1, m_ipVersion: 4, m_redirectTime: 0.000000s)
06-04 11:23:53.744 W/q_h_c_s ( 3472): HCDN_LOG: [T:3977]PrintHttpStatInfo:3918,Qtp state record for reid: 17020420, QS_UNINIT -> QSD1R1_START -> QSD1R1_WAITFOR_FASTDNS_CACHE_RESP -> QSD1R1_WAITFOR_HTTP_RESP0 -> QS_SUCCESS
06-04 11:23:53.744 I/q_h_c_s ( 3472): HCDN_LOG: [T:3977]ExecuteCallback:2569,HTTP time information: reid: 17020420, reqScheduleTime: 1749007433492, reqBeginTime: 1749007433493, qtpDnsEndTime: 1749007433518, startRecvHeaderTime: 1749007433740, startRecvBodyTime: 1749007433741, reqEndTime: 1749007433743
06-04 11:23:53.744 I/q_h_c_s ( 3472): HCDN_LOG: [T:3977]ExecuteCallback:2671,m_cQtpHttpFinishedCb is nullptr, skip callback (reid: 17020420)
06-04 11:23:53.744 I/q_h_c_s ( 3472): HCDN_LOG: [T:3977]ExecuteCallback:2700,m_cQtpHttpCb is nullptr, skip callback (reid: 17020420)
06-04 11:23:53.744 I/q_h_c_s ( 3472): HCDN_LOG: [T:3977]ExecuteCallback:2740,Call m_callbackTask callback (reid: 17020420)
06-04 11:23:53.744 E/multisource( 3472): HCDN_LOG: [T:3977][HINFO]:[f:OnTTFBCallback],[l:1614], [task_id:3999911026] success... req_id:1650038, result:1, http_code:206, ownErrCode:0, failed_ip:, m_ttfbSources=2
06-04 11:23:53.744 I/q_h_c_s ( 3472): HCDN_LOG: [T:3977]ExecuteCallback:2745,Finished m_callbackTask callback (reid: 17020420)
06-04 11:23:53.744 I/q_h_c_s ( 3472): HCDN_LOG: [T:3977]ExecuteCallback:2775,HTTP finished, reid: 17020420, status: ownErrCode: 0 (MultiCurl HTTP request success), sysErrno: 0, transErrCode: 0, mCurlErrCode: 0, eCurlErrCode: 0, HTTP status code: 206, HTTP version: 1, trypath:fc
06-04 11:23:53.744 I/q_h_c_s ( 3472): HCDN_LOG: [T:3977]OnRequestComplete:3657,OnRequestComplete for reid: 17020420, m_mapReqId2HttpInfo: 2
06-04 11:23:53.744 I/q_h_c_s ( 3472): HCDN_LOG: [T:3977]ProcessCurlMsg:658,ProcessCurlMsg: reid: 17020420, taskid(0), moduleId(0), offset(0), length(128), CURL(0x0), m_mapRun(1), m_mapReqId2EasyHandle(1), m_vecModuleRun(0,1,0,0,0,0,0,0,0)
06-04 11:23:53.744 I/q_h_c_s ( 3472): HCDN_LOG: [T:3977]~QtpHttpStatusCode:197,Delete QtpHttpStatusCode(address: 0xb5ade330)
06-04 11:23:53.744 I/q_h_c_s ( 3472): HCDN_LOG: [T:3977]~QtpHttpRequest:538,Delete QtpHttpRequest(reid: 17020420, address: 0xecb168d0)
06-04 11:23:53.744 I/q_h_c_s ( 3472): HCDN_LOG: [T:3977]~QtpHttpResponse:1042,Delete QtpHttpResponse(address: 0xecc5e2b0)
06-04 11:23:53.744 I/q_h_c_s ( 3472): HCDN_LOG: [T:3977]ProcessCurlMsg:599,curl completed with code 0: No error (reid: 17020422, handle: 0xa8b01950)
06-04 11:23:53.745 I/q_h_c_s ( 3472): HCDN_LOG: [T:3977]ProcessQtpStateWhenHttpDone:1821,Check QTP state, reid: 17020422, flags (isHijacked:0, isDataCallbacked:0, isHttpSockWorkable:0, isUproxyWorkable:0, isRange:1, isRangeLowSpeed:0, isUproxyOrHttp3RetryWorkable:0, http3RetryMode:0, isAltSvcRetryWorkable:0, isSpareIPWorkable:0)
06-04 11:23:53.745 I/q_h_c_s ( 3472): HCDN_LOG: [T:3977]SetState:1618,QTP State changed: QSD1R1_WAITFOR_HTTP_RESP0 ====> QS_SUCCESS (reid: 17020422)
06-04 11:23:53.745 W/q_h_c_s ( 3472): HCDN_LOG: [T:3977]PrintHttpStatInfo:3879,Connection info for reid: 17020422, req_domain: qiniucdnct.inter.ptqy.gitv.tv, http_code: 206[1], classified_err: 0, own_err: 0, try_path: fc, ipv6_check: 2-101, net_type: 1, connection info: (m_primaryIp: 119.147.227.48, m_primaryPort: 80, m_connectIp: 119.147.227.48, m_connectPort: 80, m_localIp: 192.168.3.125, m_localPort: 41682, m_resolveTime: 0.020000s, m_connectTime: 0.136039s, m_appConnectTime: 0.000000s, m_preTransTime: 0.136297s, m_startTransTime: 0.211164s, m_totalTime: 0.249000s, m_stageTime: 0.211640s, m_avgDownloadSpeed: 0.589844kB/s, m_totalDownloadSize: 128B, m_avgUploadSpeed: 0.000000kB/s, m_totalUploadSize: 0B, m_isHappyEyeballsHappened: 0, m_connectionReuse: 0, m_numConnects: 1, m_ipVersion: 4, m_redirectTime: 0.000000s)
06-04 11:23:53.745 W/q_h_c_s ( 3472): HCDN_LOG: [T:3977]PrintHttpStatInfo:3918,Qtp state record for reid: 17020422, QS_UNINIT -> QSD1R1_START -> QSD1R1_WAITFOR_FASTDNS_CACHE_RESP -> QSD1R1_WAITFOR_HTTP_RESP0 -> QS_SUCCESS
06-04 11:23:53.745 I/q_h_c_s ( 3472): HCDN_LOG: [T:3977]ExecuteCallback:2569,HTTP time information: reid: 17020422, reqScheduleTime: 1749007433494, reqBeginTime: 1749007433495, qtpDnsEndTime: 1749007433518, startRecvHeaderTime: 1749007433742, startRecvBodyTime: 1749007433742, reqEndTime: 1749007433745
06-04 11:23:53.745 I/q_h_c_s ( 3472): HCDN_LOG: [T:3977]ExecuteCallback:2671,m_cQtpHttpFinishedCb is nullptr, skip callback (reid: 17020422)
06-04 11:23:53.745 I/q_h_c_s ( 3472): HCDN_LOG: [T:3977]ExecuteCallback:2700,m_cQtpHttpCb is nullptr, skip callback (reid: 17020422)
06-04 11:23:53.745 I/q_h_c_s ( 3472): HCDN_LOG: [T:3977]ExecuteCallback:2740,Call m_callbackTask callback (reid: 17020422)
06-04 11:23:53.745 E/multisource( 3472): HCDN_LOG: [T:3977][HINFO]:[f:OnTTFBCallback],[l:1614], [task_id:3999911026] success... req_id:1650039, result:1, http_code:206, ownErrCode:0, failed_ip:, m_ttfbSources=3
06-04 11:23:53.745 I/q_h_c_s ( 3472): HCDN_LOG: [T:3977]ExecuteCallback:2745,Finished m_callbackTask callback (reid: 17020422)
06-04 11:23:53.745 I/q_h_c_s ( 3472): HCDN_LOG: [T:3977]ExecuteCallback:2775,HTTP finished, reid: 17020422, status: ownErrCode: 0 (MultiCurl HTTP request success), sysErrno: 0, transErrCode: 0, mCurlErrCode: 0, eCurlErrCode: 0, HTTP status code: 206, HTTP version: 1, trypath:fc
06-04 11:23:53.745 I/q_h_c_s ( 3472): HCDN_LOG: [T:3977]OnRequestComplete:3657,OnRequestComplete for reid: 17020422, m_mapReqId2HttpInfo: 1
06-04 11:23:53.745 I/q_h_c_s ( 3472): HCDN_LOG: [T:3977]ProcessCurlMsg:658,ProcessCurlMsg: reid: 17020422, taskid(0), moduleId(0), offset(0), length(128), CURL(0x0), m_mapRun(0), m_mapReqId2EasyHandle(0), m_vecModuleRun(0,0,0,0,0,0,0,0,0)
06-04 11:23:53.745 I/q_h_c_s ( 3472): HCDN_LOG: [T:3977]~QtpHttpStatusCode:197,Delete QtpHttpStatusCode(address: 0xb5accbd0)
06-04 11:23:53.745 I/q_h_c_s ( 3472): HCDN_LOG: [T:3977]~QtpHttpRequest:538,Delete QtpHttpRequest(reid: 17020422, address: 0xecb07cf0)
06-04 11:23:53.745 I/q_h_c_s ( 3472): HCDN_LOG: [T:3977]~QtpHttpResponse:1042,Delete QtpHttpResponse(address: 0xecc57560)
06-04 11:23:53.748 I/VideoViewGroup@250996395( 3472): onLayout(), isFullScreen=true, viewHeight=1080 , viewWidth=1920, ScreenHeight=1080, ScreenWidth=1920
06-04 11:23:53.750 E/storage_operate( 3472): HCDN_LOG: [T:4181][HINFO]:[f:BBNCheck],[l:3253],,[map_size:0]
06-04 11:23:53.764 E/storage_operate( 3472): HCDN_LOG: [T:4181][HINFO]:[f:UpdateBBNCache],[l:3267],[start_check_task]
06-04 11:23:53.764 I/block_buffer_piece_size( 3472): HCDN_LOG: [T:4177]save data response (error_code0) ON_MSG_STORAGE2P2P_SaveDataResponse(2952059185-0-0) (offset:90,len:0)
06-04 11:23:53.784 I/SogouIME( 1440): onKeyUp: keyoCode=19
06-04 11:23:53.784 I/DefaultIMS( 1440): onKeyUp: keyoCode=19
06-04 11:23:53.784 V/UNIPLAYERSDK( 3472): MediaPlayerImpl.cpp:408 [MediaPlayerImpl@0xecff7154]isPlaying ret=0
06-04 11:23:53.789 I/block_buffer_piece_size( 3472): HCDN_LOG: [T:4177]save data response (error_code0) ON_MSG_STORAGE2P2P_SaveDataResponse(2952059185-0-0) (offset:124,len:0)
06-04 11:23:53.798 I/CLog ( 3472): 2025-06-04 11:23:53.798 T:6710 DEBUG: [5017]HCDNLoaderClient::Read read_len=262144
06-04 11:23:53.798 E/p2pfile ( 3472): HCDN_LOG: [T:6710][HINFO]:[f:Read],[l:1749],[Task(13), pos(737280), len(262144), timeout(6000)]
06-04 11:23:53.799 E/playfilesourceNew( 3472): HCDN_LOG: [T:6710][HINFO]:[f:GetCacheSeconds],[l:846],[TaskID(3999911026), offset(737280), CacheBytes(753664)]
06-04 11:23:53.799 E/playfilesourceNew( 3472): HCDN_LOG: [T:6710][HINFO]:[f:Read],[l:2071],[Task(13), taskid(3999911026), Offset(737280), needread(262144)]
06-04 11:23:53.799 E/playfilesourceNew( 3472): HCDN_LOG: [T:6710][HINFO]:[f:ReadDataByPiece],[l:4260],[TaskID(3999911026),seq(1361), Offset(737280), NumberOfBytesToRead(262144)]
06-04 11:23:53.800 W/abs_update_info( 3472): HCDN_LOG: [T:4181][HERROR]:[f:CheckPlayerReadData],[l:2157],vui(3f90c3f6e555fc8f01c344ddb68c23ca) task_id[3999911026] ret_code[0], offset[737280], offset_len[262144].
06-04 11:23:53.800 E/p2pfile ( 3472): HCDN_LOG: [T:6710][HINFO]:[f:Read],[l:2211],[Task(13), Read return, pos(737280),len(262144),idx(0),taskid(3999911026),videoTime(0)]
06-04 11:23:53.800 I/CLog ( 3472): 2025-06-04 11:23:53.800 T:6710 DEBUG: [5017]HCDNLoaderClient::Read need_read=262144, read_size=262144. pos:999424
06-04 11:23:53.800 I/CLog ( 3472): 2025-06-04 11:23:53.800 T:6710 DEBUG: LoadImplLock:will_stop_=====1(0)
06-04 11:23:53.804 I/CLog ( 3472): 2025-06-04 11:23:53.804 T:6710 INFO: [5017]OnCheckMemoryFull, 0->1043162
06-04 11:23:53.804 I/CLog ( 3472): 2025-06-04 11:23:53.804 T:6710 INFO: HCDNLoaderClient::PauseCallback, enter:1
06-04 11:23:53.814 I/CLog ( 3472): 2025-06-04 11:23:53.814 T:5719 DEBUG: InvokeCommand, is_rtc (null)
06-04 11:23:53.814 I/CLog ( 3472): 2025-06-04 11:23:53.814 T:5719 DEBUG: DataPush to read:100,size(5),[83160-83057]
06-04 11:23:53.820 E/storage_operate( 3472): HCDN_LOG: [T:4181][HINFO]:[f:BBNCheck],[l:3253],,[map_size:0]
06-04 11:23:53.830 W/abs_update_info( 3472): HCDN_LOG: [T:4176][HERROR]:[f:CalcVidCacheBytesFromReadOffset],[l:2489],UPDATA CALC:vid:,task_seg=0, task_offset=999424, cur_cache_bytes=491520, total_cache_bytes=491520, fileToEnd=0
06-04 11:23:53.830 W/abs_update_info( 3472): HCDN_LOG: [T:4176][HERROR]:[f:UpdateForABS],[l:2545],UPDATA:vid:,i64ReadOffset=0, cache=491520, CachedBytes=491520
06-04 11:23:53.830 E/Hcdn_DeTask3999911026( 3472): HCDN_LOG: [T:4176][HINFO]:[f:PostNotifyInfo],[l:248], notify type(6),info({"BandWidth":6488064,"IsAd":1,"IsP2P":1,"VID":""}
06-04 11:23:53.830 E/Hcdn_DeTask3999911026( 3472): )
06-04 11:23:53.831 D/XM_HIDREAD( 1961): poll ret=1, event=1
06-04 11:23:53.831 E/Hcdn_DeTask318584460( 3472): HCDN_LOG: [T:4176][HINFO]:[f:PostNotifyInfo],[l:248], notify type(6),info({"BandWidth":-2,"IsAd":1,"IsP2P":1,"VID":""}
06-04 11:23:53.831 E/Hcdn_DeTask318584460( 3472): )
06-04 11:23:53.831 D/XM_HIDREAD( 1961): [9 bytes]:01 00 00 00 00 00 00 00 00
06-04 11:23:53.831 E/playfilesourceNew( 3472): HCDN_LOG: [T:4173][HINFO]:[f:DoAsynNotifyInfoResponse],[l:2605],[TaskID(3999911026),type(6),msg({"BandWidth":6488064,"IsAd":1,"IsP2P":1,"VID":""}
06-04 11:23:53.831 E/playfilesourceNew( 3472): )!]
06-04 11:23:53.831 E/abs_info( 3472): HCDN_LOG: [T:4173][HINFO]:[f:PostABSInfo],[l:7214],Task(13), SetABSInterface ret(0) SetParam("DownloadStatusByHcdn", {"BandWidth":6488064,"BandWidth_1":7888896,"IsAd":1,"IsP2P":1,"VID":""}
06-04 11:23:53.831 E/abs_info( 3472): )
06-04 11:23:53.831 E/playfilesourceNew( 3472): HCDN_LOG: [T:4173][HINFO]:[f:DoAsynNotifyInfoResponse],[l:2605],[TaskID(318584460),type(6),msg({"BandWidth":-2,"IsAd":1,"IsP2P":1,"VID":""}
06-04 11:23:53.831 E/playfilesourceNew( 3472): )!]
06-04 11:23:53.832 I/SogouIME( 1440): onKeyUp: keyoCode=22
06-04 11:23:53.832 I/DefaultIMS( 1440): onKeyUp: keyoCode=22
06-04 11:23:53.832 V/UNIPLAYERSDK( 3472): MediaPlayerImpl.cpp:408 [MediaPlayerImpl@0xecff7154]isPlaying ret=0
06-04 11:23:53.854 E/storage_operate( 3472): HCDN_LOG: [T:4181][HINFO]:[f:UpdateBBNCache],[l:3267],[start_check_task]
06-04 11:23:53.854 I/block_buffer_piece_size( 3472): HCDN_LOG: [T:4177]save data response (error_code0) ON_MSG_STORAGE2P2P_SaveDataResponse(4139515904-0-0) (offset:91,len:0)
06-04 11:23:53.855 I/block_buffer_piece_size( 3472): HCDN_LOG: [T:4177]save data response (error_code0) ON_MSG_STORAGE2P2P_SaveDataResponse(2952059185-0-0) (offset:125,len:0)
06-04 11:23:53.864 I/audio_hw_hal_primary( 476): [audiohal_get_latency:1333] io 13: out:0xf07c5650 frames:1152 rate:48000 whole_latency:24 alsa_latency:24
06-04 11:23:53.864 I/audio_hw_hal_primary( 476): [audiohal_get_latency:1333] io 13: out:0xf07c5650 frames:1152 rate:48000 whole_latency:24 alsa_latency:24
