06-04 11:24:30.896 D/nStackXCoAP( 3069): IsInSameNetwork:[276] :IsInSameNetwork exec
06-04 11:24:30.896 I/nStackXDFinder( 3069): GetLocalInterfaceDetail:[461] :GetLocalInterfaceDetail in
06-04 11:24:30.896 E/nStackXCoAP( 3069): IsInSameNetwork:[281] :IsInSameNetwork: not priority process
06-04 11:24:30.896 D/nStackXCoAP( 3069): ParseServiceDiscover:[330] :new device join
06-04 11:24:30.896 E/nStackXDFinder( 3069): GetLocalIp:[401] :GetLocalIp exec
06-04 11:24:31.029 I/TvUniPlayer/UniPlayer@ca2c597( 3472): in handleMessage event:10000
06-04 11:24:31.163 I/PlayThreadMonitor( 3472): in playerthread monitor handler
06-04 11:24:31.163 I/PlayThreadMonitor( 3472): in monitor runnable
06-04 11:24:31.187 D/nStackXCoAP( 3069): IsInSameNetwork:[276] :IsInSameNetwork exec
06-04 11:24:31.187 I/nStackXDFinder( 3069): GetLocalInterfaceDetail:[461] :GetLocalInterfaceDetail in
06-04 11:24:31.187 E/nStackXCoAP( 3069): IsInSameNetwork:[281] :IsInSameNetwork: not priority process
06-04 11:24:31.187 D/nStackXCoAP( 3069): ParseServiceDiscover:[330] :new device join
06-04 11:24:31.187 E/nStackXDFinder( 3069): GetLocalIp:[401] :GetLocalIp exec
06-04 11:24:31.227 D/nStackXCoAP( 3069): CoapMessageHandler:[133] :2.01
06-04 11:24:31.484 D/nStackXCoAP( 3069): IsInSameNetwork:[276] :IsInSameNetwork exec
06-04 11:24:31.484 I/nStackXDFinder( 3069): GetLocalInterfaceDetail:[461] :GetLocalInterfaceDetail in
06-04 11:24:31.484 E/nStackXCoAP( 3069): IsInSameNetwork:[281] :IsInSameNetwork: not priority process
06-04 11:24:31.484 D/nStackXCoAP( 3069): ParseServiceDiscover:[330] :new device join
06-04 11:24:31.484 E/nStackXDFinder( 3069): GetLocalIp:[401] :GetLocalIp exec
06-04 11:24:31.621 D/audio_hw_hal_primary( 476): [out_standby_new:5767] io 13: out:0xf07c5650 usecase:PCM_NORMAL
06-04 11:24:31.621 I/audio_hw_hal_primary( 476): [do_output_standby_l:5663] io 13: out:0xf07c5650, stream usecase:PCM_NORMAL, continuous:1
06-04 11:24:31.621 I/audio_hw_hal_primary( 476): [usecase_change_validate_l:7436] ++ io 13: out:0xf07c5650 dev masks:0x1 is_standby:1 out usecase:PCM_NORMAL
06-04 11:24:31.621 I/audio_hw_hal_ms12common( 476): aml_set_ms12_scheduler_state ms12_scheduler_state:1, sch_state:1 SCHEDULER_STANDBY is sent to ms12
06-04 11:24:31.621 I/audio_hw_hal_primary( 476): [usecase_change_validate_l:7477] -- dev masks:0 is_standby:1 out usecase PCM_NORMAL
06-04 11:24:31.621 D/audio_hw_hal_primary( 476): [out_standby_new:5790] io 13: out:0xf07c5650 usecase:PCM_NORMAL exit
06-04 11:24:31.627 D/nStackXCoAP( 3069): CoapMessageHandler:[133] :2.01
06-04 11:24:31.679 D/libdolbyms12( 476): continuous underrun 2
06-04 11:24:31.787 D/nStackXCoAP( 3069): IsInSameNetwork:[276] :IsInSameNetwork exec
06-04 11:24:31.787 I/nStackXDFinder( 3069): GetLocalInterfaceDetail:[461] :GetLocalInterfaceDetail in
06-04 11:24:31.787 E/nStackXCoAP( 3069): IsInSameNetwork:[281] :IsInSameNetwork: not priority process
06-04 11:24:31.787 D/nStackXCoAP( 3069): ParseServiceDiscover:[330] :new device join
06-04 11:24:31.787 E/nStackXDFinder( 3069): GetLocalIp:[401] :GetLocalIp exec
06-04 11:24:32.002 I/WifiHAL ( 501): call wifi_get_link_stats handler
06-04 11:24:32.003 I/WifiHAL ( 501): Creating message to get link statistics; iface = 16
06-04 11:24:32.003 D/WifiHAL ( 501): error code -95 mapped to -3
06-04 11:24:32.003 E/WifiStaIfaceAidlImpl( 689): getLinkLayerStats failed with service-specific exception: android.os.ServiceSpecificException: (code 4)
06-04 11:24:32.101 D/nStackXCoAP( 3069): IsInSameNetwork:[276] :IsInSameNetwork exec
06-04 11:24:32.101 I/nStackXDFinder( 3069): GetLocalInterfaceDetail:[461] :GetLocalInterfaceDetail in
06-04 11:24:32.101 E/nStackXCoAP( 3069): IsInSameNetwork:[281] :IsInSameNetwork: not priority process
06-04 11:24:32.101 D/nStackXCoAP( 3069): ParseServiceDiscover:[330] :new device join
06-04 11:24:32.101 E/nStackXDFinder( 3069): GetLocalIp:[401] :GetLocalIp exec
06-04 11:24:32.241 D/nStackXCoAP( 3069): IsInSameNetwork:[276] :IsInSameNetwork exec
06-04 11:24:32.241 I/nStackXDFinder( 3069): GetLocalInterfaceDetail:[461] :GetLocalInterfaceDetail in
06-04 11:24:32.241 E/nStackXCoAP( 3069): IsInSameNetwork:[281] :IsInSameNetwork: not priority process
06-04 11:24:32.241 D/nStackXCoAP( 3069): ParseServiceDiscover:[330] :new device join
06-04 11:24:32.241 E/nStackXDFinder( 3069): GetLocalIp:[401] :GetLocalIp exec
06-04 11:24:32.347 D/nStackXCoAP( 3069): IsInSameNetwork:[276] :IsInSameNetwork exec
06-04 11:24:32.347 I/nStackXDFinder( 3069): GetLocalInterfaceDetail:[461] :GetLocalInterfaceDetail in
06-04 11:24:32.347 E/nStackXCoAP( 3069): IsInSameNetwork:[281] :IsInSameNetwork: not priority process
06-04 11:24:32.347 D/nStackXCoAP( 3069): ParseServiceDiscover:[330] :new device join
06-04 11:24:32.347 E/nStackXDFinder( 3069): GetLocalIp:[401] :GetLocalIp exec
06-04 11:24:32.360 D/nStackXCoAP( 3069): CoapMessageHandler:[133] :2.01
06-04 11:24:32.364 D/nStackXCoAP( 3069): CoapMessageHandler:[133] :2.01
06-04 11:24:32.368 D/nStackXCoAP( 3069): CoapMessageHandler:[133] :2.01
06-04 11:24:32.505 D/nStackXCoAP( 3069): IsInSameNetwork:[276] :IsInSameNetwork exec
06-04 11:24:32.505 I/nStackXDFinder( 3069): GetLocalInterfaceDetail:[461] :GetLocalInterfaceDetail in
06-04 11:24:32.505 E/nStackXCoAP( 3069): IsInSameNetwork:[281] :IsInSameNetwork: not priority process
06-04 11:24:32.505 D/nStackXCoAP( 3069): ParseServiceDiscover:[330] :new device join
06-04 11:24:32.505 E/nStackXDFinder( 3069): GetLocalIp:[401] :GetLocalIp exec
06-04 11:24:32.616 D/nStackXCoAP( 3069): IsInSameNetwork:[276] :IsInSameNetwork exec
06-04 11:24:32.616 I/nStackXDFinder( 3069): GetLocalInterfaceDetail:[461] :GetLocalInterfaceDetail in
06-04 11:24:32.616 E/nStackXCoAP( 3069): IsInSameNetwork:[281] :IsInSameNetwork: not priority process
06-04 11:24:32.616 D/nStackXCoAP( 3069): ParseServiceDiscover:[330] :new device join
06-04 11:24:32.616 E/nStackXDFinder( 3069): GetLocalIp:[401] :GetLocalIp exec
06-04 11:24:32.656 E/p2pfile ( 3472): HCDN_LOG: [T:4172][HINFO]:[f:GetParam],[l:4289],[Task(0), key=storage_mem_size]
06-04 11:24:32.656 E/p2pfile ( 3472): HCDN_LOG: [T:4172][HINFO]:[f:GetParam],[l:4289],[Task(0), key=p2p_mem_size]
06-04 11:24:32.656 E/localserver( 3472): HCDN_LOG: [T:4172][func:MonitorMem],[line:73],[Memstatistics],[bRet:1],[bNextRet:1],[pParamStorageBuffer:0],[pParamP2PBuffer:0]
06-04 11:24:32.757 D/nStackXCoAP( 3069): IsInSameNetwork:[276] :IsInSameNetwork exec
06-04 11:24:32.757 I/nStackXDFinder( 3069): GetLocalInterfaceDetail:[461] :GetLocalInterfaceDetail in
06-04 11:24:32.757 E/nStackXCoAP( 3069): IsInSameNetwork:[281] :IsInSameNetwork: not priority process
06-04 11:24:32.757 D/nStackXCoAP( 3069): ParseServiceDiscover:[330] :new device join
06-04 11:24:32.757 E/nStackXDFinder( 3069): GetLocalIp:[401] :GetLocalIp exec
06-04 11:24:32.764 D/nStackXCoAP( 3069): CoapMessageHandler:[133] :2.01
06-04 11:24:32.798 D/nStackXCoAP( 3069): CoapMessageHandler:[133] :2.01
06-04 11:24:33.030 I/TvUniPlayer/UniPlayer@ca2c597( 3472): in handleMessage event:10000
06-04 11:24:33.529 V/HotPlugDetectionAction( 689): Poll all devices.
06-04 11:24:33.587 D/hdmicecd( 487): [CEC]:printCecMessage, [4 -> 0] len: 0, body:, result:success
06-04 11:24:33.643 D/hdmicecd( 487): [CEC]:printCecMessage, [4 -> 1] len: 0, body:, result:no ack
06-04 11:24:33.699 D/hdmicecd( 487): [CEC]:printCecMessage, [4 -> 3] len: 0, body:, result:no ack
06-04 11:24:33.755 D/hdmicecd( 487): [CEC]:printCecMessage, [4 -> 5] len: 0, body:, result:no ack
06-04 11:24:33.811 D/hdmicecd( 487): [CEC]:printCecMessage, [4 -> 8] len: 0, body:, result:no ack
06-04 11:24:33.871 D/hdmicecd( 487): [CEC]:printCecMessage, [4 -> b] len: 0, body:, result:no ack
06-04 11:24:33.927 D/hdmicecd( 487): [CEC]:printCecMessage, [4 -> e] len: 0, body:, result:no ack
06-04 11:24:33.928 D/HdmiCecController( 689): [P]:AllocatedAddress=[0]
06-04 11:24:34.164 I/PlayThreadMonitor( 3472): in playerthread monitor handler
06-04 11:24:34.164 I/PlayThreadMonitor( 3472): in monitor runnable
06-04 11:24:34.621 D/audio_hw_hal_ms12common( 476): func:ms12_timer_callback_handler sigv:0 ~~~~~~~~~~
06-04 11:24:34.621 D/audio_hw_hal_ms12v2( 476): set_dolby_ms12_continuous_state audio_continuous_standby_set status 1
06-04 11:24:34.621 D/audio_hw_hal_continuous_standby( 476): audio_continuous_standby_set, type 0, params 1
06-04 11:24:34.621 D/audio_hw_hal_ms12common( 476): aml_send_ms12_scheduler_state_2_ms12 adev:0xf09c2930, sch_state:1(SCHEDULER_STANDBY)
06-04 11:24:35.007 I/WifiHAL ( 501): call wifi_get_link_stats handler
06-04 11:24:35.007 I/WifiHAL ( 501): Creating message to get link statistics; iface = 16
06-04 11:24:35.007 D/WifiHAL ( 501): error code -95 mapped to -3
06-04 11:24:35.008 E/WifiStaIfaceAidlImpl( 689): getLinkLayerStats failed with service-specific exception: android.os.ServiceSpecificException: (code 4)
06-04 11:24:35.018 D/InstantWifi( 689): Receive Wifi is connected, freq = 5745 and currentNetworkId : 0, wifiinfo = SSID: , BSSID: 02:00:00:00:00:00, MAC: 02:00:00:00:00:00, IP: /192.168.3.125, Security type: 2, Supplicant state: COMPLETED, Wi-Fi standard: 6, RSSI: -58, Link speed: 1200Mbps, Tx Link speed: 1200Mbps, Max Supported Tx Link speed: 1200Mbps, Rx Link speed: 6Mbps, Max Supported Rx Link speed: 1200Mbps, Frequency: 5745MHz, Net ID: -1, Metered hint: false, score: 60, isUsable: true, CarrierMerged: false, SubscriptionId: -1, IsPrimary: 1, Trusted: true, Restricted: false, Ephemeral: false, OEM paid: false, OEM private: false, OSU AP: false, FQDN: , Provider friendly name: , Requesting package name: MLO Information: , Is TID-To-Link negotiation supported by the AP: false, AP MLD Address: , AP MLO Link Id: , AP MLO Affiliated links:
06-04 11:24:35.016 I//apex/com.android.adbd/bin/adbd( 1357): type=1400 audit(0.0:1800): avc: denied { read write } for comm=75736220666673206F70656E name="ep0" dev="functionfs" ino=23304 scontext=u:r:su:s0 tcontext=u:object_r:functionfs:s0 tclass=file permissive=1
06-04 11:24:35.016 I//apex/com.android.adbd/bin/adbd( 1357): type=1400 audit(0.0:1801): avc: denied { open } for comm=75736220666673206F70656E path="/dev/usb-ffs/adb/ep0" dev="functionfs" ino=23304 scontext=u:r:su:s0 tcontext=u:object_r:functionfs:s0 tclass=file permissive=1
06-04 11:24:35.030 I/TvUniPlayer/UniPlayer@ca2c597( 3472): in handleMessage event:10000
06-04 11:24:36.474 I/audio_hw_hal_alsamgr( 476): alsa format =0x1 delay frames =768 total frames=48139520
06-04 11:24:37.031 I/TvUniPlayer/UniPlayer@ca2c597( 3472): in handleMessage event:10000
06-04 11:24:37.056 D/WanClient( 1420): sendHeartMessage
06-04 11:24:37.057 D/WanClient( 1420): -----final------sendMessage: {"type":"2bKPMh2jwmQ="}
06-04 11:24:37.079 D/WanClient( 1420): onMessage:Thread[WebSocketConnectReadThread-73,5,main]--{"msg":"+MSejyjwlbc="}
06-04 11:24:37.082 D/WanClient( 1420): onMessageReceived:Thread[WebSocketConnectReadThread-73,5,main] {"msg":"+MSejyjwlbc="}
06-04 11:24:37.082 D/WanClient( 1420): type: null
06-04 11:24:37.082 D/WanClient( 1420): send:HB7FxtN64oc=
06-04 11:24:37.082 D/WanClient( 1420): leave:uQ3qCmhm4oA=
06-04 11:24:37.082 D/WanClient( 1420): join:7EsoetslBbs=
06-04 11:24:37.082 D/WanClient( 1420): q5TrJmBoEmShmpfjN3vFNg==
06-04 11:24:37.165 I/PlayThreadMonitor( 3472): in playerthread monitor handler
06-04 11:24:37.165 I/PlayThreadMonitor( 3472): in monitor runnable
06-04 11:24:37.399 D/LongConnectionManager( 1441): webSocket:onOpen:pong:{"type":"PING"}
06-04 11:24:37.518 D/LongConnectionManager( 1441): 2 onMessage:{"type":"PING","msg":"PONG"}
06-04 11:24:38.015 I/WifiHAL ( 501): call wifi_get_link_stats handler
06-04 11:24:38.015 I/WifiHAL ( 501): Creating message to get link statistics; iface = 16
06-04 11:24:38.015 D/WifiHAL ( 501): error code -95 mapped to -3
06-04 11:24:38.015 E/WifiStaIfaceAidlImpl( 689): getLinkLayerStats failed with service-specific exception: android.os.ServiceSpecificException: (code 4)
06-04 11:24:38.830 W/System ( 689): A resource failed to call release.
06-04 11:24:38.831 W/System ( 689): A resource failed to call release.
06-04 11:24:39.033 I/TvUniPlayer/UniPlayer@ca2c597( 3472): in handleMessage event:10000
06-04 11:24:39.310 I/UNIPLAYERSDK( 3472): MediaPlayerAdaptor.cpp:297 [PumaPlayerAdaptor@0xe5ea1fc4]doHandleMessage(KMSG_INNERACTION_PB_DOWNLOADSPEED, arg1:-111, arg2:-111)
06-04 11:24:39.310 I/UNIPLAYERSDK( 3472): PumaPlayer.cpp:966 [PumaPlayer@0xab381cbc]InvokeMctoPlayerCommand(), command = 29, command_params = {}, buffer = 0xb6799d7c
06-04 11:24:39.310 I/UNIPLAYERSDK( 3472): PumaPlayer.cpp:396 getRealtimeSpeed(), get kMctoPlayerCmd_GetSpeed averageSpeed = 0 B/s
06-04 11:24:39.310 I/UNIPLAYERSDK( 3472): PumaPlayer.cpp:400 getRealtimeSpeed(), get kMctoPlayerCmd_GetSpeed realTimeSpeed = 0 B/s
06-04 11:24:39.310 I/UNIPLAYERSDK( 3472): PumaPlayerAdaptor.cpp:797 [PumaPlayerAdaptor@0xe5ea1fc4]KMSG_INNERACTION_PB_DOWNLOADSPEED speed= 0
06-04 11:24:39.310 D/UNIPLAYERSDK( 3472): BaseState.cpp:42 [PumaPlayerAdaptor@0xe5ea1fc4@0xb3850768]{fm(KMSG_INNERACTION_PB_DOWNLOADSPEED),ret(0),at(0,3892,3892),s(12,-2,-2,-2,12),fm=Message@0xecb7c470{what=2097226,when=1153891,arg1=-1111111111,arg2=-1111111111,arg3=-1111111111,str=,timeout=0,obj=0x0,runnable=0x0,target=0xe5ea1ee0,watchDogOp=0x0}
06-04 11:24:39.311 D/UNIPLAYERSDK( 3472): BaseState.cpp:56 [PumaPlayerAdaptor@0xe5ea1fc4@0xb3850768]{fm(KMSG_INNERACTION_PB_DOWNLOADSPEED),o(AudioPrevi)-t(0,3892,3892),o(BitstreamS)-t(0,3892,3892),o(CarouselPr)-t(0,3892,3892),o(FastHelper)-t(0,3892,3892),o(HeaderTail)-t(0,3892,3892),o(HighLights)-t(0,3892,3892),o(InteractPr)-t(0,3892,3892),o(LivePrevie)-t(0,3892,3892),o(MediaPlaye)-t(0,3892,3892),o(MovieVVInf)-t(0,3892,3892),o(PPrecacher)-t(0,3892,3892),o(PlayerStuc)-t(0,3892,3892),o(PumaAbsCmd)-t(0,3892,3892),o(PumaAdvert)-t(0,3892,3892),o(PumaBuffer)-t(0,3892,3892),o(PumaError@)-t(0,3892,3892),o(PumaMediaD)-t(0,3892,3892),o(PumaPlayer)-t(0,3892,3892),o(PumaRate@0)-t(0,3892,3892),o(PumaSegmen)-t(0,3892,3892),o(PumaSubtit)-t(0,3892,3892),o(RefreshAcc)-t(0,3892,3892),o(RefreshSer)-t(0,3892,3892),o(SceneKeepe)-t(0,3892,3892),o(SetRate@0x)-t(0,3892,3892),o(SwitchEpis)-t(0,3892,3892),o(VideoPlayC)-t(0,3892,3892)}
06-04 11:24:39.486 I/CLog ( 3472): 2025-06-04 11:24:39.486 T:5720 INFO: RM_AE::2,HEARTBEAT, sink_delay:0.0000, spatial_delay:0.0000, iqae:0,0,0,0,0,0
06-04 11:24:39.520 E/multisource( 3472): HCDN_LOG: [T:4183][HINFO]:[f:UpdateMaxSpeed],[l:465], TOTAL => play speed:0[len:0, tm:0], offline speed:0[len:0, tm:0], predeploy speed:0[len:0, tm:0], m_maxDownloadSpeed:409
06-04 11:24:40.166 I/PlayThreadMonitor( 3472): in playerthread monitor handler
06-04 11:24:40.166 I/PlayThreadMonitor( 3472): in monitor runnable
06-04 11:24:41.022 I/WifiHAL ( 501): call wifi_get_link_stats handler
06-04 11:24:41.022 I/WifiHAL ( 501): Creating message to get link statistics; iface = 16
06-04 11:24:41.022 D/WifiHAL ( 501): error code -95 mapped to -3
06-04 11:24:41.022 E/WifiStaIfaceAidlImpl( 689): getLinkLayerStats failed with service-specific exception: android.os.ServiceSpecificException: (code 4)
06-04 11:24:41.033 I/TvUniPlayer/UniPlayer@ca2c597( 3472): in handleMessage event:10000
06-04 11:24:42.656 E/p2pfile ( 3472): HCDN_LOG: [T:4172][HINFO]:[f:GetParam],[l:4289],[Task(0), key=storage_mem_size]
06-04 11:24:42.656 E/p2pfile ( 3472): HCDN_LOG: [T:4172][HINFO]:[f:GetParam],[l:4289],[Task(0), key=p2p_mem_size]
06-04 11:24:42.656 E/localserver( 3472): HCDN_LOG: [T:4172][func:MonitorMem],[line:73],[Memstatistics],[bRet:1],[bNextRet:1],[pParamStorageBuffer:0],[pParamP2PBuffer:0]
06-04 11:24:43.034 I/TvUniPlayer/UniPlayer@ca2c597( 3472): in handleMessage event:10000
06-04 11:24:43.166 I/PlayThreadMonitor( 3472): in playerthread monitor handler
06-04 11:24:43.167 I/PlayThreadMonitor( 3472): in monitor runnable
06-04 11:24:43.858 I/WifiService( 689): startScan uid=1000
06-04 11:24:43.859 E/ccc ( 6878): cccccc i will start scan
06-04 11:24:43.867 D/InstantWifi( 689): Drop, size: 1
06-04 11:24:44.026 I/WifiHAL ( 501): call wifi_get_link_stats handler
06-04 11:24:44.026 I/WifiHAL ( 501): Creating message to get link statistics; iface = 16
06-04 11:24:44.026 D/WifiHAL ( 501): error code -95 mapped to -3
06-04 11:24:44.027 E/WifiStaIfaceAidlImpl( 689): getLinkLayerStats failed with service-specific exception: android.os.ServiceSpecificException: (code 4)
06-04 11:24:45.035 I/TvUniPlayer/UniPlayer@ca2c597( 3472): in handleMessage event:10000
06-04 11:24:45.616 I/q_h_c_s ( 3472): HCDN_LOG: [T:3978]Update:245,Check network change...
06-04 11:24:45.616 I/q_h_c_s ( 3472): HCDN_LOG: [T:3978]AgingOffBussResultQueue:2879,Aging bussiness result queue...
06-04 11:24:45.616 I/q_h_c_s ( 3472): HCDN_LOG: [T:3978]AgingOffQueue:182,Domain cache.video.ptqy.gitv.tv timeout 1|0 items, cur size 0|0
06-04 11:24:46.168 I/PlayThreadMonitor( 3472): in playerthread monitor handler
06-04 11:24:46.168 I/PlayThreadMonitor( 3472): in monitor runnable
06-04 11:24:46.545 D/WifiNl80211Manager( 689): Scan result ready event
06-04 11:24:46.545 D/WifiNative( 689): Scan result ready event
06-04 11:24:46.587 E/ccc ( 6878): cccccc SCAN_RESULTS_AVAILABLE_ACTION hhhh
06-04 11:24:46.589 E/hq ( 1441): NetWorkStateReceiver:::NetWorkStateReceiver onReceive: 网络变化广播 >>>> intent.action=android.net.wifi.SCAN_RESULTS
06-04 11:24:46.595 I/WifiHAL ( 501): call wifi_get_link_stats handler
06-04 11:24:46.595 I/WifiHAL ( 501): Creating message to get link statistics; iface = 16
06-04 11:24:46.595 D/WifiHAL ( 501): error code -95 mapped to -3
06-04 11:24:46.595 E/WifiStaIfaceAidlImpl( 689): getLinkLayerStats failed with service-specific exception: android.os.ServiceSpecificException: (code 4)
06-04 11:24:46.605 W/eventbuscore( 1441): post Event:com.dangbei.leard.base.entity.event.NetWifiRssiEvent
06-04 11:24:46.608 E/ccc ( 6878): cccccc result is not empty call back
06-04 11:24:46.608 E/ccc ( 6878): cccccc 666666666666666
06-04 11:24:46.622 E/ccc ( 6878): cccccc sort 2 38
06-04 11:24:47.030 I/WifiHAL ( 501): call wifi_get_link_stats handler
06-04 11:24:47.030 I/WifiHAL ( 501): Creating message to get link statistics; iface = 16
06-04 11:24:47.030 D/WifiHAL ( 501): error code -95 mapped to -3
06-04 11:24:47.031 E/WifiStaIfaceAidlImpl( 689): getLinkLayerStats failed with service-specific exception: android.os.ServiceSpecificException: (code 4)
06-04 11:24:47.036 I/TvUniPlayer/UniPlayer@ca2c597( 3472): in handleMessage event:10000
06-04 11:24:49.037 I/TvUniPlayer/UniPlayer@ca2c597( 3472): in handleMessage event:10000
06-04 11:24:49.169 I/PlayThreadMonitor( 3472): in playerthread monitor handler
06-04 11:24:49.169 I/PlayThreadMonitor( 3472): in monitor runnable
06-04 11:24:49.310 I/UNIPLAYERSDK( 3472): MediaPlayerAdaptor.cpp:297 [PumaPlayerAdaptor@0xe5ea1fc4]doHandleMessage(KMSG_INNERACTION_PB_DOWNLOADSPEED, arg1:-111, arg2:-111)
06-04 11:24:49.310 I/UNIPLAYERSDK( 3472): PumaPlayer.cpp:966 [PumaPlayer@0xab381cbc]InvokeMctoPlayerCommand(), command = 29, command_params = {}, buffer = 0xb6799d7c
06-04 11:24:49.311 I/UNIPLAYERSDK( 3472): PumaPlayer.cpp:396 getRealtimeSpeed(), get kMctoPlayerCmd_GetSpeed averageSpeed = 0 B/s
06-04 11:24:49.311 I/UNIPLAYERSDK( 3472): PumaPlayer.cpp:400 getRealtimeSpeed(), get kMctoPlayerCmd_GetSpeed realTimeSpeed = 0 B/s
06-04 11:24:49.311 I/UNIPLAYERSDK( 3472): PumaPlayerAdaptor.cpp:797 [PumaPlayerAdaptor@0xe5ea1fc4]KMSG_INNERACTION_PB_DOWNLOADSPEED speed= 0
06-04 11:24:49.311 D/UNIPLAYERSDK( 3472): BaseState.cpp:42 [PumaPlayerAdaptor@0xe5ea1fc4@0xb3850768]{fm(KMSG_INNERACTION_PB_DOWNLOADSPEED),ret(0),at(1,3892,3893),s(12,-2,-2,-2,12),fm=Message@0xecb7bb10{what=2097226,when=1163892,arg1=-1111111111,arg2=-1111111111,arg3=-1111111111,str=,timeout=0,obj=0x0,runnable=0x0,target=0xe5ea1ee0,watchDogOp=0x0}
06-04 11:24:49.311 D/UNIPLAYERSDK( 3472): BaseState.cpp:56 [PumaPlayerAdaptor@0xe5ea1fc4@0xb3850768]{fm(KMSG_INNERACTION_PB_DOWNLOADSPEED),o(AudioPrevi)-t(0,3892,3892),o(BitstreamS)-t(0,3892,3892),o(CarouselPr)-t(0,3892,3892),o(FastHelper)-t(0,3892,3892),o(HeaderTail)-t(0,3892,3892),o(HighLights)-t(0,3892,3892),o(InteractPr)-t(0,3892,3892),o(LivePrevie)-t(0,3892,3892),o(MediaPlaye)-t(0,3893,3893),o(MovieVVInf)-t(0,3892,3892),o(PPrecacher)-t(0,3892,3892),o(PlayerStuc)-t(0,3892,3892),o(PumaAbsCmd)-t(0,3892,3892),o(PumaAdvert)-t(0,3892,3892),o(PumaBuffer)-t(0,3892,3892),o(PumaError@)-t(0,3892,3892),o(PumaMediaD)-t(0,3892,3892),o(PumaPlayer)-t(0,3892,3892),o(PumaRate@0)-t(0,3892,3892),o(PumaSegmen)-t(0,3892,3892),o(PumaSubtit)-t(0,3892,3892),o(RefreshAcc)-t(0,3892,3892),o(RefreshSer)-t(0,3892,3892),o(SceneKeepe)-t(0,3892,3892),o(SetRate@0x)-t(0,3892,3892),o(SwitchEpis)-t(0,3892,3892),o(VideoPlayC)-t(0,3892,3892)}
06-04 11:24:49.489 I/CLog ( 3472): 2025-06-04 11:24:49.489 T:5720 INFO: RM_AE::2,HEARTBEAT, sink_delay:0.0000, spatial_delay:0.0000, iqae:0,0,0,0,0,0
06-04 11:24:50.038 I/WifiHAL ( 501): call wifi_get_link_stats handler
06-04 11:24:50.038 I/WifiHAL ( 501): Creating message to get link statistics; iface = 16
06-04 11:24:50.038 D/WifiHAL ( 501): error code -95 mapped to -3
06-04 11:24:50.038 E/WifiStaIfaceAidlImpl( 689): getLinkLayerStats failed with service-specific exception: android.os.ServiceSpecificException: (code 4)
06-04 11:24:50.487 W/ProcessStats( 689): Tracking association SourceState{43608a9 system/1000 ImpFg #832} whose proc state 5 is better than process ProcessState{b1c9582 com.android.permissioncontroller/10057 pkg=com.android.permissioncontroller} proc state 15 (6 skipped)
06-04 11:24:50.487 D/DhcpClient( 991): Received packet: 98:bd:80:21:7e:4c ACK: your new IP /192.168.3.159, netmask /255.255.254.0, gateways [/192.168.3.1] DNS servers: /202.96.134.133 /202.96.128.166 , lease time 3600
06-04 11:24:50.580 I/adbd ( 1357): type=1400 audit(0.0:1802): avc: denied { write } for path="socket:[34893]" dev="sockfs" ino=34893 scontext=u:r:su:s0 tcontext=u:r:adbd:s0 tclass=unix_stream_socket permissive=1
06-04 11:24:50.580 I/adbd ( 1357): type=1400 audit(0.0:1803): avc: denied { read } for path="socket:[34894]" dev="sockfs" ino=34894 scontext=u:r:su:s0 tcontext=u:r:adbd:s0 tclass=unix_stream_socket permissive=1
06-04 11:24:50.742 D/DhcpClient( 991): Received packet: 1c:79:2d:20:62:cb ACK: your new IP /192.168.3.4, netmask /255.255.254.0, gateways [/192.168.3.1] DNS servers: /202.96.134.133 /202.96.128.166 , lease time 3600
06-04 11:24:51.038 I/TvUniPlayer/UniPlayer@ca2c597( 3472): in handleMessage event:10000
06-04 11:24:51.358 D/nStackXCoAP( 3069): IsInSameNetwork:[276] :IsInSameNetwork exec
06-04 11:24:51.358 I/nStackXDFinder( 3069): GetLocalInterfaceDetail:[461] :GetLocalInterfaceDetail in
06-04 11:24:51.358 E/nStackXCoAP( 3069): IsInSameNetwork:[281] :IsInSameNetwork: not priority process
06-04 11:24:51.358 D/nStackXCoAP( 3069): ParseServiceDiscover:[330] :new device join
06-04 11:24:51.358 I/nStackXDFinder( 3069): NotifyDeviceListChanged:[540] :notify callback: device list changed callback is null
06-04 11:24:51.358 E/nStackXDFinder( 3069): GetLocalIp:[401] :GetLocalIp exec
06-04 11:24:51.449 D/nStackXCoAP( 3069): IsInSameNetwork:[276] :IsInSameNetwork exec
06-04 11:24:51.449 I/nStackXDFinder( 3069): GetLocalInterfaceDetail:[461] :GetLocalInterfaceDetail in
06-04 11:24:51.449 E/nStackXCoAP( 3069): IsInSameNetwork:[281] :IsInSameNetwork: not priority process
06-04 11:24:51.449 D/nStackXCoAP( 3069): ParseServiceDiscover:[330] :new device join
06-04 11:24:51.449 E/nStackXDFinder( 3069): GetLocalIp:[401] :GetLocalIp exec
06-04 11:24:51.451 D/nStackXCoAP( 3069): IsInSameNetwork:[276] :IsInSameNetwork exec
06-04 11:24:51.451 I/nStackXDFinder( 3069): GetLocalInterfaceDetail:[461] :GetLocalInterfaceDetail in
06-04 11:24:51.451 E/nStackXCoAP( 3069): IsInSameNetwork:[281] :IsInSameNetwork: not priority process
06-04 11:24:51.451 D/nStackXCoAP( 3069): ParseServiceDiscover:[330] :new device join
06-04 11:24:51.451 I/nStackXDFinder( 3069): NotifyDeviceListChanged:[540] :notify callback: device list changed callback is null
06-04 11:24:51.452 E/nStackXDFinder( 3069): GetLocalIp:[401] :GetLocalIp exec
06-04 11:24:51.472 I/binder:458_3( 458): type=1400 audit(0.0:1804): avc: denied { add_name } for name="globalAlert" scontext=u:r:netd:s0 tcontext=u:object_r:proc_net:s0 tclass=dir permissive=1
06-04 11:24:51.653 D/nStackXCoAP( 3069): IsInSameNetwork:[276] :IsInSameNetwork exec
06-04 11:24:51.653 I/nStackXDFinder( 3069): GetLocalInterfaceDetail:[461] :GetLocalInterfaceDetail in
06-04 11:24:51.653 E/nStackXCoAP( 3069): IsInSameNetwork:[281] :IsInSameNetwork: not priority process
06-04 11:24:51.653 D/nStackXCoAP( 3069): ParseServiceDiscover:[330] :new device join
06-04 11:24:51.653 E/nStackXDFinder( 3069): GetLocalIp:[401] :GetLocalIp exec
06-04 11:24:51.676 D/nStackXCoAP( 3069): IsInSameNetwork:[276] :IsInSameNetwork exec
06-04 11:24:51.676 I/nStackXDFinder( 3069): GetLocalInterfaceDetail:[461] :GetLocalInterfaceDetail in
06-04 11:24:51.676 E/nStackXCoAP( 3069): IsInSameNetwork:[281] :IsInSameNetwork: not priority process
06-04 11:24:51.676 D/nStackXCoAP( 3069): ParseServiceDiscover:[330] :new device join
06-04 11:24:51.676 E/nStackXDFinder( 3069): GetLocalIp:[401] :GetLocalIp exec
06-04 11:24:51.875 D/nStackXCoAP( 3069): IsInSameNetwork:[276] :IsInSameNetwork exec
06-04 11:24:51.875 I/nStackXDFinder( 3069): GetLocalInterfaceDetail:[461] :GetLocalInterfaceDetail in
06-04 11:24:51.875 E/nStackXCoAP( 3069): IsInSameNetwork:[281] :IsInSameNetwork: not priority process
06-04 11:24:51.875 D/nStackXCoAP( 3069): ParseServiceDiscover:[330] :new device join
06-04 11:24:51.875 E/nStackXDFinder( 3069): GetLocalIp:[401] :GetLocalIp exec
06-04 11:24:52.049 D/nStackXCoAP( 3069): CoapMessageHandler:[133] :2.01
06-04 11:24:52.049 D/nStackXCoAP( 3069): CoapMessageHandler:[133] :2.01
06-04 11:24:52.096 D/nStackXCoAP( 3069): IsInSameNetwork:[276] :IsInSameNetwork exec
06-04 11:24:52.096 I/nStackXDFinder( 3069): GetLocalInterfaceDetail:[461] :GetLocalInterfaceDetail in
06-04 11:24:52.096 E/nStackXCoAP( 3069): IsInSameNetwork:[281] :IsInSameNetwork: not priority process
06-04 11:24:52.096 D/nStackXCoAP( 3069): ParseServiceDiscover:[330] :new device join
06-04 11:24:52.096 E/nStackXDFinder( 3069): GetLocalIp:[401] :GetLocalIp exec
06-04 11:24:52.099 D/nStackXCoAP( 3069): IsInSameNetwork:[276] :IsInSameNetwork exec
06-04 11:24:52.099 I/nStackXDFinder( 3069): GetLocalInterfaceDetail:[461] :GetLocalInterfaceDetail in
06-04 11:24:52.099 E/nStackXCoAP( 3069): IsInSameNetwork:[281] :IsInSameNetwork: not priority process
06-04 11:24:52.099 D/nStackXCoAP( 3069): ParseServiceDiscover:[330] :new device join
06-04 11:24:52.099 E/nStackXDFinder( 3069): GetLocalIp:[401] :GetLocalIp exec
06-04 11:24:52.170 I/PlayThreadMonitor( 3472): in playerthread monitor handler
06-04 11:24:52.171 I/PlayThreadMonitor( 3472): in monitor runnable
06-04 11:24:52.303 D/nStackXCoAP( 3069): IsInSameNetwork:[276] :IsInSameNetwork exec
06-04 11:24:52.304 I/nStackXDFinder( 3069): GetLocalInterfaceDetail:[461] :GetLocalInterfaceDetail in
06-04 11:24:52.304 E/nStackXCoAP( 3069): IsInSameNetwork:[281] :IsInSameNetwork: not priority process
06-04 11:24:52.304 D/nStackXCoAP( 3069): ParseServiceDiscover:[330] :new device join
06-04 11:24:52.304 E/nStackXDFinder( 3069): GetLocalIp:[401] :GetLocalIp exec
06-04 11:24:52.339 D/nStackXCoAP( 3069): CoapMessageHandler:[133] :2.01
06-04 11:24:52.339 D/nStackXCoAP( 3069): CoapMessageHandler:[133] :2.01
06-04 11:24:52.378 D/nStackXCoAP( 3069): IsInSameNetwork:[276] :IsInSameNetwork exec
06-04 11:24:52.378 I/nStackXDFinder( 3069): GetLocalInterfaceDetail:[461] :GetLocalInterfaceDetail in
06-04 11:24:52.378 E/nStackXCoAP( 3069): IsInSameNetwork:[281] :IsInSameNetwork: not priority process
06-04 11:24:52.378 D/nStackXCoAP( 3069): ParseServiceDiscover:[330] :new device join
06-04 11:24:52.378 E/nStackXDFinder( 3069): GetLocalIp:[401] :GetLocalIp exec
06-04 11:24:52.492 D/nStackXCoAP( 3069): CoapMessageHandler:[133] :2.01
06-04 11:24:52.657 E/p2pfile ( 3472): HCDN_LOG: [T:4172][HINFO]:[f:GetParam],[l:4289],[Task(0), key=storage_mem_size]
06-04 11:24:52.657 E/p2pfile ( 3472): HCDN_LOG: [T:4172][HINFO]:[f:GetParam],[l:4289],[Task(0), key=p2p_mem_size]
06-04 11:24:52.657 E/localserver( 3472): HCDN_LOG: [T:4172][func:MonitorMem],[line:73],[Memstatistics],[bRet:1],[bNextRet:1],[pParamStorageBuffer:0],[pParamP2PBuffer:0]
06-04 11:24:52.683 D/nStackXCoAP( 3069): IsInSameNetwork:[276] :IsInSameNetwork exec
06-04 11:24:52.683 I/nStackXDFinder( 3069): GetLocalInterfaceDetail:[461] :GetLocalInterfaceDetail in
06-04 11:24:52.683 E/nStackXCoAP( 3069): IsInSameNetwork:[281] :IsInSameNetwork: not priority process
06-04 11:24:52.683 D/nStackXCoAP( 3069): ParseServiceDiscover:[330] :new device join
06-04 11:24:52.684 E/nStackXDFinder( 3069): GetLocalIp:[401] :GetLocalIp exec
06-04 11:24:52.799 D/nStackXCoAP( 3069): IsInSameNetwork:[276] :IsInSameNetwork exec
06-04 11:24:52.799 I/nStackXDFinder( 3069): GetLocalInterfaceDetail:[461] :GetLocalInterfaceDetail in
06-04 11:24:52.799 E/nStackXCoAP( 3069): IsInSameNetwork:[281] :IsInSameNetwork: not priority process
06-04 11:24:52.799 D/nStackXCoAP( 3069): ParseServiceDiscover:[330] :new device join
06-04 11:24:52.799 E/nStackXDFinder( 3069): GetLocalIp:[401] :GetLocalIp exec
06-04 11:24:52.801 D/nStackXCoAP( 3069): IsInSameNetwork:[276] :IsInSameNetwork exec
06-04 11:24:52.801 I/nStackXDFinder( 3069): GetLocalInterfaceDetail:[461] :GetLocalInterfaceDetail in
06-04 11:24:52.801 E/nStackXCoAP( 3069): IsInSameNetwork:[281] :IsInSameNetwork: not priority process
06-04 11:24:52.801 D/nStackXCoAP( 3069): ParseServiceDiscover:[330] :new device join
06-04 11:24:52.801 E/nStackXDFinder( 3069): GetLocalIp:[401] :GetLocalIp exec
06-04 11:24:52.867 D/nStackXCoAP( 3069): CoapMessageHandler:[133] :2.01
06-04 11:24:52.883 E/storage_operate( 3472): HCDN_LOG: [T:4181][HINFO]:[f:GetPgfCapacityChange],[l:77],[total_space:55668],[available_space:54468]
06-04 11:24:52.883 E/storage_operate( 3472): HCDN_LOG: [T:4181][HINFO]:[f:UpdatePgfCapacity],[l:1001],[state:1]
06-04 11:24:52.883 E/storage_operate( 3472): HCDN_LOG: [T:4181][HINFO]:[f:MonitorDiskFreeSpace],[l:2776],[state:1]
06-04 11:24:52.989 D/nStackXCoAP( 3069): IsInSameNetwork:[276] :IsInSameNetwork exec
06-04 11:24:52.989 I/nStackXDFinder( 3069): GetLocalInterfaceDetail:[461] :GetLocalInterfaceDetail in
06-04 11:24:52.989 E/nStackXCoAP( 3069): IsInSameNetwork:[281] :IsInSameNetwork: not priority process
06-04 11:24:52.989 D/nStackXCoAP( 3069): ParseServiceDiscover:[330] :new device join
06-04 11:24:52.989 E/nStackXDFinder( 3069): GetLocalIp:[401] :GetLocalIp exec
06-04 11:24:53.039 I/TvUniPlayer/UniPlayer@ca2c597( 3472): in handleMessage event:10000
06-04 11:24:53.044 I/WifiHAL ( 501): call wifi_get_link_stats handler
06-04 11:24:53.044 I/WifiHAL ( 501): Creating message to get link statistics; iface = 16
06-04 11:24:53.044 D/WifiHAL ( 501): error code -95 mapped to -3
06-04 11:24:53.045 E/WifiStaIfaceAidlImpl( 689): getLinkLayerStats failed with service-specific exception: android.os.ServiceSpecificException: (code 4)
06-04 11:24:53.058 D/nStackXCoAP( 3069): CoapMessageHandler:[133] :2.01
06-04 11:24:53.396 D/nStackXCoAP( 3069): IsInSameNetwork:[276] :IsInSameNetwork exec
06-04 11:24:53.396 I/nStackXDFinder( 3069): GetLocalInterfaceDetail:[461] :GetLocalInterfaceDetail in
06-04 11:24:53.396 E/nStackXCoAP( 3069): IsInSameNetwork:[281] :IsInSameNetwork: not priority process
06-04 11:24:53.396 D/nStackXCoAP( 3069): ParseServiceDiscover:[330] :new device join
06-04 11:24:53.396 E/nStackXDFinder( 3069): GetLocalIp:[401] :GetLocalIp exec
06-04 11:24:53.417 D/nStackXCoAP( 3069): IsInSameNetwork:[276] :IsInSameNetwork exec
06-04 11:24:53.418 I/nStackXDFinder( 3069): GetLocalInterfaceDetail:[461] :GetLocalInterfaceDetail in
06-04 11:24:53.418 E/nStackXCoAP( 3069): IsInSameNetwork:[281] :IsInSameNetwork: not priority process
06-04 11:24:53.418 D/nStackXCoAP( 3069): ParseServiceDiscover:[330] :new device join
06-04 11:24:53.418 E/nStackXDFinder( 3069): GetLocalIp:[401] :GetLocalIp exec
06-04 11:24:53.704 D/nStackXCoAP( 3069): IsInSameNetwork:[276] :IsInSameNetwork exec
06-04 11:24:53.704 I/nStackXDFinder( 3069): GetLocalInterfaceDetail:[461] :GetLocalInterfaceDetail in
06-04 11:24:53.704 E/nStackXCoAP( 3069): IsInSameNetwork:[281] :IsInSameNetwork: not priority process
06-04 11:24:53.704 D/nStackXCoAP( 3069): ParseServiceDiscover:[330] :new device join
06-04 11:24:53.704 E/nStackXDFinder( 3069): GetLocalIp:[401] :GetLocalIp exec
06-04 11:24:53.776 D/nStackXCoAP( 3069): CoapMessageHandler:[133] :2.01
06-04 11:24:53.927 D/nStackXCoAP( 3069): IsInSameNetwork:[276] :IsInSameNetwork exec
06-04 11:24:53.927 I/nStackXDFinder( 3069): GetLocalInterfaceDetail:[461] :GetLocalInterfaceDetail in
06-04 11:24:53.927 E/nStackXCoAP( 3069): IsInSameNetwork:[281] :IsInSameNetwork: not priority process
06-04 11:24:53.927 D/nStackXCoAP( 3069): ParseServiceDiscover:[330] :new device join
06-04 11:24:53.927 E/nStackXDFinder( 3069): GetLocalIp:[401] :GetLocalIp exec
06-04 11:24:53.931 D/nStackXCoAP( 3069): IsInSameNetwork:[276] :IsInSameNetwork exec
06-04 11:24:53.931 I/nStackXDFinder( 3069): GetLocalInterfaceDetail:[461] :GetLocalInterfaceDetail in
06-04 11:24:53.931 E/nStackXCoAP( 3069): IsInSameNetwork:[281] :IsInSameNetwork: not priority process
06-04 11:24:53.931 D/nStackXCoAP( 3069): ParseServiceDiscover:[330] :new device join
06-04 11:24:53.931 E/nStackXDFinder( 3069): GetLocalIp:[401] :GetLocalIp exec
06-04 11:24:54.237 D/nStackXCoAP( 3069): IsInSameNetwork:[276] :IsInSameNetwork exec
06-04 11:24:54.237 I/nStackXDFinder( 3069): GetLocalInterfaceDetail:[461] :GetLocalInterfaceDetail in
06-04 11:24:54.237 E/nStackXCoAP( 3069): IsInSameNetwork:[281] :IsInSameNetwork: not priority process
06-04 11:24:54.237 D/nStackXCoAP( 3069): ParseServiceDiscover:[330] :new device join
06-04 11:24:54.237 E/nStackXDFinder( 3069): GetLocalIp:[401] :GetLocalIp exec
06-04 11:24:54.423 D/nStackXCoAP( 3069): IsInSameNetwork:[276] :IsInSameNetwork exec
06-04 11:24:54.424 I/nStackXDFinder( 3069): GetLocalInterfaceDetail:[461] :GetLocalInterfaceDetail in
06-04 11:24:54.424 E/nStackXCoAP( 3069): IsInSameNetwork:[281] :IsInSameNetwork: not priority process
06-04 11:24:54.424 D/nStackXCoAP( 3069): ParseServiceDiscover:[330] :new device join
06-04 11:24:54.424 E/nStackXDFinder( 3069): GetLocalIp:[401] :GetLocalIp exec
06-04 11:24:54.549 D/nStackXCoAP( 3069): CoapMessageHandler:[133] :2.01
06-04 11:24:54.550 D/nStackXCoAP( 3069): CoapMessageHandler:[133] :2.01
06-04 11:24:54.550 D/nStackXCoAP( 3069): CoapMessageHandler:[133] :2.01
06-04 11:24:54.637 D/DhcpClient( 991): Received packet: 1c:79:2d:20:62:cb ACK: your new IP /192.168.3.4, netmask /255.255.254.0, gateways [/192.168.3.1] DNS servers: /202.96.134.133 /202.96.128.166 , lease time 3600
06-04 11:24:54.774 D/nStackXCoAP( 3069): IsInSameNetwork:[276] :IsInSameNetwork exec
06-04 11:24:54.774 I/nStackXDFinder( 3069): GetLocalInterfaceDetail:[461] :GetLocalInterfaceDetail in
06-04 11:24:54.774 E/nStackXCoAP( 3069): IsInSameNetwork:[281] :IsInSameNetwork: not priority process
06-04 11:24:54.774 D/nStackXCoAP( 3069): ParseServiceDiscover:[330] :new device join
06-04 11:24:54.774 E/nStackXDFinder( 3069): GetLocalIp:[401] :GetLocalIp exec
06-04 11:24:54.807 D/nStackXCoAP( 3069): CoapMessageHandler:[133] :2.01
06-04 11:24:54.915 D/nStackXCoAP( 3069): IsInSameNetwork:[276] :IsInSameNetwork exec
06-04 11:24:54.915 I/nStackXDFinder( 3069): GetLocalInterfaceDetail:[461] :GetLocalInterfaceDetail in
06-04 11:24:54.915 E/nStackXCoAP( 3069): IsInSameNetwork:[281] :IsInSameNetwork: not priority process
06-04 11:24:54.915 D/nStackXCoAP( 3069): ParseServiceDiscover:[330] :new device join
06-04 11:24:54.915 E/nStackXDFinder( 3069): GetLocalIp:[401] :GetLocalIp exec
06-04 11:24:55.021 D/nStackXCoAP( 3069): CoapMessageHandler:[133] :2.01
06-04 11:24:55.041 I/TvUniPlayer/UniPlayer@ca2c597( 3472): in handleMessage event:10000
06-04 11:24:55.135 D/nStackXCoAP( 3069): IsInSameNetwork:[276] :IsInSameNetwork exec
06-04 11:24:55.135 I/nStackXDFinder( 3069): GetLocalInterfaceDetail:[461] :GetLocalInterfaceDetail in
06-04 11:24:55.135 E/nStackXCoAP( 3069): IsInSameNetwork:[281] :IsInSameNetwork: not priority process
06-04 11:24:55.135 D/nStackXCoAP( 3069): ParseServiceDiscover:[330] :new device join
06-04 11:24:55.135 E/nStackXDFinder( 3069): GetLocalIp:[401] :GetLocalIp exec
06-04 11:24:55.171 I/PlayThreadMonitor( 3472): in playerthread monitor handler
06-04 11:24:55.172 I/PlayThreadMonitor( 3472): in monitor runnable
06-04 11:24:55.307 D/nStackXCoAP( 3069): CoapMessageHandler:[133] :2.01
06-04 11:24:55.341 D/DhcpClient( 991): Received packet: 1c:79:2d:20:62:cb ACK: your new IP /192.168.3.4, netmask /255.255.254.0, gateways [/192.168.3.1] DNS servers: /202.96.134.133 /202.96.128.166 , lease time 3600
06-04 11:24:55.413 D/nStackXCoAP( 3069): IsInSameNetwork:[276] :IsInSameNetwork exec
06-04 11:24:55.414 I/nStackXDFinder( 3069): GetLocalInterfaceDetail:[461] :GetLocalInterfaceDetail in
06-04 11:24:55.414 E/nStackXCoAP( 3069): IsInSameNetwork:[281] :IsInSameNetwork: not priority process
06-04 11:24:55.414 D/nStackXCoAP( 3069): ParseServiceDiscover:[330] :new device join
06-04 11:24:55.414 E/nStackXDFinder( 3069): GetLocalIp:[401] :GetLocalIp exec
06-04 11:24:55.467 D/nStackXCoAP( 3069): CoapMessageHandler:[133] :2.01
06-04 11:24:55.545 D/nStackXCoAP( 3069): IsInSameNetwork:[276] :IsInSameNetwork exec
06-04 11:24:55.545 I/nStackXDFinder( 3069): GetLocalInterfaceDetail:[461] :GetLocalInterfaceDetail in
06-04 11:24:55.545 E/nStackXCoAP( 3069): IsInSameNetwork:[281] :IsInSameNetwork: not priority process
06-04 11:24:55.546 D/nStackXCoAP( 3069): ParseServiceDiscover:[330] :new device join
06-04 11:24:55.546 E/nStackXDFinder( 3069): GetLocalIp:[401] :GetLocalIp exec
06-04 11:24:55.649 D/nStackXCoAP( 3069): IsInSameNetwork:[276] :IsInSameNetwork exec
06-04 11:24:55.649 I/nStackXDFinder( 3069): GetLocalInterfaceDetail:[461] :GetLocalInterfaceDetail in
06-04 11:24:55.649 E/nStackXCoAP( 3069): IsInSameNetwork:[281] :IsInSameNetwork: not priority process
06-04 11:24:55.649 D/nStackXCoAP( 3069): ParseServiceDiscover:[330] :new device join
06-04 11:24:55.650 E/nStackXDFinder( 3069): GetLocalIp:[401] :GetLocalIp exec
06-04 11:24:55.764 D/nStackXCoAP( 3069): IsInSameNetwork:[276] :IsInSameNetwork exec
06-04 11:24:55.765 I/nStackXDFinder( 3069): GetLocalInterfaceDetail:[461] :GetLocalInterfaceDetail in
06-04 11:24:55.765 E/nStackXCoAP( 3069): IsInSameNetwork:[281] :IsInSameNetwork: not priority process
06-04 11:24:55.765 D/nStackXCoAP( 3069): ParseServiceDiscover:[330] :new device join
06-04 11:24:55.765 E/nStackXDFinder( 3069): GetLocalIp:[401] :GetLocalIp exec
06-04 11:24:55.953 D/nStackXCoAP( 3069): IsInSameNetwork:[276] :IsInSameNetwork exec
06-04 11:24:55.953 I/nStackXDFinder( 3069): GetLocalInterfaceDetail:[461] :GetLocalInterfaceDetail in
06-04 11:24:55.954 E/nStackXCoAP( 3069): IsInSameNetwork:[281] :IsInSameNetwork: not priority process
06-04 11:24:55.954 D/nStackXCoAP( 3069): ParseServiceDiscover:[330] :new device join
06-04 11:24:55.954 E/nStackXDFinder( 3069): GetLocalIp:[401] :GetLocalIp exec
06-04 11:24:55.956 D/nStackXCoAP( 3069): IsInSameNetwork:[276] :IsInSameNetwork exec
06-04 11:24:55.956 I/nStackXDFinder( 3069): GetLocalInterfaceDetail:[461] :GetLocalInterfaceDetail in
06-04 11:24:55.956 E/nStackXCoAP( 3069): IsInSameNetwork:[281] :IsInSameNetwork: not priority process
06-04 11:24:55.956 D/nStackXCoAP( 3069): ParseServiceDiscover:[330] :new device join
06-04 11:24:55.956 E/nStackXDFinder( 3069): GetLocalIp:[401] :GetLocalIp exec
06-04 11:24:56.005 D/hdmicecd( 487): [CEC]:printCecMsgBuf, msg: 04 8f
06-04 11:24:56.006 D/HDMI ( 689): [R]: 04:8F
06-04 11:24:56.007 D/HDMI ( 689): [S]: 40:90:00
06-04 11:24:56.051 I/WifiHAL ( 501): call wifi_get_link_stats handler
06-04 11:24:56.051 I/WifiHAL ( 501): Creating message to get link statistics; iface = 16
06-04 11:24:56.051 D/WifiHAL ( 501): error code -95 mapped to -3
06-04 11:24:56.052 E/WifiStaIfaceAidlImpl( 689): getLinkLayerStats failed with service-specific exception: android.os.ServiceSpecificException: (code 4)
06-04 11:24:56.070 D/nStackXCoAP( 3069): IsInSameNetwork:[276] :IsInSameNetwork exec
06-04 11:24:56.070 I/nStackXDFinder( 3069): GetLocalInterfaceDetail:[461] :GetLocalInterfaceDetail in
06-04 11:24:56.070 E/nStackXCoAP( 3069): IsInSameNetwork:[281] :IsInSameNetwork: not priority process
06-04 11:24:56.070 D/nStackXCoAP( 3069): ParseServiceDiscover:[330] :new device join
06-04 11:24:56.070 E/nStackXDFinder( 3069): GetLocalIp:[401] :GetLocalIp exec
06-04 11:24:56.112 D/hdmicecd( 487): [CEC]:printCecMessage, [4 -> 0] len: 2, body: 90 00, result:success
06-04 11:24:56.112 E/IPCThreadState( 487): binder thread pool (1 threads) starved for 105 ms
06-04 11:24:56.272 D/nStackXCoAP( 3069): IsInSameNetwork:[276] :IsInSameNetwork exec
06-04 11:24:56.272 I/nStackXDFinder( 3069): GetLocalInterfaceDetail:[461] :GetLocalInterfaceDetail in
06-04 11:24:56.272 E/nStackXCoAP( 3069): IsInSameNetwork:[281] :IsInSameNetwork: not priority process
06-04 11:24:56.272 D/nStackXCoAP( 3069): ParseServiceDiscover:[330] :new device join
06-04 11:24:56.272 E/nStackXDFinder( 3069): GetLocalIp:[401] :GetLocalIp exec
06-04 11:24:56.273 D/nStackXCoAP( 3069): IsInSameNetwork:[276] :IsInSameNetwork exec
06-04 11:24:56.273 I/nStackXDFinder( 3069): GetLocalInterfaceDetail:[461] :GetLocalInterfaceDetail in
06-04 11:24:56.274 E/nStackXCoAP( 3069): IsInSameNetwork:[281] :IsInSameNetwork: not priority process
06-04 11:24:56.274 D/nStackXCoAP( 3069): ParseServiceDiscover:[330] :new device join
06-04 11:24:56.274 E/nStackXDFinder( 3069): GetLocalIp:[401] :GetLocalIp exec
06-04 11:24:56.293 D/nStackXCoAP( 3069): CoapMessageHandler:[133] :2.01
06-04 11:24:56.420 D/nStackXCoAP( 3069): IsInSameNetwork:[276] :IsInSameNetwork exec
06-04 11:24:56.420 I/nStackXDFinder( 3069): GetLocalInterfaceDetail:[461] :GetLocalInterfaceDetail in
06-04 11:24:56.420 E/nStackXCoAP( 3069): IsInSameNetwork:[281] :IsInSameNetwork: not priority process
06-04 11:24:56.420 D/nStackXCoAP( 3069): ParseServiceDiscover:[330] :new device join
06-04 11:24:56.420 E/nStackXDFinder( 3069): GetLocalIp:[401] :GetLocalIp exec
06-04 11:24:56.470 D/nStackXCoAP( 3069): IsInSameNetwork:[276] :IsInSameNetwork exec
06-04 11:24:56.470 I/nStackXDFinder( 3069): GetLocalInterfaceDetail:[461] :GetLocalInterfaceDetail in
06-04 11:24:56.470 E/nStackXCoAP( 3069): IsInSameNetwork:[281] :IsInSameNetwork: not priority process
06-04 11:24:56.470 D/nStackXCoAP( 3069): ParseServiceDiscover:[330] :new device join
06-04 11:24:56.470 E/nStackXDFinder( 3069): GetLocalIp:[401] :GetLocalIp exec
06-04 11:24:56.841 D/nStackXCoAP( 3069): CoapMessageHandler:[133] :2.01
06-04 11:24:56.841 D/nStackXCoAP( 3069): CoapMessageHandler:[133] :2.01
06-04 11:24:57.010 D/nStackXCoAP( 3069): IsInSameNetwork:[276] :IsInSameNetwork exec
06-04 11:24:57.010 I/nStackXDFinder( 3069): GetLocalInterfaceDetail:[461] :GetLocalInterfaceDetail in
06-04 11:24:57.010 E/nStackXCoAP( 3069): IsInSameNetwork:[281] :IsInSameNetwork: not priority process
06-04 11:24:57.010 D/nStackXCoAP( 3069): ParseServiceDiscover:[330] :new device join
06-04 11:24:57.010 E/nStackXDFinder( 3069): GetLocalIp:[401] :GetLocalIp exec
06-04 11:24:57.041 I/TvUniPlayer/UniPlayer@ca2c597( 3472): in handleMessage event:10000
06-04 11:24:57.056 D/WanClient( 1420): sendHeartMessage
06-04 11:24:57.057 D/WanClient( 1420): -----final------sendMessage: {"type":"2bKPMh2jwmQ="}
06-04 11:24:57.124 D/WanClient( 1420): onMessage:Thread[WebSocketConnectReadThread-73,5,main]--{"msg":"+MSejyjwlbc="}
06-04 11:24:57.126 D/WanClient( 1420): onMessageReceived:Thread[WebSocketConnectReadThread-73,5,main] {"msg":"+MSejyjwlbc="}
06-04 11:24:57.126 D/WanClient( 1420): type: null
06-04 11:24:57.126 D/WanClient( 1420): send:HB7FxtN64oc=
06-04 11:24:57.126 D/WanClient( 1420): leave:uQ3qCmhm4oA=
06-04 11:24:57.126 D/WanClient( 1420): join:7EsoetslBbs=
06-04 11:24:57.126 D/WanClient( 1420): q5TrJmBoEmShmpfjN3vFNg==
06-04 11:24:57.400 D/LongConnectionManager( 1441): webSocket:onOpen:pong:{"type":"PING"}
06-04 11:24:57.408 D/nStackXCoAP( 3069): IsInSameNetwork:[276] :IsInSameNetwork exec
06-04 11:24:57.408 I/nStackXDFinder( 3069): GetLocalInterfaceDetail:[461] :GetLocalInterfaceDetail in
06-04 11:24:57.408 E/nStackXCoAP( 3069): IsInSameNetwork:[281] :IsInSameNetwork: not priority process
06-04 11:24:57.408 D/nStackXCoAP( 3069): ParseServiceDiscover:[330] :new device join
06-04 11:24:57.408 E/nStackXDFinder( 3069): GetLocalIp:[401] :GetLocalIp exec
06-04 11:24:57.449 D/LongConnectionManager( 1441): 2 onMessage:{"type":"PING","msg":"PONG"}
06-04 11:24:57.884 D/XM_HIDREAD( 1961): poll ret=1, event=1
06-04 11:24:57.884 D/XM_HIDREAD( 1961): [9 bytes]:01 00 00 51 00 00 00 00 00
06-04 11:24:57.890 D/audioserver( 521): logFgsApiBegin: FGS Logger Transaction failed, -129
06-04 11:24:57.891 I/audio_hw_hal_primary( 476): out_update_source_metadata_v7() line 2013 usage:1 content_type:2
06-04 11:24:57.892 D/audio_hw_hal_ms12v2( 476): set_dolby_ms12_continuous_state audio_continuous_standby_set status 0
06-04 11:24:57.893 D/audio_hw_hal_continuous_standby( 476): audio_continuous_standby_set, type 0, params 0
06-04 11:24:57.893 I/audio_hw_hal_ms12common( 476): aml_set_ms12_scheduler_state ms12_scheduler_state:0, sch_state:0 SCHEDULER_RUNNING is sent to ms12
06-04 11:24:57.893 I/audio_hw_hal_primary( 476): [mixer_aux_buffer_write:7017] io 13: out:0xf07c5650 usecase:PCM_NORMAL standby to unstandby
06-04 11:24:57.893 E/audio_hw_hal_virtualbuf( 476): ms12 system input underrun happens read=32781053391 write=6613333230 diff=26167720161
06-04 11:24:57.895 I/SogouIME( 1440): onKeyDown: keyoCode=20
06-04 11:24:57.895 I/DefaultIMS( 1440): onKeyDown: keyoCode=20
06-04 11:24:57.901 D/audioserver( 521): logFgsApiBegin: FGS Logger Transaction failed, -129
06-04 11:24:57.916 I/audio_hw_hal_stream( 476): aml_stream_out_info_print: out:0xf07c5650, stream_type:pcm, sync_mode:non tunnel, input_size:30244864 bytes
06-04 11:24:57.916 I/audio_hw_hal_stream( 476): aml_stream_out_info_print: last_time:1012365 ms (sec:1012, nsec:365754856), last_position:157367 ms (7553616), cur_time:1038664 ms (sec:1038, nsec:664724535), cur_position:157436 ms (7556944)
06-04 11:24:57.916 I/audio_hw_hal_stream( 476): aml_stream_out_info_print: time_gap:26299 ms (thr:100 ms), position_gap:69 ms, delay:89 ms, jitter: Position gap is behind system time gap by 26230 ms (thr:100 ms)
06-04 11:24:57.917 I/audio_hw_hal_primary( 476): out_update_source_metadata_v7() line 2013 usage:1 content_type:2
06-04 11:24:58.024 D/XM_HIDREAD( 1961): poll ret=1, event=1
06-04 11:24:58.024 D/XM_HIDREAD( 1961): [9 bytes]:01 00 00 00 00 00 00 00 00
06-04 11:24:58.026 I/SogouIME( 1440): onKeyUp: keyoCode=20
06-04 11:24:58.026 I/DefaultIMS( 1440): onKeyUp: keyoCode=20
06-04 11:24:58.036 I/audio_hw_hal_primary( 476): [audiohal_get_latency:1333] io 13: out:0xf07c5650 frames:1152 rate:48000 whole_latency:24 alsa_latency:24
06-04 11:24:58.036 I/audio_hw_hal_primary( 476): [audiohal_get_latency:1333] io 13: out:0xf07c5650 frames:1024 rate:48000 whole_latency:21 alsa_latency:21
06-04 11:24:58.057 D/nStackXCoAP( 3069): IsInSameNetwork:[276] :IsInSameNetwork exec
06-04 11:24:58.058 I/nStackXDFinder( 3069): GetLocalInterfaceDetail:[461] :GetLocalInterfaceDetail in
06-04 11:24:58.058 E/nStackXCoAP( 3069): IsInSameNetwork:[281] :IsInSameNetwork: not priority process
06-04 11:24:58.058 D/nStackXCoAP( 3069): ParseServiceDiscover:[330] :new device join
06-04 11:24:58.058 E/nStackXDFinder( 3069): GetLocalIp:[401] :GetLocalIp exec
06-04 11:24:58.058 I/audio_hw_hal_primary( 476): [audiohal_get_latency:1333] io 13: out:0xf07c5650 frames:1024 rate:48000 whole_latency:21 alsa_latency:21
06-04 11:24:58.058 I/audio_hw_hal_primary( 476): [audiohal_get_latency:1333] io 13: out:0xf07c5650 frames:1024 rate:48000 whole_latency:21 alsa_latency:21
06-04 11:24:58.075 I/audio_hw_hal_primary( 476): [audiohal_get_latency:1333] io 13: out:0xf07c5650 frames:1280 rate:48000 whole_latency:26 alsa_latency:26
06-04 11:24:58.075 I/audio_hw_hal_primary( 476): [audiohal_get_latency:1333] io 13: out:0xf07c5650 frames:1280 rate:48000 whole_latency:26 alsa_latency:26
06-04 11:24:58.090 D/nStackXCoAP( 3069): CoapMessageHandler:[133] :2.01
06-04 11:24:58.091 D/nStackXCoAP( 3069): CoapMessageHandler:[133] :2.01
06-04 11:24:58.097 I/audio_hw_hal_primary( 476): [audiohal_get_latency:1333] io 13: out:0xf07c5650 frames:1024 rate:48000 whole_latency:21 alsa_latency:21
06-04 11:24:58.097 I/audio_hw_hal_primary( 476): [audiohal_get_latency:1333] io 13: out:0xf07c5650 frames:1024 rate:48000 whole_latency:21 alsa_latency:21
06-04 11:24:58.106 E/ccc ( 1420): cccccc led current is 0 关闭
06-04 11:24:58.106 E/ccc ( 1420): cccccc led current is null
06-04 11:24:58.110 D/BluetoothAdapterService( 4734): cancelDiscovery
06-04 11:24:58.111 I/bt_btif_dm( 4734): packages/modules/Bluetooth/system/btif/src/btif_dm.cc:2470 btif_dm_cancel_discovery: Cancel search
06-04 11:24:58.111 I/bluetooth( 4734): packages/modules/Bluetooth/system/bta/dm/bta_dm_main.cc:96 bta_dm_search_sm_execute: state:BTA_DM_SEARCH_IDLE, event:BTA_DM_API_SEARCH_CANCEL_EVT[0x201]
06-04 11:24:58.115 I/audio_hw_hal_primary( 476): [audiohal_get_latency:1333] io 13: out:0xf07c5650 frames:1152 rate:48000 whole_latency:24 alsa_latency:24
06-04 11:24:58.115 I/audio_hw_hal_primary( 476): [audiohal_get_latency:1333] io 13: out:0xf07c5650 frames:1152 rate:48000 whole_latency:24 alsa_latency:24
06-04 11:24:58.137 I/audio_hw_hal_primary( 476): [audiohal_get_latency:1333] io 13: out:0xf07c5650 frames:1152 rate:48000 whole_latency:24 alsa_latency:24
06-04 11:24:58.137 I/audio_hw_hal_primary( 476): [audiohal_get_latency:1333] io 13: out:0xf07c5650 frames:1152 rate:48000 whole_latency:24 alsa_latency:24
06-04 11:24:58.137 D/audioserver( 521): logFgsApiEnd: FGS Logger Transaction failed, -129
06-04 11:24:58.138 D/audioserver( 521): logFgsApiEnd: FGS Logger Transaction failed, -129
06-04 11:24:58.173 I/PlayThreadMonitor( 3472): in playerthread monitor handler
