06-04 11:26:03.756 D/nStackXCoAP( 3069): IsInSameNetwork:[276] :IsInSameNetwork exec
06-04 11:26:03.756 I/nStackXDFinder( 3069): GetLocalInterfaceDetail:[461] :GetLocalInterfaceDetail in
06-04 11:26:03.756 E/nStackXCoAP( 3069): IsInSameNetwork:[281] :IsInSameNetwork: not priority process
06-04 11:26:03.756 D/nStackXCoAP( 3069): ParseServiceDiscover:[330] :new device join
06-04 11:26:03.756 E/nStackXDFinder( 3069): GetLocalIp:[401] :GetLocalIp exec
06-04 11:26:04.189 D/nStackXCoAP( 3069): IsInSameNetwork:[276] :IsInSameNetwork exec
06-04 11:26:04.189 I/nStackXDFinder( 3069): GetLocalInterfaceDetail:[461] :GetLocalInterfaceDetail in
06-04 11:26:04.189 E/nStackXCoAP( 3069): IsInSameNetwork:[281] :IsInSameNetwork: not priority process
06-04 11:26:04.189 D/nStackXCoAP( 3069): ParseServiceDiscover:[330] :new device join
06-04 11:26:04.189 E/nStackXDFinder( 3069): GetLocalIp:[401] :GetLocalIp exec
06-04 11:26:04.191 D/nStackXCoAP( 3069): IsInSameNetwork:[276] :IsInSameNetwork exec
06-04 11:26:04.191 I/nStackXDFinder( 3069): GetLocalInterfaceDetail:[461] :GetLocalInterfaceDetail in
06-04 11:26:04.191 E/nStackXCoAP( 3069): IsInSameNetwork:[281] :IsInSameNetwork: not priority process
06-04 11:26:04.191 D/nStackXCoAP( 3069): ParseServiceDiscover:[330] :new device join
06-04 11:26:04.191 E/nStackXDFinder( 3069): GetLocalIp:[401] :GetLocalIp exec
06-04 11:26:04.238 E/ccc ( 1420): cccccc sendCycleCheckBroadcast
06-04 11:26:04.239 W/ContextImpl( 1420): Calling a method in the system process without a qualified user: android.app.ContextImpl.sendBroadcast:1220 android.content.ContextWrapper.sendBroadcast:504 com.dangbei.etna.setting.core.SettingHelper.sendCycleToProjector:257 com.dangbei.etna.setting.core.SettingHelper.sendCycleCheckBroadcast:226 com.dangbei.etna.setting.core.SettingHelper.startLoop$lambda-0:185
06-04 11:26:04.239 D/nStackXCoAP( 3069): CoapMessageHandler:[133] :2.01
06-04 11:26:04.240 W/ContextImpl( 1420): Calling a method in the system process without a qualified user: android.app.ContextImpl.sendBroadcast:1220 android.content.ContextWrapper.sendBroadcast:504 com.dangbei.etna.setting.core.SettingHelper.sendCycleToVoice:242 com.dangbei.etna.setting.core.SettingHelper.sendCycleCheckBroadcast:227 com.dangbei.etna.setting.core.SettingHelper.startLoop$lambda-0:185
06-04 11:26:04.244 D/RockyVoice( 1699): RestartReceiver onReceive
06-04 11:26:04.482 D/nStackXCoAP( 3069): IsInSameNetwork:[276] :IsInSameNetwork exec
06-04 11:26:04.482 I/nStackXDFinder( 3069): GetLocalInterfaceDetail:[461] :GetLocalInterfaceDetail in
06-04 11:26:04.482 E/nStackXCoAP( 3069): IsInSameNetwork:[281] :IsInSameNetwork: not priority process
06-04 11:26:04.482 D/nStackXCoAP( 3069): ParseServiceDiscover:[330] :new device join
06-04 11:26:04.483 E/nStackXDFinder( 3069): GetLocalIp:[401] :GetLocalIp exec
06-04 11:26:04.667 D/nStackXCoAP( 3069): IsInSameNetwork:[276] :IsInSameNetwork exec
06-04 11:26:04.667 I/nStackXDFinder( 3069): GetLocalInterfaceDetail:[461] :GetLocalInterfaceDetail in
06-04 11:26:04.667 E/nStackXCoAP( 3069): IsInSameNetwork:[281] :IsInSameNetwork: not priority process
06-04 11:26:04.667 D/nStackXCoAP( 3069): ParseServiceDiscover:[330] :new device join
06-04 11:26:04.667 E/nStackXDFinder( 3069): GetLocalIp:[401] :GetLocalIp exec
06-04 11:26:04.697 D/nStackXCoAP( 3069): CoapMessageHandler:[133] :2.01
06-04 11:26:05.187 I/WifiHAL ( 501): call wifi_get_link_stats handler
06-04 11:26:05.187 I/WifiHAL ( 501): Creating message to get link statistics; iface = 16
06-04 11:26:05.187 D/WifiHAL ( 501): error code -95 mapped to -3
06-04 11:26:05.188 E/WifiStaIfaceAidlImpl( 689): getLinkLayerStats failed with service-specific exception: android.os.ServiceSpecificException: (code 4)
06-04 11:26:05.190 D/nStackXCoAP( 3069): IsInSameNetwork:[276] :IsInSameNetwork exec
06-04 11:26:05.190 I/nStackXDFinder( 3069): GetLocalInterfaceDetail:[461] :GetLocalInterfaceDetail in
06-04 11:26:05.190 E/nStackXCoAP( 3069): IsInSameNetwork:[281] :IsInSameNetwork: not priority process
06-04 11:26:05.190 D/nStackXCoAP( 3069): ParseServiceDiscover:[330] :new device join
06-04 11:26:05.190 E/nStackXDFinder( 3069): GetLocalIp:[401] :GetLocalIp exec
06-04 11:26:05.281 D/nStackXCoAP( 3069): IsInSameNetwork:[276] :IsInSameNetwork exec
06-04 11:26:05.281 I/nStackXDFinder( 3069): GetLocalInterfaceDetail:[461] :GetLocalInterfaceDetail in
06-04 11:26:05.281 E/nStackXCoAP( 3069): IsInSameNetwork:[281] :IsInSameNetwork: not priority process
06-04 11:26:05.281 D/nStackXCoAP( 3069): ParseServiceDiscover:[330] :new device join
06-04 11:26:05.281 E/nStackXDFinder( 3069): GetLocalIp:[401] :GetLocalIp exec
06-04 11:26:05.373 D/nStackXCoAP( 3069): CoapMessageHandler:[133] :2.01
06-04 11:26:05.375 D/nStackXCoAP( 3069): CoapMessageHandler:[133] :2.01
06-04 11:26:05.941 D/nStackXCoAP( 3069): CoapMessageHandler:[133] :2.01
06-04 11:26:06.008 D/nStackXCoAP( 3069): IsInSameNetwork:[276] :IsInSameNetwork exec
06-04 11:26:06.009 I/nStackXDFinder( 3069): GetLocalInterfaceDetail:[461] :GetLocalInterfaceDetail in
06-04 11:26:06.009 E/nStackXCoAP( 3069): IsInSameNetwork:[281] :IsInSameNetwork: not priority process
06-04 11:26:06.009 D/nStackXCoAP( 3069): ParseServiceDiscover:[330] :new device join
06-04 11:26:06.009 E/nStackXDFinder( 3069): GetLocalIp:[401] :GetLocalIp exec
06-04 11:26:06.119 D/nStackXCoAP( 3069): CoapMessageHandler:[133] :2.01
06-04 11:26:06.498 D/nStackXCoAP( 3069): CoapMessageHandler:[133] :2.01
06-04 11:26:06.534 D/nStackXCoAP( 3069): IsInSameNetwork:[276] :IsInSameNetwork exec
06-04 11:26:06.534 I/nStackXDFinder( 3069): GetLocalInterfaceDetail:[461] :GetLocalInterfaceDetail in
06-04 11:26:06.534 E/nStackXCoAP( 3069): IsInSameNetwork:[281] :IsInSameNetwork: not priority process
06-04 11:26:06.534 D/nStackXCoAP( 3069): ParseServiceDiscover:[330] :new device join
06-04 11:26:06.534 E/nStackXDFinder( 3069): GetLocalIp:[401] :GetLocalIp exec
06-04 11:26:06.629 D/nStackXCoAP( 3069): CoapMessageHandler:[133] :2.01
06-04 11:26:07.033 D/nStackXCoAP( 3069): IsInSameNetwork:[276] :IsInSameNetwork exec
06-04 11:26:07.033 I/nStackXDFinder( 3069): GetLocalInterfaceDetail:[461] :GetLocalInterfaceDetail in
06-04 11:26:07.033 E/nStackXCoAP( 3069): IsInSameNetwork:[281] :IsInSameNetwork: not priority process
06-04 11:26:07.033 D/nStackXCoAP( 3069): ParseServiceDiscover:[330] :new device join
06-04 11:26:07.033 E/nStackXDFinder( 3069): GetLocalIp:[401] :GetLocalIp exec
06-04 11:26:07.480 D/nStackXCoAP( 3069): CoapMessageHandler:[133] :2.01
06-04 11:26:08.193 I/WifiHAL ( 501): call wifi_get_link_stats handler
06-04 11:26:08.193 I/WifiHAL ( 501): Creating message to get link statistics; iface = 16
06-04 11:26:08.194 D/WifiHAL ( 501): error code -95 mapped to -3
06-04 11:26:08.194 E/WifiStaIfaceAidlImpl( 689): getLinkLayerStats failed with service-specific exception: android.os.ServiceSpecificException: (code 4)
06-04 11:26:08.429 D/nStackXCoAP( 3069): CoapMessageHandler:[133] :2.01
06-04 11:26:11.199 I/WifiHAL ( 501): call wifi_get_link_stats handler
06-04 11:26:11.199 I/WifiHAL ( 501): Creating message to get link statistics; iface = 16
06-04 11:26:11.199 D/WifiHAL ( 501): error code -95 mapped to -3
06-04 11:26:11.199 E/WifiStaIfaceAidlImpl( 689): getLinkLayerStats failed with service-specific exception: android.os.ServiceSpecificException: (code 4)
06-04 11:26:13.624 E/dangbei111( 1420): cccccc 检查遥控器是否连接: Dangbei E4:BB:D3:57:C0:7A
06-04 11:26:13.628 E/dangbei111( 1420): cccccc 检查遥控器是否连接: 蓝牙的结果 Dangbei E4:BB:D3:57:C0:7A true
06-04 11:26:13.628 E/dangbei111( 1420): cccccc 确实有遥控器 存在
06-04 11:26:13.628 E/dangbei111( 1420): cccccc rc is connected, stop scan =E4:BB:D3:57:C0:7A
06-04 11:26:14.206 I/WifiHAL ( 501): call wifi_get_link_stats handler
06-04 11:26:14.206 I/WifiHAL ( 501): Creating message to get link statistics; iface = 16
06-04 11:26:14.206 D/WifiHAL ( 501): error code -95 mapped to -3
06-04 11:26:14.207 E/WifiStaIfaceAidlImpl( 689): getLinkLayerStats failed with service-specific exception: android.os.ServiceSpecificException: (code 4)
06-04 11:26:17.008 I/audio_hw_hal_alsamgr( 476): alsa format =0x1 delay frames =768 total frames=52965120
06-04 11:26:17.056 D/WanClient( 1420): sendHeartMessage
06-04 11:26:17.057 D/WanClient( 1420): -----final------sendMessage: {"type":"2bKPMh2jwmQ="}
06-04 11:26:17.090 D/WanClient( 1420): onMessage:Thread[WebSocketConnectReadThread-73,5,main]--{"msg":"+MSejyjwlbc="}
06-04 11:26:17.093 D/WanClient( 1420): onMessageReceived:Thread[WebSocketConnectReadThread-73,5,main] {"msg":"+MSejyjwlbc="}
06-04 11:26:17.093 D/WanClient( 1420): type: null
06-04 11:26:17.093 D/WanClient( 1420): send:HB7FxtN64oc=
06-04 11:26:17.093 D/WanClient( 1420): leave:uQ3qCmhm4oA=
06-04 11:26:17.093 D/WanClient( 1420): join:7EsoetslBbs=
06-04 11:26:17.093 D/WanClient( 1420): q5TrJmBoEmShmpfjN3vFNg==
06-04 11:26:17.210 I/WifiHAL ( 501): call wifi_get_link_stats handler
06-04 11:26:17.210 I/WifiHAL ( 501): Creating message to get link statistics; iface = 16
06-04 11:26:17.211 D/WifiHAL ( 501): error code -95 mapped to -3
06-04 11:26:17.211 E/WifiStaIfaceAidlImpl( 689): getLinkLayerStats failed with service-specific exception: android.os.ServiceSpecificException: (code 4)
06-04 11:26:17.402 D/LongConnectionManager( 1441): webSocket:onOpen:pong:{"type":"PING"}
06-04 11:26:17.433 D/LongConnectionManager( 1441): 2 onMessage:{"type":"PING","msg":"PONG"}
06-04 11:26:18.086 D/DhcpClient( 991): Received packet: 1c:79:2d:20:62:cb ACK: your new IP /192.168.3.4, netmask /255.255.254.0, gateways [/192.168.3.1] DNS servers: /202.96.134.133 /202.96.128.166 , lease time 3600
06-04 11:26:18.832 D/nStackXCoAP( 3069): IsInSameNetwork:[276] :IsInSameNetwork exec
06-04 11:26:18.832 I/nStackXDFinder( 3069): GetLocalInterfaceDetail:[461] :GetLocalInterfaceDetail in
06-04 11:26:18.832 E/nStackXCoAP( 3069): IsInSameNetwork:[281] :IsInSameNetwork: not priority process
06-04 11:26:18.832 D/nStackXCoAP( 3069): ParseServiceDiscover:[330] :new device join
06-04 11:26:18.832 E/nStackXDFinder( 3069): GetLocalIp:[401] :GetLocalIp exec
06-04 11:26:19.237 D/nStackXCoAP( 3069): IsInSameNetwork:[276] :IsInSameNetwork exec
06-04 11:26:19.237 I/nStackXDFinder( 3069): GetLocalInterfaceDetail:[461] :GetLocalInterfaceDetail in
06-04 11:26:19.237 E/nStackXCoAP( 3069): IsInSameNetwork:[281] :IsInSameNetwork: not priority process
06-04 11:26:19.237 D/nStackXCoAP( 3069): ParseServiceDiscover:[330] :new device join
06-04 11:26:19.237 E/nStackXDFinder( 3069): GetLocalIp:[401] :GetLocalIp exec
06-04 11:26:19.757 D/nStackXCoAP( 3069): IsInSameNetwork:[276] :IsInSameNetwork exec
06-04 11:26:19.757 I/nStackXDFinder( 3069): GetLocalInterfaceDetail:[461] :GetLocalInterfaceDetail in
06-04 11:26:19.758 E/nStackXCoAP( 3069): IsInSameNetwork:[281] :IsInSameNetwork: not priority process
06-04 11:26:19.758 D/nStackXCoAP( 3069): ParseServiceDiscover:[330] :new device join
06-04 11:26:19.758 E/nStackXDFinder( 3069): GetLocalIp:[401] :GetLocalIp exec
06-04 11:26:20.215 I/WifiHAL ( 501): call wifi_get_link_stats handler
06-04 11:26:20.215 I/WifiHAL ( 501): Creating message to get link statistics; iface = 16
06-04 11:26:20.215 D/WifiHAL ( 501): error code -95 mapped to -3
06-04 11:26:20.215 E/WifiStaIfaceAidlImpl( 689): getLinkLayerStats failed with service-specific exception: android.os.ServiceSpecificException: (code 4)
06-04 11:26:20.316 D/nStackXCoAP( 3069): IsInSameNetwork:[276] :IsInSameNetwork exec
06-04 11:26:20.316 I/nStackXDFinder( 3069): GetLocalInterfaceDetail:[461] :GetLocalInterfaceDetail in
06-04 11:26:20.316 E/nStackXCoAP( 3069): IsInSameNetwork:[281] :IsInSameNetwork: not priority process
06-04 11:26:20.316 D/nStackXCoAP( 3069): ParseServiceDiscover:[330] :new device join
06-04 11:26:20.316 E/nStackXDFinder( 3069): GetLocalIp:[401] :GetLocalIp exec
06-04 11:26:20.748 D/nStackXCoAP( 3069): IsInSameNetwork:[276] :IsInSameNetwork exec
06-04 11:26:20.748 I/nStackXDFinder( 3069): GetLocalInterfaceDetail:[461] :GetLocalInterfaceDetail in
06-04 11:26:20.748 E/nStackXCoAP( 3069): IsInSameNetwork:[281] :IsInSameNetwork: not priority process
06-04 11:26:20.748 D/nStackXCoAP( 3069): ParseServiceDiscover:[330] :new device join
06-04 11:26:20.748 E/nStackXDFinder( 3069): GetLocalIp:[401] :GetLocalIp exec
06-04 11:26:20.751 D/nStackXCoAP( 3069): IsInSameNetwork:[276] :IsInSameNetwork exec
06-04 11:26:20.751 I/nStackXDFinder( 3069): GetLocalInterfaceDetail:[461] :GetLocalInterfaceDetail in
06-04 11:26:20.751 E/nStackXCoAP( 3069): IsInSameNetwork:[281] :IsInSameNetwork: not priority process
06-04 11:26:20.751 D/nStackXCoAP( 3069): ParseServiceDiscover:[330] :new device join
06-04 11:26:20.751 E/nStackXDFinder( 3069): GetLocalIp:[401] :GetLocalIp exec
06-04 11:26:20.953 D/nStackXCoAP( 3069): IsInSameNetwork:[276] :IsInSameNetwork exec
06-04 11:26:20.953 I/nStackXDFinder( 3069): GetLocalInterfaceDetail:[461] :GetLocalInterfaceDetail in
06-04 11:26:20.953 E/nStackXCoAP( 3069): IsInSameNetwork:[281] :IsInSameNetwork: not priority process
06-04 11:26:20.953 D/nStackXCoAP( 3069): ParseServiceDiscover:[330] :new device join
06-04 11:26:20.953 E/nStackXDFinder( 3069): GetLocalIp:[401] :GetLocalIp exec
06-04 11:26:20.960 D/nStackXCoAP( 3069): CoapMessageHandler:[133] :2.01
06-04 11:26:21.062 D/nStackXCoAP( 3069): IsInSameNetwork:[276] :IsInSameNetwork exec
06-04 11:26:21.062 I/nStackXDFinder( 3069): GetLocalInterfaceDetail:[461] :GetLocalInterfaceDetail in
06-04 11:26:21.062 E/nStackXCoAP( 3069): IsInSameNetwork:[281] :IsInSameNetwork: not priority process
06-04 11:26:21.062 D/nStackXCoAP( 3069): ParseServiceDiscover:[330] :new device join
06-04 11:26:21.062 E/nStackXDFinder( 3069): GetLocalIp:[401] :GetLocalIp exec
06-04 11:26:21.080 D/nStackXCoAP( 3069): CoapMessageHandler:[133] :2.01
06-04 11:26:21.237 D/nStackXCoAP( 3069): IsInSameNetwork:[276] :IsInSameNetwork exec
06-04 11:26:21.237 I/nStackXDFinder( 3069): GetLocalInterfaceDetail:[461] :GetLocalInterfaceDetail in
06-04 11:26:21.237 E/nStackXCoAP( 3069): IsInSameNetwork:[281] :IsInSameNetwork: not priority process
06-04 11:26:21.237 D/nStackXCoAP( 3069): ParseServiceDiscover:[330] :new device join
06-04 11:26:21.237 E/nStackXDFinder( 3069): GetLocalIp:[401] :GetLocalIp exec
06-04 11:26:21.428 D/nStackXCoAP( 3069): IsInSameNetwork:[276] :IsInSameNetwork exec
06-04 11:26:21.428 I/nStackXDFinder( 3069): GetLocalInterfaceDetail:[461] :GetLocalInterfaceDetail in
06-04 11:26:21.428 E/nStackXCoAP( 3069): IsInSameNetwork:[281] :IsInSameNetwork: not priority process
06-04 11:26:21.428 D/nStackXCoAP( 3069): ParseServiceDiscover:[330] :new device join
06-04 11:26:21.428 E/nStackXDFinder( 3069): GetLocalIp:[401] :GetLocalIp exec
06-04 11:26:21.455 D/nStackXCoAP( 3069): CoapMessageHandler:[133] :2.01
06-04 11:26:21.486 D/nStackXCoAP( 3069): CoapMessageHandler:[133] :2.01
06-04 11:26:21.524 D/nStackXCoAP( 3069): CoapMessageHandler:[133] :2.01
06-04 11:26:21.565 D/nStackXCoAP( 3069): IsInSameNetwork:[276] :IsInSameNetwork exec
06-04 11:26:21.565 I/nStackXDFinder( 3069): GetLocalInterfaceDetail:[461] :GetLocalInterfaceDetail in
06-04 11:26:21.565 E/nStackXCoAP( 3069): IsInSameNetwork:[281] :IsInSameNetwork: not priority process
06-04 11:26:21.565 D/nStackXCoAP( 3069): ParseServiceDiscover:[330] :new device join
06-04 11:26:21.565 E/nStackXDFinder( 3069): GetLocalIp:[401] :GetLocalIp exec
06-04 11:26:21.566 D/DhcpClient( 991): Received packet: 1c:79:2d:20:62:cb ACK: your new IP /192.168.3.4, netmask /255.255.254.0, gateways [/192.168.3.1] DNS servers: /202.96.134.133 /202.96.128.166 , lease time 3600
06-04 11:26:21.768 D/nStackXCoAP( 3069): IsInSameNetwork:[276] :IsInSameNetwork exec
06-04 11:26:21.768 I/nStackXDFinder( 3069): GetLocalInterfaceDetail:[461] :GetLocalInterfaceDetail in
06-04 11:26:21.768 E/nStackXCoAP( 3069): IsInSameNetwork:[281] :IsInSameNetwork: not priority process
06-04 11:26:21.768 D/nStackXCoAP( 3069): ParseServiceDiscover:[330] :new device join
06-04 11:26:21.768 E/nStackXDFinder( 3069): GetLocalIp:[401] :GetLocalIp exec
06-04 11:26:21.770 D/nStackXCoAP( 3069): IsInSameNetwork:[276] :IsInSameNetwork exec
06-04 11:26:21.770 I/nStackXDFinder( 3069): GetLocalInterfaceDetail:[461] :GetLocalInterfaceDetail in
06-04 11:26:21.770 E/nStackXCoAP( 3069): IsInSameNetwork:[281] :IsInSameNetwork: not priority process
06-04 11:26:21.770 D/nStackXCoAP( 3069): ParseServiceDiscover:[330] :new device join
06-04 11:26:21.770 E/nStackXDFinder( 3069): GetLocalIp:[401] :GetLocalIp exec
06-04 11:26:21.870 D/nStackXCoAP( 3069): IsInSameNetwork:[276] :IsInSameNetwork exec
06-04 11:26:21.870 I/nStackXDFinder( 3069): GetLocalInterfaceDetail:[461] :GetLocalInterfaceDetail in
06-04 11:26:21.870 E/nStackXCoAP( 3069): IsInSameNetwork:[281] :IsInSameNetwork: not priority process
06-04 11:26:21.870 D/nStackXCoAP( 3069): ParseServiceDiscover:[330] :new device join
06-04 11:26:21.870 E/nStackXDFinder( 3069): GetLocalIp:[401] :GetLocalIp exec
06-04 11:26:22.179 D/nStackXCoAP( 3069): IsInSameNetwork:[276] :IsInSameNetwork exec
06-04 11:26:22.179 I/nStackXDFinder( 3069): GetLocalInterfaceDetail:[461] :GetLocalInterfaceDetail in
06-04 11:26:22.179 E/nStackXCoAP( 3069): IsInSameNetwork:[281] :IsInSameNetwork: not priority process
06-04 11:26:22.179 D/nStackXCoAP( 3069): ParseServiceDiscover:[330] :new device join
06-04 11:26:22.179 E/nStackXDFinder( 3069): GetLocalIp:[401] :GetLocalIp exec
06-04 11:26:22.229 I/WifiService( 689): startScan uid=1000
06-04 11:26:22.231 E/ccc ( 6878): cccccc i will start scan
06-04 11:26:22.240 D/InstantWifi( 689): Drop, size: 1
06-04 11:26:22.268 D/nStackXCoAP( 3069): CoapMessageHandler:[133] :2.01
06-04 11:26:22.334 D/nStackXCoAP( 3069): IsInSameNetwork:[276] :IsInSameNetwork exec
06-04 11:26:22.334 I/nStackXDFinder( 3069): GetLocalInterfaceDetail:[461] :GetLocalInterfaceDetail in
06-04 11:26:22.334 E/nStackXCoAP( 3069): IsInSameNetwork:[281] :IsInSameNetwork: not priority process
06-04 11:26:22.334 D/nStackXCoAP( 3069): ParseServiceDiscover:[330] :new device join
06-04 11:26:22.334 E/nStackXDFinder( 3069): GetLocalIp:[401] :GetLocalIp exec
06-04 11:26:22.569 D/nStackXCoAP( 3069): IsInSameNetwork:[276] :IsInSameNetwork exec
06-04 11:26:22.569 I/nStackXDFinder( 3069): GetLocalInterfaceDetail:[461] :GetLocalInterfaceDetail in
06-04 11:26:22.569 E/nStackXCoAP( 3069): IsInSameNetwork:[281] :IsInSameNetwork: not priority process
06-04 11:26:22.569 D/nStackXCoAP( 3069): ParseServiceDiscover:[330] :new device join
06-04 11:26:22.569 E/nStackXDFinder( 3069): GetLocalIp:[401] :GetLocalIp exec
06-04 11:26:22.785 D/nStackXCoAP( 3069): CoapMessageHandler:[133] :2.01
06-04 11:26:22.785 D/nStackXCoAP( 3069): CoapMessageHandler:[133] :2.01
06-04 11:26:22.893 D/nStackXCoAP( 3069): IsInSameNetwork:[276] :IsInSameNetwork exec
06-04 11:26:22.893 I/nStackXDFinder( 3069): GetLocalInterfaceDetail:[461] :GetLocalInterfaceDetail in
06-04 11:26:22.893 E/nStackXCoAP( 3069): IsInSameNetwork:[281] :IsInSameNetwork: not priority process
06-04 11:26:22.893 D/nStackXCoAP( 3069): ParseServiceDiscover:[330] :new device join
06-04 11:26:22.893 E/nStackXDFinder( 3069): GetLocalIp:[401] :GetLocalIp exec
06-04 11:26:22.896 D/nStackXCoAP( 3069): IsInSameNetwork:[276] :IsInSameNetwork exec
06-04 11:26:22.896 I/nStackXDFinder( 3069): GetLocalInterfaceDetail:[461] :GetLocalInterfaceDetail in
06-04 11:26:22.896 E/nStackXCoAP( 3069): IsInSameNetwork:[281] :IsInSameNetwork: not priority process
06-04 11:26:22.896 D/nStackXCoAP( 3069): ParseServiceDiscover:[330] :new device join
06-04 11:26:22.896 E/nStackXDFinder( 3069): GetLocalIp:[401] :GetLocalIp exec
06-04 11:26:23.051 D/nStackXCoAP( 3069): IsInSameNetwork:[276] :IsInSameNetwork exec
06-04 11:26:23.051 I/nStackXDFinder( 3069): GetLocalInterfaceDetail:[461] :GetLocalInterfaceDetail in
06-04 11:26:23.051 E/nStackXCoAP( 3069): IsInSameNetwork:[281] :IsInSameNetwork: not priority process
06-04 11:26:23.051 D/nStackXCoAP( 3069): ParseServiceDiscover:[330] :new device join
06-04 11:26:23.051 E/nStackXDFinder( 3069): GetLocalIp:[401] :GetLocalIp exec
06-04 11:26:23.178 D/nStackXCoAP( 3069): CoapMessageHandler:[133] :2.01
06-04 11:26:23.218 I/WifiHAL ( 501): call wifi_get_link_stats handler
06-04 11:26:23.218 I/WifiHAL ( 501): Creating message to get link statistics; iface = 16
06-04 11:26:23.219 D/WifiHAL ( 501): error code -95 mapped to -3
06-04 11:26:23.219 E/WifiStaIfaceAidlImpl( 689): getLinkLayerStats failed with service-specific exception: android.os.ServiceSpecificException: (code 4)
06-04 11:26:24.493 D/nStackXCoAP( 3069): IsInSameNetwork:[276] :IsInSameNetwork exec
06-04 11:26:24.493 I/nStackXDFinder( 3069): GetLocalInterfaceDetail:[461] :GetLocalInterfaceDetail in
06-04 11:26:24.493 E/nStackXCoAP( 3069): IsInSameNetwork:[281] :IsInSameNetwork: not priority process
06-04 11:26:24.493 D/nStackXCoAP( 3069): ParseServiceDiscover:[330] :new device join
06-04 11:26:24.493 E/nStackXDFinder( 3069): GetLocalIp:[401] :GetLocalIp exec
06-04 11:26:24.637 D/nStackXCoAP( 3069): IsInSameNetwork:[276] :IsInSameNetwork exec
06-04 11:26:24.637 I/nStackXDFinder( 3069): GetLocalInterfaceDetail:[461] :GetLocalInterfaceDetail in
06-04 11:26:24.637 E/nStackXCoAP( 3069): IsInSameNetwork:[281] :IsInSameNetwork: not priority process
06-04 11:26:24.637 D/nStackXCoAP( 3069): ParseServiceDiscover:[330] :new device join
06-04 11:26:24.637 E/nStackXDFinder( 3069): GetLocalIp:[401] :GetLocalIp exec
06-04 11:26:24.854 D/nStackXCoAP( 3069): IsInSameNetwork:[276] :IsInSameNetwork exec
06-04 11:26:24.854 I/nStackXDFinder( 3069): GetLocalInterfaceDetail:[461] :GetLocalInterfaceDetail in
06-04 11:26:24.854 E/nStackXCoAP( 3069): IsInSameNetwork:[281] :IsInSameNetwork: not priority process
06-04 11:26:24.854 D/nStackXCoAP( 3069): ParseServiceDiscover:[330] :new device join
06-04 11:26:24.854 E/nStackXDFinder( 3069): GetLocalIp:[401] :GetLocalIp exec
06-04 11:26:24.925 D/WifiNl80211Manager( 689): Scan result ready event
06-04 11:26:24.925 D/WifiNative( 689): Scan result ready event
06-04 11:26:24.950 D/nStackXCoAP( 3069): IsInSameNetwork:[276] :IsInSameNetwork exec
06-04 11:26:24.950 I/nStackXDFinder( 3069): GetLocalInterfaceDetail:[461] :GetLocalInterfaceDetail in
06-04 11:26:24.950 E/nStackXCoAP( 3069): IsInSameNetwork:[281] :IsInSameNetwork: not priority process
06-04 11:26:24.950 D/nStackXCoAP( 3069): ParseServiceDiscover:[330] :new device join
06-04 11:26:24.951 I/nStackXDFinder( 3069): NotifyDeviceListChanged:[540] :notify callback: device list changed callback is null
06-04 11:26:24.951 E/nStackXDFinder( 3069): GetLocalIp:[401] :GetLocalIp exec
06-04 11:26:24.985 E/ccc ( 6878): cccccc SCAN_RESULTS_AVAILABLE_ACTION hhhh
06-04 11:26:24.985 E/hq ( 1441): NetWorkStateReceiver:::NetWorkStateReceiver onReceive: 网络变化广播 >>>> intent.action=android.net.wifi.SCAN_RESULTS
06-04 11:26:24.992 I/WifiHAL ( 501): call wifi_get_link_stats handler
06-04 11:26:24.992 I/WifiHAL ( 501): Creating message to get link statistics; iface = 16
06-04 11:26:24.993 D/WifiHAL ( 501): error code -95 mapped to -3
06-04 11:26:24.993 E/WifiStaIfaceAidlImpl( 689): getLinkLayerStats failed with service-specific exception: android.os.ServiceSpecificException: (code 4)
06-04 11:26:25.005 W/eventbuscore( 1441): post Event:com.dangbei.leard.base.entity.event.NetWifiRssiEvent
06-04 11:26:25.013 E/ccc ( 6878): cccccc result is not empty call back
06-04 11:26:25.014 E/ccc ( 6878): cccccc 666666666666666
06-04 11:26:25.028 E/ccc ( 6878): cccccc sort 2 50
06-04 11:26:25.059 D/OpenGLRenderer( 6878): --- Failed to create image decoder with message 'unimplemented'
06-04 11:26:25.060 D/OpenGLRenderer( 6878): --- Failed to create image decoder with message 'unimplemented'
06-04 11:26:25.061 D/OpenGLRenderer( 6878): --- Failed to create image decoder with message 'unimplemented'
06-04 11:26:25.062 D/OpenGLRenderer( 6878): --- Failed to create image decoder with message 'unimplemented'
06-04 11:26:25.063 D/OpenGLRenderer( 6878): --- Failed to create image decoder with message 'unimplemented'
06-04 11:26:25.064 D/OpenGLRenderer( 6878): --- Failed to create image decoder with message 'unimplemented'
06-04 11:26:25.086 D/nStackXCoAP( 3069): IsInSameNetwork:[276] :IsInSameNetwork exec
06-04 11:26:25.086 I/nStackXDFinder( 3069): GetLocalInterfaceDetail:[461] :GetLocalInterfaceDetail in
06-04 11:26:25.086 E/nStackXCoAP( 3069): IsInSameNetwork:[281] :IsInSameNetwork: not priority process
06-04 11:26:25.086 D/nStackXCoAP( 3069): ParseServiceDiscover:[330] :new device join
06-04 11:26:25.086 E/nStackXDFinder( 3069): GetLocalIp:[401] :GetLocalIp exec
06-04 11:26:25.088 D/nStackXCoAP( 3069): IsInSameNetwork:[276] :IsInSameNetwork exec
06-04 11:26:25.088 I/nStackXDFinder( 3069): GetLocalInterfaceDetail:[461] :GetLocalInterfaceDetail in
06-04 11:26:25.088 E/nStackXCoAP( 3069): IsInSameNetwork:[281] :IsInSameNetwork: not priority process
06-04 11:26:25.088 D/nStackXCoAP( 3069): ParseServiceDiscover:[330] :new device join
06-04 11:26:25.088 E/nStackXDFinder( 3069): GetLocalIp:[401] :GetLocalIp exec
06-04 11:26:25.089 D/DhcpClient( 991): Received packet: 1c:79:2d:20:62:cb ACK: your new IP /192.168.3.4, netmask /255.255.254.0, gateways [/192.168.3.1] DNS servers: /202.96.134.133 /202.96.128.166 , lease time 3600
06-04 11:26:25.106 D/nStackXCoAP( 3069): CoapMessageHandler:[133] :2.01
06-04 11:26:25.108 D/nStackXCoAP( 3069): CoapMessageHandler:[133] :2.01
06-04 11:26:25.149 D/nStackXCoAP( 3069): IsInSameNetwork:[276] :IsInSameNetwork exec
06-04 11:26:25.149 I/nStackXDFinder( 3069): GetLocalInterfaceDetail:[461] :GetLocalInterfaceDetail in
06-04 11:26:25.149 E/nStackXCoAP( 3069): IsInSameNetwork:[281] :IsInSameNetwork: not priority process
06-04 11:26:25.149 D/nStackXCoAP( 3069): ParseServiceDiscover:[330] :new device join
06-04 11:26:25.149 E/nStackXDFinder( 3069): GetLocalIp:[401] :GetLocalIp exec
06-04 11:26:25.241 D/nStackXCoAP( 3069): CoapMessageHandler:[133] :2.01
06-04 11:26:25.253 D/nStackXCoAP( 3069): IsInSameNetwork:[276] :IsInSameNetwork exec
06-04 11:26:25.253 I/nStackXDFinder( 3069): GetLocalInterfaceDetail:[461] :GetLocalInterfaceDetail in
06-04 11:26:25.253 E/nStackXCoAP( 3069): IsInSameNetwork:[281] :IsInSameNetwork: not priority process
06-04 11:26:25.253 D/nStackXCoAP( 3069): ParseServiceDiscover:[330] :new device join
06-04 11:26:25.253 E/nStackXDFinder( 3069): GetLocalIp:[401] :GetLocalIp exec
06-04 11:26:25.262 D/nStackXCoAP( 3069): IsInSameNetwork:[276] :IsInSameNetwork exec
06-04 11:26:25.262 I/nStackXDFinder( 3069): GetLocalInterfaceDetail:[461] :GetLocalInterfaceDetail in
06-04 11:26:25.262 E/nStackXCoAP( 3069): IsInSameNetwork:[281] :IsInSameNetwork: not priority process
06-04 11:26:25.262 D/nStackXCoAP( 3069): ParseServiceDiscover:[330] :new device join
06-04 11:26:25.262 E/nStackXDFinder( 3069): GetLocalIp:[401] :GetLocalIp exec
06-04 11:26:25.311 D/nStackXCoAP( 3069): CoapMessageHandler:[133] :2.01
06-04 11:26:25.437 D/nStackXCoAP( 3069): CoapMessageHandler:[133] :2.01
06-04 11:26:25.437 D/nStackXCoAP( 3069): CoapMessageHandler:[133] :2.01
06-04 11:26:25.494 D/nStackXCoAP( 3069): IsInSameNetwork:[276] :IsInSameNetwork exec
06-04 11:26:25.495 I/nStackXDFinder( 3069): GetLocalInterfaceDetail:[461] :GetLocalInterfaceDetail in
06-04 11:26:25.495 E/nStackXCoAP( 3069): IsInSameNetwork:[281] :IsInSameNetwork: not priority process
06-04 11:26:25.495 D/nStackXCoAP( 3069): ParseServiceDiscover:[330] :new device join
06-04 11:26:25.495 E/nStackXDFinder( 3069): GetLocalIp:[401] :GetLocalIp exec
06-04 11:26:25.523 D/nStackXCoAP( 3069): CoapMessageHandler:[133] :2.01
06-04 11:26:25.711 D/nStackXCoAP( 3069): CoapMessageHandler:[133] :2.01
06-04 11:26:25.761 D/nStackXCoAP( 3069): IsInSameNetwork:[276] :IsInSameNetwork exec
06-04 11:26:25.761 I/nStackXDFinder( 3069): GetLocalInterfaceDetail:[461] :GetLocalInterfaceDetail in
06-04 11:26:25.761 E/nStackXCoAP( 3069): IsInSameNetwork:[281] :IsInSameNetwork: not priority process
06-04 11:26:25.761 D/nStackXCoAP( 3069): ParseServiceDiscover:[330] :new device join
06-04 11:26:25.761 E/nStackXDFinder( 3069): GetLocalIp:[401] :GetLocalIp exec
06-04 11:26:25.965 D/nStackXCoAP( 3069): CoapMessageHandler:[133] :2.01
06-04 11:26:26.068 D/nStackXCoAP( 3069): IsInSameNetwork:[276] :IsInSameNetwork exec
06-04 11:26:26.068 I/nStackXDFinder( 3069): GetLocalInterfaceDetail:[461] :GetLocalInterfaceDetail in
06-04 11:26:26.068 E/nStackXCoAP( 3069): IsInSameNetwork:[281] :IsInSameNetwork: not priority process
06-04 11:26:26.068 D/nStackXCoAP( 3069): ParseServiceDiscover:[330] :new device join
06-04 11:26:26.068 E/nStackXDFinder( 3069): GetLocalIp:[401] :GetLocalIp exec
06-04 11:26:26.222 I/WifiHAL ( 501): call wifi_get_link_stats handler
06-04 11:26:26.223 I/WifiHAL ( 501): Creating message to get link statistics; iface = 16
06-04 11:26:26.223 D/WifiHAL ( 501): error code -95 mapped to -3
06-04 11:26:26.223 E/WifiStaIfaceAidlImpl( 689): getLinkLayerStats failed with service-specific exception: android.os.ServiceSpecificException: (code 4)
06-04 11:26:26.359 D/nStackXCoAP( 3069): CoapMessageHandler:[133] :2.01
06-04 11:26:26.490 D/nStackXCoAP( 3069): IsInSameNetwork:[276] :IsInSameNetwork exec
06-04 11:26:26.490 I/nStackXDFinder( 3069): GetLocalInterfaceDetail:[461] :GetLocalInterfaceDetail in
06-04 11:26:26.491 E/nStackXCoAP( 3069): IsInSameNetwork:[281] :IsInSameNetwork: not priority process
06-04 11:26:26.491 D/nStackXCoAP( 3069): ParseServiceDiscover:[330] :new device join
06-04 11:26:26.491 E/nStackXDFinder( 3069): GetLocalIp:[401] :GetLocalIp exec
06-04 11:26:26.535 D/nStackXCoAP( 3069): CoapMessageHandler:[133] :2.01
06-04 11:26:27.015 D/nStackXCoAP( 3069): IsInSameNetwork:[276] :IsInSameNetwork exec
06-04 11:26:27.016 I/nStackXDFinder( 3069): GetLocalInterfaceDetail:[461] :GetLocalInterfaceDetail in
06-04 11:26:27.016 E/nStackXCoAP( 3069): IsInSameNetwork:[281] :IsInSameNetwork: not priority process
06-04 11:26:27.016 D/nStackXCoAP( 3069): ParseServiceDiscover:[330] :new device join
06-04 11:26:27.016 E/nStackXDFinder( 3069): GetLocalIp:[401] :GetLocalIp exec
06-04 11:26:27.059 D/nStackXCoAP( 3069): CoapMessageHandler:[133] :2.01
06-04 11:26:27.589 D/nStackXCoAP( 3069): IsInSameNetwork:[276] :IsInSameNetwork exec
06-04 11:26:27.589 I/nStackXDFinder( 3069): GetLocalInterfaceDetail:[461] :GetLocalInterfaceDetail in
06-04 11:26:27.589 E/nStackXCoAP( 3069): IsInSameNetwork:[281] :IsInSameNetwork: not priority process
06-04 11:26:27.589 D/nStackXCoAP( 3069): ParseServiceDiscover:[330] :new device join
06-04 11:26:27.589 E/nStackXDFinder( 3069): GetLocalIp:[401] :GetLocalIp exec
06-04 11:26:27.591 D/nStackXCoAP( 3069): CoapMessageHandler:[133] :2.01
06-04 11:26:27.661 D/nStackXCoAP( 3069): CoapMessageHandler:[133] :2.01
06-04 11:26:28.030 D/nStackXCoAP( 3069): IsInSameNetwork:[276] :IsInSameNetwork exec
06-04 11:26:28.030 I/nStackXDFinder( 3069): GetLocalInterfaceDetail:[461] :GetLocalInterfaceDetail in
06-04 11:26:28.030 E/nStackXCoAP( 3069): IsInSameNetwork:[281] :IsInSameNetwork: not priority process
06-04 11:26:28.030 D/nStackXCoAP( 3069): ParseServiceDiscover:[330] :new device join
06-04 11:26:28.030 E/nStackXDFinder( 3069): GetLocalIp:[401] :GetLocalIp exec
06-04 11:26:28.041 D/nStackXCoAP( 3069): CoapMessageHandler:[133] :2.01
06-04 11:26:28.528 D/nStackXCoAP( 3069): IsInSameNetwork:[276] :IsInSameNetwork exec
06-04 11:26:28.528 I/nStackXDFinder( 3069): GetLocalInterfaceDetail:[461] :GetLocalInterfaceDetail in
06-04 11:26:28.528 E/nStackXCoAP( 3069): IsInSameNetwork:[281] :IsInSameNetwork: not priority process
06-04 11:26:28.528 D/nStackXCoAP( 3069): ParseServiceDiscover:[330] :new device join
06-04 11:26:28.528 E/nStackXDFinder( 3069): GetLocalIp:[401] :GetLocalIp exec
06-04 11:26:28.563 D/nStackXCoAP( 3069): CoapMessageHandler:[133] :2.01
06-04 11:26:28.636 D/DhcpClient( 991): Received packet: 1c:79:2d:20:62:cb ACK: your new IP /192.168.3.4, netmask /255.255.254.0, gateways [/192.168.3.1] DNS servers: /202.96.134.133 /202.96.128.166 , lease time 3600
06-04 11:26:28.674 D/bbb ( 1561): onStartCommand begin !!!!!!! data分区剩余 54471MB
06-04 11:26:29.069 D/nStackXCoAP( 3069): IsInSameNetwork:[276] :IsInSameNetwork exec
06-04 11:26:29.069 I/nStackXDFinder( 3069): GetLocalInterfaceDetail:[461] :GetLocalInterfaceDetail in
06-04 11:26:29.069 E/nStackXCoAP( 3069): IsInSameNetwork:[281] :IsInSameNetwork: not priority process
06-04 11:26:29.069 D/nStackXCoAP( 3069): ParseServiceDiscover:[330] :new device join
06-04 11:26:29.069 E/nStackXDFinder( 3069): GetLocalIp:[401] :GetLocalIp exec
06-04 11:26:29.105 D/nStackXCoAP( 3069): CoapMessageHandler:[133] :2.01
06-04 11:26:29.227 I/WifiHAL ( 501): call wifi_get_link_stats handler
06-04 11:26:29.227 I/WifiHAL ( 501): Creating message to get link statistics; iface = 16
06-04 11:26:29.227 D/WifiHAL ( 501): error code -95 mapped to -3
06-04 11:26:29.227 E/WifiStaIfaceAidlImpl( 689): getLinkLayerStats failed with service-specific exception: android.os.ServiceSpecificException: (code 4)
06-04 11:26:29.567 D/nStackXCoAP( 3069): IsInSameNetwork:[276] :IsInSameNetwork exec
06-04 11:26:29.567 I/nStackXDFinder( 3069): GetLocalInterfaceDetail:[461] :GetLocalInterfaceDetail in
06-04 11:26:29.567 E/nStackXCoAP( 3069): IsInSameNetwork:[281] :IsInSameNetwork: not priority process
06-04 11:26:29.567 D/nStackXCoAP( 3069): ParseServiceDiscover:[330] :new device join
06-04 11:26:29.567 E/nStackXDFinder( 3069): GetLocalIp:[401] :GetLocalIp exec
06-04 11:26:29.593 D/nStackXCoAP( 3069): CoapMessageHandler:[133] :2.01
06-04 11:26:32.192 D/DhcpClient( 991): Received packet: 1c:79:2d:20:62:cb ACK: your new IP /192.168.3.4, netmask /255.255.254.0, gateways [/192.168.3.1] DNS servers: /202.96.134.133 /202.96.128.166 , lease time 3600
06-04 11:26:32.233 I/WifiHAL ( 501): call wifi_get_link_stats handler
06-04 11:26:32.233 I/WifiHAL ( 501): Creating message to get link statistics; iface = 16
06-04 11:26:32.233 D/WifiHAL ( 501): error code -95 mapped to -3
06-04 11:26:32.234 E/WifiStaIfaceAidlImpl( 689): getLinkLayerStats failed with service-specific exception: android.os.ServiceSpecificException: (code 4)
06-04 11:26:33.531 V/HotPlugDetectionAction( 689): Poll all devices.
06-04 11:26:33.587 D/hdmicecd( 487): [CEC]:printCecMessage, [4 -> 0] len: 0, body:, result:success
06-04 11:26:33.647 D/hdmicecd( 487): [CEC]:printCecMessage, [4 -> 1] len: 0, body:, result:no ack
06-04 11:26:33.707 D/hdmicecd( 487): [CEC]:printCecMessage, [4 -> 3] len: 0, body:, result:no ack
06-04 11:26:33.767 D/hdmicecd( 487): [CEC]:printCecMessage, [4 -> 5] len: 0, body:, result:no ack
06-04 11:26:33.823 D/hdmicecd( 487): [CEC]:printCecMessage, [4 -> 8] len: 0, body:, result:no ack
06-04 11:26:33.879 D/hdmicecd( 487): [CEC]:printCecMessage, [4 -> b] len: 0, body:, result:no ack
06-04 11:26:33.939 D/hdmicecd( 487): [CEC]:printCecMessage, [4 -> e] len: 0, body:, result:no ack
06-04 11:26:33.940 D/HdmiCecController( 689): [P]:AllocatedAddress=[0]
06-04 11:26:35.240 I/WifiHAL ( 501): call wifi_get_link_stats handler
06-04 11:26:35.240 I/WifiHAL ( 501): Creating message to get link statistics; iface = 16
06-04 11:26:35.240 D/WifiHAL ( 501): error code -95 mapped to -3
06-04 11:26:35.241 E/WifiStaIfaceAidlImpl( 689): getLinkLayerStats failed with service-specific exception: android.os.ServiceSpecificException: (code 4)
06-04 11:26:35.700 D/DhcpClient( 991): Received packet: 1c:79:2d:20:62:cb ACK: your new IP /192.168.3.4, netmask /255.255.254.0, gateways [/192.168.3.1] DNS servers: /202.96.134.133 /202.96.128.166 , lease time 3600
06-04 11:26:37.056 D/WanClient( 1420): sendHeartMessage
06-04 11:26:37.057 D/WanClient( 1420): -----final------sendMessage: {"type":"2bKPMh2jwmQ="}
06-04 11:26:37.097 D/WanClient( 1420): onMessage:Thread[WebSocketConnectReadThread-73,5,main]--{"msg":"+MSejyjwlbc="}
06-04 11:26:37.099 D/WanClient( 1420): onMessageReceived:Thread[WebSocketConnectReadThread-73,5,main] {"msg":"+MSejyjwlbc="}
06-04 11:26:37.099 D/WanClient( 1420): type: null
06-04 11:26:37.099 D/WanClient( 1420): send:HB7FxtN64oc=
06-04 11:26:37.099 D/WanClient( 1420): leave:uQ3qCmhm4oA=
06-04 11:26:37.099 D/WanClient( 1420): join:7EsoetslBbs=
06-04 11:26:37.099 D/WanClient( 1420): q5TrJmBoEmShmpfjN3vFNg==
06-04 11:26:37.403 D/LongConnectionManager( 1441): webSocket:onOpen:pong:{"type":"PING"}
06-04 11:26:37.532 D/LongConnectionManager( 1441): 2 onMessage:{"type":"PING","msg":"PONG"}
06-04 11:26:38.247 I/WifiHAL ( 501): call wifi_get_link_stats handler
06-04 11:26:38.247 I/WifiHAL ( 501): Creating message to get link statistics; iface = 16
06-04 11:26:38.247 D/WifiHAL ( 501): error code -95 mapped to -3
06-04 11:26:38.247 E/WifiStaIfaceAidlImpl( 689): getLinkLayerStats failed with service-specific exception: android.os.ServiceSpecificException: (code 4)
06-04 11:26:39.217 D/DhcpClient( 991): Received packet: 1c:79:2d:20:62:cb ACK: your new IP /192.168.3.4, netmask /255.255.254.0, gateways [/192.168.3.1] DNS servers: /202.96.134.133 /202.96.128.166 , lease time 3600
06-04 11:26:41.254 I/WifiHAL ( 501): call wifi_get_link_stats handler
06-04 11:26:41.254 I/WifiHAL ( 501): Creating message to get link statistics; iface = 16
06-04 11:26:41.254 D/WifiHAL ( 501): error code -95 mapped to -3
06-04 11:26:41.254 E/WifiStaIfaceAidlImpl( 689): getLinkLayerStats failed with service-specific exception: android.os.ServiceSpecificException: (code 4)
06-04 11:26:44.258 I/WifiHAL ( 501): call wifi_get_link_stats handler
06-04 11:26:44.258 I/WifiHAL ( 501): Creating message to get link statistics; iface = 16
06-04 11:26:44.259 D/WifiHAL ( 501): error code -95 mapped to -3
06-04 11:26:44.259 E/WifiStaIfaceAidlImpl( 689): getLinkLayerStats failed with service-specific exception: android.os.ServiceSpecificException: (code 4)
06-04 11:26:46.142 D/DhcpClient( 991): Received packet: 1c:79:2d:20:62:cb ACK: your new IP /192.168.3.4, netmask /255.255.254.0, gateways [/192.168.3.1] DNS servers: /202.96.134.133 /202.96.128.166 , lease time 3600
06-04 11:26:47.263 I/WifiHAL ( 501): call wifi_get_link_stats handler
06-04 11:26:47.263 I/WifiHAL ( 501): Creating message to get link statistics; iface = 16
06-04 11:26:47.263 D/WifiHAL ( 501): error code -95 mapped to -3
06-04 11:26:47.263 E/WifiStaIfaceAidlImpl( 689): getLinkLayerStats failed with service-specific exception: android.os.ServiceSpecificException: (code 4)
06-04 11:26:49.007 I/audio_hw_hal_alsamgr( 476): alsa format =0x1 delay frames =768 total frames=54501120
06-04 11:26:49.622 D/DhcpClient( 991): Received packet: 1c:79:2d:20:62:cb ACK: your new IP /192.168.3.4, netmask /255.255.254.0, gateways [/192.168.3.1] DNS servers: /202.96.134.133 /202.96.128.166 , lease time 3600
06-04 11:26:50.269 I/WifiHAL ( 501): call wifi_get_link_stats handler
06-04 11:26:50.269 I/WifiHAL ( 501): Creating message to get link statistics; iface = 16
06-04 11:26:50.269 D/WifiHAL ( 501): error code -95 mapped to -3
06-04 11:26:50.269 E/WifiStaIfaceAidlImpl( 689): getLinkLayerStats failed with service-specific exception: android.os.ServiceSpecificException: (code 4)
06-04 11:26:53.120 D/DhcpClient( 991): Received packet: 1c:79:2d:20:62:cb ACK: your new IP /192.168.3.4, netmask /255.255.254.0, gateways [/192.168.3.1] DNS servers: /202.96.134.133 /202.96.128.166 , lease time 3600
06-04 11:26:53.275 I/WifiHAL ( 501): call wifi_get_link_stats handler
06-04 11:26:53.275 I/WifiHAL ( 501): Creating message to get link statistics; iface = 16
06-04 11:26:53.275 D/WifiHAL ( 501): error code -95 mapped to -3
06-04 11:26:53.276 E/WifiStaIfaceAidlImpl( 689): getLinkLayerStats failed with service-specific exception: android.os.ServiceSpecificException: (code 4)
06-04 11:26:55.059 I/WifiService( 689): startScan uid=1000
06-04 11:26:55.061 E/ccc ( 6878): cccccc i will start scan
06-04 11:26:55.069 D/InstantWifi( 689): Drop, size: 1
06-04 11:26:56.013 D/hdmicecd( 487): [CEC]:printCecMsgBuf, msg: 04 8f
06-04 11:26:56.013 D/HDMI ( 689): [R]: 04:8F
06-04 11:26:56.014 D/HDMI ( 689): [S]: 40:90:00
06-04 11:26:56.120 D/hdmicecd( 487): [CEC]:printCecMessage, [4 -> 0] len: 2, body: 90 00, result:success
06-04 11:26:56.120 E/IPCThreadState( 487): binder thread pool (1 threads) starved for 106 ms
06-04 11:26:56.280 I/WifiHAL ( 501): call wifi_get_link_stats handler
06-04 11:26:56.280 I/WifiHAL ( 501): Creating message to get link statistics; iface = 16
06-04 11:26:56.281 D/WifiHAL ( 501): error code -95 mapped to -3
06-04 11:26:56.281 E/WifiStaIfaceAidlImpl( 689): getLinkLayerStats failed with service-specific exception: android.os.ServiceSpecificException: (code 4)
06-04 11:26:57.056 D/WanClient( 1420): sendHeartMessage
06-04 11:26:57.057 D/WanClient( 1420): -----final------sendMessage: {"type":"2bKPMh2jwmQ="}
06-04 11:26:57.222 D/WanClient( 1420): onMessage:Thread[WebSocketConnectReadThread-73,5,main]--{"msg":"+MSejyjwlbc="}
06-04 11:26:57.224 D/WanClient( 1420): onMessageReceived:Thread[WebSocketConnectReadThread-73,5,main] {"msg":"+MSejyjwlbc="}
06-04 11:26:57.224 D/WanClient( 1420): type: null
06-04 11:26:57.224 D/WanClient( 1420): send:HB7FxtN64oc=
06-04 11:26:57.224 D/WanClient( 1420): leave:uQ3qCmhm4oA=
06-04 11:26:57.224 D/WanClient( 1420): join:7EsoetslBbs=
06-04 11:26:57.224 D/WanClient( 1420): q5TrJmBoEmShmpfjN3vFNg==
06-04 11:26:57.404 D/LongConnectionManager( 1441): webSocket:onOpen:pong:{"type":"PING"}
06-04 11:26:57.704 D/LongConnectionManager( 1441): 2 onMessage:{"type":"PING","msg":"PONG"}
06-04 11:26:57.765 D/WifiNl80211Manager( 689): Scan result ready event
06-04 11:26:57.765 D/WifiNative( 689): Scan result ready event
06-04 11:26:57.826 E/ccc ( 6878): cccccc SCAN_RESULTS_AVAILABLE_ACTION hhhh
06-04 11:26:57.828 E/hq ( 1441): NetWorkStateReceiver:::NetWorkStateReceiver onReceive: 网络变化广播 >>>> intent.action=android.net.wifi.SCAN_RESULTS
06-04 11:26:57.839 I/WifiHAL ( 501): call wifi_get_link_stats handler
06-04 11:26:57.839 I/WifiHAL ( 501): Creating message to get link statistics; iface = 16
06-04 11:26:57.839 D/WifiHAL ( 501): error code -95 mapped to -3
06-04 11:26:57.839 E/WifiStaIfaceAidlImpl( 689): getLinkLayerStats failed with service-specific exception: android.os.ServiceSpecificException: (code 4)
06-04 11:26:57.851 W/eventbuscore( 1441): post Event:com.dangbei.leard.base.entity.event.NetWifiRssiEvent
06-04 11:26:57.857 E/ccc ( 6878): cccccc result is not empty call back
06-04 11:26:57.858 E/ccc ( 6878): cccccc 666666666666666
06-04 11:26:57.873 E/ccc ( 6878): cccccc sort 2 57
06-04 11:26:59.286 I/WifiHAL ( 501): call wifi_get_link_stats handler
06-04 11:26:59.286 I/WifiHAL ( 501): Creating message to get link statistics; iface = 16
06-04 11:26:59.287 D/WifiHAL ( 501): error code -95 mapped to -3
06-04 11:26:59.287 E/WifiStaIfaceAidlImpl( 689): getLinkLayerStats failed with service-specific exception: android.os.ServiceSpecificException: (code 4)
06-04 11:26:59.616 D/TrafficStats( 2930): tagSocket(168) with statsTag=0xffffffff, statsUid=-1
06-04 11:27:00.074 D/DhcpClient( 991): Received packet: 1c:79:2d:20:62:cb ACK: your new IP /192.168.3.4, netmask /255.255.254.0, gateways [/192.168.3.1] DNS servers: /202.96.134.133 /202.96.128.166 , lease time 3600
06-04 11:27:02.290 I/WifiHAL ( 501): call wifi_get_link_stats handler
06-04 11:27:02.291 I/WifiHAL ( 501): Creating message to get link statistics; iface = 16
06-04 11:27:02.291 D/WifiHAL ( 501): error code -95 mapped to -3
06-04 11:27:02.291 E/WifiStaIfaceAidlImpl( 689): getLinkLayerStats failed with service-specific exception: android.os.ServiceSpecificException: (code 4)
06-04 11:27:05.298 I/WifiHAL ( 501): call wifi_get_link_stats handler
06-04 11:27:05.298 I/WifiHAL ( 501): Creating message to get link statistics; iface = 16
06-04 11:27:05.298 D/WifiHAL ( 501): error code -95 mapped to -3
06-04 11:27:05.299 E/WifiStaIfaceAidlImpl( 689): getLinkLayerStats failed with service-specific exception: android.os.ServiceSpecificException: (code 4)
06-04 11:27:07.384 D/LongConnectionManager( 1441): close
06-04 11:27:07.414 D/LongConnectionManager( 1441): 4 onClose:1000
06-04 11:27:08.302 I/WifiHAL ( 501): call wifi_get_link_stats handler
06-04 11:27:08.302 I/WifiHAL ( 501): Creating message to get link statistics; iface = 16
06-04 11:27:08.303 D/WifiHAL ( 501): error code -95 mapped to -3
06-04 11:27:08.303 E/WifiStaIfaceAidlImpl( 689): getLinkLayerStats failed with service-specific exception: android.os.ServiceSpecificException: (code 4)
06-04 11:27:11.307 I/WifiHAL ( 501): call wifi_get_link_stats handler
06-04 11:27:11.307 I/WifiHAL ( 501): Creating message to get link statistics; iface = 16
06-04 11:27:11.307 D/WifiHAL ( 501): error code -95 mapped to -3
06-04 11:27:11.307 E/WifiStaIfaceAidlImpl( 689): getLinkLayerStats failed with service-specific exception: android.os.ServiceSpecificException: (code 4)
06-04 11:27:13.840 D/nStackXCoAP( 3069): IsInSameNetwork:[276] :IsInSameNetwork exec
06-04 11:27:13.840 I/nStackXDFinder( 3069): GetLocalInterfaceDetail:[461] :GetLocalInterfaceDetail in
06-04 11:27:13.840 E/nStackXCoAP( 3069): IsInSameNetwork:[281] :IsInSameNetwork: not priority process
06-04 11:27:13.840 D/nStackXCoAP( 3069): ParseServiceDiscover:[330] :new device join
06-04 11:27:13.840 E/nStackXDFinder( 3069): GetLocalIp:[401] :GetLocalIp exec
06-04 11:27:13.893 D/nStackXCoAP( 3069): IsInSameNetwork:[276] :IsInSameNetwork exec
06-04 11:27:13.893 I/nStackXDFinder( 3069): GetLocalInterfaceDetail:[461] :GetLocalInterfaceDetail in
06-04 11:27:13.893 E/nStackXCoAP( 3069): IsInSameNetwork:[281] :IsInSameNetwork: not priority process
06-04 11:27:13.893 D/nStackXCoAP( 3069): ParseServiceDiscover:[330] :new device join
06-04 11:27:13.893 E/nStackXDFinder( 3069): GetLocalIp:[401] :GetLocalIp exec
06-04 11:27:14.314 I/WifiHAL ( 501): call wifi_get_link_stats handler
06-04 11:27:14.314 I/WifiHAL ( 501): Creating message to get link statistics; iface = 16
06-04 11:27:14.314 D/WifiHAL ( 501): error code -95 mapped to -3
06-04 11:27:14.315 E/WifiStaIfaceAidlImpl( 689): getLinkLayerStats failed with service-specific exception: android.os.ServiceSpecificException: (code 4)
06-04 11:27:15.239 D/nStackXCoAP( 3069): IsInSameNetwork:[276] :IsInSameNetwork exec
06-04 11:27:15.239 I/nStackXDFinder( 3069): GetLocalInterfaceDetail:[461] :GetLocalInterfaceDetail in
06-04 11:27:15.239 E/nStackXCoAP( 3069): IsInSameNetwork:[281] :IsInSameNetwork: not priority process
06-04 11:27:15.239 D/nStackXCoAP( 3069): ParseServiceDiscover:[330] :new device join
06-04 11:27:15.239 E/nStackXDFinder( 3069): GetLocalIp:[401] :GetLocalIp exec
06-04 11:27:15.679 D/nStackXCoAP( 3069): IsInSameNetwork:[276] :IsInSameNetwork exec
06-04 11:27:15.680 I/nStackXDFinder( 3069): GetLocalInterfaceDetail:[461] :GetLocalInterfaceDetail in
06-04 11:27:15.680 E/nStackXCoAP( 3069): IsInSameNetwork:[281] :IsInSameNetwork: not priority process
06-04 11:27:15.680 D/nStackXCoAP( 3069): ParseServiceDiscover:[330] :new device join
06-04 11:27:15.680 E/nStackXDFinder( 3069): GetLocalIp:[401] :GetLocalIp exec
06-04 11:27:16.175 D/nStackXCoAP( 3069): IsInSameNetwork:[276] :IsInSameNetwork exec
06-04 11:27:16.175 I/nStackXDFinder( 3069): GetLocalInterfaceDetail:[461] :GetLocalInterfaceDetail in
06-04 11:27:16.175 E/nStackXCoAP( 3069): IsInSameNetwork:[281] :IsInSameNetwork: not priority process
06-04 11:27:16.175 D/nStackXCoAP( 3069): ParseServiceDiscover:[330] :new device join
06-04 11:27:16.175 E/nStackXDFinder( 3069): GetLocalIp:[401] :GetLocalIp exec
06-04 11:27:16.670 D/nStackXCoAP( 3069): IsInSameNetwork:[276] :IsInSameNetwork exec
06-04 11:27:16.670 I/nStackXDFinder( 3069): GetLocalInterfaceDetail:[461] :GetLocalInterfaceDetail in
06-04 11:27:16.670 E/nStackXCoAP( 3069): IsInSameNetwork:[281] :IsInSameNetwork: not priority process
06-04 11:27:16.670 D/nStackXCoAP( 3069): ParseServiceDiscover:[330] :new device join
06-04 11:27:16.670 E/nStackXDFinder( 3069): GetLocalIp:[401] :GetLocalIp exec
06-04 11:27:17.056 D/WanClient( 1420): sendHeartMessage
06-04 11:27:17.057 D/WanClient( 1420): -----final------sendMessage: {"type":"2bKPMh2jwmQ="}
06-04 11:27:17.120 D/WanClient( 1420): onMessage:Thread[WebSocketConnectReadThread-73,5,main]--{"msg":"+MSejyjwlbc="}
06-04 11:27:17.122 D/WanClient( 1420): onMessageReceived:Thread[WebSocketConnectReadThread-73,5,main] {"msg":"+MSejyjwlbc="}
06-04 11:27:17.122 D/WanClient( 1420): type: null
06-04 11:27:17.122 D/WanClient( 1420): send:HB7FxtN64oc=
06-04 11:27:17.122 D/WanClient( 1420): leave:uQ3qCmhm4oA=
06-04 11:27:17.122 D/WanClient( 1420): join:7EsoetslBbs=
06-04 11:27:17.122 D/WanClient( 1420): q5TrJmBoEmShmpfjN3vFNg==
06-04 11:27:17.159 D/TrafficStats( 2930): tagSocket(168) with statsTag=0xffffffff, statsUid=-1
06-04 11:27:17.319 I/WifiHAL ( 501): call wifi_get_link_stats handler
06-04 11:27:17.319 I/WifiHAL ( 501): Creating message to get link statistics; iface = 16
06-04 11:27:17.319 D/WifiHAL ( 501): error code -95 mapped to -3
06-04 11:27:17.319 E/WifiStaIfaceAidlImpl( 689): getLinkLayerStats failed with service-specific exception: android.os.ServiceSpecificException: (code 4)
06-04 11:27:20.323 I/WifiHAL ( 501): call wifi_get_link_stats handler
06-04 11:27:20.323 I/WifiHAL ( 501): Creating message to get link statistics; iface = 16
06-04 11:27:20.323 D/WifiHAL ( 501): error code -95 mapped to -3
06-04 11:27:20.323 E/WifiStaIfaceAidlImpl( 689): getLinkLayerStats failed with service-specific exception: android.os.ServiceSpecificException: (code 4)
06-04 11:27:21.008 I/audio_hw_hal_alsamgr( 476): alsa format =0x1 delay frames =768 total frames=56037120
06-04 11:27:23.330 I/WifiHAL ( 501): call wifi_get_link_stats handler
06-04 11:27:23.330 I/WifiHAL ( 501): Creating message to get link statistics; iface = 16
06-04 11:27:23.330 D/WifiHAL ( 501): error code -95 mapped to -3
06-04 11:27:23.331 E/WifiStaIfaceAidlImpl( 689): getLinkLayerStats failed with service-specific exception: android.os.ServiceSpecificException: (code 4)
06-04 11:27:26.335 I/WifiHAL ( 501): call wifi_get_link_stats handler
06-04 11:27:26.335 I/WifiHAL ( 501): Creating message to get link statistics; iface = 16
06-04 11:27:26.335 D/WifiHAL ( 501): error code -95 mapped to -3
