06-04 11:23:52.520 I/block_buffer_piece_size( 3472): HCDN_LOG: [T:4177]save data response (error_code0) ON_MSG_STORAGE2P2P_SaveDataResponse(0-0-0) (offset:11,len:0)
06-04 11:23:52.520 I/block_buffer_piece_size( 3472): HCDN_LOG: [T:4177]save data response (error_code0) ON_MSG_STORAGE2P2P_SaveDataResponse(1358626816-0-0) (offset:12,len:0)
06-04 11:23:52.530 W/abs_update_info( 3472): HCDN_LOG: [T:4176][HERROR]:[f:CalcVidCacheBytesFromReadOffset],[l:2489],UPDATA CALC:vid:,task_seg=0, task_offset=180224, cur_cache_bytes=32768, total_cache_bytes=32768, fileToEnd=0
06-04 11:23:52.530 W/abs_update_info( 3472): HCDN_LOG: [T:4176][HERROR]:[f:UpdateForABS],[l:2545],UPDATA:vid:,i64ReadOffset=0, cache=32768, CachedBytes=32768
06-04 11:23:52.530 E/Hcdn_DeTask3999911026( 3472): HCDN_LOG: [T:4176][HINFO]:[f:PostNotifyInfo],[l:248], notify type(6),info({"BandWidth":0,"IsAd":1,"IsP2P":1,"VID":""}
06-04 11:23:52.530 E/Hcdn_DeTask3999911026( 3472): )
06-04 11:23:52.530 E/Hcdn_DeTask318584460( 3472): HCDN_LOG: [T:4176][HINFO]:[f:PostNotifyInfo],[l:248], notify type(6),info({"BandWidth":2899968,"IsAd":1,"IsP2P":1,"VID":""}
06-04 11:23:52.530 E/Hcdn_DeTask318584460( 3472): )
06-04 11:23:52.530 E/playfilesourceNew( 3472): HCDN_LOG: [T:4173][HINFO]:[f:DoAsynNotifyInfoResponse],[l:2605],[TaskID(3999911026),type(6),msg({"BandWidth":0,"IsAd":1,"IsP2P":1,"VID":""}
06-04 11:23:52.530 E/playfilesourceNew( 3472): )!]
06-04 11:23:52.530 E/abs_info( 3472): HCDN_LOG: [T:4173][HINFO]:[f:PostABSInfo],[l:7214],Task(13), SetABSInterface ret(0) SetParam("DownloadStatusByHcdn", {"BandWidth":0,"BandWidth_1":7208960,"IsAd":1,"IsP2P":1,"VID":""}
06-04 11:23:52.530 E/abs_info( 3472): )
06-04 11:23:52.531 E/playfilesourceNew( 3472): HCDN_LOG: [T:4173][HINFO]:[f:DoAsynNotifyInfoResponse],[l:2605],[TaskID(318584460),type(6),msg({"BandWidth":2899968,"IsAd":1,"IsP2P":1,"VID":""}
06-04 11:23:52.531 E/playfilesourceNew( 3472): )!]
06-04 11:23:52.541 E/Hcdn_DeTask3999911026( 3472): HCDN_LOG: [T:4176][HINFO]:[f:MovieTaskAllocate],[l:9030], ad continue_play,task_exits_tiem(1830)ms,can_p2p(1),have_dcache(1)
06-04 11:23:52.541 E/HCDN_CMFM( 3472): HCDN_LOG: 17k memery total_cnt(64),use_cnt(0)
06-04 11:23:52.541 W/hcdn_downloadengine( 3472): HCDN_LOG: [T:4176][HERROR]:[f:Updata],[l:254],system cpu usage : 30.808081
06-04 11:23:52.541 I/CLog ( 3472): 2025-06-04 11:23:52.541 T:6710 DEBUG: [5017]HCDNLoaderClient::Read read_len=262144
06-04 11:23:52.541 E/p2pfile ( 3472): HCDN_LOG: [T:6710][HINFO]:[f:Read],[l:1749],[Task(13), pos(180224), len(262144), timeout(6000)]
06-04 11:23:52.541 E/playfilesourceNew( 3472): HCDN_LOG: [T:6710][HINFO]:[f:GetCacheSeconds],[l:846],[TaskID(3999911026), offset(180224), CacheBytes(32768)]
06-04 11:23:52.541 E/playfilesourceNew( 3472): HCDN_LOG: [T:6710][HINFO]:[f:Read],[l:2071],[Task(13), taskid(3999911026), Offset(180224), needread(32768)]
06-04 11:23:52.541 E/playfilesourceNew( 3472): HCDN_LOG: [T:6710][HINFO]:[f:ReadDataByPiece],[l:4260],[TaskID(3999911026),seq(1340), Offset(180224), NumberOfBytesToRead(32768)]
06-04 11:23:52.542 I/audio_hw_hal_primary( 476): [audiohal_get_latency:1333] io 13: out:0xf07c5650 frames:1024 rate:48000 whole_latency:21 alsa_latency:21
06-04 11:23:52.542 W/abs_update_info( 3472): HCDN_LOG: [T:4181][HERROR]:[f:CheckPlayerReadData],[l:2157],vui(3f90c3f6e555fc8f01c344ddb68c23ca) task_id[3999911026] ret_code[0], offset[180224], offset_len[32768].
06-04 11:23:52.542 E/p2pfile ( 3472): HCDN_LOG: [T:6710][HINFO]:[f:Read],[l:2211],[Task(13), Read return, pos(180224),len(32768),idx(0),taskid(3999911026),videoTime(0)]
06-04 11:23:52.542 I/CLog ( 3472): 2025-06-04 11:23:52.542 T:6710 DEBUG: [5017]HCDNLoaderClient::Read need_read=262144, read_size=32768. pos:212992
06-04 11:23:52.542 I/CLog ( 3472): 2025-06-04 11:23:52.542 T:6710 DEBUG: LoadImplLock:will_stop_=====1(0)
06-04 11:23:52.544 I/CLog ( 3472): 2025-06-04 11:23:52.543 T:5719 DEBUG: InvokeCommand, is_rtc (null)
06-04 11:23:52.544 I/CLog ( 3472): 2025-06-04 11:23:52.544 T:5719 DEBUG: DataPush to read:140,size(8),[81840-81780]
06-04 11:23:52.548 I/block_buffer_piece_size( 3472): HCDN_LOG: [T:4177]save data response (error_code0) ON_MSG_STORAGE2P2P_SaveDataResponse(2952059185-0-0) (offset:112,len:0)
06-04 11:23:52.551 I/block_buffer_piece_size( 3472): HCDN_LOG: [T:4177]save data response (error_code0) ON_MSG_STORAGE2P2P_SaveDataResponse(2952059185-0-0) (offset:79,len:0)
06-04 11:23:52.552 I/block_buffer_piece_size( 3472): HCDN_LOG: [T:4177]save data response (error_code0) ON_MSG_STORAGE2P2P_SaveDataResponse(327417856-0-0) (offset:80,len:0)
06-04 11:23:52.552 I/block_buffer_piece_size( 3472): HCDN_LOG: [T:4177]save data response (error_code0) ON_MSG_STORAGE2P2P_SaveDataResponse(3388604416-0-0) (offset:113,len:0)
06-04 11:23:52.562 E/storage_operate( 3472): HCDN_LOG: [T:4181][HINFO]:[f:BBNCheck],[l:3253],,[map_size:0]
06-04 11:23:52.584 I/audio_hw_hal_primary( 476): [audiohal_get_latency:1333] io 13: out:0xf07c5650 frames:1024 rate:48000 whole_latency:21 alsa_latency:21
06-04 11:23:52.604 I/CLog ( 3472): 2025-06-04 11:23:52.604 T:5719 DEBUG: InvokeCommand, is_rtc (null)
06-04 11:23:52.604 I/CLog ( 3472): 2025-06-04 11:23:52.604 T:5719 DEBUG: DataPush to read:100,size(6),[81960-81873]
06-04 11:23:52.627 I/audio_hw_hal_primary( 476): [audiohal_get_latency:1333] io 13: out:0xf07c5650 frames:1024 rate:48000 whole_latency:21 alsa_latency:21
06-04 11:23:52.632 W/abs_update_info( 3472): HCDN_LOG: [T:4176][HERROR]:[f:CalcVidCacheBytesFromReadOffset],[l:2489],UPDATA CALC:vid:,task_seg=0, task_offset=212992, cur_cache_bytes=0, total_cache_bytes=0, fileToEnd=0
06-04 11:23:52.633 W/abs_update_info( 3472): HCDN_LOG: [T:4176][HERROR]:[f:UpdateForABS],[l:2545],UPDATA:vid:,i64ReadOffset=0, cache=0, CachedBytes=0
06-04 11:23:52.633 E/Hcdn_DeTask3999911026( 3472): HCDN_LOG: [T:4176][HINFO]:[f:PostNotifyInfo],[l:248], notify type(6),info({"BandWidth":0,"IsAd":1,"IsP2P":1,"VID":""}
06-04 11:23:52.633 E/Hcdn_DeTask3999911026( 3472): )
06-04 11:23:52.633 E/playfilesourceNew( 3472): HCDN_LOG: [T:4173][HINFO]:[f:DoAsynNotifyInfoResponse],[l:2605],[TaskID(3999911026),type(6),msg({"BandWidth":0,"IsAd":1,"IsP2P":1,"VID":""}
06-04 11:23:52.633 E/playfilesourceNew( 3472): )!]
06-04 11:23:52.633 E/Hcdn_DeTask318584460( 3472): HCDN_LOG: [T:4176][HINFO]:[f:PostNotifyInfo],[l:248], notify type(6),info({"BandWidth":2899968,"IsAd":1,"IsP2P":1,"VID":""}
06-04 11:23:52.633 E/Hcdn_DeTask318584460( 3472): )
06-04 11:23:52.633 E/abs_info( 3472): HCDN_LOG: [T:4173][HINFO]:[f:PostABSInfo],[l:7214],Task(13), SetABSInterface ret(0) SetParam("DownloadStatusByHcdn", {"BandWidth":0,"BandWidth_1":7208960,"IsAd":1,"IsP2P":1,"VID":""}
06-04 11:23:52.633 E/abs_info( 3472): )
06-04 11:23:52.633 E/playfilesourceNew( 3472): HCDN_LOG: [T:4173][HINFO]:[f:DoAsynNotifyInfoResponse],[l:2605],[TaskID(318584460),type(6),msg({"BandWidth":2899968,"IsAd":1,"IsP2P":1,"VID":""}
06-04 11:23:52.633 E/playfilesourceNew( 3472): )!]
06-04 11:23:52.643 I/CLog ( 3472): 2025-06-04 11:23:52.643 T:6710 DEBUG: [5017]HCDNLoaderClient::Read read_len=262144
06-04 11:23:52.643 E/p2pfile ( 3472): HCDN_LOG: [T:6710][HINFO]:[f:Read],[l:1749],[Task(13), pos(212992), len(262144), timeout(6000)]
06-04 11:23:52.643 E/Hcdn_DeTask3999911026( 3472): HCDN_LOG: [T:4176][HINFO]:[f:OnRecvCacheSecondsRequest],[l:2010], cache_bytes=0!
06-04 11:23:52.644 E/playfilesourceNew( 3472): HCDN_LOG: [T:6710][HINFO]:[f:GetCacheSeconds],[l:846],[TaskID(3999911026), offset(212992), CacheBytes(0)]
06-04 11:23:52.644 E/playfilesourceNew( 3472): HCDN_LOG: [T:6710][HINFO]:[f:Read],[l:2071],[Task(13), taskid(3999911026), Offset(212992), needread(0)]
06-04 11:23:52.644 E/p2pfile ( 3472): HCDN_LOG: [T:6710][HINFO]:[f:Read],[l:2211],[Task(13), Read return, pos(212992),len(0),idx(0),taskid(3999911026),videoTime(0)]
06-04 11:23:52.649 D/XM_HIDREAD( 1961): poll ret=1, event=1
06-04 11:23:52.649 D/XM_HIDREAD( 1961): [9 bytes]:01 00 00 51 00 00 00 00 00
06-04 11:23:52.652 I/SogouIME( 1440): onKeyDown: keyoCode=20
06-04 11:23:52.652 I/DefaultIMS( 1440): onKeyDown: keyoCode=20
06-04 11:23:52.652 V/UNIPLAYERSDK( 3472): MediaPlayerImpl.cpp:408 [MediaPlayerImpl@0xecff7154]isPlaying ret=0
06-04 11:23:52.653 I/audio_hw_hal_alsamgr( 476): alsa format =0x1 delay frames =1024 total frames=46036480
06-04 11:23:52.655 E/p2pfile ( 3472): HCDN_LOG: [T:4172][HINFO]:[f:GetParam],[l:4289],[Task(0), key=storage_mem_size]
06-04 11:23:52.655 E/p2pfile ( 3472): HCDN_LOG: [T:4172][HINFO]:[f:GetParam],[l:4289],[Task(0), key=p2p_mem_size]
06-04 11:23:52.655 E/localserver( 3472): HCDN_LOG: [T:4172][func:MonitorMem],[line:73],[Memstatistics],[bRet:1],[bNextRet:1],[pParamStorageBuffer:2097152],[pParamP2PBuffer:0]
06-04 11:23:52.655 E/p2pfile ( 3472): HCDN_LOG: [T:4172][HINFO]:[f:GetParam],[l:4289],[Task(0), key=storage_block_down]
06-04 11:23:52.655 E/p2pfile ( 3472): HCDN_LOG: [T:4172][HINFO]:[f:GetParam],[l:4289],[Task(0), key=storage_block_up]
06-04 11:23:52.655 E/p2pfile ( 3472): HCDN_LOG: [T:4172][HINFO]:[f:GetParam],[l:4289],[Task(0), key=storage_block_prepush]
06-04 11:23:52.656 E/storage_operate( 3472): HCDN_LOG: [T:4181][HINFO]:[f:UpdateBBNCache],[l:3267],[start_check_task]
06-04 11:23:52.656 I/block_buffer_piece_size( 3472): HCDN_LOG: [T:4177]save data response (error_code0) ON_MSG_STORAGE2P2P_SaveDataResponse(1797521408-0-0) (offset:13,len:0)
06-04 11:23:52.675 I/UNIPLAYERSDK( 3472): MediaPlayerAdaptor.cpp:297 [PumaPlayerAdaptor@0xe5ea1fc4]doHandleMessage(KMSG_ACTION_GETCURRENTADPOSITION, arg1:-1, arg2:0)
06-04 11:23:52.675 I/UNIPLAYERSDK( 3472): PumaPlayer.cpp:1010 [PumaPlayer@0xab381cbc]InvokeMctoPlayerAdCommand(), command = 19, command_params = {"ad_id":262406}
06-04 11:23:52.675 I/UNIPLAYERSDK( 3472): , buffer = 0xb679a380
06-04 11:23:52.675 I/CLog ( 3472): 2025-06-04 11:23:52.675 T:3585 INFO: ADCmdParser::InvokeCmd,19,{"ad_id":262406}
06-04 11:23:52.675 I/CLog ( 3472):
06-04 11:23:52.675 I/CLog ( 3472): 2025-06-04 11:23:52.675 T:3585 INFO: ADPlayerManager::InvokeADCommand, 19 {"ad_id":262406}
06-04 11:23:52.675 I/CLog ( 3472):
06-04 11:23:52.675 I/CLog ( 3472): 2025-06-04 11:23:52.675 T:3585 INFO: GetCurrentADTime {"playtime":2232,"duration":15000}
06-04 11:23:52.675 D/UNIPLAYERSDK( 3472): PumaPlayer.cpp:816 [PumaPlayer@0xab381cbc][pos]getCurrentAdPosition pos=2232,dur=15000,ret=0
06-04 11:23:52.675 D/UNIPLAYERSDK( 3472): BaseState.cpp:42 [PumaPlayerAdaptor@0xe5ea1fc4@0xb38707e8]{fm(KMSG_ACTION_GETCURRENTADPOSITION),ret(0),at(1,7256,7257),s(5,-2,-2,-2,5),fm=Message@0xecb494d0{what=1048606,when=1107256,arg1=2232,arg2=15000,arg3=-1111111111,str=,timeout=0,obj=0x0,runnable=0x0,target=0xed09b83c,watchDogOp=0x0}
06-04 11:23:52.676 D/UNIPLAYERSDK( 3472): BaseState.cpp:56 [PumaPlayerAdaptor@0xe5ea1fc4@0xb38707e8]{fm(KMSG_ACTION_GETCURRENTADPOSITION),o(AudioPrevi)-t(1,7256,7257),o(BitstreamS)-t(0,7257,7257),o(CarouselPr)-t(0,7257,7257),o(FastHelper)-t(0,7257,7257),o(HeaderTail)-t(0,7257,7257),o(HighLights)-t(0,7256,7256),o(InteractPr)-t(0,7257,7257),o(LivePrevie)-t(0,7257,7257),o(MediaPlaye)-t(0,7257,7257),o(MovieVVInf)-t(0,7257,7257),o(PPrecacher)-t(0,7257,7257),o(PlayerStuc)-t(0,7257,7257),o(PumaAbsCmd)-t(0,7257,7257),o(PumaAdvert)-t(0,7257,7257),o(PumaBuffer)-t(0,7257,7257),o(PumaError@)-t(0,7257,7257),o(PumaMediaD)-t(0,7257,7257),o(PumaPlayer)-t(0,7257,7257),o(PumaRate@0)-t(0,7257,7257),o(PumaSegmen)-t(0,7257,7257),o(PumaSubtit)-t(0,7257,7257),o(RefreshAcc)-t(0,7256,7256),o(RefreshSer)-t(0,7256,7256),o(SceneKeepe)-t(0,7256,7256),o(SetRate@0x)-t(0,7257,7257),o(SwitchEpis)-t(0,7257,7257),o(VideoPlayC)-t(0,7256,7256)}
06-04 11:23:52.676 D/UNIPLAYERSDK( 3472): MovieVVInfo.cpp:122 [pos]getCurrentAdPosition=2232
06-04 11:23:52.676 D/UNIPLAYERSDK( 3472): PumaPlayer.cpp:779 [PumaPlayer@0xab381cbc]getAdCountDown(42988)
06-04 11:23:52.676 I/UNIPLAYERSDK( 3472): PumaPlayerAdaptor.cpp:350 [PumaPlayerAdaptor@0xe5ea1fc4]getAdCountDown receiveAdCountDownMsg(42988)
06-04 11:23:52.676 D/UNIPLAYERSDK( 3472): PlayerBabelPingbackSender.cpp:96 onAdCountDown, countdown=42988
06-04 11:23:52.676 D/UNIPLAYERSDK( 3472): BaseState.cpp:42 [PumaPlayerAdaptor@0xe5ea1fc4@0xb38707e8]{fm(KMSG_ACTION_GETADCOUNTDOWN),ret(0),at(0,7258,7258),s(5,-2,-2,-2,5),fm=Message@0xecb69cd0{what=1048609,when=1107256,arg1=42988,arg2=-1111111111,arg3=-1111111111,str=,timeout=0,obj=0x0,runnable=0x0,target=0xed09b83c,watchDogOp=0x0}
06-04 11:23:52.676 D/UNIPLAYERSDK( 3472): BaseState.cpp:56 [PumaPlayerAdaptor@0xe5ea1fc4@0xb38707e8]{fm(KMSG_ACTION_GETADCOUNTDOWN),o(AudioPrevi)-t(0,7258,7258),o(BitstreamS)-t(0,7258,7258),o(CarouselPr)-t(0,7258,7258),o(FastHelper)-t(0,7258,7258),o(HeaderTail)-t(0,7258,7258),o(HighLights)-t(0,7258,7258),o(InteractPr)-t(0,7258,7258),o(LivePrevie)-t(0,7258,7258),o(MediaPlaye)-t(0,7258,7258),o(MovieVVInf)-t(0,7258,7258),o(PPrecacher)-t(0,7258,7258),o(PlayerStuc)-t(0,7258,7258),o(PumaAbsCmd)-t(0,7258,7258),o(PumaAdvert)-t(0,7258,7258),o(PumaBuffer)-t(0,7258,7258),o(PumaError@)-t(0,7258,7258),o(PumaMediaD)-t(0,7258,7258),o(PumaPlayer)-t(0,7258,7258),o(PumaRate@0)-t(0,7258,7258),o(PumaSegmen)-t(0,7258,7258),o(PumaSubtit)-t(0,7258,7258),o(RefreshAcc)-t(0,7258,7258),o(RefreshSer)-t(0,7258,7258),o(SceneKeepe)-t(0,7258,7258),o(SetRate@0x)-t(0,7258,7258),o(SwitchEpis)-t(0,7258,7258),o(VideoPlayC)-t(0,7258,7258)}
06-04 11:23:52.677 D/UNIPLAYERSDK( 3472): MovieVVInfo.cpp:136 [pos]getAdCountDown=42988
06-04 11:23:52.696 I/CLog ( 3472): 2025-06-04 11:23:52.696 T:5719 DEBUG: InvokeCommand, is_rtc (null)
06-04 11:23:52.696 I/CLog ( 3472): 2025-06-04 11:23:52.696 T:5719 DEBUG: DataPush to read:100,size(5),[82040-81942]
06-04 11:23:52.703 I/CLog ( 3472): 2025-06-04 11:23:52.703 T:5719 DEBUG: GetADCountdown 77263, return 42737
06-04 11:23:52.706 E/storage_operate( 3472): HCDN_LOG: [T:4181][HINFO]:[f:BBNCheck],[l:3253],,[map_size:0]
06-04 11:23:52.724 E/storage_operate( 3472): HCDN_LOG: [T:4181][HINFO]:[f:UpdateBBNCache],[l:3267],[start_check_task]
06-04 11:23:52.725 I/block_buffer_piece_size( 3472): HCDN_LOG: [T:4177]save data response (error_code0) ON_MSG_STORAGE2P2P_SaveDataResponse(2952059185-0-0) (offset:14,len:0)
06-04 11:23:52.725 I/block_buffer_piece_size( 3472): HCDN_LOG: [T:4177]save data response (error_code0) ON_MSG_STORAGE2P2P_SaveDataResponse(2952059185-0-0) (offset:15,len:0)
06-04 11:23:52.725 I/block_buffer_piece_size( 3472): HCDN_LOG: [T:4177]save data response (error_code0) ON_MSG_STORAGE2P2P_SaveDataResponse(2952059185-0-0) (offset:114,len:0)
06-04 11:23:52.726 I/block_buffer_piece_size( 3472): HCDN_LOG: [T:4177]save data response (error_code0) ON_MSG_STORAGE2P2P_SaveDataResponse(176422912-0-0) (offset:81,len:0)
06-04 11:23:52.726 I/block_buffer_piece_size( 3472): HCDN_LOG: [T:4177]save data response (error_code0) ON_MSG_STORAGE2P2P_SaveDataResponse(1429274624-0-0) (offset:16,len:0)
06-04 11:23:52.728 D/XM_HIDREAD( 1961): poll ret=1, event=1
06-04 11:23:52.728 D/XM_HIDREAD( 1961): [9 bytes]:01 00 00 00 00 00 00 00 00
06-04 11:23:52.730 I/SogouIME( 1440): onKeyUp: keyoCode=20
06-04 11:23:52.730 I/DefaultIMS( 1440): onKeyUp: keyoCode=20
06-04 11:23:52.731 V/UNIPLAYERSDK( 3472): MediaPlayerImpl.cpp:408 [MediaPlayerImpl@0xecff7154]isPlaying ret=0
06-04 11:23:52.731 D/yc_test ( 3472): setProgressBarVisibility: 》》》》》》》》》》 step 1
06-04 11:23:52.731 D/yc_test ( 3472): setProgressBarVisibility: >>> step 2 true,true
06-04 11:23:52.736 W/abs_update_info( 3472): HCDN_LOG: [T:4176][HERROR]:[f:CalcVidCacheBytesFromReadOffset],[l:2489],UPDATA CALC:vid:,task_seg=0, task_offset=212992, cur_cache_bytes=65536, total_cache_bytes=65536, fileToEnd=0
06-04 11:23:52.736 W/abs_update_info( 3472): HCDN_LOG: [T:4176][HERROR]:[f:UpdateForABS],[l:2545],UPDATA:vid:,i64ReadOffset=0, cache=65536, CachedBytes=65536
06-04 11:23:52.737 E/Hcdn_DeTask3999911026( 3472): HCDN_LOG: [T:4176][HINFO]:[f:PostNotifyInfo],[l:248], notify type(6),info({"BandWidth":7864320,"IsAd":1,"IsP2P":1,"VID":""}
06-04 11:23:52.737 E/Hcdn_DeTask3999911026( 3472): )
06-04 11:23:52.737 E/playfilesourceNew( 3472): HCDN_LOG: [T:4173][HINFO]:[f:DoAsynNotifyInfoResponse],[l:2605],[TaskID(3999911026),type(6),msg({"BandWidth":7864320,"IsAd":1,"IsP2P":1,"VID":""}
06-04 11:23:52.737 E/playfilesourceNew( 3472): )!]
06-04 11:23:52.737 E/Hcdn_DeTask318584460( 3472): HCDN_LOG: [T:4176][HINFO]:[f:PostNotifyInfo],[l:248], notify type(6),info({"BandWidth":2899968,"IsAd":1,"IsP2P":1,"VID":""}
06-04 11:23:52.737 E/Hcdn_DeTask318584460( 3472): )
06-04 11:23:52.737 E/abs_info( 3472): HCDN_LOG: [T:4173][HINFO]:[f:PostABSInfo],[l:7214],Task(13), SetABSInterface ret(0) SetParam("DownloadStatusByHcdn", {"BandWidth":7864320,"BandWidth_1":7561216,"IsAd":1,"IsP2P":1,"VID":""}
06-04 11:23:52.737 E/abs_info( 3472): )
06-04 11:23:52.737 E/playfilesourceNew( 3472): HCDN_LOG: [T:4173][HINFO]:[f:DoAsynNotifyInfoResponse],[l:2605],[TaskID(318584460),type(6),msg({"BandWidth":2899968,"IsAd":1,"IsP2P":1,"VID":""}
06-04 11:23:52.737 E/playfilesourceNew( 3472): )!]
06-04 11:23:52.742 I/block_buffer_piece_size( 3472): HCDN_LOG: [T:4177]save data response (error_code0) ON_MSG_STORAGE2P2P_SaveDataResponse(3972754988-0-0) (offset:17,len:0)
06-04 11:23:52.744 I/CLog ( 3472): 2025-06-04 11:23:52.744 T:6710 DEBUG: [5017]HCDNLoaderClient::Read read_len=262144
06-04 11:23:52.744 E/p2pfile ( 3472): HCDN_LOG: [T:6710][HINFO]:[f:Read],[l:1749],[Task(13), pos(212992), len(262144), timeout(6000)]
06-04 11:23:52.744 E/playfilesourceNew( 3472): HCDN_LOG: [T:6710][HINFO]:[f:GetCacheSeconds],[l:846],[TaskID(3999911026), offset(212992), CacheBytes(81920)]
06-04 11:23:52.744 E/playfilesourceNew( 3472): HCDN_LOG: [T:6710][HINFO]:[f:Read],[l:2071],[Task(13), taskid(3999911026), Offset(212992), needread(81920)]
06-04 11:23:52.744 E/playfilesourceNew( 3472): HCDN_LOG: [T:6710][HINFO]:[f:ReadDataByPiece],[l:4260],[TaskID(3999911026),seq(1344), Offset(212992), NumberOfBytesToRead(81920)]
06-04 11:23:52.747 W/abs_update_info( 3472): HCDN_LOG: [T:4181][HERROR]:[f:CheckPlayerReadData],[l:2157],vui(3f90c3f6e555fc8f01c344ddb68c23ca) task_id[3999911026] ret_code[0], offset[212992], offset_len[81920].
06-04 11:23:52.747 E/p2pfile ( 3472): HCDN_LOG: [T:6710][HINFO]:[f:Read],[l:2211],[Task(13), Read return, pos(212992),len(81920),idx(0),taskid(3999911026),videoTime(0)]
06-04 11:23:52.747 I/CLog ( 3472): 2025-06-04 11:23:52.747 T:6710 DEBUG: [5017]HCDNLoaderClient::Read need_read=262144, read_size=81920. pos:294912
06-04 11:23:52.747 I/CLog ( 3472): 2025-06-04 11:23:52.747 T:6710 DEBUG: LoadImplLock:will_stop_=====1(0)
06-04 11:23:52.748 I/UNIPLAYERSDK( 3472): MediaPlayerImpl.cpp:448 [MediaPlayerImpl@0xecff7154]getAdCountDown(42988)
06-04 11:23:52.764 I/VideoViewGroup@250996395( 3472): onLayout(), isFullScreen=true, viewHeight=1080 , viewWidth=1920, ScreenHeight=1080, ScreenWidth=1920
06-04 11:23:52.767 I/block_buffer_piece_size( 3472): HCDN_LOG: [T:4177]save data response (error_code0) ON_MSG_STORAGE2P2P_SaveDataResponse(2952059185-0-0) (offset:18,len:0)
06-04 11:23:52.767 I/block_buffer_piece_size( 3472): HCDN_LOG: [T:4177]save data response (error_code0) ON_MSG_STORAGE2P2P_SaveDataResponse(2952059185-0-0) (offset:115,len:0)
06-04 11:23:52.767 I/block_buffer_piece_size( 3472): HCDN_LOG: [T:4177]save data response (error_code0) ON_MSG_STORAGE2P2P_SaveDataResponse(2952059185-0-0) (offset:82,len:0)
06-04 11:23:52.777 E/storage_operate( 3472): HCDN_LOG: [T:4181][HINFO]:[f:BBNCheck],[l:3253],,[map_size:0]
06-04 11:23:52.781 I/UNIPLAYERSDK( 3472): PumaPlayerAdaptor.cpp:320 [PumaPlayerAdaptor@0xe5ea1fc4][pos]getCurrentPosition=0
06-04 11:23:52.781 D/UNIPLAYERSDK( 3472): BaseState.cpp:42 [PumaPlayerAdaptor@0xe5ea1fc4@0xb3872ae8]{fm(KMSG_ACTION_GETCURRENTPOSITION),ret(0),at(0,7363,7363),s(5,-2,-2,-2,5),fm=Message@0xecb4e750{what=1048605,when=1107363,arg1=0,arg2=-1,arg3=-1111111111,str=,timeout=0,obj=0x0,runnable=0x0,target=0xed09b83c,watchDogOp=0x0}
06-04 11:23:52.782 D/UNIPLAYERSDK( 3472): BaseState.cpp:56 [PumaPlayerAdaptor@0xe5ea1fc4@0xb3872ae8]{fm(KMSG_ACTION_GETCURRENTPOSITION),o(AudioPrevi)-t(0,7363,7363),o(BitstreamS)-t(0,7363,7363),o(CarouselPr)-t(0,7363,7363),o(FastHelper)-t(0,7363,7363),o(HeaderTail)-t(0,7363,7363),o(HighLights)-t(0,7363,7363),o(InteractPr)-t(0,7363,7363),o(LivePrevie)-t(0,7363,7363),o(MediaPlaye)-t(0,7363,7363),o(MovieVVInf)-t(0,7363,7363),o(PPrecacher)-t(0,7363,7363),o(PlayerStuc)-t(0,7363,7363),o(PumaAbsCmd)-t(0,7363,7363),o(PumaAdvert)-t(0,7363,7363),o(PumaBuffer)-t(0,7363,7363),o(PumaError@)-t(0,7363,7363),o(PumaMediaD)-t(0,7363,7363),o(PumaPlayer)-t(0,7363,7363),o(PumaRate@0)-t(0,7363,7363),o(PumaSegmen)-t(0,7363,7363),o(PumaSubtit)-t(0,7363,7363),o(RefreshAcc)-t(0,7363,7363),o(RefreshSer)-t(0,7363,7363),o(SceneKeepe)-t(0,7363,7363),o(SetRate@0x)-t(0,7363,7363),o(SwitchEpis)-t(0,7363,7363),o(VideoPlayC)-t(0,7363,7363)}
06-04 11:23:52.782 D/UNIPLAYERSDK( 3472): MovieVVInfo.cpp:113 [pos]getCurrentPosition=0
06-04 11:23:52.786 I/CLog ( 3472): 2025-06-04 11:23:52.786 T:5719 DEBUG: InvokeCommand, is_rtc (null)
06-04 11:23:52.787 I/CLog ( 3472): 2025-06-04 11:23:52.787 T:5719 DEBUG: DataPush to read:100,size(6),[82120-82035]
06-04 11:23:52.797 D/UNIPLAYERSDK( 3472): PumaPlayer.cpp:773 [PumaPlayer@0xab381cbc]getCachePercent(0)
06-04 11:23:52.797 D/UNIPLAYERSDK( 3472): PumaPlayerAdaptor.cpp:343 [PumaPlayerAdaptor@0xe5ea1fc4]KMSG_ACTION_GETCACHEPERCENT=0
06-04 11:23:52.797 D/UNIPLAYERSDK( 3472): BaseState.cpp:42 [PumaPlayerAdaptor@0xe5ea1fc4@0xb3872ae8]{fm(KMSG_ACTION_GETCACHEPERCENT),ret(0),at(0,7379,7379),s(5,-2,-2,-2,5),fm=Message@0xecb63150{what=1048610,when=1107379,arg1=0,arg2=-1111111111,arg3=-1111111111,str=,timeout=0,obj=0x0,runnable=0x0,target=0xed09b83c,watchDogOp=0x0}
06-04 11:23:52.798 D/UNIPLAYERSDK( 3472): BaseState.cpp:56 [PumaPlayerAdaptor@0xe5ea1fc4@0xb3872ae8]{fm(KMSG_ACTION_GETCACHEPERCENT),o(AudioPrevi)-t(0,7379,7379),o(BitstreamS)-t(0,7379,7379),o(CarouselPr)-t(0,7379,7379),o(FastHelper)-t(0,7379,7379),o(HeaderTail)-t(0,7379,7379),o(HighLights)-t(0,7379,7379),o(InteractPr)-t(0,7379,7379),o(LivePrevie)-t(0,7379,7379),o(MediaPlaye)-t(0,7379,7379),o(MovieVVInf)-t(0,7379,7379),o(PPrecacher)-t(0,7379,7379),o(PlayerStuc)-t(0,7379,7379),o(PumaAbsCmd)-t(0,7379,7379),o(PumaAdvert)-t(0,7379,7379),o(PumaBuffer)-t(0,7379,7379),o(PumaError@)-t(0,7379,7379),o(PumaMediaD)-t(0,7379,7379),o(PumaPlayer)-t(0,7379,7379),o(PumaRate@0)-t(0,7379,7379),o(PumaSegmen)-t(0,7379,7379),o(PumaSubtit)-t(0,7379,7379),o(RefreshAcc)-t(0,7379,7379),o(RefreshSer)-t(0,7379,7379),o(SceneKeepe)-t(0,7379,7379),o(SetRate@0x)-t(0,7379,7379),o(SwitchEpis)-t(0,7379,7379),o(VideoPlayC)-t(0,7379,7379)}
06-04 11:23:52.798 D/UNIPLAYERSDK( 3472): MovieVVInfo.cpp:129 [pos]getCachePercent=0
06-04 11:23:52.829 D/XM_HIDREAD( 1961): poll ret=1, event=1
06-04 11:23:52.829 D/XM_HIDREAD( 1961): [9 bytes]:01 00 00 51 00 00 00 00 00
06-04 11:23:52.832 I/SogouIME( 1440): onKeyDown: keyoCode=20
06-04 11:23:52.833 I/DefaultIMS( 1440): onKeyDown: keyoCode=20
06-04 11:23:52.833 V/UNIPLAYERSDK( 3472): MediaPlayerImpl.cpp:408 [MediaPlayerImpl@0xecff7154]isPlaying ret=0
06-04 11:23:52.837 W/abs_update_info( 3472): HCDN_LOG: [T:4176][HERROR]:[f:CalcVidCacheBytesFromReadOffset],[l:2489],UPDATA CALC:vid:,task_seg=0, task_offset=294912, cur_cache_bytes=16384, total_cache_bytes=16384, fileToEnd=0
06-04 11:23:52.837 W/abs_update_info( 3472): HCDN_LOG: [T:4176][HERROR]:[f:UpdateForABS],[l:2545],UPDATA:vid:,i64ReadOffset=0, cache=16384, CachedBytes=16384
06-04 11:23:52.838 E/Hcdn_DeTask3999911026( 3472): HCDN_LOG: [T:4176][HINFO]:[f:PostNotifyInfo],[l:248], notify type(6),info({"BandWidth":7864320,"IsAd":1,"IsP2P":1,"VID":""}
06-04 11:23:52.838 E/Hcdn_DeTask3999911026( 3472): )
06-04 11:23:52.838 E/playfilesourceNew( 3472): HCDN_LOG: [T:4173][HINFO]:[f:DoAsynNotifyInfoResponse],[l:2605],[TaskID(3999911026),type(6),msg({"BandWidth":7864320,"IsAd":1,"IsP2P":1,"VID":""}
06-04 11:23:52.838 E/playfilesourceNew( 3472): )!]
06-04 11:23:52.838 E/Hcdn_DeTask318584460( 3472): HCDN_LOG: [T:4176][HINFO]:[f:PostNotifyInfo],[l:248], notify type(6),info({"BandWidth":2899968,"IsAd":1,"IsP2P":1,"VID":""}
06-04 11:23:52.838 E/Hcdn_DeTask318584460( 3472): )
06-04 11:23:52.838 E/abs_info( 3472): HCDN_LOG: [T:4173][HINFO]:[f:PostABSInfo],[l:7214],Task(13), SetABSInterface ret(0) SetParam("DownloadStatusByHcdn", {"BandWidth":7864320,"BandWidth_1":7561216,"IsAd":1,"IsP2P":1,"VID":""}
06-04 11:23:52.838 E/abs_info( 3472): )
06-04 11:23:52.838 E/playfilesourceNew( 3472): HCDN_LOG: [T:4173][HINFO]:[f:DoAsynNotifyInfoResponse],[l:2605],[TaskID(318584460),type(6),msg({"BandWidth":2899968,"IsAd":1,"IsP2P":1,"VID":""}
06-04 11:23:52.838 E/playfilesourceNew( 3472): )!]
06-04 11:23:52.848 I/CLog ( 3472): 2025-06-04 11:23:52.848 T:6710 DEBUG: [5017]HCDNLoaderClient::Read read_len=262144
06-04 11:23:52.848 E/p2pfile ( 3472): HCDN_LOG: [T:6710][HINFO]:[f:Read],[l:1749],[Task(13), pos(294912), len(262144), timeout(6000)]
06-04 11:23:52.849 E/playfilesourceNew( 3472): HCDN_LOG: [T:6710][HINFO]:[f:GetCacheSeconds],[l:846],[TaskID(3999911026), offset(294912), CacheBytes(16384)]
06-04 11:23:52.849 E/playfilesourceNew( 3472): HCDN_LOG: [T:6710][HINFO]:[f:Read],[l:2071],[Task(13), taskid(3999911026), Offset(294912), needread(16384)]
06-04 11:23:52.849 E/playfilesourceNew( 3472): HCDN_LOG: [T:6710][HINFO]:[f:ReadDataByPiece],[l:4260],[TaskID(3999911026),seq(1346), Offset(294912), NumberOfBytesToRead(16384)]
06-04 11:23:52.849 W/abs_update_info( 3472): HCDN_LOG: [T:4181][HERROR]:[f:CheckPlayerReadData],[l:2157],vui(3f90c3f6e555fc8f01c344ddb68c23ca) task_id[3999911026] ret_code[0], offset[294912], offset_len[16384].
06-04 11:23:52.850 E/p2pfile ( 3472): HCDN_LOG: [T:6710][HINFO]:[f:Read],[l:2211],[Task(13), Read return, pos(294912),len(16384),idx(0),taskid(3999911026),videoTime(0)]
06-04 11:23:52.850 I/CLog ( 3472): 2025-06-04 11:23:52.850 T:6710 DEBUG: [5017]HCDNLoaderClient::Read need_read=262144, read_size=16384. pos:311296
06-04 11:23:52.850 I/CLog ( 3472): 2025-06-04 11:23:52.850 T:6710 DEBUG: LoadImplLock:will_stop_=====1(0)
06-04 11:23:52.877 I/CLog ( 3472): 2025-06-04 11:23:52.877 T:5719 DEBUG: InvokeCommand, is_rtc (null)
06-04 11:23:52.877 I/CLog ( 3472): 2025-06-04 11:23:52.877 T:5719 DEBUG: DataPush to read:100,size(5),[82200-82105]
06-04 11:23:52.880 E/storage_operate( 3472): HCDN_LOG: [T:4181][HINFO]:[f:GetPgfCapacityChange],[l:77],[total_space:55668],[available_space:54460]
06-04 11:23:52.880 E/storage_operate( 3472): HCDN_LOG: [T:4181][HINFO]:[f:UpdatePgfCapacity],[l:1001],[state:1]
06-04 11:23:52.880 E/storage_operate( 3472): HCDN_LOG: [T:4181][HINFO]:[f:MonitorDiskFreeSpace],[l:2776],[state:1]
06-04 11:23:52.892 I/cling--ap-22( 2930): type=1400 audit(0.0:1769): avc: denied { search } for name="net" dev="sysfs" ino=12344 scontext=u:r:untrusted_app_27:s0:c43,c256,c512,c768 tcontext=u:object_r:sysfs_net:s0 tclass=dir permissive=1 app=com.dangbei.screencast
06-04 11:23:52.903 I/CLog ( 3472): 2025-06-04 11:23:52.903 T:5719 DEBUG: GetADCountdown 77463, return 42537
06-04 11:23:52.915 E/dangbei111( 1420): cccccc 检查遥控器是否连接: Dangbei E4:BB:D3:57:C0:7A
06-04 11:23:52.919 E/dangbei111( 1420): cccccc 检查遥控器是否连接: 蓝牙的结果 Dangbei E4:BB:D3:57:C0:7A true
06-04 11:23:52.920 E/dangbei111( 1420): cccccc 确实有遥控器 存在
06-04 11:23:52.920 E/dangbei111( 1420): cccccc rc is connected, stop scan =E4:BB:D3:57:C0:7A
06-04 11:23:52.927 I/WifiHAL ( 501): call wifi_get_link_stats handler
06-04 11:23:52.927 I/WifiHAL ( 501): Creating message to get link statistics; iface = 16
06-04 11:23:52.927 D/WifiHAL ( 501): error code -95 mapped to -3
06-04 11:23:52.928 E/WifiStaIfaceAidlImpl( 689): getLinkLayerStats failed with service-specific exception: android.os.ServiceSpecificException: (code 4)
06-04 11:23:52.938 I/CLog ( 3472): 2025-06-04 11:23:52.937 T:5719 DEBUG: InvokeCommand, is_rtc (null)
06-04 11:23:52.938 I/CLog ( 3472): 2025-06-04 11:23:52.938 T:5719 DEBUG: DataPush to read:100,size(6),[82280-82198]
06-04 11:23:52.939 W/abs_update_info( 3472): HCDN_LOG: [T:4176][HERROR]:[f:CalcVidCacheBytesFromReadOffset],[l:2489],UPDATA CALC:vid:,task_seg=0, task_offset=311296, cur_cache_bytes=0, total_cache_bytes=0, fileToEnd=0
06-04 11:23:52.939 W/abs_update_info( 3472): HCDN_LOG: [T:4176][HERROR]:[f:UpdateForABS],[l:2545],UPDATA:vid:,i64ReadOffset=0, cache=0, CachedBytes=0
06-04 11:23:52.940 E/Hcdn_DeTask3999911026( 3472): HCDN_LOG: [T:4176][HINFO]:[f:PostNotifyInfo],[l:248], notify type(6),info({"BandWidth":7864320,"IsAd":1,"IsP2P":1,"VID":""}
06-04 11:23:52.940 E/Hcdn_DeTask3999911026( 3472): )
06-04 11:23:52.940 E/playfilesourceNew( 3472): HCDN_LOG: [T:4173][HINFO]:[f:DoAsynNotifyInfoResponse],[l:2605],[TaskID(3999911026),type(6),msg({"BandWidth":7864320,"IsAd":1,"IsP2P":1,"VID":""}
06-04 11:23:52.940 E/playfilesourceNew( 3472): )!]
06-04 11:23:52.940 E/Hcdn_DeTask318584460( 3472): HCDN_LOG: [T:4176][HINFO]:[f:PostNotifyInfo],[l:248], notify type(6),info({"BandWidth":2899968,"IsAd":1,"IsP2P":1,"VID":""}
06-04 11:23:52.940 E/Hcdn_DeTask318584460( 3472): )
06-04 11:23:52.940 E/abs_info( 3472): HCDN_LOG: [T:4173][HINFO]:[f:PostABSInfo],[l:7214],Task(13), SetABSInterface ret(0) SetParam("DownloadStatusByHcdn", {"BandWidth":7864320,"BandWidth_1":7561216,"IsAd":1,"IsP2P":1,"VID":""}
06-04 11:23:52.940 E/abs_info( 3472): )
06-04 11:23:52.940 E/playfilesourceNew( 3472): HCDN_LOG: [T:4173][HINFO]:[f:DoAsynNotifyInfoResponse],[l:2605],[TaskID(318584460),type(6),msg({"BandWidth":2899968,"IsAd":1,"IsP2P":1,"VID":""}
06-04 11:23:52.940 E/playfilesourceNew( 3472): )!]
06-04 11:23:52.952 I/CLog ( 3472): 2025-06-04 11:23:52.952 T:6710 DEBUG: [5017]HCDNLoaderClient::Read read_len=262144
06-04 11:23:52.952 E/p2pfile ( 3472): HCDN_LOG: [T:6710][HINFO]:[f:Read],[l:1749],[Task(13), pos(311296), len(262144), timeout(6000)]
06-04 11:23:52.952 E/Hcdn_DeTask3999911026( 3472): HCDN_LOG: [T:4176][HINFO]:[f:OnRecvCacheSecondsRequest],[l:2010], cache_bytes=0!
06-04 11:23:52.952 E/playfilesourceNew( 3472): HCDN_LOG: [T:6710][HINFO]:[f:GetCacheSeconds],[l:846],[TaskID(3999911026), offset(311296), CacheBytes(0)]
06-04 11:23:52.952 E/playfilesourceNew( 3472): HCDN_LOG: [T:6710][HINFO]:[f:Read],[l:2071],[Task(13), taskid(3999911026), Offset(311296), needread(0)]
06-04 11:23:52.952 E/p2pfile ( 3472): HCDN_LOG: [T:6710][HINFO]:[f:Read],[l:2211],[Task(13), Read return, pos(311296),len(0),idx(0),taskid(3999911026),videoTime(0)]
06-04 11:23:52.964 D/XM_HIDREAD( 1961): poll ret=1, event=1
06-04 11:23:52.964 D/XM_HIDREAD( 1961): [9 bytes]:01 00 00 00 00 00 00 00 00
06-04 11:23:52.966 I/SogouIME( 1440): onKeyUp: keyoCode=20
06-04 11:23:52.966 I/DefaultIMS( 1440): onKeyUp: keyoCode=20
06-04 11:23:52.967 V/UNIPLAYERSDK( 3472): MediaPlayerImpl.cpp:408 [MediaPlayerImpl@0xecff7154]isPlaying ret=0
06-04 11:23:52.967 D/yc_test ( 3472): setProgressBarVisibility: 》》》》》》》》》》 step 1
06-04 11:23:52.967 D/yc_test ( 3472): setProgressBarVisibility: >>> step 2 true,true
06-04 11:23:52.977 I/UNIPLAYERSDK( 3472): MediaPlayerAdaptor.cpp:297 [PumaPlayerAdaptor@0xe5ea1fc4]doHandleMessage(KMSG_ACTION_GETCURRENTADPOSITION, arg1:-1, arg2:0)
06-04 11:23:52.977 I/UNIPLAYERSDK( 3472): PumaPlayer.cpp:1010 [PumaPlayer@0xab381cbc]InvokeMctoPlayerAdCommand(), command = 19, command_params = {"ad_id":262406}
06-04 11:23:52.977 I/UNIPLAYERSDK( 3472): , buffer = 0xb679a380
06-04 11:23:52.977 I/CLog ( 3472): 2025-06-04 11:23:52.977 T:3585 INFO: ADCmdParser::InvokeCmd,19,{"ad_id":262406}
06-04 11:23:52.977 I/CLog ( 3472):
06-04 11:23:52.977 I/CLog ( 3472): 2025-06-04 11:23:52.977 T:3585 INFO: ADPlayerManager::InvokeADCommand, 19 {"ad_id":262406}
06-04 11:23:52.977 I/CLog ( 3472):
06-04 11:23:52.977 I/CLog ( 3472): 2025-06-04 11:23:52.977 T:3585 INFO: GetCurrentADTime {"playtime":2535,"duration":15000}
06-04 11:23:52.977 D/UNIPLAYERSDK( 3472): PumaPlayer.cpp:816 [PumaPlayer@0xab381cbc][pos]getCurrentAdPosition pos=2535,dur=15000,ret=0
06-04 11:23:52.977 D/UNIPLAYERSDK( 3472): BaseState.cpp:42 [PumaPlayerAdaptor@0xe5ea1fc4@0xb3841268]{fm(KMSG_ACTION_GETCURRENTADPOSITION),ret(0),at(1,7558,7559),s(5,-2,-2,-2,5),fm=Message@0xa7680790{what=1048606,when=1107558,arg1=2535,arg2=15000,arg3=-1111111111,str=,timeout=0,obj=0x0,runnable=0x0,target=0xed09b83c,watchDogOp=0x0}
06-04 11:23:52.978 D/UNIPLAYERSDK( 3472): BaseState.cpp:56 [PumaPlayerAdaptor@0xe5ea1fc4@0xb3841268]{fm(KMSG_ACTION_GETCURRENTADPOSITION),o(AudioPrevi)-t(0,7558,7558),o(BitstreamS)-t(0,7559,7559),o(CarouselPr)-t(1,7558,7559),o(FastHelper)-t(0,7558,7558),o(HeaderTail)-t(0,7558,7558),o(HighLights)-t(0,7558,7558),o(InteractPr)-t(0,7558,7558),o(LivePrevie)-t(0,7558,7558),o(MediaPlaye)-t(0,7559,7559),o(MovieVVInf)-t(0,7559,7559),o(PPrecacher)-t(0,7558,7558),o(PlayerStuc)-t(0,7559,7559),o(PumaAbsCmd)-t(0,7559,7559),o(PumaAdvert)-t(0,7558,7558),o(PumaBuffer)-t(0,7558,7558),o(PumaError@)-t(0,7558,7558),o(PumaMediaD)-t(0,7558,7558),o(PumaPlayer)-t(0,7558,7558),o(PumaRate@0)-t(0,7558,7558),o(PumaSegmen)-t(0,7558,7558),o(PumaSubtit)-t(0,7558,7558),o(RefreshAcc)-t(0,7558,7558),o(RefreshSer)-t(0,7558,7558),o(SceneKeepe)-t(0,7558,7558),o(SetRate@0x)-t(0,7559,7559),o(SwitchEpis)-t(0,7559,7559),o(VideoPlayC)-t(0,7558,7558)}
06-04 11:23:52.978 D/UNIPLAYERSDK( 3472): MovieVVInfo.cpp:122 [pos]getCurrentAdPosition=2535
06-04 11:23:52.978 D/UNIPLAYERSDK( 3472): PumaPlayer.cpp:779 [PumaPlayer@0xab381cbc]getAdCountDown(42537)
06-04 11:23:52.978 I/UNIPLAYERSDK( 3472): PumaPlayerAdaptor.cpp:350 [PumaPlayerAdaptor@0xe5ea1fc4]getAdCountDown receiveAdCountDownMsg(42537)
06-04 11:23:52.978 D/UNIPLAYERSDK( 3472): PlayerBabelPingbackSender.cpp:96 onAdCountDown, countdown=42537
06-04 11:23:52.979 D/UNIPLAYERSDK( 3472): BaseState.cpp:42 [PumaPlayerAdaptor@0xe5ea1fc4@0xb3841268]{fm(KMSG_ACTION_GETADCOUNTDOWN),ret(0),at(1,7560,7561),s(5,-2,-2,-2,5),fm=Message@0xecb494d0{what=1048609,when=1107559,arg1=42537,arg2=-1111111111,arg3=-1111111111,str=,timeout=0,obj=0x0,runnable=0x0,target=0xed09b83c,watchDogOp=0x0}
06-04 11:23:52.979 D/UNIPLAYERSDK( 3472): BaseState.cpp:56 [PumaPlayerAdaptor@0xe5ea1fc4@0xb3841268]{fm(KMSG_ACTION_GETADCOUNTDOWN),o(AudioPrevi)-t(0,7560,7560),o(BitstreamS)-t(0,7560,7560),o(CarouselPr)-t(0,7560,7560),o(FastHelper)-t(0,7560,7560),o(HeaderTail)-t(0,7560,7560),o(HighLights)-t(0,7560,7560),o(InteractPr)-t(0,7560,7560),o(LivePrevie)-t(0,7560,7560),o(MediaPlaye)-t(0,7560,7560),o(MovieVVInf)-t(0,7560,7560),o(PPrecacher)-t(0,7560,7560),o(PlayerStuc)-t(0,7560,7560),o(PumaAbsCmd)-t(0,7560,7560),o(PumaAdvert)-t(0,7560,7560),o(PumaBuffer)-t(0,7560,7560),o(PumaError@)-t(0,7560,7560),o(PumaMediaD)-t(0,7560,7560),o(PumaPlayer)-t(0,7560,7560),o(PumaRate@0)-t(0,7560,7560),o(PumaSegmen)-t(0,7560,7560),o(PumaSubtit)-t(0,7560,7560),o(RefreshAcc)-t(0,7560,7560),o(RefreshSer)-t(0,7560,7560),o(SceneKeepe)-t(0,7560,7560),o(SetRate@0x)-t(0,7560,7560),o(SwitchEpis)-t(0,7560,7560),o(VideoPlayC)-t(0,7560,7560)}
06-04 11:23:52.979 D/UNIPLAYERSDK( 3472): MovieVVInfo.cpp:136 [pos]getAdCountDown=42537
06-04 11:23:53.011 I/audio_hw_hal_primary( 476): [audiohal_get_latency:1333] io 13: out:0xf07c5650 frames:1280 rate:48000 whole_latency:26 alsa_latency:26
06-04 11:23:53.013 I/CLog ( 3472): 2025-06-04 11:23:53.013 T:5719 DEBUG: InvokeCommand, is_rtc (null)
06-04 11:23:53.013 I/CLog ( 3472): 2025-06-04 11:23:53.013 T:5719 DEBUG: DataPush to read:100,size(5),[82360-82267]
06-04 11:23:53.032 E/Hcdn_DeTask3999911026( 3472): HCDN_LOG: [T:4176][HINFO]:[f:PostNotifyInfo],[l:248], notify type(6),info({"BandWidth":7864320,"IsAd":1,"IsP2P":1,"VID":""}
06-04 11:23:53.032 E/Hcdn_DeTask3999911026( 3472): )
06-04 11:23:53.033 E/playfilesourceNew( 3472): HCDN_LOG: [T:4173][HINFO]:[f:DoAsynNotifyInfoResponse],[l:2605],[TaskID(3999911026),type(6),msg({"BandWidth":7864320,"IsAd":1,"IsP2P":1,"VID":""}
06-04 11:23:53.033 E/playfilesourceNew( 3472): )!]
06-04 11:23:53.033 E/Hcdn_DeTask318584460( 3472): HCDN_LOG: [T:4176][HINFO]:[f:PostNotifyInfo],[l:248], notify type(6),info({"BandWidth":2899968,"IsAd":1,"IsP2P":1,"VID":""}
06-04 11:23:53.033 E/Hcdn_DeTask318584460( 3472): )
06-04 11:23:53.033 E/abs_info( 3472): HCDN_LOG: [T:4173][HINFO]:[f:PostABSInfo],[l:7214],Task(13), SetABSInterface ret(0) SetParam("DownloadStatusByHcdn", {"BandWidth":7864320,"BandWidth_1":7561216,"IsAd":1,"IsP2P":1,"VID":""}
06-04 11:23:53.033 E/abs_info( 3472): )
06-04 11:23:53.033 E/playfilesourceNew( 3472): HCDN_LOG: [T:4173][HINFO]:[f:DoAsynNotifyInfoResponse],[l:2605],[TaskID(318584460),type(6),msg({"BandWidth":2899968,"IsAd":1,"IsP2P":1,"VID":""}
06-04 11:23:53.033 E/playfilesourceNew( 3472): )!]
06-04 11:23:53.053 I/CLog ( 3472): 2025-06-04 11:23:53.053 T:6710 DEBUG: [5017]HCDNLoaderClient::Read read_len=262144
06-04 11:23:53.053 E/p2pfile ( 3472): HCDN_LOG: [T:6710][HINFO]:[f:Read],[l:1749],[Task(13), pos(311296), len(262144), timeout(6000)]
06-04 11:23:53.053 E/Hcdn_DeTask3999911026( 3472): HCDN_LOG: [T:4176][HINFO]:[f:OnRecvCacheSecondsRequest],[l:2010], cache_bytes=0!
06-04 11:23:53.053 E/playfilesourceNew( 3472): HCDN_LOG: [T:6710][HINFO]:[f:GetCacheSeconds],[l:846],[TaskID(3999911026), offset(311296), CacheBytes(0)]
06-04 11:23:53.053 E/playfilesourceNew( 3472): HCDN_LOG: [T:6710][HINFO]:[f:Read],[l:2071],[Task(13), taskid(3999911026), Offset(311296), needread(0)]
06-04 11:23:53.053 E/p2pfile ( 3472): HCDN_LOG: [T:6710][HINFO]:[f:Read],[l:2211],[Task(13), Read return, pos(311296),len(0),idx(0),taskid(3999911026),videoTime(0)]
06-04 11:23:53.053 I/audio_hw_hal_primary( 476): [audiohal_get_latency:1333] io 13: out:0xf07c5650 frames:1024 rate:48000 whole_latency:21 alsa_latency:21
06-04 11:23:53.083 I/UNIPLAYERSDK( 3472): PumaPlayerAdaptor.cpp:320 [PumaPlayerAdaptor@0xe5ea1fc4][pos]getCurrentPosition=0
06-04 11:23:53.083 D/UNIPLAYERSDK( 3472): BaseState.cpp:42 [PumaPlayerAdaptor@0xe5ea1fc4@0xb3867ae8]{fm(KMSG_ACTION_GETCURRENTPOSITION),ret(0),at(0,7665,7665),s(5,-2,-2,-2,5),fm=Message@0xecb4da30{what=1048605,when=1107664,arg1=0,arg2=-1,arg3=-1111111111,str=,timeout=0,obj=0x0,runnable=0x0,target=0xed09b83c,watchDogOp=0x0}
06-04 11:23:53.084 D/UNIPLAYERSDK( 3472): BaseState.cpp:56 [PumaPlayerAdaptor@0xe5ea1fc4@0xb3867ae8]{fm(KMSG_ACTION_GETCURRENTPOSITION),o(AudioPrevi)-t(0,7665,7665),o(BitstreamS)-t(0,7665,7665),o(CarouselPr)-t(0,7665,7665),o(FastHelper)-t(0,7665,7665),o(HeaderTail)-t(0,7665,7665),o(HighLights)-t(0,7665,7665),o(InteractPr)-t(0,7665,7665),o(LivePrevie)-t(0,7665,7665),o(MediaPlaye)-t(0,7665,7665),o(MovieVVInf)-t(0,7665,7665),o(PPrecacher)-t(0,7665,7665),o(PlayerStuc)-t(0,7665,7665),o(PumaAbsCmd)-t(0,7665,7665),o(PumaAdvert)-t(0,7665,7665),o(PumaBuffer)-t(0,7665,7665),o(PumaError@)-t(0,7665,7665),o(PumaMediaD)-t(0,7665,7665),o(PumaPlayer)-t(0,7665,7665),o(PumaRate@0)-t(0,7665,7665),o(PumaSegmen)-t(0,7665,7665),o(PumaSubtit)-t(0,7665,7665),o(RefreshAcc)-t(0,7665,7665),o(RefreshSer)-t(0,7665,7665),o(SceneKeepe)-t(0,7665,7665),o(SetRate@0x)-t(0,7665,7665),o(SwitchEpis)-t(0,7665,7665),o(VideoPlayC)-t(0,7665,7665)}
06-04 11:23:53.084 D/UNIPLAYERSDK( 3472): MovieVVInfo.cpp:113 [pos]getCurrentPosition=0
06-04 11:23:53.088 I/CLog ( 3472): 2025-06-04 11:23:53.088 T:5719 DEBUG: InvokeCommand, is_rtc (null)
06-04 11:23:53.088 I/CLog ( 3472): 2025-06-04 11:23:53.088 T:5719 DEBUG: DataPush to read:100,size(5),[82440-82337]
06-04 11:23:53.096 I/audio_hw_hal_primary( 476): [audiohal_get_latency:1333] io 13: out:0xf07c5650 frames:1024 rate:48000 whole_latency:21 alsa_latency:21
06-04 11:23:53.099 D/UNIPLAYERSDK( 3472): PumaPlayer.cpp:773 [PumaPlayer@0xab381cbc]getCachePercent(0)
06-04 11:23:53.099 D/UNIPLAYERSDK( 3472): PumaPlayerAdaptor.cpp:343 [PumaPlayerAdaptor@0xe5ea1fc4]KMSG_ACTION_GETCACHEPERCENT=0
06-04 11:23:53.099 D/UNIPLAYERSDK( 3472): BaseState.cpp:42 [PumaPlayerAdaptor@0xe5ea1fc4@0xb3867ae8]{fm(KMSG_ACTION_GETCACHEPERCENT),ret(0),at(1,7680,7681),s(5,-2,-2,-2,5),fm=Message@0xecb69cd0{what=1048610,when=1107680,arg1=0,arg2=-1111111111,arg3=-1111111111,str=,timeout=0,obj=0x0,runnable=0x0,target=0xed09b83c,watchDogOp=0x0}
06-04 11:23:53.099 D/UNIPLAYERSDK( 3472): BaseState.cpp:56 [PumaPlayerAdaptor@0xe5ea1fc4@0xb3867ae8]{fm(KMSG_ACTION_GETCACHEPERCENT),o(AudioPrevi)-t(0,7680,7680),o(BitstreamS)-t(0,7680,7680),o(CarouselPr)-t(0,7680,7680),o(FastHelper)-t(0,7680,7680),o(HeaderTail)-t(0,7680,7680),o(HighLights)-t(0,7680,7680),o(InteractPr)-t(0,7680,7680),o(LivePrevie)-t(0,7680,7680),o(MediaPlaye)-t(0,7681,7681),o(MovieVVInf)-t(0,7680,7680),o(PPrecacher)-t(0,7680,7680),o(PlayerStuc)-t(0,7680,7680),o(PumaAbsCmd)-t(1,7680,7681),o(PumaAdvert)-t(0,7680,7680),o(PumaBuffer)-t(0,7680,7680),o(PumaError@)-t(0,7680,7680),o(PumaMediaD)-t(0,7680,7680),o(PumaPlayer)-t(0,7680,7680),o(PumaRate@0)-t(0,7680,7680),o(PumaSegmen)-t(0,7680,7680),o(PumaSubtit)-t(0,7680,7680),o(RefreshAcc)-t(0,7680,7680),o(RefreshSer)-t(0,7680,7680),o(SceneKeepe)-t(0,7680,7680),o(SetRate@0x)-t(0,7680,7680),o(SwitchEpis)-t(0,7680,7680),o(VideoPlayC)-t(0,7680,7680)}
06-04 11:23:53.099 D/XM_HIDREAD( 1961): poll ret=1, event=1
06-04 11:23:53.099 D/UNIPLAYERSDK( 3472): MovieVVInfo.cpp:129 [pos]getCachePercent=0
06-04 11:23:53.099 D/XM_HIDREAD( 1961): [9 bytes]:01 00 00 51 00 00 00 00 00
06-04 11:23:53.102 I/SogouIME( 1440): onKeyDown: keyoCode=20
06-04 11:23:53.102 I/DefaultIMS( 1440): onKeyDown: keyoCode=20
06-04 11:23:53.103 V/UNIPLAYERSDK( 3472): MediaPlayerImpl.cpp:408 [MediaPlayerImpl@0xecff7154]isPlaying ret=0
06-04 11:23:53.103 I/CLog ( 3472): 2025-06-04 11:23:53.103 T:5719 DEBUG: GetADCountdown 77661, return 42339
06-04 11:23:53.133 E/Hcdn_DeTask3999911026( 3472): HCDN_LOG: [T:4176][HINFO]:[f:PostNotifyInfo],[l:248], notify type(6),info({"BandWidth":7864320,"IsAd":1,"IsP2P":1,"VID":""}
06-04 11:23:53.133 E/Hcdn_DeTask3999911026( 3472): )
06-04 11:23:53.133 E/playfilesourceNew( 3472): HCDN_LOG: [T:4173][HINFO]:[f:DoAsynNotifyInfoResponse],[l:2605],[TaskID(3999911026),type(6),msg({"BandWidth":7864320,"IsAd":1,"IsP2P":1,"VID":""}
06-04 11:23:53.133 E/playfilesourceNew( 3472): )!]
06-04 11:23:53.133 E/Hcdn_DeTask318584460( 3472): HCDN_LOG: [T:4176][HINFO]:[f:PostNotifyInfo],[l:248], notify type(6),info({"BandWidth":2899968,"IsAd":1,"IsP2P":1,"VID":""}
06-04 11:23:53.133 E/Hcdn_DeTask318584460( 3472): )
06-04 11:23:53.134 E/abs_info( 3472): HCDN_LOG: [T:4173][HINFO]:[f:PostABSInfo],[l:7214],Task(13), SetABSInterface ret(0) SetParam("DownloadStatusByHcdn", {"BandWidth":7864320,"BandWidth_1":7561216,"IsAd":1,"IsP2P":1,"VID":""}
06-04 11:23:53.134 E/abs_info( 3472): )
06-04 11:23:53.134 E/playfilesourceNew( 3472): HCDN_LOG: [T:4173][HINFO]:[f:DoAsynNotifyInfoResponse],[l:2605],[TaskID(318584460),type(6),msg({"BandWidth":2899968,"IsAd":1,"IsP2P":1,"VID":""}
06-04 11:23:53.134 E/playfilesourceNew( 3472): )!]
06-04 11:23:53.154 I/CLog ( 3472): 2025-06-04 11:23:53.154 T:6710 DEBUG: [5017]HCDNLoaderClient::Read read_len=262144
06-04 11:23:53.154 E/p2pfile ( 3472): HCDN_LOG: [T:6710][HINFO]:[f:Read],[l:1749],[Task(13), pos(311296), len(262144), timeout(6000)]
06-04 11:23:53.154 E/Hcdn_DeTask3999911026( 3472): HCDN_LOG: [T:4176][HINFO]:[f:OnRecvCacheSecondsRequest],[l:2010], cache_bytes=0!
06-04 11:23:53.154 E/playfilesourceNew( 3472): HCDN_LOG: [T:6710][HINFO]:[f:GetCacheSeconds],[l:846],[TaskID(3999911026), offset(311296), CacheBytes(0)]
06-04 11:23:53.154 E/playfilesourceNew( 3472): HCDN_LOG: [T:6710][HINFO]:[f:Read],[l:2071],[Task(13), taskid(3999911026), Offset(311296), needread(0)]
06-04 11:23:53.154 E/p2pfile ( 3472): HCDN_LOG: [T:6710][HINFO]:[f:Read],[l:2211],[Task(13), Read return, pos(311296),len(0),idx(0),taskid(3999911026),videoTime(0)]
06-04 11:23:53.178 D/XM_HIDREAD( 1961): poll ret=1, event=1
06-04 11:23:53.178 D/XM_HIDREAD( 1961): [9 bytes]:01 00 00 00 00 00 00 00 00
06-04 11:23:53.178 I/CLog ( 3472): 2025-06-04 11:23:53.178 T:5719 DEBUG: InvokeCommand, is_rtc (null)
06-04 11:23:53.179 I/CLog ( 3472): 2025-06-04 11:23:53.178 T:5719 DEBUG: DataPush to read:100,size(6),[82520-82430]
06-04 11:23:53.179 I/SogouIME( 1440): onKeyUp: keyoCode=20
06-04 11:23:53.179 I/DefaultIMS( 1440): onKeyUp: keyoCode=20
06-04 11:23:53.180 V/UNIPLAYERSDK( 3472): MediaPlayerImpl.cpp:408 [MediaPlayerImpl@0xecff7154]isPlaying ret=0
06-04 11:23:53.180 D/yc_test ( 3472): setProgressBarVisibility: 》》》》》》》》》》 step 1
06-04 11:23:53.180 D/yc_test ( 3472): setProgressBarVisibility: >>> step 2 true,true
06-04 11:23:53.234 E/Hcdn_DeTask3999911026( 3472): HCDN_LOG: [T:4176][HINFO]:[f:PostNotifyInfo],[l:248], notify type(6),info({"BandWidth":7864320,"IsAd":1,"IsP2P":1,"VID":""}
06-04 11:23:53.234 E/Hcdn_DeTask3999911026( 3472): )
06-04 11:23:53.234 E/playfilesourceNew( 3472): HCDN_LOG: [T:4173][HINFO]:[f:DoAsynNotifyInfoResponse],[l:2605],[TaskID(3999911026),type(6),msg({"BandWidth":7864320,"IsAd":1,"IsP2P":1,"VID":""}
06-04 11:23:53.234 E/playfilesourceNew( 3472): )!]
06-04 11:23:53.235 E/Hcdn_DeTask318584460( 3472): HCDN_LOG: [T:4176][HINFO]:[f:PostNotifyInfo],[l:248], notify type(6),info({"BandWidth":2899968,"IsAd":1,"IsP2P":1,"VID":""}
06-04 11:23:53.235 E/Hcdn_DeTask318584460( 3472): )
06-04 11:23:53.235 E/abs_info( 3472): HCDN_LOG: [T:4173][HINFO]:[f:PostABSInfo],[l:7214],Task(13), SetABSInterface ret(0) SetParam("DownloadStatusByHcdn", {"BandWidth":7864320,"BandWidth_1":7561216,"IsAd":1,"IsP2P":1,"VID":""}
06-04 11:23:53.235 E/abs_info( 3472): )
06-04 11:23:53.235 E/playfilesourceNew( 3472): HCDN_LOG: [T:4173][HINFO]:[f:DoAsynNotifyInfoResponse],[l:2605],[TaskID(318584460),type(6),msg({"BandWidth":2899968,"IsAd":1,"IsP2P":1,"VID":""}
06-04 11:23:53.235 E/playfilesourceNew( 3472): )!]
06-04 11:23:53.253 I/CLog ( 3472): 2025-06-04 11:23:53.253 T:5719 DEBUG: InvokeCommand, is_rtc (null)
06-04 11:23:53.254 I/CLog ( 3472): 2025-06-04 11:23:53.254 T:5719 DEBUG: DataPush to read:100,size(5),[82600-82500]
06-04 11:23:53.255 I/CLog ( 3472): 2025-06-04 11:23:53.255 T:6710 DEBUG: [5017]HCDNLoaderClient::Read read_len=262144
06-04 11:23:53.255 E/p2pfile ( 3472): HCDN_LOG: [T:6710][HINFO]:[f:Read],[l:1749],[Task(13), pos(311296), len(262144), timeout(6000)]
06-04 11:23:53.255 E/Hcdn_DeTask3999911026( 3472): HCDN_LOG: [T:4176][HINFO]:[f:OnRecvCacheSecondsRequest],[l:2010], cache_bytes=0!
06-04 11:23:53.258 E/storage_operate( 3472): HCDN_LOG: [T:4181][HINFO]:[f:UpdateBBNCache],[l:3267],[start_check_task]
06-04 11:23:53.259 E/playfilesourceNew( 3472): HCDN_LOG: [T:6710][HINFO]:[f:GetCacheSeconds],[l:846],[TaskID(3999911026), offset(311296), CacheBytes(0)]
06-04 11:23:53.259 E/playfilesourceNew( 3472): HCDN_LOG: [T:6710][HINFO]:[f:Read],[l:2071],[Task(13), taskid(3999911026), Offset(311296), needread(0)]
06-04 11:23:53.259 E/p2pfile ( 3472): HCDN_LOG: [T:6710][HINFO]:[f:Read],[l:2211],[Task(13), Read return, pos(311296),len(0),idx(0),taskid(3999911026),videoTime(0)]
06-04 11:23:53.259 I/block_buffer_piece_size( 3472): HCDN_LOG: [T:4177]save data response (error_code0) ON_MSG_STORAGE2P2P_SaveDataResponse(2952059185-0-0) (offset:83,len:0)
06-04 11:23:53.259 I/block_buffer_piece_size( 3472): HCDN_LOG: [T:4177]save data response (error_code0) ON_MSG_STORAGE2P2P_SaveDataResponse(2952059185-0-0) (offset:116,len:0)
06-04 11:23:53.260 I/block_buffer_piece_size( 3472): HCDN_LOG: [T:4177]save data response (error_code0) ON_MSG_STORAGE2P2P_SaveDataResponse(2952059185-0-0) (offset:19,len:0)
06-04 11:23:53.260 I/block_buffer_piece_size( 3472): HCDN_LOG: [T:4177]save data response (error_code0) ON_MSG_STORAGE2P2P_SaveDataResponse(2952059185-0-0) (offset:20,len:0)
06-04 11:23:53.260 I/block_buffer_piece_size( 3472): HCDN_LOG: [T:4177]save data response (error_code0) ON_MSG_STORAGE2P2P_SaveDataResponse(3697868800-0-0) (offset:21,len:0)
06-04 11:23:53.260 I/block_buffer_piece_size( 3472): HCDN_LOG: [T:4177]save data response (error_code0) ON_MSG_STORAGE2P2P_SaveDataResponse(4045275136-0-0) (offset:117,len:0)
06-04 11:23:53.264 I/CLog ( 3472): 2025-06-04 11:23:53.264 T:5719 DEBUG: UpdateAdPlayingProgress progress(77825)
06-04 11:23:53.264 I/UsbFfs-monitor( 1357): type=1400 audit(0.0:1770): avc: denied { use } for path="anon_inode:[eventfd]" dev="anon_inodefs" ino=10204 scontext=u:r:su:s0 tcontext=u:r:adbd:s0 tclass=fd permissive=1
06-04 11:23:53.279 I/UNIPLAYERSDK( 3472): MediaPlayerAdaptor.cpp:297 [PumaPlayerAdaptor@0xe5ea1fc4]doHandleMessage(KMSG_ACTION_GETCURRENTADPOSITION, arg1:-1, arg2:0)
06-04 11:23:53.279 I/UNIPLAYERSDK( 3472): PumaPlayer.cpp:1010 [PumaPlayer@0xab381cbc]InvokeMctoPlayerAdCommand(), command = 19, command_params = {"ad_id":262406}
06-04 11:23:53.279 I/UNIPLAYERSDK( 3472): , buffer = 0xb679a380
06-04 11:23:53.279 I/CLog ( 3472): 2025-06-04 11:23:53.279 T:3585 INFO: ADCmdParser::InvokeCmd,19,{"ad_id":262406}
06-04 11:23:53.279 I/CLog ( 3472):
06-04 11:23:53.279 I/CLog ( 3472): 2025-06-04 11:23:53.279 T:3585 INFO: ADPlayerManager::InvokeADCommand, 19 {"ad_id":262406}
06-04 11:23:53.279 I/CLog ( 3472):
06-04 11:23:53.279 I/CLog ( 3472): 2025-06-04 11:23:53.279 T:3585 INFO: GetCurrentADTime {"playtime":2840,"duration":15000}
06-04 11:23:53.279 D/UNIPLAYERSDK( 3472): PumaPlayer.cpp:816 [PumaPlayer@0xab381cbc][pos]getCurrentAdPosition pos=2840,dur=15000,ret=0
06-04 11:23:53.280 D/UNIPLAYERSDK( 3472): BaseState.cpp:42 [PumaPlayerAdaptor@0xe5ea1fc4@0xb38707e8]{fm(KMSG_ACTION_GETCURRENTADPOSITION),ret(0),at(1,7861,7862),s(5,-2,-2,-2,5),fm=Message@0xecb49110{what=1048606,when=1107860,arg1=2840,arg2=15000,arg3=-1111111111,str=,timeout=0,obj=0x0,runnable=0x0,target=0xed09b83c,watchDogOp=0x0}
