06-04 11:24:09.460 I/audio_hw_hal_primary( 476): [audiohal_get_latency:1333] io 13: out:0xf07c5650 frames:1152 rate:48000 whole_latency:24 alsa_latency:24
06-04 11:24:09.460 I/audio_hw_hal_primary( 476): [audiohal_get_latency:1333] io 13: out:0xf07c5650 frames:1024 rate:48000 whole_latency:21 alsa_latency:21
06-04 11:24:09.476 I/CLog ( 3472): 2025-06-04 11:24:09.476 T:5720 INFO: RM_AE::2,HEARTBEAT, sink_delay:0.0000, spatial_delay:0.0000, iqae:0,0,0,0,0,0
06-04 11:24:09.482 I/audio_hw_hal_primary( 476): [audiohal_get_latency:1333] io 13: out:0xf07c5650 frames:1280 rate:48000 whole_latency:26 alsa_latency:26
06-04 11:24:09.483 I/audio_hw_hal_primary( 476): [audiohal_get_latency:1333] io 13: out:0xf07c5650 frames:1280 rate:48000 whole_latency:26 alsa_latency:26
06-04 11:24:09.483 D/audioserver( 521): logFgsApiEnd: FGS Logger Transaction failed, -129
06-04 11:24:09.484 D/audioserver( 521): logFgsApiEnd: FGS Logger Transaction failed, -129
06-04 11:24:09.504 D/XM_HIDREAD( 1961): poll ret=1, event=1
06-04 11:24:09.504 D/XM_HIDREAD( 1961): [9 bytes]:01 00 00 28 00 00 00 00 00
06-04 11:24:09.511 D/audioserver( 521): logFgsApiBegin: FGS Logger Transaction failed, -129
06-04 11:24:09.512 I/audio_hw_hal_primary( 476): out_update_source_metadata_v7() line 2013 usage:1 content_type:2
06-04 11:24:09.512 I/SogouIME( 1440): onKeyDown: keyoCode=23
06-04 11:24:09.512 I/DefaultIMS( 1440): onKeyDown: keyoCode=23
06-04 11:24:09.513 E/SecondScreen( 1441): FirstScreenLayoutView dispatchKeyEvent 23
06-04 11:24:09.623 D/XM_HIDREAD( 1961): poll ret=1, event=1
06-04 11:24:09.623 D/XM_HIDREAD( 1961): [9 bytes]:01 00 00 00 00 00 00 00 00
06-04 11:24:09.625 I/SogouIME( 1440): onKeyUp: keyoCode=23
06-04 11:24:09.625 I/DefaultIMS( 1440): onKeyUp: keyoCode=23
06-04 11:24:09.626 E/SecondScreen( 1441): FirstScreenLayoutView dispatchKeyEvent 23
06-04 11:24:09.631 D/audioserver( 521): logFgsApiBegin: FGS Logger Transaction failed, -129
06-04 11:24:09.638 E/CellBroadcastUtils( 689): getDefaultCellBroadcastReceiverPackageName: no package found
06-04 11:24:09.643 D/CompatibilityChangeReporter( 689): Compat change id reported: 197654537; UID 1000; state: ENABLED
06-04 11:24:09.648 I/ActivityTaskManager( 689): START u0 {dat=haqu://setting:8080/... flg=0x10000000 pkg=com.dangbei.haqusetting cmp=com.dangbei.haqusetting/.ui.HomeActivity} with LAUNCH_MULTIPLE from uid 1000 (BAL_ALLOW_ALLOWLISTED_UID) result code=0
06-04 11:24:09.649 V/WindowManagerShell( 939): Transition requested: android.os.BinderProxy@df885be TransitionRequestInfo { type = 1, triggerTask = TaskInfo{userId=0 taskId=29 displayId=0 isRunning=true baseIntent=Intent { dat=haqu://setting:8080/... flg=0x10000000 pkg=com.dangbei.haqusetting cmp=com.dangbei.haqusetting/.ui.HomeActivity } baseActivity=ComponentInfo{com.dangbei.haqusetting/com.dangbei.haqusetting.ui.HomeActivity} topActivity=ComponentInfo{com.dangbei.haqusetting/com.dangbei.haqusetting.ui.HomeActivity} origActivity=null realActivity=ComponentInfo{com.dangbei.haqusetting/com.dangbei.haqusetting.ui.HomeActivity} numActivities=1 lastActiveTime=1124229 supportsMultiWindow=true resizeMode=1 isResizeable=true minWidth=-1 minHeight=-1 defaultMinSize=220 token=WCT{android.window.IWindowContainerToken$Stub$Proxy@a85061f} topActivityType=1 pictureInPictureParams=null shouldDockBigOverlays=true launchIntoPipHostTaskId=-1 lastParentTaskIdBeforePip=-1 displayCutoutSafeInsets=null topActivityInfo=ActivityInfo{d7b3d6c com.dangbei.haqusetting.ui.HomeActivity} launchCookies=[] positionInParent=Point(0, 0) parentTaskId=-1 isFocused=false isVisible=false isVisibleRequested=false isSleeping=false topActivityInSizeCompat=false topActivityEligibleForLetterboxEducation= false isLetterboxDoubleTapEnabled= false topActivityEligibleForUserAspectRatioButton= false topActivityBoundsLetterboxed= false isFromLetterboxDoubleTap= false topActivityLetterboxVerticalPosition= -1 topActivityLetterboxHorizontalPosition= -1 topActivityLetterboxWidth=-1 topActivityLetterboxHeight=-1 isUserFullscreenOverrideEnabled=false isTopActivityTransparent=true locusId=null displayAreaFeatureId=1 cameraCompatControlState=hidden}, remoteTransition = null, displayChange = null, flags = 0 }
06-04 11:24:09.652 I/ActivityManager( 689): com.dangbei.haqusetting is exempt from freezer
06-04 11:24:09.653 D/CompatibilityChangeReporter( 689): Compat change id reported: 135634846; UID 1000; state: DISABLED
06-04 11:24:09.666 I/BpBinder( 260): onLastStrongRef automatically unlinking death recipients:
06-04 11:24:09.669 D/TrafficStats( 1441): tagSocket(137) with statsTag=0xffffffff, statsUid=-1
06-04 11:24:09.669 W/SQLiteLog( 1441): (28) double-quoted string literal: "
06-04 11:24:09.669 W/SQLiteLog( 1441): (28) double-quoted string literal: "E51471D7041561F78156E5CDF5C1477C"
06-04 11:24:09.674 I/audio_hw_hal_primary( 476): [audiohal_get_latency:1333] io 13: out:0xf07c5650 frames:1024 rate:48000 whole_latency:21 alsa_latency:21
06-04 11:24:09.674 I/audio_hw_hal_primary( 476): out_update_source_metadata_v7() line 2013 usage:1 content_type:2
06-04 11:24:09.677 D/Zygote ( 459): Forked child process 6878
06-04 11:24:09.678 I/ActivityManager( 689): Start proc 6878:com.dangbei.haqusetting/1000 for next-top-activity {com.dangbei.haqusetting/com.dangbei.haqusetting.ui.HomeActivity}
06-04 11:24:09.684 I/Zygote ( 6878): seccomp disabled by setenforce 0
06-04 11:24:09.690 I/bei.haqusetting( 6878): Using CollectorTypeCC GC.
06-04 11:24:09.696 E/bei.haqusetting( 6878): Not starting debugger since process cannot load the jdwp agent.
06-04 11:24:09.708 D/CompatibilityChangeReporter( 6878): Compat change id reported: 171979766; UID 1000; state: ENABLED
06-04 11:24:09.709 D/CompatibilityChangeReporter( 6878): Compat change id reported: 242716250; UID 1000; state: DISABLED
06-04 11:24:09.716 I/audio_hw_hal_primary( 476): [audiohal_get_latency:1333] io 13: out:0xf07c5650 frames:1152 rate:48000 whole_latency:24 alsa_latency:24
06-04 11:24:09.757 D/WindowManagerShell( 939): TvPipController: onTaskStackChanged()
06-04 11:24:09.759 I/audio_hw_hal_primary( 476): [audiohal_get_latency:1333] io 13: out:0xf07c5650 frames:1152 rate:48000 whole_latency:24 alsa_latency:24
06-04 11:24:09.775 D/nativeloader( 6878): Configuring clns-shared-4 for other apk /system/app/dangbei-setting/dangbei-setting.apk. target_sdk_version=31, uses_libraries=, library_path=/system/app/dangbei-setting/lib/arm:/system/app/dangbei-setting/dangbei-setting.apk!/lib/armeabi-v7a:/system/lib:/system_ext/lib, permitted_path=/data:/mnt/expand:/data/user/0/com.dangbei.haqusetting:/system/app/dangbei-setting:/system/lib:/system_ext/lib
06-04 11:24:09.801 I/audio_hw_hal_primary( 476): [audiohal_get_latency:1333] io 13: out:0xf07c5650 frames:1152 rate:48000 whole_latency:24 alsa_latency:24
06-04 11:24:09.801 I/audio_hw_hal_primary( 476): [audiohal_get_latency:1333] io 13: out:0xf07c5650 frames:1152 rate:48000 whole_latency:24 alsa_latency:24
06-04 11:24:09.806 V/GraphicsEnvironment( 6878): Currently set values for:
06-04 11:24:09.806 V/GraphicsEnvironment( 6878): angle_gl_driver_selection_pkgs=[]
06-04 11:24:09.806 V/GraphicsEnvironment( 6878): angle_gl_driver_selection_values=[]
06-04 11:24:09.806 V/GraphicsEnvironment( 6878): ANGLE GameManagerService for com.dangbei.haqusetting: false
06-04 11:24:09.806 V/GraphicsEnvironment( 6878): com.dangbei.haqusetting is not listed in per-application setting
06-04 11:24:09.807 V/GraphicsEnvironment( 6878): Neither updatable production driver nor prerelease driver is supported.
06-04 11:24:09.810 I/MultiDex( 6878): VM with version 2.1.0 has multidex support
06-04 11:24:09.811 I/MultiDex( 6878): Installing application
06-04 11:24:09.811 I/MultiDex( 6878): VM has multidex support, MultiDex support library is disabled.
06-04 11:24:09.821 E/ccc ( 6878): cccccc HaquSettingApplication app onCreate start
06-04 11:24:09.823 I/audio_hw_hal_primary( 476): [audiohal_get_latency:1333] io 13: out:0xf07c5650 frames:1152 rate:48000 whole_latency:24 alsa_latency:24
06-04 11:24:09.823 I/audio_hw_hal_primary( 476): [audiohal_get_latency:1333] io 13: out:0xf07c5650 frames:1024 rate:48000 whole_latency:21 alsa_latency:21
06-04 11:24:09.823 D/audioserver( 521): logFgsApiEnd: FGS Logger Transaction failed, -129
06-04 11:24:09.824 I/audio_hw_hal_primary( 476): out_update_source_metadata_v7() line 2013 usage:13 content_type:4
06-04 11:24:09.825 E/ccc ( 6878): cccccc HaquSettingApplication app onCreate end
06-04 11:24:09.826 V/WindowManager( 689): app ------------- force_land :0
06-04 11:24:09.836 W/ContextImpl( 6878): Calling a method in the system process without a qualified user: android.app.ContextImpl.bindService:1988 android.content.ContextWrapper.bindService:861 com.dangbei.lerad.etna.lib.client.EtnaClient.bindServer:138 com.dangbei.lerad.etna.lib.client.EtnaClient.access$600:29 com.dangbei.lerad.etna.lib.client.EtnaClient$3.call:205
06-04 11:24:09.838 D/CompatibilityChangeReporter( 689): Compat change id reported: 261072174; UID 1000; state: DISABLED
06-04 11:24:09.844 I/audio_hw_hal_primary( 476): [audiohal_get_latency:1333] io 13: out:0xf07c5650 frames:1152 rate:48000 whole_latency:24 alsa_latency:24
06-04 11:24:09.865 I/audio_hw_hal_primary( 476): [audiohal_get_latency:1333] io 13: out:0xf07c5650 frames:1024 rate:48000 whole_latency:21 alsa_latency:21
06-04 11:24:09.887 I/audio_hw_hal_primary( 476): [audiohal_get_latency:1333] io 13: out:0xf07c5650 frames:1024 rate:48000 whole_latency:21 alsa_latency:21
06-04 11:24:09.908 I/audio_hw_hal_primary( 476): [audiohal_get_latency:1333] io 13: out:0xf07c5650 frames:1024 rate:48000 whole_latency:21 alsa_latency:21
06-04 11:24:09.918 D/CompatibilityChangeReporter( 6878): Compat change id reported: 237531167; UID 1000; state: DISABLED
06-04 11:24:09.919 W/OpenGLRenderer( 6878): Unknown dataspace 0
06-04 11:24:09.923 W/WindowManager( 689): [addWindow] title:com.dangbei.haqusetting/com.dangbei.haqusetting.ui.HomeActivity
06-04 11:24:09.928 E/ccc ( 1420): cccccc etnaService addListener com.dangbei.lerad.etna.aidl.IEtnaAidlListener$Stub$Proxy@700aaa5 com.dangbei.haqusetting
06-04 11:24:09.928 E/ccc ( 6878): cccccc etna-haqu-connected
06-04 11:24:09.929 I/audio_hw_hal_primary( 476): [audiohal_get_latency:1333] io 13: out:0xf07c5650 frames:1152 rate:48000 whole_latency:24 alsa_latency:24
06-04 11:24:09.951 I/audio_hw_hal_primary( 476): [audiohal_get_latency:1333] io 13: out:0xf07c5650 frames:1024 rate:48000 whole_latency:21 alsa_latency:21
06-04 11:24:09.952 D/audioserver( 521): logFgsApiEnd: FGS Logger Transaction failed, -129
06-04 11:24:09.956 D/CoreBackPreview( 689): Window{cb56ac5 u0 com.dangbei.haqusetting/com.dangbei.haqusetting.ui.HomeActivity}: Setting back callback OnBackInvokedCallbackInfo{mCallback=android.window.IOnBackInvokedCallback$Stub$Proxy@729634b, mPriority=0, mIsAnimationCallback=false}
06-04 11:24:09.961 I/mali ( 6878): Successfully parsed 1 environment variable(s) from /vendor/etc/mali_platform.config.
06-04 11:24:09.963 I/mali ( 6878): Successfully parsed 1 environment variable(s) from /vendor/etc/mali_platform.config.
06-04 11:24:09.974 I/hwservicemanager( 234): getTransport: Cannot find entry android.hardware.configstore@1.0::ISurfaceFlingerConfigs/default in either framework or device VINTF manifest.
06-04 11:24:09.972 I/UsbFfs-monitor( 1357): type=1400 audit(0.0:1783): avc: denied { use } for path="anon_inode:[eventfd]" dev="anon_inodefs" ino=10204 scontext=u:r:su:s0 tcontext=u:r:adbd:s0 tclass=fd permissive=1
06-04 11:24:09.972 I/adbd ( 1357): type=1400 audit(0.0:1784): avc: denied { write } for path="socket:[34893]" dev="sockfs" ino=34893 scontext=u:r:su:s0 tcontext=u:r:adbd:s0 tclass=unix_stream_socket permissive=1
06-04 11:24:09.972 I/adbd ( 1357): type=1400 audit(0.0:1785): avc: denied { read } for path="socket:[34894]" dev="sockfs" ino=34894 scontext=u:r:su:s0 tcontext=u:r:adbd:s0 tclass=unix_stream_socket permissive=1
06-04 11:24:10.003 I/MesonDisplay( 287): [/mode_policy.c, meson_mode_set_policy, 1177] connector:0 to policy:0
06-04 11:24:10.003 I/MesonDisplay( 287): [/mode_policy.c, is_dv_prefer, 66] not prefer dv, hdr_priority:10000010
06-04 11:24:10.003 I/MesonDisplay( 287): [/mode_policy.c, is_dv_prefer, 66] not prefer dv, hdr_priority:10000010
06-04 11:24:10.004 I/MesonDisplay( 287): [/mode_policy.c, hdr_scene_process, 724] policy:0 is_bestcolorspace:1 state:0
06-04 11:24:10.004 I/MesonDisplay( 287): [/mode_policy_parser.c, is_support_hdmimode, 115] is_support_hdmimode mode: none not support
06-04 11:24:10.004 I/MesonDisplay( 287): [/mode_policy_parser.c, is_support_hdmimode, 110] is_support_hdmimode mode: 2160p60hz
06-04 11:24:10.004 D/MesonDisplay( 287): meson_write /sys/class/amhdmitx/amhdmitx0/valid_mode, outputmode:2160p60hz420,10bit
06-04 11:24:10.004 D/MesonDisplay( 287): valid mode is true!
06-04 11:24:10.004 I/MesonDisplay( 287): [/mode_policy.c, is_support_4kHDR, 499] is_support_4kHDR mode:[420,10bit], deep color:[2160p60hz]
06-04 11:24:10.004 I/MesonDisplay( 287): [/mode_policy.c, meson_mode_get_policy_output, 1289] final_displaymode:2160p60hz, final_deepcolor:420,10bit, amdv_type:0
06-04 11:24:10.004 I/MesonDisplay( 287): [/mode_policy.c, meson_mode_set_policy, 1177] connector:0 to policy:0
06-04 11:24:10.005 E/OpenGLRenderer( 6878): Unable to match the desired swap behavior.
06-04 11:24:10.008 I//apex/com.android.adbd/bin/adbd( 1357): type=1400 audit(0.0:1786): avc: denied { search } for comm=75736220666673206F70656E name="/" dev="functionfs" ino=23303 scontext=u:r:su:s0 tcontext=u:object_r:functionfs:s0 tclass=dir permissive=1
06-04 11:24:10.008 I//apex/com.android.adbd/bin/adbd( 1357): type=1400 audit(0.0:1787): avc: denied { read write } for comm=75736220666673206F70656E name="ep0" dev="functionfs" ino=23304 scontext=u:r:su:s0 tcontext=u:object_r:functionfs:s0 tclass=file permissive=1
06-04 11:24:10.008 I//apex/com.android.adbd/bin/adbd( 1357): type=1400 audit(0.0:1788): avc: denied { open } for comm=75736220666673206F70656E path="/dev/usb-ffs/adb/ep0" dev="functionfs" ino=23304 scontext=u:r:su:s0 tcontext=u:object_r:functionfs:s0 tclass=file permissive=1
06-04 11:24:10.040 V/WindowManagerShell( 939): onTransitionReady android.os.BinderProxy@df885be: {id=16 t=OPEN f=0x0 trk=0 r=[0@Point(0, 0)] c=[{WCT{android.window.IWindowContainerToken$Stub$Proxy@dfde53b} m=OPEN f=TRANSLUCENT leash=Surface(name=Task=29)/@0x7b83f35 sb=Rect(0, 0 - 1920, 1080) eb=Rect(0, 0 - 1920, 1080) d=0}]}
06-04 11:24:10.040 V/WindowManagerShell( 939): Playing animation for (#16)android.os.BinderProxy@df885be@0
06-04 11:24:10.040 V/WindowManagerShell( 939): try handler com.android.wm.shell.keyguard.KeyguardTransitionHandler@f0e01c3
06-04 11:24:10.040 V/WindowManagerShell( 939): try handler com.android.wm.shell.pip.tv.TvPipTransition@d525a40
06-04 11:24:10.040 V/WindowManagerShell( 939): try handler com.android.wm.shell.activityembedding.ActivityEmbeddingController@1101d79
06-04 11:24:10.040 V/WindowManagerShell( 939): try handler com.android.wm.shell.transition.RemoteTransitionHandler@16d9abe
06-04 11:24:10.040 V/WindowManagerShell( 939): Transition doesn't have explicit remote, search filters for match for {id=16 t=OPEN f=0x0 trk=0 r=[0@Point(0, 0)] c=[{WCT{android.window.IWindowContainerToken$Stub$Proxy@dfde53b} m=OPEN f=TRANSLUCENT leash=Surface(name=Task=29)/@0x7b83f35 sb=Rect(0, 0 - 1920, 1080) eb=Rect(0, 0 - 1920, 1080) d=0}]}
06-04 11:24:10.041 V/WindowManagerShell( 939): Delegate animation for #16 to null
06-04 11:24:10.041 V/WindowManagerShell( 939): try handler com.android.wm.shell.transition.DefaultTransitionHandler@dc4f71f
06-04 11:24:10.041 V/WindowManagerShell( 939): start default transition animation, info = {id=16 t=OPEN f=0x0 trk=0 r=[0@Point(0, 0)] c=[{WCT{android.window.IWindowContainerToken$Stub$Proxy@dfde53b} m=OPEN f=TRANSLUCENT leash=Surface(name=Task=29)/@0x7b83f35 sb=Rect(0, 0 - 1920, 1080) eb=Rect(0, 0 - 1920, 1080) d=0}]}
06-04 11:24:10.041 V/WindowManagerShell( 939): loadAnimation: anim=android.view.animation.AlphaAnimation@794c458 animAttr=0x4 type=OPEN isEntrance=true
06-04 11:24:10.042 W/RecyclerView( 6878): No adapter attached; skipping layout
06-04 11:24:10.042 V/WindowManagerShell( 939): animated by com.android.wm.shell.transition.DefaultTransitionHandler@dc4f71f
06-04 11:24:10.043 I/ActivityTaskManager( 689): Displayed com.dangbei.haqusetting/.ui.HomeActivity for user 0: +408ms
06-04 11:24:10.044 V/WindowManager( 689): Sent Transition #16 createdAt=06-04 11:24:09.637 via request=TransitionRequestInfo { type = 1, triggerTask = TaskInfo{userId=0 taskId=29 displayId=0 isRunning=true baseIntent=Intent { dat=haqu://setting:8080/... flg=0x10000000 pkg=com.dangbei.haqusetting cmp=com.dangbei.haqusetting/.ui.HomeActivity } baseActivity=ComponentInfo{com.dangbei.haqusetting/com.dangbei.haqusetting.ui.HomeActivity} topActivity=ComponentInfo{com.dangbei.haqusetting/com.dangbei.haqusetting.ui.HomeActivity} origActivity=null realActivity=ComponentInfo{com.dangbei.haqusetting/com.dangbei.haqusetting.ui.HomeActivity} numActivities=1 lastActiveTime=1124229 supportsMultiWindow=true resizeMode=1 isResizeable=true minWidth=-1 minHeight=-1 defaultMinSize=220 token=WCT{RemoteToken{628e927 Task{ddf0f74 #29 type=standard A=1000:com.dangbei.haqusetting}}} topActivityType=1 pictureInPictureParams=null shouldDockBigOverlays=true launchIntoPipHostTaskId=-1 lastParentTaskIdBeforePip=-1 displayCutoutSafeInsets=null topActivityInfo=ActivityInfo{19f57d4 com.dangbei.haqusetting.ui.HomeActivity} launchCookies=[] positionInParent=Point(0, 0) parentTaskId=-1 isFocused=false isVisible=false isVisibleRequested=false isSleeping=false topActivityInSizeCompat=false topActivityEligibleForLetterboxEducation= false isLetterboxDoubleTapEnabled= false topActivityEligibleForUserAspectRatioButton= false topActivityBoundsLetterboxed= false isFromLetterboxDoubleTap= false topActivityLetterboxVerticalPosition= -1 topActivityLetterboxHorizontalPosition= -1 topActivityLetterboxWidth=-1 topActivityLetterboxHeight=-1 isUserFullscreenOverrideEnabled=false isTopActivityTransparent=true locusId=null displayAreaFeatureId=1 cameraCompatControlState=hidden}, remoteTransition = null, displayChange = null, flags = 0 }
06-04 11:24:10.044 V/WindowManager( 689): startWCT=WindowContainerTransaction { changes = {} hops = [] errorCallbackToken=null taskFragmentOrganizer=null }
06-04 11:24:10.044 V/WindowManager( 689): info={id=16 t=OPEN f=0x0 trk=0 r=[0@Point(0, 0)] c=[{WCT{RemoteToken{628e927 Task{ddf0f74 #29 type=standard A=1000:com.dangbei.haqusetting}}} m=OPEN f=TRANSLUCENT leash=Surface(name=Task=29)/@0xfe25128 sb=Rect(0, 0 - 1920, 1080) eb=Rect(0, 0 - 1920, 1080) d=0}]}
06-04 11:24:10.056 W/ContextImpl( 689): Calling a method in the system process without a qualified user: android.app.ContextImpl.startService:1899 com.android.server.wm.DisplayPolicy.lambda$focusChangedLw$5:2126 com.android.server.wm.DisplayPolicy.$r8$lambda$Znxk63oh-WzVnzo_WQefN7uxV48:0 com.android.server.wm.DisplayPolicy$$ExternalSyntheticLambda13.run:0 android.os.Handler.handleCallback:958
06-04 11:24:10.059 D/aaa ( 4951): LedStatusService onStartCommand begin
06-04 11:24:10.060 D/aaa ( 4951): topPkg is -------------- :com.dangbei.haqusetting
06-04 11:24:10.086 D/CompatibilityChangeReporter( 689): Compat change id reported: 214016041; UID 1000; state: DISABLED
06-04 11:24:10.087 D/CompatibilityChangeReporter( 689): Compat change id reported: 214016041; UID 1000; state: ENABLED
06-04 11:24:10.088 I/ImeTracker( 689): com.dangbei.haqusetting:881bb0a4: onRequestHide at ORIGIN_SERVER_HIDE_INPUT reason HIDE_UNSPECIFIED_WINDOW
06-04 11:24:10.088 I/ImeTracker( 689): com.dangbei.haqusetting:881bb0a4: onCancelled at PHASE_SERVER_SHOULD_HIDE
06-04 11:24:10.092 I/DefaultIMS( 1440): onStartInput attribute=android.view.inputmethod.EditorInfo@c5123b3 restarting=false inputType: 0
06-04 11:24:10.154 I/PlayThreadMonitor( 3472): in playerthread monitor handler
06-04 11:24:10.154 I/PlayThreadMonitor( 3472): in monitor runnable
06-04 11:24:10.253 E/ccc ( 1420): cccccc UpdateHelper onMessageReceived com.dangbei.haqusetting com.dangbei.etna.update {"action":"get","functionTag":"leaf_controller_function_controller_dangbei_update","value":0} com.dangbei.lerad.etna.aidl.IEtnaAidlCallback$Stub$Proxy@fe51e7a
06-04 11:24:10.254 E/ccc ( 1420): cccccc 缓存获取遥控器版本 DB-15B-H5-R0111
06-04 11:24:10.260 D/BluetoothGatt( 1420): connect() - device: E4:BB:D3:57:C0:7A, auto: true
06-04 11:24:10.260 D/BluetoothGatt( 1420): registerApp()
06-04 11:24:10.261 D/BluetoothGatt( 1420): registerApp() - UUID=0dadb3d7-4c9f-40f7-a963-90202208595a
06-04 11:24:10.263 I/bluetooth( 4734): packages/modules/Bluetooth/system/stack/gatt/gatt_api.cc:1257 GATT_Register: Allocated name:GattClient uuid:62b1beac-9509-5ed9-aa10-dccaee155b4b gatt_if:7 eatt_support:0
06-04 11:24:10.263 E/ccc ( 1420): cccccc 请求电量实时 -1
06-04 11:24:10.263 I/bluetooth( 4734): packages/modules/Bluetooth/system/stack/gatt/gatt_api.cc:1371 GATT_StartIf: GATT interface 7 already has connected device xx:xx:xx:xx:c0:7a
06-04 11:24:10.263 I/bluetooth( 4734): packages/modules/Bluetooth/system/stack/gatt/gatt_api.cc:1374 GATT_StartIf: Invoking callback with connection id 7
06-04 11:24:10.263 I/bt_bta_gattc( 4734): packages/modules/Bluetooth/system/bta/gatt/bta_gattc_act.cc:1304 bta_gattc_conn_cback: Connected client_if:7 addr:xx:xx:xx:xx:c0:7a, transport:BT_TRANSPORT_LE reason:GATT_CONN_OK
06-04 11:24:10.263 E/bta_gattc_main( 4734): packages/modules/Bluetooth/system/bta/gatt/bta_gattc_main.cc:395 bta_gattc_hdl_event: Ignore unknown conn ID: 7
06-04 11:24:10.263 D/BluetoothGatt( 1420): onClientRegistered() - status=0 clientIf=7
06-04 11:24:10.265 I/bt_btif_gattc( 4734): packages/modules/Bluetooth/system/btif/src/btif_gatt_client.cc:340 btif_gattc_open_impl: Transport=2, device type=2, address type =0, phy=1
06-04 11:24:10.265 I/bluetooth( 4734): packages/modules/Bluetooth/system/stack/gatt/gatt_main.cc:405 gatt_update_app_use_link_flag: disable link idle timer for xx:xx:xx:xx:c0:7a
06-04 11:24:10.265 I/bt_stack( 4734): [INFO:l2c_api.cc(1607)] L2CA_MarkLeLinkAsActivesetting link to e4:bb:d3:57:c0:7a as active
06-04 11:24:10.265 I/bluetooth( 4734): packages/modules/Bluetooth/system/stack/gatt/gatt_api.cc:1206 GATT_SetIdleTimeout: idle_timeout=65535, is_active=1, status=1 (1-OK 0-not performed)
06-04 11:24:10.265 D/BtGatt.GattService( 4734): onConnected() - adding permit for address=E4:BB:D3:57:C0:7A
06-04 11:24:10.265 D/BluetoothGatt( 1420): onClientConnectionState() - status=0 clientIf=7 device=E4:BB:D3:57:C0:7A
06-04 11:24:10.265 D/BluetoothGatt( 1420): discoverServices() - device: E4:BB:D3:57:C0:7A
06-04 11:24:10.270 I/bt_bta_gattc( 4734): packages/modules/Bluetooth/system/bta/gatt/bta_gattc_cache.cc:1035 bta_gattc_get_gatt_db: bta_gattc_get_gatt_db
06-04 11:24:10.272 D/BluetoothGatt( 1420): onSearchComplete() = Device=E4:BB:D3:57:C0:7A Status=0
06-04 11:24:10.279 D/CompatibilityChangeReporter( 6878): Compat change id reported: 210923482; UID 1000; state: DISABLED
06-04 11:24:10.279 D/CompatibilityChangeReporter( 6878): Compat change id reported: 37756858; UID 1000; state: ENABLED
06-04 11:24:10.378 D/ConnectivityService( 689): requestNetwork for uid/pid:1000/6878 activeRequest: null callbackRequest: 63 [NetworkRequest [ REQUEST id=64, [ Capabilities: INTERNET&NOT_RESTRICTED&TRUSTED&NOT_VCN_MANAGED Uid: 1000 RequestorUid: 1000 RequestorPkg: com.dangbei.haqusetting UnderlyingNetworks: Null] ]] callback flags: 0 order: 2147483647
06-04 11:24:10.381 D/WifiNetworkFactory( 689): got request NetworkRequest [ REQUEST id=64, [ Capabilities: INTERNET&NOT_RESTRICTED&TRUSTED&NOT_VCN_MANAGED Uid: 1000 RequestorUid: 1000 RequestorPkg: com.dangbei.haqusetting UnderlyingNetworks: Null] ]
06-04 11:24:10.382 D/ConnectivityService( 689): NetReassign [64 : null → 100] [c 0] [a 0] [i 2]
06-04 11:24:10.382 D/UntrustedWifiNetworkFactory( 689): got request NetworkRequest [ REQUEST id=64, [ Capabilities: INTERNET&NOT_RESTRICTED&TRUSTED&NOT_VCN_MANAGED Uid: 1000 RequestorUid: 1000 RequestorPkg: com.dangbei.haqusetting UnderlyingNetworks: Null] ]
06-04 11:24:10.382 D/OemPaidWifiNetworkFactory( 689): got request NetworkRequest [ REQUEST id=64, [ Capabilities: INTERNET&NOT_RESTRICTED&TRUSTED&NOT_VCN_MANAGED Uid: 1000 RequestorUid: 1000 RequestorPkg: com.dangbei.haqusetting UnderlyingNetworks: Null] ]
06-04 11:24:10.382 D/MultiInternetWifiNetworkFactory( 689): got request NetworkRequest [ REQUEST id=64, [ Capabilities: INTERNET&NOT_RESTRICTED&TRUSTED&NOT_VCN_MANAGED Uid: 1000 RequestorUid: 1000 RequestorPkg: com.dangbei.haqusetting UnderlyingNetworks: Null] ]
06-04 11:24:10.385 I/DefaultIMS( 1440): onStartInput attribute=android.view.inputmethod.EditorInfo@6deed70 restarting=false inputType: 0
06-04 11:24:10.449 V/WindowManagerShell( 939): Transition animation finished (aborted=false), notifying core (#16)android.os.BinderProxy@df885be@0
06-04 11:24:10.453 V/WindowManagerShell( 939): Track 0 became idle
06-04 11:24:10.453 V/WindowManager( 689): Finish Transition #16: created at
06-04 11:24:09.637 collect-started=0.119ms request-sent=10.487ms started=15.399ms ready=193.529ms sent=401.332ms finished=813.723ms
06-04 11:24:10.453 V/WindowManagerShell( 939): All active transition animations finished
06-04 11:24:10.552 I/HCDN_DownloadEn( 3472): type=1400 audit(0.0:1789): avc: denied { open } for path="/proc/stat" dev="proc" ino=4026532003 scontext=u:r:untrusted_app_29:s0:c75,c256,c512,c768 tcontext=u:object_r:proc_stat:s0 tclass=file permissive=1 app=com.dangbei.hqmedia
06-04 11:24:10.552 I/HCDN_DownloadEn( 3472): type=1400 audit(0.0:1790): avc: denied { getattr } for path="/proc/stat" dev="proc" ino=4026532003 scontext=u:r:untrusted_app_29:s0:c75,c256,c512,c768 tcontext=u:object_r:proc_stat:s0 tclass=file permissive=1 app=com.dangbei.hqmedia
06-04 11:24:10.573 E/ccc ( 1420): cccccc settingHelper resetManager
06-04 11:24:10.574 V/HdmiDisplayManager( 1420): Amlogic Y5
06-04 11:24:10.574 E/ccc ( 1420): cccccc 去判断 是不是 auto
06-04 11:24:10.582 E/ccc ( 1420): cccccc current is 4k (59.94 Hz)
06-04 11:24:10.599 E/ccc ( 1420): cccccc ColorFormatManager reset
06-04 11:24:10.600 V/MesonDisplayServer( 287): GetDisplayMode:2160p60hz
06-04 11:24:10.602 V/MesonDisplayServer( 287): GetDisplayMode:2160p60hz
06-04 11:24:10.602 D/MesonDisplay( 287): meson_write /sys/class/amhdmitx/amhdmitx0/valid_mode, outputmode:2160p60hz420,12bit
06-04 11:24:10.603 D/MesonDisplay( 287): valid mode is true!
06-04 11:24:10.603 D/MesonDisplay( 287): meson_write /sys/class/amhdmitx/amhdmitx0/valid_mode, outputmode:2160p60hz420,10bit
06-04 11:24:10.603 D/MesonDisplay( 287): valid mode is true!
06-04 11:24:10.603 D/MesonDisplay( 287): meson_write /sys/class/amhdmitx/amhdmitx0/valid_mode, outputmode:2160p60hz420,8bit
06-04 11:24:10.603 D/MesonDisplay( 287): valid mode is true!
06-04 11:24:10.603 D/MesonDisplay( 287): meson_write /sys/class/amhdmitx/amhdmitx0/valid_mode, outputmode:2160p60hz444,12bit
06-04 11:24:10.603 D/MesonDisplay( 287): valid mode is false!
06-04 11:24:10.603 D/MesonDisplay( 287): meson_write /sys/class/amhdmitx/amhdmitx0/valid_mode, outputmode:2160p60hz444,10bit
06-04 11:24:10.603 D/MesonDisplay( 287): valid mode is false!
06-04 11:24:10.603 D/MesonDisplay( 287): meson_write /sys/class/amhdmitx/amhdmitx0/valid_mode, outputmode:2160p60hz444,8bit
06-04 11:24:10.603 D/MesonDisplay( 287): valid mode is true!
06-04 11:24:10.603 D/MesonDisplay( 287): meson_write /sys/class/amhdmitx/amhdmitx0/valid_mode, outputmode:2160p60hz422,12bit
06-04 11:24:10.603 D/MesonDisplay( 287): valid mode is true!
06-04 11:24:10.603 D/MesonDisplay( 287): meson_write /sys/class/amhdmitx/amhdmitx0/valid_mode, outputmode:2160p60hzrgb,12bit
06-04 11:24:10.603 D/MesonDisplay( 287): valid mode is false!
06-04 11:24:10.603 D/MesonDisplay( 287): meson_write /sys/class/amhdmitx/amhdmitx0/valid_mode, outputmode:2160p60hzrgb,10bit
06-04 11:24:10.603 D/MesonDisplay( 287): valid mode is false!
06-04 11:24:10.603 D/MesonDisplay( 287): meson_write /sys/class/amhdmitx/amhdmitx0/valid_mode, outputmode:2160p60hzrgb,8bit
06-04 11:24:10.604 D/MesonDisplay( 287): valid mode is true!
06-04 11:24:10.604 I/MesonHwc( 287): [/ModePolicy.cpp, getCurrentSupportDeepColor, 736] getCurrentSupportDeepColor current mode: 2160p60hz supported color: 420,12bit
06-04 11:24:10.604 I/MesonHwc( 287): 420,10bit
06-04 11:24:10.604 I/MesonHwc( 287): 420,8bit
06-04 11:24:10.604 I/MesonHwc( 287): 444,8bit
06-04 11:24:10.604 I/MesonHwc( 287): 422,12bit
06-04 11:24:10.604 I/MesonHwc( 287): rgb,8bit
06-04 11:24:10.606 D/MesonDisplayServer( 287): use connector getDisplayAttribute "HDR Priority": "268435472"
06-04 11:24:10.607 I/SystemControl( 318): [/DisplayMode.cpp, getCurrentHdrPriority, 2840] getCurrentHdrPriority is [0x10000010]
06-04 11:24:10.607 V/MesonDisplayServer( 287): GetDisplayMode:2160p60hz
06-04 11:24:10.609 D/MesonDisplayServer( 287): use connector getDisplayAttribute "HDR Priority": "268435472"
06-04 11:24:10.609 I/SystemControl( 318): [/DisplayMode.cpp, getCurrentHdrPriority, 2840] getCurrentHdrPriority is [0x10000010]
06-04 11:24:10.612 V/MesonDisplayServer( 287): GetDisplayMode:2160p60hz
06-04 11:24:10.612 D/MesonDisplay( 287): meson_write /sys/class/amhdmitx/amhdmitx0/valid_mode, outputmode:2160p60hz420,12bit
06-04 11:24:10.612 D/MesonDisplay( 287): valid mode is true!
06-04 11:24:10.612 D/MesonDisplay( 287): meson_write /sys/class/amhdmitx/amhdmitx0/valid_mode, outputmode:2160p60hz420,10bit
06-04 11:24:10.613 D/MesonDisplay( 287): valid mode is true!
06-04 11:24:10.613 D/MesonDisplay( 287): meson_write /sys/class/amhdmitx/amhdmitx0/valid_mode, outputmode:2160p60hz420,8bit
06-04 11:24:10.613 D/MesonDisplay( 287): valid mode is true!
06-04 11:24:10.613 D/MesonDisplay( 287): meson_write /sys/class/amhdmitx/amhdmitx0/valid_mode, outputmode:2160p60hz444,12bit
06-04 11:24:10.613 D/MesonDisplay( 287): valid mode is false!
06-04 11:24:10.613 D/MesonDisplay( 287): meson_write /sys/class/amhdmitx/amhdmitx0/valid_mode, outputmode:2160p60hz444,10bit
06-04 11:24:10.613 D/MesonDisplay( 287): valid mode is false!
06-04 11:24:10.613 D/MesonDisplay( 287): meson_write /sys/class/amhdmitx/amhdmitx0/valid_mode, outputmode:2160p60hz444,8bit
06-04 11:24:10.613 D/MesonDisplay( 287): valid mode is true!
06-04 11:24:10.613 D/MesonDisplay( 287): meson_write /sys/class/amhdmitx/amhdmitx0/valid_mode, outputmode:2160p60hz422,12bit
06-04 11:24:10.614 D/MesonDisplay( 287): valid mode is true!
06-04 11:24:10.614 D/MesonDisplay( 287): meson_write /sys/class/amhdmitx/amhdmitx0/valid_mode, outputmode:2160p60hzrgb,12bit
06-04 11:24:10.614 D/MesonDisplay( 287): valid mode is false!
06-04 11:24:10.614 D/MesonDisplay( 287): meson_write /sys/class/amhdmitx/amhdmitx0/valid_mode, outputmode:2160p60hzrgb,10bit
06-04 11:24:10.614 D/MesonDisplay( 287): valid mode is false!
06-04 11:24:10.614 D/MesonDisplay( 287): meson_write /sys/class/amhdmitx/amhdmitx0/valid_mode, outputmode:2160p60hzrgb,8bit
06-04 11:24:10.614 D/MesonDisplay( 287): valid mode is true!
06-04 11:24:10.614 I/MesonHwc( 287): [/ModePolicy.cpp, getCurrentSupportDeepColor, 736] getCurrentSupportDeepColor current mode: 2160p60hz supported color: 420,12bit
06-04 11:24:10.614 I/MesonHwc( 287): 420,10bit
06-04 11:24:10.614 I/MesonHwc( 287): 420,8bit
06-04 11:24:10.614 I/MesonHwc( 287): 444,8bit
06-04 11:24:10.614 I/MesonHwc( 287): 422,12bit
06-04 11:24:10.614 I/MesonHwc( 287): rgb,8bit
06-04 11:24:10.615 V/MesonDisplayServer( 287): GetDisplayMode:2160p60hz
06-04 11:24:10.617 D/MesonDisplayServer( 287): use connector getDisplayAttribute "HDMI Color ATTR": "420,10bit"
06-04 11:24:10.617 I/SystemControl( 318): [/DisplayMode.cpp, getDeepColorAttr, 2290] getDeepColorAttr colorspace:420,10bit
06-04 11:24:10.617 I/SystemControl( 318): get deep color attr mode 2160p60hz, value 420,10bit
06-04 11:24:10.617 E/ccc ( 1420): cccccc ColorHelper current get YCbCr 4:2:0 10-bit
06-04 11:24:10.630 E/ccc ( 1420): cccccc current is 4k (59.94 Hz)
06-04 11:24:10.647 E/ccc ( 1420): cccccc ColorFormatManager reset
06-04 11:24:10.648 D/MesonDisplayServer( 287): use connector getDisplayAttribute "HDR Priority": "268435472"
06-04 11:24:10.648 I/SystemControl( 318): [/DisplayMode.cpp, getCurrentHdrPriority, 2840] getCurrentHdrPriority is [0x10000010]
06-04 11:24:10.649 V/MesonDisplayServer( 287): GetDisplayMode:2160p60hz
06-04 11:24:10.651 D/MesonDisplayServer( 287): use connector getDisplayAttribute "HDR Priority": "268435472"
06-04 11:24:10.652 I/SystemControl( 318): [/DisplayMode.cpp, getCurrentHdrPriority, 2840] getCurrentHdrPriority is [0x10000010]
06-04 11:24:10.654 V/MesonDisplayServer( 287): GetDisplayMode:2160p60hz
06-04 11:24:10.654 D/MesonDisplay( 287): meson_write /sys/class/amhdmitx/amhdmitx0/valid_mode, outputmode:2160p60hz420,12bit
06-04 11:24:10.654 D/MesonDisplay( 287): valid mode is true!
06-04 11:24:10.654 D/MesonDisplay( 287): meson_write /sys/class/amhdmitx/amhdmitx0/valid_mode, outputmode:2160p60hz420,10bit
06-04 11:24:10.655 D/MesonDisplay( 287): valid mode is true!
06-04 11:24:10.655 D/MesonDisplay( 287): meson_write /sys/class/amhdmitx/amhdmitx0/valid_mode, outputmode:2160p60hz420,8bit
06-04 11:24:10.655 D/MesonDisplay( 287): valid mode is true!
06-04 11:24:10.655 D/MesonDisplay( 287): meson_write /sys/class/amhdmitx/amhdmitx0/valid_mode, outputmode:2160p60hz444,12bit
06-04 11:24:10.655 D/MesonDisplay( 287): valid mode is false!
06-04 11:24:10.655 D/MesonDisplay( 287): meson_write /sys/class/amhdmitx/amhdmitx0/valid_mode, outputmode:2160p60hz444,10bit
06-04 11:24:10.655 D/MesonDisplay( 287): valid mode is false!
06-04 11:24:10.655 D/MesonDisplay( 287): meson_write /sys/class/amhdmitx/amhdmitx0/valid_mode, outputmode:2160p60hz444,8bit
06-04 11:24:10.655 D/MesonDisplay( 287): valid mode is true!
06-04 11:24:10.655 D/MesonDisplay( 287): meson_write /sys/class/amhdmitx/amhdmitx0/valid_mode, outputmode:2160p60hz422,12bit
06-04 11:24:10.655 D/MesonDisplay( 287): valid mode is true!
06-04 11:24:10.655 D/MesonDisplay( 287): meson_write /sys/class/amhdmitx/amhdmitx0/valid_mode, outputmode:2160p60hzrgb,12bit
06-04 11:24:10.655 D/MesonDisplay( 287): valid mode is false!
06-04 11:24:10.655 D/MesonDisplay( 287): meson_write /sys/class/amhdmitx/amhdmitx0/valid_mode, outputmode:2160p60hzrgb,10bit
06-04 11:24:10.655 D/MesonDisplay( 287): valid mode is false!
06-04 11:24:10.655 D/MesonDisplay( 287): meson_write /sys/class/amhdmitx/amhdmitx0/valid_mode, outputmode:2160p60hzrgb,8bit
06-04 11:24:10.655 D/MesonDisplay( 287): valid mode is true!
06-04 11:24:10.655 I/MesonHwc( 287): [/ModePolicy.cpp, getCurrentSupportDeepColor, 736] getCurrentSupportDeepColor current mode: 2160p60hz supported color: 420,12bit
06-04 11:24:10.655 I/MesonHwc( 287): 420,10bit
06-04 11:24:10.655 I/MesonHwc( 287): 420,8bit
06-04 11:24:10.655 I/MesonHwc( 287): 444,8bit
06-04 11:24:10.655 I/MesonHwc( 287): 422,12bit
06-04 11:24:10.655 I/MesonHwc( 287): rgb,8bit
06-04 11:24:10.656 V/MesonDisplayServer( 287): GetDisplayMode:2160p60hz
06-04 11:24:10.657 D/MesonDisplayServer( 287): use connector getDisplayAttribute "HDMI Color ATTR": "420,10bit"
06-04 11:24:10.657 I/SystemControl( 318): [/DisplayMode.cpp, getDeepColorAttr, 2290] getDeepColorAttr colorspace:420,10bit
06-04 11:24:10.658 I/SystemControl( 318): get deep color attr mode 2160p60hz, value 420,10bit
06-04 11:24:10.658 E/ccc ( 1420): cccccc ColorHelper current get YCbCr 4:2:0 10-bit
06-04 11:24:10.723 D/XM_HIDREAD( 1961): poll ret=1, event=1
06-04 11:24:10.723 D/XM_HIDREAD( 1961): [9 bytes]:01 00 00 51 00 00 00 00 00
06-04 11:24:10.728 D/audioserver( 521): logFgsApiBegin: FGS Logger Transaction failed, -129
06-04 11:24:10.730 I/SogouIME( 1440): onKeyDown: keyoCode=20
06-04 11:24:10.730 I/DefaultIMS( 1440): onKeyDown: keyoCode=20
06-04 11:24:10.739 D/audioserver( 521): logFgsApiBegin: FGS Logger Transaction failed, -129
06-04 11:24:10.741 I/audio_hw_hal_primary( 476): out_update_source_metadata_v7() line 2013 usage:1 content_type:2
06-04 11:24:10.749 I/DefaultIMS( 1440): onStartInput attribute=android.view.inputmethod.EditorInfo@de368e9 restarting=false inputType: 0
06-04 11:24:10.868 I/audio_hw_hal_primary( 476): [audiohal_get_latency:1333] io 13: out:0xf07c5650 frames:1024 rate:48000 whole_latency:21 alsa_latency:21
06-04 11:24:10.883 D/XM_HIDREAD( 1961): poll ret=1, event=1
06-04 11:24:10.883 D/XM_HIDREAD( 1961): [9 bytes]:01 00 00 00 00 00 00 00 00
06-04 11:24:10.886 I/SogouIME( 1440): onKeyUp: keyoCode=20
06-04 11:24:10.887 I/DefaultIMS( 1440): onKeyUp: keyoCode=20
06-04 11:24:10.911 I/audio_hw_hal_primary( 476): [audiohal_get_latency:1333] io 13: out:0xf07c5650 frames:1152 rate:48000 whole_latency:24 alsa_latency:24
06-04 11:24:10.911 I/audio_hw_hal_primary( 476): [audiohal_get_latency:1333] io 13: out:0xf07c5650 frames:1024 rate:48000 whole_latency:21 alsa_latency:21
06-04 11:24:10.933 I/audio_hw_hal_primary( 476): [audiohal_get_latency:1333] io 13: out:0xf07c5650 frames:1024 rate:48000 whole_latency:21 alsa_latency:21
06-04 11:24:10.933 I/audio_hw_hal_primary( 476): [audiohal_get_latency:1333] io 13: out:0xf07c5650 frames:1280 rate:48000 whole_latency:26 alsa_latency:26
06-04 11:24:10.954 I/audio_hw_hal_primary( 476): [audiohal_get_latency:1333] io 13: out:0xf07c5650 frames:1024 rate:48000 whole_latency:21 alsa_latency:21
06-04 11:24:10.954 I/audio_hw_hal_primary( 476): [audiohal_get_latency:1333] io 13: out:0xf07c5650 frames:1024 rate:48000 whole_latency:21 alsa_latency:21
06-04 11:24:10.961 I/WifiHAL ( 501): call wifi_get_link_stats handler
06-04 11:24:10.962 I/WifiHAL ( 501): Creating message to get link statistics; iface = 16
06-04 11:24:10.962 D/WifiHAL ( 501): error code -95 mapped to -3
06-04 11:24:10.962 I/WifiService( 689): startScan uid=1000
06-04 11:24:10.962 E/WifiStaIfaceAidlImpl( 689): getLinkLayerStats failed with service-specific exception: android.os.ServiceSpecificException: (code 4)
06-04 11:24:10.974 E/ccc ( 6878): cccccc i will start scan
06-04 11:24:10.974 D/InstantWifi( 689): Receive Wifi is connected, freq = 5745 and currentNetworkId : 0, wifiinfo = SSID: , BSSID: 02:00:00:00:00:00, MAC: 02:00:00:00:00:00, IP: /192.168.3.125, Security type: 2, Supplicant state: COMPLETED, Wi-Fi standard: 6, RSSI: -55, Link speed: 1200Mbps, Tx Link speed: 1200Mbps, Max Supported Tx Link speed: 1200Mbps, Rx Link speed: 6Mbps, Max Supported Rx Link speed: 1200Mbps, Frequency: 5745MHz, Net ID: -1, Metered hint: false, score: 60, isUsable: true, CarrierMerged: false, SubscriptionId: -1, IsPrimary: 1, Trusted: true, Restricted: false, Ephemeral: false, OEM paid: false, OEM private: false, OSU AP: false, FQDN: , Provider friendly name: , Requesting package name: MLO Information: , Is TID-To-Link negotiation supported by the AP: false, AP MLD Address: , AP MLO Link Id: , AP MLO Affiliated links:
06-04 11:24:10.977 I/audio_hw_hal_primary( 476): [audiohal_get_latency:1333] io 13: out:0xf07c5650 frames:1280 rate:48000 whole_latency:26 alsa_latency:26
06-04 11:24:10.978 I/audio_hw_hal_primary( 476): [audiohal_get_latency:1333] io 13: out:0xf07c5650 frames:1152 rate:48000 whole_latency:24 alsa_latency:24
06-04 11:24:10.982 E/ccc ( 6878): cccccc 222222222222222222
06-04 11:24:10.984 D/XM_HIDREAD( 1961): poll ret=1, event=1
06-04 11:24:10.984 D/XM_HIDREAD( 1961): [9 bytes]:01 00 00 51 00 00 00 00 00
06-04 11:24:10.988 D/InstantWifi( 689): Drop, size: 1
06-04 11:24:10.990 D/WifiNl80211Manager( 689): Scan result ready event
06-04 11:24:10.991 D/WifiNative( 689): Scan result ready event
06-04 11:24:10.992 D/WificondScannerImpl( 689): Filtering out 1 scan results.
06-04 11:24:10.996 I/audio_hw_hal_primary( 476): [audiohal_get_latency:1333] io 13: out:0xf07c5650 frames:1152 rate:48000 whole_latency:24 alsa_latency:24
06-04 11:24:10.997 E/hq ( 1441): NetWorkStateReceiver:::NetWorkStateReceiver onReceive: 网络变化广播 >>>> intent.action=android.net.wifi.SCAN_RESULTS
06-04 11:24:10.999 I/WifiHAL ( 501): call wifi_get_link_stats handler
06-04 11:24:10.999 I/WifiHAL ( 501): Creating message to get link statistics; iface = 16
06-04 11:24:10.999 D/WifiHAL ( 501): error code -95 mapped to -3
06-04 11:24:11.000 E/WifiStaIfaceAidlImpl( 689): getLinkLayerStats failed with service-specific exception: android.os.ServiceSpecificException: (code 4)
06-04 11:24:11.002 E/ccc ( 6878): cccccc sort 2 48
06-04 11:24:11.004 W/eventbuscore( 1441): post Event:com.dangbei.leard.base.entity.event.NetWifiRssiEvent
06-04 11:24:11.006 E/ccc ( 6878): cccccc 4444444444444444444 CONNECTED
06-04 11:24:11.014 E/ccc ( 6878): cccccc sort 2 0
06-04 11:24:11.014 E/ccc ( 6878): cccccc scanResult size is zero reset
06-04 11:24:11.021 I/TvUniPlayer/UniPlayer@ca2c597( 3472): in handleMessage event:10000
06-04 11:24:11.027 I/SogouIME( 1440): onKeyDown: keyoCode=20
06-04 11:24:11.027 I/DefaultIMS( 1440): onKeyDown: keyoCode=20
06-04 11:24:11.033 E/ccc ( 6878): cccccc SCAN_RESULTS_AVAILABLE_ACTION hhhh
06-04 11:24:11.034 E/ccc ( 6878): cccccc result is empty start scan
06-04 11:24:11.035 I/WifiService( 689): startScan uid=1000
06-04 11:24:11.042 D/InstantWifi( 689): Drop, size: 1
06-04 11:24:11.043 W/ScanResultUtil( 689): Empty or null ScanResult list
06-04 11:24:11.043 W/WifiService( 689): Attempt to retrieve WifiConfiguration with invalid scanResult List
06-04 11:24:11.044 W/ScanResultUtil( 689): Empty or null ScanResult list
06-04 11:24:11.044 E/WifiService( 689): Attempt to retrieve passpoint with invalid scanResult List
06-04 11:24:11.044 W/ScanResultUtil( 689): Empty or null ScanResult list
06-04 11:24:11.044 W/WifiService( 689): Attempt to retrieve OsuProviders with invalid scanResult List
06-04 11:24:11.044 I//apex/com.android.adbd/bin/adbd( 1357): type=1400 audit(0.0:1791): avc: denied { connectto } for comm=75736220666673206F70656E path="/dev/socket/property_service" scontext=u:r:su:s0 tcontext=u:r:init:s0 tclass=unix_stream_socket permissive=1
06-04 11:24:11.078 D/OpenGLRenderer( 6878): --- Failed to create image decoder with message 'unimplemented'
06-04 11:24:11.079 D/OpenGLRenderer( 6878): --- Failed to create image decoder with message 'unimplemented'
06-04 11:24:11.080 D/OpenGLRenderer( 6878): --- Failed to create image decoder with message 'unimplemented'
06-04 11:24:11.080 D/OpenGLRenderer( 6878): --- Failed to create image decoder with message 'unimplemented'
06-04 11:24:11.081 D/OpenGLRenderer( 6878): --- Failed to create image decoder with message 'unimplemented'
06-04 11:24:11.082 D/OpenGLRenderer( 6878): --- Failed to create image decoder with message 'unimplemented'
06-04 11:24:11.143 D/XM_HIDREAD( 1961): poll ret=1, event=1
06-04 11:24:11.143 D/XM_HIDREAD( 1961): [9 bytes]:01 00 00 00 00 00 00 00 00
06-04 11:24:11.144 I/SogouIME( 1440): onKeyUp: keyoCode=20
06-04 11:24:11.144 I/DefaultIMS( 1440): onKeyUp: keyoCode=20
06-04 11:24:11.167 I/audio_hw_hal_primary( 476): [audiohal_get_latency:1333] io 13: out:0xf07c5650 frames:1152 rate:48000 whole_latency:24 alsa_latency:24
06-04 11:24:11.167 I/audio_hw_hal_primary( 476): [audiohal_get_latency:1333] io 13: out:0xf07c5650 frames:1024 rate:48000 whole_latency:21 alsa_latency:21
06-04 11:24:11.189 I/audio_hw_hal_primary( 476): [audiohal_get_latency:1333] io 13: out:0xf07c5650 frames:1024 rate:48000 whole_latency:21 alsa_latency:21
06-04 11:24:11.189 I/audio_hw_hal_primary( 476): [audiohal_get_latency:1333] io 13: out:0xf07c5650 frames:1024 rate:48000 whole_latency:21 alsa_latency:21
06-04 11:24:11.209 I/audio_hw_hal_primary( 476): [audiohal_get_latency:1333] io 13: out:0xf07c5650 frames:1152 rate:48000 whole_latency:24 alsa_latency:24
06-04 11:24:11.210 I/audio_hw_hal_primary( 476): [audiohal_get_latency:1333] io 13: out:0xf07c5650 frames:1280 rate:48000 whole_latency:26 alsa_latency:26
06-04 11:24:11.232 I/audio_hw_hal_primary( 476): [audiohal_get_latency:1333] io 13: out:0xf07c5650 frames:1024 rate:48000 whole_latency:21 alsa_latency:21
06-04 11:24:11.232 I/audio_hw_hal_primary( 476): [audiohal_get_latency:1333] io 13: out:0xf07c5650 frames:1024 rate:48000 whole_latency:21 alsa_latency:21
06-04 11:24:11.243 D/XM_HIDREAD( 1961): poll ret=1, event=1
06-04 11:24:11.243 D/XM_HIDREAD( 1961): [9 bytes]:01 00 00 51 00 00 00 00 00
06-04 11:24:11.252 I/audio_hw_hal_primary( 476): [audiohal_get_latency:1333] io 13: out:0xf07c5650 frames:1152 rate:48000 whole_latency:24 alsa_latency:24
06-04 11:24:11.256 D/CompatibilityChangeReporter( 6878): Compat change id reported: 263076149; UID 1000; state: DISABLED
06-04 11:24:11.262 I/SogouIME( 1440): onKeyDown: keyoCode=20
06-04 11:24:11.262 I/DefaultIMS( 1440): onKeyDown: keyoCode=20
06-04 11:24:11.348 D/XM_HIDREAD( 1961): poll ret=1, event=1
06-04 11:24:11.348 D/XM_HIDREAD( 1961): [9 bytes]:01 00 00 00 00 00 00 00 00
06-04 11:24:11.359 I/SogouIME( 1440): onKeyUp: keyoCode=20
06-04 11:24:11.359 I/DefaultIMS( 1440): onKeyUp: keyoCode=20
06-04 11:24:11.423 I/audio_hw_hal_primary( 476): [audiohal_get_latency:1333] io 13: out:0xf07c5650 frames:1152 rate:48000 whole_latency:24 alsa_latency:24
06-04 11:24:11.423 I/audio_hw_hal_primary( 476): [audiohal_get_latency:1333] io 13: out:0xf07c5650 frames:1152 rate:48000 whole_latency:24 alsa_latency:24
06-04 11:24:11.444 I/audio_hw_hal_primary( 476): [audiohal_get_latency:1333] io 13: out:0xf07c5650 frames:1024 rate:48000 whole_latency:21 alsa_latency:21
06-04 11:24:11.444 I/audio_hw_hal_primary( 476): [audiohal_get_latency:1333] io 13: out:0xf07c5650 frames:1024 rate:48000 whole_latency:21 alsa_latency:21
06-04 11:24:11.465 I/audio_hw_hal_primary( 476): [audiohal_get_latency:1333] io 13: out:0xf07c5650 frames:1152 rate:48000 whole_latency:24 alsa_latency:24
06-04 11:24:11.465 I/audio_hw_hal_primary( 476): [audiohal_get_latency:1333] io 13: out:0xf07c5650 frames:1152 rate:48000 whole_latency:24 alsa_latency:24
06-04 11:24:11.487 I/audio_hw_hal_primary( 476): [audiohal_get_latency:1333] io 13: out:0xf07c5650 frames:1024 rate:48000 whole_latency:21 alsa_latency:21
06-04 11:24:11.487 I/audio_hw_hal_primary( 476): [audiohal_get_latency:1333] io 13: out:0xf07c5650 frames:1024 rate:48000 whole_latency:21 alsa_latency:21
06-04 11:24:11.509 I/audio_hw_hal_primary( 476): [audiohal_get_latency:1333] io 13: out:0xf07c5650 frames:1024 rate:48000 whole_latency:21 alsa_latency:21
06-04 11:24:11.509 I/audio_hw_hal_primary( 476): [audiohal_get_latency:1333] io 13: out:0xf07c5650 frames:1024 rate:48000 whole_latency:21 alsa_latency:21
06-04 11:24:11.511 I/DroidAudioManager.J( 1420): getService get IDroidAudio service success. ^_^
06-04 11:24:11.512 I/DroidAudio( 241): [registerClient:120] pid:1420, uid:1000
06-04 11:24:11.512 I/DroidAudio( 241): [registerClient:130] client:0xead0139c, uid:1000 pid:1420, client cout:2
06-04 11:24:11.516 I/binder:1420_3( 1420): type=1400 audit(0.0:1792): avc: denied { open } for path="/dev/__properties__/u:object_r:vendor_default_prop:s0" dev="tmpfs" ino=377 scontext=u:r:system_app:s0 tcontext=u:object_r:vendor_default_prop:s0 tclass=file permissive=1
06-04 11:24:11.516 I/binder:1420_3( 1420): type=1400 audit(0.0:1793): avc: denied { getattr } for path="/dev/__properties__/u:object_r:vendor_default_prop:s0" dev="tmpfs" ino=377 scontext=u:r:system_app:s0 tcontext=u:object_r:vendor_default_prop:s0 tclass=file permissive=1
06-04 11:24:11.516 I/binder:1420_3( 1420): type=1400 audit(0.0:1794): avc: denied { map } for path="/dev/__properties__/u:object_r:vendor_default_prop:s0" dev="tmpfs" ino=377 scontext=u:r:system_app:s0 tcontext=u:object_r:vendor_default_prop:s0 tclass=file permissive=1
06-04 11:24:11.519 E/ccc ( 1420): cccccc led current is 0 关闭
06-04 11:24:11.520 E/ccc ( 1420): cccccc led current is null
06-04 11:24:11.532 I/audio_hw_hal_primary( 476): [audiohal_get_latency:1333] io 13: out:0xf07c5650 frames:1152 rate:48000 whole_latency:24 alsa_latency:24
06-04 11:24:11.532 I/audio_hw_hal_primary( 476): [audiohal_get_latency:1333] io 13: out:0xf07c5650 frames:1152 rate:48000 whole_latency:24 alsa_latency:24
06-04 11:24:11.533 D/BluetoothAdapterService( 4734): cancelDiscovery
06-04 11:24:11.534 I/bt_btif_dm( 4734): packages/modules/Bluetooth/system/btif/src/btif_dm.cc:2470 btif_dm_cancel_discovery: Cancel search
06-04 11:24:11.534 I/bluetooth( 4734): packages/modules/Bluetooth/system/bta/dm/bta_dm_main.cc:96 bta_dm_search_sm_execute: state:BTA_DM_SEARCH_IDLE, event:BTA_DM_API_SEARCH_CANCEL_EVT[0x201]
06-04 11:24:11.541 E/ccc ( 1420): cccccc led current is 0 关闭
06-04 11:24:11.541 E/ccc ( 1420): cccccc led current is null
06-04 11:24:11.551 I/audio_hw_hal_primary( 476): [audiohal_get_latency:1333] io 13: out:0xf07c5650 frames:1024 rate:48000 whole_latency:21 alsa_latency:21
06-04 11:24:11.551 I/audio_hw_hal_primary( 476): [audiohal_get_latency:1333] io 13: out:0xf07c5650 frames:1024 rate:48000 whole_latency:21 alsa_latency:21
06-04 11:24:11.572 I/audio_hw_hal_primary( 476): [audiohal_get_latency:1333] io 13: out:0xf07c5650 frames:1024 rate:48000 whole_latency:21 alsa_latency:21
06-04 11:24:11.573 I/audio_hw_hal_primary( 476): [audiohal_get_latency:1333] io 13: out:0xf07c5650 frames:1024 rate:48000 whole_latency:21 alsa_latency:21
06-04 11:24:11.573 D/audioserver( 521): logFgsApiEnd: FGS Logger Transaction failed, -129
06-04 11:24:11.574 D/audioserver( 521): logFgsApiEnd: FGS Logger Transaction failed, -129
06-04 11:24:12.076 I//apex/com.android.adbd/bin/adbd( 1357): type=1400 audit(0.0:1795): avc: denied { write } for comm=75736220666673206F70656E name="property_service" dev="tmpfs" ino=411 scontext=u:r:su:s0 tcontext=u:object_r:property_socket:s0 tclass=sock_file permissive=1
06-04 11:24:12.203 D/XM_HIDREAD( 1961): poll ret=1, event=1
06-04 11:24:12.203 D/XM_HIDREAD( 1961): [9 bytes]:01 00 00 52 00 00 00 00 00
06-04 11:24:12.209 D/audioserver( 521): logFgsApiBegin: FGS Logger Transaction failed, -129
06-04 11:24:12.210 I/audio_hw_hal_primary( 476): out_update_source_metadata_v7() line 2013 usage:1 content_type:2
06-04 11:24:12.211 I/SogouIME( 1440): onKeyDown: keyoCode=19
06-04 11:24:12.211 I/DefaultIMS( 1440): onKeyDown: keyoCode=19
06-04 11:24:12.218 D/audioserver( 521): logFgsApiBegin: FGS Logger Transaction failed, -129
