06-04 11:05:46.200 D/CompatibilityChangeReporter( 689): Compat change id reported: 170503758; UID 10016; state: ENABLED
06-04 11:05:46.265 D/CompatibilityChangeReporter( 689): Compat change id reported: 261072174; UID 1000; state: DISABLED
06-04 11:05:46.271 W/ContextImpl( 1420): Calling a method in the system process without a qualified user: android.app.ContextImpl.sendBroadcast:1220 android.content.ContextWrapper.sendBroadcast:504 com.dangbei.lerad.etna.core.EtnaManager.sendRebootBroadcast:82 com.dangbei.lerad.etna.core.EtnaService.onStartCommand:89 android.app.ActivityThread.handleServiceArgs:4866
06-04 11:05:46.287 W/ContextImpl( 1420): Calling a method in the system process without a qualified user: android.app.ContextImpl.bindService:1988 android.content.ContextWrapper.bindService:861 com.dangbei.lerad.etna.lib.client.EtnaClient.bindServer:138 com.dangbei.lerad.etna.lib.client.EtnaClient.access$600:29 com.dangbei.lerad.etna.lib.client.EtnaClient$3.call:205
06-04 11:05:46.295 W/ContextImpl( 1420): Calling a method in the system process without a qualified user: android.app.ContextImpl.bindService:1988 android.content.ContextWrapper.bindService:861 com.dangbei.lerad.etna.lib.client.EtnaClient.bindServer:138 com.dangbei.lerad.etna.lib.client.EtnaClient.access$600:29 com.dangbei.lerad.etna.lib.client.EtnaClient$3.call:205
06-04 11:05:46.302 W/ContextImpl( 1420): Calling a method in the system process without a qualified user: android.app.ContextImpl.startService:1899 android.content.ContextWrapper.startService:825 com.dangbei.etna.setting.core.SettingHelper.startRocky:267 com.dangbei.etna.setting.core.SettingHelper.sendCycleCheckBootGuideStatusMessage:214 com.dangbei.etna.setting.core.SettingHelper.startLoop:203
06-04 11:05:46.303 W/ContextImpl( 1420): Calling a method in the system process without a qualified user: android.app.ContextImpl.startService:1899 android.content.ContextWrapper.startService:825 com.dangbei.etna.setting.core.SettingHelper.startRocky:267 com.dangbei.etna.setting.core.SettingHelper.sendCycleCheckBootGuideStatusMessage:214 com.dangbei.etna.setting.core.SettingHelper.startLoop:203
06-04 11:05:46.305 I/ActivityManager( 689): com.dangbei.lerad.rocky is exempt from freezer
06-04 11:05:46.305 D/CompatibilityChangeReporter( 689): Compat change id reported: 135634846; UID 1000; state: DISABLED
06-04 11:05:46.312 W/ContextImpl( 1420): Calling a method in the system process without a qualified user: android.app.ContextImpl.bindService:1988 android.content.ContextWrapper.bindService:861 com.dangbei.lerad.etna.lib.client.EtnaClient.bindServer:138 com.dangbei.lerad.etna.lib.client.EtnaClient.access$600:29 com.dangbei.lerad.etna.lib.client.EtnaClient$3.call:205
06-04 11:05:46.319 D/WallpaperManagerService( 689): Wallpaper_selinux_restorecon-0
06-04 11:05:46.320 W/ContextImpl( 1420): Calling a method in the system process without a qualified user: android.app.ContextImpl.sendBroadcast:1220 android.content.ContextWrapper.sendBroadcast:504 com.dangbei.etna.setting.core.SettingHelper.sendCycleToProjector:257 com.dangbei.etna.setting.core.SettingHelper.sendCycleCheckBroadcast:226 com.dangbei.etna.setting.core.SettingHelper.sendCycleCheckBootGuideStatusMessage:215
06-04 11:05:46.322 W/ContextImpl( 1420): Calling a method in the system process without a qualified user: android.app.ContextImpl.sendBroadcast:1220 android.content.ContextWrapper.sendBroadcast:504 com.dangbei.etna.setting.core.SettingHelper.sendCycleToVoice:242 com.dangbei.etna.setting.core.SettingHelper.sendCycleCheckBroadcast:227 com.dangbei.etna.setting.core.SettingHelper.sendCycleCheckBootGuideStatusMessage:215
06-04 11:05:46.324 W/ContextImpl( 1420): Calling a method in the system process without a qualified user: android.app.ContextImpl.sendBroadcast:1220 android.content.ContextWrapper.sendBroadcast:504 com.dangbei.etna.setting.core.SettingHelper.sendCycleToProjector:257 com.dangbei.etna.setting.core.SettingHelper.sendCycleCheckBroadcast:226 com.dangbei.etna.setting.core.SettingHelper.sendCycleCheckBootGuideStatusMessage:215
06-04 11:05:46.340 I/ActivityManager( 689): Start proc 1699:com.dangbei.lerad.rocky/1000 for service {com.dangbei.lerad.rocky/com.dangbei.rocky.RockyService}
06-04 11:05:46.351 D/CompatibilityChangeReporter( 689): Compat change id reported: 135634846; UID 10043; state: DISABLED
06-04 11:05:46.352 D/CompatibilityChangeReporter( 689): Compat change id reported: 143937733; UID 10043; state: DISABLED
06-04 11:05:46.360 W/ContextImpl( 1420): Calling a method in the system process without a qualified user: android.app.ContextImpl.sendBroadcast:1220 android.content.ContextWrapper.sendBroadcast:504 com.dangbei.etna.setting.core.SettingHelper.sendCycleToVoice:242 com.dangbei.etna.setting.core.SettingHelper.sendCycleCheckBroadcast:227 com.dangbei.etna.setting.core.SettingHelper.sendCycleCheckBootGuideStatusMessage:215
06-04 11:05:46.366 D/CompatibilityChangeReporter( 689): Compat change id reported: 171306433; UID 1000; state: ENABLED
06-04 11:05:46.375 W/ContextImpl( 1667): Calling a method in the system process without a qualified user: android.app.ContextImpl.startService:1899 android.content.ContextWrapper.startService:825 android.content.ContextWrapper.startService:825 com.droidlogic.mictoggle.AssistantMicMuteReceiver.onReceive:48 android.app.ActivityThread.handleReceiver:4494
06-04 11:05:46.386 D/CompatibilityChangeReporter( 689): Compat change id reported: 168419799; UID 1000; state: DISABLED
06-04 11:05:46.387 D/CompatibilityChangeReporter( 689): Compat change id reported: 273564678; UID 1000; state: DISABLED
06-04 11:05:46.398 D/HDMI ( 689): receive android.intent.action.BOOT_COMPLETED
06-04 11:05:46.398 I/HDMI ( 689): Receive boot completed broadcast
06-04 11:05:46.399 W/ContextImpl( 1063): Calling a method in the system process without a qualified user: android.app.ContextImpl.startService:1899 android.content.ContextWrapper.startService:825 android.content.ContextWrapper.startService:825 com.droidlogic.AiPqReceiver.onReceive:31 android.app.ActivityThread.handleReceiver:4494
06-04 11:05:46.408 D/CompatibilityChangeReporter( 689): Compat change id reported: 265195908; UID 10043; state: ENABLED
06-04 11:05:46.410 W/ContextImpl( 1269): Calling a method in the system process without a qualified user: android.app.ContextImpl.startForegroundService:1905 android.content.ContextWrapper.startForegroundService:830 android.content.ContextWrapper.startForegroundService:830 com.android.tv.settings.BootReceiver.onReceive:58 android.app.ActivityThread.handleReceiver:4494
06-04 11:05:46.411 W/ActivityManager( 689): Unable to start service Intent { act=android.intent.action.BOOT_COMPLETED flg=0x89000010 cmp=com.android.tv.settings/.BootReceiver (has extras) } U=0: not found
06-04 11:05:46.418 W/ActivityManager( 689): Slow operation: 67ms so far, now at startProcess: returned from zygote!
06-04 11:05:46.419 I/CheckInBootCompletedReceiver( 1336): Received boot completed intent
06-04 11:05:46.421 W/ActivityManager( 689): Slow operation: 70ms so far, now at startProcess: done updating battery stats
06-04 11:05:46.421 W/ActivityManager( 689): Slow operation: 70ms so far, now at startProcess: building log message
06-04 11:05:46.421 I/ActivityManager( 689): Start proc 1721:com.dangbei.screencast/u0a43 for broadcast {com.dangbei.screencast/com.dangbei.screencast.startup.BootReceiver}
06-04 11:05:46.421 W/ActivityManager( 689): Slow operation: 70ms so far, now at startProcess: starting to update pids map
06-04 11:05:46.421 W/ActivityManager( 689): Slow operation: 70ms so far, now at startProcess: done updating pids map
06-04 11:05:46.434 I/DlcClient( 1336): Binding com.android.devicelockcontroller/.storage.GlobalParametersService
06-04 11:05:46.436 I/DeviceCheckInHelper( 1336): enqueueDeviceCheckInWork with delay: PT0S
06-04 11:05:46.448 D/CompatibilityChangeReporter( 689): Compat change id reported: 253665015; UID 10058; state: ENABLED
06-04 11:05:46.448 D/CompatibilityChangeReporter( 689): Compat change id reported: 194532703; UID 10058; state: ENABLED
06-04 11:05:46.468 D/CompatibilityChangeReporter( 689): Compat change id reported: 168419799; UID 10043; state: DISABLED
06-04 11:05:46.469 D/CompatibilityChangeReporter( 689): Compat change id reported: 273564678; UID 10043; state: DISABLED
06-04 11:05:46.475 E/UsbDeviceManager( 689): Usb setCurrentUsbFunctionsCb failed ,functions:4 ,status:1 ,transactionId:6
06-04 11:05:46.475 I/UsbDeviceManager( 689): notifyCurrentFunction request:1 status:1
06-04 11:05:46.520 D/CompatibilityChangeReporter( 689): Compat change id reported: 170503758; UID 10043; state: DISABLED
06-04 11:05:46.532 D/CompatibilityChangeReporter( 689): Compat change id reported: 161145287; UID 10016; state: ENABLED
06-04 11:05:46.585 D/CompatibilityChangeReporter( 689): Compat change id reported: 253665015; UID 10016; state: ENABLED
06-04 11:05:46.588 D/CompatibilityChangeReporter( 689): Compat change id reported: 194532703; UID 10016; state: ENABLED
06-04 11:05:46.691 I/vold ( 248): fuse-bpf is enabled because /sys/fs/fuse/features/fuse_bpf reads 'supported'
06-04 11:05:46.691 I/vold ( 248): Setting ro.fuse.bpf.is_running to true
06-04 11:05:46.692 I/vold ( 248): Configuring read_ahead of /mnt/user/0/emulated fuse filesystem to 256kb
06-04 11:05:46.693 I/vold ( 248): Writing 256 to /sys/class/bdi/0:60/read_ahead_kb
06-04 11:05:46.693 I/vold ( 248): Configuring max_ratio of /mnt/user/0/emulated fuse filesystem to 40
06-04 11:05:46.693 I/vold ( 248): Writing 40 to /sys/class/bdi/0:60/max_ratio
06-04 11:05:46.696 I/StorageManagerService( 689): Mounted volume VolumeInfo{emulated;0}:
06-04 11:05:46.696 I/StorageManagerService( 689): type=EMULATED diskId=null partGuid= mountFlags=PRIMARY|VISIBLE_FOR_WRITE
06-04 11:05:46.696 I/StorageManagerService( 689): mountUserId=0 state=MOUNTED
06-04 11:05:46.696 I/StorageManagerService( 689): fsType=null fsUuid=null fsLabel=null
06-04 11:05:46.696 I/StorageManagerService( 689): path=/storage/emulated internalPath=/data/media
06-04 11:05:46.698 I/StorageSessionController( 689): Notifying volume state changed for session with id: emulated;0
06-04 11:05:46.729 I/StorageSessionController( 689): Notifying volume state changed for session with id: emulated;0
06-04 11:05:46.758 I/StorageSessionController( 689): Notifying volume state changed for session with id: emulated;0
06-04 11:05:46.787 D/CompatibilityChangeReporter( 689): Compat change id reported: 271850009; UID 10070; state: ENABLED
06-04 11:05:46.788 D/CompatibilityChangeReporter( 689): Compat change id reported: 253665015; UID 10070; state: ENABLED
06-04 11:05:46.789 D/CompatibilityChangeReporter( 689): Compat change id reported: 194532703; UID 10070; state: ENABLED
06-04 11:05:46.799 W/ContextImpl( 1699): Calling a method in the system process without a qualified user: android.app.ContextImpl.startService:1899 android.content.ContextWrapper.startService:825 com.cvte.tv.api.TvApiSDKManager.:177 com.cvte.tv.api.TvApiSDKManager.init:217 com.dangbei.rocky.component.system.SystemControlUtils.initSystemAidl:82
06-04 11:05:46.800 W/ActivityManager( 689): Unable to start service Intent { act=com.cvte.tv.api.TV_API_SERVICE pkg=com.cvte.tv.api.impl } U=0: not found
06-04 11:05:46.801 W/ContextImpl( 1699): Calling a method in the system process without a qualified user: android.app.ContextImpl.bindService:1988 android.content.ContextWrapper.bindService:861 com.cvte.tv.api.TvApiSDKManager.:178 com.cvte.tv.api.TvApiSDKManager.init:217 com.dangbei.rocky.component.system.SystemControlUtils.initSystemAidl:82
06-04 11:05:46.801 W/ActivityManager( 689): Unable to start service Intent { act=com.cvte.tv.api.TV_API_SERVICE pkg=com.cvte.tv.api.impl } U=0: not found
06-04 11:05:46.804 W/ContextImpl( 1699): Calling a method in the system process without a qualified user: android.app.ContextImpl.startService:1899 android.content.ContextWrapper.startService:825 com.cvte.tv.api.TvApiSDKManager.getTvApi:361 com.dangbei.rocky.component.system.SystemControlUtils.initSystemAidl:83 com.dangbei.rocky.component.system.SystemComponent.onAttached:38
06-04 11:05:46.805 W/ActivityManager( 689): Unable to start service Intent { act=com.cvte.tv.api.TV_API_SERVICE pkg=com.cvte.tv.api.impl } U=0: not found
06-04 11:05:46.807 W/ContextImpl( 1699): Calling a method in the system process without a qualified user: android.app.ContextImpl.bindService:1988 android.content.ContextWrapper.bindService:861 com.cvte.tv.api.TvApiSDKManager.getTvApi:362 com.dangbei.rocky.component.system.SystemControlUtils.initSystemAidl:83 com.dangbei.rocky.component.system.SystemComponent.onAttached:38
06-04 11:05:46.808 W/ActivityManager( 689): Unable to start service Intent { act=com.cvte.tv.api.TV_API_SERVICE pkg=com.cvte.tv.api.impl } U=0: not found
06-04 11:05:46.814 W/ActivityManager( 689): Background start not allowed: service Intent { act=com.dangbei.screencast.STARTUP pkg=com.dangbei.screencast } to com.dangbei.screencast/.startup.StartupService from pid=1721 uid=10043 pkg=com.dangbei.screencast startFg?=false
06-04 11:05:46.817 W/wificond( 609): Scan is not started. Ignore abort request
06-04 11:05:46.818 W/ContextImpl( 1699): Calling a method in the system process without a qualified user: android.app.ContextImpl.startService:1899 android.content.ContextWrapper.startService:825 com.dangbei.phrike.core.DownloadManager.register:294 com.dangbei.component_appcontrol.phrike.XPhrikeAppCreator.register:47 com.dangbei.component_appcontrol.AppControlComponent.onAttached:65
06-04 11:05:46.826 W/ActivityManager( 689): Background start not allowed: service Intent { act=com.dangbei.screencast.STARTUP pkg=com.dangbei.screencast } to com.dangbei.screencast/.startup.StartupService from pid=1721 uid=10043 pkg=com.dangbei.screencast startFg?=false
06-04 11:05:46.862 W/BroadcastLoopers( 689): Found previously unknown looper Thread[StorageManagerService,5,main]
06-04 11:05:46.865 D/StorageManagerService( 689): Volume emulated;0 broadcasting checking to UserHandle{0}
06-04 11:05:46.867 D/StorageManagerService( 689): Volume emulated;0 broadcasting mounted to UserHandle{0}
06-04 11:05:46.920 D/CompatibilityChangeReporter( 689): Compat change id reported: 149924527; UID 10043; state: ENABLED
06-04 11:05:46.921 D/CompatibilityChangeReporter( 689): Compat change id reported: 132649864; UID 10043; state: DISABLED
06-04 11:05:46.953 D/CompatibilityChangeReporter( 689): Compat change id reported: 161145287; UID 10043; state: DISABLED
06-04 11:05:46.966 D/CompatibilityChangeReporter( 689): Compat change id reported: 182734110; UID 10058; state: ENABLED
06-04 11:05:46.989 W/ContextImpl( 689): Calling a method in the system process without a qualified user: android.app.ContextImpl.sendStickyBroadcast:1626 com.android.server.wifi.ClientModeImpl.sendNetworkChangeBroadcast:3008 com.android.server.wifi.ClientModeImpl.lambda$sendNetworkChangeBroadcastWithCurrentState$14:2985 com.android.server.wifi.ClientModeImpl.$r8$lambda$q-j88Pjw4gROgoJFr8wBlBVbuJI:0 com.android.server.wifi.ClientModeImpl$$ExternalSyntheticLambda4.send:0
06-04 11:05:47.058 W/WindowManager( 689): [addWindow] title:com.dangbei.leard.leradlauncher/com.dangbei.launcher.home.LauncherActivity
06-04 11:05:47.058 W/WindowManager( 689): Failed looking up window session=Session{d8fbee5 1441:1000} callers=com.android.server.wm.WindowManagerService.windowForClientLocked:6075 com.android.server.wm.Session.updateRequestedVisibleTypes:695 android.view.IWindowSession$Stub.onTransact:1034
06-04 11:05:47.059 D/CompatibilityChangeReporter( 689): Compat change id reported: 168419799; UID 1000; state: DISABLED
06-04 11:05:47.060 D/CompatibilityChangeReporter( 689): Compat change id reported: 273564678; UID 1000; state: DISABLED
06-04 11:05:47.106 D/CoreBackPreview( 689): Window{9c95c74 u0 com.dangbei.leard.leradlauncher/com.dangbei.launcher.home.LauncherActivity}: Setting back callback OnBackInvokedCallbackInfo{mCallback=android.window.IOnBackInvokedCallback$Stub$Proxy@6ebb5e3, mPriority=0, mIsAnimationCallback=false}
06-04 11:05:47.120 D/OomAdjuster( 689): Not killing cached processes
06-04 11:05:47.123 I/ActivityManager( 689): com.android.dynsystem is exempt from freezer
06-04 11:05:47.123 D/CompatibilityChangeReporter( 689): Compat change id reported: 135634846; UID 1000; state: DISABLED
06-04 11:05:47.155 I/ActivityManager( 689): Background started FGS: Allowed [callingPackage: com.dangbei.screencast; callingUid: 10043; uidState: CEM ; uidBFSL: n/a; intent: Intent { act=com.dangbei.screencast.STARTUP pkg=com.dangbei.screencast }; code:SYSTEM_ALERT_WINDOW_PERMISSION; tempAllowListReason:; targetSdkVersion:28; callerTargetSdkVersion:28; startForegroundCount:0; bindFromPackage:null: isBindService:false]
06-04 11:05:47.173 D/CompatibilityChangeReporter( 689): Compat change id reported: 170668199; UID 10043; state: DISABLED
06-04 11:05:47.173 W/ActivityManager( 689): Foreground service started from background can not have location/camera/microphone access: service com.dangbei.screencast/.startup.StartupService
06-04 11:05:47.174 D/CompatibilityChangeReporter( 689): Compat change id reported: 255038118; UID 10043; state: DISABLED
06-04 11:05:47.175 D/CompatibilityChangeReporter( 689): Compat change id reported: 255042465; UID 10043; state: DISABLED
06-04 11:05:47.177 W/ForegroundServiceTypeLoggerModule( 689): Foreground service start for UID: 10043 does not have any types
06-04 11:05:47.179 I/ActivityManager( 689): Deferring FGS notification in legacy app com.dangbei.screencast/u0a43 : Notification(channel=channel_record shortcut=null contentView=null vibrate=null sound=null defaults=0x0 flags=0x60 color=0x00000000 category=transport vis=PUBLIC)
06-04 11:05:47.217 W/ContextImpl( 689): Calling a method in the system process without a qualified user: android.app.ContextImpl.startService:1899 com.android.server.wm.DisplayPolicy.lambda$focusChangedLw$5:2126 com.android.server.wm.DisplayPolicy.$r8$lambda$Znxk63oh-WzVnzo_WQefN7uxV48:0 com.android.server.wm.DisplayPolicy$$ExternalSyntheticLambda13.run:0 android.os.Handler.handleCallback:958
06-04 11:05:47.266 V/WindowManagerShell( 939): onTransitionReady android.os.BinderProxy@1632462: {id=1 t=CLOSE f=0x0 trk=0 r=[0@Point(0, 0)] c=[{WCT{android.window.IWindowContainerToken$Stub$Proxy@85b967d} m=OPEN f=MOVE_TO_TOP leash=Surface(name=Task=25)/@0x9f2d4e6 sb=Rect(0, 0 - 1920, 1080) eb=Rect(0, 0 - 1920, 1080) d=0},{WCT{android.window.IWindowContainerToken$Stub$Proxy@8875972} m=CLOSE f=SHOW_WALLPAPER leash=Surface(name=Task=3)/@0x926ea27 sb=Rect(0, 0 - 1920, 1080) eb=Rect(0, 0 - 1920, 1080) d=0}]}
06-04 11:05:47.266 V/WindowManagerShell( 939): Playing animation for (#1)android.os.BinderProxy@1632462@0
06-04 11:05:47.267 V/WindowManagerShell( 939): try handler com.android.wm.shell.keyguard.KeyguardTransitionHandler@f0e01c3
06-04 11:05:47.267 V/WindowManagerShell( 939): try handler com.android.wm.shell.pip.tv.TvPipTransition@d525a40
06-04 11:05:47.267 V/WindowManagerShell( 939): try handler com.android.wm.shell.activityembedding.ActivityEmbeddingController@1101d79
06-04 11:05:47.267 V/WindowManagerShell( 939): try handler com.android.wm.shell.transition.RemoteTransitionHandler@16d9abe
06-04 11:05:47.267 V/WindowManagerShell( 939): Transition doesn't have explicit remote, search filters for match for {id=1 t=CLOSE f=0x0 trk=0 r=[0@Point(0, 0)] c=[{WCT{android.window.IWindowContainerToken$Stub$Proxy@85b967d} m=OPEN f=MOVE_TO_TOP leash=Surface(name=Task=25)/@0x9f2d4e6 sb=Rect(0, 0 - 1920, 1080) eb=Rect(0, 0 - 1920, 1080) d=0},{WCT{android.window.IWindowContainerToken$Stub$Proxy@8875972} m=CLOSE f=SHOW_WALLPAPER leash=Surface(name=Task=3)/@0x926ea27 sb=Rect(0, 0 - 1920, 1080) eb=Rect(0, 0 - 1920, 1080) d=0}]}
06-04 11:05:47.267 V/WindowManagerShell( 939): Delegate animation for #1 to null
06-04 11:05:47.267 V/WindowManagerShell( 939): try handler com.android.wm.shell.transition.DefaultTransitionHandler@dc4f71f
06-04 11:05:47.267 V/WindowManagerShell( 939): start default transition animation, info = {id=1 t=CLOSE f=0x0 trk=0 r=[0@Point(0, 0)] c=[{WCT{android.window.IWindowContainerToken$Stub$Proxy@85b967d} m=OPEN f=MOVE_TO_TOP leash=Surface(name=Task=25)/@0x9f2d4e6 sb=Rect(0, 0 - 1920, 1080) eb=Rect(0, 0 - 1920, 1080) d=0},{WCT{android.window.IWindowContainerToken$Stub$Proxy@8875972} m=CLOSE f=SHOW_WALLPAPER leash=Surface(name=Task=3)/@0x926ea27 sb=Rect(0, 0 - 1920, 1080) eb=Rect(0, 0 - 1920, 1080) d=0}]}
06-04 11:05:47.269 V/WindowManagerShell( 939): loadAnimation: anim=android.view.animation.AlphaAnimation@3cbe63b animAttr=0x13 type=CLOSE isEntrance=false
06-04 11:05:47.270 V/WindowManagerShell( 939): loadAnimation: anim=android.view.animation.AlphaAnimation@25302b1 animAttr=0x12 type=CLOSE isEntrance=true
06-04 11:05:47.272 V/WindowManagerShell( 939): animated by com.android.wm.shell.transition.DefaultTransitionHandler@dc4f71f
06-04 11:05:47.276 V/WindowManager( 689): Sent Transition #1 createdAt=06-04 11:05:44.684 via request=TransitionRequestInfo { type = 2, triggerTask = TaskInfo{userId=0 taskId=3 displayId=0 isRunning=false baseIntent=Intent { act=android.intent.action.MAIN cat=[android.intent.category.HOME] flg=0x10800100 cmp=com.android.tv.settings/.system.FallbackHome } baseActivity=null topActivity=null origActivity=null realActivity=ComponentInfo{com.android.tv.settings/com.android.tv.settings.system.FallbackHome} numActivities=0 lastActiveTime=21659 supportsMultiWindow=true resizeMode=0 isResizeable=false minWidth=-1 minHeight=-1 defaultMinSize=220 token=WCT{RemoteToken{20afabe Task{821908d #3 type=home A=1000:com.android.tv.settings}}} topActivityType=2 pictureInPictureParams=null shouldDockBigOverlays=false launchIntoPipHostTaskId=-1 lastParentTaskIdBeforePip=-1 displayCutoutSafeInsets=null topActivityInfo=null launchCookies=[] positionInParent=Point(0, 0) parentTaskId=-1 isFocused=true isVisible=true isVisibleRequested=true isSleeping=false topActivityInSizeCompat=false topActivityEligibleForLetterboxEducation= false isLetterboxDoubleTapEnabled= false topActivityEligibleForUserAspectRatioButton= false topActivityBoundsLetterboxed= false isFromLetterboxDoubleTap= false topActivityLetterboxVerticalPosition= -1 topActivityLetterboxHorizontalPosition= -1 topActivityLetterboxWidth=-1 topActivityLetterboxHeight=-1 isUserFullscreenOverrideEnabled=false isTopActivityTransparent=false locusId=null displayAreaFeatureId=1 cameraCompatControlState=hidden}, remoteTransition = null, displayChange = null, flags = 0 }
06-04 11:05:47.276 V/WindowManager( 689): startWCT=WindowContainerTransaction { changes = {} hops = [] errorCallbackToken=null taskFragmentOrganizer=null }
06-04 11:05:47.276 V/WindowManager( 689): info={id=1 t=CLOSE f=0x0 trk=0 r=[0@Point(0, 0)] c=[{WCT{RemoteToken{406d71f Task{a1cfd9a #25 type=home A=1000:com.dangbei.leard.leradlauncher}}} m=OPEN f=MOVE_TO_TOP leash=Surface(name=Task=25)/@0x80eb972 sb=Rect(0, 0 - 1920, 1080) eb=Rect(0, 0 - 1920, 1080) d=0},{WCT{RemoteToken{20afabe Task{821908d #3 type=home A=1000:com.android.tv.settings}}} m=CLOSE f=SHOW_WALLPAPER leash=Surface(name=Task=3)/@0xde4767d sb=Rect(0, 0 - 1920, 1080) eb=Rect(0, 0 - 1920, 1080) d=0}]}
06-04 11:05:47.288 W/ActivityManager( 689): Slow operation: 165ms so far, now at startProcess: returned from zygote!
06-04 11:05:47.288 W/ActivityManager( 689): Slow operation: 166ms so far, now at startProcess: done updating battery stats
06-04 11:05:47.288 W/ActivityManager( 689): Slow operation: 166ms so far, now at startProcess: building log message
06-04 11:05:47.288 I/ActivityManager( 689): Start proc 1878:com.android.dynsystem/1000 for broadcast {com.android.dynsystem/com.android.dynsystem.BootCompletedReceiver}
06-04 11:05:47.288 W/ActivityManager( 689): Slow operation: 166ms so far, now at startProcess: starting to update pids map
06-04 11:05:47.307 W/ActivityManager( 689): Slow operation: 181ms so far, now at startProcess: done updating pids map
06-04 11:05:47.326 D/CompatibilityChangeReporter( 689): Compat change id reported: 214016041; UID 1000; state: ENABLED
06-04 11:05:47.326 D/CompatibilityChangeReporter( 689): Compat change id reported: 214016041; UID 1000; state: DISABLED
06-04 11:05:47.369 D/CoreBackPreview( 689): Window{ad9fcec u0 com.android.tv.settings/com.android.tv.settings.system.FallbackHome}: Setting back callback null
06-04 11:05:47.436 I/ActivityManager( 689): Background started FGS: Allowed [callingPackage: com.dangbei.screencast; callingUid: 10043; uidState: FGS ; uidBFSL: [BFSL]; intent: Intent { cmp=com.dangbei.screencast/.huaweicast.service.HuaweiCastService }; code:PROC_STATE_FGS; tempAllowListReason:; targetSdkVersion:28; callerTargetSdkVersion:28; startForegroundCount:0; bindFromPackage:null: isBindService:false]
06-04 11:05:47.510 W/ContextImpl( 689): Calling a method in the system process without a qualified user: android.app.ContextImpl.sendStickyBroadcast:1626 com.android.server.wifi.ClientModeImpl.sendNetworkChangeBroadcast:3008 com.android.server.wifi.ClientModeImpl.lambda$sendNetworkChangeBroadcastWithCurrentState$14:2985 com.android.server.wifi.ClientModeImpl.$r8$lambda$q-j88Pjw4gROgoJFr8wBlBVbuJI:0 com.android.server.wifi.ClientModeImpl$$ExternalSyntheticLambda4.send:0
06-04 11:05:47.570 I/ActivityManager( 689): com.android.managedprovisioning is exempt from freezer
06-04 11:05:47.571 D/CompatibilityChangeReporter( 689): Compat change id reported: 135634846; UID 10023; state: DISABLED
06-04 11:05:47.571 D/CompatibilityChangeReporter( 689): Compat change id reported: 177438394; UID 10023; state: DISABLED
06-04 11:05:47.571 D/CompatibilityChangeReporter( 689): Compat change id reported: 135772972; UID 10023; state: DISABLED
06-04 11:05:47.572 D/CompatibilityChangeReporter( 689): Compat change id reported: 135754954; UID 10023; state: ENABLED
06-04 11:05:47.573 D/CompatibilityChangeReporter( 689): Compat change id reported: 143937733; UID 10023; state: ENABLED
06-04 11:05:47.582 D/CompatibilityChangeReporter( 689): Compat change id reported: 261072174; UID 1000; state: DISABLED
06-04 11:05:47.639 I/ActivityManager( 689): com.android.dynsystem is exempt from freezer
06-04 11:05:47.640 D/CompatibilityChangeReporter( 689): Compat change id reported: 135634846; UID 1000; state: DISABLED
06-04 11:05:47.641 W/ContextImpl( 689): Calling a method in the system process without a qualified user: android.app.ContextImpl.sendStickyBroadcast:1626 com.android.server.wifi.ClientModeImpl.sendNetworkChangeBroadcast:3008 com.android.server.wifi.ClientModeImpl.lambda$sendNetworkChangeBroadcastWithCurrentState$14:2985 com.android.server.wifi.ClientModeImpl.$r8$lambda$q-j88Pjw4gROgoJFr8wBlBVbuJI:0 com.android.server.wifi.ClientModeImpl$$ExternalSyntheticLambda4.send:0
06-04 11:05:47.661 W/ActivityManager( 689): Slow operation: 91ms so far, now at startProcess: returned from zygote!
06-04 11:05:47.661 W/ActivityManager( 689): Slow operation: 91ms so far, now at startProcess: done updating battery stats
06-04 11:05:47.661 W/ActivityManager( 689): Slow operation: 91ms so far, now at startProcess: building log message
06-04 11:05:47.661 I/ActivityManager( 689): Start proc 1959:com.android.managedprovisioning/u0a23 for broadcast {com.android.managedprovisioning/com.android.managedprovisioning.BootReminder}
06-04 11:05:47.661 W/ActivityManager( 689): Slow operation: 91ms so far, now at startProcess: starting to update pids map
06-04 11:05:47.661 W/ActivityManager( 689): Slow operation: 91ms so far, now at startProcess: done updating pids map
06-04 11:05:47.680 V/WindowManagerShell( 939): Transition animation finished (aborted=false), notifying core (#1)android.os.BinderProxy@1632462@0
06-04 11:05:47.683 V/WindowManager( 689): Finish Transition #1: created at
06-04 11:05:44.684 collect-started=0.096ms request-sent=0.657ms started=6.481ms ready=644.354ms sent=2574.177ms finished=2997.582ms
06-04 11:05:47.690 D/CompatibilityChangeReporter( 689): Compat change id reported: 261072174; UID 10043; state: DISABLED
06-04 11:05:47.694 V/WindowManagerShell( 939): Track 0 became idle
06-04 11:05:47.694 V/WindowManagerShell( 939): All active transition animations finished
06-04 11:05:47.740 D/CompatibilityChangeReporter( 689): Compat change id reported: 168419799; UID 10023; state: DISABLED
06-04 11:05:47.740 D/CompatibilityChangeReporter( 689): Compat change id reported: 273564678; UID 10023; state: DISABLED
06-04 11:05:47.746 D/CompatibilityChangeReporter( 689): Compat change id reported: 214016041; UID 1000; state: ENABLED
06-04 11:05:47.747 D/CompatibilityChangeReporter( 689): Compat change id reported: 214016041; UID 1000; state: DISABLED
06-04 11:05:47.778 D/CompatibilityChangeReporter( 689): Compat change id reported: 265195908; UID 10023; state: ENABLED
06-04 11:05:47.790 D/CompatibilityChangeReporter( 689): Compat change id reported: 170503758; UID 10023; state: ENABLED
06-04 11:05:47.803 W/ActivityManager( 689): Foreground service started from background can not have location/camera/microphone access: service com.dangbei.screencast/.huaweicast.service.HuaweiCastService
06-04 11:05:47.804 W/ForegroundServiceTypeLoggerModule( 689): Foreground service start for UID: 10043 does not have any types
06-04 11:05:47.812 W/ActivityManager( 689): Slow operation: 174ms so far, now at startProcess: returned from zygote!
06-04 11:05:47.813 W/ActivityManager( 689): Slow operation: 175ms so far, now at startProcess: done updating battery stats
06-04 11:05:47.813 W/ActivityManager( 689): Slow operation: 175ms so far, now at startProcess: building log message
06-04 11:05:47.813 I/ActivityManager( 689): Start proc 1994:com.android.dynsystem:dynsystem/1000 for service {com.android.dynsystem/com.android.dynsystem.DynamicSystemInstallationService}
06-04 11:05:47.813 W/ActivityManager( 689): Slow operation: 175ms so far, now at startProcess: starting to update pids map
06-04 11:05:47.813 W/ActivityManager( 689): Slow operation: 175ms so far, now at startProcess: done updating pids map
06-04 11:05:47.912 I/ActivityManager( 689): com.android.localtransport is exempt from freezer
06-04 11:05:47.913 D/CompatibilityChangeReporter( 689): Compat change id reported: 135634846; UID 1000; state: DISABLED
06-04 11:05:47.953 W/ContextImpl( 689): Calling a method in the system process without a qualified user: android.app.ContextImpl.sendStickyBroadcast:1626 com.android.server.wifi.ClientModeImpl.sendNetworkChangeBroadcast:3008 com.android.server.wifi.ClientModeImpl.lambda$sendNetworkChangeBroadcastWithCurrentState$14:2985 com.android.server.wifi.ClientModeImpl.$r8$lambda$q-j88Pjw4gROgoJFr8wBlBVbuJI:0 com.android.server.wifi.ClientModeImpl$$ExternalSyntheticLambda4.send:0
06-04 11:05:47.968 W/ActivityManager( 689): Slow operation: 56ms so far, now at startProcess: returned from zygote!
06-04 11:05:47.968 W/ActivityManager( 689): Slow operation: 56ms so far, now at startProcess: done updating battery stats
06-04 11:05:47.968 W/ActivityManager( 689): Slow operation: 56ms so far, now at startProcess: building log message
06-04 11:05:47.968 I/ActivityManager( 689): Start proc 2027:com.android.localtransport/1000 for service {com.android.localtransport/com.android.localtransport.LocalTransportService}
06-04 11:05:47.968 W/ActivityManager( 689): Slow operation: 56ms so far, now at startProcess: starting to update pids map
06-04 11:05:47.968 W/ActivityManager( 689): Slow operation: 56ms so far, now at startProcess: done updating pids map
06-04 11:05:48.015 D/CompatibilityChangeReporter( 689): Compat change id reported: 168419799; UID 1000; state: DISABLED
06-04 11:05:48.016 D/CompatibilityChangeReporter( 689): Compat change id reported: 273564678; UID 1000; state: DISABLED
06-04 11:05:48.048 D/CompatibilityChangeReporter( 689): Compat change id reported: 171306433; UID 1073; state: ENABLED
06-04 11:05:48.051 W/Looper ( 939): Slow delivery took 1014ms SysUiBg h=com.android.systemui.appops.AppOpsControllerImpl$H c=com.android.systemui.appops.AppOpsControllerImpl$$ExternalSyntheticLambda1@a6418ed m=0
06-04 11:05:48.124 I/DynamicSystemService( 689): isInstalled(): false
06-04 11:05:48.193 I/ActivityManager( 689): com.android.packageinstaller is exempt from freezer
06-04 11:05:48.194 D/CompatibilityChangeReporter( 689): Compat change id reported: 135634846; UID 10025; state: DISABLED
06-04 11:05:48.194 D/CompatibilityChangeReporter( 689): Compat change id reported: 177438394; UID 10025; state: DISABLED
06-04 11:05:48.194 D/CompatibilityChangeReporter( 689): Compat change id reported: 135772972; UID 10025; state: DISABLED
06-04 11:05:48.194 D/CompatibilityChangeReporter( 689): Compat change id reported: 135754954; UID 10025; state: ENABLED
06-04 11:05:48.196 D/CompatibilityChangeReporter( 689): Compat change id reported: 143937733; UID 10025; state: ENABLED
06-04 11:05:48.253 W/ActivityManager( 689): Slow operation: 59ms so far, now at startProcess: returned from zygote!
06-04 11:05:48.253 W/ActivityManager( 689): Slow operation: 60ms so far, now at startProcess: done updating battery stats
06-04 11:05:48.253 W/ActivityManager( 689): Slow operation: 60ms so far, now at startProcess: building log message
06-04 11:05:48.253 I/ActivityManager( 689): Start proc 2082:com.android.packageinstaller/u0a25 for broadcast {com.android.packageinstaller/com.android.packageinstaller.TemporaryFileManager}
06-04 11:05:48.253 W/ActivityManager( 689): Slow operation: 60ms so far, now at startProcess: starting to update pids map
06-04 11:05:48.253 W/ActivityManager( 689): Slow operation: 60ms so far, now at startProcess: done updating pids map
06-04 11:05:48.301 I/TransportConnection( 689): LocalTransportService#0: Notifying [TransportManager.registerTransport()] transport = BackupTransportClient
06-04 11:05:48.364 D/CompatibilityChangeReporter( 689): Compat change id reported: 168419799; UID 10025; state: DISABLED
06-04 11:05:48.364 D/CompatibilityChangeReporter( 689): Compat change id reported: 273564678; UID 10025; state: DISABLED
06-04 11:05:48.367 D/CompatibilityChangeReporter( 689): Compat change id reported: 265195908; UID 10025; state: ENABLED
06-04 11:05:48.413 D/BackupTransportManager( 689): [UserID:0] Transport com.android.localtransport/.LocalTransportService registered
06-04 11:05:48.413 D/BackupManagerService( 689): [UserID:0] Transport com.android.localtransport/.LocalTransport registered 3583ms after first request (delay = 3000ms)
06-04 11:05:48.428 I/BackupManagerService( 689): [UserID:0] Found 9 stale backup journal(s), scheduling.
06-04 11:05:48.440 D/CompatibilityChangeReporter( 689): Compat change id reported: 170503758; UID 10025; state: ENABLED
06-04 11:05:48.556 I/BackupManagerService( 689): [UserID:0] Stale backup journals: Scheduled 5 package(s) total
06-04 11:05:48.618 D/CompatibilityChangeReporter( 689): Compat change id reported: 135634846; UID 10057; state: DISABLED
06-04 11:05:48.619 D/CompatibilityChangeReporter( 689): Compat change id reported: 177438394; UID 10057; state: DISABLED
06-04 11:05:48.619 D/CompatibilityChangeReporter( 689): Compat change id reported: 135772972; UID 10057; state: DISABLED
06-04 11:05:48.619 D/CompatibilityChangeReporter( 689): Compat change id reported: 135754954; UID 10057; state: ENABLED
06-04 11:05:48.620 D/CompatibilityChangeReporter( 689): Compat change id reported: 143937733; UID 10057; state: ENABLED
06-04 11:05:48.651 W/ContextImpl( 689): Calling a method in the system process without a qualified user: android.app.ContextImpl.sendStickyBroadcast:1626 com.android.server.wifi.ClientModeImpl.sendNetworkChangeBroadcast:3008 com.android.server.wifi.ClientModeImpl.lambda$sendNetworkChangeBroadcastWithCurrentState$14:2985 com.android.server.wifi.ClientModeImpl.$r8$lambda$q-j88Pjw4gROgoJFr8wBlBVbuJI:0 com.android.server.wifi.ClientModeImpl$$ExternalSyntheticLambda4.send:0
06-04 11:05:48.665 I/ActivityManager( 689): Start proc 2119:com.android.permissioncontroller/u0a57 for broadcast {com.android.permissioncontroller/com.android.permissioncontroller.permission.service.LocationAccessCheck$SetupPeriodicBackgroundLocationAccessCheck}
06-04 11:05:48.690 W/BroadcastLoopers( 689): Found previously unknown looper Thread[ConnectivityServiceThread,5,main]
06-04 11:05:48.691 W/ContextImpl( 689): Calling a method in the system process without a qualified user: android.app.ContextImpl.sendStickyBroadcast:1626 com.android.server.wifi.ClientModeImpl.sendNetworkChangeBroadcast:3008 com.android.server.wifi.ClientModeImpl.lambda$sendNetworkChangeBroadcastWithCurrentState$14:2985 com.android.server.wifi.ClientModeImpl.$r8$lambda$q-j88Pjw4gROgoJFr8wBlBVbuJI:0 com.android.server.wifi.ClientModeImpl$$ExternalSyntheticLambda4.send:0
06-04 11:05:48.746 D/CompatibilityChangeReporter( 689): Compat change id reported: 168419799; UID 10057; state: DISABLED
06-04 11:05:48.746 D/CompatibilityChangeReporter( 689): Compat change id reported: 273564678; UID 10057; state: DISABLED
06-04 11:05:48.753 D/CompatibilityChangeReporter( 689): Compat change id reported: 265195908; UID 10057; state: ENABLED
06-04 11:05:48.770 D/CompatibilityChangeReporter( 689): Compat change id reported: 170503758; UID 10057; state: ENABLED
06-04 11:05:48.803 E/NetlinkEvent( 458): NetlinkEvent::FindParam(): Parameter 'INTERFACE' not found
06-04 11:05:48.803 E/NetlinkEvent( 458): NetlinkEvent::FindParam(): Parameter 'STATE' not found
06-04 11:05:48.803 E/NetlinkEvent( 458): NetlinkEvent::FindParam(): Parameter 'TIME_NS' not found
06-04 11:05:48.803 E/NetlinkEvent( 458): NetlinkEvent::FindParam(): Parameter 'UID' not found
06-04 11:05:48.940 W/ContextImpl( 689): Calling a method in the system process without a qualified user: android.app.ContextImpl.sendStickyBroadcast:1626 android.net.connectivity.com.android.server.ConnectivityService.sendStickyBroadcast:3280 android.net.connectivity.com.android.server.ConnectivityService.sendGeneralBroadcast:3250 android.net.connectivity.com.android.server.ConnectivityService.sendConnectedBroadcast:3223 android.net.connectivity.com.android.server.ConnectivityService.sendLegacyNetworkBroadcast:10138
06-04 11:05:49.075 W/ContextImpl( 689): Calling a method in the system process without a qualified user: android.app.ContextImpl.sendStickyBroadcast:1626 android.net.connectivity.com.android.server.ConnectivityService.sendStickyBroadcast:3280 android.net.connectivity.com.android.server.ConnectivityService.sendGeneralBroadcast:3250 android.net.connectivity.com.android.server.ConnectivityService.sendInetConditionBroadcast:3227 android.net.connectivity.com.android.server.ConnectivityService.updateInetCondition:9819
06-04 11:05:49.083 E/TaskWorkerFactory( 1336): Cannot create worker: com.android.devicelockcontroller.provision.worker.DeviceCheckInWorker
06-04 11:05:49.083 E/TaskWorkerFactory( 1336): java.lang.NoSuchMethodException: com.android.devicelockcontroller.provision.worker.DeviceCheckInWorker. [class android.content.Context, class androidx.work.WorkerParameters, interface com.google.common.util.concurrent.ListeningExecutorService]
06-04 11:05:49.083 E/TaskWorkerFactory( 1336): at java.lang.Class.getConstructor0(Class.java:3325)
06-04 11:05:49.083 E/TaskWorkerFactory( 1336): at java.lang.Class.getDeclaredConstructor(Class.java:3063)
06-04 11:05:49.083 E/TaskWorkerFactory( 1336): at com.android.devicelockcontroller.policy.TaskWorkerFactory.createWorker(TaskWorkerFactory.java:53)
06-04 11:05:49.083 E/TaskWorkerFactory( 1336): at androidx.work.DelegatingWorkerFactory.createWorker(DelegatingWorkerFactory.java:71)
06-04 11:05:49.083 E/TaskWorkerFactory( 1336): at androidx.work.WorkerFactory.createWorkerWithDefaultFallback(WorkerFactory.java:82)
06-04 11:05:49.083 E/TaskWorkerFactory( 1336): at androidx.work.impl.WorkerWrapper.runWorker(WorkerWrapper.java:240)
06-04 11:05:49.083 E/TaskWorkerFactory( 1336): at androidx.work.impl.WorkerWrapper.run(WorkerWrapper.java:142)
06-04 11:05:49.083 E/TaskWorkerFactory( 1336): at androidx.work.impl.utils.SerialExecutorImpl$Task.run(SerialExecutorImpl.java:96)
06-04 11:05:49.083 E/TaskWorkerFactory( 1336): at java.util.concurrent.ThreadPoolExecutor.runWorker(ThreadPoolExecutor.java:1145)
06-04 11:05:49.083 E/TaskWorkerFactory( 1336): at java.util.concurrent.ThreadPoolExecutor$Worker.run(ThreadPoolExecutor.java:644)
06-04 11:05:49.083 E/TaskWorkerFactory( 1336): at java.lang.Thread.run(Thread.java:1012)
06-04 11:05:49.158 I/CheckInWorker( 1336): perform check-in request
06-04 11:05:49.168 W/CheckInWorker( 1336): CheckIn failed. No device identifier available!
06-04 11:05:49.503 D/CompatibilityChangeReporter( 689): Compat change id reported: 135634846; UID 10019; state: DISABLED
06-04 11:05:49.504 D/CompatibilityChangeReporter( 689): Compat change id reported: 177438394; UID 10019; state: DISABLED
06-04 11:05:49.504 D/CompatibilityChangeReporter( 689): Compat change id reported: 135772972; UID 10019; state: DISABLED
06-04 11:05:49.504 D/CompatibilityChangeReporter( 689): Compat change id reported: 135754954; UID 10019; state: ENABLED
06-04 11:05:49.505 D/CompatibilityChangeReporter( 689): Compat change id reported: 143937733; UID 10019; state: ENABLED
06-04 11:05:49.531 I/ActivityManager( 689): Start proc 2195:com.android.providers.calendar/u0a19 for broadcast {com.android.providers.calendar/com.android.providers.calendar.CalendarReceiver}
06-04 11:05:49.635 D/CompatibilityChangeReporter( 689): Compat change id reported: 253665015; UID 10057; state: ENABLED
06-04 11:05:49.636 D/CompatibilityChangeReporter( 689): Compat change id reported: 194532703; UID 10057; state: ENABLED
06-04 11:05:49.651 D/CompatibilityChangeReporter( 689): Compat change id reported: 168419799; UID 10019; state: DISABLED
06-04 11:05:49.651 D/CompatibilityChangeReporter( 689): Compat change id reported: 273564678; UID 10019; state: DISABLED
06-04 11:05:49.662 D/CompatibilityChangeReporter( 689): Compat change id reported: 265195908; UID 10019; state: ENABLED
06-04 11:05:49.668 I/ActivityManager( 689): reportOnUserCompletedEvent(0): stored=10, eligible=111
06-04 11:05:49.669 D/SystemServerTimingAsync( 689): ssm.CompletedEventUser-0
06-04 11:05:49.669 I/SystemServiceManager( 689): Calling onCompletedEventUser 0
06-04 11:05:49.670 D/SystemServerTimingAsync( 689): ssm.onCompletedEventUser-0_{|Unlocked|}_com.android.server.security.FileIntegrityService
06-04 11:05:49.670 D/SystemServerTimingAsync( 689): ssm.onCompletedEventUser-0_{|Unlocked|}_com.android.server.flags.FeatureFlagsService
06-04 11:05:49.670 D/SystemServerTimingAsync( 689): ssm.onCompletedEventUser-0_{|Unlocked|}_com.android.server.uri.UriGrantsManagerService$Lifecycle
06-04 11:05:49.670 D/SystemServerTimingAsync( 689): ssm.onCompletedEventUser-0_{|Unlocked|}_com.android.server.pm.Installer
06-04 11:05:49.670 D/SystemServerTimingAsync( 689): ssm.onCompletedEventUser-0_{|Unlocked|}_com.android.server.powerstats.PowerStatsService
06-04 11:05:49.670 D/SystemServerTimingAsync( 689): ssm.onCompletedEventUser-0_{|Unlocked|}_com.android.server.permission.access.AccessCheckingService
06-04 11:05:49.670 D/SystemServerTimingAsync( 689): ssm.onCompletedEventUser-0_{|Unlocked|}_com.android.server.wm.ActivityTaskManagerService$Lifecycle
06-04 11:05:49.670 D/SystemServerTimingAsync( 689): ssm.onCompletedEventUser-0_{|Unlocked|}_com.android.server.am.ActivityManagerService$Lifecycle
06-04 11:05:49.670 D/SystemServerTimingAsync( 689): ssm.onCompletedEventUser-0_{|Unlocked|}_com.android.server.pm.DataLoaderManagerService
06-04 11:05:49.670 D/SystemServerTimingAsync( 689): ssm.onCompletedEventUser-0_{|Unlocked|}_com.android.server.power.PowerManagerService
06-04 11:05:49.671 D/SystemServerTimingAsync( 689): ssm.onCompletedEventUser-0_{|Unlocked|}_com.android.server.power.ThermalManagerService
06-04 11:05:49.671 D/SystemServerTimingAsync( 689): ssm.onCompletedEventUser-0_{|Unlocked|}_com.android.server.power.hint.HintManagerService
06-04 11:05:49.671 D/SystemServerTimingAsync( 689): ssm.onCompletedEventUser-0_{|Unlocked|}_com.android.server.recoverysystem.RecoverySystemService$Lifecycle
06-04 11:05:49.671 D/SystemServerTimingAsync( 689): ssm.onCompletedEventUser-0_{|Unlocked|}_com.android.server.lights.LightsService
06-04 11:05:49.671 D/SystemServerTimingAsync( 689): ssm.onCompletedEventUser-0_{|Unlocked|}_com.android.server.display.DisplayManagerService
06-04 11:05:49.671 D/SystemServerTimingAsync( 689): ssm.onCompletedEventUser-0_{|Unlocked|}_com.android.server.pm.verify.domain.DomainVerificationService
06-04 11:05:49.671 D/SystemServerTimingAsync( 689): ssm.onCompletedEventUser-0_{|Unlocked|}_com.android.server.pm.PackageInstallerService$Lifecycle
06-04 11:05:49.671 D/SystemServerTimingAsync( 689): ssm.onCompletedEventUser-0_{|Unlocked|}_com.android.server.pm.UserManagerService$LifeCycle
06-04 11:05:49.671 D/SystemServerTimingAsync( 689): ssm.onCompletedEventUser-0_{|Unlocked|}_com.android.server.om.OverlayManagerService
06-04 11:05:49.671 D/SystemServerTimingAsync( 689): ssm.onCompletedEventUser-0_{|Unlocked|}_com.android.server.resources.ResourcesManagerService
06-04 11:05:49.671 D/SystemServerTimingAsync( 689): ssm.onCompletedEventUser-0_{|Unlocked|}_com.android.server.sensorprivacy.SensorPrivacyService
06-04 11:05:49.671 D/SystemServerTimingAsync( 689): ssm.onCompletedEventUser-0_{|Unlocked|}_com.android.server.sensors.SensorService
06-04 11:05:49.671 D/SystemServerTimingAsync( 689): ssm.onCompletedEventUser-0_{|Unlocked|}_com.android.server.SystemConfigService
06-04 11:05:49.671 D/SystemServerTimingAsync( 689): ssm.onCompletedEventUser-0_{|Unlocked|}_com.android.server.BatteryService
06-04 11:05:49.671 D/SystemServerTimingAsync( 689): ssm.onCompletedEventUser-0_{|Unlocked|}_com.android.server.usage.UsageStatsService
06-04 11:05:49.671 D/SystemServerTimingAsync( 689): ssm.onCompletedEventUser-0_{|Unlocked|}_com.android.server.webkit.WebViewUpdateService
06-04 11:05:49.671 D/SystemServerTimingAsync( 689): ssm.onCompletedEventUser-0_{|Unlocked|}_com.android.server.CachedDeviceStateService
06-04 11:05:49.671 D/SystemServerTimingAsync( 689): ssm.onCompletedEventUser-0_{|Unlocked|}_com.android.server.BinderCallsStatsService$LifeCycle
06-04 11:05:49.671 D/SystemServerTimingAsync( 689): ssm.onCompletedEventUser-0_{|Unlocked|}_com.android.server.LooperStatsService$Lifecycle
06-04 11:05:49.671 D/SystemServerTimingAsync( 689): ssm.onCompletedEventUser-0_{|Unlocked|}_com.android.server.rollback.RollbackManagerService
06-04 11:05:49.671 D/SystemServerTimingAsync( 689): ssm.onCompletedEventUser-0_{|Unlocked|}_com.android.server.os.NativeTombstoneManagerService
06-04 11:05:49.671 D/SystemServerTimingAsync( 689): ssm.onCompletedEventUser-0_{|Unlocked|}_com.android.server.os.BugreportManagerService
06-04 11:05:49.671 D/SystemServerTimingAsync( 689): ssm.onCompletedEventUser-0_{|Unlocked|}_com.android.server.gpu.GpuService
06-04 11:05:49.671 D/SystemServerTimingAsync( 689): ssm.onCompletedEventUser-0_{|Unlocked|}_com.android.server.security.rkp.RemoteProvisioningService
06-04 11:05:49.671 D/SystemServerTimingAsync( 689): ssm.onCompletedEventUser-0_{|Unlocked|}_com.android.server.security.KeyChainSystemService
06-04 11:05:49.671 D/SystemServerTimingAsync( 689): ssm.onCompletedEventUser-0_{|Unlocked|}_com.android.server.BinaryTransparencyService
06-04 11:05:49.671 D/SystemServerTimingAsync( 689): ssm.onCompletedEventUser-0_{|Unlocked|}_com.android.server.accounts.AccountManagerService$Lifecycle
06-04 11:05:49.671 D/SystemServerTimingAsync( 689): ssm.onCompletedEventUser-0_{|Unlocked|}_com.android.server.content.ContentService$Lifecycle
06-04 11:05:49.671 D/SystemServerTimingAsync( 689): ssm.onCompletedEventUser-0_{|Unlocked|}_com.android.server.deviceconfig.DeviceConfigInit$Lifecycle
06-04 11:05:49.671 D/SystemServerTimingAsync( 689): ssm.onCompletedEventUser-0_{|Unlocked|}_com.android.server.DropBoxManagerService
06-04 11:05:49.671 D/SystemServerTimingAsync( 689): ssm.onCompletedEventUser-0_{|Unlocked|}_com.android.role.RoleService
06-04 11:05:49.671 D/SystemServerTimingAsync( 689): ssm.onCompletedEventUser-0_{|Unlocked|}_com.android.server.vibrator.VibratorManagerService$Lifecycle
06-04 11:05:49.671 D/SystemServerTimingAsync( 689): ssm.onCompletedEventUser-0_{|Unlocked|}_com.android.server.tare.InternalResourceService
06-04 11:05:49.671 D/SystemServerTimingAsync( 689): ssm.onCompletedEventUser-0_{|Unlocked|}_com.android.server.alarm.AlarmManagerService
06-04 11:05:49.671 D/SystemServerTimingAsync( 689): ssm.onCompletedEventUser-0_{|Unlocked|}_com.android.server.devicestate.DeviceStateManagerService
06-04 11:05:49.671 D/SystemServerTimingAsync( 689): ssm.onCompletedEventUser-0_{|Unlocked|}_com.android.server.camera.CameraServiceProxy
06-04 11:05:49.671 D/SystemServerTimingAsync( 689): ssm.onCompletedEventUser-0_{|Unlocked|}_com.android.server.bluetooth.BluetoothService
06-04 11:05:49.671 D/SystemServerTimingAsync( 689): ssm.onCompletedEventUser-0_{|Unlocked|}_com.android.server.connectivity.IpConnectivityMetrics
06-04 11:05:49.671 D/SystemServerTimingAsync( 689): ssm.onCompletedEventUser-0_{|Unlocked|}_com.android.server.net.watchlist.NetworkWatchlistService$Lifecycle
06-04 11:05:49.671 D/SystemServerTimingAsync( 689): ssm.onCompletedEventUser-0_{|Unlocked|}_com.android.server.PinnerService
06-04 11:05:49.671 D/SystemServerTimingAsync( 689): ssm.onCompletedEventUser-0_{|Unlocked|}_com.android.server.integrity.AppIntegrityManagerService
06-04 11:05:49.671 D/SystemServerTimingAsync( 689): ssm.onCompletedEventUser-0_{|Unlocked|}_com.android.server.inputmethod.InputMethodManagerService$Lifecycle
06-04 11:05:49.671 D/SystemServerTimingAsync( 689): ssm.onCompletedEventUser-0_{|Unlocked|}_com.android.server.accessibility.AccessibilityManagerService$Lifecycle
06-04 11:05:49.671 D/SystemServerTimingAsync( 689): ssm.onCompletedEventUser-0_{|Unlocked|}_com.android.server.logcat.LogcatManagerService
06-04 11:05:49.672 D/SystemServerTimingAsync( 689): ssm.onCompletedEventUser-0_{|Unlocked|}_com.android.server.usage.StorageStatsService$Lifecycle
