06-04 11:05:44.657 D/SystemServerTimingAsync( 689): ssm.onUnlockedUser-0_com.android.server.connectivity.IpConnectivityMetrics
06-04 11:05:44.657 D/SystemServerTimingAsync( 689): ssm.onUnlockedUser-0_com.android.server.net.watchlist.NetworkWatchlistService$Lifecycle
06-04 11:05:44.657 D/SystemServerTimingAsync( 689): ssm.onUnlockedUser-0_com.android.server.PinnerService
06-04 11:05:44.657 D/SystemServerTimingAsync( 689): ssm.onUnlockedUser-0_com.android.server.integrity.AppIntegrityManagerService
06-04 11:05:44.657 D/SystemServerTimingAsync( 689): ssm.onUnlockedUser-0_com.android.server.logcat.LogcatManagerService
06-04 11:05:44.657 D/SystemServerTimingAsync( 689): ssm.onUnlockedUser-0_com.android.server.inputmethod.InputMethodManagerService$Lifecycle
06-04 11:05:44.657 D/SystemServerTimingAsync( 689): ssm.onUnlockedUser-0_com.android.server.accessibility.AccessibilityManagerService$Lifecycle
06-04 11:05:44.657 D/SystemServerTimingAsync( 689): ssm.onUnlockedUser-0_com.android.server.StorageManagerService$Lifecycle
06-04 11:05:44.657 D/SystemServerTimingAsync( 689): ssm.onUnlockedUser-0_com.android.server.usage.StorageStatsService$Lifecycle
06-04 11:05:44.657 D/SystemServerTimingAsync( 689): ssm.onUnlockedUser-0_com.android.server.UiModeManagerService
06-04 11:05:44.657 D/SystemServerTimingAsync( 689): ssm.onUnlockedUser-0_com.android.server.locales.LocaleManagerService
06-04 11:05:44.657 D/SystemServerTimingAsync( 689): ssm.onUnlockedUser-0_com.android.server.grammaticalinflection.GrammaticalInflectionService
06-04 11:05:44.657 D/SystemServerTimingAsync( 689): ssm.onUnlockedUser-0_com.android.server.apphibernation.AppHibernationService
06-04 11:05:44.657 D/SystemServerTimingAsync( 689): ssm.onUnlockedUser-0_com.android.server.locksettings.LockSettingsService$Lifecycle
06-04 11:05:44.657 D/SystemServerTimingAsync( 689): ssm.onUnlockedUser-0_com.android.server.PersistentDataBlockService
06-04 11:05:44.657 D/SystemServerTimingAsync( 689): ssm.onUnlockedUser-0_com.android.server.testharness.TestHarnessModeService
06-04 11:05:44.657 D/SystemServerTimingAsync( 689): ssm.onUnlockedUser-0_com.android.server.oemlock.OemLockService
06-04 11:05:44.657 D/SystemServerTimingAsync( 689): ssm.onUnlockedUser-0_com.android.server.DeviceIdleController
06-04 11:05:44.657 D/SystemServerTimingAsync( 689): ssm.onUnlockedUser-0_com.android.server.devicepolicy.DevicePolicyManagerService$Lifecycle
06-04 11:05:44.658 D/SystemServerTimingAsync( 689): ssm.onUnlockedUser-0_com.android.server.texttospeech.TextToSpeechManagerService
06-04 11:05:44.658 D/SystemServerTimingAsync( 689): ssm.onUnlockedUser-0_com.android.server.ambientcontext.AmbientContextManagerService
06-04 11:05:44.658 D/SystemServerTimingAsync( 689): ssm.onUnlockedUser-0_com.android.server.wearable.WearableSensingManagerService
06-04 11:05:44.658 D/SystemServerTimingAsync( 689): ssm.onUnlockedUser-0_com.android.server.speech.SpeechRecognitionManagerService
06-04 11:05:44.658 D/SystemServerTimingAsync( 689): ssm.onUnlockedUser-0_com.android.server.searchui.SearchUiManagerService
06-04 11:05:44.658 D/SystemServerTimingAsync( 689): ssm.onUnlockedUser-0_com.android.server.smartspace.SmartspaceManagerService
06-04 11:05:44.658 D/SystemServerTimingAsync( 689): ssm.onUnlockedUser-0_com.android.server.graphics.fonts.FontManagerService$Lifecycle
06-04 11:05:44.658 D/SystemServerTimingAsync( 689): ssm.onUnlockedUser-0_com.android.server.textservices.TextServicesManagerService$Lifecycle
06-04 11:05:44.658 D/SystemServerTimingAsync( 689): ssm.onUnlockedUser-0_com.android.server.textclassifier.TextClassificationManagerService$Lifecycle
06-04 11:05:44.658 D/SystemServerTimingAsync( 689): ssm.onUnlockedUser-0_com.android.server.NetworkScoreService$Lifecycle
06-04 11:05:44.658 D/SystemServerTimingAsync( 689): ssm.onUnlockedUser-0_com.android.server.NetworkStatsServiceInitializer
06-04 11:05:44.658 D/SystemServerTimingAsync( 689): ssm.onUnlockedUser-0_com.android.server.wifi.WifiService
06-04 11:05:44.658 D/SystemServerTimingAsync( 689): ssm.onUnlockedUser-0_com.android.server.wifi.scanner.WifiScanningService
06-04 11:05:44.658 D/SystemServerTimingAsync( 689): ssm.onUnlockedUser-0_com.android.server.wifi.p2p.WifiP2pService
06-04 11:05:44.658 D/SystemServerTimingAsync( 689): ssm.onUnlockedUser-0_com.android.server.ConnectivityServiceInitializer
06-04 11:05:44.658 D/SystemServerTimingAsync( 689): ssm.onUnlockedUser-0_com.android.server.notification.NotificationManagerService
06-04 11:05:44.662 I/Watchdog( 689): Interesting Java process com.android.providers.media.module started. Pid 1403
06-04 11:05:44.662 I/ActivityManager( 689): Start proc 1403:com.android.providers.media.module/u0a58 for service {com.android.providers.media.module/com.android.providers.media.fuse.ExternalStorageServiceImpl}
06-04 11:05:44.663 D/SystemServerTimingAsync( 689): ssm.onUnlockedUser-0_com.android.server.storage.DeviceStorageMonitorService
06-04 11:05:44.663 D/SystemServerTimingAsync( 689): ssm.onUnlockedUser-0_com.android.server.timedetector.TimeDetectorService$Lifecycle
06-04 11:05:44.663 D/SystemServerTimingAsync( 689): ssm.onUnlockedUser-0_com.android.server.location.LocationManagerService$Lifecycle
06-04 11:05:44.663 D/SystemServerTimingAsync( 689): ssm.onUnlockedUser-0_com.android.server.timezonedetector.TimeZoneDetectorService$Lifecycle
06-04 11:05:44.663 D/SystemServerTimingAsync( 689): ssm.onUnlockedUser-0_com.android.server.location.altitude.AltitudeService$Lifecycle
06-04 11:05:44.663 D/SystemServerTimingAsync( 689): ssm.onUnlockedUser-0_com.android.server.timezonedetector.location.LocationTimeZoneManagerService$Lifecycle
06-04 11:05:44.663 D/SystemServerTimingAsync( 689): ssm.onUnlockedUser-0_com.android.server.search.SearchManagerService$Lifecycle
06-04 11:05:44.663 D/SystemServerTimingAsync( 689): ssm.onUnlockedUser-0_com.android.server.wallpaper.WallpaperManagerService$Lifecycle
06-04 11:05:44.663 D/SystemServerTimingAsync( 689): ssm.onUnlockedUser-0_com.android.server.wallpapereffectsgeneration.WallpaperEffectsGenerationManagerService
06-04 11:05:44.663 D/SystemServerTimingAsync( 689): ssm.onUnlockedUser-0_com.android.server.audio.AudioService$Lifecycle
06-04 11:05:44.663 D/SystemServerTimingAsync( 689): ssm.onUnlockedUser-0_com.android.server.soundtrigger_middleware.SoundTriggerMiddlewareService$Lifecycle
06-04 11:05:44.663 D/SystemServerTimingAsync( 689): ssm.onUnlockedUser-0_com.android.server.adb.AdbService$Lifecycle
06-04 11:05:44.663 D/SystemServerTimingAsync( 689): ssm.onUnlockedUser-0_com.android.server.usb.UsbService$Lifecycle
06-04 11:05:44.663 D/SystemServerTimingAsync( 689): ssm.onUnlockedUser-0_com.android.server.twilight.TwilightService
06-04 11:05:44.663 D/SystemServerTimingAsync( 689): ssm.onUnlockedUser-0_com.android.server.display.color.ColorDisplayService
06-04 11:05:44.663 D/SystemServerTimingAsync( 689): ssm.onUnlockedUser-0_com.android.server.job.JobSchedulerService
06-04 11:05:44.663 D/SystemServerTimingAsync( 689): ssm.onUnlockedUser-0_com.android.server.soundtrigger.SoundTriggerService
06-04 11:05:44.663 D/SystemServerTimingAsync( 689): ssm.onUnlockedUser-0_com.android.server.trust.TrustManagerService
06-04 11:05:44.663 D/SystemServerTimingAsync( 689): ssm.onUnlockedUser-0_com.android.server.backup.BackupManagerService$Lifecycle
06-04 11:05:44.663 D/SystemServerTimingAsync( 689): ssm.onUnlockedUser-0_com.android.server.appwidget.AppWidgetService
06-04 11:05:44.663 D/SystemServerTimingAsync( 689): ssm.onUnlockedUser-0_com.android.server.voiceinteraction.VoiceInteractionManagerService
06-04 11:05:44.663 D/SystemServerTimingAsync( 689): ssm.onUnlockedUser-0_com.android.server.GestureLauncherService
06-04 11:05:44.663 D/SystemServerTimingAsync( 689): ssm.onUnlockedUser-0_com.android.server.SensorNotificationService
06-04 11:05:44.663 D/SystemServerTimingAsync( 689): ssm.onUnlockedUser-0_com.android.server.emergency.EmergencyAffordanceService
06-04 11:05:44.663 D/SystemServerTimingAsync( 689): ssm.onUnlockedUser-0_com.android.server.blob.BlobStoreManagerService
06-04 11:05:44.663 D/SystemServerTimingAsync( 689): ssm.onUnlockedUser-0_com.android.server.dreams.DreamManagerService
06-04 11:05:44.663 D/SystemServerTimingAsync( 689): ssm.onUnlockedUser-0_com.android.server.security.AttestationVerificationManagerService
06-04 11:05:44.663 D/SystemServerTimingAsync( 689): ssm.onUnlockedUser-0_com.android.server.restrictions.RestrictionsManagerService
06-04 11:05:44.663 D/SystemServerTimingAsync( 689): ssm.onUnlockedUser-0_com.android.server.media.MediaSessionService
06-04 11:05:44.663 D/SystemServerTimingAsync( 689): ssm.onUnlockedUser-0_com.android.server.hdmi.HdmiControlService
06-04 11:05:44.663 D/SystemServerTimingAsync( 689): ssm.onUnlockedUser-0_com.android.server.tv.interactive.TvInteractiveAppManagerService
06-04 11:05:44.663 D/SystemServerTimingAsync( 689): ssm.onUnlockedUser-0_com.android.server.tv.TvInputManagerService
06-04 11:05:44.663 D/SystemServerTimingAsync( 689): ssm.onUnlockedUser-0_com.android.server.media.MediaResourceMonitorService
06-04 11:05:44.663 D/SystemServerTimingAsync( 689): ssm.onUnlockedUser-0_com.android.server.tv.TvRemoteService
06-04 11:05:44.663 D/SystemServerTimingAsync( 689): ssm.onUnlockedUser-0_com.android.server.biometrics.BiometricService
06-04 11:05:44.663 D/SystemServerTimingAsync( 689): ssm.onUnlockedUser-0_com.android.server.biometrics.AuthService
06-04 11:05:44.663 D/SystemServerTimingAsync( 689): ssm.onUnlockedUser-0_com.android.server.pm.ShortcutService$Lifecycle
06-04 11:05:44.663 D/SystemServerTimingAsync( 689): ssm.onUnlockedUser-0_com.android.server.pm.LauncherAppsService
06-04 11:05:44.664 D/SystemServerTimingAsync( 689): ssm.onUnlockedUser-0_com.android.server.pm.CrossProfileAppsService
06-04 11:05:44.664 D/SystemServerTimingAsync( 689): ssm.onUnlockedUser-0_com.android.server.people.PeopleService
06-04 11:05:44.664 D/SystemServerTimingAsync( 689): ssm.onUnlockedUser-0_com.android.server.media.metrics.MediaMetricsManagerService
06-04 11:05:44.664 D/SystemServerTimingAsync( 689): ssm.onUnlockedUser-0_com.android.server.pm.BackgroundInstallControlService
06-04 11:05:44.664 D/SystemServerTimingAsync( 689): ssm.onUnlockedUser-0_com.android.server.media.projection.MediaProjectionManagerService
06-04 11:05:44.664 D/SystemServerTimingAsync( 689): ssm.onUnlockedUser-0_com.android.server.slice.SliceManagerService$Lifecycle
06-04 11:05:44.664 D/SystemServerTimingAsync( 689): ssm.onUnlockedUser-0_com.android.server.stats.StatsCompanion$Lifecycle
06-04 11:05:44.664 D/SystemServerTimingAsync( 689): ssm.onUnlockedUser-0_com.android.server.scheduling.RebootReadinessManagerService$Lifecycle
06-04 11:05:44.664 D/SystemServerTimingAsync( 689): ssm.onUnlockedUser-0_com.android.server.stats.pull.StatsPullAtomService
06-04 11:05:44.664 D/SystemServerTimingAsync( 689): ssm.onUnlockedUser-0_com.android.server.stats.bootstrap.StatsBootstrapAtomService$Lifecycle
06-04 11:05:44.664 D/SystemServerTimingAsync( 689): ssm.onUnlockedUser-0_com.android.server.incident.IncidentCompanionService
06-04 11:05:44.664 D/SystemServerTimingAsync( 689): ssm.onUnlockedUser-0_com.android.server.sdksandbox.SdkSandboxManagerService$Lifecycle
06-04 11:05:44.664 D/SystemServerTimingAsync( 689): ssm.onUnlockedUser-0_com.android.server.adservices.AdServicesManagerService$Lifecycle
06-04 11:05:44.664 D/SystemServerTimingAsync( 689): ssm.onUnlockedUser-0_com.android.server.ondevicepersonalization.OnDevicePersonalizationSystemService$Lifecycle
06-04 11:05:44.664 D/SystemServerTimingAsync( 689): ssm.onUnlockedUser-0_com.android.server.autofill.AutofillManagerService
06-04 11:05:44.664 D/SystemServerTimingAsync( 689): ssm.onUnlockedUser-0_com.android.server.clipboard.ClipboardService
06-04 11:05:44.664 D/SystemServerTimingAsync( 689): ssm.onUnlockedUser-0_com.android.server.appbinding.AppBindingService$Lifecycle
06-04 11:05:44.664 D/SystemServerTimingAsync( 689): ssm.onUnlockedUser-0_com.android.server.tracing.TracingServiceProxy
06-04 11:05:44.664 D/SystemServerTimingAsync( 689): ssm.onUnlockedUser-0_com.android.server.policy.PermissionPolicyService
06-04 11:05:44.665 D/SystemServerTimingAsync( 689): ssm.onUnlockedUser-0_com.android.server.pm.StagingManager$Lifecycle
06-04 11:05:44.665 D/SystemServerTimingAsync( 689): ssm.onUnlockedUser-0_com.android.server.app.GameManagerService$Lifecycle
06-04 11:05:44.665 D/SystemServerTimingAsync( 689): ssm.onUnlockedUser-0_com.android.safetycenter.SafetyCenterService
06-04 11:05:44.665 D/SystemServerTimingAsync( 689): ssm.onUnlockedUser-0_com.android.server.appsearch.AppSearchModule$Lifecycle
06-04 11:05:44.665 D/SystemServerTimingAsync( 689): ssm.onUnlockedUser-0_com.android.server.media.MediaCommunicationService
06-04 11:05:44.665 D/SystemServerTimingAsync( 689): ssm.onUnlockedUser-0_com.android.server.compat.overrides.AppCompatOverridesService$Lifecycle
06-04 11:05:44.665 D/SystemServerTimingAsync( 689): ssm.onUnlockedUser-0_com.android.server.healthconnect.HealthConnectManagerService
06-04 11:05:44.665 D/HealthConnectManagerService( 689): switchToSetupForUser: UserHandle{0}
06-04 11:05:44.665 D/HealthConnectBackupRestore( 689): Performing user switch operations.
06-04 11:05:44.667 D/SystemServerTimingAsync( 689): ssm.onUnlockedUser-0_com.android.server.devicelock.DeviceLockService
06-04 11:05:44.667 E/TaskPersister( 689): File error accessing recents directory (directory doesn't exist?).
06-04 11:05:44.669 I/NotificationHistory( 689): Attempted to unlock gone/disabled user 0
06-04 11:05:44.684 D/HDMI ( 689): [R]: 0F:84:00:00:00
06-04 11:05:44.684 W/ContextImpl( 1063): Calling a method in the system process without a qualified user: android.app.ContextImpl.startService:1899 android.content.ContextWrapper.startService:825 android.content.ContextWrapper.startService:825 com.droidlogic.btpair.FastBootComplete.onReceive:20 android.app.ActivityThread.handleReceiver:4494
06-04 11:05:44.689 V/WindowManagerShell( 939): Transition requested: android.os.BinderProxy@1632462 TransitionRequestInfo { type = 2, triggerTask = TaskInfo{userId=0 taskId=3 displayId=0 isRunning=false baseIntent=Intent { act=android.intent.action.MAIN cat=[android.intent.category.HOME] flg=0x10800100 cmp=com.android.tv.settings/.system.FallbackHome } baseActivity=null topActivity=null origActivity=null realActivity=ComponentInfo{com.android.tv.settings/com.android.tv.settings.system.FallbackHome} numActivities=0 lastActiveTime=21659 supportsMultiWindow=true resizeMode=0 isResizeable=false minWidth=-1 minHeight=-1 defaultMinSize=220 token=WCT{android.window.IWindowContainerToken$Stub$Proxy@21889f3} topActivityType=2 pictureInPictureParams=null shouldDockBigOverlays=false launchIntoPipHostTaskId=-1 lastParentTaskIdBeforePip=-1 displayCutoutSafeInsets=null topActivityInfo=null launchCookies=[] positionInParent=Point(0, 0) parentTaskId=-1 isFocused=true isVisible=true isVisibleRequested=true isSleeping=false topActivityInSizeCompat=false topActivityEligibleForLetterboxEducation= false isLetterboxDoubleTapEnabled= false topActivityEligibleForUserAspectRatioButton= false topActivityBoundsLetterboxed= false isFromLetterboxDoubleTap= false topActivityLetterboxVerticalPosition= -1 topActivityLetterboxHorizontalPosition= -1 topActivityLetterboxWidth=-1 topActivityLetterboxHeight=-1 isUserFullscreenOverrideEnabled=false isTopActivityTransparent=false locusId=null displayAreaFeatureId=1 cameraCompatControlState=hidden}, remoteTransition = null, displayChange = null, flags = 0 }
06-04 11:05:44.690 D/CompatibilityChangeReporter( 689): Compat change id reported: 214016041; UID 1000; state: ENABLED
06-04 11:05:44.690 D/CompatibilityChangeReporter( 689): Compat change id reported: 214016041; UID 1000; state: DISABLED
06-04 11:05:44.691 D/HDMI ( 689): addCecDevice new:CEC: logical_address: 0x00 device_type: 0 cec_version: 5 vendor_id: 7173227 display_name: TV power_status: 0 physical_address: 0x0000 port_id: -1 old:CEC: logical_address: 0x00 device_type: 0 cec_version: 5 vendor_id: 7173227 display_name: TV power_status: 0 physical_address: 0xFFFF port_id: -1
06-04 11:05:44.692 D/HdmiControlService( 689): Switching to full volume behavior
06-04 11:05:44.693 D/HDMI ( 689): [S]: 40:46
06-04 11:05:44.704 W/ActivityManager( 689): Slow operation: 61ms so far, now at startProcess: returned from zygote!
06-04 11:05:44.749 V/NotificationAssistants( 689): disabling notification assistant for user 0: ComponentInfo{android.ext.services/android.ext.services.notification.Assistant}
06-04 11:05:44.749 D/NotificationListeners( 689): Removing active service ComponentInfo{android.ext.services/android.ext.services.notification.Assistant}
06-04 11:05:44.750 D/CompatibilityChangeReporter( 689): Compat change id reported: 135634846; UID 10040; state: DISABLED
06-04 11:05:44.753 D/CompatibilityChangeReporter( 689): Compat change id reported: 168419799; UID 10058; state: DISABLED
06-04 11:05:44.754 D/CompatibilityChangeReporter( 689): Compat change id reported: 273564678; UID 10058; state: DISABLED
06-04 11:05:44.757 E/BackupPasswordManager( 689): Unable to read backup pw version
06-04 11:05:44.757 W/ActivityManager( 689): Slow operation: 114ms so far, now at startProcess: done updating battery stats
06-04 11:05:44.757 E/BackupPasswordManager( 689): Unable to read saved backup pw hash
06-04 11:05:44.758 W/ActivityManager( 689): Slow operation: 114ms so far, now at startProcess: building log message
06-04 11:05:44.758 I/ActivityManager( 689): Start proc 1420:com.dangbei.lerad.etna.haqu/1000 for added application com.dangbei.lerad.etna.haqu
06-04 11:05:44.758 W/ActivityManager( 689): Slow operation: 115ms so far, now at startProcess: starting to update pids map
06-04 11:05:44.759 D/CompatibilityChangeReporter( 689): Compat change id reported: 265464455; UID 1000; state: DISABLED
06-04 11:05:44.759 D/CompatibilityChangeReporter( 689): Compat change id reported: 265452344; UID 1000; state: DISABLED
06-04 11:05:44.760 D/CompatibilityChangeReporter( 689): Compat change id reported: 266124927; UID 1000; state: DISABLED
06-04 11:05:44.760 D/CompatibilityChangeReporter( 689): Compat change id reported: 265451093; UID 1000; state: DISABLED
06-04 11:05:44.760 D/CompatibilityChangeReporter( 689): Compat change id reported: 265456536; UID 1000; state: DISABLED
06-04 11:05:44.760 D/CompatibilityChangeReporter( 689): Compat change id reported: 255940284; UID 1000; state: DISABLED
06-04 11:05:44.761 D/CompatibilityChangeReporter( 689): Compat change id reported: 236283604; UID 1000; state: DISABLED
06-04 11:05:44.761 D/CompatibilityChangeReporter( 689): Compat change id reported: 263959004; UID 1000; state: DISABLED
06-04 11:05:44.761 D/CompatibilityChangeReporter( 689): Compat change id reported: 264304459; UID 1000; state: DISABLED
06-04 11:05:44.762 D/CompatibilityChangeReporter( 689): Compat change id reported: 264301586; UID 1000; state: DISABLED
06-04 11:05:44.762 D/CompatibilityChangeReporter( 689): Compat change id reported: 254631730; UID 1000; state: DISABLED
06-04 11:05:44.763 D/CompatibilityChangeReporter( 689): Compat change id reported: 273509367; UID 1000; state: DISABLED
06-04 11:05:44.763 D/CompatibilityChangeReporter( 689): Compat change id reported: 263259275; UID 1000; state: DISABLED
06-04 11:05:44.763 D/CompatibilityChangeReporter( 689): Compat change id reported: 174042980; UID 1000; state: DISABLED
06-04 11:05:44.764 D/CompatibilityChangeReporter( 689): Compat change id reported: 174042936; UID 1000; state: DISABLED
06-04 11:05:44.764 D/CompatibilityChangeReporter( 689): Compat change id reported: 181136395; UID 1000; state: DISABLED
06-04 11:05:44.764 D/CompatibilityChangeReporter( 689): Compat change id reported: 170503758; UID 10058; state: ENABLED
06-04 11:05:44.774 D/CompatibilityChangeReporter( 689): Compat change id reported: 194480991; UID 1000; state: ENABLED
06-04 11:05:44.780 W/ContextImpl( 1063): Calling a method in the system process without a qualified user: android.app.ContextImpl.startService:1899 android.content.ContextWrapper.startService:825 android.content.ContextWrapper.startService:825 com.droidlogic.btpair.FastBootComplete.onReceive:23 android.app.ActivityThread.handleReceiver:4494
06-04 11:05:44.782 D/CompatibilityChangeReporter( 689): Compat change id reported: 197654537; UID 1000; state: DISABLED
06-04 11:05:44.786 I/ActivityTaskManager( 689): START u0 {act=android.intent.action.MAIN cat=[android.intent.category.HOME] flg=0x10000100 cmp=com.dangbei.leard.leradlauncher/com.dangbei.launcher.home.LauncherActivity (has extras)} with LAUNCH_SINGLE_TASK from uid 0 (BAL_ALLOW_ALLOWLISTED_UID) result code=0
06-04 11:05:44.790 W/ActivityManager( 689): Slow operation: 147ms so far, now at startProcess: done updating pids map
06-04 11:05:44.791 D/CompatibilityChangeReporter( 689): Compat change id reported: 143937733; UID 10040; state: DISABLED
06-04 11:05:44.794 D/CompatibilityChangeReporter( 689): Compat change id reported: 261072174; UID 1002; state: ENABLED
06-04 11:05:44.800 V/NotificationAssistants( 689): enabling notification assistant for 0: ComponentInfo{android.ext.services/android.ext.services.notification.Assistant}
06-04 11:05:44.800 V/NotificationAssistants( 689): binding: Intent { act=android.service.notification.NotificationAssistantService cmp=android.ext.services/.notification.Assistant (has extras) }
06-04 11:05:44.801 I/ActivityManager( 689): com.dangbei.leard.leradlauncher is exempt from freezer
06-04 11:05:44.804 D/CompatibilityChangeReporter( 689): Compat change id reported: 161252188; UID 10049; state: DISABLED
06-04 11:05:44.807 D/CompatibilityChangeReporter( 689): Compat change id reported: 135634846; UID 10049; state: DISABLED
06-04 11:05:44.808 D/CompatibilityChangeReporter( 689): Compat change id reported: 177438394; UID 10049; state: DISABLED
06-04 11:05:44.808 D/CompatibilityChangeReporter( 689): Compat change id reported: 135772972; UID 10049; state: DISABLED
06-04 11:05:44.808 D/CompatibilityChangeReporter( 689): Compat change id reported: 135754954; UID 10049; state: ENABLED
06-04 11:05:44.811 D/CompatibilityChangeReporter( 689): Compat change id reported: 265195908; UID 10058; state: ENABLED
06-04 11:05:44.816 D/CompatibilityChangeReporter( 689): Compat change id reported: 168419799; UID 1000; state: DISABLED
06-04 11:05:44.816 D/CompatibilityChangeReporter( 689): Compat change id reported: 273564678; UID 1000; state: DISABLED
06-04 11:05:44.821 I/ActivityManager( 689): com.oranth.ledstatus is exempt from freezer
06-04 11:05:44.821 D/CompatibilityChangeReporter( 689): Compat change id reported: 135634846; UID 1000; state: DISABLED
06-04 11:05:44.824 W/ActivityManager( 689): Slow operation: 75ms so far, now at startProcess: returned from zygote!
06-04 11:05:44.824 W/ActivityManager( 689): Slow operation: 75ms so far, now at startProcess: done updating battery stats
06-04 11:05:44.824 W/ActivityManager( 689): Slow operation: 75ms so far, now at startProcess: building log message
06-04 11:05:44.824 I/ActivityManager( 689): Start proc 1440:com.sohu.inputmethod.sogou.tv/u0a40 for service {com.sohu.inputmethod.sogou.tv/com.sohu.inputmethod.sogou.tv.SogouIME}
06-04 11:05:44.824 W/ActivityManager( 689): Slow operation: 75ms so far, now at startProcess: starting to update pids map
06-04 11:05:44.825 W/ActivityManager( 689): Slow operation: 75ms so far, now at startProcess: done updating pids map
06-04 11:05:44.836 V/BackupManagerService( 689): [UserID:0] No ancestral data
06-04 11:05:44.844 V/BackupManagerConstants( 689): getKeyValueBackupIntervalMilliseconds(...) returns 14400000
06-04 11:05:44.844 V/BackupManagerConstants( 689): getKeyValueBackupFuzzMilliseconds(...) returns 600000
06-04 11:05:44.844 V/BackupManagerConstants( 689): getKeyValueBackupRequiredNetworkType(...) returns 1
06-04 11:05:44.844 V/BackupManagerConstants( 689): getKeyValueBackupRequireCharging(...) returns true
06-04 11:05:44.844 V/KeyValueBackupJob( 689): Scheduling k/v pass in 242 minutes
06-04 11:05:44.847 I/ActivityManager( 689): Start proc 1441:com.dangbei.leard.leradlauncher/1000 for top-activity {com.dangbei.leard.leradlauncher/com.dangbei.launcher.home.LauncherActivity}
06-04 11:05:44.853 I/MediaSessionStack( 689): addSession to bottom of stack | record: com.android.bluetooth/BluetoothMediaBrowserService (userId=0)
06-04 11:05:44.861 I/HealthConnectBackupRestore( 689): Attempt to schedule download timeout job with state: 0
06-04 11:05:44.861 I/HealthConnectBackupRestore( 689): Attempt to schedule staging timeout job with state: 0
06-04 11:05:44.861 I/HealthConnectBackupRestore( 689): Attempt to schedule merging timeout job with state: 0
06-04 11:05:44.884 D/SystemServerTiming( 689): getUserSwitchability-0
06-04 11:05:44.885 D/SystemServerTiming( 689): TM.isInCall
06-04 11:05:44.887 D/CompatibilityChangeReporter( 689): Compat change id reported: 143937733; UID 10049; state: ENABLED
06-04 11:05:44.887 D/CompatibilityChangeReporter( 689): Compat change id reported: 271850009; UID 1000; state: ENABLED
06-04 11:05:44.888 D/CompatibilityChangeReporter( 689): Compat change id reported: 271850009; UID 1000; state: DISABLED
06-04 11:05:44.892 D/CompatibilityChangeReporter( 689): Compat change id reported: 168419799; UID 1000; state: DISABLED
06-04 11:05:44.892 D/CompatibilityChangeReporter( 689): Compat change id reported: 273564678; UID 1000; state: DISABLED
06-04 11:05:44.897 D/WindowManagerShell( 939): TvPipController: onTaskStackChanged()
06-04 11:05:44.898 I/UsageStatsService( 689): User[0] Rollover scheduled @ 2025-06-05 10:57:53(1749092273679)
06-04 11:05:44.900 D/SystemServerTiming( 689): hasUserRestriction-DISALLOW_USER_SWITCH
06-04 11:05:44.900 D/SystemServerTiming( 689): getInt-ALLOW_USER_SWITCHING_WHEN_SYSTEM_USER_LOCKED
06-04 11:05:44.900 D/SystemServerTiming( 689): isUserUnlocked-USER_SYSTEM
06-04 11:05:44.906 D/SystemServerTiming( 689): getUserSwitchability-0
06-04 11:05:44.906 D/SystemServerTiming( 689): TM.isInCall
06-04 11:05:44.906 D/SystemServerTiming( 689): hasUserRestriction-DISALLOW_USER_SWITCH
06-04 11:05:44.907 D/SystemServerTiming( 689): getInt-ALLOW_USER_SWITCHING_WHEN_SYSTEM_USER_LOCKED
06-04 11:05:44.907 D/SystemServerTiming( 689): isUserUnlocked-USER_SYSTEM
06-04 11:05:44.909 V/NotificationAssistants( 689): 0 notification assistant service connected: ComponentInfo{android.ext.services/android.ext.services.notification.Assistant}
06-04 11:05:44.912 D/SystemServerTiming( 689): getUserSwitchability-0
06-04 11:05:44.912 D/SystemServerTiming( 689): TM.isInCall
06-04 11:05:44.913 D/SystemServerTiming( 689): hasUserRestriction-DISALLOW_USER_SWITCH
06-04 11:05:44.913 D/SystemServerTiming( 689): getInt-ALLOW_USER_SWITCHING_WHEN_SYSTEM_USER_LOCKED
06-04 11:05:44.913 D/SystemServerTiming( 689): isUserUnlocked-USER_SYSTEM
06-04 11:05:44.918 D/SystemServerTiming( 689): getUserSwitchability-0
06-04 11:05:44.918 D/SystemServerTiming( 689): TM.isInCall
06-04 11:05:44.918 D/SystemServerTiming( 689): hasUserRestriction-DISALLOW_USER_SWITCH
06-04 11:05:44.918 D/SystemServerTiming( 689): getInt-ALLOW_USER_SWITCHING_WHEN_SYSTEM_USER_LOCKED
06-04 11:05:44.918 D/SystemServerTiming( 689): isUserUnlocked-USER_SYSTEM
06-04 11:05:44.925 D/SystemServerTiming( 689): getUserSwitchability-0
06-04 11:05:44.925 D/SystemServerTiming( 689): TM.isInCall
06-04 11:05:44.925 D/SystemServerTiming( 689): hasUserRestriction-DISALLOW_USER_SWITCH
06-04 11:05:44.925 D/SystemServerTiming( 689): getInt-ALLOW_USER_SWITCHING_WHEN_SYSTEM_USER_LOCKED
06-04 11:05:44.925 D/SystemServerTiming( 689): isUserUnlocked-USER_SYSTEM
06-04 11:05:44.942 W/ActivityManager( 689): Slow operation: 136ms so far, now at startProcess: returned from zygote!
06-04 11:05:44.943 W/ActivityManager( 689): Slow operation: 136ms so far, now at startProcess: done updating battery stats
06-04 11:05:44.943 W/ActivityManager( 689): Slow operation: 137ms so far, now at startProcess: building log message
06-04 11:05:44.943 I/ActivityManager( 689): Start proc 1471:com.android.music/u0a49 for service {com.android.music/com.android.music.MediaPlaybackService}
06-04 11:05:44.943 W/ActivityManager( 689): Slow operation: 137ms so far, now at startProcess: starting to update pids map
06-04 11:05:44.943 W/ActivityManager( 689): Slow operation: 137ms so far, now at startProcess: done updating pids map
06-04 11:05:44.943 W/ActivityManager( 689): Slow operation: 123ms so far, now at startProcess: asking zygote to start proc
06-04 11:05:44.959 W/ActivityManager( 689): Slow operation: 139ms so far, now at startProcess: returned from zygote!
06-04 11:05:44.960 W/ActivityManager( 689): Slow operation: 140ms so far, now at startProcess: done updating battery stats
06-04 11:05:44.960 W/ActivityManager( 689): Slow operation: 140ms so far, now at startProcess: building log message
06-04 11:05:44.960 I/ActivityManager( 689): Start proc 1473:com.oranth.ledstatus/1000 for broadcast {com.oranth.ledstatus/com.oranth.ledstatus.BootCompletedReceiver}
06-04 11:05:44.960 W/ActivityManager( 689): Slow operation: 140ms so far, now at startProcess: starting to update pids map
06-04 11:05:44.960 W/ActivityManager( 689): Slow operation: 140ms so far, now at startProcess: done updating pids map
06-04 11:05:44.974 I/SyncManager( 689): Loaded persisted syncs: 0 periodic syncs, 0 oneshot syncs, 0 total system server jobs, JobStats: FirstLoad: 5/3/0 LastSave: -1/-1/-1
06-04 11:05:44.980 D/CompatibilityChangeReporter( 689): Compat change id reported: 168419799; UID 10040; state: DISABLED
06-04 11:05:44.981 D/CompatibilityChangeReporter( 689): Compat change id reported: 273564678; UID 10040; state: DISABLED
06-04 11:05:44.984 D/CompatibilityChangeReporter( 689): Compat change id reported: 265195908; UID 10040; state: ENABLED
06-04 11:05:44.987 I/MediaSessionStack( 689): addSession to bottom of stack | record: com.android.bluetooth/BluetoothMediaBrowserService (userId=0)
06-04 11:05:45.005 D/CompatibilityChangeReporter( 689): Compat change id reported: 170503758; UID 10040; state: DISABLED
06-04 11:05:45.005 D/CompatibilityChangeReporter( 689): Compat change id reported: 168419799; UID 10049; state: DISABLED
06-04 11:05:45.005 D/CompatibilityChangeReporter( 689): Compat change id reported: 273564678; UID 10049; state: DISABLED
06-04 11:05:45.014 I/UsageStatsService( 689): User[0] Flushing usage stats to disk
06-04 11:05:45.015 D/CompatibilityChangeReporter( 689): Compat change id reported: 265195908; UID 10049; state: ENABLED
06-04 11:05:45.042 D/HDMI ( 689): [R]: 04:47:44:42:58:35:53:50:4E
06-04 11:05:45.043 D/HdmiCecNetwork( 689): Updating device OSD name from TV to DBX5SPN
06-04 11:05:45.045 D/HDMI ( 689): [S]: 40:8F
06-04 11:05:45.078 I/BackupManagerService( 689): isBackupEnabled() => false due to absent settings file
06-04 11:05:45.079 D/BackupManagerService( 689): user:0 readBackupEnableState enabled:false
06-04 11:05:45.079 I/BackupManagerService( 689): [UserID:0] Backup enabled => false
06-04 11:05:45.082 D/CompatibilityChangeReporter( 689): Compat change id reported: 170503758; UID 10049; state: DISABLED
06-04 11:05:45.145 D/CompatibilityChangeReporter( 689): Compat change id reported: 168419799; UID 1000; state: DISABLED
06-04 11:05:45.146 D/CompatibilityChangeReporter( 689): Compat change id reported: 273564678; UID 1000; state: DISABLED
06-04 11:05:45.148 D/CompatibilityChangeReporter( 689): Compat change id reported: 161252188; UID 1000; state: DISABLED
06-04 11:05:45.149 I/ActivityManager( 689): com.android.keychain is exempt from freezer
06-04 11:05:45.149 D/CompatibilityChangeReporter( 689): Compat change id reported: 135634846; UID 1000; state: DISABLED
06-04 11:05:45.186 I/ActivityManager( 689): Start proc 1512:com.android.keychain/1000 for service {com.android.keychain/com.android.keychain.KeyChainService}
06-04 11:05:45.187 V/BackupManagerConstants( 689): getKeyValueBackupIntervalMilliseconds(...) returns 14400000
06-04 11:05:45.187 V/BackupManagerConstants( 689): getKeyValueBackupFuzzMilliseconds(...) returns 600000
06-04 11:05:45.187 V/BackupManagerConstants( 689): getKeyValueBackupRequiredNetworkType(...) returns 1
06-04 11:05:45.187 V/BackupManagerConstants( 689): getKeyValueBackupRequireCharging(...) returns true
06-04 11:05:45.187 V/KeyValueBackupJob( 689): Scheduling k/v pass in 247 minutes
06-04 11:05:45.188 D/SystemServerTiming( 689): getUserSwitchability-0
06-04 11:05:45.188 D/SystemServerTiming( 689): TM.isInCall
06-04 11:05:45.190 D/SystemServerTiming( 689): hasUserRestriction-DISALLOW_USER_SWITCH
06-04 11:05:45.190 D/SystemServerTiming( 689): getInt-ALLOW_USER_SWITCHING_WHEN_SYSTEM_USER_LOCKED
06-04 11:05:45.190 D/SystemServerTiming( 689): isUserUnlocked-USER_SYSTEM
06-04 11:05:45.237 D/HDMI ( 689): [R]: 04:90:00
06-04 11:05:45.239 D/HDMI ( 689): addCecDevice new:CEC: logical_address: 0x00 device_type: 0 cec_version: 5 vendor_id: 7173227 display_name: DBX5SPN power_status: 0 physical_address: 0x0000 port_id: -1 old:CEC: logical_address: 0x00 device_type: 0 cec_version: 5 vendor_id: 7173227 display_name: DBX5SPN power_status: 0 physical_address: 0x0000 port_id: -1
06-04 11:05:45.239 D/HdmiControlService( 689): Switching to full volume behavior
06-04 11:05:45.240 D/HDMI ( 689): addCecDevice new:CEC: logical_address: 0x04 device_type: 4 cec_version: 5 vendor_id: 1877008 display_name: DBBOX-A3 power_status: 0 physical_address: 0x3000 port_id: 0 old:null
06-04 11:05:45.240 D/HDMI ( 689): Hot-plug detection started.
06-04 11:05:45.302 W/ActivityManager( 689): Slow operation: 82ms so far, now at attachApplicationLocked: before bindApplication
06-04 11:05:45.302 D/CompatibilityChangeReporter( 689): Compat change id reported: 168419799; UID 1000; state: DISABLED
06-04 11:05:45.302 D/CompatibilityChangeReporter( 689): Compat change id reported: 273564678; UID 1000; state: DISABLED
06-04 11:05:45.303 W/ActivityManager( 689): Slow operation: 83ms so far, now at attachApplicationLocked: immediately before bindApplication
06-04 11:05:45.303 W/ActivityManager( 689): Slow operation: 83ms so far, now at attachApplicationLocked: immediately after bindApplication
06-04 11:05:45.303 W/ActivityManager( 689): Slow operation: 83ms so far, now at attachApplicationLocked: after updateLruProcessLocked
06-04 11:05:45.304 W/ActivityManager( 689): Slow operation: 84ms so far, now at attachApplicationLocked: after updateOomAdjLocked
06-04 11:05:45.307 D/SystemServerTiming( 689): getUserSwitchability-0
06-04 11:05:45.307 D/SystemServerTiming( 689): TM.isInCall
06-04 11:05:45.309 D/CompatibilityChangeReporter( 689): Compat change id reported: 271850009; UID 1000; state: ENABLED
06-04 11:05:45.316 D/SystemServerTiming( 689): hasUserRestriction-DISALLOW_USER_SWITCH
06-04 11:05:45.316 D/SystemServerTiming( 689): getInt-ALLOW_USER_SWITCHING_WHEN_SYSTEM_USER_LOCKED
06-04 11:05:45.316 D/SystemServerTiming( 689): isUserUnlocked-USER_SYSTEM
06-04 11:05:45.322 D/SystemServerTiming( 689): getUserSwitchability-0
06-04 11:05:45.323 D/SystemServerTiming( 689): TM.isInCall
06-04 11:05:45.323 D/SystemServerTiming( 689): hasUserRestriction-DISALLOW_USER_SWITCH
06-04 11:05:45.323 D/SystemServerTiming( 689): getInt-ALLOW_USER_SWITCHING_WHEN_SYSTEM_USER_LOCKED
06-04 11:05:45.323 D/SystemServerTiming( 689): isUserUnlocked-USER_SYSTEM
06-04 11:05:45.326 V/WindowManager( 689): app ------------- force_land :0
06-04 11:05:45.330 D/CompatibilityChangeReporter( 689): Compat change id reported: 197654537; UID 1000; state: DISABLED
06-04 11:05:45.338 I/MediaSessionStack( 689): addSession to bottom of stack | record: com.android.music/MediaPlaybackService (userId=0)
06-04 11:05:45.363 D/CompatibilityChangeReporter( 689): Compat change id reported: 261072174; UID 1000; state: ENABLED
06-04 11:05:45.367 D/CompatibilityChangeReporter( 689): Compat change id reported: 271850009; UID 1000; state: DISABLED
06-04 11:05:45.385 D/CompatibilityChangeReporter( 689): Compat change id reported: 253665015; UID 1000; state: ENABLED
06-04 11:05:45.402 D/CompatibilityChangeReporter( 689): Compat change id reported: 253665015; UID 1000; state: DISABLED
06-04 11:05:45.406 D/CompatibilityChangeReporter( 689): Compat change id reported: 194532703; UID 1000; state: ENABLED
06-04 11:05:45.406 D/CompatibilityChangeReporter( 689): Compat change id reported: 194532703; UID 1000; state: DISABLED
06-04 11:05:45.494 W/WindowManager( 689): [addWindow] title:InputMethod
06-04 11:05:45.495 D/CompatibilityChangeReporter( 689): Compat change id reported: 168419799; UID 10040; state: DISABLED
06-04 11:05:45.495 D/CompatibilityChangeReporter( 689): Compat change id reported: 273564678; UID 10040; state: DISABLED
06-04 11:05:45.510 D/CompatibilityChangeReporter( 689): Compat change id reported: 161145287; UID 10040; state: DISABLED
06-04 11:05:45.525 D/CompatibilityChangeReporter( 689): Compat change id reported: 161145287; UID 10058; state: ENABLED
06-04 11:05:45.532 I/ActivityManager( 689): com.oranth.storage is exempt from freezer
06-04 11:05:45.533 D/CompatibilityChangeReporter( 689): Compat change id reported: 135634846; UID 1000; state: DISABLED
06-04 11:05:45.545 W/ContextImpl( 1473): Calling a method in the system process without a qualified user: android.app.ContextImpl.startService:1899 android.content.ContextWrapper.startService:825 android.content.ContextWrapper.startService:825 com.oranth.ledstatus.BootCompletedReceiver.onReceive:15 android.app.ActivityThread.handleReceiver:4494
06-04 11:05:45.555 D/CompatibilityChangeReporter( 689): Compat change id reported: 261072174; UID 10052; state: ENABLED
06-04 11:05:45.575 I/ActivityManager( 689): Start proc 1561:com.oranth.storage/1000 for broadcast {com.oranth.storage/com.oranth.storage.BootCompletedReceiver}
06-04 11:05:45.593 D/CompatibilityChangeReporter( 689): Compat change id reported: 161145287; UID 1000; state: ENABLED
06-04 11:05:45.594 D/CompatibilityChangeReporter( 689): Compat change id reported: 161145287; UID 1000; state: DISABLED
06-04 11:05:45.612 D/CoreBackPreview( 689): Window{8cc4b83 u0 InputMethod}: Setting back callback OnBackInvokedCallbackInfo{mCallback=android.window.IOnBackInvokedCallback$Stub$Proxy@3f1a1b6, mPriority=0, mIsAnimationCallback=false}
06-04 11:05:45.677 I/StorageUserConnection( 689): Service: [ComponentInfo{com.android.providers.media.module/com.android.providers.media.fuse.ExternalStorageServiceImpl}] connected. User [0]
06-04 11:05:45.728 D/CompatibilityChangeReporter( 689): Compat change id reported: 135634846; UID 10017; state: DISABLED
06-04 11:05:45.728 D/CompatibilityChangeReporter( 689): Compat change id reported: 177438394; UID 10017; state: DISABLED
06-04 11:05:45.728 D/CompatibilityChangeReporter( 689): Compat change id reported: 135772972; UID 10017; state: DISABLED
06-04 11:05:45.729 D/CompatibilityChangeReporter( 689): Compat change id reported: 135754954; UID 10017; state: ENABLED
06-04 11:05:45.730 D/CompatibilityChangeReporter( 689): Compat change id reported: 143937733; UID 10017; state: ENABLED
06-04 11:05:45.736 D/CompatibilityChangeReporter( 689): Compat change id reported: 168419799; UID 1000; state: DISABLED
06-04 11:05:45.736 D/CompatibilityChangeReporter( 689): Compat change id reported: 273564678; UID 1000; state: DISABLED
06-04 11:05:45.744 I/ActivityManager( 689): Start proc 1585:android.process.acore/u0a17 for content provider {com.android.providers.contacts/com.android.providers.contacts.ContactsProvider2}
06-04 11:05:45.796 D/CompatibilityChangeReporter( 689): Compat change id reported: 168419799; UID 10017; state: DISABLED
06-04 11:05:45.797 D/CompatibilityChangeReporter( 689): Compat change id reported: 273564678; UID 10017; state: DISABLED
06-04 11:05:45.810 D/CompatibilityChangeReporter( 689): Compat change id reported: 265195908; UID 10017; state: ENABLED
06-04 11:05:45.815 D/CompatibilityChangeReporter( 689): Compat change id reported: 149924527; UID 10040; state: ENABLED
06-04 11:05:45.815 D/CompatibilityChangeReporter( 689): Compat change id reported: 149924527; UID 1000; state: ENABLED
06-04 11:05:45.815 D/CompatibilityChangeReporter( 689): Compat change id reported: 132649864; UID 10040; state: DISABLED
06-04 11:05:45.816 D/CompatibilityChangeReporter( 689): Compat change id reported: 132649864; UID 1000; state: DISABLED
06-04 11:05:45.841 D/CompatibilityChangeReporter( 689): Compat change id reported: 170503758; UID 10017; state: ENABLED
06-04 11:05:45.935 W/ContextImpl( 1420): Calling a method in the system process without a qualified user: android.app.ContextImpl.startService:1899 android.content.ContextWrapper.startService:825 com.dangbei.lerad.etna.core.EtnaManager.startService:64 com.dangbei.lerad.etna.core.EtnaManager.init:39 com.dangbei.lerad.etna.haqu.EtnaApplication.init:87
06-04 11:05:45.938 W/ContextImpl( 1420): Calling a method in the system process without a qualified user: android.app.ContextImpl.startService:1899 android.content.ContextWrapper.startService:825 com.dangbei.andes.CoreService$Companion.start:29 com.dangbei.lerad.etna.haqu.EtnaApplication.init:88 com.dangbei.lerad.etna.haqu.EtnaApplication.onCreate:59
06-04 11:05:45.969 W/ContextImpl( 1561): Calling a method in the system process without a qualified user: android.app.ContextImpl.startService:1899 android.content.ContextWrapper.startService:825 android.content.ContextWrapper.startService:825 com.oranth.storage.BootCompletedReceiver.onReceive:15 android.app.ActivityThread.handleReceiver:4494
06-04 11:05:45.977 D/CompatibilityChangeReporter( 689): Compat change id reported: 161145287; UID 10017; state: ENABLED
06-04 11:05:45.986 D/HDMI ( 689): Process pid:1420 is calling addHotplugEventListener
06-04 11:05:46.002 W/ContextImpl( 1420): Calling a method in the system process without a qualified user: android.app.ContextImpl.bindService:1988 android.content.ContextWrapper.bindService:861 com.dangbei.lerad.etna.lib.client.EtnaClient.bindServer:138 com.dangbei.lerad.etna.lib.client.EtnaClient.access$600:29 com.dangbei.lerad.etna.lib.client.EtnaClient$3.call:205
06-04 11:05:46.017 E/BootReceiver( 689): Could not open /sys/kernel/tracing/instances/bootreceiver/trace_pipe
06-04 11:05:46.017 E/BootReceiver( 689): android.system.ErrnoException: open failed: ENOENT (No such file or directory)
06-04 11:05:46.017 E/BootReceiver( 689): at libcore.io.Linux.open(Native Method)
06-04 11:05:46.017 E/BootReceiver( 689): at libcore.io.ForwardingOs.open(ForwardingOs.java:563)
06-04 11:05:46.017 E/BootReceiver( 689): at libcore.io.BlockGuardOs.open(BlockGuardOs.java:274)
06-04 11:05:46.017 E/BootReceiver( 689): at android.system.Os.open(Os.java:494)
06-04 11:05:46.017 E/BootReceiver( 689): at com.android.server.BootReceiver.onReceive(BootReceiver.java:164)
06-04 11:05:46.017 E/BootReceiver( 689): at android.app.ActivityThread.handleReceiver(ActivityThread.java:4494)
06-04 11:05:46.017 E/BootReceiver( 689): at android.app.ActivityThread.-$$Nest$mhandleReceiver(Unknown Source:0)
06-04 11:05:46.017 E/BootReceiver( 689): at android.app.ActivityThread$H.handleMessage(ActivityThread.java:2285)
06-04 11:05:46.017 E/BootReceiver( 689): at android.os.Handler.dispatchMessage(Handler.java:106)
06-04 11:05:46.017 E/BootReceiver( 689): at android.os.Looper.loopOnce(Looper.java:205)
06-04 11:05:46.017 E/BootReceiver( 689): at android.os.Looper.loop(Looper.java:294)
06-04 11:05:46.017 E/BootReceiver( 689): at com.android.server.SystemServer.run(SystemServer.java:982)
06-04 11:05:46.017 E/BootReceiver( 689): at com.android.server.SystemServer.main(SystemServer.java:668)
06-04 11:05:46.017 E/BootReceiver( 689): at java.lang.reflect.Method.invoke(Native Method)
06-04 11:05:46.017 E/BootReceiver( 689): at com.android.internal.os.RuntimeInit$MethodAndArgsCaller.run(RuntimeInit.java:552)
06-04 11:05:46.017 E/BootReceiver( 689): at com.android.internal.os.ZygoteInit.main(ZygoteInit.java:956)
06-04 11:05:46.034 W/ContextImpl( 1420): Calling a method in the system process without a qualified user: android.app.ContextImpl.bindService:1988 android.content.ContextWrapper.bindService:861 com.dangbei.lerad.etna.lib.client.EtnaClient.bindServer:138 com.dangbei.lerad.etna.lib.client.EtnaClient.access$600:29 com.dangbei.lerad.etna.lib.client.EtnaClient$3.call:205
06-04 11:05:46.040 D/CountryDetector( 689): The first listener is added
06-04 11:05:46.044 I/DropBoxManagerService( 689): add tag=SYSTEM_BOOT isTagEnabled=true flags=0x2
06-04 11:05:46.048 I/BootReceiver( 689): Copying /sys/fs/pstore/console-ramoops-0 to DropBox (SYSTEM_LAST_KMSG)
06-04 11:05:46.049 I/DropBoxManagerService( 689): add tag=SYSTEM_LAST_KMSG isTagEnabled=true flags=0x6
06-04 11:05:46.055 W/ContextImpl( 1063): Calling a method in the system process without a qualified user: android.app.ContextImpl.startService:1899 android.content.ContextWrapper.startService:825 android.content.ContextWrapper.startService:825 com.droidlogic.BootComplete.onReceive:116 android.app.ActivityThread.handleReceiver:4494
06-04 11:05:46.060 W/ContextImpl( 1063): Calling a method in the system process without a qualified user: android.app.ContextImpl.startForegroundService:1905 android.content.ContextWrapper.startForegroundService:830 android.content.ContextWrapper.startForegroundService:830 com.droidlogic.BootComplete.onReceive:125 android.app.ActivityThread.handleReceiver:4494
06-04 11:05:46.061 W/ActivityManager( 689): Unable to start service Intent { cmp=com.android.tv.mdnsoffloadcmd/.MdnsOffloadCmdService } U=0: not found
06-04 11:05:46.062 W/ContextImpl( 1063): Calling a method in the system process without a qualified user: android.app.ContextImpl.startService:1899 android.content.ContextWrapper.startService:825 android.content.ContextWrapper.startService:825 com.droidlogic.BootComplete.onReceive:127 android.app.ActivityThread.handleReceiver:4494
06-04 11:05:46.065 I/BootReceiver( 689): Copying audit failures to DropBox
06-04 11:05:46.072 W/ContextImpl( 1063): Calling a method in the system process without a qualified user: android.app.ContextImpl.startService:1899 android.content.ContextWrapper.startService:825 android.content.ContextWrapper.startService:825 com.droidlogic.BootComplete.onReceive:128 android.app.ActivityThread.handleReceiver:4494
06-04 11:05:46.075 D/CompatibilityChangeReporter( 689): Compat change id reported: 171306433; UID 1000; state: ENABLED
06-04 11:05:46.076 D/CompatibilityChangeReporter( 689): Compat change id reported: 218533173; UID 1000; state: ENABLED
06-04 11:05:46.077 I/BootReceiver( 689): Copied 5418 worth of audits to DropBox
06-04 11:05:46.077 I/DropBoxManagerService( 689): add tag=SYSTEM_AUDIT isTagEnabled=true flags=0x2
06-04 11:05:46.083 I/BootReceiver( 689): Checking for fsck errors
06-04 11:05:46.084 I/BootReceiver( 689): fs_stat, partition:param stat:0x10013
06-04 11:05:46.084 I/BootReceiver( 689): fs_stat, partition:tee stat:0x3
06-04 11:05:46.084 I/BootReceiver( 689): fs_stat, partition:factory stat:0x0
06-04 11:05:46.085 I/BootReceiver( 689): fs_stat, partition:userdata stat:0x0
06-04 11:05:46.093 W/ContextImpl( 1063): Calling a method in the system process without a qualified user: android.app.ContextImpl.stopService:1911 android.content.ContextWrapper.stopService:835 android.content.ContextWrapper.stopService:835 com.droidlogic.BootComplete$2.onChange:276 com.droidlogic.BootComplete.updateDeveloperOptionsWatcher:283
06-04 11:05:46.095 D/CompatibilityChangeReporter( 689): Compat change id reported: 135634846; UID 10016; state: DISABLED
06-04 11:05:46.096 D/CompatibilityChangeReporter( 689): Compat change id reported: 177438394; UID 10016; state: DISABLED
06-04 11:05:46.096 D/CompatibilityChangeReporter( 689): Compat change id reported: 135772972; UID 10016; state: DISABLED
06-04 11:05:46.096 D/CompatibilityChangeReporter( 689): Compat change id reported: 135754954; UID 10016; state: ENABLED
06-04 11:05:46.097 D/CompatibilityChangeReporter( 689): Compat change id reported: 143937733; UID 10016; state: ENABLED
06-04 11:05:46.113 I/ActivityManager( 689): Start proc 1651:android.process.media/u0a16 for content provider {com.android.providers.downloads/com.android.providers.downloads.DownloadProvider}
06-04 11:05:46.113 W/ContextImpl( 1063): Calling a method in the system process without a qualified user: android.app.ContextImpl.startService:1899 android.content.ContextWrapper.startService:825 android.content.ContextWrapper.startService:825 com.droidlogic.BootComplete.onReceive:173 android.app.ActivityThread.handleReceiver:4494
06-04 11:05:46.120 I/ActivityManager( 689): com.droidlogic.mictoggle is exempt from freezer
06-04 11:05:46.120 D/CompatibilityChangeReporter( 689): Compat change id reported: 135634846; UID 1000; state: DISABLED
06-04 11:05:46.127 D/HDMI ( 689): addVendorCommandListener 1877008
06-04 11:05:46.153 D/CompatibilityChangeReporter( 689): Compat change id reported: 168419799; UID 10016; state: DISABLED
06-04 11:05:46.153 D/CompatibilityChangeReporter( 689): Compat change id reported: 273564678; UID 10016; state: DISABLED
06-04 11:05:46.186 W/ActivityManager( 689): Slow operation: 66ms so far, now at startProcess: done updating battery stats
06-04 11:05:46.186 W/ActivityManager( 689): Slow operation: 67ms so far, now at startProcess: building log message
06-04 11:05:46.186 I/ActivityManager( 689): Start proc 1667:com.droidlogic.mictoggle/1000 for broadcast {com.droidlogic.mictoggle/com.droidlogic.mictoggle.AssistantMicMuteReceiver}
06-04 11:05:46.186 W/ActivityManager( 689): Slow operation: 67ms so far, now at startProcess: starting to update pids map
06-04 11:05:46.186 W/ActivityManager( 689): Slow operation: 67ms so far, now at startProcess: done updating pids map
06-04 11:05:46.192 D/CompatibilityChangeReporter( 689): Compat change id reported: 168419799; UID 1000; state: DISABLED
06-04 11:05:46.193 D/CompatibilityChangeReporter( 689): Compat change id reported: 273564678; UID 1000; state: DISABLED
06-04 11:05:46.195 D/CompatibilityChangeReporter( 689): Compat change id reported: 265195908; UID 10016; state: ENABLED
