06-04 11:23:54.541 E/playfilesourceNew( 3472): HCDN_LOG: [T:4173][HINFO]:[f:DoAsynNotifyInfoResponse],[l:2605],[TaskID(3999911026),type(6),msg({"BandWidth":6488064,"IsAd":1,"IsP2P":1,"VID":""}
06-04 11:23:54.541 E/playfilesourceNew( 3472): )!]
06-04 11:23:54.541 E/abs_info( 3472): HCDN_LOG: [T:4173][HINFO]:[f:PostABSInfo],[l:7214],Task(13), SetABSInterface ret(0) SetParam("DownloadStatusByHcdn", {"BandWidth":6488064,"BandWidth_1":7888896,"IsAd":1,"IsP2P":1,"VID":""}
06-04 11:23:54.541 E/abs_info( 3472): )
06-04 11:23:54.541 E/playfilesourceNew( 3472): HCDN_LOG: [T:4173][HINFO]:[f:DoAsynNotifyInfoResponse],[l:2605],[TaskID(318584460),type(6),msg({"BandWidth":-2,"IsAd":1,"IsP2P":1,"VID":""}
06-04 11:23:54.541 E/playfilesourceNew( 3472): )!]
06-04 11:23:54.544 I/SogouIME( 1440): onKeyDown: keyoCode=23
06-04 11:23:54.544 I/DefaultIMS( 1440): onKeyDown: keyoCode=23
06-04 11:23:54.547 I/audio_hw_hal_primary( 476): [audiohal_get_latency:1333] io 13: out:0xf07c5650 frames:1152 rate:48000 whole_latency:24 alsa_latency:24
06-04 11:23:54.550 W/SQLiteLog( 1441): (28) double-quoted string literal: "E51471D7041561F78156E5CDF5C1477C"
06-04 11:23:54.550 W/SQLiteLog( 1441): (28) double-quoted string literal: ""
06-04 11:23:54.551 W/SQLiteLog( 1441): (28) double-quoted string literal: "E51471D7041561F78156E5CDF5C1477C"
06-04 11:23:54.551 W/SQLiteLog( 1441): (28) double-quoted string literal: "-1"
06-04 11:23:54.590 I/audio_hw_hal_primary( 476): [audiohal_get_latency:1333] io 13: out:0xf07c5650 frames:1152 rate:48000 whole_latency:24 alsa_latency:24
06-04 11:23:54.594 W/SQLiteLog( 1441): (28) double-quoted string literal: "BCA9D9BAD36E96EFC11C4D86B71E7242"
06-04 11:23:54.594 W/SQLiteLog( 1441): (28) double-quoted string literal: "9D9483C61F776F45CFC935A1F58A3622"
06-04 11:23:54.600 I/SogouIME( 1440): onKeyDown: keyoCode=19
06-04 11:23:54.600 I/DefaultIMS( 1440): onKeyDown: keyoCode=19
06-04 11:23:54.603 D/MobclickAgent( 1441): 创建新会话: E51471D7041561F78156E5CDF5C1477C
06-04 11:23:54.632 I/audio_hw_hal_primary( 476): [audiohal_get_latency:1333] io 13: out:0xf07c5650 frames:1152 rate:48000 whole_latency:24 alsa_latency:24
06-04 11:23:54.633 D/audioserver( 521): logFgsApiEnd: FGS Logger Transaction failed, -129
06-04 11:23:54.634 I/audio_hw_hal_primary( 476): out_update_source_metadata_v7() line 2013 usage:1 content_type:2
06-04 11:23:54.639 I/SogouIME( 1440): onKeyUp: keyoCode=23
06-04 11:23:54.639 I/DefaultIMS( 1440): onKeyUp: keyoCode=23
06-04 11:23:54.644 W/AudioFlinger( 521): createTrack_l(): mismatch between requested flags (00000004) and output flags (00000002)
06-04 11:23:54.646 I/audio_hw_hal_primary( 476): [audiohal_get_latency:1333] io 13: out:0xf07c5650 frames:1280 rate:48000 whole_latency:26 alsa_latency:26
06-04 11:23:54.648 D/audioserver( 521): logFgsApiBegin: FGS Logger Transaction failed, -129
06-04 11:23:54.649 E/Hcdn_DeTask3999911026( 3472): HCDN_LOG: [T:4176][HINFO]:[f:PostNotifyInfo],[l:248], notify type(6),info({"BandWidth":6488064,"IsAd":1,"IsP2P":1,"VID":""}
06-04 11:23:54.649 E/Hcdn_DeTask3999911026( 3472): )
06-04 11:23:54.649 E/Hcdn_DeTask318584460( 3472): HCDN_LOG: [T:4176][HINFO]:[f:PostNotifyInfo],[l:248], notify type(6),info({"BandWidth":-2,"IsAd":1,"IsP2P":1,"VID":""}
06-04 11:23:54.649 E/Hcdn_DeTask318584460( 3472): )
06-04 11:23:54.649 E/playfilesourceNew( 3472): HCDN_LOG: [T:4173][HINFO]:[f:DoAsynNotifyInfoResponse],[l:2605],[TaskID(3999911026),type(6),msg({"BandWidth":6488064,"IsAd":1,"IsP2P":1,"VID":""}
06-04 11:23:54.649 E/playfilesourceNew( 3472): )!]
06-04 11:23:54.649 E/abs_info( 3472): HCDN_LOG: [T:4173][HINFO]:[f:PostABSInfo],[l:7214],Task(13), SetABSInterface ret(0) SetParam("DownloadStatusByHcdn", {"BandWidth":6488064,"BandWidth_1":7888896,"IsAd":1,"IsP2P":1,"VID":""}
06-04 11:23:54.649 E/abs_info( 3472): )
06-04 11:23:54.649 E/playfilesourceNew( 3472): HCDN_LOG: [T:4173][HINFO]:[f:DoAsynNotifyInfoResponse],[l:2605],[TaskID(318584460),type(6),msg({"BandWidth":-2,"IsAd":1,"IsP2P":1,"VID":""}
06-04 11:23:54.649 E/playfilesourceNew( 3472): )!]
06-04 11:23:54.663 I/SogouIME( 1440): onKeyUp: keyoCode=19
06-04 11:23:54.663 I/DefaultIMS( 1440): onKeyUp: keyoCode=19
06-04 11:23:54.675 D/audioserver( 521): logFgsApiEnd: FGS Logger Transaction failed, -129
06-04 11:23:54.675 I/UNIPLAYERSDK( 3472): MediaPlayerImpl.cpp:448 [MediaPlayerImpl@0xecff7154]getAdCountDown(41338)
06-04 11:23:54.676 I/audio_hw_hal_primary( 476): [audiohal_get_latency:1333] io 13: out:0xf07c5650 frames:1024 rate:48000 whole_latency:21 alsa_latency:21
06-04 11:23:54.677 I/audio_hw_hal_primary( 476): out_update_source_metadata_v7() line 2013 usage:1 content_type:2
06-04 11:23:54.683 I/VideoViewGroup@250996395( 3472): onLayout(), isFullScreen=true, viewHeight=1080 , viewWidth=1920, ScreenHeight=1080, ScreenWidth=1920
06-04 11:23:54.705 I/CLog ( 3472): 2025-06-04 11:23:54.705 T:5719 DEBUG: GetADCountdown, 41338 < 120000
06-04 11:23:54.705 I/CLog ( 3472): 2025-06-04 11:23:54.705 T:5719 DEBUG: GetADCountdown 0, return 41338
06-04 11:23:54.717 I/audio_hw_hal_primary( 476): [audiohal_get_latency:1333] io 13: out:0xf07c5650 frames:1152 rate:48000 whole_latency:24 alsa_latency:24
06-04 11:23:54.718 I/audio_hw_hal_primary( 476): [audiohal_get_latency:1333] io 13: out:0xf07c5650 frames:1152 rate:48000 whole_latency:24 alsa_latency:24
06-04 11:23:54.718 I/audio_hw_hal_primary( 476): [audiohal_get_latency:1333] io 13: out:0xf07c5650 frames:1152 rate:48000 whole_latency:24 alsa_latency:24
06-04 11:23:54.749 E/Hcdn_DeTask3999911026( 3472): HCDN_LOG: [T:4176][HINFO]:[f:PostNotifyInfo],[l:248], notify type(6),info({"BandWidth":6488064,"IsAd":1,"IsP2P":1,"VID":""}
06-04 11:23:54.749 E/Hcdn_DeTask3999911026( 3472): )
06-04 11:23:54.749 E/playfilesourceNew( 3472): HCDN_LOG: [T:4173][HINFO]:[f:DoAsynNotifyInfoResponse],[l:2605],[TaskID(3999911026),type(6),msg({"BandWidth":6488064,"IsAd":1,"IsP2P":1,"VID":""}
06-04 11:23:54.749 E/playfilesourceNew( 3472): )!]
06-04 11:23:54.749 E/Hcdn_DeTask318584460( 3472): HCDN_LOG: [T:4176][HINFO]:[f:PostNotifyInfo],[l:248], notify type(6),info({"BandWidth":-2,"IsAd":1,"IsP2P":1,"VID":""}
06-04 11:23:54.749 E/Hcdn_DeTask318584460( 3472): )
06-04 11:23:54.749 E/abs_info( 3472): HCDN_LOG: [T:4173][HINFO]:[f:PostABSInfo],[l:7214],Task(13), SetABSInterface ret(0) SetParam("DownloadStatusByHcdn", {"BandWidth":6488064,"BandWidth_1":7888896,"IsAd":1,"IsP2P":1,"VID":""}
06-04 11:23:54.749 E/abs_info( 3472): )
06-04 11:23:54.749 E/playfilesourceNew( 3472): HCDN_LOG: [T:4173][HINFO]:[f:DoAsynNotifyInfoResponse],[l:2605],[TaskID(318584460),type(6),msg({"BandWidth":-2,"IsAd":1,"IsP2P":1,"VID":""}
06-04 11:23:54.749 E/playfilesourceNew( 3472): )!]
06-04 11:23:54.756 I/SogouIME( 1440): onKeyDown: keyoCode=23
06-04 11:23:54.756 I/DefaultIMS( 1440): onKeyDown: keyoCode=23
06-04 11:23:54.760 I/audio_hw_hal_primary( 476): [audiohal_get_latency:1333] io 13: out:0xf07c5650 frames:1152 rate:48000 whole_latency:24 alsa_latency:24
06-04 11:23:54.760 I/audio_hw_hal_primary( 476): [audiohal_get_latency:1333] io 13: out:0xf07c5650 frames:1152 rate:48000 whole_latency:24 alsa_latency:24
06-04 11:23:54.765 D/TrafficStats( 1441): tagSocket(172) with statsTag=0xffffffff, statsUid=-1
06-04 11:23:54.776 I/SogouIME( 1440): onKeyDown: keyoCode=19
06-04 11:23:54.776 I/DefaultIMS( 1440): onKeyDown: keyoCode=19
06-04 11:23:54.804 I/audio_hw_hal_primary( 476): [audiohal_get_latency:1333] io 13: out:0xf07c5650 frames:1152 rate:48000 whole_latency:24 alsa_latency:24
06-04 11:23:54.804 I/audio_hw_hal_primary( 476): [audiohal_get_latency:1333] io 13: out:0xf07c5650 frames:1024 rate:48000 whole_latency:21 alsa_latency:21
06-04 11:23:54.804 I/audio_hw_hal_primary( 476): [audiohal_get_latency:1333] io 13: out:0xf07c5650 frames:1024 rate:48000 whole_latency:21 alsa_latency:21
06-04 11:23:54.831 I/SogouIME( 1440): onKeyUp: keyoCode=23
06-04 11:23:54.832 I/DefaultIMS( 1440): onKeyUp: keyoCode=23
06-04 11:23:54.839 I/SogouIME( 1440): onKeyUp: keyoCode=19
06-04 11:23:54.839 I/DefaultIMS( 1440): onKeyUp: keyoCode=19
06-04 11:23:54.845 I/audio_hw_hal_primary( 476): [audiohal_get_latency:1333] io 13: out:0xf07c5650 frames:1152 rate:48000 whole_latency:24 alsa_latency:24
06-04 11:23:54.846 I/audio_hw_hal_primary( 476): [audiohal_get_latency:1333] io 13: out:0xf07c5650 frames:1152 rate:48000 whole_latency:24 alsa_latency:24
06-04 11:23:54.849 E/Hcdn_DeTask3999911026( 3472): HCDN_LOG: [T:4176][HINFO]:[f:PostNotifyInfo],[l:248], notify type(6),info({"BandWidth":6488064,"IsAd":1,"IsP2P":1,"VID":""}
06-04 11:23:54.849 E/Hcdn_DeTask3999911026( 3472): )
06-04 11:23:54.849 E/playfilesourceNew( 3472): HCDN_LOG: [T:4173][HINFO]:[f:DoAsynNotifyInfoResponse],[l:2605],[TaskID(3999911026),type(6),msg({"BandWidth":6488064,"IsAd":1,"IsP2P":1,"VID":""}
06-04 11:23:54.849 E/playfilesourceNew( 3472): )!]
06-04 11:23:54.849 E/abs_info( 3472): HCDN_LOG: [T:4173][HINFO]:[f:PostABSInfo],[l:7214],Task(13), SetABSInterface ret(0) SetParam("DownloadStatusByHcdn", {"BandWidth":6488064,"BandWidth_1":7888896,"IsAd":1,"IsP2P":1,"VID":""}
06-04 11:23:54.849 E/abs_info( 3472): )
06-04 11:23:54.850 E/Hcdn_DeTask318584460( 3472): HCDN_LOG: [T:4176][HINFO]:[f:PostNotifyInfo],[l:248], notify type(6),info({"BandWidth":-2,"IsAd":1,"IsP2P":1,"VID":""}
06-04 11:23:54.850 E/Hcdn_DeTask318584460( 3472): )
06-04 11:23:54.850 E/playfilesourceNew( 3472): HCDN_LOG: [T:4173][HINFO]:[f:DoAsynNotifyInfoResponse],[l:2605],[TaskID(318584460),type(6),msg({"BandWidth":-2,"IsAd":1,"IsP2P":1,"VID":""}
06-04 11:23:54.850 E/playfilesourceNew( 3472): )!]
06-04 11:23:54.868 V/WindowManagerShell( 939): Transition animation finished (aborted=false), notifying core (#14)android.os.BinderProxy@ec974e3@0
06-04 11:23:54.871 V/WindowManager( 689): Finish Transition #14: created at
06-04 11:23:54.200 collect-started=0.196ms request-sent=16.64ms started=22.787ms ready=49.38ms sent=231.304ms finished=670.063ms
06-04 11:23:54.873 V/WindowManagerShell( 939): Track 0 became idle
06-04 11:23:54.873 V/WindowManagerShell( 939): All active transition animations finished
06-04 11:23:54.883 I/TvUniPlayer/SurfaceViewEx@238911752( 3472): onWindowVisibilityChanged(8) false
06-04 11:23:54.883 I/TvUniPlayer/SurfaceViewEx@238911752( 3472): SFView#SHCallback surfaceDestroyed: holder=android.view.SurfaceView$2@42a4287
06-04 11:23:54.883 I/TvUniPlayer/AbsMediaPlayer@ca2c597( 3472): OnGalaSurfaceListener OnDestoryed(android.view.SurfaceView$2@42a4287, bSupportSetNull: true)
06-04 11:23:54.884 I/TvUniPlayer/UniPlayer@ca2c597( 3472): setSurfaceHolder(), surfaceHolder=null, mVideoOverlay=com.gala.video.player.ui.VideoViewGroup{ef5e6ab V.E...... ........ 0,0-1920,1080},notifyReleased:false
06-04 11:23:54.884 I/TvUniPlayer/UniPlayer@ca2c597( 3472): setSurfaceHolder need wait
06-04 11:23:54.884 I/TvUniPlayer/SdkMediaPlayer@34c5384( 3472): set surfaceHolder:null
06-04 11:23:54.884 D/TVUNIPLAYER( 3472): gala_player_SdkMediaPlayer.cpp:390 gala_player_SdkMediaPlayer_setSurfaceHolder(player=0xecff70f0, surfaceHolder=0x0)
06-04 11:23:54.884 D/TVUNIPLAYER( 3472): gala_player_SdkMediaPlayer.cpp:403 gala_player_SdkMediaPlayer_setSurfaceHolder(player=0xecff70f0, oldSurfaceHolder=0x32b6, sSurfaceHolderRef = 0x0)
06-04 11:23:54.884 I/UNIPLAYERSDK( 3472): MediaPlayerImpl.cpp:233 [MediaPlayerImpl@0xecff7154]setSurfaceHolder(0x0)
06-04 11:23:54.884 I/UNIPLAYERSDK( 3472): MediaPlayerAdaptor.cpp:297 [PumaPlayerAdaptor@0xe5ea1fc4]doHandleMessage(KMSG_ACTION_SETSURFACEHOLDER, arg1:0, arg2:-111)
06-04 11:23:54.885 I/UNIPLAYERSDK( 3472): PumaPlayer.cpp:131 [PumaPlayer@0xab381cbc]setWindow()
06-04 11:23:54.885 W/UNIPLAYERSDK( 3472): PumaPlayer.cpp:166 [PumaPlayer@0xab381cbc]setWindow(), repeat window 0x0
06-04 11:23:54.885 I/UNIPLAYERSDK( 3472): PumaPlayerListener.cpp:521 [PumaPlayerListener@0xb7bddf10]OnWindowChanged null
06-04 11:23:54.885 D/UNIPLAYERSDK( 3472): BaseState.cpp:42 [PumaPlayerAdaptor@0xe5ea1fc4@0xb3850768]{fm(KMSG_ACTION_SETSURFACEHOLDER),ret(0),at(1,9466,9467),s(11,-2,-2,-2,11),fm=Message@0xecb7bb10{what=1048580,when=18446744073709551615,arg1=0,arg2=-1111111111,arg3=-1111111111,str=,timeout=0,obj=0x0,runnable=0x0,target=0x0,watchDogOp=0x0}
06-04 11:23:54.885 D/UNIPLAYERSDK( 3472): BaseState.cpp:56 [PumaPlayerAdaptor@0xe5ea1fc4@0xb3850768]{fm(KMSG_ACTION_SETSURFACEHOLDER),o(AudioPrevi)-t(0,9466,9466),o(BitstreamS)-t(0,9466,9466),o(CarouselPr)-t(0,9466,9466),o(FastHelper)-t(0,9466,9466),o(HeaderTail)-t(0,9466,9466),o(HighLights)-t(0,9466,9466),o(InteractPr)-t(0,9466,9466),o(LivePrevie)-t(0,9466,9466),o(MediaPlaye)-t(0,9467,9467),o(MovieVVInf)-t(0,9466,9466),o(PPrecacher)-t(0,9466,9466),o(PlayerStuc)-t(0,9466,9466),o(PumaAbsCmd)-t(0,9466,9466),o(PumaAdvert)-t(0,9466,9466),o(PumaBuffer)-t(0,9466,9466),o(PumaError@)-t(0,9466,9466),o(PumaMediaD)-t(0,9466,9466),o(PumaPlayer)-t(0,9466,9466),o(PumaRate@0)-t(0,9466,9466),o(PumaSegmen)-t(0,9466,9466),o(PumaSubtit)-t(0,9466,9466),o(RefreshAcc)-t(0,9466,9466),o(RefreshSer)-t(0,9466,9466),o(SceneKeepe)-t(0,9466,9466),o(SetRate@0x)-t(0,9466,9466),o(SwitchEpis)-t(0,9466,9466),o(VideoPlayC)-t(0,9466,9466)}
06-04 11:23:54.885 I/TvUniPlayer/UniPlayer@ca2c597( 3472): end setSurfaceHolder
06-04 11:23:54.888 D/hwc_di ( 287): teardown.
06-04 11:23:54.889 I/audio_hw_hal_primary( 476): [audiohal_get_latency:1333] io 13: out:0xf07c5650 frames:1152 rate:48000 whole_latency:24 alsa_latency:24
06-04 11:23:54.889 I/audio_hw_hal_primary( 476): [audiohal_get_latency:1333] io 13: out:0xf07c5650 frames:1152 rate:48000 whole_latency:24 alsa_latency:24
06-04 11:23:54.890 D/hwc_di ( 287): threadMain exit.
06-04 11:23:54.890 D/hwc_di ( 287): teardown: wait last fence
06-04 11:23:54.890 D/hwc_di ( 287): teardown: wait last fence done
06-04 11:23:54.890 E/hwc_di ( 287): release mDi_Out i =0
06-04 11:23:54.904 D/lau_LauncherLogManager( 3472): onActivityStopped FilmDetailActivity ,,, com.dangbei.launcher.media.ui.media.film.FilmDetailActivity@a3a265f
06-04 11:23:54.905 I/CLog ( 3472): 2025-06-04 11:23:54.905 T:5719 DEBUG: GetADCountdown, 41338 < 120000
06-04 11:23:54.905 I/CLog ( 3472): 2025-06-04 11:23:54.905 T:5719 DEBUG: GetADCountdown 0, return 41338
06-04 11:23:54.907 I/TvUniPlayer/UniPlayer@ca2c597( 3472): stop()
06-04 11:23:54.907 I/AdpurchaseTipController( 3472): hide mPurchaseOverlay=null
06-04 11:23:54.907 I/AdpurchaseTipController( 3472): doHide mTipViewStatus=0
06-04 11:23:54.907 I/Player/UI/EnjoyContent@905bd17( 3472): hide mEnjoyOverlay=null
06-04 11:23:54.907 I/AdpurchaseTipController( 3472): onAdEnd()
06-04 11:23:54.908 D/yc_test ( 3472): IQiyiPlayer : dispatchActivityOnStop mediaPlayer - stop
06-04 11:23:54.908 I/TvUniPlayer/SdkMediaPlayer@34c5384( 3472): native_stop
06-04 11:23:54.908 D/TVUNIPLAYER( 3472): gala_player_SdkMediaPlayer.cpp:518 native_stop(player=0xecff70f0)
06-04 11:23:54.908 I/UNIPLAYERSDK( 3472): MediaPlayerImpl.cpp:681 [MediaPlayerImpl@0xecff7154]stop()
06-04 11:23:54.908 I/UNIPLAYERSDK( 3472): WakeModeSetter.cpp:91 stayAwake() awake = 0.
06-04 11:23:54.908 D/WakeModeSetter( 3472): stayAwake awake:false,mWakeLock.isHeld():false
06-04 11:23:54.908 I/UNIPLAYERSDK( 3472): PumaAdvertisement.cpp:470 [PumaAdvertisement@0xa6d11fcc]clearAdData 1, 0, 0, 1
06-04 11:23:54.908 I/UNIPLAYERSDK( 3472): PumaAdvertisement.cpp:442 [PumaAdvertisement@0xa6d11fcc]clearCurrentAdData 1, 0
06-04 11:23:54.908 I/UNIPLAYERSDK( 3472): Advertisement.cpp:477 destroyVvId() vvId:262144
06-04 11:23:54.909 I/q_h_c_s ( 3472): HCDN_LOG: [T:3585]qtp_create_req:499,Create qtp request (req: 0xecb1fcd0)
06-04 11:23:54.909 I/q_h_c_s ( 3472): HCDN_LOG: [T:3585]qtp_add_bundle:73,Add qtp bundle (request: 0xecb1fcd0, response: 0x0, result: 0x0)
06-04 11:23:54.909 I/CLog ( 3472): 2025-06-04 11:23:54.909 T:3585 WARNING: CheckCAInfo, g_cainfo_path is empty!
06-04 11:23:54.909 I/q_h_c_s ( 3472): HCDN_LOG: [T:3585]SetCQtpHttpCb:1062,SetCQtpHttpCb[1]: m_cQtpHttpCb: 0xb8c55695, m_callBackType: 2, reid: 17020424
06-04 11:23:54.909 D/BaseMediaDetailActivity( 3472): activity_life_onStop
06-04 11:23:54.909 D/lau_LauncherLogManager( 3472): onActivitySaveInstanceState FilmDetailActivity com.dangbei.launcher.media.ui.media.film.FilmDetailActivity@a3a265f
06-04 11:23:54.910 I/q_h_c_s ( 3472): HCDN_LOG: [T:3979]qtp_async_method:1792,Async qtp request (req: 0xecb1fcd0)
06-04 11:23:54.910 I/q_h_c_s ( 3472): HCDN_LOG: [T:3979]qtp_fetch_request:108,Fetch qtp request (request: 0xecb1fcd0)
06-04 11:23:54.910 W/q_h_c_s ( 3472): HCDN_LOG: [T:3979]MethodLog:1333,QTP AsyncPost (reid: 17020424, url: https://msg.ptqy.gitv.tv/scp2.gif, connect: 5001, read: 5000, strict: 0, qtp: 1, module: 5000)
06-04 11:23:54.910 I/TvUniPlayer/SurfaceViewEx@238911752( 3472): onVisibilityChanged(DecorView@6c827ab[FilmDetailActivity]+4
06-04 11:23:54.910 I/q_h_c_s ( 3472): HCDN_LOG: [T:3979]SetState:1618,QTP State changed: QS_UNINIT ====> QSD1R0_START (reid: 17020424)
06-04 11:23:54.911 I/q_h_c_s ( 3472): HCDN_LOG: [T:3979]SetState:1618,QTP State changed: QSD1R0_START ====> QSD1R0_WAITFOR_FASTDNS_CACHE_RESP (reid: 17020424)
06-04 11:23:54.911 I/q_h_c_s ( 3472): HCDN_LOG: [T:3979]AddRequestedHttpInfo:5390,m_mapReqId2HttpInfo add reid: 17020424, taskID(0), range_offset(0), range_len(-1), m_mapReqId2HttpInfo(1)
06-04 11:23:54.911 I/q_h_c_s ( 3472): HCDN_LOG: [T:3979]CheckFastDnsIpv6:3322,Fastdns found ipv6 config (reid: 17020424, domain: msg.ptqy.gitv.tv, happy_time: -1, resolved_mode: 3, racing_uri: , aaaa_slow: 0, sort_conn: 0, enable_ratio: 100, auto_black: 0)
06-04 11:23:54.911 I/q_h_c_s ( 3472): HCDN_LOG: [T:3979]AddRequestedHttpInfo:5414,Query QtpDns (reid: 17020424, requestUrl: https://msg.ptqy.gitv.tv/scp2.gif)
06-04 11:23:54.911 I/q_h_c_s ( 3472): HCDN_LOG: [T:3979]AddWaitForQtpDnsHttpReq:795,Added wait for QTP DNS HTTP request, reid: 17020424
06-04 11:23:54.911 I/q_h_c_s ( 3472): HCDN_LOG: [T:3979]QueryDns:1324,Querying QTPDNS (reid: 17020424, domain: msg.ptqy.gitv.tv)
06-04 11:23:54.911 I/q_h_c_s ( 3472): HCDN_LOG: [T:3979]QueryFastDns:1048,Querying Fast DNS (reid: 17020424, domain: msg.ptqy.gitv.tv)
06-04 11:23:54.911 I/q_h_c_s ( 3472): HCDN_LOG: [T:3979]QueryFastDns:1103,Querying Fast DNS Cache, reset read timeout: 100 (reid: 17020424)
06-04 11:23:54.911 I/q_h_c_s ( 3472): HCDN_LOG: [T:3979]QueryFastDns:1126,Sending Fast DNS Request, url: http://127.0.0.1:1971/md, body: {
06-04 11:23:54.911 I/q_h_c_s ( 3472): "query" : [
06-04 11:23:54.911 I/q_h_c_s ( 3472): {
06-04 11:23:54.911 I/q_h_c_s ( 3472): "dn" : "msg.ptqy.gitv.tv",
06-04 11:23:54.911 I/q_h_c_s ( 3472): "qtype" : "aaaa"
06-04 11:23:54.911 I/q_h_c_s ( 3472): },
06-04 11:23:54.911 I/q_h_c_s ( 3472): {
06-04 11:23:54.911 I/q_h_c_s ( 3472): "dn" : "msg.ptqy.gitv.tv",
06-04 11:23:54.911 I/q_h_c_s ( 3472): "qtype" : "a"
06-04 11:23:54.911 I/q_h_c_s ( 3472): }
06-04 11:23:54.911 I/q_h_c_s ( 3472): ]
06-04 11:23:54.911 I/q_h_c_s ( 3472): }
06-04 11:23:54.911 I/q_h_c_s ( 3472): (reid: 17020424)
06-04 11:23:54.911 W/q_h_c_s ( 3472): HCDN_LOG: [T:3979]MethodLog:1333,QTP AsyncPost (reid: 17020425, url: http://127.0.0.1:1971/md, connect: 150, read: 100, strict: 0, qtp: 0, module: 14)
06-04 11:23:54.911 I/q_h_c_s ( 3472): HCDN_LOG: [T:3979]AddRequestedHttpInfo:5390,m_mapReqId2HttpInfo add reid: 17020425, taskID(0), range_offset(0), range_len(-1), m_mapReqId2HttpInfo(2)
06-04 11:23:54.911 I/q_h_c_s ( 3472): HCDN_LOG: [T:3979]qtp_update_bundle:91,Update qtp bundle (request: 0xecb1fcd0, response: 0xecc69620, result: 0xb73899d0)
06-04 11:23:54.913 D/hwc_di ( 287): ~DiProcessor
06-04 11:23:54.913 I/SystemControl( 318): [frameRateDisplay] +++
06-04 11:23:54.913 I/SystemControl( 318): SystemControlHal frameRateDisplay 0,[0 0 0 0]
06-04 11:23:54.913 I/SystemControl( 318): [/SysWrite.cpp, getKernelReleaseVersion, 701] getKernelReleaseVersion: 5.15
06-04 11:23:54.913 D/SystemControl( 318): axis is 3840x2160
06-04 11:23:54.913 E/SystemControl( 318): inScreen 3840 2160 [ 0 0 0 0]
06-04 11:23:54.913 D/SystemControl( 318): SystemControlHal frect.inscreen() 0
06-04 11:23:54.913 I/SystemControl( 318): [/SysWrite.cpp, getKernelReleaseVersion, 701] getKernelReleaseVersion: 5.15
06-04 11:23:54.913 D/SystemControl( 318): axis is 3840x2160
06-04 11:23:54.913 E/SystemControl( 318): inScreen 3840 2160 [ 0 0 0 0]
06-04 11:23:54.913 I/SystemControl-FRA( 318): [/FrameRateAutoAdaption.cpp, isFrameRateOn, 176] hdmi frame rate is on
06-04 11:23:54.914 V/MesonDisplayServer( 287): GetDisplayMode:2160p60hz
06-04 11:23:54.914 I/SystemControl-FRA( 318): [/FrameRateAutoAdaption.cpp, setVideoLayerOn, 227] policycontrol by setVideoLayerOn 1 on 0 lastframe 0 and cost 955745442
06-04 11:23:54.914 V/MesonDisplayServer( 287): GetDisplayMode:2160p60hz
06-04 11:23:54.915 I/SystemControl( 318): [frameRateDisplay] ---
06-04 11:23:54.921 D/staticsHelp( 3472): StaticsBuilder{topic='os_boot_play', map={play_type=3, aid_name=故乡的泥土, source=12, devboot_id=1749006346474, play_id=1749006768229, aid=72077045, cid=1970, num=2, video_duration=, playaddtime=1749007434908, video_id=10, function=boot_detail, last_page=detail, ispause=2}}
06-04 11:23:54.924 I/q_h_c_s ( 3472): HCDN_LOG: [T:3977]SetCurlEasyHandle:1821,curl_easy_setopt CURLOPT_ERRORBUFFER success (reid: 17020425)
06-04 11:23:54.924 I/q_h_c_s ( 3472): HCDN_LOG: [T:3977]SetCurlIpResolve:2074,curl_easy_setopt CURLOPT_IPRESOLVE success (reid: 17020425, ipresolve: 1)
06-04 11:23:54.924 I/q_h_c_s ( 3472): HCDN_LOG: [T:3977]SetEasyOpt:1468,DisabledQtp CURLOPT_URL: http://127.0.0.1:1971/md?business=QTP&cache_enable=1&cache_only=0 (reid: 17020425)
06-04 11:23:54.924 W/q_h_c_s ( 3472): HCDN_LOG: [T:3977]SetEasyOpt:1497,curl_easy_setopt CURLOPT_URL success: http://127.0.0.1:1971/md?business=QTP&cache_enable=1&cache_only=0 (reid: 17020425)
06-04 11:23:54.924 I/q_h_c_s ( 3472): HCDN_LOG: [T:3977]SetCurlHeader:3630,curl_slist_append add header Host: local.service.doh.domain (reid: 17020425)
06-04 11:23:54.924 I/q_h_c_s ( 3472): HCDN_LOG: [T:3977]SetCurlHeader:3630,curl_slist_append add header Connection: Close (reid: 17020425)
06-04 11:23:54.924 I/q_h_c_s ( 3472): HCDN_LOG: [T:3977]SetCurlHeader:3630,curl_slist_append add header User-Agent: QTP;QTP/2.2.100.2405 (reid: 17020425)
06-04 11:23:54.924 I/q_h_c_s ( 3472): HCDN_LOG: [T:3977]SetCurlLowSpeed:3795,curl_easy_setopt CURLOPT_LOW_SPEED_LIMIT success for global (reid: 17020425, speed: 1)
06-04 11:23:54.931 I/audio_hw_hal_primary( 476): [audiohal_get_latency:1333] io 13: out:0xf07c5650 frames:1152 rate:48000 whole_latency:24 alsa_latency:24
06-04 11:23:54.931 I/SystemControl( 318): [/UEventObserver.cpp, HDMITxUenventThreadLoop, 451] HDMI TX switch_name:hdmitx_current_status, switch_state: 42
06-04 11:23:54.931 I/audio_hw_hal_primary( 476): [audiohal_get_latency:1333] io 13: out:0xf07c5650 frames:1152 rate:48000 whole_latency:24 alsa_latency:24
06-04 11:23:54.932 I/audio_hw_hal_primary( 476): [audiohal_get_latency:1333] io 13: out:0xf07c5650 frames:1152 rate:48000 whole_latency:24 alsa_latency:24
06-04 11:23:54.932 D/SystemControl( 318): [CPQControl]:onVframeSizeChange: event value = 10(0xa)
06-04 11:23:54.932 D/SystemControl( 318): [CPQControl]:Cpq_GetSourceHDRType: newHdrType:6, source_input:10
06-04 11:23:54.932 I/q_h_c_s ( 3472): HCDN_LOG: [T:3585]qtp_create_req:499,Create qtp request (req: 0xecb18490)
06-04 11:23:54.932 I/q_h_c_s ( 3472): HCDN_LOG: [T:3585]qtp_add_bundle:73,Add qtp bundle (request: 0xecb18490, response: 0x0, result: 0x0)
06-04 11:23:54.932 I/CLog ( 3472): 2025-06-04 11:23:54.932 T:3585 WARNING: CheckCAInfo, g_cainfo_path is empty!
06-04 11:23:54.938 I/q_h_c_s ( 3472): HCDN_LOG: [T:3585]SetCQtpHttpCb:1062,SetCQtpHttpCb[1]: m_cQtpHttpCb: 0xb8c55695, m_callBackType: 2, reid: 17020426
06-04 11:23:54.940 I/q_h_c_s ( 3472): HCDN_LOG: [T:3979]qtp_async_method:1792,Async qtp request (req: 0xecb18490)
06-04 11:23:54.940 I/q_h_c_s ( 3472): HCDN_LOG: [T:3979]qtp_fetch_request:108,Fetch qtp request (request: 0xecb18490)
06-04 11:23:54.940 W/q_h_c_s ( 3472): HCDN_LOG: [T:3979]MethodLog:1333,QTP AsyncPost (reid: 17020426, url: https://msg.ptqy.gitv.tv/scp2.gif, connect: 5001, read: 5000, strict: 0, qtp: 1, module: 5000)
06-04 11:23:54.942 I/q_h_c_s ( 3472): HCDN_LOG: [T:3979]SetState:1618,QTP State changed: QS_UNINIT ====> QSD1R0_START (reid: 17020426)
06-04 11:23:54.942 I/q_h_c_s ( 3472): HCDN_LOG: [T:3979]SetState:1618,QTP State changed: QSD1R0_START ====> QSD1R0_WAITFOR_FASTDNS_CACHE_RESP (reid: 17020426)
06-04 11:23:54.942 I/q_h_c_s ( 3472): HCDN_LOG: [T:3979]AddRequestedHttpInfo:5390,m_mapReqId2HttpInfo add reid: 17020426, taskID(0), range_offset(0), range_len(-1), m_mapReqId2HttpInfo(3)
06-04 11:23:54.942 I/q_h_c_s ( 3472): HCDN_LOG: [T:3979]CheckFastDnsIpv6:3322,Fastdns found ipv6 config (reid: 17020426, domain: msg.ptqy.gitv.tv, happy_time: -1, resolved_mode: 3, racing_uri: , aaaa_slow: 0, sort_conn: 0, enable_ratio: 100, auto_black: 0)
06-04 11:23:54.943 I/q_h_c_s ( 3472): HCDN_LOG: [T:3979]AddRequestedHttpInfo:5414,Query QtpDns (reid: 17020426, requestUrl: https://msg.ptqy.gitv.tv/scp2.gif)
06-04 11:23:54.943 I/q_h_c_s ( 3472): HCDN_LOG: [T:3979]AddWaitForQtpDnsHttpReq:795,Added wait for QTP DNS HTTP request, reid: 17020426
06-04 11:23:54.943 I/q_h_c_s ( 3472): HCDN_LOG: [T:3979]QueryDns:1324,Querying QTPDNS (reid: 17020426, domain: msg.ptqy.gitv.tv)
06-04 11:23:54.943 I/q_h_c_s ( 3472): HCDN_LOG: [T:3979]QueryFastDns:1048,Querying Fast DNS (reid: 17020426, domain: msg.ptqy.gitv.tv)
06-04 11:23:54.943 I/q_h_c_s ( 3472): HCDN_LOG: [T:3979]QueryFastDns:1103,Querying Fast DNS Cache, reset read timeout: 100 (reid: 17020426)
06-04 11:23:54.943 I/q_h_c_s ( 3472): HCDN_LOG: [T:3979]QueryFastDns:1126,Sending Fast DNS Request, url: http://127.0.0.1:1971/md, body: {
06-04 11:23:54.943 I/q_h_c_s ( 3472): "query" : [
06-04 11:23:54.943 I/q_h_c_s ( 3472): {
06-04 11:23:54.943 I/q_h_c_s ( 3472): "dn" : "msg.ptqy.gitv.tv",
06-04 11:23:54.943 I/q_h_c_s ( 3472): "qtype" : "aaaa"
06-04 11:23:54.943 I/q_h_c_s ( 3472): },
06-04 11:23:54.943 I/q_h_c_s ( 3472): {
06-04 11:23:54.943 I/q_h_c_s ( 3472): "dn" : "msg.ptqy.gitv.tv",
06-04 11:23:54.943 I/q_h_c_s ( 3472): "qtype" : "a"
06-04 11:23:54.943 I/q_h_c_s ( 3472): }
06-04 11:23:54.943 I/q_h_c_s ( 3472): ]
06-04 11:23:54.943 I/q_h_c_s ( 3472): }
06-04 11:23:54.943 I/q_h_c_s ( 3472): (reid: 17020426)
06-04 11:23:54.943 W/q_h_c_s ( 3472): HCDN_LOG: [T:3979]MethodLog:1333,QTP AsyncPost (reid: 17020427, url: http://127.0.0.1:1971/md, connect: 150, read: 100, strict: 0, qtp: 0, module: 14)
06-04 11:23:54.943 I/q_h_c_s ( 3472): HCDN_LOG: [T:3979]AddRequestedHttpInfo:5390,m_mapReqId2HttpInfo add reid: 17020427, taskID(0), range_offset(0), range_len(-1), m_mapReqId2HttpInfo(4)
06-04 11:23:54.943 I/q_h_c_s ( 3472): HCDN_LOG: [T:3979]qtp_update_bundle:91,Update qtp bundle (request: 0xecb18490, response: 0xecc458c0, result: 0xb5ac78b0)
06-04 11:23:54.955 E/Hcdn_DeTask3999911026( 3472): HCDN_LOG: [T:4176][HINFO]:[f:PostNotifyInfo],[l:248], notify type(6),info({"BandWidth":6488064,"IsAd":1,"IsP2P":1,"VID":""}
06-04 11:23:54.955 E/Hcdn_DeTask3999911026( 3472): )
06-04 11:23:54.955 E/Hcdn_DeTask318584460( 3472): HCDN_LOG: [T:4176][HINFO]:[f:PostNotifyInfo],[l:248], notify type(6),info({"BandWidth":-2,"IsAd":1,"IsP2P":1,"VID":""}
06-04 11:23:54.955 E/Hcdn_DeTask318584460( 3472): )
06-04 11:23:54.955 E/playfilesourceNew( 3472): HCDN_LOG: [T:4173][HINFO]:[f:DoAsynNotifyInfoResponse],[l:2605],[TaskID(3999911026),type(6),msg({"BandWidth":6488064,"IsAd":1,"IsP2P":1,"VID":""}
06-04 11:23:54.955 E/playfilesourceNew( 3472): )!]
06-04 11:23:54.955 E/abs_info( 3472): HCDN_LOG: [T:4173][HINFO]:[f:PostABSInfo],[l:7214],Task(13), SetABSInterface ret(0) SetParam("DownloadStatusByHcdn", {"BandWidth":6488064,"BandWidth_1":7888896,"IsAd":1,"IsP2P":1,"VID":""}
06-04 11:23:54.955 E/abs_info( 3472): )
06-04 11:23:54.955 E/playfilesourceNew( 3472): HCDN_LOG: [T:4173][HINFO]:[f:DoAsynNotifyInfoResponse],[l:2605],[TaskID(318584460),type(6),msg({"BandWidth":-2,"IsAd":1,"IsP2P":1,"VID":""}
06-04 11:23:54.955 E/playfilesourceNew( 3472): )!]
06-04 11:23:54.957 D/XM_HIDREAD( 1961): poll ret=1, event=1
06-04 11:23:54.957 D/XM_HIDREAD( 1961): [9 bytes]:01 00 00 50 00 00 00 00 00
06-04 11:23:54.958 I/SogouIME( 1440): onKeyDown: keyoCode=19
06-04 11:23:54.958 I/DefaultIMS( 1440): onKeyDown: keyoCode=19
06-04 11:23:54.961 I/SogouIME( 1440): onKeyDown: keyoCode=21
06-04 11:23:54.961 I/DefaultIMS( 1440): onKeyDown: keyoCode=21
06-04 11:23:54.973 I/audio_hw_hal_primary( 476): [audiohal_get_latency:1333] io 13: out:0xf07c5650 frames:1152 rate:48000 whole_latency:24 alsa_latency:24
06-04 11:23:54.974 I/audio_hw_hal_primary( 476): [audiohal_get_latency:1333] io 13: out:0xf07c5650 frames:1152 rate:48000 whole_latency:24 alsa_latency:24
06-04 11:23:54.974 D/audioserver( 521): logFgsApiEnd: FGS Logger Transaction failed, -129
06-04 11:23:54.975 I/audio_hw_hal_primary( 476): out_update_source_metadata_v7() line 2013 usage:1 content_type:2
06-04 11:23:54.978 I/SogouIME( 1440): onKeyDown: keyoCode=23
06-04 11:23:54.978 D/TrafficStats( 3472): tagSocket(109) with statsTag=0xffffffff, statsUid=-1
06-04 11:23:54.978 I/DefaultIMS( 1440): onKeyDown: keyoCode=23
06-04 11:23:54.985 D/UNIPLAYERSDK( 3472): VideoPrecacher.cpp:68 getAdaptor() type = 2
06-04 11:23:54.986 D/UNIPLAYERSDK( 3472): PumaVideoPrecacheAdaptor.cpp:67 [PumaVideoPrecacheAdaptor@0xe5f04724]resetHitData()
06-04 11:23:54.986 I/UNIPLAYERSDK( 3472): MediaPlayerAdaptor.cpp:297 [PumaPlayerAdaptor@0xe5ea1fc4]doHandleMessage(KMSG_ACTION_STOP, arg1:-111, arg2:-111)
06-04 11:23:54.986 D/UNIPLAYERSDK( 3472): CarouselProgramVV.cpp:124 CarouselProgramVV::stop
06-04 11:23:54.986 D/UNIPLAYERSDK( 3472): CarouselProgramVV.cpp:42 CarouselProgramVV::stop(), mStarting=0
06-04 11:23:54.986 I/UNIPLAYERSDK( 3472): PumaAbsCmdScheduler.cpp:58 [PumaAbsCmdScheduler@0xb3846a5c]Received KMSG_INNERACTION_EVENT_STOPPING,mStatus=0
06-04 11:23:54.986 I/UNIPLAYERSDK( 3472): SegmentPlayback.cpp:92 [PumaSegmentPlayback@0xed0929d8]KMSG_INNERACTION_ABS_STATUS_CHANGE, :type = 0
06-04 11:23:54.986 I/UNIPLAYERSDK( 3472): MediaPlayerAdaptor.cpp:297 [PumaPlayerAdaptor@0xe5ea1fc4]doHandleMessage(KMSG_INNERACTION_ABS_STATUS_CHANGE, arg1:0, arg2:-111)
06-04 11:23:54.986 I/UNIPLAYERSDK( 3472): MediaPlayerListenerContainer.cpp:172 KMSG_INNERACTION_ABS_STATUS_CHANGE, abstype=0,absAlgo=nonabs
06-04 11:23:54.986 D/UNIPLAYERSDK( 3472): BaseState.cpp:42 [PumaPlayerAdaptor@0xe5ea1fc4@0xb3871de8]{fm(KMSG_INNERACTION_ABS_STATUS_CHANGE),ret(0),at(0,9568,9568),s(11,-2,-2,-2,11),fm=Message@0xecb4d8f0{what=2097241,when=18446744073709551615,arg1=0,arg2=-1111111111,arg3=-1111111111,str=nonabs,timeout=0,obj=0x0,runnable=0x0,target=0x0,watchDogOp=0x0}
06-04 11:23:54.987 D/UNIPLAYERSDK( 3472): BaseState.cpp:56 [PumaPlayerAdaptor@0xe5ea1fc4@0xb3871de8]{fm(KMSG_INNERACTION_ABS_STATUS_CHANGE),o(AudioPrevi)-t(0,9568,9568),o(BitstreamS)-t(0,9568,9568),o(CarouselPr)-t(0,9568,9568),o(FastHelper)-t(0,9568,9568),o(HeaderTail)-t(0,9568,9568),o(HighLights)-t(0,9568,9568),o(InteractPr)-t(0,9568,9568),o(LivePrevie)-t(0,9568,9568),o(MediaPlaye)-t(0,9568,9568),o(MovieVVInf)-t(0,9568,9568),o(PPrecacher)-t(0,9568,9568),o(PlayerStuc)-t(0,9568,9568),o(PumaAbsCmd)-t(0,9568,9568),o(PumaAdvert)-t(0,9568,9568),o(PumaBuffer)-t(0,9568,9568),o(PumaError@)-t(0,9568,9568),o(PumaMediaD)-t(0,9568,9568),o(PumaPlayer)-t(0,9568,9568),o(PumaRate@0)-t(0,9568,9568),o(PumaSegmen)-t(0,9568,9568),o(PumaSubtit)-t(0,9568,9568),o(RefreshAcc)-t(0,9568,9568),o(RefreshSer)-t(0,9568,9568),o(SceneKeepe)-t(0,9568,9568),o(SetRate@0x)-t(0,9568,9568),o(SwitchEpis)-t(0,9568,9568),o(VideoPlayC)-t(0,9568,9568)}
06-04 11:23:54.987 I/UNIPLAYERSDK( 3472): MediaPlayerAdaptor.cpp:297 [PumaPlayerAdaptor@0xe5ea1fc4]doHandleMessage(KMSG_INNERACTION_EVENT_STOPPING, arg1:-111, arg2:-111)
06-04 11:23:54.987 I/UNIPLAYERSDK( 3472): MediaPlayerListenerContainer.cpp:211 onStopping
06-04 11:23:54.987 I/TVUNIPLAYER( 3472): JNIMediaPlayerOnStateChangedListener.cpp:89 OnStopping(player=0xecff70f0, media=0xecdb6640)
06-04 11:23:54.987 I/TvUniPlayer/SdkMediaPlayer@34c5384( 3472): postEventFromNative(112, 0, 0, null)
06-04 11:23:54.987 I/TvUniPlayer/UniPlayer@ca2c597( 3472): player sdk event:112,hasBarrier:false
06-04 11:23:54.987 D/UNIPLAYERSDK( 3472): PlayerTimeRecorder.cpp:410 onStopping
06-04 11:23:54.987 D/UNIPLAYERSDK( 3472): PlayerTimeRecorder.cpp:82 stopRecord() needIssueTiming=1, mIsRecording=0
06-04 11:23:54.987 D/UNIPLAYERSDK( 3472): PlayerBabelPingbackSender.cpp:747 onStopping, breakcause=quit, isRetrying=0
06-04 11:23:54.987 D/UNIPLAYERSDK( 3472): PlayerBabelPingbackSender.cpp:1762 checkAndSendPlayerBreak(), mlastState=4
06-04 11:23:54.987 D/UNIPLAYERSDK( 3472): PlayerBabelPingbackSender.cpp:1790 getLoadingStepBeforeBreak()
06-04 11:23:54.988 I/UNIPLAYERSDK( 3472): PumaAbsClient.cpp:145 [PumaAbsClient@0xb5ac7888]switchOffABR(), command json: {"set_abs_open":0,"set_bid_range":"","set_open_manual_switch":0}
06-04 11:23:54.988 I/UNIPLAYERSDK( 3472): PumaAbsClient.cpp:45 [PumaAbsClient@0xb5ac7888]Received KMSG_INNERACTION_ABSCLIENT_SWITCH_MEASURE_BANDWIDTH, onoff=1
06-04 11:23:54.988 I/UNIPLAYERSDK( 3472): PumaAbsClient.cpp:128 [PumaAbsClient@0xb5ac7888]measureBandwidthSwitch(), command json: {"name":"EnableMeasureBandwidth","value":"{\"interval\":1000,\"range\":5000}\n"}
06-04 11:23:54.989 I/TvUniPlayer/UniPlayer@ca2c597( 3472): in handleMessage event:112
06-04 11:23:54.989 I/WaterMarkerModel@28157364( 3472): updateEnableState: enable waterMarker Type A and B
06-04 11:23:54.989 I/WaterMarkerModel@28157364( 3472): parseCopyMark: mCopyMarkSelected is empty .
06-04 11:23:54.989 E/WaterMarkerModel@28157364( 3472): updateEnableState for C type failed : ivos mark not enabled and copyMarkValues is null.
06-04 11:23:54.989 I/AdpurchaseTipController( 3472): hide mPurchaseOverlay=null
06-04 11:23:54.989 I/AdpurchaseTipController( 3472): doHide mTipViewStatus=0
06-04 11:23:54.989 I/Player/UI/EnjoyContent@905bd17( 3472): hide mEnjoyOverlay=null
06-04 11:23:54.989 I/AdpurchaseTipController( 3472): onAdEnd()
06-04 11:23:54.989 I/Player/UI/PlayerViewController( 3472): hide hideViewkey=13 type=0
06-04 11:23:54.990 I/Player/UI/PlayerViewController( 3472): getViewControllerCallBack showViewKey=13 mViewMap no contain{21=java.lang.ref.WeakReference@2421d89}
06-04 11:23:54.991 D/UNIPLAYERSDK( 3472): Config.cpp:1900 getPlayPreloadMainSwitch 1
06-04 11:23:54.991 D/UNIPLAYERSDK( 3472): Config.cpp:1932 getPlayPreloadPrepareSwitch 1
06-04 11:23:54.991 I/UNIPLAYERSDK( 3472): PerformaceStepInfo.cpp:611 no effect data, key=diy_playmodule2, begin=0, end=0
06-04 11:23:54.991 I/UNIPLAYERSDK( 3472): PerformaceStepInfo.cpp:611 no effect data, key=diy_playmodule2, begin=0, end=0
06-04 11:23:54.991 I/UNIPLAYERSDK( 3472): PerformaceStepInfo.cpp:611 no effect data, key=diy_playmodule3, begin=0, end=0
06-04 11:23:54.991 I/UNIPLAYERSDK( 3472): PerformaceStepInfo.cpp:611 no effect data, key=diy_playmodule5, begin=0, end=0
06-04 11:23:54.991 I/UNIPLAYERSDK( 3472): PerformaceStepInfo.cpp:611 no effect data, key=diy_playmodule5, begin=0, end=0
06-04 11:23:54.991 I/UNIPLAYERSDK( 3472): PerformaceStepInfo.cpp:611 no effect data, key=diy_playmodule6, begin=0, end=0
06-04 11:23:54.991 I/UNIPLAYERSDK( 3472): PerformaceStepInfo.cpp:611 no effect data, key=diy_playmodule7, begin=0, end=0
06-04 11:23:54.991 I/UNIPLAYERSDK( 3472): PerformaceStepInfo.cpp:611 no effect data, key=diy_playmodule8, begin=0, end=1104999
06-04 11:23:54.992 I/UNIPLAYERSDK( 3472): PerformaceStepInfo.cpp:611 no effect data, key=diy_playmodule9, begin=1104999, end=0
06-04 11:23:54.992 I/UNIPLAYERSDK( 3472): PerformaceStepInfo.cpp:611 no effect data, key=diy_geturitm, begin=0, end=0
06-04 11:23:54.992 D/PINGBACKSDK( 3472): PingbackSenderImpl.cpp:102 PingbackSenderImpl::sendPingback() start, type 36
06-04 11:23:54.992 D/PINGBACKSDK( 3472): Pingback.cpp:131 babelSend() start: PbPlayerType:breakLoad
06-04 11:23:54.992 D/PINGBACKSDK( 3472): Pingback.cpp:135 babelSend() sendurl: PbPlayerType:breakLoad
06-04 11:23:54.997 V/UFUnilog( 3472): api_group_impl.cpp : 434 PingbackSdk {fuc=APIGroupImpl:call(),name=babelqos_pb,params=0xb6799b4c,callback=0xaa34a2d0}
06-04 11:23:54.997 W/UFUnilog( 3472): api_group_impl.cpp : 890 PingbackSdk {fuc=APIGroupImpl:BuildRequest(),logtag=babelqos_pb_172,interface_msg=Null formdata Parameters!}
06-04 11:23:54.997 D/UFUnilog( 3472): api_group_impl.cpp : 1051 PingbackSdk {fuc=APIGroupImpl:BuildRequest(),logtag=babelqos_pb_172,request_type=1,client_type=0}
06-04 11:23:54.998 W/UNIPLAYERSDK( 3472): PlayerBabelPingbackSender.cpp:772 OnStopping, playback not started, no need to send userQuit pingback!
06-04 11:23:54.998 V/UNIPLAYERSDK( 3472): PerformaceStepInfo.cpp:312 doRecord 12 1109580 0
06-04 11:23:54.999 D/UNIPLAYERSDK( 3472): BaseState.cpp:42 [PumaPlayerAdaptor@0xe5ea1fc4@0xb38724e8]{fm(KMSG_INNERACTION_EVENT_STOPPING),ret(0),at(13,9568,9581),s(11,-2,-2,-2,11),fm=Message@0xecb75b70{what=2097215,when=18446744073709551615,arg1=-1111111111,arg2=-1111111111,arg3=-1111111111,str=,timeout=0,obj=0x0,runnable=0x0,target=0x0,watchDogOp=0x0}
06-04 11:23:54.999 D/UNIPLAYERSDK( 3472): BaseState.cpp:56 [PumaPlayerAdaptor@0xe5ea1fc4@0xb38724e8]{fm(KMSG_INNERACTION_EVENT_STOPPING),o(AudioPrevi)-t(0,9568,9568),o(BitstreamS)-t(0,9568,9568),o(CarouselPr)-t(0,9568,9568),o(FastHelper)-t(0,9568,9568),o(HeaderTail)-t(0,9568,9568),o(HighLights)-t(0,9568,9568),o(InteractPr)-t(0,9568,9568),o(LivePrevie)-t(0,9568,9568),o(MediaPlaye)-t(11,9569,9580),o(MovieVVInf)-t(0,9568,9568),o(PPrecacher)-t(0,9568,9568),o(PlayerStuc)-t(0,9568,9568),o(PumaAbsCmd)-t(1,9568,9569),o(PumaAdvert)-t(0,9568,9568),o(PumaBuffer)-t(0,9568,9568),o(PumaError@)-t(0,9568,9568),o(PumaMediaD)-t(0,9568,9568),o(PumaPlayer)-t(0,9568,9568),o(PumaRate@0)-t(0,9568,9568),o(PumaSegmen)-t(0,9568,9568),o(PumaSubtit)-t(0,9568,9568),o(RefreshAcc)-t(0,9568,9568),o(RefreshSer)-t(0,9568,9568),o(SceneKeepe)-t(0,9568,9568),o(SetRate@0x)-t(0,9568,9568),o(SwitchEpis)-t(0,9568,9568),o(VideoPlayC)-t(0,9568,9568)}
06-04 11:23:54.999 I/UNIPLAYERSDK( 3472): PumaPlayer.cpp:529 [PumaPlayer@0xab381cbc]stop()
06-04 11:23:54.999 I/CLog ( 3472): 2025-06-04 11:23:54.999 T:3585 INFO: [0xb27c7b70]CMctoMediaPlayer::Stop
06-04 11:23:54.999 I/CLog ( 3472): 2025-06-04 11:23:54.999 T:3585 INFO: IMctoPlayerHandlerProxy::SetPlayID:-1
06-04 11:23:55.000 V/UNIPLAYERSDK( 3472): Advertisement.cpp:389 [PumaAdvertisement@0xa6d11fcc]HandleStateExitMessage() msg = KMSG_STATEEXIT_SLEEPED
06-04 11:23:55.000 I/UNIPLAYERSDK( 3472): MediaPlayerAdaptor.cpp:297 [PumaPlayerAdaptor@0xe5ea1fc4]doHandleMessage(KMSG_STATEEXIT_SLEEPED, arg1:12, arg2:-111)
06-04 11:23:55.000 V/UNIPLAYERSDK( 3472): MediaPlayerListenerContainer.cpp:322 HandleStateExitMessage() msg = KMSG_STATEEXIT_SLEEPED
06-04 11:23:55.000 D/UNIPLAYERSDK( 3472): BaseState.cpp:42 [PumaPlayerAdaptor@0xe5ea1fc4@0xb38724e8]{fm(KMSG_STATEEXIT_SLEEPED),ret(0),at(0,9582,9582),s(11,-2,-2,-2,11),fm=Message@0xecb75b70{what=25165929,when=18446744073709551615,arg1=12,arg2=-1111111111,arg3=-1111111111,str=,timeout=0,obj=0x0,runnable=0x0,target=0x0,watchDogOp=0x0}
06-04 11:23:55.000 D/UNIPLAYERSDK( 3472): BaseState.cpp:56 [PumaPlayerAdaptor@0xe5ea1fc4@0xb38724e8]{fm(KMSG_STATEEXIT_SLEEPED),o(AudioPrevi)-t(0,9582,9582),o(BitstreamS)-t(0,9582,9582),o(CarouselPr)-t(0,9582,9582),o(FastHelper)-t(0,9582,9582),o(HeaderTail)-t(0,9582,9582),o(HighLights)-t(0,9582,9582),o(InteractPr)-t(0,9582,9582),o(LivePrevie)-t(0,9582,9582),o(MediaPlaye)-t(0,9582,9582),o(MovieVVInf)-t(0,9582,9582),o(PPrecacher)-t(0,9582,9582),o(PlayerStuc)-t(0,9582,9582),o(PumaAbsCmd)-t(0,9582,9582),o(PumaAdvert)-t(0,9582,9582),o(PumaBuffer)-t(0,9582,9582),o(PumaError@)-t(0,9582,9582),o(PumaMediaD)-t(0,9582,9582),o(PumaPlayer)-t(0,9582,9582),o(PumaRate@0)-t(0,9582,9582),o(PumaSegmen)-t(0,9582,9582),o(PumaSubtit)-t(0,9582,9582),o(RefreshAcc)-t(0,9582,9582),o(RefreshSer)-t(0,9582,9582),o(SceneKeepe)-t(0,9582,9582),o(SetRate@0x)-t(0,9582,9582),o(SwitchEpis)-t(0,9582,9582),o(VideoPlayC)-t(0,9582,9582)}
06-04 11:23:55.000 I/UNIPLAYERSDK( 3472): MediaPlayerAdaptor.cpp:282 [PumaPlayerAdaptor@0xe5ea1fc4]onPlayerStateChanged(11:SLEEPED, 12:STOPPED)
06-04 11:23:55.000 I/UNIUTIL ( 3472): PerfLog.cpp:48 PumaPlayerAdaptor@0xe5ea1fc4, [PERF-LOADING]stop
06-04 11:23:55.000 D/UNIPLAYERSDK( 3472): HeaderTailer.cpp:63 [HeaderTailer@0xab388f20]KMSG_STATECHANGED_STOPPED
06-04 11:23:55.000 I/UNIPLAYERSDK( 3472): HeaderTailer.cpp:214 [HeaderTailer@0xab388f20]stopAutoSkipCheck
06-04 11:23:55.000 D/UNIPLAYERSDK( 3472): PositionHintHelper.cpp:165 (0xa5245110)stop() - mRunning=0
06-04 11:23:55.000 D/UNIPLAYERSDK( 3472): PositionHintHelper.cpp:137 (0xa5245110)clearHints()
06-04 11:23:55.000 I/UNIPLAYERSDK( 3472): PumaAdvertisement.cpp:442 [PumaAdvertisement@0xa6d11fcc]clearCurrentAdData 0, 0
06-04 11:23:55.000 D/UNIPLAYERSDK( 3472): PumaAdvertisement.cpp:66 [PumaAdvertisement@0xa6d11fcc]update(KMSG_STATECHANGED_STOPPED) stopHintHelper
06-04 11:23:55.000 D/UNIPLAYERSDK( 3472): PositionHintHelper.cpp:137 (0xa52464c0)clearHints()
06-04 11:23:55.000 D/UNIPLAYERSDK( 3472): PositionHintHelper.cpp:165 (0xa52464c0)stop() - mRunning=0
06-04 11:23:55.000 I/UNIPLAYERSDK( 3472): BitstreamSwitcher.cpp:172 [BitstreamSwitcher@0xab39a2bc]clearStatus
06-04 11:23:55.000 I/UNIPLAYERSDK( 3472): MediaPlayerAdaptor.cpp:297 [PumaPlayerAdaptor@0xe5ea1fc4]doHandleMessage(KMSG_STATECHANGED_STOPPED, arg1:11, arg2:-111)
06-04 11:23:55.000 D/UNIPLAYERSDK( 3472): MediaPlayerListenerContainer.cpp:542 HandleStateChangedMessage() msg = KMSG_STATECHANGED_STOPPED
06-04 11:23:55.000 V/UNIPLAYERSDK( 3472): MediaPlayerListenerContainer.cpp:549 OnStateMachineChanged
06-04 11:23:55.000 D/TVUNIPLAYER( 3472): JNIMediaPlayerOnStateMachineListener.cpp:18 onStateChanged(player=0xecff70f0, media=0xecdb6640, from=11, to=12)
06-04 11:23:55.000 I/TvUniPlayer/SdkMediaPlayer@34c5384( 3472): postEventFromNative(1901, 11, 12, null)
06-04 11:23:55.001 I/TvUniPlayer/UniPlayer@ca2c597( 3472): player sdk event:1901,hasBarrier:false
06-04 11:23:55.001 D/UNIPLAYERSDK( 3472): BaseState.cpp:42 [PumaPlayerAdaptor@0xe5ea1fc4@0xb38724e8]{fm(KMSG_STATECHANGED_STOPPED),ret(0),at(1,9582,9583),s(11,-2,-2,-2,11),fm=Message@0xecb75b70{what=4194410,when=18446744073709551615,arg1=11,arg2=-1111111111,arg3=-1111111111,str=,timeout=0,obj=0x0,runnable=0x0,target=0x0,watchDogOp=0x0}
06-04 11:23:55.001 D/UNIPLAYERSDK( 3472): BaseState.cpp:56 [PumaPlayerAdaptor@0xe5ea1fc4@0xb38724e8]{fm(KMSG_STATECHANGED_STOPPED),o(AudioPrevi)-t(0,9582,9582),o(BitstreamS)-t(0,9582,9582),o(CarouselPr)-t(0,9582,9582),o(FastHelper)-t(0,9582,9582),o(HeaderTail)-t(0,9582,9582),o(HighLights)-t(0,9582,9582),o(InteractPr)-t(0,9582,9582),o(LivePrevie)-t(0,9582,9582),o(MediaPlaye)-t(1,9582,9583),o(MovieVVInf)-t(0,9582,9582),o(PPrecacher)-t(0,9582,9582),o(PlayerStuc)-t(0,9582,9582),o(PumaAbsCmd)-t(0,9582,9582),o(PumaAdvert)-t(0,9582,9582),o(PumaBuffer)-t(0,9582,9582),o(PumaError@)-t(0,9582,9582),o(PumaMediaD)-t(0,9582,9582),o(PumaPlayer)-t(0,9582,9582),o(PumaRate@0)-t(0,9582,9582),o(PumaSegmen)-t(0,9582,9582),o(PumaSubtit)-t(0,9582,9582),o(RefreshAcc)-t(0,9582,9582),o(RefreshSer)-t(0,9582,9582),o(SceneKeepe)-t(0,9582,9582),o(SetRate@0x)-t(0,9582,9582),o(SwitchEpis)-t(0,9582,9582),o(VideoPlayC)-t(0,9582,9582)}
06-04 11:23:55.001 I/UNIPLAYERSDK( 3472): LogRecordHelper.cpp:339 [LogRecordHelper@0xab380c40]<<<<<<<<<<<<<<<<<<<<<<<<<<< onStopped(1749007216402)
06-04 11:23:55.001 V/UNIPLAYERSDK( 3472): Advertisement.cpp:403 [PumaAdvertisement@0xa6d11fcc]HandleStateEnterMessage() msg = KMSG_STATEENTER_STOPPED
06-04 11:23:55.003 I/UNIPLAYERSDK( 3472): PlayerStuckChecker.cpp:72 PlayerStuckChecker::update, msg = KMSG_STATEENTER_STOPPED
06-04 11:23:55.003 I/UNIPLAYERSDK( 3472): PlayerStuckChecker.cpp:166 PlayerStuckChecker::stop(scene=0)
06-04 11:23:55.003 I/UNIPLAYERSDK( 3472): MediaPlayerAdaptor.cpp:297 [PumaPlayerAdaptor@0xe5ea1fc4]doHandleMessage(KMSG_STATEENTER_STOPPED, arg1:11, arg2:-111)
06-04 11:23:55.003 V/UNIPLAYERSDK( 3472): MediaPlayerListenerContainer.cpp:341 HandleStateEnterMessage() msg=KMSG_STATEENTER_STOPPED, arg1=11
06-04 11:23:55.003 I/UNIPLAYERSDK( 3472): MediaPlayerListenerContainer.cpp:346 onWakeuped
06-04 11:23:55.003 I/TVUNIPLAYER( 3472): JNIMediaPlayerOnStateChangedListener.cpp:69 OnWakeuped(player=0xecff70f0, media=0xecdb6640)
06-04 11:23:55.003 I/TvUniPlayer/SdkMediaPlayer@34c5384( 3472): postEventFromNative(110, 0, 0, null)
06-04 11:23:55.003 I/TvUniPlayer/UniPlayer@ca2c597( 3472): player sdk event:110,hasBarrier:false
06-04 11:23:55.003 D/UNIPLAYERSDK( 3472): PlayerTimeRecorder.cpp:395 onWakeuped
06-04 11:23:55.003 D/UNIPLAYERSDK( 3472): PlayerTimeRecorder.cpp:71 startRrecord(), mIsRecording=0
06-04 11:23:55.003 D/UNIPLAYERSDK( 3472): PlayerTimeRecorder.cpp:77 startRecord ignore!
06-04 11:23:55.003 D/UNIPLAYERSDK( 3472): PlayerBabelPingbackSender.cpp:1064 onWakeuped, sleepTime=1108877, wakeupTime=1109585, td=708
06-04 11:23:55.003 D/PINGBACKSDK( 3472): PingbackSenderImpl.cpp:102 PingbackSenderImpl::sendPingback() start, type 27
06-04 11:23:55.004 D/PINGBACKSDK( 3472): Pingback.cpp:131 babelSend() start: PbPlayerType:playerwakeup
06-04 11:23:55.004 D/PINGBACKSDK( 3472): Pingback.cpp:135 babelSend() sendurl: PbPlayerType:playerwakeup
06-04 11:23:55.004 V/UNIPLAYERSDK( 3472): PerformaceStepInfo.cpp:312 doRecord 48 1109581 0
06-04 11:23:55.004 V/UNIPLAYERSDK( 3472): PerformaceStepInfo.cpp:312 doRecord 49 1109581 0
06-04 11:23:55.004 I/CLog ( 3472): 2025-06-04 11:23:55.001 T:5719 INFO: ProcessUserActionMessage,Stop Begin
06-04 11:23:55.004 I/CLog ( 3472): 2025-06-04 11:23:55.004 T:5719 DEBUG: GetCurrentDefinition bs=500, have 7 defs, ret=0xe51676a0
06-04 11:23:55.004 I/CLog ( 3472): 2025-06-04 11:23:55.004 T:5719 DEBUG: GetCurrentDefinition bs=500, have 7 defs, ret=0xe51676a0
06-04 11:23:55.005 I/CLog ( 3472): 2025-06-04 11:23:55.005 T:5719 DEBUG: Stop remove the qos timer.
06-04 11:23:55.005 I/CLog ( 3472): 2025-06-04 11:23:55.005 T:5719 DEBUG: GetCurrentDefinition bs=500, have 7 defs, ret=0xe51676a0
06-04 11:23:55.005 I/CLog ( 3472): 2025-06-04 11:23:55.005 T:5719 DEBUG: GetCurrentDefinition bs=500, have 7 defs, ret=0xe51676a0
06-04 11:23:55.005 I/CLog ( 3472): 2025-06-04 11:23:55.005 T:5719 INFO: ABS Stop begin
06-04 11:23:55.005 I/CLog ( 3472): 2025-06-04 11:23:55.005 T:5719 DEBUG: MessageCenter::RemoveMsgBySenderID(sender_id:65)
06-04 11:23:55.005 I/CLog ( 3472): 2025-06-04 11:23:55.005 T:5719 INFO: Stop
06-04 11:23:55.005 I/CLog ( 3472): 2025-06-04 11:23:55.005 T:5719 INFO: StopVideo
06-04 11:23:55.005 I/CLog ( 3472): 2025-06-04 11:23:55.005 T:5719 INFO: RM_DEM::2,Clear seek: 0
06-04 11:23:55.005 I/CLog ( 3472): 2025-06-04 11:23:55.005 T:5719 INFO: PlayCoreManager::EndMovie begin
06-04 11:23:55.005 I/CLog ( 3472): 2025-06-04 11:23:55.005 T:5719 INFO: RM::2,EndMovie, is_clear_picture: 1
06-04 11:23:55.005 I/CLog ( 3472): 2025-06-04 11:23:55.005 T:5719 DEBUG: RM_RE::2,ISubtitleEngineConsumer_Clear
06-04 11:23:55.005 I/CLog ( 3472): 2025-06-04 11:23:55.005 T:5719 INFO: RM_RE::2, MarkClearPicture
06-04 11:23:55.005 I/CLog ( 3472): 2025-06-04 11:23:55.005 T:5719 INFO: SetPictureInPictureStatus, 0
06-04 11:23:55.005 I/CLog ( 3472): 2025-06-04 11:23:55.005 T:5719 INFO: PlayCoreManager::EndMovie end, clear_last_pic=1
06-04 11:23:55.005 I/CLog ( 3472): 2025-06-04 11:23:55.005 T:5719 INFO: qtp-load(24) - close
06-04 11:23:55.005 I/CLog ( 3472): 2025-06-04 11:23:55.005 T:5719 INFO: qtp-load(24), reqid:17020243
06-04 11:23:55.005 I/q_h_c_s ( 3472): HCDN_LOG: [T:5719]qtp_stop_req:1825,Stop qtp request (req: 0xecb0c250)
06-04 11:23:55.005 I/q_h_c_s ( 3472): HCDN_LOG: [T:5719]StopHttpRequest:1473,------> StopHttpRequest(reid: 17020243)
06-04 11:23:55.005 W/q_h_c_s ( 3472): HCDN_LOG: [T:5719]StopHttpRequest:1503,reid: 17020243 not found when StopHttpRequest
06-04 11:23:55.005 I/CLog ( 3472): 2025-06-04 11:23:55.005 T:5719 DEBUG: wait begin
06-04 11:23:55.005 I/CLog ( 3472): 2025-06-04 11:23:55.005 T:5719 DEBUG: GetCurrentDefinition bs=500, have 7 defs, ret=0xe51676a0
06-04 11:23:55.005 I/CLog ( 3472): 2025-06-04 11:23:55.005 T:5719 DEBUG: MessageCenter::RemoveMsgBySenderID(sender_id:66)
06-04 11:23:55.005 I/CLog ( 3472): 2025-06-04 11:23:55.005 T:5719 DEBUG: MessageCenter::RemoveMsgBySenderID(sender_id:75)
06-04 11:23:55.005 I/CLog ( 3472): 2025-06-04 11:23:55.005 T:5719 DEBUG: DoAdStreamPlayEnd, adid:262406, stream:5016, start:1, playerror:0, cancel:1
06-04 11:23:55.005 I/CLog ( 3472): 2025-06-04 11:23:55.005 T:5719 DEBUG: LoadImplLock:will_stop_=====1(0)
06-04 11:23:55.005 I/CLog ( 3472): 2025-06-04 11:23:55.005 T:5719 INFO: IMctoPlayerHandlerProxy::OnAdCallback:-1,730463
06-04 11:23:55.005 I/UNIPLAYERSDK( 3472): PumaPlayerListener.cpp:173 OnAdCallback 0, {"slot_type":0,"show":0}
06-04 11:23:55.005 I/CLog ( 3472): 2025-06-04 11:23:55.005 T:5719 INFO: OnADCallback:0,{"slot_type":0,"show":0}
06-04 11:23:55.005 I/CLog ( 3472): 2025-06-04 11:23:55.005 T:5719 INFO: [262144]OnAdEvent, 262406, AD_EVENT_COMPLETE
06-04 11:23:55.006 I/CLog ( 3472): 2025-06-04 11:23:55.006 T:5719 INFO: StreamChanged, [0, 262406]
06-04 11:23:55.006 I/CLog ( 3472): 2025-06-04 11:23:55.006 T:5719 DEBUG: MessageCenter::RemoveMsgBySenderID(sender_id:77)
06-04 11:23:55.006 I/CLog ( 3472): 2025-06-04 11:23:55.006 T:5719 DEBUG: MessageCenter::RemoveMsgBySenderID(sender_id:76)
06-04 11:23:55.006 I/CLog ( 3472): 2025-06-04 11:23:55.006 T:5719 DEBUG: MessageCenter::RemoveMsgBySenderID(sender_id:78)
06-04 11:23:55.006 I/CLog ( 3472): 2025-06-04 11:23:55.006 T:5719 DEBUG: MessageCenter::RemoveMsgBySenderID(sender_id:79)
06-04 11:23:55.006 I/CLog ( 3472): 2025-06-04 11:23:55.006 T:5719 DEBUG: MessageCenter::RemoveMsgBySenderID(sender_id:80)
06-04 11:23:55.006 I/CLog ( 3472): 2025-06-04 11:23:55.006 T:5719 DEBUG: DataPush id=-1
06-04 11:23:55.006 I/CLog ( 3472): 2025-06-04 11:23:55.006 T:5719 DEBUG: MessageCenter::RemoveMsgBySenderID(sender_id:74)
06-04 11:23:55.006 I/TvUniPlayer/UniPlayer@ca2c597( 3472): in handleMessage event:1901
06-04 11:23:55.006 I/BitStreamMonitor@509f76d( 3472): handlePlayerStateChangedMonitor() from=11,to=12
06-04 11:23:55.006 I/BitStreamMonitor@509f76d( 3472): handlePlayerStateChangedMonitor() remove all monitor
