06-04 11:27:26.335 E/WifiStaIfaceAidlImpl( 689): getLinkLayerStats failed with service-specific exception: android.os.ServiceSpecificException: (code 4)
06-04 11:27:27.879 I/WifiService( 689): startScan uid=1000
06-04 11:27:27.881 E/ccc ( 6878): cccccc i will start scan
06-04 11:27:27.890 D/InstantWifi( 689): Drop, size: 1
06-04 11:27:28.679 D/bbb ( 1561): onStartCommand begin !!!!!!! data分区剩余 54471MB
06-04 11:27:29.339 I/WifiHAL ( 501): call wifi_get_link_stats handler
06-04 11:27:29.339 I/WifiHAL ( 501): Creating message to get link statistics; iface = 16
06-04 11:27:29.339 D/WifiHAL ( 501): error code -95 mapped to -3
06-04 11:27:29.339 E/WifiStaIfaceAidlImpl( 689): getLinkLayerStats failed with service-specific exception: android.os.ServiceSpecificException: (code 4)
06-04 11:27:30.564 D/WifiNl80211Manager( 689): Scan result ready event
06-04 11:27:30.564 D/WifiNative( 689): Scan result ready event
06-04 11:27:30.615 E/ccc ( 6878): cccccc SCAN_RESULTS_AVAILABLE_ACTION hhhh
06-04 11:27:30.616 E/hq ( 1441): NetWorkStateReceiver:::NetWorkStateReceiver onReceive: 网络变化广播 >>>> intent.action=android.net.wifi.SCAN_RESULTS
06-04 11:27:30.620 D/PasspointManager( 689): ANQP entry not found for: 10:7c:61:1a:4b:94:<5G>
06-04 11:27:30.620 I/WifiHAL ( 501): call wifi_get_link_stats handler
06-04 11:27:30.620 I/WifiHAL ( 501): Creating message to get link statistics; iface = 16
06-04 11:27:30.621 D/WifiHAL ( 501): error code -95 mapped to -3
06-04 11:27:30.621 E/WifiStaIfaceAidlImpl( 689): getLinkLayerStats failed with service-specific exception: android.os.ServiceSpecificException: (code 4)
06-04 11:27:30.631 W/eventbuscore( 1441): post Event:com.dangbei.leard.base.entity.event.NetWifiRssiEvent
06-04 11:27:30.636 E/ccc ( 6878): cccccc result is not empty call back
06-04 11:27:30.636 E/ccc ( 6878): cccccc 666666666666666
06-04 11:27:30.649 E/ccc ( 6878): cccccc sort 2 46
06-04 11:27:31.608 D/nStackXCoAP( 3069): IsInSameNetwork:[276] :IsInSameNetwork exec
06-04 11:27:31.608 I/nStackXDFinder( 3069): GetLocalInterfaceDetail:[461] :GetLocalInterfaceDetail in
06-04 11:27:31.608 E/nStackXCoAP( 3069): IsInSameNetwork:[281] :IsInSameNetwork: not priority process
06-04 11:27:31.608 D/nStackXCoAP( 3069): ParseServiceDiscover:[330] :new device join
06-04 11:27:31.608 E/nStackXDFinder( 3069): GetLocalIp:[401] :GetLocalIp exec
06-04 11:27:31.682 D/nStackXCoAP( 3069): CoapMessageHandler:[133] :2.01
06-04 11:27:31.966 D/nStackXCoAP( 3069): IsInSameNetwork:[276] :IsInSameNetwork exec
06-04 11:27:31.966 I/nStackXDFinder( 3069): GetLocalInterfaceDetail:[461] :GetLocalInterfaceDetail in
06-04 11:27:31.966 E/nStackXCoAP( 3069): IsInSameNetwork:[281] :IsInSameNetwork: not priority process
06-04 11:27:31.966 D/nStackXCoAP( 3069): ParseServiceDiscover:[330] :new device join
06-04 11:27:31.966 E/nStackXDFinder( 3069): GetLocalIp:[401] :GetLocalIp exec
06-04 11:27:32.344 I/WifiHAL ( 501): call wifi_get_link_stats handler
06-04 11:27:32.344 I/WifiHAL ( 501): Creating message to get link statistics; iface = 16
06-04 11:27:32.344 D/WifiHAL ( 501): error code -95 mapped to -3
06-04 11:27:32.345 E/WifiStaIfaceAidlImpl( 689): getLinkLayerStats failed with service-specific exception: android.os.ServiceSpecificException: (code 4)
06-04 11:27:32.465 D/nStackXCoAP( 3069): IsInSameNetwork:[276] :IsInSameNetwork exec
06-04 11:27:32.465 I/nStackXDFinder( 3069): GetLocalInterfaceDetail:[461] :GetLocalInterfaceDetail in
06-04 11:27:32.465 E/nStackXCoAP( 3069): IsInSameNetwork:[281] :IsInSameNetwork: not priority process
06-04 11:27:32.465 D/nStackXCoAP( 3069): ParseServiceDiscover:[330] :new device join
06-04 11:27:32.465 E/nStackXDFinder( 3069): GetLocalIp:[401] :GetLocalIp exec
06-04 11:27:32.621 D/nStackXCoAP( 3069): CoapMessageHandler:[133] :2.01
06-04 11:27:32.622 D/nStackXCoAP( 3069): CoapMessageHandler:[133] :2.01
06-04 11:27:32.651 D/nStackXCoAP( 3069): IsInSameNetwork:[276] :IsInSameNetwork exec
06-04 11:27:32.651 I/nStackXDFinder( 3069): GetLocalInterfaceDetail:[461] :GetLocalInterfaceDetail in
06-04 11:27:32.651 E/nStackXCoAP( 3069): IsInSameNetwork:[281] :IsInSameNetwork: not priority process
06-04 11:27:32.651 D/nStackXCoAP( 3069): ParseServiceDiscover:[330] :new device join
06-04 11:27:32.651 E/nStackXDFinder( 3069): GetLocalIp:[401] :GetLocalIp exec
06-04 11:27:33.290 D/nStackXCoAP( 3069): IsInSameNetwork:[276] :IsInSameNetwork exec
06-04 11:27:33.290 I/nStackXDFinder( 3069): GetLocalInterfaceDetail:[461] :GetLocalInterfaceDetail in
06-04 11:27:33.290 E/nStackXCoAP( 3069): IsInSameNetwork:[281] :IsInSameNetwork: not priority process
06-04 11:27:33.290 D/nStackXCoAP( 3069): ParseServiceDiscover:[330] :new device join
06-04 11:27:33.290 E/nStackXDFinder( 3069): GetLocalIp:[401] :GetLocalIp exec
06-04 11:27:33.298 D/nStackXCoAP( 3069): IsInSameNetwork:[276] :IsInSameNetwork exec
06-04 11:27:33.298 I/nStackXDFinder( 3069): GetLocalInterfaceDetail:[461] :GetLocalInterfaceDetail in
06-04 11:27:33.298 E/nStackXCoAP( 3069): IsInSameNetwork:[281] :IsInSameNetwork: not priority process
06-04 11:27:33.298 D/nStackXCoAP( 3069): ParseServiceDiscover:[330] :new device join
06-04 11:27:33.298 E/nStackXDFinder( 3069): GetLocalIp:[401] :GetLocalIp exec
06-04 11:27:33.374 D/nStackXCoAP( 3069): IsInSameNetwork:[276] :IsInSameNetwork exec
06-04 11:27:33.374 I/nStackXDFinder( 3069): GetLocalInterfaceDetail:[461] :GetLocalInterfaceDetail in
06-04 11:27:33.374 E/nStackXCoAP( 3069): IsInSameNetwork:[281] :IsInSameNetwork: not priority process
06-04 11:27:33.374 D/nStackXCoAP( 3069): ParseServiceDiscover:[330] :new device join
06-04 11:27:33.374 E/nStackXDFinder( 3069): GetLocalIp:[401] :GetLocalIp exec
06-04 11:27:33.533 V/HotPlugDetectionAction( 689): Poll all devices.
06-04 11:27:33.591 D/hdmicecd( 487): [CEC]:printCecMessage, [4 -> 0] len: 0, body:, result:success
06-04 11:27:33.647 D/hdmicecd( 487): [CEC]:printCecMessage, [4 -> 1] len: 0, body:, result:no ack
06-04 11:27:33.659 D/nStackXCoAP( 3069): IsInSameNetwork:[276] :IsInSameNetwork exec
06-04 11:27:33.659 I/nStackXDFinder( 3069): GetLocalInterfaceDetail:[461] :GetLocalInterfaceDetail in
06-04 11:27:33.659 E/nStackXCoAP( 3069): IsInSameNetwork:[281] :IsInSameNetwork: not priority process
06-04 11:27:33.659 D/nStackXCoAP( 3069): ParseServiceDiscover:[330] :new device join
06-04 11:27:33.659 E/nStackXDFinder( 3069): GetLocalIp:[401] :GetLocalIp exec
06-04 11:27:33.660 D/nStackXCoAP( 3069): IsInSameNetwork:[276] :IsInSameNetwork exec
06-04 11:27:33.660 I/nStackXDFinder( 3069): GetLocalInterfaceDetail:[461] :GetLocalInterfaceDetail in
06-04 11:27:33.660 E/nStackXCoAP( 3069): IsInSameNetwork:[281] :IsInSameNetwork: not priority process
06-04 11:27:33.660 D/nStackXCoAP( 3069): ParseServiceDiscover:[330] :new device join
06-04 11:27:33.661 E/nStackXDFinder( 3069): GetLocalIp:[401] :GetLocalIp exec
06-04 11:27:33.703 D/hdmicecd( 487): [CEC]:printCecMessage, [4 -> 3] len: 0, body:, result:no ack
06-04 11:27:33.763 D/hdmicecd( 487): [CEC]:printCecMessage, [4 -> 5] len: 0, body:, result:no ack
06-04 11:27:33.819 D/hdmicecd( 487): [CEC]:printCecMessage, [4 -> 8] len: 0, body:, result:no ack
06-04 11:27:33.879 D/hdmicecd( 487): [CEC]:printCecMessage, [4 -> b] len: 0, body:, result:no ack
06-04 11:27:33.935 D/hdmicecd( 487): [CEC]:printCecMessage, [4 -> e] len: 0, body:, result:no ack
06-04 11:27:33.936 D/HdmiCecController( 689): [P]:AllocatedAddress=[0]
06-04 11:27:34.072 D/nStackXCoAP( 3069): IsInSameNetwork:[276] :IsInSameNetwork exec
06-04 11:27:34.072 I/nStackXDFinder( 3069): GetLocalInterfaceDetail:[461] :GetLocalInterfaceDetail in
06-04 11:27:34.072 E/nStackXCoAP( 3069): IsInSameNetwork:[281] :IsInSameNetwork: not priority process
06-04 11:27:34.072 D/nStackXCoAP( 3069): ParseServiceDiscover:[330] :new device join
06-04 11:27:34.072 E/nStackXDFinder( 3069): GetLocalIp:[401] :GetLocalIp exec
06-04 11:27:34.103 D/nStackXCoAP( 3069): CoapMessageHandler:[133] :2.01
06-04 11:27:34.111 D/nStackXCoAP( 3069): CoapMessageHandler:[133] :2.01
06-04 11:27:34.112 D/nStackXCoAP( 3069): CoapMessageHandler:[133] :2.01
06-04 11:27:34.681 D/nStackXCoAP( 3069): IsInSameNetwork:[276] :IsInSameNetwork exec
06-04 11:27:34.681 I/nStackXDFinder( 3069): GetLocalInterfaceDetail:[461] :GetLocalInterfaceDetail in
06-04 11:27:34.681 E/nStackXCoAP( 3069): IsInSameNetwork:[281] :IsInSameNetwork: not priority process
06-04 11:27:34.681 D/nStackXCoAP( 3069): ParseServiceDiscover:[330] :new device join
06-04 11:27:34.681 E/nStackXDFinder( 3069): GetLocalIp:[401] :GetLocalIp exec
06-04 11:27:35.126 D/nStackXCoAP( 3069): IsInSameNetwork:[276] :IsInSameNetwork exec
06-04 11:27:35.126 I/nStackXDFinder( 3069): GetLocalInterfaceDetail:[461] :GetLocalInterfaceDetail in
06-04 11:27:35.126 E/nStackXCoAP( 3069): IsInSameNetwork:[281] :IsInSameNetwork: not priority process
06-04 11:27:35.126 D/nStackXCoAP( 3069): ParseServiceDiscover:[330] :new device join
06-04 11:27:35.126 E/nStackXDFinder( 3069): GetLocalIp:[401] :GetLocalIp exec
06-04 11:27:35.128 D/nStackXCoAP( 3069): IsInSameNetwork:[276] :IsInSameNetwork exec
06-04 11:27:35.128 I/nStackXDFinder( 3069): GetLocalInterfaceDetail:[461] :GetLocalInterfaceDetail in
06-04 11:27:35.128 E/nStackXCoAP( 3069): IsInSameNetwork:[281] :IsInSameNetwork: not priority process
06-04 11:27:35.128 D/nStackXCoAP( 3069): ParseServiceDiscover:[330] :new device join
06-04 11:27:35.128 E/nStackXDFinder( 3069): GetLocalIp:[401] :GetLocalIp exec
06-04 11:27:35.350 I/WifiHAL ( 501): call wifi_get_link_stats handler
06-04 11:27:35.350 I/WifiHAL ( 501): Creating message to get link statistics; iface = 16
06-04 11:27:35.351 D/WifiHAL ( 501): error code -95 mapped to -3
06-04 11:27:35.351 E/WifiStaIfaceAidlImpl( 689): getLinkLayerStats failed with service-specific exception: android.os.ServiceSpecificException: (code 4)
06-04 11:27:35.385 D/nStackXCoAP( 3069): CoapMessageHandler:[133] :2.01
06-04 11:27:35.609 D/nStackXCoAP( 3069): IsInSameNetwork:[276] :IsInSameNetwork exec
06-04 11:27:35.609 I/nStackXDFinder( 3069): GetLocalInterfaceDetail:[461] :GetLocalInterfaceDetail in
06-04 11:27:35.609 E/nStackXCoAP( 3069): IsInSameNetwork:[281] :IsInSameNetwork: not priority process
06-04 11:27:35.609 D/nStackXCoAP( 3069): ParseServiceDiscover:[330] :new device join
06-04 11:27:35.609 E/nStackXDFinder( 3069): GetLocalIp:[401] :GetLocalIp exec
06-04 11:27:35.610 D/nStackXCoAP( 3069): IsInSameNetwork:[276] :IsInSameNetwork exec
06-04 11:27:35.610 I/nStackXDFinder( 3069): GetLocalInterfaceDetail:[461] :GetLocalInterfaceDetail in
06-04 11:27:35.611 E/nStackXCoAP( 3069): IsInSameNetwork:[281] :IsInSameNetwork: not priority process
06-04 11:27:35.611 D/nStackXCoAP( 3069): ParseServiceDiscover:[330] :new device join
06-04 11:27:35.611 E/nStackXDFinder( 3069): GetLocalIp:[401] :GetLocalIp exec
06-04 11:27:35.687 D/nStackXCoAP( 3069): CoapMessageHandler:[133] :2.01
06-04 11:27:37.057 D/WanClient( 1420): sendHeartMessage
06-04 11:27:37.058 D/WanClient( 1420): -----final------sendMessage: {"type":"2bKPMh2jwmQ="}
06-04 11:27:37.101 D/WanClient( 1420): onMessage:Thread[WebSocketConnectReadThread-73,5,main]--{"msg":"+MSejyjwlbc="}
06-04 11:27:37.104 D/WanClient( 1420): onMessageReceived:Thread[WebSocketConnectReadThread-73,5,main] {"msg":"+MSejyjwlbc="}
06-04 11:27:37.104 D/WanClient( 1420): type: null
06-04 11:27:37.104 D/WanClient( 1420): send:HB7FxtN64oc=
06-04 11:27:37.104 D/WanClient( 1420): leave:uQ3qCmhm4oA=
06-04 11:27:37.104 D/WanClient( 1420): join:7EsoetslBbs=
06-04 11:27:37.104 D/WanClient( 1420): q5TrJmBoEmShmpfjN3vFNg==
06-04 11:27:37.140 D/nStackXCoAP( 3069): IsInSameNetwork:[276] :IsInSameNetwork exec
06-04 11:27:37.140 I/nStackXDFinder( 3069): GetLocalInterfaceDetail:[461] :GetLocalInterfaceDetail in
06-04 11:27:37.140 E/nStackXCoAP( 3069): IsInSameNetwork:[281] :IsInSameNetwork: not priority process
06-04 11:27:37.140 D/nStackXCoAP( 3069): ParseServiceDiscover:[330] :new device join
06-04 11:27:37.140 E/nStackXDFinder( 3069): GetLocalIp:[401] :GetLocalIp exec
06-04 11:27:37.673 D/nStackXCoAP( 3069): IsInSameNetwork:[276] :IsInSameNetwork exec
06-04 11:27:37.674 I/nStackXDFinder( 3069): GetLocalInterfaceDetail:[461] :GetLocalInterfaceDetail in
06-04 11:27:37.674 E/nStackXCoAP( 3069): IsInSameNetwork:[281] :IsInSameNetwork: not priority process
06-04 11:27:37.674 D/nStackXCoAP( 3069): ParseServiceDiscover:[330] :new device join
06-04 11:27:37.674 E/nStackXDFinder( 3069): GetLocalIp:[401] :GetLocalIp exec
06-04 11:27:38.354 I/WifiHAL ( 501): call wifi_get_link_stats handler
06-04 11:27:38.354 I/WifiHAL ( 501): Creating message to get link statistics; iface = 16
06-04 11:27:38.355 D/WifiHAL ( 501): error code -95 mapped to -3
06-04 11:27:38.355 E/WifiStaIfaceAidlImpl( 689): getLinkLayerStats failed with service-specific exception: android.os.ServiceSpecificException: (code 4)
06-04 11:27:41.358 I/WifiHAL ( 501): call wifi_get_link_stats handler
06-04 11:27:41.358 I/WifiHAL ( 501): Creating message to get link statistics; iface = 16
06-04 11:27:41.359 D/WifiHAL ( 501): error code -95 mapped to -3
06-04 11:27:41.359 E/WifiStaIfaceAidlImpl( 689): getLinkLayerStats failed with service-specific exception: android.os.ServiceSpecificException: (code 4)
06-04 11:27:44.364 I/WifiHAL ( 501): call wifi_get_link_stats handler
06-04 11:27:44.364 I/WifiHAL ( 501): Creating message to get link statistics; iface = 16
06-04 11:27:44.364 D/WifiHAL ( 501): error code -95 mapped to -3
06-04 11:27:44.364 E/WifiStaIfaceAidlImpl( 689): getLinkLayerStats failed with service-specific exception: android.os.ServiceSpecificException: (code 4)
06-04 11:27:47.370 I/WifiHAL ( 501): call wifi_get_link_stats handler
06-04 11:27:47.371 I/WifiHAL ( 501): Creating message to get link statistics; iface = 16
06-04 11:27:47.371 D/WifiHAL ( 501): error code -95 mapped to -3
06-04 11:27:47.371 E/WifiStaIfaceAidlImpl( 689): getLinkLayerStats failed with service-specific exception: android.os.ServiceSpecificException: (code 4)
06-04 11:27:49.181 D/TrafficStats( 2930): tagSocket(129) with statsTag=0xffffffff, statsUid=-1
06-04 11:27:50.375 I/WifiHAL ( 501): call wifi_get_link_stats handler
06-04 11:27:50.375 I/WifiHAL ( 501): Creating message to get link statistics; iface = 16
06-04 11:27:50.375 D/WifiHAL ( 501): error code -95 mapped to -3
06-04 11:27:50.375 E/WifiStaIfaceAidlImpl( 689): getLinkLayerStats failed with service-specific exception: android.os.ServiceSpecificException: (code 4)
06-04 11:27:52.293 D/DhcpClient( 991): Received packet: 1c:79:2d:20:62:cb ACK: your new IP /192.168.3.4, netmask /255.255.254.0, gateways [/192.168.3.1] DNS servers: /202.96.134.133 /202.96.128.166 , lease time 3600
06-04 11:27:52.997 D/nStackXCoAP( 3069): IsInSameNetwork:[276] :IsInSameNetwork exec
06-04 11:27:52.997 I/nStackXDFinder( 3069): GetLocalInterfaceDetail:[461] :GetLocalInterfaceDetail in
06-04 11:27:52.998 E/nStackXCoAP( 3069): IsInSameNetwork:[281] :IsInSameNetwork: not priority process
06-04 11:27:52.998 D/nStackXCoAP( 3069): ParseServiceDiscover:[330] :new device join
06-04 11:27:52.998 I/nStackXDFinder( 3069): NotifyDeviceListChanged:[540] :notify callback: device list changed callback is null
06-04 11:27:52.998 E/nStackXDFinder( 3069): GetLocalIp:[401] :GetLocalIp exec
06-04 11:27:53.008 I/audio_hw_hal_alsamgr( 476): alsa format =0x1 delay frames =768 total frames=57573120
06-04 11:27:53.027 D/nStackXCoAP( 3069): IsInSameNetwork:[276] :IsInSameNetwork exec
06-04 11:27:53.027 I/nStackXDFinder( 3069): GetLocalInterfaceDetail:[461] :GetLocalInterfaceDetail in
06-04 11:27:53.027 E/nStackXCoAP( 3069): IsInSameNetwork:[281] :IsInSameNetwork: not priority process
06-04 11:27:53.027 D/nStackXCoAP( 3069): ParseServiceDiscover:[330] :new device join
06-04 11:27:53.027 E/nStackXDFinder( 3069): GetLocalIp:[401] :GetLocalIp exec
06-04 11:27:53.382 I/WifiHAL ( 501): call wifi_get_link_stats handler
06-04 11:27:53.382 I/WifiHAL ( 501): Creating message to get link statistics; iface = 16
06-04 11:27:53.382 D/WifiHAL ( 501): error code -95 mapped to -3
06-04 11:27:53.383 E/WifiStaIfaceAidlImpl( 689): getLinkLayerStats failed with service-specific exception: android.os.ServiceSpecificException: (code 4)
06-04 11:27:53.420 D/nStackXCoAP( 3069): IsInSameNetwork:[276] :IsInSameNetwork exec
06-04 11:27:53.420 I/nStackXDFinder( 3069): GetLocalInterfaceDetail:[461] :GetLocalInterfaceDetail in
06-04 11:27:53.420 E/nStackXCoAP( 3069): IsInSameNetwork:[281] :IsInSameNetwork: not priority process
06-04 11:27:53.420 D/nStackXCoAP( 3069): ParseServiceDiscover:[330] :new device join
06-04 11:27:53.421 E/nStackXDFinder( 3069): GetLocalIp:[401] :GetLocalIp exec
06-04 11:27:53.968 D/nStackXCoAP( 3069): IsInSameNetwork:[276] :IsInSameNetwork exec
06-04 11:27:53.968 I/nStackXDFinder( 3069): GetLocalInterfaceDetail:[461] :GetLocalInterfaceDetail in
06-04 11:27:53.968 E/nStackXCoAP( 3069): IsInSameNetwork:[281] :IsInSameNetwork: not priority process
06-04 11:27:53.968 D/nStackXCoAP( 3069): ParseServiceDiscover:[330] :new device join
06-04 11:27:53.968 E/nStackXDFinder( 3069): GetLocalIp:[401] :GetLocalIp exec
06-04 11:27:54.382 D/nStackXCoAP( 3069): IsInSameNetwork:[276] :IsInSameNetwork exec
06-04 11:27:54.382 I/nStackXDFinder( 3069): GetLocalInterfaceDetail:[461] :GetLocalInterfaceDetail in
06-04 11:27:54.382 E/nStackXCoAP( 3069): IsInSameNetwork:[281] :IsInSameNetwork: not priority process
06-04 11:27:54.382 D/nStackXCoAP( 3069): ParseServiceDiscover:[330] :new device join
06-04 11:27:54.382 E/nStackXDFinder( 3069): GetLocalIp:[401] :GetLocalIp exec
06-04 11:27:54.422 I/UsageStatsService( 689): User[0] Flushing usage stats to disk
06-04 11:27:54.898 D/nStackXCoAP( 3069): IsInSameNetwork:[276] :IsInSameNetwork exec
06-04 11:27:54.898 I/nStackXDFinder( 3069): GetLocalInterfaceDetail:[461] :GetLocalInterfaceDetail in
06-04 11:27:54.898 E/nStackXCoAP( 3069): IsInSameNetwork:[281] :IsInSameNetwork: not priority process
06-04 11:27:54.898 D/nStackXCoAP( 3069): ParseServiceDiscover:[330] :new device join
06-04 11:27:54.898 E/nStackXDFinder( 3069): GetLocalIp:[401] :GetLocalIp exec
06-04 11:27:55.797 D/DhcpClient( 991): Received packet: 1c:79:2d:20:62:cb ACK: your new IP /192.168.3.4, netmask /255.255.254.0, gateways [/192.168.3.1] DNS servers: /202.96.134.133 /202.96.128.166 , lease time 3600
06-04 11:27:56.016 D/hdmicecd( 487): [CEC]:printCecMsgBuf, msg: 04 8f
06-04 11:27:56.017 D/HDMI ( 689): [R]: 04:8F
06-04 11:27:56.018 D/HDMI ( 689): [S]: 40:90:00
06-04 11:27:56.128 D/hdmicecd( 487): [CEC]:printCecMessage, [4 -> 0] len: 2, body: 90 00, result:success
06-04 11:27:56.128 E/IPCThreadState( 487): binder thread pool (1 threads) starved for 110 ms
06-04 11:27:56.386 I/WifiHAL ( 501): call wifi_get_link_stats handler
06-04 11:27:56.386 I/WifiHAL ( 501): Creating message to get link statistics; iface = 16
06-04 11:27:56.387 D/WifiHAL ( 501): error code -95 mapped to -3
06-04 11:27:56.387 E/WifiStaIfaceAidlImpl( 689): getLinkLayerStats failed with service-specific exception: android.os.ServiceSpecificException: (code 4)
06-04 11:27:56.570 D/nStackXCoAP( 3069): IsInSameNetwork:[276] :IsInSameNetwork exec
06-04 11:27:56.571 I/nStackXDFinder( 3069): GetLocalInterfaceDetail:[461] :GetLocalInterfaceDetail in
06-04 11:27:56.571 E/nStackXCoAP( 3069): IsInSameNetwork:[281] :IsInSameNetwork: not priority process
06-04 11:27:56.571 D/nStackXCoAP( 3069): ParseServiceDiscover:[330] :new device join
06-04 11:27:56.571 E/nStackXDFinder( 3069): GetLocalIp:[401] :GetLocalIp exec
06-04 11:27:57.056 D/WanClient( 1420): sendHeartMessage
06-04 11:27:57.057 D/WanClient( 1420): -----final------sendMessage: {"type":"2bKPMh2jwmQ="}
06-04 11:27:57.096 D/WanClient( 1420): onMessage:Thread[WebSocketConnectReadThread-73,5,main]--{"msg":"+MSejyjwlbc="}
06-04 11:27:57.099 D/WanClient( 1420): onMessageReceived:Thread[WebSocketConnectReadThread-73,5,main] {"msg":"+MSejyjwlbc="}
06-04 11:27:57.099 D/WanClient( 1420): type: null
06-04 11:27:57.099 D/WanClient( 1420): send:HB7FxtN64oc=
06-04 11:27:57.099 D/WanClient( 1420): leave:uQ3qCmhm4oA=
06-04 11:27:57.099 D/WanClient( 1420): join:7EsoetslBbs=
06-04 11:27:57.099 D/WanClient( 1420): q5TrJmBoEmShmpfjN3vFNg==
06-04 11:27:57.158 D/nStackXCoAP( 3069): IsInSameNetwork:[276] :IsInSameNetwork exec
06-04 11:27:57.158 I/nStackXDFinder( 3069): GetLocalInterfaceDetail:[461] :GetLocalInterfaceDetail in
06-04 11:27:57.158 E/nStackXCoAP( 3069): IsInSameNetwork:[281] :IsInSameNetwork: not priority process
06-04 11:27:57.158 D/nStackXCoAP( 3069): ParseServiceDiscover:[330] :new device join
06-04 11:27:57.158 E/nStackXDFinder( 3069): GetLocalIp:[401] :GetLocalIp exec
06-04 11:27:57.457 D/nStackXCoAP( 3069): IsInSameNetwork:[276] :IsInSameNetwork exec
06-04 11:27:57.457 I/nStackXDFinder( 3069): GetLocalInterfaceDetail:[461] :GetLocalInterfaceDetail in
06-04 11:27:57.457 E/nStackXCoAP( 3069): IsInSameNetwork:[281] :IsInSameNetwork: not priority process
06-04 11:27:57.457 D/nStackXCoAP( 3069): ParseServiceDiscover:[330] :new device join
06-04 11:27:57.457 E/nStackXDFinder( 3069): GetLocalIp:[401] :GetLocalIp exec
06-04 11:27:58.917 D/nStackXCoAP( 3069): IsInSameNetwork:[276] :IsInSameNetwork exec
06-04 11:27:58.917 I/nStackXDFinder( 3069): GetLocalInterfaceDetail:[461] :GetLocalInterfaceDetail in
06-04 11:27:58.917 E/nStackXCoAP( 3069): IsInSameNetwork:[281] :IsInSameNetwork: not priority process
06-04 11:27:58.917 D/nStackXCoAP( 3069): ParseServiceDiscover:[330] :new device join
06-04 11:27:58.917 E/nStackXDFinder( 3069): GetLocalIp:[401] :GetLocalIp exec
06-04 11:27:59.324 D/DhcpClient( 991): Received packet: 1c:79:2d:20:62:cb ACK: your new IP /192.168.3.4, netmask /255.255.254.0, gateways [/192.168.3.1] DNS servers: /202.96.134.133 /202.96.128.166 , lease time 3600
06-04 11:27:59.390 I/WifiHAL ( 501): call wifi_get_link_stats handler
06-04 11:27:59.391 I/WifiHAL ( 501): Creating message to get link statistics; iface = 16
06-04 11:27:59.391 D/WifiHAL ( 501): error code -95 mapped to -3
06-04 11:27:59.391 E/WifiStaIfaceAidlImpl( 689): getLinkLayerStats failed with service-specific exception: android.os.ServiceSpecificException: (code 4)
06-04 11:27:59.895 D/nStackXCoAP( 3069): IsInSameNetwork:[276] :IsInSameNetwork exec
06-04 11:27:59.895 I/nStackXDFinder( 3069): GetLocalInterfaceDetail:[461] :GetLocalInterfaceDetail in
06-04 11:27:59.895 E/nStackXCoAP( 3069): IsInSameNetwork:[281] :IsInSameNetwork: not priority process
06-04 11:27:59.895 D/nStackXCoAP( 3069): ParseServiceDiscover:[330] :new device join
06-04 11:27:59.895 E/nStackXDFinder( 3069): GetLocalIp:[401] :GetLocalIp exec
06-04 11:28:00.062 D/nStackXCoAP( 3069): IsInSameNetwork:[276] :IsInSameNetwork exec
06-04 11:28:00.062 I/nStackXDFinder( 3069): GetLocalInterfaceDetail:[461] :GetLocalInterfaceDetail in
06-04 11:28:00.062 E/nStackXCoAP( 3069): IsInSameNetwork:[281] :IsInSameNetwork: not priority process
06-04 11:28:00.062 D/nStackXCoAP( 3069): ParseServiceDiscover:[330] :new device join
06-04 11:28:00.062 E/nStackXDFinder( 3069): GetLocalIp:[401] :GetLocalIp exec
06-04 11:28:00.411 D/nStackXCoAP( 3069): IsInSameNetwork:[276] :IsInSameNetwork exec
06-04 11:28:00.411 I/nStackXDFinder( 3069): GetLocalInterfaceDetail:[461] :GetLocalInterfaceDetail in
06-04 11:28:00.411 E/nStackXCoAP( 3069): IsInSameNetwork:[281] :IsInSameNetwork: not priority process
06-04 11:28:00.411 D/nStackXCoAP( 3069): ParseServiceDiscover:[330] :new device join
06-04 11:28:00.411 E/nStackXDFinder( 3069): GetLocalIp:[401] :GetLocalIp exec
06-04 11:28:00.680 I/WifiService( 689): startScan uid=1000
06-04 11:28:00.682 E/ccc ( 6878): cccccc i will start scan
06-04 11:28:00.691 D/InstantWifi( 689): Drop, size: 1
06-04 11:28:01.022 D/nStackXCoAP( 3069): IsInSameNetwork:[276] :IsInSameNetwork exec
06-04 11:28:01.022 I/nStackXDFinder( 3069): GetLocalInterfaceDetail:[461] :GetLocalInterfaceDetail in
06-04 11:28:01.022 E/nStackXCoAP( 3069): IsInSameNetwork:[281] :IsInSameNetwork: not priority process
06-04 11:28:01.022 D/nStackXCoAP( 3069): ParseServiceDiscover:[330] :new device join
06-04 11:28:01.022 E/nStackXDFinder( 3069): GetLocalIp:[401] :GetLocalIp exec
06-04 11:28:01.656 I//apex/com.android.adbd/bin/adbd( 1357): type=1400 audit(0.0:1805): avc: denied { search } for comm=75736220666673206F70656E name="/" dev="functionfs" ino=23303 scontext=u:r:su:s0 tcontext=u:object_r:functionfs:s0 tclass=dir permissive=1
06-04 11:28:01.744 I/cling--ap-22( 2930): type=1400 audit(0.0:1806): avc: denied { search } for name="net" dev="sysfs" ino=12344 scontext=u:r:untrusted_app_27:s0:c43,c256,c512,c768 tcontext=u:object_r:sysfs_net:s0 tclass=dir permissive=1 app=com.dangbei.screencast
06-04 11:28:02.394 I/WifiHAL ( 501): call wifi_get_link_stats handler
06-04 11:28:02.395 I/WifiHAL ( 501): Creating message to get link statistics; iface = 16
06-04 11:28:02.395 D/WifiHAL ( 501): error code -95 mapped to -3
06-04 11:28:02.395 E/WifiStaIfaceAidlImpl( 689): getLinkLayerStats failed with service-specific exception: android.os.ServiceSpecificException: (code 4)
06-04 11:28:02.656 I/UsbFfs-monitor( 1357): type=1400 audit(0.0:1807): avc: denied { use } for path="anon_inode:[eventfd]" dev="anon_inodefs" ino=10204 scontext=u:r:su:s0 tcontext=u:r:adbd:s0 tclass=fd permissive=1
06-04 11:28:02.951 D/nStackXCoAP( 3069): IsInSameNetwork:[276] :IsInSameNetwork exec
06-04 11:28:02.951 I/nStackXDFinder( 3069): GetLocalInterfaceDetail:[461] :GetLocalInterfaceDetail in
06-04 11:28:02.951 E/nStackXCoAP( 3069): IsInSameNetwork:[281] :IsInSameNetwork: not priority process
06-04 11:28:02.951 D/nStackXCoAP( 3069): ParseServiceDiscover:[330] :new device join
06-04 11:28:02.952 E/nStackXDFinder( 3069): GetLocalIp:[401] :GetLocalIp exec
06-04 11:28:03.142 D/nStackXCoAP( 3069): CoapMessageHandler:[133] :2.01
06-04 11:28:03.142 D/nStackXCoAP( 3069): CoapMessageHandler:[133] :2.01
06-04 11:28:03.367 D/WifiNl80211Manager( 689): Scan result ready event
06-04 11:28:03.368 D/WifiNative( 689): Scan result ready event
06-04 11:28:03.419 E/ccc ( 6878): cccccc SCAN_RESULTS_AVAILABLE_ACTION hhhh
06-04 11:28:03.419 E/hq ( 1441): NetWorkStateReceiver:::NetWorkStateReceiver onReceive: 网络变化广播 >>>> intent.action=android.net.wifi.SCAN_RESULTS
06-04 11:28:03.424 I/WifiHAL ( 501): call wifi_get_link_stats handler
06-04 11:28:03.424 I/WifiHAL ( 501): Creating message to get link statistics; iface = 16
06-04 11:28:03.424 D/WifiHAL ( 501): error code -95 mapped to -3
06-04 11:28:03.425 E/WifiStaIfaceAidlImpl( 689): getLinkLayerStats failed with service-specific exception: android.os.ServiceSpecificException: (code 4)
06-04 11:28:03.438 W/eventbuscore( 1441): post Event:com.dangbei.leard.base.entity.event.NetWifiRssiEvent
06-04 11:28:03.442 E/ccc ( 6878): cccccc result is not empty call back
06-04 11:28:03.442 E/ccc ( 6878): cccccc 666666666666666
06-04 11:28:03.453 D/nStackXCoAP( 3069): IsInSameNetwork:[276] :IsInSameNetwork exec
06-04 11:28:03.453 I/nStackXDFinder( 3069): GetLocalInterfaceDetail:[461] :GetLocalInterfaceDetail in
06-04 11:28:03.453 E/nStackXCoAP( 3069): IsInSameNetwork:[281] :IsInSameNetwork: not priority process
06-04 11:28:03.453 D/nStackXCoAP( 3069): ParseServiceDiscover:[330] :new device join
06-04 11:28:03.453 E/nStackXDFinder( 3069): GetLocalIp:[401] :GetLocalIp exec
06-04 11:28:03.458 E/ccc ( 6878): cccccc sort 2 45
06-04 11:28:03.501 W/System ( 939): A resource failed to call release.
06-04 11:28:03.501 W/System ( 939): A resource failed to call release.
06-04 11:28:03.501 W/System ( 939): A resource failed to call release.
06-04 11:28:03.501 W/System ( 939): A resource failed to call release.
06-04 11:28:03.501 W/System ( 939): A resource failed to call release.
06-04 11:28:03.501 W/System ( 939): A resource failed to call release.
06-04 11:28:05.401 I/WifiHAL ( 501): call wifi_get_link_stats handler
06-04 11:28:05.401 I/WifiHAL ( 501): Creating message to get link statistics; iface = 16
06-04 11:28:05.401 D/WifiHAL ( 501): error code -95 mapped to -3
06-04 11:28:05.402 E/WifiStaIfaceAidlImpl( 689): getLinkLayerStats failed with service-specific exception: android.os.ServiceSpecificException: (code 4)
06-04 11:28:05.856 I/adbd ( 1357): type=1400 audit(0.0:1808): avc: denied { read } for path="socket:[126820]" dev="sockfs" ino=126820 scontext=u:r:su:s0 tcontext=u:r:su:s0 tclass=tcp_socket permissive=1
06-04 11:28:05.860 I/adbd ( 7278): type=1400 audit(0.0:1809): avc: denied { execute } for name="sh" dev="dm-8" ino=19226003 scontext=u:r:su:s0 tcontext=u:object_r:shell_exec:s0 tclass=file permissive=1
06-04 11:28:05.860 I/adbd ( 7278): type=1400 audit(0.0:1810): avc: denied { read open } for path="/system/bin/sh" dev="dm-8" ino=19226003 scontext=u:r:su:s0 tcontext=u:object_r:shell_exec:s0 tclass=file permissive=1
06-04 11:28:05.860 I/adbd ( 7278): type=1400 audit(0.0:1811): avc: denied { execute_no_trans } for path="/system/bin/sh" dev="dm-8" ino=19226003 scontext=u:r:su:s0 tcontext=u:object_r:shell_exec:s0 tclass=file permissive=1
06-04 11:28:05.860 I/sh ( 7278): type=1400 audit(0.0:1812): avc: denied { map } for path="/system/bin/sh" dev="dm-8" ino=19226003 scontext=u:r:su:s0 tcontext=u:object_r:shell_exec:s0 tclass=file permissive=1
06-04 11:28:05.860 I/adbd ( 1357): type=1400 audit(0.0:1813): avc: denied { write } for path="socket:[126820]" dev="sockfs" ino=126820 scontext=u:r:su:s0 tcontext=u:r:su:s0 tclass=tcp_socket permissive=1
06-04 11:28:05.864 I/sh ( 7278): type=1400 audit(0.0:1814): avc: denied { getattr } for path="/system/bin/sh" dev="dm-8" ino=19226003 scontext=u:r:su:s0 tcontext=u:object_r:shell_exec:s0 tclass=file permissive=1
06-04 11:28:05.880 I/sh ( 7278): type=1400 audit(0.0:1815): avc: denied { write search } for name="tmp" dev="dm-50" ino=98 scontext=u:r:su:s0 tcontext=u:object_r:shell_data_file:s0 tclass=dir permissive=1
06-04 11:28:05.880 I/sh ( 7278): type=1400 audit(0.0:1816): avc: denied { getattr } for path="/data/local/tmp" dev="dm-50" ino=98 scontext=u:r:su:s0 tcontext=u:object_r:shell_data_file:s0 tclass=dir permissive=1
06-04 11:28:07.611 D/nStackXCoAP( 3069): CoapMessageHandler:[133] :2.01
06-04 11:28:07.954 D/nStackXCoAP( 3069): CoapMessageHandler:[133] :2.01
06-04 11:28:08.407 I/WifiHAL ( 501): call wifi_get_link_stats handler
06-04 11:28:08.407 I/WifiHAL ( 501): Creating message to get link statistics; iface = 16
06-04 11:28:08.407 D/WifiHAL ( 501): error code -95 mapped to -3
06-04 11:28:08.407 E/WifiStaIfaceAidlImpl( 689): getLinkLayerStats failed with service-specific exception: android.os.ServiceSpecificException: (code 4)
06-04 11:28:09.576 I/binder:458_3( 458): type=1400 audit(0.0:1824): avc: denied { add_name } for name="globalAlert" scontext=u:r:netd:s0 tcontext=u:object_r:proc_net:s0 tclass=dir permissive=1
06-04 11:28:11.414 I/WifiHAL ( 501): call wifi_get_link_stats handler
06-04 11:28:11.414 I/WifiHAL ( 501): Creating message to get link statistics; iface = 16
06-04 11:28:11.414 D/WifiHAL ( 501): error code -95 mapped to -3
06-04 11:28:11.415 E/WifiStaIfaceAidlImpl( 689): getLinkLayerStats failed with service-specific exception: android.os.ServiceSpecificException: (code 4)
06-04 11:28:14.419 I/WifiHAL ( 501): call wifi_get_link_stats handler
06-04 11:28:14.419 I/WifiHAL ( 501): Creating message to get link statistics; iface = 16
06-04 11:28:14.419 D/WifiHAL ( 501): error code -95 mapped to -3
06-04 11:28:14.419 E/WifiStaIfaceAidlImpl( 689): getLinkLayerStats failed with service-specific exception: android.os.ServiceSpecificException: (code 4)
06-04 11:28:17.056 D/WanClient( 1420): sendHeartMessage
06-04 11:28:17.058 D/WanClient( 1420): -----final------sendMessage: {"type":"2bKPMh2jwmQ="}
06-04 11:28:17.126 D/WanClient( 1420): onMessage:Thread[WebSocketConnectReadThread-73,5,main]--{"msg":"+MSejyjwlbc="}
06-04 11:28:17.129 D/WanClient( 1420): onMessageReceived:Thread[WebSocketConnectReadThread-73,5,main] {"msg":"+MSejyjwlbc="}
06-04 11:28:17.129 D/WanClient( 1420): type: null
06-04 11:28:17.129 D/WanClient( 1420): send:HB7FxtN64oc=
06-04 11:28:17.129 D/WanClient( 1420): leave:uQ3qCmhm4oA=
06-04 11:28:17.129 D/WanClient( 1420): join:7EsoetslBbs=
06-04 11:28:17.129 D/WanClient( 1420): q5TrJmBoEmShmpfjN3vFNg==
06-04 11:28:17.426 I/WifiHAL ( 501): call wifi_get_link_stats handler
06-04 11:28:17.426 I/WifiHAL ( 501): Creating message to get link statistics; iface = 16
06-04 11:28:17.426 D/WifiHAL ( 501): error code -95 mapped to -3
06-04 11:28:17.427 E/WifiStaIfaceAidlImpl( 689): getLinkLayerStats failed with service-specific exception: android.os.ServiceSpecificException: (code 4)
06-04 11:28:19.029 D/XM_HIDREAD( 1961): poll ret=1, event=1
06-04 11:28:19.029 D/XM_HIDREAD( 1961): [9 bytes]:01 00 00 52 00 00 00 00 00
06-04 11:28:19.034 D/audioserver( 521): logFgsApiBegin: FGS Logger Transaction failed, -129
06-04 11:28:19.035 I/audio_hw_hal_primary( 476): out_update_source_metadata_v7() line 2013 usage:1 content_type:2
06-04 11:28:19.036 I/SogouIME( 1440): onKeyDown: keyoCode=19
06-04 11:28:19.036 D/audio_hw_hal_ms12v2( 476): set_dolby_ms12_continuous_state audio_continuous_standby_set status 0
06-04 11:28:19.036 D/audio_hw_hal_continuous_standby( 476): audio_continuous_standby_set, type 0, params 0
06-04 11:28:19.036 I/audio_hw_hal_ms12common( 476): aml_set_ms12_scheduler_state ms12_scheduler_state:0, sch_state:0 SCHEDULER_RUNNING is sent to ms12
06-04 11:28:19.036 I/DefaultIMS( 1440): onKeyDown: keyoCode=19
06-04 11:28:19.036 I/audio_hw_hal_primary( 476): [mixer_aux_buffer_write:7017] io 13: out:0xf07c5650 usecase:PCM_NORMAL standby to unstandby
06-04 11:28:19.036 E/audio_hw_hal_virtualbuf( 476): ms12 system input underrun happens read=201143843304 write=8575999866 diff=192567843438
06-04 11:28:19.045 D/audioserver( 521): logFgsApiBegin: FGS Logger Transaction failed, -129
06-04 11:28:19.059 I/audio_hw_hal_stream( 476): aml_stream_out_info_print: out:0xf07c5650, stream_type:pcm, sync_mode:non tunnel, input_size:31883264 bytes
06-04 11:28:19.059 I/audio_hw_hal_stream( 476): aml_stream_out_info_print: last_time:1047112 ms (sec:1047, nsec:112888914), last_position:165884 ms (7962448), cur_time:1239807 ms (sec:1239, nsec:807278548), cur_position:165969 ms (7966544)
06-04 11:28:19.059 I/audio_hw_hal_stream( 476): aml_stream_out_info_print: time_gap:192695 ms (thr:100 ms), position_gap:85 ms, delay:89 ms, jitter: Position gap is behind system time gap by 192610 ms (thr:100 ms)
06-04 11:28:19.059 I/audio_hw_hal_primary( 476): out_update_source_metadata_v7() line 2013 usage:1 content_type:2
06-04 11:28:19.180 I/audio_hw_hal_primary( 476): [audiohal_get_latency:1333] io 13: out:0xf07c5650 frames:1152 rate:48000 whole_latency:24 alsa_latency:24
06-04 11:28:19.180 I/audio_hw_hal_primary( 476): [audiohal_get_latency:1333] io 13: out:0xf07c5650 frames:1152 rate:48000 whole_latency:24 alsa_latency:24
06-04 11:28:19.202 I/audio_hw_hal_primary( 476): [audiohal_get_latency:1333] io 13: out:0xf07c5650 frames:1152 rate:48000 whole_latency:24 alsa_latency:24
06-04 11:28:19.202 I/audio_hw_hal_primary( 476): [audiohal_get_latency:1333] io 13: out:0xf07c5650 frames:1152 rate:48000 whole_latency:24 alsa_latency:24
06-04 11:28:19.209 D/XM_HIDREAD( 1961): poll ret=1, event=1
06-04 11:28:19.209 D/XM_HIDREAD( 1961): [9 bytes]:01 00 00 00 00 00 00 00 00
06-04 11:28:19.212 I/SogouIME( 1440): onKeyUp: keyoCode=19
06-04 11:28:19.212 I/DefaultIMS( 1440): onKeyUp: keyoCode=19
06-04 11:28:19.219 I/audio_hw_hal_primary( 476): [audiohal_get_latency:1333] io 13: out:0xf07c5650 frames:1152 rate:48000 whole_latency:24 alsa_latency:24
06-04 11:28:19.219 I/audio_hw_hal_primary( 476): [audiohal_get_latency:1333] io 13: out:0xf07c5650 frames:1152 rate:48000 whole_latency:24 alsa_latency:24
06-04 11:28:19.240 I/audio_hw_hal_primary( 476): [audiohal_get_latency:1333] io 13: out:0xf07c5650 frames:1152 rate:48000 whole_latency:24 alsa_latency:24
06-04 11:28:19.240 I/audio_hw_hal_primary( 476): [audiohal_get_latency:1333] io 13: out:0xf07c5650 frames:1152 rate:48000 whole_latency:24 alsa_latency:24
06-04 11:28:19.259 I/audio_hw_hal_primary( 476): [audiohal_get_latency:1333] io 13: out:0xf07c5650 frames:1024 rate:48000 whole_latency:21 alsa_latency:21
06-04 11:28:19.260 I/audio_hw_hal_primary( 476): [audiohal_get_latency:1333] io 13: out:0xf07c5650 frames:1280 rate:48000 whole_latency:26 alsa_latency:26
06-04 11:28:19.281 I/audio_hw_hal_primary( 476): [audiohal_get_latency:1333] io 13: out:0xf07c5650 frames:1280 rate:48000 whole_latency:26 alsa_latency:26
06-04 11:28:19.281 I/audio_hw_hal_primary( 476): [audiohal_get_latency:1333] io 13: out:0xf07c5650 frames:1280 rate:48000 whole_latency:26 alsa_latency:26
06-04 11:28:19.282 D/audioserver( 521): logFgsApiEnd: FGS Logger Transaction failed, -129
06-04 11:28:19.283 D/audioserver( 521): logFgsApiEnd: FGS Logger Transaction failed, -129
06-04 11:28:19.320 I//apex/com.android.adbd/bin/adbd( 1357): type=1400 audit(0.0:1825): avc: denied { connectto } for comm=75736220666673206F70656E path="/dev/socket/property_service" scontext=u:r:su:s0 tcontext=u:r:init:s0 tclass=unix_stream_socket permissive=1
06-04 11:28:19.969 D/XM_HIDREAD( 1961): poll ret=1, event=1
06-04 11:28:19.969 D/XM_HIDREAD( 1961): [9 bytes]:01 00 00 52 00 00 00 00 00
06-04 11:28:19.976 D/audioserver( 521): logFgsApiBegin: FGS Logger Transaction failed, -129
06-04 11:28:19.977 I/SogouIME( 1440): onKeyDown: keyoCode=19
06-04 11:28:19.978 I/DefaultIMS( 1440): onKeyDown: keyoCode=19
06-04 11:28:19.982 I/audio_hw_hal_primary( 476): out_update_source_metadata_v7() line 2013 usage:1 content_type:2
06-04 11:28:19.989 D/audioserver( 521): logFgsApiBegin: FGS Logger Transaction failed, -129
06-04 11:28:20.023 I/audio_hw_hal_primary( 476): out_update_source_metadata_v7() line 2013 usage:1 content_type:2
06-04 11:28:20.042 I/audio_hw_hal_alsamgr( 476): alsa format =0x1 delay frames =1024 total frames=58869760
06-04 11:28:20.108 D/XM_HIDREAD( 1961): poll ret=1, event=1
06-04 11:28:20.108 D/XM_HIDREAD( 1961): [9 bytes]:01 00 00 00 00 00 00 00 00
06-04 11:28:20.112 I/SogouIME( 1440): onKeyUp: keyoCode=19
06-04 11:28:20.112 I/DefaultIMS( 1440): onKeyUp: keyoCode=19
06-04 11:28:20.148 I/audio_hw_hal_primary( 476): [audiohal_get_latency:1333] io 13: out:0xf07c5650 frames:1152 rate:48000 whole_latency:24 alsa_latency:24
06-04 11:28:20.148 I/audio_hw_hal_primary( 476): [audiohal_get_latency:1333] io 13: out:0xf07c5650 frames:1152 rate:48000 whole_latency:24 alsa_latency:24
06-04 11:28:20.170 I/audio_hw_hal_primary( 476): [audiohal_get_latency:1333] io 13: out:0xf07c5650 frames:1024 rate:48000 whole_latency:21 alsa_latency:21
06-04 11:28:20.170 I/audio_hw_hal_primary( 476): [audiohal_get_latency:1333] io 13: out:0xf07c5650 frames:1024 rate:48000 whole_latency:21 alsa_latency:21
06-04 11:28:20.185 D/BluetoothAdapterService( 4734): cancelDiscovery
06-04 11:28:20.185 I/bt_btif_dm( 4734): packages/modules/Bluetooth/system/btif/src/btif_dm.cc:2470 btif_dm_cancel_discovery: Cancel search
06-04 11:28:20.185 I/bluetooth( 4734): packages/modules/Bluetooth/system/bta/dm/bta_dm_main.cc:96 bta_dm_search_sm_execute: state:BTA_DM_SEARCH_IDLE, event:BTA_DM_API_SEARCH_CANCEL_EVT[0x201]
06-04 11:28:20.190 I/audio_hw_hal_primary( 476): [audiohal_get_latency:1333] io 13: out:0xf07c5650 frames:1152 rate:48000 whole_latency:24 alsa_latency:24
06-04 11:28:20.190 I/audio_hw_hal_primary( 476): [audiohal_get_latency:1333] io 13: out:0xf07c5650 frames:1152 rate:48000 whole_latency:24 alsa_latency:24
06-04 11:28:20.212 I/audio_hw_hal_primary( 476): [audiohal_get_latency:1333] io 13: out:0xf07c5650 frames:1152 rate:48000 whole_latency:24 alsa_latency:24
06-04 11:28:20.212 I/audio_hw_hal_primary( 476): [audiohal_get_latency:1333] io 13: out:0xf07c5650 frames:1024 rate:48000 whole_latency:21 alsa_latency:21
06-04 11:28:20.233 I/audio_hw_hal_primary( 476): [audiohal_get_latency:1333] io 13: out:0xf07c5650 frames:1152 rate:48000 whole_latency:24 alsa_latency:24
06-04 11:28:20.233 I/audio_hw_hal_primary( 476): [audiohal_get_latency:1333] io 13: out:0xf07c5650 frames:1152 rate:48000 whole_latency:24 alsa_latency:24
06-04 11:28:20.255 I/audio_hw_hal_primary( 476): [audiohal_get_latency:1333] io 13: out:0xf07c5650 frames:1024 rate:48000 whole_latency:21 alsa_latency:21
06-04 11:28:20.255 I/audio_hw_hal_primary( 476): [audiohal_get_latency:1333] io 13: out:0xf07c5650 frames:1024 rate:48000 whole_latency:21 alsa_latency:21
06-04 11:28:20.276 I/audio_hw_hal_primary( 476): [audiohal_get_latency:1333] io 13: out:0xf07c5650 frames:1152 rate:48000 whole_latency:24 alsa_latency:24
06-04 11:28:20.276 I/audio_hw_hal_primary( 476): [audiohal_get_latency:1333] io 13: out:0xf07c5650 frames:1152 rate:48000 whole_latency:24 alsa_latency:24
06-04 11:28:20.297 I/audio_hw_hal_primary( 476): [audiohal_get_latency:1333] io 13: out:0xf07c5650 frames:1024 rate:48000 whole_latency:21 alsa_latency:21
06-04 11:28:20.298 I/audio_hw_hal_primary( 476): [audiohal_get_latency:1333] io 13: out:0xf07c5650 frames:1024 rate:48000 whole_latency:21 alsa_latency:21
06-04 11:28:20.318 I/audio_hw_hal_primary( 476): [audiohal_get_latency:1333] io 13: out:0xf07c5650 frames:1152 rate:48000 whole_latency:24 alsa_latency:24
06-04 11:28:20.318 I/audio_hw_hal_primary( 476): [audiohal_get_latency:1333] io 13: out:0xf07c5650 frames:1152 rate:48000 whole_latency:24 alsa_latency:24
06-04 11:28:20.319 D/audioserver( 521): logFgsApiEnd: FGS Logger Transaction failed, -129
06-04 11:28:20.320 D/audioserver( 521): logFgsApiEnd: FGS Logger Transaction failed, -129
06-04 11:28:20.433 I/WifiHAL ( 501): call wifi_get_link_stats handler
06-04 11:28:20.434 I/WifiHAL ( 501): Creating message to get link statistics; iface = 16
06-04 11:28:20.434 D/WifiHAL ( 501): error code -95 mapped to -3
06-04 11:28:20.434 E/WifiStaIfaceAidlImpl( 689): getLinkLayerStats failed with service-specific exception: android.os.ServiceSpecificException: (code 4)
06-04 11:28:20.968 D/XM_HIDREAD( 1961): poll ret=1, event=1
06-04 11:28:20.969 D/XM_HIDREAD( 1961): [9 bytes]:01 00 00 52 00 00 00 00 00
06-04 11:28:20.975 D/audioserver( 521): logFgsApiBegin: FGS Logger Transaction failed, -129
06-04 11:28:20.976 I/audio_hw_hal_primary( 476): out_update_source_metadata_v7() line 2013 usage:1 content_type:2
06-04 11:28:20.978 I/SogouIME( 1440): onKeyDown: keyoCode=19
06-04 11:28:20.978 I/DefaultIMS( 1440): onKeyDown: keyoCode=19
06-04 11:28:20.987 D/audioserver( 521): logFgsApiBegin: FGS Logger Transaction failed, -129
06-04 11:28:21.002 I/audio_hw_hal_primary( 476): out_update_source_metadata_v7() line 2013 usage:1 content_type:2
06-04 11:28:21.089 D/XM_HIDREAD( 1961): poll ret=1, event=1
06-04 11:28:21.089 D/XM_HIDREAD( 1961): [9 bytes]:01 00 00 00 00 00 00 00 00
06-04 11:28:21.093 I/SogouIME( 1440): onKeyUp: keyoCode=19
06-04 11:28:21.093 I/DefaultIMS( 1440): onKeyUp: keyoCode=19
06-04 11:28:21.114 D/TrafficStats( 2930): tagSocket(168) with statsTag=0xffffffff, statsUid=-1
06-04 11:28:21.129 I/audio_hw_hal_primary( 476): [audiohal_get_latency:1333] io 13: out:0xf07c5650 frames:1152 rate:48000 whole_latency:24 alsa_latency:24
06-04 11:28:21.129 I/audio_hw_hal_primary( 476): [audiohal_get_latency:1333] io 13: out:0xf07c5650 frames:1152 rate:48000 whole_latency:24 alsa_latency:24
06-04 11:28:21.153 I/audio_hw_hal_primary( 476): [audiohal_get_latency:1333] io 13: out:0xf07c5650 frames:1280 rate:48000 whole_latency:26 alsa_latency:26
06-04 11:28:21.153 I/audio_hw_hal_primary( 476): [audiohal_get_latency:1333] io 13: out:0xf07c5650 frames:1280 rate:48000 whole_latency:26 alsa_latency:26
06-04 11:28:21.172 I/audio_hw_hal_primary( 476): [audiohal_get_latency:1333] io 13: out:0xf07c5650 frames:1152 rate:48000 whole_latency:24 alsa_latency:24
06-04 11:28:21.172 I/audio_hw_hal_primary( 476): [audiohal_get_latency:1333] io 13: out:0xf07c5650 frames:1152 rate:48000 whole_latency:24 alsa_latency:24
06-04 11:28:21.186 E/ccc ( 1420): cccccc current is 4k (59.94 Hz)
06-04 11:28:21.194 I/audio_hw_hal_primary( 476): [audiohal_get_latency:1333] io 13: out:0xf07c5650 frames:1024 rate:48000 whole_latency:21 alsa_latency:21
06-04 11:28:21.194 I/audio_hw_hal_primary( 476): [audiohal_get_latency:1333] io 13: out:0xf07c5650 frames:1024 rate:48000 whole_latency:21 alsa_latency:21
06-04 11:28:21.205 E/ccc ( 1420): cccccc ColorFormatManager reset
06-04 11:28:21.206 D/MesonDisplayServer( 287): use connector getDisplayAttribute "HDR Priority": "268435472"
06-04 11:28:21.206 I/SystemControl( 318): [/DisplayMode.cpp, getCurrentHdrPriority, 2840] getCurrentHdrPriority is [0x10000010]
06-04 11:28:21.207 V/MesonDisplayServer( 287): GetDisplayMode:2160p60hz
06-04 11:28:21.209 D/MesonDisplayServer( 287): use connector getDisplayAttribute "HDR Priority": "268435472"
06-04 11:28:21.209 I/SystemControl( 318): [/DisplayMode.cpp, getCurrentHdrPriority, 2840] getCurrentHdrPriority is [0x10000010]
06-04 11:28:21.212 V/MesonDisplayServer( 287): GetDisplayMode:2160p60hz
06-04 11:28:21.213 D/MesonDisplay( 287): meson_write /sys/class/amhdmitx/amhdmitx0/valid_mode, outputmode:2160p60hz420,12bit
06-04 11:28:21.213 D/MesonDisplay( 287): valid mode is true!
06-04 11:28:21.213 D/MesonDisplay( 287): meson_write /sys/class/amhdmitx/amhdmitx0/valid_mode, outputmode:2160p60hz420,10bit
06-04 11:28:21.213 D/MesonDisplay( 287): valid mode is true!
06-04 11:28:21.213 D/MesonDisplay( 287): meson_write /sys/class/amhdmitx/amhdmitx0/valid_mode, outputmode:2160p60hz420,8bit
06-04 11:28:21.213 D/MesonDisplay( 287): valid mode is true!
06-04 11:28:21.213 D/MesonDisplay( 287): meson_write /sys/class/amhdmitx/amhdmitx0/valid_mode, outputmode:2160p60hz444,12bit
06-04 11:28:21.213 D/MesonDisplay( 287): valid mode is false!
06-04 11:28:21.213 D/MesonDisplay( 287): meson_write /sys/class/amhdmitx/amhdmitx0/valid_mode, outputmode:2160p60hz444,10bit
06-04 11:28:21.213 D/MesonDisplay( 287): valid mode is false!
06-04 11:28:21.213 D/MesonDisplay( 287): meson_write /sys/class/amhdmitx/amhdmitx0/valid_mode, outputmode:2160p60hz444,8bit
06-04 11:28:21.213 D/MesonDisplay( 287): valid mode is true!
06-04 11:28:21.213 D/MesonDisplay( 287): meson_write /sys/class/amhdmitx/amhdmitx0/valid_mode, outputmode:2160p60hz422,12bit
06-04 11:28:21.214 D/MesonDisplay( 287): valid mode is true!
06-04 11:28:21.214 D/MesonDisplay( 287): meson_write /sys/class/amhdmitx/amhdmitx0/valid_mode, outputmode:2160p60hzrgb,12bit
06-04 11:28:21.214 D/MesonDisplay( 287): valid mode is false!
06-04 11:28:21.214 D/MesonDisplay( 287): meson_write /sys/class/amhdmitx/amhdmitx0/valid_mode, outputmode:2160p60hzrgb,10bit
06-04 11:28:21.214 D/MesonDisplay( 287): valid mode is false!
06-04 11:28:21.214 D/MesonDisplay( 287): meson_write /sys/class/amhdmitx/amhdmitx0/valid_mode, outputmode:2160p60hzrgb,8bit
06-04 11:28:21.214 D/MesonDisplay( 287): valid mode is true!
06-04 11:28:21.214 I/MesonHwc( 287): [/ModePolicy.cpp, getCurrentSupportDeepColor, 736] getCurrentSupportDeepColor current mode: 2160p60hz supported color: 420,12bit
06-04 11:28:21.214 I/MesonHwc( 287): 420,10bit
06-04 11:28:21.214 I/MesonHwc( 287): 420,8bit
06-04 11:28:21.214 I/MesonHwc( 287): 444,8bit
06-04 11:28:21.214 I/MesonHwc( 287): 422,12bit
06-04 11:28:21.214 I/MesonHwc( 287): rgb,8bit
06-04 11:28:21.214 I/audio_hw_hal_primary( 476): [audiohal_get_latency:1333] io 13: out:0xf07c5650 frames:1152 rate:48000 whole_latency:24 alsa_latency:24
06-04 11:28:21.215 I/audio_hw_hal_primary( 476): [audiohal_get_latency:1333] io 13: out:0xf07c5650 frames:1152 rate:48000 whole_latency:24 alsa_latency:24
06-04 11:28:21.219 V/MesonDisplayServer( 287): GetDisplayMode:2160p60hz
06-04 11:28:21.220 D/MesonDisplayServer( 287): use connector getDisplayAttribute "HDMI Color ATTR": "420,10bit"
06-04 11:28:21.220 I/SystemControl( 318): [/DisplayMode.cpp, getDeepColorAttr, 2290] getDeepColorAttr colorspace:420,10bit
06-04 11:28:21.220 I/SystemControl( 318): get deep color attr mode 2160p60hz, value 420,10bit
06-04 11:28:21.221 E/ccc ( 1420): cccccc ColorHelper current get YCbCr 4:2:0 10-bit
06-04 11:28:21.236 I/audio_hw_hal_primary( 476): [audiohal_get_latency:1333] io 13: out:0xf07c5650 frames:1024 rate:48000 whole_latency:21 alsa_latency:21
06-04 11:28:21.238 I/audio_hw_hal_primary( 476): [audiohal_get_latency:1333] io 13: out:0xf07c5650 frames:1280 rate:48000 whole_latency:26 alsa_latency:26
06-04 11:28:21.257 I/audio_hw_hal_primary( 476): [audiohal_get_latency:1333] io 13: out:0xf07c5650 frames:1152 rate:48000 whole_latency:24 alsa_latency:24
06-04 11:28:21.257 I/audio_hw_hal_primary( 476): [audiohal_get_latency:1333] io 13: out:0xf07c5650 frames:1152 rate:48000 whole_latency:24 alsa_latency:24
06-04 11:28:21.279 I/audio_hw_hal_primary( 476): [audiohal_get_latency:1333] io 13: out:0xf07c5650 frames:1152 rate:48000 whole_latency:24 alsa_latency:24
06-04 11:28:21.279 I/audio_hw_hal_primary( 476): [audiohal_get_latency:1333] io 13: out:0xf07c5650 frames:1024 rate:48000 whole_latency:21 alsa_latency:21
06-04 11:28:21.300 I/audio_hw_hal_primary( 476): [audiohal_get_latency:1333] io 13: out:0xf07c5650 frames:1152 rate:48000 whole_latency:24 alsa_latency:24
06-04 11:28:21.300 I/audio_hw_hal_primary( 476): [audiohal_get_latency:1333] io 13: out:0xf07c5650 frames:1152 rate:48000 whole_latency:24 alsa_latency:24
06-04 11:28:21.300 D/audioserver( 521): logFgsApiEnd: FGS Logger Transaction failed, -129
06-04 11:28:21.304 D/audioserver( 521): logFgsApiEnd: FGS Logger Transaction failed, -129
06-04 11:28:21.712 D/TrafficStats( 2930): tagSocket(169) with statsTag=0xffffffff, statsUid=-1
06-04 11:28:21.848 D/XM_HIDREAD( 1961): poll ret=1, event=1
06-04 11:28:21.849 D/XM_HIDREAD( 1961): [9 bytes]:01 00 00 51 00 00 00 00 00
06-04 11:28:21.854 D/audioserver( 521): logFgsApiBegin: FGS Logger Transaction failed, -129
06-04 11:28:21.855 I/audio_hw_hal_primary( 476): out_update_source_metadata_v7() line 2013 usage:1 content_type:2
06-04 11:28:21.856 I/SogouIME( 1440): onKeyDown: keyoCode=20
06-04 11:28:21.856 I/DefaultIMS( 1440): onKeyDown: keyoCode=20
06-04 11:28:21.864 D/audioserver( 521): logFgsApiBegin: FGS Logger Transaction failed, -129
