06-04 11:05:43.970 D/ActivityManagerTiming( 689): OnBootPhase_1000_com.android.server.display.color.ColorDisplayService
06-04 11:05:43.970 D/ActivityManagerTiming( 689): OnBootPhase_1000_com.android.server.job.JobSchedulerService
06-04 11:05:43.970 D/ActivityManagerTiming( 689): OnBootPhase_1000_com.android.server.soundtrigger.SoundTriggerService
06-04 11:05:43.971 D/SoundTriggerService( 689): onBootPhase: 1000 : false
06-04 11:05:43.971 D/ActivityManagerTiming( 689): OnBootPhase_1000_com.android.server.trust.TrustManagerService
06-04 11:05:43.971 D/ActivityManagerTiming( 689): OnBootPhase_1000_com.android.server.backup.BackupManagerService$Lifecycle
06-04 11:05:43.971 D/ActivityManagerTiming( 689): OnBootPhase_1000_com.android.server.appwidget.AppWidgetService
06-04 11:05:43.971 D/ActivityManagerTiming( 689): OnBootPhase_1000_com.android.server.voiceinteraction.VoiceInteractionManagerService
06-04 11:05:43.971 D/ActivityManagerTiming( 689): OnBootPhase_1000_com.android.server.GestureLauncherService
06-04 11:05:43.971 D/ActivityManagerTiming( 689): OnBootPhase_1000_com.android.server.SensorNotificationService
06-04 11:05:43.976 D/CompatibilityChangeReporter( 689): Compat change id reported: 168936375; UID 1000; state: DISABLED
06-04 11:05:43.976 D/CompatibilityChangeReporter( 689): Compat change id reported: 168936375; UID 1000; state: ENABLED
06-04 11:05:43.984 D/CompatibilityChangeReporter( 689): Compat change id reported: 73144566; UID 1000; state: DISABLED
06-04 11:05:43.984 D/CompatibilityChangeReporter( 689): Compat change id reported: 73144566; UID 1000; state: ENABLED
06-04 11:05:43.986 D/ActivityManagerTiming( 689): OnBootPhase_1000_com.android.server.emergency.EmergencyAffordanceService
06-04 11:05:43.986 D/ActivityManagerTiming( 689): OnBootPhase_1000_com.android.server.blob.BlobStoreManagerService
06-04 11:05:43.989 W/Looper ( 689): Slow dispatch took 150ms main h=android.app.ActivityThread$H c=android.app.LoadedApk$ReceiverDispatcher$Args$$ExternalSyntheticLambda0@1c5482f m=0
06-04 11:05:43.993 D/ActivityManagerTiming( 689): OnBootPhase_1000_com.android.server.dreams.DreamManagerService
06-04 11:05:43.993 D/ActivityManagerTiming( 689): OnBootPhase_1000_com.android.server.security.AttestationVerificationManagerService
06-04 11:05:43.993 D/ActivityManagerTiming( 689): OnBootPhase_1000_com.android.server.restrictions.RestrictionsManagerService
06-04 11:05:43.993 D/ActivityManagerTiming( 689): OnBootPhase_1000_com.android.server.media.MediaSessionService
06-04 11:05:43.993 D/HDMI ( 689): [R]: 04:8C
06-04 11:05:43.995 D/ActivityManagerTiming( 689): OnBootPhase_1000_com.android.server.hdmi.HdmiControlService
06-04 11:05:43.995 D/ActivityManagerTiming( 689): OnBootPhase_1000_com.android.server.tv.interactive.TvInteractiveAppManagerService
06-04 11:05:43.995 D/ActivityManagerTiming( 689): OnBootPhase_1000_com.android.server.tv.TvInputManagerService
06-04 11:05:43.995 D/ActivityManagerTiming( 689): OnBootPhase_1000_com.android.server.media.MediaResourceMonitorService
06-04 11:05:43.995 D/ActivityManagerTiming( 689): OnBootPhase_1000_com.android.server.tv.TvRemoteService
06-04 11:05:43.995 D/ActivityManagerTiming( 689): OnBootPhase_1000_com.android.server.biometrics.BiometricService
06-04 11:05:43.995 D/ActivityManagerTiming( 689): OnBootPhase_1000_com.android.server.biometrics.AuthService
06-04 11:05:43.995 D/ActivityManagerTiming( 689): OnBootPhase_1000_com.android.server.pm.ShortcutService$Lifecycle
06-04 11:05:43.995 D/ActivityManagerTiming( 689): OnBootPhase_1000_com.android.server.pm.LauncherAppsService
06-04 11:05:43.995 D/ActivityManagerTiming( 689): OnBootPhase_1000_com.android.server.pm.CrossProfileAppsService
06-04 11:05:43.995 D/ActivityManagerTiming( 689): OnBootPhase_1000_com.android.server.people.PeopleService
06-04 11:05:43.995 D/ActivityManagerTiming( 689): OnBootPhase_1000_com.android.server.media.metrics.MediaMetricsManagerService
06-04 11:05:43.995 D/ActivityManagerTiming( 689): OnBootPhase_1000_com.android.server.pm.BackgroundInstallControlService
06-04 11:05:43.995 D/ActivityManagerTiming( 689): OnBootPhase_1000_com.android.server.media.projection.MediaProjectionManagerService
06-04 11:05:43.995 D/ActivityManagerTiming( 689): OnBootPhase_1000_com.android.server.slice.SliceManagerService$Lifecycle
06-04 11:05:43.995 D/ActivityManagerTiming( 689): OnBootPhase_1000_com.android.server.stats.StatsCompanion$Lifecycle
06-04 11:05:43.995 D/ActivityManagerTiming( 689): OnBootPhase_1000_com.android.server.scheduling.RebootReadinessManagerService$Lifecycle
06-04 11:05:43.995 D/ActivityManagerTiming( 689): OnBootPhase_1000_com.android.server.stats.pull.StatsPullAtomService
06-04 11:05:43.995 D/ActivityManagerTiming( 689): OnBootPhase_1000_com.android.server.stats.bootstrap.StatsBootstrapAtomService$Lifecycle
06-04 11:05:43.995 D/ActivityManagerTiming( 689): OnBootPhase_1000_com.android.server.incident.IncidentCompanionService
06-04 11:05:43.996 D/ActivityManagerTiming( 689): OnBootPhase_1000_com.android.server.sdksandbox.SdkSandboxManagerService$Lifecycle
06-04 11:05:43.996 D/ActivityManagerTiming( 689): OnBootPhase_1000_com.android.server.adservices.AdServicesManagerService$Lifecycle
06-04 11:05:43.996 D/ActivityManagerTiming( 689): OnBootPhase_1000_com.android.server.ondevicepersonalization.OnDevicePersonalizationSystemService$Lifecycle
06-04 11:05:43.997 D/ActivityManagerTiming( 689): OnBootPhase_1000_com.android.server.autofill.AutofillManagerService
06-04 11:05:43.997 D/ActivityManagerTiming( 689): OnBootPhase_1000_com.android.server.clipboard.ClipboardService
06-04 11:05:43.997 D/ActivityManagerTiming( 689): OnBootPhase_1000_com.android.server.appbinding.AppBindingService$Lifecycle
06-04 11:05:43.997 D/ActivityManagerTiming( 689): OnBootPhase_1000_com.android.server.tracing.TracingServiceProxy
06-04 11:05:43.997 D/ActivityManagerTiming( 689): OnBootPhase_1000_com.android.server.policy.PermissionPolicyService
06-04 11:05:43.997 D/ActivityManagerTiming( 689): OnBootPhase_1000_com.android.server.pm.StagingManager$Lifecycle
06-04 11:05:44.003 D/ActivityManagerTiming( 689): OnBootPhase_1000_com.android.server.app.GameManagerService$Lifecycle
06-04 11:05:44.003 D/GameManagerService( 689): onBootCompleted
06-04 11:05:44.003 V/GameManagerService( 689): Game loading power mode OFF (game manager service start/restart)
06-04 11:05:44.004 V/GameManagerService( 689): Game power mode OFF (game manager service start/restart)
06-04 11:05:44.006 D/ActivityManagerTiming( 689): OnBootPhase_1000_com.android.safetycenter.SafetyCenterService
06-04 11:05:44.006 D/ActivityManagerTiming( 689): OnBootPhase_1000_com.android.server.appsearch.AppSearchModule$Lifecycle
06-04 11:05:44.006 D/ActivityManagerTiming( 689): OnBootPhase_1000_com.android.server.media.MediaCommunicationService
06-04 11:05:44.006 D/ActivityManagerTiming( 689): OnBootPhase_1000_com.android.server.compat.overrides.AppCompatOverridesService$Lifecycle
06-04 11:05:44.006 D/ActivityManagerTiming( 689): OnBootPhase_1000_com.android.server.healthconnect.HealthConnectManagerService
06-04 11:05:44.006 D/ActivityManagerTiming( 689): OnBootPhase_1000_com.android.server.devicelock.DeviceLockService
06-04 11:05:44.007 D/DeviceLockService( 689): onBootPhase: 1000
06-04 11:05:44.007 V/ActivityManagerTiming( 689): TotalBootTime took to complete: 10222ms
06-04 11:05:44.007 D/SystemServerInitThreadPool( 689): Shutdown requested
06-04 11:05:44.007 D/SystemServerTiming( 689): WaitInitThreadPoolShutdown
06-04 11:05:44.007 D/HDMI ( 689): [R]: 04:90:00
06-04 11:05:44.008 D/HDMI ( 689): queryDisplayStatus status=0
06-04 11:05:44.009 D/AudioService( 689): onStatusChange cecEnabled:true available:true
06-04 11:05:44.009 D/HDMI ( 689): queryDisplayStatus status=0
06-04 11:05:44.009 D/AudioService( 689): onStatusChange cecEnabled:true available:true
06-04 11:05:44.011 D/SystemServerInitThreadPool( 689): Shutdown successful
06-04 11:05:44.011 I/HDMI ( 689): screen state is changing to 0
06-04 11:05:44.011 D/HDMI ( 689): [S]: 4F:87:1C:A4:10
06-04 11:05:44.015 I/ActivityManager( 689): User 0 state changed from BOOTING to RUNNING_LOCKED
06-04 11:05:44.018 I/LockSettingsService( 689): Unwrapping synthetic password for unsecured user 0
06-04 11:05:44.037 D/vold ( 248): fscrypt_unlock_user_key 0 serial=0
06-04 11:05:44.037 D/vold ( 248): Trying user CE key /data/misc/vold/user_keys/ce/0/current
06-04 11:05:44.039 D/vold ( 248): Successfully retrieved key
06-04 11:05:44.039 E/SettingsState( 689): Failed to write settings, restoring old file
06-04 11:05:44.039 E/SettingsState( 689): java.io.SyncFailedException: sync failed
06-04 11:05:44.039 E/SettingsState( 689): at java.io.FileDescriptor.sync(Native Method)
06-04 11:05:44.039 E/SettingsState( 689): at com.android.providers.settings.SettingsState.doWriteState(SettingsState.java:925)
06-04 11:05:44.039 E/SettingsState( 689): at com.android.providers.settings.SettingsState.-$$Nest$mdoWriteState(SettingsState.java:0)
06-04 11:05:44.039 E/SettingsState( 689): at com.android.providers.settings.SettingsState$MyHandler.handleMessage(SettingsState.java:1279)
06-04 11:05:44.039 E/SettingsState( 689): at android.os.Handler.dispatchMessage(Handler.java:106)
06-04 11:05:44.039 E/SettingsState( 689): at android.os.Looper.loopOnce(Looper.java:205)
06-04 11:05:44.039 E/SettingsState( 689): at android.os.Looper.loop(Looper.java:294)
06-04 11:05:44.039 E/SettingsState( 689): at android.os.HandlerThread.run(HandlerThread.java:67)
06-04 11:05:44.040 D/vold ( 248): Installed fscrypt key with ref 4ad71dafdc41d44ea7b663abc8d54483 to /data
06-04 11:05:44.040 D/vold ( 248): Added fscrypt-provisioning key for 4ad71dafdc41d44ea7b663abc8d54483 to session keyring
06-04 11:05:44.040 D/vold ( 248): Installed ce key for user 0
06-04 11:05:44.041 I/LockSettingsService( 689): Unlocked CE storage for unsecured user 0
06-04 11:05:44.041 D/SystemServerTiming( 689): finishUserUnlocking-0
06-04 11:05:44.041 D/ActivityManager( 689): Started unlocking user 0
06-04 11:05:44.041 D/ActivityManager( 689): Unlocking user 0 progress 0
06-04 11:05:44.041 D/ActivityManager( 689): Unlocking user 0 progress 5
06-04 11:05:44.043 D/SystemServerTiming( 689): UM.onBeforeUnlockUser-0
06-04 11:05:44.043 D/SystemServerTiming( 689): prepareUserData-0
06-04 11:05:44.043 D/vold ( 248): fscrypt_prepare_user_storage for volume null, user 0, serial 0, flags 2
06-04 11:05:44.043 D/vold ( 248): Preparing: /data/system_ce/0
06-04 11:05:44.044 I/vold ( 248): Verified that /data/system_ce/0 has the encryption policy 4ad71dafdc41d44ea7b663abc8d54483 v2 modes 1/4 flags 0xa
06-04 11:05:44.044 D/vold ( 248): Preparing: /data/vendor_ce/0
06-04 11:05:44.045 I/vold ( 248): Verified that /data/vendor_ce/0 has the encryption policy 4ad71dafdc41d44ea7b663abc8d54483 v2 modes 1/4 flags 0xa
06-04 11:05:44.045 D/vold ( 248): Preparing: /data/media/0
06-04 11:05:44.046 D/CompatibilityChangeReporter( 689): Compat change id reported: 261072174; UID 1000; state: ENABLED
06-04 11:05:44.051 I/vold ( 248): Verified that /data/media/0 has the encryption policy 4ad71dafdc41d44ea7b663abc8d54483 v2 modes 1/4 flags 0xa
06-04 11:05:44.051 D/vold ( 248): Preparing: /data/misc_ce/0
06-04 11:05:44.052 I/vold ( 248): Verified that /data/misc_ce/0 has the encryption policy 4ad71dafdc41d44ea7b663abc8d54483 v2 modes 1/4 flags 0xa
06-04 11:05:44.052 D/vold ( 248): Preparing: /data/user/0
06-04 11:05:44.053 I/vold ( 248): Verified that /data/user/0 has the encryption policy 4ad71dafdc41d44ea7b663abc8d54483 v2 modes 1/4 flags 0xa
06-04 11:05:44.053 D/vold ( 248): Starting restorecon of /data/system_ce/0
06-04 11:05:44.055 W/BroadcastLoopers( 689): Found previously unknown looper Thread[BluetoothManagerService,5,main]
06-04 11:05:44.055 V/WindowManager( 689): app ------------- force_land :0
06-04 11:05:44.056 V/WindowManager( 689): app ------------- force_land :0
06-04 11:05:44.056 D/ColorDisplayService( 689): setUp: currentUser=0
06-04 11:05:44.062 D/vold ( 248): Finished restorecon of /data/system_ce/0
06-04 11:05:44.063 D/vold ( 248): Starting restorecon of /data/vendor_ce/0
06-04 11:05:44.063 D/HdmiControlService( 689): Switching to full volume behavior
06-04 11:05:44.074 D/vold ( 248): Finished restorecon of /data/vendor_ce/0
06-04 11:05:44.074 D/vold ( 248): Starting restorecon of /data/misc_ce/0
06-04 11:05:44.081 D/vold ( 248): Finished restorecon of /data/misc_ce/0
06-04 11:05:44.081 D/vold ( 248): /system/bin/vold_prepare_subdirs
06-04 11:05:44.081 D/vold ( 248): prepare
06-04 11:05:44.081 D/vold ( 248):
06-04 11:05:44.081 D/vold ( 248): 0
06-04 11:05:44.081 D/vold ( 248): 2
06-04 11:05:44.083 I/ActivityManager( 689): com.android.devicelockcontroller is exempt from freezer
06-04 11:05:44.083 D/CompatibilityChangeReporter( 689): Compat change id reported: 135634846; UID 10070; state: DISABLED
06-04 11:05:44.084 D/CompatibilityChangeReporter( 689): Compat change id reported: 177438394; UID 10070; state: DISABLED
06-04 11:05:44.084 D/CompatibilityChangeReporter( 689): Compat change id reported: 135772972; UID 10070; state: DISABLED
06-04 11:05:44.084 D/CompatibilityChangeReporter( 689): Compat change id reported: 135754954; UID 10070; state: ENABLED
06-04 11:05:44.085 D/CompatibilityChangeReporter( 689): Compat change id reported: 143937733; UID 10070; state: ENABLED
06-04 11:05:44.108 I/ActivityManager( 689): Start proc 1336:com.android.devicelockcontroller/u0a70 for broadcast {com.android.devicelockcontroller/com.android.devicelockcontroller.receivers.LockedBootCompletedReceiver}
06-04 11:05:44.137 I/HdmiControlService( 689): bootCompleted
06-04 11:05:44.139 W/Looper ( 689): Drained
06-04 11:05:44.154 D/CompatibilityChangeReporter( 689): Compat change id reported: 168419799; UID 10070; state: DISABLED
06-04 11:05:44.154 D/CompatibilityChangeReporter( 689): Compat change id reported: 273564678; UID 10070; state: DISABLED
06-04 11:05:44.163 D/CompatibilityChangeReporter( 689): Compat change id reported: 265195908; UID 10070; state: ENABLED
06-04 11:05:44.178 D/CompatibilityChangeReporter( 689): Compat change id reported: 170503758; UID 10070; state: ENABLED
06-04 11:05:44.345 W/NotificationHistory( 689): Attempted to add notif for locked/gone/disabled user 0
06-04 11:05:44.389 V/UserDataPreparer( 689): Found /data/user/0 with serial number 0
06-04 11:05:44.389 V/UserDataPreparer( 689): Found /data/system_ce/0 with serial number 0
06-04 11:05:44.390 D/UserDataPreparer( 689): Setting property: sys.user.0.ce_available=true
06-04 11:05:44.391 D/SystemServerTiming( 689): reconcileAppsData-0
06-04 11:05:44.391 V/PackageManager( 689): reconcileAppsData for null u0 0x2 migrateAppData=false
06-04 11:05:44.394 W/PackageManager( 689): Skipping preparing app data for com.android.configinfrastructure
06-04 11:05:44.394 W/PackageManager( 689): Skipping preparing app data for com.android.appsearch
06-04 11:05:44.395 W/PackageManager( 689): Skipping preparing app data for com.android.adservices
06-04 11:05:44.395 W/PackageManager( 689): Skipping preparing app data for com.android.scheduling
06-04 11:05:44.395 W/PackageManager( 689): Skipping preparing app data for com.google.android.widevine.nonupdatable
06-04 11:05:44.395 W/PackageManager( 689): Skipping preparing app data for com.android.permission
06-04 11:05:44.396 W/PackageManager( 689): Skipping preparing app data for com.android.art
06-04 11:05:44.396 W/PackageManager( 689): Skipping preparing app data for com.android.uwb
06-04 11:05:44.396 W/PackageManager( 689): Skipping preparing app data for com.android.tethering
06-04 11:05:44.396 W/PackageManager( 689): Skipping preparing app data for com.android.btservices
06-04 11:05:44.396 W/PackageManager( 689): Skipping preparing app data for com.android.media.swcodec
06-04 11:05:44.396 W/PackageManager( 689): Skipping preparing app data for com.android.conscrypt
06-04 11:05:44.396 W/PackageManager( 689): Skipping preparing app data for com.android.adbd
06-04 11:05:44.396 W/PackageManager( 689): Skipping preparing app data for com.android.i18n
06-04 11:05:44.396 W/PackageManager( 689): Skipping preparing app data for com.android.rkpd
06-04 11:05:44.396 W/PackageManager( 689): Skipping preparing app data for com.android.virt
06-04 11:05:44.397 W/PackageManager( 689): Skipping preparing app data for com.android.wifi
06-04 11:05:44.397 W/PackageManager( 689): Skipping preparing app data for com.android.runtime
06-04 11:05:44.397 W/PackageManager( 689): Skipping preparing app data for com.android.devicelock
06-04 11:05:44.397 W/PackageManager( 689): Skipping preparing app data for com.android.apex.cts.shim
06-04 11:05:44.397 W/PackageManager( 689): Skipping preparing app data for com.android.neuralnetworks
06-04 11:05:44.397 W/PackageManager( 689): Skipping preparing app data for com.android.healthfitness
06-04 11:05:44.397 W/PackageManager( 689): Skipping preparing app data for com.android.resolv
06-04 11:05:44.397 W/PackageManager( 689): Skipping preparing app data for com.android.sdkext
06-04 11:05:44.397 W/PackageManager( 689): Skipping preparing app data for com.android.tzdata
06-04 11:05:44.397 W/PackageManager( 689): Skipping preparing app data for com.android.vndk.v34
06-04 11:05:44.397 W/PackageManager( 689): Skipping preparing app data for com.android.os.statsd
06-04 11:05:44.397 W/PackageManager( 689): Skipping preparing app data for com.android.extservices
06-04 11:05:44.397 W/PackageManager( 689): Skipping preparing app data for com.amlogic.mediaextractor
06-04 11:05:44.397 W/PackageManager( 689): Skipping preparing app data for com.android.ipsec
06-04 11:05:44.397 W/PackageManager( 689): Skipping preparing app data for com.android.media
06-04 11:05:44.397 W/PackageManager( 689): Skipping preparing app data for com.android.sdksandbox
06-04 11:05:44.398 W/PackageManager( 689): Skipping preparing app data for com.android.mediaprovider
06-04 11:05:44.399 W/PackageManager( 689): Skipping preparing app data for com.android.ondevicepersonalization
06-04 11:05:44.400 I/DeviceLockControllerApplication( 1336): onCreate
06-04 11:05:44.408 I/DeviceStateControllerImpl( 1336): Starting state is 0
06-04 11:05:44.412 I/UserRestrictionsPolicyHandler( 1336): Build type DEBUG = false
06-04 11:05:44.438 D/CompatibilityChangeReporter( 689): Compat change id reported: 261072174; UID 10070; state: ENABLED
06-04 11:05:44.442 I/DlcClient( 1336): Binding com.android.devicelockcontroller/.storage.SetupParametersService
06-04 11:05:44.454 I/DeviceLockControllerApplication( 1336): Policies enforced
06-04 11:05:44.456 D/HdmiCecController( 689): [P]:AllocatedAddress=[0]
06-04 11:05:44.458 D/HDMI ( 689): [S]: 40:83
06-04 11:05:44.579 V/PackageManager( 689): reconcileAppsData finished 142 packages
06-04 11:05:44.580 I/ActivityManager( 689): User 0 state changed from RUNNING_LOCKED to RUNNING_UNLOCKING
06-04 11:05:44.581 D/ActivityManager( 689): Unlocking user 0 progress 20
06-04 11:05:44.581 W/Looper ( 689): Slow dispatch took 538ms android.fg h=android.os.Handler c=com.android.server.am.UserController$$ExternalSyntheticLambda2@cdf5a86 m=0
06-04 11:05:44.581 W/Looper ( 689): Slow delivery took 539ms android.fg h=android.os.Handler c=com.android.server.am.UserController$$ExternalSyntheticLambda9@2528f47 m=0
06-04 11:05:44.581 D/SystemServerTimingAsync( 689): ssm.UnlockingUser-0
06-04 11:05:44.581 I/SystemServiceManager( 689): Calling onUnlockingUser 0
06-04 11:05:44.581 D/SystemServerTimingAsync( 689): ssm.onUnlockingUser-0_com.android.server.security.FileIntegrityService
06-04 11:05:44.582 D/SystemServerTimingAsync( 689): ssm.onUnlockingUser-0_com.android.server.pm.Installer
06-04 11:05:44.582 D/SystemServerTimingAsync( 689): ssm.onUnlockingUser-0_com.android.server.os.DeviceIdentifiersPolicyService
06-04 11:05:44.582 D/SystemServerTimingAsync( 689): ssm.onUnlockingUser-0_com.android.server.flags.FeatureFlagsService
06-04 11:05:44.582 D/SystemServerTimingAsync( 689): ssm.onUnlockingUser-0_com.android.server.uri.UriGrantsManagerService$Lifecycle
06-04 11:05:44.582 D/SystemServerTimingAsync( 689): ssm.onUnlockingUser-0_com.android.server.powerstats.PowerStatsService
06-04 11:05:44.582 D/SystemServerTimingAsync( 689): ssm.onUnlockingUser-0_com.android.server.permission.access.AccessCheckingService
06-04 11:05:44.582 D/SystemServerTimingAsync( 689): ssm.onUnlockingUser-0_com.android.server.wm.ActivityTaskManagerService$Lifecycle
06-04 11:05:44.582 D/SystemServerTimingAsync( 689): ssm.onUnlockingUser-0_com.android.server.am.ActivityManagerService$Lifecycle
06-04 11:05:44.582 D/SystemServerTimingAsync( 689): ssm.onUnlockingUser-0_com.android.server.pm.DataLoaderManagerService
06-04 11:05:44.582 D/SystemServerTimingAsync( 689): ssm.onUnlockingUser-0_com.android.server.power.PowerManagerService
06-04 11:05:44.582 D/SystemServerTimingAsync( 689): ssm.onUnlockingUser-0_com.android.server.power.ThermalManagerService
06-04 11:05:44.582 D/SystemServerTimingAsync( 689): ssm.onUnlockingUser-0_com.android.server.power.hint.HintManagerService
06-04 11:05:44.582 D/SystemServerTimingAsync( 689): ssm.onUnlockingUser-0_com.android.server.recoverysystem.RecoverySystemService$Lifecycle
06-04 11:05:44.582 D/SystemServerTimingAsync( 689): ssm.onUnlockingUser-0_com.android.server.lights.LightsService
06-04 11:05:44.582 D/SystemServerTimingAsync( 689): ssm.onUnlockingUser-0_com.android.server.display.DisplayManagerService
06-04 11:05:44.582 D/SystemServerTimingAsync( 689): ssm.onUnlockingUser-0_com.android.server.pm.verify.domain.DomainVerificationService
06-04 11:05:44.582 D/SystemServerTimingAsync( 689): ssm.onUnlockingUser-0_com.android.server.pm.PackageInstallerService$Lifecycle
06-04 11:05:44.582 D/SystemServerTimingAsync( 689): ssm.onUnlockingUser-0_com.android.server.pm.UserManagerService$LifeCycle
06-04 11:05:44.582 D/SystemServerTimingAsync( 689): ssm.onUnlockingUser-0_com.android.server.om.OverlayManagerService
06-04 11:05:44.582 D/SystemServerTimingAsync( 689): ssm.onUnlockingUser-0_com.android.server.resources.ResourcesManagerService
06-04 11:05:44.582 D/SystemServerTimingAsync( 689): ssm.onUnlockingUser-0_com.android.server.sensorprivacy.SensorPrivacyService
06-04 11:05:44.582 D/SystemServerTimingAsync( 689): ssm.onUnlockingUser-0_com.android.server.sensors.SensorService
06-04 11:05:44.582 D/SystemServerTimingAsync( 689): ssm.onUnlockingUser-0_com.android.server.SystemConfigService
06-04 11:05:44.582 D/SystemServerTimingAsync( 689): ssm.onUnlockingUser-0_com.android.server.BatteryService
06-04 11:05:44.582 D/SystemServerTimingAsync( 689): ssm.onUnlockingUser-0_com.android.server.usage.UsageStatsService
06-04 11:05:44.582 D/SystemServerTimingAsync( 689): ssm.onUnlockingUser-0_com.android.server.webkit.WebViewUpdateService
06-04 11:05:44.582 D/SystemServerTimingAsync( 689): ssm.onUnlockingUser-0_com.android.server.CachedDeviceStateService
06-04 11:05:44.582 D/SystemServerTimingAsync( 689): ssm.onUnlockingUser-0_com.android.server.BinderCallsStatsService$LifeCycle
06-04 11:05:44.582 D/SystemServerTimingAsync( 689): ssm.onUnlockingUser-0_com.android.server.LooperStatsService$Lifecycle
06-04 11:05:44.582 D/SystemServerTimingAsync( 689): ssm.onUnlockingUser-0_com.android.server.rollback.RollbackManagerService
06-04 11:05:44.583 D/SystemServerTimingAsync( 689): ssm.onUnlockingUser-0_com.android.server.os.NativeTombstoneManagerService
06-04 11:05:44.583 D/SystemServerTimingAsync( 689): ssm.onUnlockingUser-0_com.android.server.os.BugreportManagerService
06-04 11:05:44.583 D/SystemServerTimingAsync( 689): ssm.onUnlockingUser-0_com.android.server.gpu.GpuService
06-04 11:05:44.583 D/SystemServerTimingAsync( 689): ssm.onUnlockingUser-0_com.android.server.security.rkp.RemoteProvisioningService
06-04 11:05:44.583 D/SystemServerTimingAsync( 689): ssm.onUnlockingUser-0_com.android.server.security.KeyChainSystemService
06-04 11:05:44.583 D/SystemServerTimingAsync( 689): ssm.onUnlockingUser-0_com.android.server.BinaryTransparencyService
06-04 11:05:44.583 D/SystemServerTimingAsync( 689): ssm.onUnlockingUser-0_com.android.server.accounts.AccountManagerService$Lifecycle
06-04 11:05:44.583 D/SystemServerTimingAsync( 689): ssm.onUnlockingUser-0_com.android.server.content.ContentService$Lifecycle
06-04 11:05:44.583 D/SystemServerTimingAsync( 689): ssm.onUnlockingUser-0_com.android.server.deviceconfig.DeviceConfigInit$Lifecycle
06-04 11:05:44.583 D/SystemServerTimingAsync( 689): ssm.onUnlockingUser-0_com.android.server.DropBoxManagerService
06-04 11:05:44.583 D/SystemServerTimingAsync( 689): ssm.onUnlockingUser-0_com.android.role.RoleService
06-04 11:05:44.583 D/SystemServerTimingAsync( 689): ssm.onUnlockingUser-0_com.android.server.vibrator.VibratorManagerService$Lifecycle
06-04 11:05:44.583 D/SystemServerTimingAsync( 689): ssm.onUnlockingUser-0_com.android.server.tare.InternalResourceService
06-04 11:05:44.583 I/BroadcastQueue( 689): BOOT_COMPLETED_BROADCAST_COMPLETION_LATENCY_REPORTED action:android.intent.action.LOCKED_BOOT_COMPLETED dispatchLatency:32 completeLatency:566 dispatchRealLatency:32 completeRealLatency:566 receiversSize:4 userId:0 userType:android.os.usertype.full.SYSTEM
06-04 11:05:44.583 D/SystemServerTimingAsync( 689): ssm.onUnlockingUser-0_com.android.server.alarm.AlarmManagerService
06-04 11:05:44.583 D/SystemServerTimingAsync( 689): ssm.onUnlockingUser-0_com.android.server.devicestate.DeviceStateManagerService
06-04 11:05:44.583 D/SystemServerTimingAsync( 689): ssm.onUnlockingUser-0_com.android.server.camera.CameraServiceProxy
06-04 11:05:44.583 D/SystemServerTimingAsync( 689): ssm.onUnlockingUser-0_com.android.server.bluetooth.BluetoothService
06-04 11:05:44.584 D/SystemServerTimingAsync( 689): ssm.onUnlockingUser-0_com.android.server.connectivity.IpConnectivityMetrics
06-04 11:05:44.584 D/SystemServerTimingAsync( 689): ssm.onUnlockingUser-0_com.android.server.net.watchlist.NetworkWatchlistService$Lifecycle
06-04 11:05:44.584 D/SystemServerTimingAsync( 689): ssm.onUnlockingUser-0_com.android.server.PinnerService
06-04 11:05:44.584 D/SystemServerTimingAsync( 689): ssm.onUnlockingUser-0_com.android.server.integrity.AppIntegrityManagerService
06-04 11:05:44.584 W/Looper ( 689): Drained
06-04 11:05:44.585 D/SystemServerTimingAsync( 689): ssm.onUnlockingUser-0_com.android.server.logcat.LogcatManagerService
06-04 11:05:44.585 D/SystemServerTimingAsync( 689): ssm.onUnlockingUser-0_com.android.server.inputmethod.InputMethodManagerService$Lifecycle
06-04 11:05:44.585 D/SystemServerTimingAsync( 689): ssm.onUnlockingUser-0_com.android.server.accessibility.AccessibilityManagerService$Lifecycle
06-04 11:05:44.585 D/SystemServerTimingAsync( 689): ssm.onUnlockingUser-0_com.android.server.StorageManagerService$Lifecycle
06-04 11:05:44.585 D/StorageManagerService( 689): onUnlockUser 0
06-04 11:05:44.585 I/StorageSessionController( 689): On user unlock 0
06-04 11:05:44.586 I/StorageSessionController( 689): Initialialising...
06-04 11:05:44.587 I/vold ( 248): onUserStarted: 0
06-04 11:05:44.589 D/SystemServerTimingAsync( 689): ssm.onUnlockingUser-0_com.android.server.usage.StorageStatsService$Lifecycle
06-04 11:05:44.589 D/SystemServerTimingAsync( 689): ssm.onUnlockingUser-0_com.android.server.UiModeManagerService
06-04 11:05:44.589 D/SystemServerTimingAsync( 689): ssm.onUnlockingUser-0_com.android.server.locales.LocaleManagerService
06-04 11:05:44.589 D/SystemServerTimingAsync( 689): ssm.onUnlockingUser-0_com.android.server.grammaticalinflection.GrammaticalInflectionService
06-04 11:05:44.589 D/SystemServerTimingAsync( 689): ssm.onUnlockingUser-0_com.android.server.apphibernation.AppHibernationService
06-04 11:05:44.590 D/SystemServerTimingAsync( 689): ssm.onUnlockingUser-0_com.android.server.locksettings.LockSettingsService$Lifecycle
06-04 11:05:44.590 D/SystemServerTimingAsync( 689): ssm.onUnlockingUser-0_com.android.server.PersistentDataBlockService
06-04 11:05:44.590 D/SystemServerTimingAsync( 689): ssm.onUnlockingUser-0_com.android.server.testharness.TestHarnessModeService
06-04 11:05:44.590 D/SystemServerTimingAsync( 689): ssm.onUnlockingUser-0_com.android.server.oemlock.OemLockService
06-04 11:05:44.590 D/SystemServerTimingAsync( 689): ssm.onUnlockingUser-0_com.android.server.DeviceIdleController
06-04 11:05:44.590 D/SystemServerTimingAsync( 689): ssm.onUnlockingUser-0_com.android.server.devicepolicy.DevicePolicyManagerService$Lifecycle
06-04 11:05:44.590 D/LockSettingsService( 689): Hiding encryption notification for user 0
06-04 11:05:44.590 D/SystemServerTimingAsync( 689): ssm.onUnlockingUser-0_com.android.server.texttospeech.TextToSpeechManagerService
06-04 11:05:44.591 D/SystemServerTimingAsync( 689): ssm.onUnlockingUser-0_com.android.server.ambientcontext.AmbientContextManagerService
06-04 11:05:44.591 I/AmbientContextManagerService( 689): serviceNames sent in newServiceListLocked is null, or empty
06-04 11:05:44.591 D/SystemServerTimingAsync( 689): ssm.onUnlockingUser-0_com.android.server.wearable.WearableSensingManagerService
06-04 11:05:44.591 D/WearableSensingManagerService( 689): onServiceRemoved
06-04 11:05:44.591 D/WearableSensingManagerPerUserService( 689): Trying to cancel the remote request. Reason: Service destroyed.
06-04 11:05:44.591 D/SystemServerTimingAsync( 689): ssm.onUnlockingUser-0_com.android.server.speech.SpeechRecognitionManagerService
06-04 11:05:44.592 D/SystemServerTimingAsync( 689): ssm.onUnlockingUser-0_com.android.server.searchui.SearchUiManagerService
06-04 11:05:44.592 D/SystemServerTimingAsync( 689): ssm.onUnlockingUser-0_com.android.server.smartspace.SmartspaceManagerService
06-04 11:05:44.592 D/SystemServerTimingAsync( 689): ssm.onUnlockingUser-0_com.android.server.graphics.fonts.FontManagerService$Lifecycle
06-04 11:05:44.592 D/SystemServerTimingAsync( 689): ssm.onUnlockingUser-0_com.android.server.textservices.TextServicesManagerService$Lifecycle
06-04 11:05:44.592 W/TextServicesManagerService( 689): no available spell checker services found
06-04 11:05:44.593 D/SystemServerTimingAsync( 689): ssm.onUnlockingUser-0_com.android.server.textclassifier.TextClassificationManagerService$Lifecycle
06-04 11:05:44.593 I/HibernationStateDiskStore( 689): No hibernation file on disk for file /data/system_ce/0/hibernation/states
06-04 11:05:44.593 D/SystemServerTimingAsync( 689): ssm.onUnlockingUser-0_com.android.server.NetworkScoreService$Lifecycle
06-04 11:05:44.593 D/SystemServerTimingAsync( 689): ssm.onUnlockingUser-0_com.android.server.NetworkStatsServiceInitializer
06-04 11:05:44.593 D/SystemServerTimingAsync( 689): ssm.onUnlockingUser-0_com.android.server.wifi.WifiService
06-04 11:05:44.593 V/StorageManagerService( 689): Found primary storage at VolumeInfo{emulated;0}:
06-04 11:05:44.593 V/StorageManagerService( 689): type=EMULATED diskId=null partGuid= mountFlags=0 mountUserId=0
06-04 11:05:44.593 V/StorageManagerService( 689): state=UNMOUNTED
06-04 11:05:44.593 V/StorageManagerService( 689): fsType=null fsUuid=null fsLabel=null
06-04 11:05:44.593 V/StorageManagerService( 689): path=null internalPath=null
06-04 11:05:44.594 D/SystemServerTimingAsync( 689): ssm.onUnlockingUser-0_com.android.server.wifi.scanner.WifiScanningService
06-04 11:05:44.594 D/SystemServerTimingAsync( 689): ssm.onUnlockingUser-0_com.android.server.wifi.p2p.WifiP2pService
06-04 11:05:44.594 D/SystemServerTimingAsync( 689): ssm.onUnlockingUser-0_com.android.server.ConnectivityServiceInitializer
06-04 11:05:44.594 D/SystemServerTimingAsync( 689): ssm.onUnlockingUser-0_com.android.server.notification.NotificationManagerService
06-04 11:05:44.594 D/SystemServerTimingAsync( 689): ssm.onUnlockingUser-0_com.android.server.storage.DeviceStorageMonitorService
06-04 11:05:44.594 D/SystemServerTimingAsync( 689): ssm.onUnlockingUser-0_com.android.server.timedetector.TimeDetectorService$Lifecycle
06-04 11:05:44.594 D/SystemServerTimingAsync( 689): ssm.onUnlockingUser-0_com.android.server.location.LocationManagerService$Lifecycle
06-04 11:05:44.594 D/SystemServerTimingAsync( 689): ssm.onUnlockingUser-0_com.android.server.timezonedetector.TimeZoneDetectorService$Lifecycle
06-04 11:05:44.594 D/SystemServerTimingAsync( 689): ssm.onUnlockingUser-0_com.android.server.location.altitude.AltitudeService$Lifecycle
06-04 11:05:44.594 D/SystemServerTimingAsync( 689): ssm.onUnlockingUser-0_com.android.server.timezonedetector.location.LocationTimeZoneManagerService$Lifecycle
06-04 11:05:44.594 D/SystemServerTimingAsync( 689): ssm.onUnlockingUser-0_com.android.server.search.SearchManagerService$Lifecycle
06-04 11:05:44.594 D/SystemServerTimingAsync( 689): ssm.onUnlockingUser-0_com.android.server.wallpaper.WallpaperManagerService$Lifecycle
06-04 11:05:44.594 D/SystemServerTimingAsync( 689): ssm.onUnlockingUser-0_com.android.server.wallpapereffectsgeneration.WallpaperEffectsGenerationManagerService
06-04 11:05:44.594 D/SystemServerTimingAsync( 689): ssm.onUnlockingUser-0_com.android.server.audio.AudioService$Lifecycle
06-04 11:05:44.594 D/SystemServerTimingAsync( 689): ssm.onUnlockingUser-0_com.android.server.soundtrigger_middleware.SoundTriggerMiddlewareService$Lifecycle
06-04 11:05:44.594 D/SystemServerTimingAsync( 689): ssm.onUnlockingUser-0_com.android.server.adb.AdbService$Lifecycle
06-04 11:05:44.595 D/SystemServerTimingAsync( 689): ssm.onUnlockingUser-0_com.android.server.usb.UsbService$Lifecycle
06-04 11:05:44.596 D/SystemServerTimingAsync( 689): ssm.onUnlockingUser-0_com.android.server.twilight.TwilightService
06-04 11:05:44.596 D/SystemServerTimingAsync( 689): ssm.onUnlockingUser-0_com.android.server.display.color.ColorDisplayService
06-04 11:05:44.596 D/SystemServerTimingAsync( 689): ssm.onUnlockingUser-0_com.android.server.job.JobSchedulerService
06-04 11:05:44.596 D/SystemServerTimingAsync( 689): ssm.onUnlockingUser-0_com.android.server.soundtrigger.SoundTriggerService
06-04 11:05:44.596 D/SystemServerTimingAsync( 689): ssm.onUnlockingUser-0_com.android.server.trust.TrustManagerService
06-04 11:05:44.596 D/SystemServerTimingAsync( 689): ssm.onUnlockingUser-0_com.android.server.backup.BackupManagerService$Lifecycle
06-04 11:05:44.596 D/SystemServerTimingAsync( 689): ssm.onUnlockingUser-0_com.android.server.appwidget.AppWidgetService
06-04 11:05:44.596 D/SystemServerTimingAsync( 689): ssm.onUnlockingUser-0_com.android.server.voiceinteraction.VoiceInteractionManagerService
06-04 11:05:44.597 W/VoiceInteractionManager( 689): no available voice recognition services found for user 0
06-04 11:05:44.597 D/SystemServerTimingAsync( 689): ssm.onUnlockingUser-0_com.android.server.GestureLauncherService
06-04 11:05:44.597 D/SystemServerTimingAsync( 689): ssm.onUnlockingUser-0_com.android.server.SensorNotificationService
06-04 11:05:44.597 D/SystemServerTimingAsync( 689): ssm.onUnlockingUser-0_com.android.server.emergency.EmergencyAffordanceService
06-04 11:05:44.597 D/SystemServerTimingAsync( 689): ssm.onUnlockingUser-0_com.android.server.blob.BlobStoreManagerService
06-04 11:05:44.597 D/SystemServerTimingAsync( 689): ssm.onUnlockingUser-0_com.android.server.dreams.DreamManagerService
06-04 11:05:44.597 D/SystemServerTimingAsync( 689): ssm.onUnlockingUser-0_com.android.server.security.AttestationVerificationManagerService
06-04 11:05:44.598 D/SystemServerTimingAsync( 689): ssm.onUnlockingUser-0_com.android.server.restrictions.RestrictionsManagerService
06-04 11:05:44.598 D/SystemServerTimingAsync( 689): ssm.onUnlockingUser-0_com.android.server.media.MediaSessionService
06-04 11:05:44.598 D/SystemServerTimingAsync( 689): ssm.onUnlockingUser-0_com.android.server.hdmi.HdmiControlService
06-04 11:05:44.598 D/SystemServerTimingAsync( 689): ssm.onUnlockingUser-0_com.android.server.tv.interactive.TvInteractiveAppManagerService
06-04 11:05:44.598 D/SystemServerTimingAsync( 689): ssm.onUnlockingUser-0_com.android.server.tv.TvInputManagerService
06-04 11:05:44.598 D/SystemServerTimingAsync( 689): ssm.onUnlockingUser-0_com.android.server.media.MediaResourceMonitorService
06-04 11:05:44.598 D/SystemServerTimingAsync( 689): ssm.onUnlockingUser-0_com.android.server.tv.TvRemoteService
06-04 11:05:44.598 I/BackupManagerService( 689): Starting service for user: 0
06-04 11:05:44.598 D/SystemServerTimingAsync( 689): ssm.onUnlockingUser-0_com.android.server.biometrics.BiometricService
06-04 11:05:44.598 D/SystemServerTimingAsync( 689): ssm.onUnlockingUser-0_com.android.server.biometrics.AuthService
06-04 11:05:44.598 D/SystemServerTimingAsync( 689): ssm.onUnlockingUser-0_com.android.server.pm.ShortcutService$Lifecycle
06-04 11:05:44.599 I/StorageManagerService( 689): Mounting volume VolumeInfo{emulated;0}:
06-04 11:05:44.599 I/StorageManagerService( 689): type=EMULATED diskId=null partGuid= mountFlags=PRIMARY|VISIBLE_FOR_WRITE
06-04 11:05:44.599 I/StorageManagerService( 689): mountUserId=0 state=UNMOUNTED
06-04 11:05:44.599 I/StorageManagerService( 689): fsType=null fsUuid=null fsLabel=null
06-04 11:05:44.599 I/StorageManagerService( 689): path=null internalPath=null
06-04 11:05:44.600 I/vold ( 248): Mounting emulated fuse volume
06-04 11:05:44.600 D/SystemServerTimingAsync( 689): ssm.onUnlockingUser-0_com.android.server.pm.LauncherAppsService
06-04 11:05:44.601 D/SystemServerTimingAsync( 689): ssm.onUnlockingUser-0_com.android.server.pm.CrossProfileAppsService
06-04 11:05:44.601 D/SystemServerTimingAsync( 689): ssm.onUnlockingUser-0_com.android.server.people.PeopleService
06-04 11:05:44.601 D/SystemServerTimingAsync( 689): ssm.onUnlockingUser-0_com.android.server.media.metrics.MediaMetricsManagerService
06-04 11:05:44.601 D/SystemServerTimingAsync( 689): ssm.onUnlockingUser-0_com.android.server.pm.BackgroundInstallControlService
06-04 11:05:44.601 D/SystemServerTimingAsync( 689): ssm.onUnlockingUser-0_com.android.server.media.projection.MediaProjectionManagerService
06-04 11:05:44.601 D/SystemServerTimingAsync( 689): ssm.onUnlockingUser-0_com.android.server.slice.SliceManagerService$Lifecycle
06-04 11:05:44.601 D/SystemServerTimingAsync( 689): ssm.onUnlockingUser-0_com.android.server.stats.StatsCompanion$Lifecycle
06-04 11:05:44.601 D/SystemServerTimingAsync( 689): ssm.onUnlockingUser-0_com.android.server.scheduling.RebootReadinessManagerService$Lifecycle
06-04 11:05:44.601 D/SystemServerTimingAsync( 689): ssm.onUnlockingUser-0_com.android.server.stats.pull.StatsPullAtomService
06-04 11:05:44.601 D/SystemServerTimingAsync( 689): ssm.onUnlockingUser-0_com.android.server.stats.bootstrap.StatsBootstrapAtomService$Lifecycle
06-04 11:05:44.601 D/SystemServerTimingAsync( 689): ssm.onUnlockingUser-0_com.android.server.incident.IncidentCompanionService
06-04 11:05:44.601 D/SystemServerTimingAsync( 689): ssm.onUnlockingUser-0_com.android.server.sdksandbox.SdkSandboxManagerService$Lifecycle
06-04 11:05:44.601 D/SystemServerTimingAsync( 689): ssm.onUnlockingUser-0_com.android.server.adservices.AdServicesManagerService$Lifecycle
06-04 11:05:44.601 D/SystemServerTimingAsync( 689): ssm.onUnlockingUser-0_com.android.server.ondevicepersonalization.OnDevicePersonalizationSystemService$Lifecycle
06-04 11:05:44.601 D/SystemServerTimingAsync( 689): ssm.onUnlockingUser-0_com.android.server.autofill.AutofillManagerService
06-04 11:05:44.605 D/SystemServerTimingAsync( 689): ssm.onUnlockingUser-0_com.android.server.clipboard.ClipboardService
06-04 11:05:44.605 D/SystemServerTimingAsync( 689): ssm.onUnlockingUser-0_com.android.server.appbinding.AppBindingService$Lifecycle
06-04 11:05:44.608 I/vold ( 248): Bind mounting /data/media to /mnt/pass_through/0/emulated
06-04 11:05:44.610 V/BackupManagerService( 689): [UserID:0] Starting with transport com.android.localtransport/.LocalTransport
06-04 11:05:44.611 I/StorageSessionController( 689): On volume mount VolumeInfo{emulated;0}:
06-04 11:05:44.611 I/StorageSessionController( 689): type=EMULATED diskId=null partGuid= mountFlags=PRIMARY|VISIBLE_FOR_WRITE
06-04 11:05:44.611 I/StorageSessionController( 689): mountUserId=0 state=CHECKING
06-04 11:05:44.611 I/StorageSessionController( 689): fsType=null fsUuid=null fsLabel=null
06-04 11:05:44.611 I/StorageSessionController( 689): path=/storage/emulated internalPath=/data/media
06-04 11:05:44.613 I/StorageSessionController( 689): Creating connection for user: 0
06-04 11:05:44.613 I/StorageSessionController( 689): Creating and starting session with id: emulated;0
06-04 11:05:44.613 D/BackupManagerService( 689): [UserID:0] Started thread backup-0
06-04 11:05:44.614 I/StorageUserConnection( 689): Binding to the ExternalStorageService for user 0
06-04 11:05:44.620 W/AppBindingService( 689): [Default SMS app] u0 Target package not found
06-04 11:05:44.620 D/SystemServerTimingAsync( 689): ssm.onUnlockingUser-0_com.android.server.tracing.TracingServiceProxy
06-04 11:05:44.620 D/SystemServerTimingAsync( 689): ssm.onUnlockingUser-0_com.android.server.policy.PermissionPolicyService
06-04 11:05:44.620 D/SystemServerTimingAsync( 689): ssm.onUnlockingUser-0_com.android.server.pm.StagingManager$Lifecycle
06-04 11:05:44.620 D/SystemServerTimingAsync( 689): ssm.onUnlockingUser-0_com.android.server.app.GameManagerService$Lifecycle
06-04 11:05:44.620 D/SystemServerTimingAsync( 689): ssm.onUnlockingUser-0_com.android.safetycenter.SafetyCenterService
06-04 11:05:44.620 D/SystemServerTimingAsync( 689): ssm.onUnlockingUser-0_com.android.server.appsearch.AppSearchModule$Lifecycle
06-04 11:05:44.621 D/CompatibilityChangeReporter( 689): Compat change id reported: 135634846; UID 10058; state: DISABLED
06-04 11:05:44.622 D/CompatibilityChangeReporter( 689): Compat change id reported: 143937733; UID 10058; state: ENABLED
06-04 11:05:44.624 I/StorageUserConnection( 689): Bound to the ExternalStorageService for user 0
06-04 11:05:44.627 W/BatteryExternalStatsWorker( 689): error reading modem stats:ERROR_PHONE_NOT_AVAILABLE
06-04 11:05:44.628 W/BatteryExternalStatsWorker( 689): error reading Bluetooth stats: 11
06-04 11:05:44.637 D/SystemServerTimingAsync( 689): ssm.onUnlockingUser-0_com.android.server.media.MediaCommunicationService
06-04 11:05:44.637 D/SystemServerTimingAsync( 689): ssm.onUnlockingUser-0_com.android.server.compat.overrides.AppCompatOverridesService$Lifecycle
06-04 11:05:44.637 D/SystemServerTimingAsync( 689): ssm.onUnlockingUser-0_com.android.server.healthconnect.HealthConnectManagerService
06-04 11:05:44.637 D/SystemServerTimingAsync( 689): ssm.onUnlockingUser-0_com.android.server.devicelock.DeviceLockService
06-04 11:05:44.637 D/DeviceLockService( 689): onUserUnlocking
06-04 11:05:44.637 I/ActivityTaskManager( 689): Loading recents for user 0 into memory.
06-04 11:05:44.638 D/SystemServerTiming( 689): finishUserUnlocked-0
06-04 11:05:44.638 I/ActivityManager( 689): User 0 state changed from RUNNING_UNLOCKING to RUNNING_UNLOCKED
06-04 11:05:44.639 V/SystemServerTiming( 689): SystemUserUnlock took to complete: 598ms
06-04 11:05:44.643 V/PackageConfigPersister( 689): loadPackages: empty list files from /data/system_ce/0/package_configs
06-04 11:05:44.644 I/ActivityManager( 689): com.dangbei.lerad.etna.haqu is exempt from freezer
06-04 11:05:44.644 D/CompatibilityChangeReporter( 689): Compat change id reported: 135634846; UID 1000; state: DISABLED
06-04 11:05:44.646 W/BroadcastLoopers( 689): Found previously unknown looper Thread[ActivityManager,5,main]
06-04 11:05:44.648 I/ActivityManager( 689): Posting BOOT_COMPLETED user #0
06-04 11:05:44.651 D/SystemServerTimingAsync( 689): ssm.UnlockedUser-0
06-04 11:05:44.651 I/SystemServiceManager( 689): Calling onUnlockedUser 0
06-04 11:05:44.651 D/SystemServerTimingAsync( 689): ssm.onUnlockedUser-0_com.android.server.security.FileIntegrityService
06-04 11:05:44.651 D/SystemServerTimingAsync( 689): ssm.onUnlockedUser-0_com.android.server.pm.Installer
06-04 11:05:44.651 D/SystemServerTimingAsync( 689): ssm.onUnlockedUser-0_com.android.server.os.DeviceIdentifiersPolicyService
06-04 11:05:44.651 D/SystemServerTimingAsync( 689): ssm.onUnlockedUser-0_com.android.server.flags.FeatureFlagsService
06-04 11:05:44.651 D/SystemServerTimingAsync( 689): ssm.onUnlockedUser-0_com.android.server.uri.UriGrantsManagerService$Lifecycle
06-04 11:05:44.651 D/SystemServerTimingAsync( 689): ssm.onUnlockedUser-0_com.android.server.powerstats.PowerStatsService
06-04 11:05:44.651 D/SystemServerTimingAsync( 689): ssm.onUnlockedUser-0_com.android.server.permission.access.AccessCheckingService
06-04 11:05:44.651 D/SystemServerTimingAsync( 689): ssm.onUnlockedUser-0_com.android.server.wm.ActivityTaskManagerService$Lifecycle
06-04 11:05:44.653 D/AppWidgetServiceImpl( 689): Unable to load widget provider info from xml for ComponentInfo{com.android.deskclock/com.android.alarmclock.AnalogAppWidgetProvider}
06-04 11:05:44.653 D/AppWidgetServiceImpl( 689): Unable to load widget provider info from xml for ComponentInfo{com.android.deskclock/com.android.alarmclock.DigitalAppWidgetProvider}
06-04 11:05:44.654 D/AppWidgetServiceImpl( 689): Unable to load widget provider info from xml for ComponentInfo{com.android.systemui/com.android.systemui.people.widget.PeopleSpaceWidgetProvider}
06-04 11:05:44.654 I/AppWidgetServiceImpl( 689): Processing of handleUserUnlocked u0 took 7 ms
06-04 11:05:44.656 I/LaunchParamsPersister( 689): Didn't find launch param folder for user 0
06-04 11:05:44.657 D/SystemServerTimingAsync( 689): ssm.onUnlockedUser-0_com.android.server.am.ActivityManagerService$Lifecycle
06-04 11:05:44.657 D/SystemServerTimingAsync( 689): ssm.onUnlockedUser-0_com.android.server.pm.DataLoaderManagerService
06-04 11:05:44.657 D/SystemServerTimingAsync( 689): ssm.onUnlockedUser-0_com.android.server.power.PowerManagerService
06-04 11:05:44.657 D/SystemServerTimingAsync( 689): ssm.onUnlockedUser-0_com.android.server.power.ThermalManagerService
06-04 11:05:44.657 D/SystemServerTimingAsync( 689): ssm.onUnlockedUser-0_com.android.server.power.hint.HintManagerService
06-04 11:05:44.657 D/SystemServerTimingAsync( 689): ssm.onUnlockedUser-0_com.android.server.recoverysystem.RecoverySystemService$Lifecycle
06-04 11:05:44.657 D/SystemServerTimingAsync( 689): ssm.onUnlockedUser-0_com.android.server.lights.LightsService
06-04 11:05:44.657 D/SystemServerTimingAsync( 689): ssm.onUnlockedUser-0_com.android.server.display.DisplayManagerService
06-04 11:05:44.657 D/SystemServerTimingAsync( 689): ssm.onUnlockedUser-0_com.android.server.pm.verify.domain.DomainVerificationService
06-04 11:05:44.657 D/SystemServerTimingAsync( 689): ssm.onUnlockedUser-0_com.android.server.pm.PackageInstallerService$Lifecycle
06-04 11:05:44.657 D/SystemServerTimingAsync( 689): ssm.onUnlockedUser-0_com.android.server.pm.UserManagerService$LifeCycle
06-04 11:05:44.657 D/SystemServerTimingAsync( 689): ssm.onUnlockedUser-0_com.android.server.om.OverlayManagerService
06-04 11:05:44.657 D/SystemServerTimingAsync( 689): ssm.onUnlockedUser-0_com.android.server.resources.ResourcesManagerService
06-04 11:05:44.657 D/SystemServerTimingAsync( 689): ssm.onUnlockedUser-0_com.android.server.sensorprivacy.SensorPrivacyService
06-04 11:05:44.657 D/SystemServerTimingAsync( 689): ssm.onUnlockedUser-0_com.android.server.sensors.SensorService
06-04 11:05:44.657 D/SystemServerTimingAsync( 689): ssm.onUnlockedUser-0_com.android.server.SystemConfigService
06-04 11:05:44.657 D/SystemServerTimingAsync( 689): ssm.onUnlockedUser-0_com.android.server.BatteryService
06-04 11:05:44.657 D/SystemServerTimingAsync( 689): ssm.onUnlockedUser-0_com.android.server.usage.UsageStatsService
06-04 11:05:44.657 D/SystemServerTimingAsync( 689): ssm.onUnlockedUser-0_com.android.server.webkit.WebViewUpdateService
06-04 11:05:44.657 D/SystemServerTimingAsync( 689): ssm.onUnlockedUser-0_com.android.server.CachedDeviceStateService
06-04 11:05:44.657 D/SystemServerTimingAsync( 689): ssm.onUnlockedUser-0_com.android.server.BinderCallsStatsService$LifeCycle
06-04 11:05:44.657 D/SystemServerTimingAsync( 689): ssm.onUnlockedUser-0_com.android.server.LooperStatsService$Lifecycle
06-04 11:05:44.657 D/SystemServerTimingAsync( 689): ssm.onUnlockedUser-0_com.android.server.rollback.RollbackManagerService
06-04 11:05:44.657 D/SystemServerTimingAsync( 689): ssm.onUnlockedUser-0_com.android.server.os.NativeTombstoneManagerService
06-04 11:05:44.657 D/SystemServerTimingAsync( 689): ssm.onUnlockedUser-0_com.android.server.os.BugreportManagerService
06-04 11:05:44.657 D/SystemServerTimingAsync( 689): ssm.onUnlockedUser-0_com.android.server.gpu.GpuService
06-04 11:05:44.657 D/SystemServerTimingAsync( 689): ssm.onUnlockedUser-0_com.android.server.security.rkp.RemoteProvisioningService
06-04 11:05:44.657 D/SystemServerTimingAsync( 689): ssm.onUnlockedUser-0_com.android.server.security.KeyChainSystemService
06-04 11:05:44.657 D/SystemServerTimingAsync( 689): ssm.onUnlockedUser-0_com.android.server.BinaryTransparencyService
06-04 11:05:44.657 D/SystemServerTimingAsync( 689): ssm.onUnlockedUser-0_com.android.server.accounts.AccountManagerService$Lifecycle
06-04 11:05:44.657 D/SystemServerTimingAsync( 689): ssm.onUnlockedUser-0_com.android.server.content.ContentService$Lifecycle
06-04 11:05:44.657 D/SystemServerTimingAsync( 689): ssm.onUnlockedUser-0_com.android.server.deviceconfig.DeviceConfigInit$Lifecycle
06-04 11:05:44.657 D/SystemServerTimingAsync( 689): ssm.onUnlockedUser-0_com.android.server.DropBoxManagerService
06-04 11:05:44.657 D/SystemServerTimingAsync( 689): ssm.onUnlockedUser-0_com.android.role.RoleService
06-04 11:05:44.657 D/SystemServerTimingAsync( 689): ssm.onUnlockedUser-0_com.android.server.vibrator.VibratorManagerService$Lifecycle
06-04 11:05:44.657 D/SystemServerTimingAsync( 689): ssm.onUnlockedUser-0_com.android.server.tare.InternalResourceService
06-04 11:05:44.657 D/SystemServerTimingAsync( 689): ssm.onUnlockedUser-0_com.android.server.alarm.AlarmManagerService
06-04 11:05:44.657 D/SystemServerTimingAsync( 689): ssm.onUnlockedUser-0_com.android.server.devicestate.DeviceStateManagerService
06-04 11:05:44.657 D/SystemServerTimingAsync( 689): ssm.onUnlockedUser-0_com.android.server.camera.CameraServiceProxy
06-04 11:05:44.657 D/SystemServerTimingAsync( 689): ssm.onUnlockedUser-0_com.android.server.bluetooth.BluetoothService
