06-04 11:23:55.590 I/UNIPLAYERSDK( 3472): PumaVideoPrecacheAdaptor.cpp:395 [PumaVideoPrecacheAdaptor@0xe5f04724]onProgramDeleted data={"type":1,"tvid":"3082422542861000","filename":"","start_time":-1,"bitstream":500,"hdr_type":-1,"frame_rate":25,"bitrate_level":100,"audio_lang":-1,"audio_type":-1,"audio_channel_type":1,"subtitle_lang":-1,"result":1,"delete_reason":0,"buffer_filesize":0,"audio_bufsize":0}
06-04 11:23:55.590 I/CLog ( 3472): 2025-06-04 11:23:55.590 T:4056 INFO: ProcessMsgOnDeleted:{"type":1,"tvid":"3082422542861000","filename":"","start_time":-1,"bitstream":500,"hdr_type":-1,"frame_rate":25,"bitrate_level":100,"audio_lang":-1,"audio_type":-1,"audio_channel_type":1,"subtitle_lang":-1,"result":1,"delete_reason":0,"buffer_filesize":0,"audio_bufsize":0}
06-04 11:23:55.591 V/UFUnilog( 3472): UFNEasyCurlClientImpl.cpp : 66 PingbackSdk {fuc=UFNEasyCurlClientImpl:Perform(),logtag=babelqos_pb_172,interface_msg=out}
06-04 11:23:55.591 V/UFUnilog( 3472): api_engine.cpp : 189 PingbackSdk {fuc=APIEngine:Call(),logtag=babelqos_pb_172,interface_msg=Start Try!,try_count=1}
06-04 11:23:55.591 I/SogouIME( 1440): onKeyDown: keyoCode=19
06-04 11:23:55.591 I/DefaultIMS( 1440): onKeyDown: keyoCode=19
06-04 11:23:55.592 I/CLog ( 3472): 2025-06-04 11:23:55.590 T:4056 DEBUG: MessageCenter::RemoveMsgBySenderID(sender_id:67)
06-04 11:23:55.599 D/TrafficStats( 1441): tagSocket(172) with statsTag=0xffffffff, statsUid=-1
06-04 11:23:55.600 D/VipTransactionActivity( 1441): [VipDangbei{id=30, status=2, mlUserId='8db3ceb6f79871cbc1c6b6947214a0d7', extraInfo='null', pic=''}, VipDangbei{id=33, status=0, mlUserId='2720729', extraInfo='null', pic=''}, VipDangbei{id=13, status=0, mlUserId='2720729', extraInfo='null', pic=''}, VipDangbei{id=1, status=2, mlUserId='e502cfec393ffab8f86fb6362afbebe5', extraInfo='null', pic=''}, VipDangbei{id=35, status=0, mlUserId='', extraInfo='null', pic=''}]:[{"id":30,"memberCode":"bestv","mlUserId":"8db3ceb6f79871cbc1c6b6947214a0d7","token":"","status":2,"endDate":"2024-10-18","pic":""},{"id":33,"memberCode":"dbmusic","mlUserId":"2720729","token":"","status":0,"endDate":"2025-06-04","pic":""},{"id":13,"memberCode":"dbmusic","mlUserId":"2720729","token":"","status":0,"endDate":"2025-06-04","pic":""},{"id":1,"memberCode":"iqiyi","mlUserId":"e502cfec393ffab8f86fb6362afbebe5","token":"","status":2,"endDate":"2024-10-18","pic":""},{"id":35,"memberCode":"mitu","mlUserId":"","token":"","status":0,"endDate":"2025-06-04","pic":""}]
06-04 11:23:55.601 I/SogouIME( 1440): onKeyUp: keyoCode=23
06-04 11:23:55.601 I/DefaultIMS( 1440): onKeyUp: keyoCode=23
06-04 11:23:55.613 I/audio_hw_hal_primary( 476): [audiohal_get_latency:1333] io 13: out:0xf07c5650 frames:1152 rate:48000 whole_latency:24 alsa_latency:24
06-04 11:23:55.615 D/TrafficStats( 1441): tagSocket(197) with statsTag=0xffffffff, statsUid=-1
06-04 11:23:55.617 I/SogouIME( 1440): onKeyUp: keyoCode=19
06-04 11:23:55.617 I/DefaultIMS( 1440): onKeyUp: keyoCode=19
06-04 11:23:55.618 D/TrafficStats( 1441): tagSocket(173) with statsTag=0xffffffff, statsUid=-1
06-04 11:23:55.619 E/Hcdn_DeTask3999911026( 3472): HCDN_LOG: [T:4176][HINFO]:[f:PostNotifyInfo],[l:248], notify type(6),info({"BandWidth":6488064,"IsAd":1,"IsP2P":1,"VID":""}
06-04 11:23:55.619 E/Hcdn_DeTask3999911026( 3472): )
06-04 11:23:55.619 E/Hcdn_DeTask318584460( 3472): HCDN_LOG: [T:4176][HINFO]:[f:PostNotifyInfo],[l:248], notify type(6),info({"BandWidth":-2,"IsAd":1,"IsP2P":1,"VID":""}
06-04 11:23:55.619 E/Hcdn_DeTask318584460( 3472): )
06-04 11:23:55.619 D/TrafficStats( 1441): tagSocket(193) with statsTag=0xffffffff, statsUid=-1
06-04 11:23:55.619 E/playfilesourceNew( 3472): HCDN_LOG: [T:4173][HINFO]:[f:DoAsynNotifyInfoResponse],[l:2605],[TaskID(3999911026),type(6),msg({"BandWidth":6488064,"IsAd":1,"IsP2P":1,"VID":""}
06-04 11:23:55.619 E/playfilesourceNew( 3472): )!]
06-04 11:23:55.619 E/playfilesourceNew( 3472): HCDN_LOG: [T:4173][HINFO]:[f:DoAsynNotifyInfoResponse],[l:2605],[TaskID(318584460),type(6),msg({"BandWidth":-2,"IsAd":1,"IsP2P":1,"VID":""}
06-04 11:23:55.619 E/playfilesourceNew( 3472): )!]
06-04 11:23:55.624 D/TrafficStats( 1441): tagSocket(207) with statsTag=0xffffffff, statsUid=-1
06-04 11:23:55.625 D/TrafficStats( 1441): tagSocket(191) with statsTag=0xffffffff, statsUid=-1
06-04 11:23:55.646 D/PINGBACKSDK( 3472): PlayerPbApi.cpp:38 PingbackLog: send success! http://msg.ptqy.gitv.tv/qos/3_31_312:116.211.189.249,breakLoad:msg=[{"abr_at":"nonabs","abs_type":"0","absopenstatus":"0","adtype":"frontad","alanid":"0_","audiotype":"0","brlevel":"100","c1":"0","ct":"tvbreakply","deviceid":"tv_ffb55351f3aea58931690796f01ed55d_1749006460772_9900404006","dfp":"","diy_adseamless":"0","diy_adstarttype":"-1","diy_apiname":"","diy_breaktm":"1108819","diy_bstat":"diy_tslping","diy_cause":"quit","diy_ec":"","diy_m3u8from":"","diy_needrls":"0","diy_needstp":"0","diy_pfec":"","diy_ppdstate":"-1","diy_sfrom":"idle","diy_spload":"1","diy_splplayer":"1","dlbpssmd":"0","drm_v":"","drmstat":"0","drmt":"none","duby":"-1","fakeabs":"","fr":"25","hcdninit":"success","hcdnlsmhd":"-1","hcdnromsz":"4","hcdnst":"-1","hcdnv":"10.2.3.5212","
06-04 11:23:55.646 D/PINGBACKSDK( 3472): PlayerPbApi.cpp:40 PingbackLog: send success! breakLoad:hdmpssmd":"0","ht":"","hu":"-1","hwver":"DBBOX-A3","is264ts":"0","is_cuva":"0","is_iqhimero":"","ispre":"","isroot":"1","iszqyh":"0","lch_ver":"1.7","livenetst":"-1","livenetv":"6.24.26.354","lsv":"18.0.1.5212","maxpt":"0","mkey":"20200817110900551NKVuEWAfr101626","mod":"cn_s","os":"34","outline":"","p1":"3_31_312","p2":"3128","p_hdcpctrl":"","p_wtmark":"","pbv":"","play_t":"0","plyerm":"vod","plyert":"native_advance","procid":"3472","psc1":"0","psp_4kh264":"1","psp_4kh265":"1","psp_dolby":"1","psp_dv":"0","psp_edr":"","psp_h264":"1","psp_h265":"1","psp_hdr10":"1","psp_ratedef":"10","psp_ratedefdv":"10","psp_ratedefhdr":"","pu":"6040457410","qyctx":"F4473C91B77028CDDBE404B5C7899B6423958D7275
06-04 11:23:55.646 D/PINGBACKSDK( 3472): PlayerPbApi.cpp:40 PingbackLog: send success! breakLoad:7BB48A205B3ECF548EFA35FBE8F82384B42FAF07E7D871B0AEA7FFCEE053F215865AC52E670BF1DEC728F80BA088A56D05964F2A2948EA8132EBDE731C47B3B948EB130B43311B553F3271","qyctxv":"1","r":"3082422542861000","ra":"0","rachannel":"1","ravd":"0","ravd_auth":"-1","re":"1920x1080","retryed":"0","rn":"3403210209","romrsz":"54533","romsz":"55669","sdkv":"1.1403.1.06053","second_cate":"","skipabssize":"","spkpssmd":"0","spth265":"1","stat":"adStart","stauto_support":"0","stime":"1749007300484","stype":"0","t":"9","term":{"brand":"Amlogic","chip":"","core":"4","cpu_arch":"8","cpu_freq":"2508000","cpu_implementer":"65","cpu_part":"3333","cpu_processor":"","diy_hwver":"DBBOX-A3","dolbycodec":"-1","firmver":"UD2A.240505.0
06-04 11:23:55.646 D/PINGBACKSDK( 3472): PlayerPbApi.cpp:35 PingbackLog: send success! breakLoad:01.W1.eng.server.20250603.184510 release-keys","high_end":"-1","hpformance":"","hwprod":"","hwversub":"","memory":"3677","p_hdcp":"","p_maxhdcp":"","rammode":"","vendor":""},"tm":"85778","tvs2":"simple_sdk","u":"tv_ffb55351f3aea58931690796f01ed55d","usehcdn":"0","v":"2.1403.1.250523","vcodec":"0","vdprctp":"1","ve":"1749007349290D453606DE713A473EB9","vsp_4kh264":"1","vsp_4kh265":"1","vsp_8k":"0","vsp_daudio":"1","vsp_dv":"0","vsp_edr":"0","vsp_h265":"1","vsp_hdr10":"1","vsp_ratedef":"10","vsp_ratedefEdr":"-1","vsp_ratedefdolby":"10","vsp_ratedefdv":"-1","vsp_ratedefhdr":"-1","wifimac":"02%3A00%3A00%3A00%3A00%3A00","z":"","z_from":"","z_ip":""}]
06-04 11:23:55.647 D/UFUnilog( 3472): api_network_status.cpp : 105 {fuc=APINetworkStatus:IsIPV6Works(),interface_msg=localResult=0, fastdnsResult=0}
06-04 11:23:55.647 I/UFUnilog( 3472): api_engine.cpp : 993 PingbackSdk {fuc=APIEngine::generateFinalIPV6Config(),logtag=babel_pb_173,interface_msg=forceIPV6Status:-1}
06-04 11:23:55.647 I/UFUnilog( 3472): api_engine.cpp : 1003 PingbackSdk {fuc=APIEngine::generateFinalIPV6Config(),logtag=babel_pb_173,interface_msg=domain support ipv6, sOriginHost:msg.ptqy.gitv.tv, strIPV6Domain:}
06-04 11:23:55.647 V/UFUnilog( 3472): api_engine.cpp : 189 PingbackSdk {fuc=APIEngine:Call(),logtag=babel_pb_173,interface_msg=Start Try!,try_count=0}
06-04 11:23:55.647 I/UFUnilog( 3472): api_strategy_impl.cpp : 438 PingbackSdk {fuc=APIStrategyImpl:CreateStrategyResult(),logtag=babel_pb_173,strategyname=httpdns-strategy,current_try_count=0,interface_msg=try to get ip list from dns_type = 1}
06-04 11:23:55.647 W/UFUnilog( 3472): api_httpdns_fastdns.cpp : 110 {fuc=APIHttpdnsFastDns:GetHttpDnsResult(),interface_msg=start find,business=unifiedx,bgp_flag=1,timeout=2000,domain_list=msg.ptqy.gitv.tv,cache_only=0}
06-04 11:23:55.647 I/CLog ( 3472): 2025-06-04 11:23:55.592 T:4056 INFO: [10002]~Program:tvid=3082422542861000 this(0xbdf46bb0)
06-04 11:23:55.647 I/CLog ( 3472): 2025-06-04 11:23:55.647 T:4056 INFO: SubtitleModel::~SubtitleModel 0xa9503d50
06-04 11:23:55.647 I/CLog ( 3472): 2025-06-04 11:23:55.647 T:4056 DEBUG: has closed
06-04 11:23:55.647 I/CLog ( 3472): 2025-06-04 11:23:55.647 T:4056 DEBUG: has closed
06-04 11:23:55.647 I/CLog ( 3472): 2025-06-04 11:23:55.647 T:4056 DEBUG: ~PumaQTPClient 0xecef9530
06-04 11:23:55.647 I/CLog ( 3472): 2025-06-04 11:23:55.647 T:4056 INFO: MovieModel::~MovieModel(0xb27d86c0)
06-04 11:23:55.648 I/CLog ( 3472): 2025-06-04 11:23:55.647 T:4056 DEBUG: MessageCenter::RemoveMsgBySenderID(sender_id:69)
06-04 11:23:55.648 I/CLog ( 3472): 2025-06-04 11:23:55.648 T:4056 DEBUG: MovieModel::Stop start
06-04 11:23:55.648 I/CLog ( 3472): 2025-06-04 11:23:55.648 T:4056 DEBUG: has closed
06-04 11:23:55.648 I/CLog ( 3472): 2025-06-04 11:23:55.648 T:4056 INFO: VD::Stop(0xd1455f10)
06-04 11:23:55.648 I/CLog ( 3472): 2025-06-04 11:23:55.648 T:4056 DEBUG: MessageCenter::RemoveMsgBySenderID(sender_id:71)
06-04 11:23:55.648 I/CLog ( 3472): 2025-06-04 11:23:55.648 T:4056 DEBUG: DestroyStrategy
06-04 11:23:55.648 I/CLog ( 3472): 2025-06-04 11:23:55.648 T:4056 INFO: qtp-load(22) - close
06-04 11:23:55.649 I/CLog ( 3472): 2025-06-04 11:23:55.648 T:4056 INFO: qtp-load(22), reqid:17020227
06-04 11:23:55.649 I/q_h_c_s ( 3472): HCDN_LOG: [T:4056]qtp_stop_req:1825,Stop qtp request (req: 0xecb17b50)
06-04 11:23:55.649 I/q_h_c_s ( 3472): HCDN_LOG: [T:4056]StopHttpRequest:1473,------> StopHttpRequest(reid: 17020227)
06-04 11:23:55.649 W/q_h_c_s ( 3472): HCDN_LOG: [T:4056]StopHttpRequest:1503,reid: 17020227 not found when StopHttpRequest
06-04 11:23:55.649 I/CLog ( 3472): 2025-06-04 11:23:55.649 T:4056 DEBUG: wait begin
06-04 11:23:55.649 I/CLog ( 3472): 2025-06-04 11:23:55.649 T:4056 DEBUG: BandWithMeter:86357, 12321
06-04 11:23:55.649 I/CLog ( 3472): 2025-06-04 11:23:55.649 T:4056 INFO: qtp-load(22) - close
06-04 11:23:55.649 I/CLog ( 3472): 2025-06-04 11:23:55.649 T:4056 DEBUG: has closed
06-04 11:23:55.649 I/q_h_c_s ( 3472): HCDN_LOG: [T:4056]qtp_destroy_req:506,Destroy qtp request (req: 0xecb17b50)
06-04 11:23:55.649 I/q_h_c_s ( 3472): HCDN_LOG: [T:4056]qtp_remove_bundle:127,Remove qtp bundle (request: 0xecb17b50)
06-04 11:23:55.649 I/q_h_c_s ( 3472): HCDN_LOG: [T:4056]~QtpHttpStatusCode:197,Delete QtpHttpStatusCode(address: 0xb5ac5c40)
06-04 11:23:55.649 I/q_h_c_s ( 3472): HCDN_LOG: [T:4056]~QtpHttpRequest:538,Delete QtpHttpRequest(reid: 17020227, address: 0xecb17b50)
06-04 11:23:55.649 I/q_h_c_s ( 3472): HCDN_LOG: [T:4056]~QtpHttpResponse:1042,Delete QtpHttpResponse(address: 0xecc62f00)
06-04 11:23:55.649 I/q_h_c_s ( 3472): HCDN_LOG: [T:4056]qtp_remove_bundle:132,Remove qtp bundle success (request: 0xecb17b50)
06-04 11:23:55.649 I/CLog ( 3472): 2025-06-04 11:23:55.649 T:4056 DEBUG: ~PumaQTPClient 0xeced42b0
06-04 11:23:55.649 I/CLog ( 3472): 2025-06-04 11:23:55.649 T:4056 DEBUG: has closed
06-04 11:23:55.649 I/CLog ( 3472): 2025-06-04 11:23:55.649 T:4056 DEBUG: BandWithMeter:0, 0
06-04 11:23:55.649 I/CLog ( 3472): 2025-06-04 11:23:55.649 T:4056 DEBUG: has closed
06-04 11:23:55.649 I/CLog ( 3472): 2025-06-04 11:23:55.649 T:4056 DEBUG: ~PumaQTPClient 0xececebb0
06-04 11:23:55.649 I/CLog ( 3472): 2025-06-04 11:23:55.649 T:4056 DEBUG: has closed
06-04 11:23:55.649 I/CLog ( 3472): 2025-06-04 11:23:55.649 T:4056 DEBUG: BandWithMeter:0, 0
06-04 11:23:55.649 I/CLog ( 3472): 2025-06-04 11:23:55.649 T:4056 DEBUG: has closed
06-04 11:23:55.649 I/CLog ( 3472): 2025-06-04 11:23:55.649 T:4056 DEBUG: ~PumaQTPClient 0xeceec2f0
06-04 11:23:55.649 I/CLog ( 3472): 2025-06-04 11:23:55.649 T:4056 DEBUG: has closed
06-04 11:23:55.649 I/CLog ( 3472): 2025-06-04 11:23:55.649 T:4056 DEBUG: BandWithMeter:0, 0
06-04 11:23:55.649 I/CLog ( 3472): 2025-06-04 11:23:55.649 T:4056 DEBUG: has closed
06-04 11:23:55.649 I/CLog ( 3472): 2025-06-04 11:23:55.649 T:4056 DEBUG: ~PumaQTPClient 0xecee5f40
06-04 11:23:55.649 I/CLog ( 3472): 2025-06-04 11:23:55.649 T:4056 DEBUG: has closed
06-04 11:23:55.649 I/CLog ( 3472): 2025-06-04 11:23:55.649 T:4056 DEBUG: BandWithMeter:0, 0
06-04 11:23:55.649 I/CLog ( 3472): 2025-06-04 11:23:55.649 T:4056 DEBUG: has closed
06-04 11:23:55.649 I/CLog ( 3472): 2025-06-04 11:23:55.649 T:4056 DEBUG: ~PumaQTPClient 0xecee16c0
06-04 11:23:55.649 I/CLog ( 3472): 2025-06-04 11:23:55.649 T:4056 DEBUG: MessageCenter::RemoveMsgBySenderID(sender_id:72)
06-04 11:23:55.649 I/CLog ( 3472): 2025-06-04 11:23:55.649 T:4056 DEBUG: MessageCenter::RemoveMsgBySenderID(sender_id:73)
06-04 11:23:55.649 I/CLog ( 3472): 2025-06-04 11:23:55.649 T:4056 DEBUG: Meta::Stop
06-04 11:23:55.649 I/CLog ( 3472): 2025-06-04 11:23:55.649 T:4056 DEBUG: MovieModel::Stop exit
06-04 11:23:55.649 I/CLog ( 3472): 2025-06-04 11:23:55.649 T:4056 INFO: ~VD enter this(0xd1455f10)
06-04 11:23:55.649 I/CLog ( 3472): 2025-06-04 11:23:55.649 T:4056 INFO: ~VD end this(0xd1455f10)
06-04 11:23:55.649 I/CLog ( 3472): 2025-06-04 11:23:55.649 T:4056 INFO: ~VDFetcher(0xe5166080)
06-04 11:23:55.649 I/CLog ( 3472): 2025-06-04 11:23:55.649 T:4056 DEBUG: MessageCenter::RemoveMsgBySenderID(sender_id:72)
06-04 11:23:55.649 I/CLog ( 3472): 2025-06-04 11:23:55.649 T:4056 DEBUG: DestroyStrategy
06-04 11:23:55.649 I/CLog ( 3472): 2025-06-04 11:23:55.649 T:4056 DEBUG: DestroyStrategy
06-04 11:23:55.650 I/CLog ( 3472): 2025-06-04 11:23:55.650 T:4056 INFO: ~MovieModel start release m3u8_model_
06-04 11:23:55.650 I/CLog ( 3472): 2025-06-04 11:23:55.650 T:4056 INFO: ~M3U8Model this=0xb5ac60f0,begin
06-04 11:23:55.650 I/CLog ( 3472): 2025-06-04 11:23:55.650 T:4056 INFO: ~M3U8Model this=0xb5ac60f0,middle
06-04 11:23:55.650 I/CLog ( 3472): 2025-06-04 11:23:55.650 T:4056 DEBUG: MessageCenter::RemoveMsgBySenderID(sender_id:73)
06-04 11:23:55.650 I/CLog ( 3472): 2025-06-04 11:23:55.650 T:4056 INFO: ~M3U8Model this=0xb5ac60f0,end
06-04 11:23:55.650 I/CLog ( 3472): 2025-06-04 11:23:55.650 T:4056 INFO: ~Movie free,this=0xecd65e10
06-04 11:23:55.650 I/CLog ( 3472): 2025-06-04 11:23:55.650 T:4056 DEBUG: CacheDataInfo::Release begin.
06-04 11:23:55.650 I/CLog ( 3472): 2025-06-04 11:23:55.650 T:4056 DEBUG: CacheDataInfo::Release end.
06-04 11:23:55.650 I/CLog ( 3472): 2025-06-04 11:23:55.650 T:4056 DEBUG: CacheDataInfo::Release begin.
06-04 11:23:55.650 I/CLog ( 3472): 2025-06-04 11:23:55.650 T:4056 DEBUG: CacheDataInfo::Release end.
06-04 11:23:55.650 I/CLog ( 3472): 2025-06-04 11:23:55.650 T:4056 DEBUG: CacheDataInfo::Release begin.
06-04 11:23:55.650 I/CLog ( 3472): 2025-06-04 11:23:55.650 T:4056 DEBUG: CacheDataInfo::Release end.
06-04 11:23:55.650 I/CLog ( 3472): 2025-06-04 11:23:55.650 T:4056 DEBUG: CacheDataInfo::Release begin.
06-04 11:23:55.650 I/CLog ( 3472): 2025-06-04 11:23:55.650 T:4056 DEBUG: CacheDataInfo::Release end.
06-04 11:23:55.650 I/CLog ( 3472): 2025-06-04 11:23:55.650 T:4056 DEBUG: CacheDataInfo::Release begin.
06-04 11:23:55.650 I/CLog ( 3472): 2025-06-04 11:23:55.650 T:4056 DEBUG: CacheDataInfo::Release end.
06-04 11:23:55.650 I/CLog ( 3472): 2025-06-04 11:23:55.650 T:4056 DEBUG: CacheDataInfo::Release begin.
06-04 11:23:55.650 I/CLog ( 3472): 2025-06-04 11:23:55.650 T:4056 DEBUG: CacheDataInfo::Release end.
06-04 11:23:55.650 I/CLog ( 3472): 2025-06-04 11:23:55.650 T:4056 DEBUG: CacheDataInfo::Release begin.
06-04 11:23:55.650 I/CLog ( 3472): 2025-06-04 11:23:55.650 T:4056 DEBUG: CacheDataInfo::Release end.
06-04 11:23:55.650 I/CLog ( 3472): 2025-06-04 11:23:55.650 T:4056 DEBUG: CacheDataInfo::Release begin.
06-04 11:23:55.650 I/CLog ( 3472): 2025-06-04 11:23:55.650 T:4056 DEBUG: CacheDataInfo::Release end.
06-04 11:23:55.650 I/CLog ( 3472): 2025-06-04 11:23:55.650 T:4056 DEBUG: ~SubtitleData55834574865
06-04 11:23:55.650 I/CLog ( 3472): 2025-06-04 11:23:55.650 T:4056 DEBUG: ~DetachableCallHelper,0xa9567d60
06-04 11:23:55.650 I/CLog ( 3472): 2025-06-04 11:23:55.650 T:4056 DEBUG: ~Meta, asy(1)
06-04 11:23:55.650 I/CLog ( 3472): 2025-06-04 11:23:55.650 T:4056 DEBUG: MessageCenter::RemoveMsgBySenderID(sender_id:70)
06-04 11:23:55.650 I/CLog ( 3472): 2025-06-04 11:23:55.650 T:4056 DEBUG: Meta::Stop
06-04 11:23:55.650 I/CLog ( 3472): 2025-06-04 11:23:55.650 T:4056 DEBUG: has closed
06-04 11:23:55.650 I/CLog ( 3472): 2025-06-04 11:23:55.650 T:4056 DEBUG: ~PumaQTPClient 0xecefb400
06-04 11:23:55.650 I/CLog ( 3472): 2025-06-04 11:23:55.650 T:4056 DEBUG: UnRegisterEventID, a7dc9b5a66df1f87c8afe77eb474fe0b res:1
06-04 11:23:55.656 I/audio_hw_hal_primary( 476): [audiohal_get_latency:1333] io 13: out:0xf07c5650 frames:1152 rate:48000 whole_latency:24 alsa_latency:24
06-04 11:23:55.681 E/JumpConfig( 1441): 错误json="db://viptransaction?id=1&from=page_vip_tip"
06-04 11:23:55.681 E/JumpConfig( 1441): com.google.gson.JsonSyntaxException: java.lang.IllegalStateException: Expected BEGIN_OBJECT but was STRING at path $
06-04 11:23:55.681 E/JumpConfig( 1441): at com.google.gson.internal.bind.ReflectiveTypeAdapterFactory$Adapter.read(SourceFile:68)
06-04 11:23:55.681 E/JumpConfig( 1441): at com.google.gson.Gson.fromJson(SourceFile:20)
06-04 11:23:55.681 E/JumpConfig( 1441): at com.google.gson.Gson.fromJson(SourceFile:33)
06-04 11:23:55.681 E/JumpConfig( 1441): at com.google.gson.Gson.fromJson(SourceFile:32)
06-04 11:23:55.681 E/JumpConfig( 1441): at com.dangbei.leard.base.proider.router.JumpConfigDeserializer.deserialize(SourceFile:2)
06-04 11:23:55.681 E/JumpConfig( 1441): at com.dangbei.leard.base.proider.router.JumpConfigDeserializer.deserialize(SourceFile:1)
06-04 11:23:55.681 E/JumpConfig( 1441): at com.google.gson.internal.bind.TreeTypeAdapter.read(SourceFile:40)
06-04 11:23:55.681 E/JumpConfig( 1441): at com.google.gson.internal.bind.TreeTypeAdapter.read(SourceFile:9)
06-04 11:23:55.681 E/JumpConfig( 1441): at com.google.gson.internal.bind.ReflectiveTypeAdapterFactory$2.readIntoField(SourceFile:3)
06-04 11:23:55.681 E/JumpConfig( 1441): at com.google.gson.internal.bind.ReflectiveTypeAdapterFactory$FieldReflectionAdapter.readField(Unknown Source:0)
06-04 11:23:55.681 E/JumpConfig( 1441): at com.google.gson.internal.bind.ReflectiveTypeAdapterFactory$Adapter.read(SourceFile:47)
06-04 11:23:55.681 E/JumpConfig( 1441): at com.google.gson.internal.bind.ReflectiveTypeAdapterFactory$2.readIntoField(SourceFile:3)
06-04 11:23:55.681 E/JumpConfig( 1441): at com.google.gson.internal.bind.ReflectiveTypeAdapterFactory$FieldReflectionAdapter.readField(Unknown Source:0)
06-04 11:23:55.681 E/JumpConfig( 1441): at com.google.gson.internal.bind.ReflectiveTypeAdapterFactory$Adapter.read(SourceFile:47)
06-04 11:23:55.681 E/JumpConfig( 1441): at com.google.gson.internal.bind.ReflectiveTypeAdapterFactory$2.readIntoField(SourceFile:3)
06-04 11:23:55.681 E/JumpConfig( 1441): at com.google.gson.internal.bind.ReflectiveTypeAdapterFactory$FieldReflectionAdapter.readField(Unknown Source:0)
06-04 11:23:55.681 E/JumpConfig( 1441): at com.google.gson.internal.bind.ReflectiveTypeAdapterFactory$Adapter.read(SourceFile:47)
06-04 11:23:55.681 E/JumpConfig( 1441): at w5.a$b.a(SourceFile:24)
06-04 11:23:55.681 E/JumpConfig( 1441): at w5.a$b.convert(Unknown Source:2)
06-04 11:23:55.681 E/JumpConfig( 1441): at retrofit2.OkHttpCall.parseResponse(SourceFile:59)
06-04 11:23:55.681 E/JumpConfig( 1441): at retrofit2.OkHttpCall$1.onResponse(SourceFile:3)
06-04 11:23:55.681 E/JumpConfig( 1441): at okhttp3.internal.connection.RealCall$AsyncCall.run(SourceFile:48)
06-04 11:23:55.681 E/JumpConfig( 1441): at java.util.concurrent.ThreadPoolExecutor.runWorker(ThreadPoolExecutor.java:1145)
06-04 11:23:55.681 E/JumpConfig( 1441): at java.util.concurrent.ThreadPoolExecutor$Worker.run(ThreadPoolExecutor.java:644)
06-04 11:23:55.681 E/JumpConfig( 1441): at java.lang.Thread.run(Thread.java:1012)
06-04 11:23:55.681 E/JumpConfig( 1441): Caused by: java.lang.IllegalStateException: Expected BEGIN_OBJECT but was STRING at path $
06-04 11:23:55.681 E/JumpConfig( 1441): at com.google.gson.internal.bind.JsonTreeReader.expect(SourceFile:46)
06-04 11:23:55.681 E/JumpConfig( 1441): at com.google.gson.internal.bind.JsonTreeReader.beginObject(SourceFile:3)
06-04 11:23:55.681 E/JumpConfig( 1441): at com.google.gson.internal.bind.ReflectiveTypeAdapterFactory$Adapter.read(SourceFile:22)
06-04 11:23:55.681 E/JumpConfig( 1441): ... 24 more
06-04 11:23:55.689 W/WindowManager( 689): [addWindow] title:com.dangbei.leard.leradlauncher/com.dangbei.leard.login.ui.vip.VipTransactionActivity
06-04 11:23:55.689 W/WindowManager( 689): Failed looking up window session=Session{d8fbee5 1441:1000} callers=com.android.server.wm.WindowManagerService.windowForClientLocked:6075 com.android.server.wm.Session.updateRequestedVisibleTypes:695 android.view.IWindowSession$Stub.onTransact:1034
06-04 11:23:55.691 D/TrafficStats( 1441): tagSocket(160) with statsTag=0xffffffff, statsUid=-1
06-04 11:23:55.699 I/audio_hw_hal_primary( 476): [audiohal_get_latency:1333] io 13: out:0xf07c5650 frames:1152 rate:48000 whole_latency:24 alsa_latency:24
06-04 11:23:55.699 I/audio_hw_hal_primary( 476): [audiohal_get_latency:1333] io 13: out:0xf07c5650 frames:1152 rate:48000 whole_latency:24 alsa_latency:24
06-04 11:23:55.701 D/CoreBackPreview( 689): Window{18d3a76 u0 com.dangbei.leard.leradlauncher/com.dangbei.leard.login.ui.vip.VipTransactionActivity}: Setting back callback OnBackInvokedCallbackInfo{mCallback=android.window.IOnBackInvokedCallback$Stub$Proxy@6a00ce4, mPriority=0, mIsAnimationCallback=false}
06-04 11:23:55.706 E/OpenGLRenderer( 1441): Unable to match the desired swap behavior.
06-04 11:23:55.710 D/TrafficStats( 1441): tagSocket(208) with statsTag=0xffffffff, statsUid=-1
06-04 11:23:55.714 I/q_h_c_s ( 3472): HCDN_LOG: [T:3977]ProcessCurlMsg:599,curl completed with code 28: Operation timed out after 153 milliseconds with 0 bytes received (reid: 17020427, handle: 0xa8b07e50)
06-04 11:23:55.714 W/q_h_c_s ( 3472): HCDN_LOG: [T:3977]ProcessCurlMsg:626,curl error detected (reid: 17020427, error: ownErrCode: 2005 (HTTP connect timeout), sysErrno: 0, transErrCode: 0, mCurlErrCode: 0, eCurlErrCode: 28)
06-04 11:23:55.720 D/XM_HIDREAD( 1961): poll ret=1, event=1
06-04 11:23:55.720 D/XM_HIDREAD( 1961): [9 bytes]:01 00 00 50 00 00 00 00 00
06-04 11:23:55.721 E/playfilesourceNew( 3472): HCDN_LOG: [T:4173][HFATAL]:[f:LoopGetDownloadInfo],[l:3661],[Can not find TaskID(3999911026), end LoopGetDownloadInfo()]
06-04 11:23:55.721 E/Hcdn_DeTask3999911026( 3472): HCDN_LOG: [T:4176][HINFO]:[f:PostNotifyInfo],[l:248], notify type(6),info({"BandWidth":6488064,"IsAd":1,"IsP2P":1,"VID":""}
06-04 11:23:55.721 E/Hcdn_DeTask3999911026( 3472): )
06-04 11:23:55.722 E/Hcdn_DeTask318584460( 3472): HCDN_LOG: [T:4176][HINFO]:[f:PostNotifyInfo],[l:248], notify type(6),info({"BandWidth":-2,"IsAd":1,"IsP2P":1,"VID":""}
06-04 11:23:55.722 E/Hcdn_DeTask318584460( 3472): )
06-04 11:23:55.722 E/playfilesourceNew( 3472): HCDN_LOG: [T:4173][HINFO]:[f:DoAsynNotifyInfoResponse],[l:2605],[TaskID(3999911026),type(6),msg({"BandWidth":6488064,"IsAd":1,"IsP2P":1,"VID":""}
06-04 11:23:55.722 E/playfilesourceNew( 3472): )!]
06-04 11:23:55.722 E/playfilesourceNew( 3472): HCDN_LOG: [T:4173][HINFO]:[f:DoAsynNotifyInfoResponse],[l:2605],[TaskID(318584460),type(6),msg({"BandWidth":-2,"IsAd":1,"IsP2P":1,"VID":""}
06-04 11:23:55.722 E/playfilesourceNew( 3472): )!]
06-04 11:23:55.723 I/SogouIME( 1440): onKeyDown: keyoCode=21
06-04 11:23:55.723 I/DefaultIMS( 1440): onKeyDown: keyoCode=21
06-04 11:23:55.737 I/SogouIME( 1440): onKeyUp: keyoCode=21
06-04 11:23:55.737 I/DefaultIMS( 1440): onKeyUp: keyoCode=21
06-04 11:23:55.741 I/audio_hw_hal_primary( 476): [audiohal_get_latency:1333] io 13: out:0xf07c5650 frames:1152 rate:48000 whole_latency:24 alsa_latency:24
06-04 11:23:55.742 I/audio_hw_hal_primary( 476): [audiohal_get_latency:1333] io 13: out:0xf07c5650 frames:1152 rate:48000 whole_latency:24 alsa_latency:24
06-04 11:23:55.743 W/VRI[VipTransactionActivity]( 1441): Cancelling event (no window focus):KeyEvent { action=ACTION_UP, keyCode=KEYCODE_DPAD_LEFT, scanCode=105, metaState=0, flags=0x28, repeatCount=0, eventTime=976486274505, downTime=976470064000, deviceId=14, source=0x301, displayId=-1 }
06-04 11:23:55.743 W/VRI[VipTransactionActivity]( 1441): Cancelling event (no window focus):KeyEvent { action=ACTION_UP, keyCode=KEYCODE_DPAD_LEFT, scanCode=105, metaState=0, flags=0x28, repeatCount=0, eventTime=976486274505, downTime=976470064000, deviceId=14, source=0x301, displayId=-1 }
06-04 11:23:55.743 W/VRI[VipTransactionActivity]( 1441): Cancelling event (no window focus):KeyEvent { action=ACTION_UP, keyCode=KEYCODE_DPAD_LEFT, scanCode=105, metaState=0, flags=0x28, repeatCount=0, eventTime=976486274505, downTime=976470064000, deviceId=14, source=0x301, displayId=-1 }
06-04 11:23:55.743 W/VRI[VipTransactionActivity]( 1441): Cancelling event (no window focus):KeyEvent { action=ACTION_UP, keyCode=KEYCODE_DPAD_LEFT, scanCode=105, metaState=0, flags=0x28, repeatCount=0, eventTime=976486274505, downTime=976470064000, deviceId=14, source=0x301, displayId=-1 }
06-04 11:23:55.743 W/VRI[VipTransactionActivity]( 1441): Cancelling event (no window focus):KeyEvent { action=ACTION_UP, keyCode=KEYCODE_DPAD_LEFT, scanCode=105, metaState=0, flags=0x28, repeatCount=0, eventTime=976486274505, downTime=976470064000, deviceId=14, source=0x301, displayId=-1 }
06-04 11:23:55.743 W/VRI[VipTransactionActivity]( 1441): Cancelling event (no window focus):KeyEvent { action=ACTION_UP, keyCode=KEYCODE_DPAD_LEFT, scanCode=105, metaState=0, flags=0x28, repeatCount=0, eventTime=976486274505, downTime=976470064000, deviceId=14, source=0x301, displayId=-1 }
06-04 11:23:55.747 I/ImeTracker( 689): com.dangbei.leard.leradlauncher:7aef786c: onRequestHide at ORIGIN_SERVER_HIDE_INPUT reason HIDE_UNSPECIFIED_WINDOW
06-04 11:23:55.747 I/ImeTracker( 689): com.dangbei.leard.leradlauncher:7aef786c: onCancelled at PHASE_SERVER_SHOULD_HIDE
06-04 11:23:55.748 I/DefaultIMS( 1440): onStartInput attribute=android.view.inputmethod.EditorInfo@1f9ad96 restarting=false inputType: 0
06-04 11:23:55.748 I/SogouIME( 1440): onKeyDown: keyoCode=19
06-04 11:23:55.748 I/DefaultIMS( 1440): onKeyDown: keyoCode=19
06-04 11:23:55.751 I/UFUnilog( 3472): api_httpdns_fastdns.cpp : 184 {fuc=APIHttpdnsFastDns:GetHttpDnsResult(),interface_msg=v6 domain finded, result4a_size=1, result4aaaa_size=1, result4b_size=1, result4bbbb_size=0}
06-04 11:23:55.751 I/UFUnilog( 3472): api_httpdns_fastdns.cpp : 200 {fuc=APIHttpdnsFastDns:GetHttpDnsResult(),interface_msg=v4 finded,domain=msg.ptqy.gitv.tv,ip_list_count=4,ip_from_cache=1,ns_result=116.211.189.205|443}
06-04 11:23:55.751 I/UFUnilog( 3472): api_httpdns_fastdns.cpp : 221 {fuc=APIHttpdnsFastDns:GetHttpDnsResult(),interface_msg=v6 finded,domain=msg.ptqy.gitv.tv,ip_list_count_v6=3,ip_from_cache=1,ns_result=116.211.189.205|443}
06-04 11:23:55.751 I/UFUnilog( 3472): api_httpdns_fastdns.cpp : 246 {fuc=APIHttpdnsFastDns:GetHttpDnsResult(),interface_msg=v4 backup finded,domain=msg.ptqy.gitv.tv,ip_list_count_b=4,bfirst=0,ip_from_cache=1,ns_result=116.211.189.205|443}
06-04 11:23:55.751 I/UFUnilog( 3472): api_strategy_impl.cpp : 569 PingbackSdk {fuc=APIStrategyImpl:CreateStrategyResult(),logtag=babel_pb_173,strategyname=httpdns-strategy,interface_msg=complete build strategy result,suggest_url_params=,suggest_protocol=,bReplaceWithNewFullUrl=0,bReplaceWithNewHeaders=0}
06-04 11:23:55.752 I/SogouIME( 1440): onKeyDown: keyoCode=21
06-04 11:23:55.752 V/UFUnilog( 3472): UFNEasyCurlClientImpl.cpp : 16 PingbackSdk {fuc=UFNEasyCurlClientImpl:Perform(),logtag=babel_pb_173,interface_msg=in}
06-04 11:23:55.752 I/DefaultIMS( 1440): onKeyDown: keyoCode=21
06-04 11:23:55.790 I/q_h_c_s ( 3472): HCDN_LOG: [T:3977]OnRequestError:3700,OnRequestError, reid: 17020427, taskID(0), error:(ownErrCode: 2005 (HTTP connect timeout), sysErrno: 0, transErrCode: 0, mCurlErrCode: 0, eCurlErrCode: 28), range_offset(0), range_len(-1)
06-04 11:23:55.790 I/q_h_c_s ( 3472): HCDN_LOG: [T:3977]ExecuteCallback:2569,HTTP time information: reid: 17020427, reqScheduleTime: 1749007434943, reqBeginTime: 1749007435222, qtpDnsEndTime: 1749007435222, startRecvHeaderTime: 0, startRecvBodyTime: 0, reqEndTime: 1749007435790
06-04 11:23:55.790 I/q_h_c_s ( 3472): HCDN_LOG: [T:3977]ExecuteCallback:2671,m_cQtpHttpFinishedCb is nullptr, skip callback (reid: 17020427)
06-04 11:23:55.790 I/q_h_c_s ( 3472): HCDN_LOG: [T:3977]ExecuteCallback:2700,m_cQtpHttpCb is nullptr, skip callback (reid: 17020427)
06-04 11:23:55.790 I/q_h_c_s ( 3472): HCDN_LOG: [T:3977]ExecuteCallback:2740,Call m_callbackTask callback (reid: 17020427)
06-04 11:23:55.790 I/q_h_c_s ( 3472): HCDN_LOG: [T:3977]ExecuteCallback:2745,Finished m_callbackTask callback (reid: 17020427)
06-04 11:23:55.790 I/q_h_c_s ( 3472): HCDN_LOG: [T:3977]ExecuteCallback:2775,HTTP finished, reid: 17020427, status: ownErrCode: 2005 (HTTP connect timeout), sysErrno: 0, transErrCode: 0, mCurlErrCode: 0, eCurlErrCode: 28, HTTP status code: 0, HTTP version: 0, trypath:
06-04 11:23:55.790 I/q_h_c_s ( 3472): HCDN_LOG: [T:3977]OnRequestError:3787,OnRequestError erase reid: 17020427, m_mapReqId2HttpInfo(4)
06-04 11:23:55.790 I/q_h_c_s ( 3472): HCDN_LOG: [T:3977]ProcessCurlMsg:658,ProcessCurlMsg: reid: 17020427, taskid(0), moduleId(14), offset(0), length(-1), CURL(0x0), m_mapRun(1), m_mapReqId2EasyHandle(1), m_vecModuleRun(0,0,1,0,0,0,0,0,0)
06-04 11:23:55.790 I/q_h_c_s ( 3472): HCDN_LOG: [T:3977]ProcessCurlMsg:599,curl completed with code 28: Operation timed out after 194 milliseconds with 0 bytes received (reid: 17020429, handle: 0xecd49790)
06-04 11:23:55.790 W/q_h_c_s ( 3472): HCDN_LOG: [T:3977]ProcessCurlMsg:626,curl error detected (reid: 17020429, error: ownErrCode: 2005 (HTTP connect timeout), sysErrno: 0, transErrCode: 0, mCurlErrCode: 0, eCurlErrCode: 28)
06-04 11:23:55.790 I/q_h_c_s ( 3472): HCDN_LOG: [T:3977]OnRequestError:3700,OnRequestError, reid: 17020429, taskID(0), error:(ownErrCode: 2005 (HTTP connect timeout), sysErrno: 0, transErrCode: 0, mCurlErrCode: 0, eCurlErrCode: 28), range_offset(0), range_len(-1)
06-04 11:23:55.791 I/q_h_c_s ( 3472): HCDN_LOG: [T:3977]ExecuteCallback:2569,HTTP time information: reid: 17020429, reqScheduleTime: 1749007435007, reqBeginTime: 1749007435316, qtpDnsEndTime: 1749007435316, startRecvHeaderTime: 0, startRecvBodyTime: 0, reqEndTime: 1749007435790
06-04 11:23:55.791 I/q_h_c_s ( 3472): HCDN_LOG: [T:3977]ExecuteCallback:2671,m_cQtpHttpFinishedCb is nullptr, skip callback (reid: 17020429)
06-04 11:23:55.791 I/q_h_c_s ( 3472): HCDN_LOG: [T:3977]ExecuteCallback:2700,m_cQtpHttpCb is nullptr, skip callback (reid: 17020429)
06-04 11:23:55.791 I/q_h_c_s ( 3472): HCDN_LOG: [T:3977]ExecuteCallback:2740,Call m_callbackTask callback (reid: 17020429)
06-04 11:23:55.791 I/q_h_c_s ( 3472): HCDN_LOG: [T:3977]ExecuteCallback:2745,Finished m_callbackTask callback (reid: 17020429)
06-04 11:23:55.791 I/q_h_c_s ( 3472): HCDN_LOG: [T:3977]ExecuteCallback:2775,HTTP finished, reid: 17020429, status: ownErrCode: 2005 (HTTP connect timeout), sysErrno: 0, transErrCode: 0, mCurlErrCode: 0, eCurlErrCode: 28, HTTP status code: 0, HTTP version: 0, trypath:
06-04 11:23:55.791 I/q_h_c_s ( 3472): HCDN_LOG: [T:3977]OnRequestError:3787,OnRequestError erase reid: 17020429, m_mapReqId2HttpInfo(3)
06-04 11:23:55.791 I/q_h_c_s ( 3472): HCDN_LOG: [T:3977]ProcessCurlMsg:658,ProcessCurlMsg: reid: 17020429, taskid(0), moduleId(14), offset(0), length(-1), CURL(0x0), m_mapRun(0), m_mapReqId2EasyHandle(0), m_vecModuleRun(0,0,0,0,0,0,0,0,0)
06-04 11:23:55.791 I/q_h_c_s ( 3472): HCDN_LOG: [T:3977]SetCurlEasyHandle:1821,curl_easy_setopt CURLOPT_ERRORBUFFER success (reid: 17020424)
06-04 11:23:55.791 I/q_h_c_s ( 3472): HCDN_LOG: [T:3977]SetCurlEncoding:2010,curl_easy_setopt CURLOPT_ACCEPT_ENCODING success (reid: 17020424)
06-04 11:23:55.791 I/q_h_c_s ( 3472): HCDN_LOG: [T:3977]SetCurlEncoding:2026,curl_easy_setopt CURLOPT_HTTP_CONTENT_DECODING success (reid: 17020424)
06-04 11:23:55.791 I/q_h_c_s ( 3472): HCDN_LOG: [T:3977]SetCurlIpResolve:2074,curl_easy_setopt CURLOPT_IPRESOLVE success (reid: 17020424, ipresolve: 1)
06-04 11:23:55.791 I/q_h_c_s ( 3472): HCDN_LOG: [T:3977]GetQtpUrl:2617,EnabledQtp CURLOPT_URL: https://msg.ptqy.gitv.tv/scp2.gif (reid: 17020424)
06-04 11:23:55.791 W/q_h_c_s ( 3472): HCDN_LOG: [T:3977]SetEasyOpt:1497,curl_easy_setopt CURLOPT_URL success: https://msg.ptqy.gitv.tv/scp2.gif (reid: 17020424)
06-04 11:23:55.791 I/q_h_c_s ( 3472): HCDN_LOG: [T:3977]CheckDnsEntry:2827,CheckDnsEntry for remove dns retry (reid: 17020424)
06-04 11:23:55.791 W/q_h_c_s ( 3472): HCDN_LOG: [T:3977]SetCurlResolve:2862,Set DNS entry (reid: 17020424, rmDnsEntry: -msg.ptqy.gitv.tv:443, dnsEntry: )
06-04 11:23:55.791 I/q_h_c_s ( 3472): HCDN_LOG: [T:3977]SetCurlSsl:3382,curl_easy_setopt CURLOPT_SSL_VERIFYHOST success (reid: 17020424, verifyHostVal: 0)
06-04 11:23:55.791 I/q_h_c_s ( 3472): HCDN_LOG: [T:3977]SetCurlSsl:3401,curl_easy_setopt CURLOPT_SSL_VERIFYPEER success (reid: 17020424, verifyPeerVal: 0)
06-04 11:23:55.791 I/q_h_c_s ( 3472): HCDN_LOG: [T:3977]SetCurlHeader:3616,Skip add Accept-Encoding in header when curl_easy_setopt CURLOPT_HTTPHEADER (reid: 17020424, accept_encoding: gzip, deflate)
06-04 11:23:55.791 I/q_h_c_s ( 3472): HCDN_LOG: [T:3977]SetCurlHeader:3630,curl_slist_append add header User-Agent: Dalvik/2.1.0 (Linux; U; Android 14; DBBOX-A3 Build/UD2A.240505.001.W1) QIYIVideo/2.1403.1.250523;NetType/wifi;QTP/2.2.100.2405 (reid: 17020424)
06-04 11:23:55.791 I/q_h_c_s ( 3472): HCDN_LOG: [T:3977]SetCurlLowSpeed:3795,curl_easy_setopt CURLOPT_LOW_SPEED_LIMIT success for global (reid: 17020424, speed: 1)
06-04 11:23:55.791 I/q_h_c_s ( 3472): HCDN_LOG: [T:3977]SetCurlLowSpeed:3813,curl_easy_setopt CURLOPT_LOW_SPEED_TIME success for global (reid: 17020424, time: 20)
06-04 11:23:55.791 W/q_h_c_s ( 3472): HCDN_LOG: [T:3977]SetCurlTimeout:4095,curl_easy_setopt CURLOPT_CONNECTTIMEOUT_MS success (reid: 17020424, timeout: 5001)
06-04 11:23:55.791 W/q_h_c_s ( 3472): HCDN_LOG: [T:3977]SetCurlTimeout:4161,curl_easy_setopt CURLOPT_TIMEOUT_MS success (reid: 17020424, timeout: 5000)
06-04 11:23:55.791 I/q_h_c_s ( 3472): HCDN_LOG: [T:3977]SetCurlPostData:4319,curl_easy_setopt CURLOPT_POSTFIELDSIZE success (reid: 17020424, length: 4775)
06-04 11:23:55.791 I/q_h_c_s ( 3472): HCDN_LOG: [T:3977]SetEasyOpt:1741,curl_easy_setopt CURLOPT_Q_ENABLE_ASYNTHREAD_NOWAIT success (reid: 17020424)
06-04 11:23:55.791 W/q_h_c_s ( 3472): HCDN_LOG: [T:3977]AddToMultiHandle:1145,AddToMultiHandle reid: 17020424, taskid(0), moduleId(5000), offset(0), length(-1), CURL(0xecd49790), m_mapRun(1), m_mapReqId2EasyHandle(1), m_vecModuleRun(0,0,0,0,0,0,0,0,1)
06-04 11:23:55.792 W/ContextImpl( 689): Calling a method in the system process without a qualified user: android.app.ContextImpl.startService:1899 com.android.server.wm.DisplayPolicy.lambda$focusChangedLw$5:2126 com.android.server.wm.DisplayPolicy.$r8$lambda$Znxk63oh-WzVnzo_WQefN7uxV48:0 com.android.server.wm.DisplayPolicy$$ExternalSyntheticLambda13.run:0 android.os.Handler.handleCallback:958
06-04 11:23:55.793 W/q_h_c_s ( 3472): HCDN_LOG: [T:3978]HcbOnFastDnsRespEx:760,HcbOnHttpDnsRespEx failed (dns_reid: 17020427, qtp_reid: 17020426, error: ownErrCode: 2005 (HTTP connect timeout), sysErrno: 0, transErrCode: 0, mCurlErrCode: 0, eCurlErrCode: 28)
06-04 11:23:55.793 I/q_h_c_s ( 3472): HCDN_LOG: [T:3978]EliminateFastDnsHost:1026,FastDNS host 127.0.0.1:1981 failed 10 times, move to the back of m_fastdnsHostsQueue
06-04 11:23:55.793 W/q_h_c_s ( 3472): HCDN_LOG: [T:3978]HcbOnFastDnsRespEx:819,Fast DNS response failed (qtp_reid: 17020426, dns_reid: 17020427, error: ownErrCode: 2005 (HTTP connect timeout), sysErrno: 0, transErrCode: 0, mCurlErrCode: 0, eCurlErrCode: 28)
06-04 11:23:55.793 I/q_h_c_s ( 3472): HCDN_LOG: [T:3978]SendQueryDnsFailResp:1160,Query qtp dns failed (reid: 17020426)
06-04 11:23:55.794 I/q_h_c_s ( 3472): HCDN_LOG: [T:3978]~QtpHttpStatusCode:197,Delete QtpHttpStatusCode(address: 0xb73bada0)
06-04 11:23:55.794 I/q_h_c_s ( 3472): HCDN_LOG: [T:3978]~QtpHttpRequest:538,Delete QtpHttpRequest(reid: 17020427, address: 0xecb1d7d0)
06-04 11:23:55.794 I/q_h_c_s ( 3472): HCDN_LOG: [T:3978]~QtpHttpResponse:1042,Delete QtpHttpResponse(address: 0xecc50c30)
06-04 11:23:55.794 W/q_h_c_s ( 3472): HCDN_LOG: [T:3978]HcbOnFastDnsRespEx:760,HcbOnHttpDnsRespEx failed (dns_reid: 17020429, qtp_reid: 17020428, error: ownErrCode: 2005 (HTTP connect timeout), sysErrno: 0, transErrCode: 0, mCurlErrCode: 0, eCurlErrCode: 28)
06-04 11:23:55.794 I/q_h_c_s ( 3472): HCDN_LOG: [T:3978]EliminateFastDnsHost:1026,FastDNS host 127.0.0.1:1991 failed 10 times, move to the back of m_fastdnsHostsQueue
06-04 11:23:55.794 W/q_h_c_s ( 3472): HCDN_LOG: [T:3978]HcbOnFastDnsRespEx:819,Fast DNS response failed (qtp_reid: 17020428, dns_reid: 17020429, error: ownErrCode: 2005 (HTTP connect timeout), sysErrno: 0, transErrCode: 0, mCurlErrCode: 0, eCurlErrCode: 28)
06-04 11:23:55.794 I/q_h_c_s ( 3472): HCDN_LOG: [T:3978]SendQueryDnsFailResp:1160,Query qtp dns failed (reid: 17020428)
06-04 11:23:55.795 D/aaa ( 4951): LedStatusService onStartCommand begin
06-04 11:23:55.796 D/aaa ( 4951): topPkg is -------------- :com.dangbei.leard.leradlauncher
06-04 11:23:55.800 D/aaa ( 4951): WiFi is connect
06-04 11:23:55.807 I/SogouIME( 1440): onKeyUp: keyoCode=21
06-04 11:23:55.807 I/DefaultIMS( 1440): onKeyUp: keyoCode=21
06-04 11:23:55.824 I/SogouIME( 1440): onKeyUp: keyoCode=19
06-04 11:23:55.824 I/DefaultIMS( 1440): onKeyUp: keyoCode=19
06-04 11:23:55.794 I/q_h_c_s ( 3472): HCDN_LOG: [T:3978]~QtpHttpStatusCode:197,Delete QtpHttpStatusCode(address: 0xb73ab850)
06-04 11:23:55.831 I/q_h_c_s ( 3472): HCDN_LOG: [T:3978]~QtpHttpRequest:538,Delete QtpHttpRequest(reid: 17020429, address: 0xecb21890)
06-04 11:23:55.831 I/q_h_c_s ( 3472): HCDN_LOG: [T:3978]~QtpHttpResponse:1042,Delete QtpHttpResponse(address: 0xecc70bb0)
06-04 11:23:55.832 W/q_h_c_s ( 3472): HCDN_LOG: [T:3978]OnPostMessage:667,QTP DNS query failed (reid: 17020426)
06-04 11:23:55.832 I/q_h_c_s ( 3472): HCDN_LOG: [T:3978]RemoveWaitForDnsByReqId:758,Remove waiting for qtp dns http request (reid: 17020426)
06-04 11:23:55.832 I/q_h_c_s ( 3472): HCDN_LOG: [T:3978]ProcessQtpStateWhenQtpDnsDone:3017,Check QTP state when qtpdns done for reid: 17020426 (http3RetryMode:0, isDistantAgentWorkable:0, isSpareIPWorkable:0, isSpareIPFirst:0)
06-04 11:23:55.832 I/q_h_c_s ( 3472): HCDN_LOG: [T:3978]SetState:1618,QTP State changed: QSD1R0_WAITFOR_FASTDNS_CACHE_RESP ====> QSD1R0_WAITFOR_CURLDNS_RESP (reid: 17020426)
06-04 11:23:55.832 I/q_h_c_s ( 3472): HCDN_LOG: [T:3978]AddRequestedHttpInfo:5403,Continue QTP flow, m_mapReqId2HttpInfo add reid: 17020426, requestUrl: https://msg.ptqy.gitv.tv/scp2.gif, taskID(0), range_offset(0), range_len(-1), m_mapReqId2HttpInfo(3)
06-04 11:23:55.832 W/q_h_c_s ( 3472): HCDN_LOG: [T:3978]OnPostMessage:667,QTP DNS query failed (reid: 17020428)
06-04 11:23:55.832 I/q_h_c_s ( 3472): HCDN_LOG: [T:3978]RemoveWaitForDnsByReqId:758,Remove waiting for qtp dns http request (reid: 17020428)
06-04 11:23:55.832 I/q_h_c_s ( 3472): HCDN_LOG: [T:3978]ProcessQtpStateWhenQtpDnsDone:3017,Check QTP state when qtpdns done for reid: 17020428 (http3RetryMode:0, isDistantAgentWorkable:0, isSpareIPWorkable:0, isSpareIPFirst:0)
06-04 11:23:55.832 I/q_h_c_s ( 3472): HCDN_LOG: [T:3978]SetState:1618,QTP State changed: QSD1R0_WAITFOR_FASTDNS_CACHE_RESP ====> QSD1R0_WAITFOR_CURLDNS_RESP (reid: 17020428)
06-04 11:23:55.832 I/q_h_c_s ( 3472): HCDN_LOG: [T:3978]AddRequestedHttpInfo:5403,Continue QTP flow, m_mapReqId2HttpInfo add reid: 17020428, requestUrl: http://msg.ptqy.gitv.tv/v5/core/pstat?ptid=14025032401000000000&pf=3&c1=2&c2=&lvbck=&r=3082422542861000&aid=7362779503959101&u=tv_ffb55351f3aea58931690796f01ed55d_1749006460772_9900404006&pu=6040457410&os=android_034-01-01&v=2.1403.1.250523&krv=5.1.0202&krvb=15549&hcdnv=10.2.3.5212&lnv=&mdlm=&ra1=1&ra2=-1&ra3=500&ra4=25&ra5=100&ra6=0&va=0&as=2b4acc4073b9ea3040eade606bf771df&ve=a7dc9b5a66df1f87c8afe77eb474fe0b&islocal=0&ht=0&tpcd=&tpad=-1&drm_t=0&abr_t=0&abr_m=-1&abr_at=&abr_p=0_0&chipid=amlogic&mod=&nettype=11&ua_model=DBBOX-A3&rn=1749007435004&stime=1749007435004&vdurt=2725000&krus=tv_android_player&vpt=-100&p1=0&p2=0&pdc_src=-1&a_ra=&a_va=&prtype=0&smallplyrtp=&hwnp=&netmod=1&play_src=&mpi=&q_a=1&q_z=0&q_b=1&q_c=1_1&q_d=0_0&q_e=1_1&q_f=1_2_0&q_g=1_1&q_h=0_0&q_i=0_0_0&q_j=0_0&q_k=0_0_0&q_y=0, taskID(0), range_offset(0), range_len(-1), m_mapReqId2HttpInfo(3)
06-04 11:23:55.832 E/Hcdn_DeTask3999911026( 3472): HCDN_LOG: [T:4176][HINFO]:[f:PostNotifyInfo],[l:248], notify type(6),info({"BandWidth":6488064,"IsAd":1,"IsP2P":1,"VID":""}
06-04 11:23:55.832 E/Hcdn_DeTask3999911026( 3472): )
06-04 11:23:55.832 E/Hcdn_DeTask318584460( 3472): HCDN_LOG: [T:4176][HINFO]:[f:PostNotifyInfo],[l:248], notify type(6),info({"BandWidth":-2,"IsAd":1,"IsP2P":1,"VID":""}
06-04 11:23:55.832 E/Hcdn_DeTask318584460( 3472): )
06-04 11:23:55.832 E/playfilesourceNew( 3472): HCDN_LOG: [T:4173][HINFO]:[f:DoAsynNotifyInfoResponse],[l:2605],[TaskID(3999911026),type(6),msg({"BandWidth":6488064,"IsAd":1,"IsP2P":1,"VID":""}
06-04 11:23:55.832 E/playfilesourceNew( 3472): )!]
06-04 11:23:55.832 E/playfilesourceNew( 3472): HCDN_LOG: [T:4173][HINFO]:[f:DoAsynNotifyInfoResponse],[l:2605],[TaskID(318584460),type(6),msg({"BandWidth":-2,"IsAd":1,"IsP2P":1,"VID":""}
06-04 11:23:55.832 E/playfilesourceNew( 3472): )!]
06-04 11:23:55.889 D/XM_HIDREAD( 1961): poll ret=1, event=1
06-04 11:23:55.889 D/XM_HIDREAD( 1961): [9 bytes]:01 00 00 00 00 00 00 00 00
06-04 11:23:55.890 I/SogouIME( 1440): onKeyUp: keyoCode=21
06-04 11:23:55.890 I/DefaultIMS( 1440): onKeyUp: keyoCode=21
06-04 11:23:55.912 I/audio_hw_hal_primary( 476): [audiohal_get_latency:1333] io 13: out:0xf07c5650 frames:1152 rate:48000 whole_latency:24 alsa_latency:24
06-04 11:23:55.932 I/WifiHAL ( 501): call wifi_get_link_stats handler
06-04 11:23:55.932 I/WifiHAL ( 501): Creating message to get link statistics; iface = 16
06-04 11:23:55.932 D/WifiHAL ( 501): error code -95 mapped to -3
06-04 11:23:55.933 E/WifiStaIfaceAidlImpl( 689): getLinkLayerStats failed with service-specific exception: android.os.ServiceSpecificException: (code 4)
06-04 11:23:55.934 E/Hcdn_DeTask3999911026( 3472): HCDN_LOG: [T:4176][HINFO]:[f:PostNotifyInfo],[l:248], notify type(6),info({"BandWidth":6488064,"IsAd":1,"IsP2P":1,"VID":""}
06-04 11:23:55.934 E/Hcdn_DeTask3999911026( 3472): )
06-04 11:23:55.934 E/Hcdn_DeTask318584460( 3472): HCDN_LOG: [T:4176][HINFO]:[f:PostNotifyInfo],[l:248], notify type(6),info({"BandWidth":-2,"IsAd":1,"IsP2P":1,"VID":""}
06-04 11:23:55.934 E/Hcdn_DeTask318584460( 3472): )
06-04 11:23:55.934 E/playfilesourceNew( 3472): HCDN_LOG: [T:4173][HINFO]:[f:DoAsynNotifyInfoResponse],[l:2605],[TaskID(3999911026),type(6),msg({"BandWidth":6488064,"IsAd":1,"IsP2P":1,"VID":""}
06-04 11:23:55.934 E/playfilesourceNew( 3472): )!]
06-04 11:23:55.934 E/playfilesourceNew( 3472): HCDN_LOG: [T:4173][HINFO]:[f:DoAsynNotifyInfoResponse],[l:2605],[TaskID(318584460),type(6),msg({"BandWidth":-2,"IsAd":1,"IsP2P":1,"VID":""}
06-04 11:23:55.934 E/playfilesourceNew( 3472): )!]
06-04 11:23:55.955 I/audio_hw_hal_primary( 476): [audiohal_get_latency:1333] io 13: out:0xf07c5650 frames:1152 rate:48000 whole_latency:24 alsa_latency:24
06-04 11:23:55.955 I/audio_hw_hal_primary( 476): [audiohal_get_latency:1333] io 13: out:0xf07c5650 frames:1152 rate:48000 whole_latency:24 alsa_latency:24
06-04 11:23:55.955 I/audio_hw_hal_primary( 476): [audiohal_get_latency:1333] io 13: out:0xf07c5650 frames:1152 rate:48000 whole_latency:24 alsa_latency:24
06-04 11:23:55.977 I/audio_hw_hal_primary( 476): [audiohal_get_latency:1333] io 13: out:0xf07c5650 frames:1152 rate:48000 whole_latency:24 alsa_latency:24
06-04 11:23:55.977 I/audio_hw_hal_primary( 476): [audiohal_get_latency:1333] io 13: out:0xf07c5650 frames:1152 rate:48000 whole_latency:24 alsa_latency:24
06-04 11:23:55.977 I/audio_hw_hal_primary( 476): [audiohal_get_latency:1333] io 13: out:0xf07c5650 frames:1152 rate:48000 whole_latency:24 alsa_latency:24
06-04 11:23:55.997 I/audio_hw_hal_primary( 476): [audiohal_get_latency:1333] io 13: out:0xf07c5650 frames:1152 rate:48000 whole_latency:24 alsa_latency:24
06-04 11:23:55.998 I/audio_hw_hal_primary( 476): [audiohal_get_latency:1333] io 13: out:0xf07c5650 frames:1152 rate:48000 whole_latency:24 alsa_latency:24
06-04 11:23:55.998 I/audio_hw_hal_primary( 476): [audiohal_get_latency:1333] io 13: out:0xf07c5650 frames:1152 rate:48000 whole_latency:24 alsa_latency:24
06-04 11:23:56.002 D/hdmicecd( 487): [CEC]:printCecMsgBuf, msg: 04 8f
06-04 11:23:56.003 D/HDMI ( 689): [R]: 04:8F
06-04 11:23:56.004 D/HDMI ( 689): [S]: 40:90:00
06-04 11:23:55.996 I/xm_hidread( 1961): type=1400 audit(0.0:1778): avc: denied { read } for scontext=u:r:init:s0 tcontext=u:r:init:s0 tclass=netlink_kobject_uevent_socket permissive=1
06-04 11:23:56.019 I/audio_hw_hal_primary( 476): [audiohal_get_latency:1333] io 13: out:0xf07c5650 frames:1152 rate:48000 whole_latency:24 alsa_latency:24
06-04 11:23:56.019 I/audio_hw_hal_primary( 476): [audiohal_get_latency:1333] io 13: out:0xf07c5650 frames:1152 rate:48000 whole_latency:24 alsa_latency:24
06-04 11:23:56.020 I/audio_hw_hal_primary( 476): [audiohal_get_latency:1333] io 13: out:0xf07c5650 frames:1152 rate:48000 whole_latency:24 alsa_latency:24
06-04 11:23:56.036 E/Hcdn_DeTask3999911026( 3472): HCDN_LOG: [T:4176][HINFO]:[f:PostNotifyInfo],[l:248], notify type(6),info({"BandWidth":6488064,"IsAd":1,"IsP2P":1,"VID":""}
06-04 11:23:56.036 E/Hcdn_DeTask3999911026( 3472): )
06-04 11:23:56.036 E/Hcdn_DeTask318584460( 3472): HCDN_LOG: [T:4176][HINFO]:[f:PostNotifyInfo],[l:248], notify type(6),info({"BandWidth":-2,"IsAd":1,"IsP2P":1,"VID":""}
06-04 11:23:56.036 E/Hcdn_DeTask318584460( 3472): )
06-04 11:23:56.037 E/playfilesourceNew( 3472): HCDN_LOG: [T:4173][HINFO]:[f:DoAsynNotifyInfoResponse],[l:2605],[TaskID(3999911026),type(6),msg({"BandWidth":6488064,"IsAd":1,"IsP2P":1,"VID":""}
06-04 11:23:56.037 E/playfilesourceNew( 3472): )!]
06-04 11:23:56.037 E/playfilesourceNew( 3472): HCDN_LOG: [T:4173][HINFO]:[f:DoAsynNotifyInfoResponse],[l:2605],[TaskID(318584460),type(6),msg({"BandWidth":-2,"IsAd":1,"IsP2P":1,"VID":""}
06-04 11:23:56.037 E/playfilesourceNew( 3472): )!]
06-04 11:23:56.040 I/audio_hw_hal_primary( 476): [audiohal_get_latency:1333] io 13: out:0xf07c5650 frames:1152 rate:48000 whole_latency:24 alsa_latency:24
06-04 11:23:56.040 I/audio_hw_hal_primary( 476): [audiohal_get_latency:1333] io 13: out:0xf07c5650 frames:1152 rate:48000 whole_latency:24 alsa_latency:24
06-04 11:23:56.040 I/audio_hw_hal_primary( 476): [audiohal_get_latency:1333] io 13: out:0xf07c5650 frames:1152 rate:48000 whole_latency:24 alsa_latency:24
06-04 11:23:56.048 I/q_h_c_s ( 3472): HCDN_LOG: [T:3977]SetCurlEasyHandle:1821,curl_easy_setopt CURLOPT_ERRORBUFFER success (reid: 17020426)
06-04 11:23:56.048 I/q_h_c_s ( 3472): HCDN_LOG: [T:3977]SetCurlEncoding:2010,curl_easy_setopt CURLOPT_ACCEPT_ENCODING success (reid: 17020426)
06-04 11:23:56.049 I/q_h_c_s ( 3472): HCDN_LOG: [T:3977]SetCurlEncoding:2026,curl_easy_setopt CURLOPT_HTTP_CONTENT_DECODING success (reid: 17020426)
06-04 11:23:56.049 I/q_h_c_s ( 3472): HCDN_LOG: [T:3977]SetCurlIpResolve:2074,curl_easy_setopt CURLOPT_IPRESOLVE success (reid: 17020426, ipresolve: 1)
06-04 11:23:56.049 I/q_h_c_s ( 3472): HCDN_LOG: [T:3977]GetQtpUrl:2617,EnabledQtp CURLOPT_URL: https://msg.ptqy.gitv.tv/scp2.gif (reid: 17020426)
06-04 11:23:56.049 W/q_h_c_s ( 3472): HCDN_LOG: [T:3977]SetEasyOpt:1497,curl_easy_setopt CURLOPT_URL success: https://msg.ptqy.gitv.tv/scp2.gif (reid: 17020426)
06-04 11:23:56.049 I/q_h_c_s ( 3472): HCDN_LOG: [T:3977]CheckDnsEntry:2827,CheckDnsEntry for remove dns retry (reid: 17020426)
06-04 11:23:56.049 W/q_h_c_s ( 3472): HCDN_LOG: [T:3977]SetCurlResolve:2862,Set DNS entry (reid: 17020426, rmDnsEntry: -msg.ptqy.gitv.tv:443, dnsEntry: )
06-04 11:23:56.049 I/q_h_c_s ( 3472): HCDN_LOG: [T:3977]SetCurlSsl:3382,curl_easy_setopt CURLOPT_SSL_VERIFYHOST success (reid: 17020426, verifyHostVal: 0)
06-04 11:23:56.049 I/q_h_c_s ( 3472): HCDN_LOG: [T:3977]SetCurlSsl:3401,curl_easy_setopt CURLOPT_SSL_VERIFYPEER success (reid: 17020426, verifyPeerVal: 0)
06-04 11:23:56.049 I/q_h_c_s ( 3472): HCDN_LOG: [T:3977]SetCurlHeader:3616,Skip add Accept-Encoding in header when curl_easy_setopt CURLOPT_HTTPHEADER (reid: 17020426, accept_encoding: gzip, deflate)
06-04 11:23:56.049 I/q_h_c_s ( 3472): HCDN_LOG: [T:3977]SetCurlHeader:3630,curl_slist_append add header User-Agent: Dalvik/2.1.0 (Linux; U; Android 14; DBBOX-A3 Build/UD2A.240505.001.W1) QIYIVideo/2.1403.1.250523;NetType/wifi;QTP/2.2.100.2405 (reid: 17020426)
06-04 11:23:56.049 I/q_h_c_s ( 3472): HCDN_LOG: [T:3977]SetCurlLowSpeed:3795,curl_easy_setopt CURLOPT_LOW_SPEED_LIMIT success for global (reid: 17020426, speed: 1)
06-04 11:23:56.049 I/q_h_c_s ( 3472): HCDN_LOG: [T:3977]SetCurlLowSpeed:3813,curl_easy_setopt CURLOPT_LOW_SPEED_TIME success for global (reid: 17020426, time: 20)
06-04 11:23:56.049 W/q_h_c_s ( 3472): HCDN_LOG: [T:3977]SetCurlTimeout:4095,curl_easy_setopt CURLOPT_CONNECTTIMEOUT_MS success (reid: 17020426, timeout: 5001)
06-04 11:23:56.049 W/q_h_c_s ( 3472): HCDN_LOG: [T:3977]SetCurlTimeout:4161,curl_easy_setopt CURLOPT_TIMEOUT_MS success (reid: 17020426, timeout: 5000)
