06-04 11:23:31.849 W/ContextImpl( 689): Calling a method in the system process without a qualified user: android.app.ContextImpl.sendBroadcast:1319 android.app.ContextImpl.closeSystemDialogs:3630 com.android.server.policy.PhoneWindowManager.interceptUnhandledKey:4002 com.android.server.policy.PhoneWindowManager.dispatchUnhandledKey:3908 com.android.server.wm.InputManagerCallback.dispatchUnhandledKey:193
06-04 11:23:31.852 D/WindowManagerShell( 939): TvPipMenuController: closeMenu()
06-04 11:23:31.852 I/WindowManagerShell( 939): TvPipMenuController: switchToMenuMode: setting mCurrentMenuMode=MODE_NO_MENU, mPrevMenuMode=MODE_NO_MENU
06-04 11:23:32.315 W/ContextImpl( 689): Calling a method in the system process without a qualified user: android.app.ContextImpl.sendBroadcast:1319 android.app.ContextImpl.closeSystemDialogs:3630 com.android.server.policy.PhoneWindowManager.interceptUnhandledKey:4002 com.android.server.policy.PhoneWindowManager.dispatchUnhandledKey:3908 com.android.server.wm.InputManagerCallback.dispatchUnhandledKey:193
06-04 11:23:32.320 D/WindowManagerShell( 939): TvPipMenuController: closeMenu()
06-04 11:23:32.320 I/WindowManagerShell( 939): TvPipMenuController: switchToMenuMode: setting mCurrentMenuMode=MODE_NO_MENU, mPrevMenuMode=MODE_NO_MENU
06-04 11:23:32.810 W/ContextImpl( 689): Calling a method in the system process without a qualified user: android.app.ContextImpl.sendBroadcast:1319 android.app.ContextImpl.closeSystemDialogs:3630 com.android.server.policy.PhoneWindowManager.interceptUnhandledKey:4002 com.android.server.policy.PhoneWindowManager.dispatchUnhandledKey:3908 com.android.server.wm.InputManagerCallback.dispatchUnhandledKey:193
06-04 11:23:32.812 D/WindowManagerShell( 939): TvPipMenuController: closeMenu()
06-04 11:23:32.812 I/WindowManagerShell( 939): TvPipMenuController: switchToMenuMode: setting mCurrentMenuMode=MODE_NO_MENU, mPrevMenuMode=MODE_NO_MENU
06-04 11:23:33.050 W/ContextImpl( 689): Calling a method in the system process without a qualified user: android.app.ContextImpl.sendBroadcast:1319 android.app.ContextImpl.closeSystemDialogs:3630 com.android.server.policy.PhoneWindowManager.interceptUnhandledKey:4002 com.android.server.policy.PhoneWindowManager.dispatchUnhandledKey:3908 com.android.server.wm.InputManagerCallback.dispatchUnhandledKey:193
06-04 11:23:33.054 D/WindowManagerShell( 939): TvPipMenuController: closeMenu()
06-04 11:23:33.054 I/WindowManagerShell( 939): TvPipMenuController: switchToMenuMode: setting mCurrentMenuMode=MODE_NO_MENU, mPrevMenuMode=MODE_NO_MENU
06-04 11:23:33.315 W/ContextImpl( 689): Calling a method in the system process without a qualified user: android.app.ContextImpl.sendBroadcast:1319 android.app.ContextImpl.closeSystemDialogs:3630 com.android.server.policy.PhoneWindowManager.interceptUnhandledKey:4002 com.android.server.policy.PhoneWindowManager.dispatchUnhandledKey:3908 com.android.server.wm.InputManagerCallback.dispatchUnhandledKey:193
06-04 11:23:33.319 D/WindowManagerShell( 939): TvPipMenuController: closeMenu()
06-04 11:23:33.319 I/WindowManagerShell( 939): TvPipMenuController: switchToMenuMode: setting mCurrentMenuMode=MODE_NO_MENU, mPrevMenuMode=MODE_NO_MENU
06-04 11:23:33.527 V/HotPlugDetectionAction( 689): Poll all devices.
06-04 11:23:33.588 W/ContextImpl( 689): Calling a method in the system process without a qualified user: android.app.ContextImpl.sendBroadcast:1319 android.app.ContextImpl.closeSystemDialogs:3630 com.android.server.policy.PhoneWindowManager.interceptUnhandledKey:4002 com.android.server.policy.PhoneWindowManager.dispatchUnhandledKey:3908 com.android.server.wm.InputManagerCallback.dispatchUnhandledKey:193
06-04 11:23:33.592 D/WindowManagerShell( 939): TvPipMenuController: closeMenu()
06-04 11:23:33.592 I/WindowManagerShell( 939): TvPipMenuController: switchToMenuMode: setting mCurrentMenuMode=MODE_NO_MENU, mPrevMenuMode=MODE_NO_MENU
06-04 11:23:33.927 D/HdmiCecController( 689): [P]:AllocatedAddress=[0]
06-04 11:23:37.514 W/ContextImpl( 689): Calling a method in the system process without a qualified user: android.app.ContextImpl.sendBroadcast:1319 android.app.ContextImpl.closeSystemDialogs:3630 com.android.server.policy.PhoneWindowManager.interceptUnhandledKey:4002 com.android.server.policy.PhoneWindowManager.dispatchUnhandledKey:3908 com.android.server.wm.InputManagerCallback.dispatchUnhandledKey:193
06-04 11:23:37.521 D/WindowManagerShell( 939): TvPipMenuController: closeMenu()
06-04 11:23:37.521 I/WindowManagerShell( 939): TvPipMenuController: switchToMenuMode: setting mCurrentMenuMode=MODE_NO_MENU, mPrevMenuMode=MODE_NO_MENU
06-04 11:23:37.740 W/ContextImpl( 689): Calling a method in the system process without a qualified user: android.app.ContextImpl.sendBroadcast:1319 android.app.ContextImpl.closeSystemDialogs:3630 com.android.server.policy.PhoneWindowManager.interceptUnhandledKey:4002 com.android.server.policy.PhoneWindowManager.dispatchUnhandledKey:3908 com.android.server.wm.InputManagerCallback.dispatchUnhandledKey:193
06-04 11:23:37.743 D/WindowManagerShell( 939): TvPipMenuController: closeMenu()
06-04 11:23:37.743 I/WindowManagerShell( 939): TvPipMenuController: switchToMenuMode: setting mCurrentMenuMode=MODE_NO_MENU, mPrevMenuMode=MODE_NO_MENU
06-04 11:23:37.957 W/ContextImpl( 689): Calling a method in the system process without a qualified user: android.app.ContextImpl.sendBroadcast:1319 android.app.ContextImpl.closeSystemDialogs:3630 com.android.server.policy.PhoneWindowManager.interceptUnhandledKey:4002 com.android.server.policy.PhoneWindowManager.dispatchUnhandledKey:3908 com.android.server.wm.InputManagerCallback.dispatchUnhandledKey:193
06-04 11:23:37.960 D/WindowManagerShell( 939): TvPipMenuController: closeMenu()
06-04 11:23:37.960 I/WindowManagerShell( 939): TvPipMenuController: switchToMenuMode: setting mCurrentMenuMode=MODE_NO_MENU, mPrevMenuMode=MODE_NO_MENU
06-04 11:23:38.169 W/ContextImpl( 689): Calling a method in the system process without a qualified user: android.app.ContextImpl.sendBroadcast:1319 android.app.ContextImpl.closeSystemDialogs:3630 com.android.server.policy.PhoneWindowManager.interceptUnhandledKey:4002 com.android.server.policy.PhoneWindowManager.dispatchUnhandledKey:3908 com.android.server.wm.InputManagerCallback.dispatchUnhandledKey:193
06-04 11:23:38.173 D/WindowManagerShell( 939): TvPipMenuController: closeMenu()
06-04 11:23:38.173 I/WindowManagerShell( 939): TvPipMenuController: switchToMenuMode: setting mCurrentMenuMode=MODE_NO_MENU, mPrevMenuMode=MODE_NO_MENU
06-04 11:23:38.395 W/ContextImpl( 689): Calling a method in the system process without a qualified user: android.app.ContextImpl.sendBroadcast:1319 android.app.ContextImpl.closeSystemDialogs:3630 com.android.server.policy.PhoneWindowManager.interceptUnhandledKey:4002 com.android.server.policy.PhoneWindowManager.dispatchUnhandledKey:3908 com.android.server.wm.InputManagerCallback.dispatchUnhandledKey:193
06-04 11:23:38.398 D/WindowManagerShell( 939): TvPipMenuController: closeMenu()
06-04 11:23:38.401 I/WindowManagerShell( 939): TvPipMenuController: switchToMenuMode: setting mCurrentMenuMode=MODE_NO_MENU, mPrevMenuMode=MODE_NO_MENU
06-04 11:23:41.192 W/ContextImpl( 689): Calling a method in the system process without a qualified user: android.app.ContextImpl.sendBroadcast:1319 android.app.ContextImpl.closeSystemDialogs:3630 com.android.server.policy.PhoneWindowManager.interceptUnhandledKey:4002 com.android.server.policy.PhoneWindowManager.dispatchUnhandledKey:3908 com.android.server.wm.InputManagerCallback.dispatchUnhandledKey:193
06-04 11:23:41.196 D/WindowManagerShell( 939): TvPipMenuController: closeMenu()
06-04 11:23:41.196 I/WindowManagerShell( 939): TvPipMenuController: switchToMenuMode: setting mCurrentMenuMode=MODE_NO_MENU, mPrevMenuMode=MODE_NO_MENU
06-04 11:23:41.425 W/ContextImpl( 689): Calling a method in the system process without a qualified user: android.app.ContextImpl.sendBroadcast:1319 android.app.ContextImpl.closeSystemDialogs:3630 com.android.server.policy.PhoneWindowManager.interceptUnhandledKey:4002 com.android.server.policy.PhoneWindowManager.dispatchUnhandledKey:3908 com.android.server.wm.InputManagerCallback.dispatchUnhandledKey:193
06-04 11:23:41.428 D/WindowManagerShell( 939): TvPipMenuController: closeMenu()
06-04 11:23:41.428 I/WindowManagerShell( 939): TvPipMenuController: switchToMenuMode: setting mCurrentMenuMode=MODE_NO_MENU, mPrevMenuMode=MODE_NO_MENU
06-04 11:23:41.626 W/ContextImpl( 689): Calling a method in the system process without a qualified user: android.app.ContextImpl.sendBroadcast:1319 android.app.ContextImpl.closeSystemDialogs:3630 com.android.server.policy.PhoneWindowManager.interceptUnhandledKey:4002 com.android.server.policy.PhoneWindowManager.dispatchUnhandledKey:3908 com.android.server.wm.InputManagerCallback.dispatchUnhandledKey:193
06-04 11:23:41.629 D/WindowManagerShell( 939): TvPipMenuController: closeMenu()
06-04 11:23:41.629 I/WindowManagerShell( 939): TvPipMenuController: switchToMenuMode: setting mCurrentMenuMode=MODE_NO_MENU, mPrevMenuMode=MODE_NO_MENU
06-04 11:23:41.825 W/ContextImpl( 689): Calling a method in the system process without a qualified user: android.app.ContextImpl.sendBroadcast:1319 android.app.ContextImpl.closeSystemDialogs:3630 com.android.server.policy.PhoneWindowManager.interceptUnhandledKey:4002 com.android.server.policy.PhoneWindowManager.dispatchUnhandledKey:3908 com.android.server.wm.InputManagerCallback.dispatchUnhandledKey:193
06-04 11:23:41.827 D/WindowManagerShell( 939): TvPipMenuController: closeMenu()
06-04 11:23:41.827 I/WindowManagerShell( 939): TvPipMenuController: switchToMenuMode: setting mCurrentMenuMode=MODE_NO_MENU, mPrevMenuMode=MODE_NO_MENU
06-04 11:23:42.001 W/ContextImpl( 689): Calling a method in the system process without a qualified user: android.app.ContextImpl.sendBroadcast:1319 android.app.ContextImpl.closeSystemDialogs:3630 com.android.server.policy.PhoneWindowManager.interceptUnhandledKey:4002 com.android.server.policy.PhoneWindowManager.dispatchUnhandledKey:3908 com.android.server.wm.InputManagerCallback.dispatchUnhandledKey:193
06-04 11:23:42.007 D/WindowManagerShell( 939): TvPipMenuController: closeMenu()
06-04 11:23:42.007 I/WindowManagerShell( 939): TvPipMenuController: switchToMenuMode: setting mCurrentMenuMode=MODE_NO_MENU, mPrevMenuMode=MODE_NO_MENU
06-04 11:23:42.186 W/ContextImpl( 689): Calling a method in the system process without a qualified user: android.app.ContextImpl.sendBroadcast:1319 android.app.ContextImpl.closeSystemDialogs:3630 com.android.server.policy.PhoneWindowManager.interceptUnhandledKey:4002 com.android.server.policy.PhoneWindowManager.dispatchUnhandledKey:3908 com.android.server.wm.InputManagerCallback.dispatchUnhandledKey:193
06-04 11:23:42.189 D/WindowManagerShell( 939): TvPipMenuController: closeMenu()
06-04 11:23:42.189 I/WindowManagerShell( 939): TvPipMenuController: switchToMenuMode: setting mCurrentMenuMode=MODE_NO_MENU, mPrevMenuMode=MODE_NO_MENU
06-04 11:23:43.714 W/ContextImpl( 5624): Calling a method in the system process without a qualified user: android.app.ContextImpl.startActivity:1102 android.content.ContextWrapper.startActivity:436 com.droidlogic.btpair.DialogBluetoothService$1.onReceive:248 android.app.LoadedApk$ReceiverDispatcher$Args.lambda$getRunnable$0:1811 android.app.LoadedApk$ReceiverDispatcher$Args.$r8$lambda$gDuJqgxY6Zb-ifyeubKeivTLAwk:0
06-04 11:23:43.714 W/ContextImpl( 5624): Calling a method in the system process without a qualified user: android.app.ContextImpl.startActivity:1114 android.app.ContextImpl.startActivity:1103 android.content.ContextWrapper.startActivity:436 com.droidlogic.btpair.DialogBluetoothService$1.onReceive:248 android.app.LoadedApk$ReceiverDispatcher$Args.lambda$getRunnable$0:1811
06-04 11:23:43.716 I/ActivityTaskManager( 689): START u0 {flg=0x10000000 cmp=com.android.tv.settings/.accessories.AddAccessoryActivity (has extras)} with LAUNCH_MULTIPLE from uid 1000 result code=-92
06-04 11:23:43.717 E/AndroidRuntime( 5624): FATAL EXCEPTION: main
06-04 11:23:43.717 E/AndroidRuntime( 5624): Process: com.droidlogic, PID: 5624
06-04 11:23:43.717 E/AndroidRuntime( 5624): java.lang.RuntimeException: Error receiving broadcast Intent { act=android.bluetooth.device.action.BOND_STATE_CHANGED flg=0x10 (has extras) } in com.droidlogic.btpair.DialogBluetoothService$1@5970faf
06-04 11:23:43.717 E/AndroidRuntime( 5624): at android.app.LoadedApk$ReceiverDispatcher$Args.lambda$getRunnable$0(LoadedApk.java:1819)
06-04 11:23:43.717 E/AndroidRuntime( 5624): at android.app.LoadedApk$ReceiverDispatcher$Args.$r8$lambda$gDuJqgxY6Zb-ifyeubKeivTLAwk(Unknown Source:0)
06-04 11:23:43.717 E/AndroidRuntime( 5624): at android.app.LoadedApk$ReceiverDispatcher$Args$$ExternalSyntheticLambda0.run(Unknown Source:2)
06-04 11:23:43.717 E/AndroidRuntime( 5624): at android.os.Handler.handleCallback(Handler.java:958)
06-04 11:23:43.717 E/AndroidRuntime( 5624): at android.os.Handler.dispatchMessage(Handler.java:99)
06-04 11:23:43.717 E/AndroidRuntime( 5624): at android.os.Looper.loopOnce(Looper.java:205)
06-04 11:23:43.717 E/AndroidRuntime( 5624): at android.os.Looper.loop(Looper.java:294)
06-04 11:23:43.717 E/AndroidRuntime( 5624): at android.app.ActivityThread.main(ActivityThread.java:8255)
06-04 11:23:43.717 E/AndroidRuntime( 5624): at java.lang.reflect.Method.invoke(Native Method)
06-04 11:23:43.717 E/AndroidRuntime( 5624): at com.android.internal.os.RuntimeInit$MethodAndArgsCaller.run(RuntimeInit.java:552)
06-04 11:23:43.717 E/AndroidRuntime( 5624): at com.android.internal.os.ZygoteInit.main(ZygoteInit.java:978)
06-04 11:23:43.717 E/AndroidRuntime( 5624): Caused by: android.content.ActivityNotFoundException: Unable to find explicit activity class {com.android.tv.settings/com.android.tv.settings.accessories.AddAccessoryActivity}; have you declared this activity in your AndroidManifest.xml, or does your intent not match its declared ?
06-04 11:23:43.717 E/AndroidRuntime( 5624): at android.app.Instrumentation.checkStartActivityResult(Instrumentation.java:2236)
06-04 11:23:43.717 E/AndroidRuntime( 5624): at android.app.Instrumentation.execStartActivity(Instrumentation.java:1878)
06-04 11:23:43.717 E/AndroidRuntime( 5624): at android.app.ContextImpl.startActivity(ContextImpl.java:1132)
06-04 11:23:43.717 E/AndroidRuntime( 5624): at android.app.ContextImpl.startActivity(ContextImpl.java:1103)
06-04 11:23:43.717 E/AndroidRuntime( 5624): at android.content.ContextWrapper.startActivity(ContextWrapper.java:436)
06-04 11:23:43.717 E/AndroidRuntime( 5624): at com.droidlogic.btpair.DialogBluetoothService$1.onReceive(DialogBluetoothService.java:248)
06-04 11:23:43.717 E/AndroidRuntime( 5624): at android.app.LoadedApk$ReceiverDispatcher$Args.lambda$getRunnable$0(LoadedApk.java:1811)
06-04 11:23:43.717 E/AndroidRuntime( 5624): ... 10 more
06-04 11:23:43.724 W/ActivityManager( 689): Process com.droidlogic has crashed too many times, killing! Reason: crashed quickly
06-04 11:23:43.727 I/DropBoxManagerService( 689): add tag=system_app_crash isTagEnabled=true flags=0x2
06-04 11:23:43.747 I/ActivityManager( 689): Process com.droidlogic (pid 5624) has died: pers PER
06-04 11:23:43.748 W/ActivityManager( 689): Scheduling restart of crashed service com.droidlogic/.AiPqService in 0ms for persistent
06-04 11:23:43.748 W/ActivityManager( 689): Scheduling restart of crashed service com.droidlogic/.audioservice.services.AudioEffectsService in 0ms for persistent
06-04 11:23:43.748 W/ActivityManager( 689): Scheduling restart of crashed service com.droidlogic/.btpair.AudioVideoDevReconnectService in 0ms for persistent
06-04 11:23:43.748 W/ActivityManager( 689): Scheduling restart of crashed service com.droidlogic/.btpair.DialogBluetoothService in 0ms for persistent
06-04 11:23:43.748 W/ActivityManager( 689): Scheduling restart of crashed service com.droidlogic/.NtpService in 0ms for persistent
06-04 11:23:43.748 W/ActivityManager( 689): Scheduling restart of crashed service com.droidlogic/.hdmi.HdmiCecService in 0ms for persistent
06-04 11:23:43.748 W/ActivityManager( 689): Scheduling restart of crashed service com.droidlogic/.ShutdownService in 0ms for persistent
06-04 11:23:43.748 W/ActivityManager( 689): Scheduling restart of crashed service com.droidlogic/.FrameRateService in 0ms for persistent
06-04 11:23:43.748 W/ActivityManager( 689): Re-adding persistent process ProcessRecord{3d79fda 5624:com.droidlogic/1000}
06-04 11:23:43.749 I/ActivityManager( 689): com.droidlogic is exempt from freezer
06-04 11:23:43.749 D/CompatibilityChangeReporter( 689): Compat change id reported: 135634846; UID 1000; state: DISABLED
06-04 11:23:43.750 W/ProcessStats( 689): Tracking association SourceState{43608a9 system/1000 ImpFg #779} whose proc state 5 is better than process ProcessState{b1c9582 com.android.permissioncontroller/10057 pkg=com.android.permissioncontroller} proc state 15 (5 skipped)
06-04 11:23:43.751 E/ActivityManager( 689): Restarting service that is not needed: ServiceRecord{de566c9 u0 com.droidlogic/.AiPqService}
06-04 11:23:43.752 E/ActivityManager( 689): Restarting service that is not needed: ServiceRecord{1ba8962 u0 com.droidlogic/.FrameRateService}
06-04 11:23:43.768 I/ActivityManager( 689): Start proc 6578:com.droidlogic/1000 for restart com.droidlogic
06-04 11:23:43.877 D/HDMI ( 689): Process pid:6578 is calling addHotplugEventListener
06-04 11:23:45.069 E/ActivityManager( 689): Restarting service that is not needed: ServiceRecord{de566c9 u0 com.droidlogic/.AiPqService}
06-04 11:23:45.069 E/ActivityManager( 689): Restarting service that is not needed: ServiceRecord{1ba8962 u0 com.droidlogic/.FrameRateService}
06-04 11:23:45.072 W/ContextImpl( 6578): Calling a method in the system process without a qualified user: android.app.ContextImpl.startService:1899 android.content.ContextWrapper.startService:825 com.droidlogic.DroidlogicApplication$1.handleMessage:93 android.os.Handler.dispatchMessage:106 android.os.Looper.loopOnce:205
06-04 11:23:45.137 D/HDMI ( 689): addVendorCommandListener 1877008
06-04 11:23:45.139 E/SettingsState( 689): Failed to write settings, restoring old file
06-04 11:23:45.139 E/SettingsState( 689): java.io.SyncFailedException: sync failed
06-04 11:23:45.139 E/SettingsState( 689): at java.io.FileDescriptor.sync(Native Method)
06-04 11:23:45.139 E/SettingsState( 689): at com.android.providers.settings.SettingsState.doWriteState(SettingsState.java:925)
06-04 11:23:45.139 E/SettingsState( 689): at com.android.providers.settings.SettingsState.-$$Nest$mdoWriteState(SettingsState.java:0)
06-04 11:23:45.139 E/SettingsState( 689): at com.android.providers.settings.SettingsState$MyHandler.handleMessage(SettingsState.java:1279)
06-04 11:23:45.139 E/SettingsState( 689): at android.os.Handler.dispatchMessage(Handler.java:106)
06-04 11:23:45.139 E/SettingsState( 689): at android.os.Looper.loopOnce(Looper.java:205)
06-04 11:23:45.139 E/SettingsState( 689): at android.os.Looper.loop(Looper.java:294)
06-04 11:23:45.139 E/SettingsState( 689): at android.os.HandlerThread.run(HandlerThread.java:67) --------- beginning of main
06-04 11:23:51.464 I/UNIPLAYERSDK( 3472): MediaPlayerAdaptor.cpp:297 [PumaPlayerAdaptor@0xe5ea1fc4]doHandleMessage(KMSG_ACTION_GETCURRENTADPOSITION, arg1:-1, arg2:0)
06-04 11:23:51.467 I/UNIPLAYERSDK( 3472): PumaPlayer.cpp:1010 [PumaPlayer@0xab381cbc]InvokeMctoPlayerAdCommand(), command = 19, command_params = {"ad_id":262406}
06-04 11:23:51.467 I/UNIPLAYERSDK( 3472): , buffer = 0xb679a380
06-04 11:23:51.467 I/CLog ( 3472): 2025-06-04 11:23:51.467 T:3585 INFO: ADCmdParser::InvokeCmd,19,{"ad_id":262406}
06-04 11:23:51.467 I/CLog ( 3472):
06-04 11:23:51.467 I/CLog ( 3472): 2025-06-04 11:23:51.467 T:3585 INFO: ADPlayerManager::InvokeADCommand, 19 {"ad_id":262406}
06-04 11:23:51.467 I/CLog ( 3472):
06-04 11:23:51.467 I/CLog ( 3472): 2025-06-04 11:23:51.467 T:3585 INFO: GetCurrentADTime {"playtime":977,"duration":15000}
06-04 11:23:51.467 D/UNIPLAYERSDK( 3472): PumaPlayer.cpp:816 [PumaPlayer@0xab381cbc][pos]getCurrentAdPosition pos=977,dur=15000,ret=0
06-04 11:23:51.467 D/UNIPLAYERSDK( 3472): BaseState.cpp:42 [PumaPlayerAdaptor@0xe5ea1fc4@0xb38707e8]{fm(KMSG_ACTION_GETCURRENTADPOSITION),ret(0),at(3,6046,6049),s(5,-2,-2,-2,5),fm=Message@0xecb494d0{what=1048606,when=1106046,arg1=977,arg2=15000,arg3=-1111111111,str=,timeout=0,obj=0x0,runnable=0x0,target=0xed09b83c,watchDogOp=0x0}
06-04 11:23:51.468 D/UNIPLAYERSDK( 3472): BaseState.cpp:56 [PumaPlayerAdaptor@0xe5ea1fc4@0xb38707e8]{fm(KMSG_ACTION_GETCURRENTADPOSITION),o(AudioPrevi)-t(0,6046,6046),o(BitstreamS)-t(0,6046,6046),o(CarouselPr)-t(0,6046,6046),o(FastHelper)-t(0,6046,6046),o(HeaderTail)-t(0,6046,6046),o(HighLights)-t(0,6046,6046),o(InteractPr)-t(0,6046,6046),o(LivePrevie)-t(0,6046,6046),o(MediaPlaye)-t(0,6049,6049),o(MovieVVInf)-t(0,6046,6046),o(PPrecacher)-t(0,6046,6046),o(PlayerStuc)-t(0,6046,6046),o(PumaAbsCmd)-t(0,6046,6046),o(PumaAdvert)-t(0,6046,6046),o(PumaBuffer)-t(0,6046,6046),o(PumaError@)-t(0,6046,6046),o(PumaMediaD)-t(0,6046,6046),o(PumaPlayer)-t(0,6046,6046),o(PumaRate@0)-t(0,6046,6046),o(PumaSegmen)-t(0,6046,6046),o(PumaSubtit)-t(0,6046,6046),o(RefreshAcc)-t(0,6046,6046),o(RefreshSer)-t(0,6046,6046),o(SceneKeepe)-t(0,6046,6046),o(SetRate@0x)-t(0,6046,6046),o(SwitchEpis)-t(0,6046,6046),o(VideoPlayC)-t(0,6046,6046)}
06-04 11:23:51.468 D/UNIPLAYERSDK( 3472): MovieVVInfo.cpp:122 [pos]getCurrentAdPosition=977
06-04 11:23:51.468 D/UNIPLAYERSDK( 3472): PumaPlayer.cpp:779 [PumaPlayer@0xab381cbc]getAdCountDown(44190)
06-04 11:23:51.468 I/UNIPLAYERSDK( 3472): PumaPlayerAdaptor.cpp:350 [PumaPlayerAdaptor@0xe5ea1fc4]getAdCountDown receiveAdCountDownMsg(44190)
06-04 11:23:51.468 D/UNIPLAYERSDK( 3472): PlayerBabelPingbackSender.cpp:96 onAdCountDown, countdown=44190
06-04 11:23:51.468 D/UNIPLAYERSDK( 3472): BaseState.cpp:42 [PumaPlayerAdaptor@0xe5ea1fc4@0xb38707e8]{fm(KMSG_ACTION_GETADCOUNTDOWN),ret(0),at(0,6050,6050),s(5,-2,-2,-2,5),fm=Message@0xecb79ef0{what=1048609,when=1106050,arg1=44190,arg2=-1111111111,arg3=-1111111111,str=,timeout=0,obj=0x0,runnable=0x0,target=0xed09b83c,watchDogOp=0x0}
06-04 11:23:51.469 D/UNIPLAYERSDK( 3472): BaseState.cpp:56 [PumaPlayerAdaptor@0xe5ea1fc4@0xb38707e8]{fm(KMSG_ACTION_GETADCOUNTDOWN),o(AudioPrevi)-t(0,6050,6050),o(BitstreamS)-t(0,6050,6050),o(CarouselPr)-t(0,6050,6050),o(FastHelper)-t(0,6050,6050),o(HeaderTail)-t(0,6050,6050),o(HighLights)-t(0,6050,6050),o(InteractPr)-t(0,6050,6050),o(LivePrevie)-t(0,6050,6050),o(MediaPlaye)-t(0,6050,6050),o(MovieVVInf)-t(0,6050,6050),o(PPrecacher)-t(0,6050,6050),o(PlayerStuc)-t(0,6050,6050),o(PumaAbsCmd)-t(0,6050,6050),o(PumaAdvert)-t(0,6050,6050),o(PumaBuffer)-t(0,6050,6050),o(PumaError@)-t(0,6050,6050),o(PumaMediaD)-t(0,6050,6050),o(PumaPlayer)-t(0,6050,6050),o(PumaRate@0)-t(0,6050,6050),o(PumaSegmen)-t(0,6050,6050),o(PumaSubtit)-t(0,6050,6050),o(RefreshAcc)-t(0,6050,6050),o(RefreshSer)-t(0,6050,6050),o(SceneKeepe)-t(0,6050,6050),o(SetRate@0x)-t(0,6050,6050),o(SwitchEpis)-t(0,6050,6050),o(VideoPlayC)-t(0,6050,6050)}
06-04 11:23:51.469 D/UNIPLAYERSDK( 3472): MovieVVInfo.cpp:136 [pos]getAdCountDown=44190
06-04 11:23:51.475 I/audio_hw_hal_stream( 476): aml_stream_out_info_print: out:0xf07c5650, stream_type:pcm, sync_mode:non tunnel, input_size:24846336 bytes
06-04 11:23:51.475 I/audio_hw_hal_stream( 476): aml_stream_out_info_print: last_time:972182 ms (sec:972, nsec:182421170), last_position:129127 ms (6198096), cur_time:972224 ms (sec:972, nsec:224658628), cur_position:129169 ms (6200144)
06-04 11:23:51.475 I/audio_hw_hal_stream( 476): aml_stream_out_info_print: time_gap:42 ms (thr:100 ms), position_gap:42 ms, delay:238 ms, jitter: Position gap is ahead of system time gap by 0 ms (thr:100 ms)
06-04 11:23:51.501 I/CLog ( 3472): 2025-06-04 11:23:51.501 T:5719 DEBUG: GetADCountdown 76010, return 43990
06-04 11:23:51.501 I/CLog ( 3472): 2025-06-04 11:23:51.501 T:5719 DEBUG: InvokeCommand, is_rtc (null)
06-04 11:23:51.502 I/CLog ( 3472): 2025-06-04 11:23:51.501 T:5719 DEBUG: DataPush to read:100,size(6),[80800-80712]
06-04 11:23:51.508 E/storage_operate( 3472): HCDN_LOG: [T:4181][HINFO]:[f:UpdateBBNCache],[l:3267],[start_check_task]
06-04 11:23:51.508 I/block_buffer_piece_size( 3472): HCDN_LOG: [T:4177]save data response (error_code0) ON_MSG_STORAGE2P2P_SaveDataResponse(1410727936-0-0) (offset:1,len:0)
06-04 11:23:51.509 I/block_buffer_piece_size( 3472): HCDN_LOG: [T:4177]save data response (error_code0) ON_MSG_STORAGE2P2P_SaveDataResponse(1410727936-0-0) (offset:41,len:0)
06-04 11:23:51.509 I/block_buffer_piece_size( 3472): HCDN_LOG: [T:4177]save data response (error_code0) ON_MSG_STORAGE2P2P_SaveDataResponse(1287127040-0-0) (offset:69,len:0)
06-04 11:23:51.510 I/block_buffer_piece_size( 3472): HCDN_LOG: [T:4177]save data response (error_code0) ON_MSG_STORAGE2P2P_SaveDataResponse(1287127040-0-0) (offset:101,len:0)
06-04 11:23:51.511 I/block_buffer_piece_size( 3472): HCDN_LOG: [T:4177]save data response (error_code0) ON_MSG_STORAGE2P2P_SaveDataResponse(2952059185-0-0) (offset:2,len:0)
06-04 11:23:51.521 W/abs_update_info( 3472): HCDN_LOG: [T:4176][HERROR]:[f:CalcVidCacheBytesFromReadOffset],[l:2489],UPDATA CALC:vid:,task_seg=0, task_offset=16384, cur_cache_bytes=32768, total_cache_bytes=32768, fileToEnd=0
06-04 11:23:51.521 W/abs_update_info( 3472): HCDN_LOG: [T:4176][HERROR]:[f:UpdateForABS],[l:2545],UPDATA:vid:,i64ReadOffset=0, cache=32768, CachedBytes=32768
06-04 11:23:51.521 E/Hcdn_DeTask3999911026( 3472): HCDN_LOG: [T:4176][HINFO]:[f:PostNotifyInfo],[l:248], notify type(6),info({"BandWidth":0,"IsAd":1,"IsP2P":1,"VID":""}
06-04 11:23:51.521 E/Hcdn_DeTask3999911026( 3472): )
06-04 11:23:51.521 E/playfilesourceNew( 3472): HCDN_LOG: [T:4173][HINFO]:[f:DoAsynNotifyInfoResponse],[l:2605],[TaskID(3999911026),type(6),msg({"BandWidth":0,"IsAd":1,"IsP2P":1,"VID":""}
06-04 11:23:51.521 E/playfilesourceNew( 3472): )!]
06-04 11:23:51.521 E/Hcdn_DeTask318584460( 3472): HCDN_LOG: [T:4176][HINFO]:[f:PostNotifyInfo],[l:248], notify type(6),info({"BandWidth":2899968,"IsAd":1,"IsP2P":1,"VID":""}
06-04 11:23:51.521 E/Hcdn_DeTask318584460( 3472): )
06-04 11:23:51.521 E/abs_info( 3472): HCDN_LOG: [T:4173][HINFO]:[f:PostABSInfo],[l:7214],Task(13), SetABSInterface ret(0) SetParam("DownloadStatusByHcdn", {"BandWidth":0,"BandWidth_1":7208960,"IsAd":1,"IsP2P":1,"VID":""}
06-04 11:23:51.521 E/abs_info( 3472): )
06-04 11:23:51.521 E/playfilesourceNew( 3472): HCDN_LOG: [T:4173][HINFO]:[f:DoAsynNotifyInfoResponse],[l:2605],[TaskID(318584460),type(6),msg({"BandWidth":2899968,"IsAd":1,"IsP2P":1,"VID":""}
06-04 11:23:51.521 E/playfilesourceNew( 3472): )!]
06-04 11:23:51.521 I/CLog ( 3472): 2025-06-04 11:23:51.521 T:6710 DEBUG: [5017]HCDNLoaderClient::Read read_len=262144
06-04 11:23:51.522 E/p2pfile ( 3472): HCDN_LOG: [T:6710][HINFO]:[f:Read],[l:1749],[Task(13), pos(16384), len(262144), timeout(6000)]
06-04 11:23:51.522 E/playfilesourceNew( 3472): HCDN_LOG: [T:6710][HINFO]:[f:GetCacheSeconds],[l:846],[TaskID(3999911026), offset(16384), CacheBytes(32768)]
06-04 11:23:51.522 E/playfilesourceNew( 3472): HCDN_LOG: [T:6710][HINFO]:[f:Read],[l:2071],[Task(13), taskid(3999911026), Offset(16384), needread(32768)]
06-04 11:23:51.522 E/playfilesourceNew( 3472): HCDN_LOG: [T:6710][HINFO]:[f:ReadDataByPiece],[l:4260],[TaskID(3999911026),seq(1321), Offset(16384), NumberOfBytesToRead(32768)]
06-04 11:23:51.523 W/abs_update_info( 3472): HCDN_LOG: [T:4181][HERROR]:[f:CheckPlayerReadData],[l:2157],vui(3f90c3f6e555fc8f01c344ddb68c23ca) task_id[3999911026] ret_code[0], offset[16384], offset_len[32768].
06-04 11:23:51.523 E/p2pfile ( 3472): HCDN_LOG: [T:6710][HINFO]:[f:Read],[l:2211],[Task(13), Read return, pos(16384),len(32768),idx(0),taskid(3999911026),videoTime(0)]
06-04 11:23:51.523 I/CLog ( 3472): 2025-06-04 11:23:51.523 T:6710 DEBUG: [5017]HCDNLoaderClient::Read need_read=262144, read_size=32768. pos:49152
06-04 11:23:51.523 I/CLog ( 3472): 2025-06-04 11:23:51.523 T:6710 DEBUG: LoadImplLock:will_stop_=====1(0)
06-04 11:23:51.523 I/CLog ( 3472): 2025-06-04 11:23:51.523 T:6710 INFO: RM_P_M4::109, Parse, first mdat:13919, data:00 00 49 ef 28 01 af 09
06-04 11:23:51.535 D/XM_HIDREAD( 1961): poll ret=1, event=1
06-04 11:23:51.535 D/XM_HIDREAD( 1961): [9 bytes]:01 00 00 00 00 00 00 00 00
06-04 11:23:51.537 I/SogouIME( 1440): onKeyUp: keyoCode=19
06-04 11:23:51.537 I/DefaultIMS( 1440): onKeyUp: keyoCode=19
06-04 11:23:51.538 V/UNIPLAYERSDK( 3472): MediaPlayerImpl.cpp:408 [MediaPlayerImpl@0xecff7154]isPlaying ret=0
06-04 11:23:51.542 E/Hcdn_DeTask3999911026( 3472): HCDN_LOG: [T:4176][HINFO]:[f:MovieTaskAllocate],[l:9030], ad continue_play,task_exits_tiem(830)ms,can_p2p(1),have_dcache(1)
06-04 11:23:51.543 E/HCDN_CMFM( 3472): HCDN_LOG: 17k memery total_cnt(64),use_cnt(0)
06-04 11:23:51.543 W/hcdn_downloadengine( 3472): HCDN_LOG: [T:4176][HERROR]:[f:Updata],[l:254],system cpu usage : 33.942559
06-04 11:23:51.553 E/storage_operate( 3472): HCDN_LOG: [T:4181][HINFO]:[f:BBNCheck],[l:3253],,[map_size:0]
06-04 11:23:51.577 I/CLog ( 3472): 2025-06-04 11:23:51.577 T:5719 DEBUG: InvokeCommand, is_rtc (null)
06-04 11:23:51.577 I/CLog ( 3472): 2025-06-04 11:23:51.577 T:5719 DEBUG: DataPush to read:100,size(5),[80880-80781]
06-04 11:23:51.578 I/UNIPLAYERSDK( 3472): PumaPlayerAdaptor.cpp:320 [PumaPlayerAdaptor@0xe5ea1fc4][pos]getCurrentPosition=0
06-04 11:23:51.578 D/UNIPLAYERSDK( 3472): BaseState.cpp:42 [PumaPlayerAdaptor@0xe5ea1fc4@0xb386e1e8]{fm(KMSG_ACTION_GETCURRENTPOSITION),ret(0),at(0,6160,6160),s(5,-2,-2,-2,5),fm=Message@0xecb4da30{what=1048605,when=1106160,arg1=0,arg2=-1,arg3=-1111111111,str=,timeout=0,obj=0x0,runnable=0x0,target=0xed09b83c,watchDogOp=0x0}
06-04 11:23:51.578 D/UNIPLAYERSDK( 3472): BaseState.cpp:56 [PumaPlayerAdaptor@0xe5ea1fc4@0xb386e1e8]{fm(KMSG_ACTION_GETCURRENTPOSITION),o(AudioPrevi)-t(0,6160,6160),o(BitstreamS)-t(0,6160,6160),o(CarouselPr)-t(0,6160,6160),o(FastHelper)-t(0,6160,6160),o(HeaderTail)-t(0,6160,6160),o(HighLights)-t(0,6160,6160),o(InteractPr)-t(0,6160,6160),o(LivePrevie)-t(0,6160,6160),o(MediaPlaye)-t(0,6160,6160),o(MovieVVInf)-t(0,6160,6160),o(PPrecacher)-t(0,6160,6160),o(PlayerStuc)-t(0,6160,6160),o(PumaAbsCmd)-t(0,6160,6160),o(PumaAdvert)-t(0,6160,6160),o(PumaBuffer)-t(0,6160,6160),o(PumaError@)-t(0,6160,6160),o(PumaMediaD)-t(0,6160,6160),o(PumaPlayer)-t(0,6160,6160),o(PumaRate@0)-t(0,6160,6160),o(PumaSegmen)-t(0,6160,6160),o(PumaSubtit)-t(0,6160,6160),o(RefreshAcc)-t(0,6160,6160),o(RefreshSer)-t(0,6160,6160),o(SceneKeepe)-t(0,6160,6160),o(SetRate@0x)-t(0,6160,6160),o(SwitchEpis)-t(0,6160,6160),o(VideoPlayC)-t(0,6160,6160)}
06-04 11:23:51.578 D/UNIPLAYERSDK( 3472): MovieVVInfo.cpp:113 [pos]getCurrentPosition=0
06-04 11:23:51.592 D/UNIPLAYERSDK( 3472): PumaPlayer.cpp:773 [PumaPlayer@0xab381cbc]getCachePercent(0)
06-04 11:23:51.592 D/UNIPLAYERSDK( 3472): PumaPlayerAdaptor.cpp:343 [PumaPlayerAdaptor@0xe5ea1fc4]KMSG_ACTION_GETCACHEPERCENT=0
06-04 11:23:51.592 D/UNIPLAYERSDK( 3472): BaseState.cpp:42 [PumaPlayerAdaptor@0xe5ea1fc4@0xb386e1e8]{fm(KMSG_ACTION_GETCACHEPERCENT),ret(0),at(0,6174,6174),s(5,-2,-2,-2,5),fm=Message@0xecb63150{what=1048610,when=1106174,arg1=0,arg2=-1111111111,arg3=-1111111111,str=,timeout=0,obj=0x0,runnable=0x0,target=0xed09b83c,watchDogOp=0x0}
06-04 11:23:51.592 D/UNIPLAYERSDK( 3472): BaseState.cpp:56 [PumaPlayerAdaptor@0xe5ea1fc4@0xb386e1e8]{fm(KMSG_ACTION_GETCACHEPERCENT),o(AudioPrevi)-t(0,6174,6174),o(BitstreamS)-t(0,6174,6174),o(CarouselPr)-t(0,6174,6174),o(FastHelper)-t(0,6174,6174),o(HeaderTail)-t(0,6174,6174),o(HighLights)-t(0,6174,6174),o(InteractPr)-t(0,6174,6174),o(LivePrevie)-t(0,6174,6174),o(MediaPlaye)-t(0,6174,6174),o(MovieVVInf)-t(0,6174,6174),o(PPrecacher)-t(0,6174,6174),o(PlayerStuc)-t(0,6174,6174),o(PumaAbsCmd)-t(0,6174,6174),o(PumaAdvert)-t(0,6174,6174),o(PumaBuffer)-t(0,6174,6174),o(PumaError@)-t(0,6174,6174),o(PumaMediaD)-t(0,6174,6174),o(PumaPlayer)-t(0,6174,6174),o(PumaRate@0)-t(0,6174,6174),o(PumaSegmen)-t(0,6174,6174),o(PumaSubtit)-t(0,6174,6174),o(RefreshAcc)-t(0,6174,6174),o(RefreshSer)-t(0,6174,6174),o(SceneKeepe)-t(0,6174,6174),o(SetRate@0x)-t(0,6174,6174),o(SwitchEpis)-t(0,6174,6174),o(VideoPlayC)-t(0,6174,6174)}
06-04 11:23:51.593 D/UNIPLAYERSDK( 3472): MovieVVInfo.cpp:129 [pos]getCachePercent=0
06-04 11:23:51.602 D/XM_HIDREAD( 1961): poll ret=1, event=1
06-04 11:23:51.602 D/XM_HIDREAD( 1961): [9 bytes]:01 00 00 52 00 00 00 00 00
06-04 11:23:51.603 I/audio_hw_hal_primary( 476): [audiohal_get_latency:1333] io 13: out:0xf07c5650 frames:1024 rate:48000 whole_latency:21 alsa_latency:21
06-04 11:23:51.605 I/SogouIME( 1440): onKeyDown: keyoCode=19
06-04 11:23:51.605 I/DefaultIMS( 1440): onKeyDown: keyoCode=19
06-04 11:23:51.605 V/UNIPLAYERSDK( 3472): MediaPlayerImpl.cpp:408 [MediaPlayerImpl@0xecff7154]isPlaying ret=0
06-04 11:23:51.623 W/abs_update_info( 3472): HCDN_LOG: [T:4176][HERROR]:[f:CalcVidCacheBytesFromReadOffset],[l:2489],UPDATA CALC:vid:,task_seg=0, task_offset=49152, cur_cache_bytes=0, total_cache_bytes=0, fileToEnd=0
06-04 11:23:51.623 W/abs_update_info( 3472): HCDN_LOG: [T:4176][HERROR]:[f:UpdateForABS],[l:2545],UPDATA:vid:,i64ReadOffset=0, cache=0, CachedBytes=0
06-04 11:23:51.623 E/Hcdn_DeTask3999911026( 3472): HCDN_LOG: [T:4176][HINFO]:[f:PostNotifyInfo],[l:248], notify type(6),info({"BandWidth":0,"IsAd":1,"IsP2P":1,"VID":""}
06-04 11:23:51.623 E/Hcdn_DeTask3999911026( 3472): )
06-04 11:23:51.623 E/playfilesourceNew( 3472): HCDN_LOG: [T:4173][HINFO]:[f:DoAsynNotifyInfoResponse],[l:2605],[TaskID(3999911026),type(6),msg({"BandWidth":0,"IsAd":1,"IsP2P":1,"VID":""}
06-04 11:23:51.623 E/playfilesourceNew( 3472): )!]
06-04 11:23:51.623 E/Hcdn_DeTask318584460( 3472): HCDN_LOG: [T:4176][HINFO]:[f:PostNotifyInfo],[l:248], notify type(6),info({"BandWidth":2899968,"IsAd":1,"IsP2P":1,"VID":""}
06-04 11:23:51.623 E/Hcdn_DeTask318584460( 3472): )
06-04 11:23:51.623 E/abs_info( 3472): HCDN_LOG: [T:4173][HINFO]:[f:PostABSInfo],[l:7214],Task(13), SetABSInterface ret(0) SetParam("DownloadStatusByHcdn", {"BandWidth":0,"BandWidth_1":7208960,"IsAd":1,"IsP2P":1,"VID":""}
06-04 11:23:51.623 E/abs_info( 3472): )
06-04 11:23:51.623 E/playfilesourceNew( 3472): HCDN_LOG: [T:4173][HINFO]:[f:DoAsynNotifyInfoResponse],[l:2605],[TaskID(318584460),type(6),msg({"BandWidth":2899968,"IsAd":1,"IsP2P":1,"VID":""}
06-04 11:23:51.623 E/playfilesourceNew( 3472): )!]
06-04 11:23:51.624 I/CLog ( 3472): 2025-06-04 11:23:51.624 T:6710 DEBUG: [5017]HCDNLoaderClient::Read read_len=262144
06-04 11:23:51.624 E/p2pfile ( 3472): HCDN_LOG: [T:6710][HINFO]:[f:Read],[l:1749],[Task(13), pos(49152), len(262144), timeout(6000)]
06-04 11:23:51.624 E/Hcdn_DeTask3999911026( 3472): HCDN_LOG: [T:4176][HINFO]:[f:OnRecvCacheSecondsRequest],[l:2010], cache_bytes=0!
06-04 11:23:51.625 E/playfilesourceNew( 3472): HCDN_LOG: [T:6710][HINFO]:[f:GetCacheSeconds],[l:846],[TaskID(3999911026), offset(49152), CacheBytes(0)]
06-04 11:23:51.625 E/playfilesourceNew( 3472): HCDN_LOG: [T:6710][HINFO]:[f:Read],[l:2071],[Task(13), taskid(3999911026), Offset(49152), needread(0)]
06-04 11:23:51.625 E/p2pfile ( 3472): HCDN_LOG: [T:6710][HINFO]:[f:Read],[l:2211],[Task(13), Read return, pos(49152),len(0),idx(0),taskid(3999911026),videoTime(0)]
06-04 11:23:51.667 I/CLog ( 3472): 2025-06-04 11:23:51.667 T:5719 DEBUG: InvokeCommand, is_rtc (null)
06-04 11:23:51.668 I/CLog ( 3472): 2025-06-04 11:23:51.668 T:5719 DEBUG: DataPush to read:100,size(6),[80960-80874]
06-04 11:23:51.675 E/storage_operate( 3472): HCDN_LOG: [T:4181][HINFO]:[f:UpdateBBNCache],[l:3267],[start_check_task]
06-04 11:23:51.675 I/block_buffer_piece_size( 3472): HCDN_LOG: [T:4177]save data response (error_code0) ON_MSG_STORAGE2P2P_SaveDataResponse(2283601920-0-0) (offset:42,len:0)
06-04 11:23:51.701 I/CLog ( 3472): 2025-06-04 11:23:51.701 T:5719 DEBUG: GetADCountdown 76211, return 43789
06-04 11:23:51.723 E/storage_operate( 3472): HCDN_LOG: [T:4181][HINFO]:[f:BBNCheck],[l:3253],,[map_size:0]
06-04 11:23:51.723 W/abs_update_info( 3472): HCDN_LOG: [T:4176][HERROR]:[f:CalcVidCacheBytesFromReadOffset],[l:2489],UPDATA CALC:vid:,task_seg=0, task_offset=49152, cur_cache_bytes=0, total_cache_bytes=0, fileToEnd=0
06-04 11:23:51.723 W/abs_update_info( 3472): HCDN_LOG: [T:4176][HERROR]:[f:UpdateForABS],[l:2545],UPDATA:vid:,i64ReadOffset=0, cache=0, CachedBytes=0
06-04 11:23:51.724 E/storage_operate( 3472): HCDN_LOG: [T:4181][HINFO]:[f:UpdateBBNCache],[l:3267],[start_check_task]
06-04 11:23:51.724 E/playfilesourceNew( 3472): HCDN_LOG: [T:4173][HINFO]:[f:DoAsynNotifyInfoResponse],[l:2605],[TaskID(3999911026),type(6),msg({"BandWidth":0,"IsAd":1,"IsP2P":1,"VID":""}
06-04 11:23:51.724 E/playfilesourceNew( 3472): )!]
06-04 11:23:51.724 E/Hcdn_DeTask3999911026( 3472): HCDN_LOG: [T:4176][HINFO]:[f:PostNotifyInfo],[l:248], notify type(6),info({"BandWidth":0,"IsAd":1,"IsP2P":1,"VID":""}
06-04 11:23:51.724 E/Hcdn_DeTask3999911026( 3472): )
06-04 11:23:51.724 E/abs_info( 3472): HCDN_LOG: [T:4173][HINFO]:[f:PostABSInfo],[l:7214],Task(13), SetABSInterface ret(0) SetParam("DownloadStatusByHcdn", {"BandWidth":0,"BandWidth_1":7208960,"IsAd":1,"IsP2P":1,"VID":""}
06-04 11:23:51.724 E/abs_info( 3472): )
06-04 11:23:51.724 E/Hcdn_DeTask318584460( 3472): HCDN_LOG: [T:4176][HINFO]:[f:PostNotifyInfo],[l:248], notify type(6),info({"BandWidth":2899968,"IsAd":1,"IsP2P":1,"VID":""}
06-04 11:23:51.724 E/Hcdn_DeTask318584460( 3472): )
06-04 11:23:51.724 E/playfilesourceNew( 3472): HCDN_LOG: [T:4173][HINFO]:[f:DoAsynNotifyInfoResponse],[l:2605],[TaskID(318584460),type(6),msg({"BandWidth":2899968,"IsAd":1,"IsP2P":1,"VID":""}
06-04 11:23:51.724 E/playfilesourceNew( 3472): )!]
06-04 11:23:51.724 I/block_buffer_piece_size( 3472): HCDN_LOG: [T:4177]save data response (error_code0) ON_MSG_STORAGE2P2P_SaveDataResponse(2952059185-0-0) (offset:43,len:0)
06-04 11:23:51.724 I/block_buffer_piece_size( 3472): HCDN_LOG: [T:4177]save data response (error_code0) ON_MSG_STORAGE2P2P_SaveDataResponse(3543662592-0-0) (offset:102,len:0)
06-04 11:23:51.724 I/block_buffer_piece_size( 3472): HCDN_LOG: [T:4177]save data response (error_code0) ON_MSG_STORAGE2P2P_SaveDataResponse(3291807744-0-0) (offset:44,len:0)
06-04 11:23:51.724 I/block_buffer_piece_size( 3472): HCDN_LOG: [T:4177]save data response (error_code0) ON_MSG_STORAGE2P2P_SaveDataResponse(4139515904-0-0) (offset:3,len:0)
06-04 11:23:51.725 I/CLog ( 3472): 2025-06-04 11:23:51.725 T:6710 DEBUG: [5017]HCDNLoaderClient::Read read_len=262144
06-04 11:23:51.725 E/p2pfile ( 3472): HCDN_LOG: [T:6710][HINFO]:[f:Read],[l:1749],[Task(13), pos(49152), len(262144), timeout(6000)]
06-04 11:23:51.725 E/playfilesourceNew( 3472): HCDN_LOG: [T:6710][HINFO]:[f:GetCacheSeconds],[l:846],[TaskID(3999911026), offset(49152), CacheBytes(16384)]
06-04 11:23:51.725 E/playfilesourceNew( 3472): HCDN_LOG: [T:6710][HINFO]:[f:Read],[l:2071],[Task(13), taskid(3999911026), Offset(49152), needread(16384)]
06-04 11:23:51.725 E/playfilesourceNew( 3472): HCDN_LOG: [T:6710][HINFO]:[f:ReadDataByPiece],[l:4260],[TaskID(3999911026),seq(1325), Offset(49152), NumberOfBytesToRead(16384)]
06-04 11:23:51.726 W/abs_update_info( 3472): HCDN_LOG: [T:4181][HERROR]:[f:CheckPlayerReadData],[l:2157],vui(3f90c3f6e555fc8f01c344ddb68c23ca) task_id[3999911026] ret_code[0], offset[49152], offset_len[16384].
06-04 11:23:51.726 E/p2pfile ( 3472): HCDN_LOG: [T:6710][HINFO]:[f:Read],[l:2211],[Task(13), Read return, pos(49152),len(16384),idx(0),taskid(3999911026),videoTime(0)]
06-04 11:23:51.726 I/CLog ( 3472): 2025-06-04 11:23:51.726 T:6710 DEBUG: [5017]HCDNLoaderClient::Read need_read=262144, read_size=16384. pos:65536
06-04 11:23:51.726 I/CLog ( 3472): 2025-06-04 11:23:51.726 T:6710 DEBUG: LoadImplLock:will_stop_=====1(0)
06-04 11:23:51.727 D/XM_HIDREAD( 1961): poll ret=1, event=1
06-04 11:23:51.727 D/XM_HIDREAD( 1961): [9 bytes]:01 00 00 00 00 00 00 00 00
06-04 11:23:51.729 I/SogouIME( 1440): onKeyUp: keyoCode=19
06-04 11:23:51.729 I/DefaultIMS( 1440): onKeyUp: keyoCode=19
06-04 11:23:51.729 V/UNIPLAYERSDK( 3472): MediaPlayerImpl.cpp:408 [MediaPlayerImpl@0xecff7154]isPlaying ret=0
06-04 11:23:51.743 I/CLog ( 3472): 2025-06-04 11:23:51.743 T:5719 DEBUG: InvokeCommand, is_rtc (null)
06-04 11:23:51.743 I/CLog ( 3472): 2025-06-04 11:23:51.743 T:5719 DEBUG: DataPush to read:100,size(5),[81040-80944]
06-04 11:23:51.767 I/UNIPLAYERSDK( 3472): MediaPlayerImpl.cpp:448 [MediaPlayerImpl@0xecff7154]getAdCountDown(44190)
06-04 11:23:51.768 I/UNIPLAYERSDK( 3472): MediaPlayerAdaptor.cpp:297 [PumaPlayerAdaptor@0xe5ea1fc4]doHandleMessage(KMSG_ACTION_GETCURRENTADPOSITION, arg1:-1, arg2:0)
06-04 11:23:51.768 I/UNIPLAYERSDK( 3472): PumaPlayer.cpp:1010 [PumaPlayer@0xab381cbc]InvokeMctoPlayerAdCommand(), command = 19, command_params = {"ad_id":262406}
06-04 11:23:51.768 I/UNIPLAYERSDK( 3472): , buffer = 0xb679a380
06-04 11:23:51.768 I/block_buffer_piece_size( 3472): HCDN_LOG: [T:4177]save data response (error_code0) ON_MSG_STORAGE2P2P_SaveDataResponse(2952059185-0-0) (offset:103,len:0)
06-04 11:23:51.768 I/CLog ( 3472): 2025-06-04 11:23:51.768 T:3585 INFO: ADCmdParser::InvokeCmd,19,{"ad_id":262406}
06-04 11:23:51.768 I/CLog ( 3472):
06-04 11:23:51.768 I/CLog ( 3472): 2025-06-04 11:23:51.768 T:3585 INFO: ADPlayerManager::InvokeADCommand, 19 {"ad_id":262406}
06-04 11:23:51.768 I/CLog ( 3472):
06-04 11:23:51.768 I/CLog ( 3472): 2025-06-04 11:23:51.768 T:3585 INFO: GetCurrentADTime {"playtime":1278,"duration":15000}
06-04 11:23:51.768 D/UNIPLAYERSDK( 3472): PumaPlayer.cpp:816 [PumaPlayer@0xab381cbc][pos]getCurrentAdPosition pos=1278,dur=15000,ret=0
06-04 11:23:51.769 D/UNIPLAYERSDK( 3472): BaseState.cpp:42 [PumaPlayerAdaptor@0xe5ea1fc4@0xb384d268]{fm(KMSG_ACTION_GETCURRENTADPOSITION),ret(0),at(1,6350,6351),s(5,-2,-2,-2,5),fm=Message@0xecb4c4f0{what=1048606,when=1106350,arg1=1278,arg2=15000,arg3=-1111111111,str=,timeout=0,obj=0x0,runnable=0x0,target=0xed09b83c,watchDogOp=0x0}
06-04 11:23:51.769 D/UNIPLAYERSDK( 3472): BaseState.cpp:56 [PumaPlayerAdaptor@0xe5ea1fc4@0xb384d268]{fm(KMSG_ACTION_GETCURRENTADPOSITION),o(AudioPrevi)-t(0,6350,6350),o(BitstreamS)-t(0,6350,6350),o(CarouselPr)-t(0,6350,6350),o(FastHelper)-t(0,6350,6350),o(HeaderTail)-t(0,6350,6350),o(HighLights)-t(0,6350,6350),o(InteractPr)-t(0,6350,6350),o(LivePrevie)-t(0,6350,6350),o(MediaPlaye)-t(0,6351,6351),o(MovieVVInf)-t(0,6350,6350),o(PPrecacher)-t(0,6350,6350),o(PlayerStuc)-t(0,6350,6350),o(PumaAbsCmd)-t(0,6350,6350),o(PumaAdvert)-t(0,6350,6350),o(PumaBuffer)-t(0,6350,6350),o(PumaError@)-t(0,6350,6350),o(PumaMediaD)-t(0,6350,6350),o(PumaPlayer)-t(0,6350,6350),o(PumaRate@0)-t(0,6350,6350),o(PumaSegmen)-t(0,6350,6350),o(PumaSubtit)-t(0,6350,6350),o(RefreshAcc)-t(0,6350,6350),o(RefreshSer)-t(0,6350,6350),o(SceneKeepe)-t(0,6350,6350),o(SetRate@0x)-t(0,6350,6350),o(SwitchEpis)-t(0,6350,6350),o(VideoPlayC)-t(0,6350,6350)}
06-04 11:23:51.769 D/UNIPLAYERSDK( 3472): MovieVVInfo.cpp:122 [pos]getCurrentAdPosition=1278
06-04 11:23:51.769 D/UNIPLAYERSDK( 3472): PumaPlayer.cpp:779 [PumaPlayer@0xab381cbc]getAdCountDown(43789)
06-04 11:23:51.769 I/UNIPLAYERSDK( 3472): PumaPlayerAdaptor.cpp:350 [PumaPlayerAdaptor@0xe5ea1fc4]getAdCountDown receiveAdCountDownMsg(43789)
06-04 11:23:51.769 D/UNIPLAYERSDK( 3472): PlayerBabelPingbackSender.cpp:96 onAdCountDown, countdown=43789
06-04 11:23:51.769 D/UNIPLAYERSDK( 3472): BaseState.cpp:42 [PumaPlayerAdaptor@0xe5ea1fc4@0xb384d268]{fm(KMSG_ACTION_GETADCOUNTDOWN),ret(0),at(0,6351,6351),s(5,-2,-2,-2,5),fm=Message@0xecb494d0{what=1048609,when=1106351,arg1=43789,arg2=-1111111111,arg3=-1111111111,str=,timeout=0,obj=0x0,runnable=0x0,target=0xed09b83c,watchDogOp=0x0}
06-04 11:23:51.769 D/UNIPLAYERSDK( 3472): BaseState.cpp:56 [PumaPlayerAdaptor@0xe5ea1fc4@0xb384d268]{fm(KMSG_ACTION_GETADCOUNTDOWN),o(AudioPrevi)-t(0,6351,6351),o(BitstreamS)-t(0,6351,6351),o(CarouselPr)-t(0,6351,6351),o(FastHelper)-t(0,6351,6351),o(HeaderTail)-t(0,6351,6351),o(HighLights)-t(0,6351,6351),o(InteractPr)-t(0,6351,6351),o(LivePrevie)-t(0,6351,6351),o(MediaPlaye)-t(0,6351,6351),o(MovieVVInf)-t(0,6351,6351),o(PPrecacher)-t(0,6351,6351),o(PlayerStuc)-t(0,6351,6351),o(PumaAbsCmd)-t(0,6351,6351),o(PumaAdvert)-t(0,6351,6351),o(PumaBuffer)-t(0,6351,6351),o(PumaError@)-t(0,6351,6351),o(PumaMediaD)-t(0,6351,6351),o(PumaPlayer)-t(0,6351,6351),o(PumaRate@0)-t(0,6351,6351),o(PumaSegmen)-t(0,6351,6351),o(PumaSubtit)-t(0,6351,6351),o(RefreshAcc)-t(0,6351,6351),o(RefreshSer)-t(0,6351,6351),o(SceneKeepe)-t(0,6351,6351),o(SetRate@0x)-t(0,6351,6351),o(SwitchEpis)-t(0,6351,6351),o(VideoPlayC)-t(0,6351,6351)}
06-04 11:23:51.769 D/UNIPLAYERSDK( 3472): MovieVVInfo.cpp:136 [pos]getAdCountDown=43789
06-04 11:23:51.778 E/storage_operate( 3472): HCDN_LOG: [T:4181][HINFO]:[f:BBNCheck],[l:3253],,[map_size:0]
06-04 11:23:51.780 I/VideoViewGroup@250996395( 3472): onLayout(), isFullScreen=true, viewHeight=1080 , viewWidth=1920, ScreenHeight=1080, ScreenWidth=1920
06-04 11:23:51.807 E/storage_operate( 3472): HCDN_LOG: [T:4181][HINFO]:[f:UpdateBBNCache],[l:3267],[start_check_task]
06-04 11:23:51.808 I/block_buffer_piece_size( 3472): HCDN_LOG: [T:4177]save data response (error_code0) ON_MSG_STORAGE2P2P_SaveDataResponse(2952059185-0-0) (offset:45,len:0)
06-04 11:23:51.809 I/block_buffer_piece_size( 3472): HCDN_LOG: [T:4177]save data response (error_code0) ON_MSG_STORAGE2P2P_SaveDataResponse(2952059185-0-0) (offset:70,len:0)
06-04 11:23:51.809 I/block_buffer_piece_size( 3472): HCDN_LOG: [T:4177]save data response (error_code0) ON_MSG_STORAGE2P2P_SaveDataResponse(3388604416-0-0) (offset:104,len:0)
06-04 11:23:51.809 I/block_buffer_piece_size( 3472): HCDN_LOG: [T:4177]save data response (error_code0) ON_MSG_STORAGE2P2P_SaveDataResponse(2305097728-0-0) (offset:46,len:0)
06-04 11:23:51.809 I/block_buffer_piece_size( 3472): HCDN_LOG: [T:4177]save data response (error_code0) ON_MSG_STORAGE2P2P_SaveDataResponse(1928462336-0-0) (offset:71,len:0)
06-04 11:23:51.818 I/audio_hw_hal_primary( 476): [audiohal_get_latency:1333] io 13: out:0xf07c5650 frames:1280 rate:48000 whole_latency:26 alsa_latency:26
06-04 11:23:51.818 I/CLog ( 3472): 2025-06-04 11:23:51.818 T:5719 DEBUG: InvokeCommand, is_rtc (null)
06-04 11:23:51.818 I/CLog ( 3472): 2025-06-04 11:23:51.818 T:5719 DEBUG: DataPush to read:100,size(6),[81120-81037]
06-04 11:23:51.826 I/CLog ( 3472): 2025-06-04 11:23:51.826 T:6710 DEBUG: [5017]HCDNLoaderClient::Read read_len=262144
06-04 11:23:51.826 E/p2pfile ( 3472): HCDN_LOG: [T:6710][HINFO]:[f:Read],[l:1749],[Task(13), pos(65536), len(262144), timeout(6000)]
06-04 11:23:51.827 E/Hcdn_DeTask3999911026( 3472): HCDN_LOG: [T:4176][HINFO]:[f:OnRecvCacheSecondsRequest],[l:2010], cache_bytes=0!
06-04 11:23:51.827 W/abs_update_info( 3472): HCDN_LOG: [T:4176][HERROR]:[f:CalcVidCacheBytesFromReadOffset],[l:2489],UPDATA CALC:vid:,task_seg=0, task_offset=65536, cur_cache_bytes=0, total_cache_bytes=0, fileToEnd=0
06-04 11:23:51.827 W/abs_update_info( 3472): HCDN_LOG: [T:4176][HERROR]:[f:UpdateForABS],[l:2545],UPDATA:vid:,i64ReadOffset=0, cache=0, CachedBytes=0
06-04 11:23:51.827 E/Hcdn_DeTask3999911026( 3472): HCDN_LOG: [T:4176][HINFO]:[f:PostNotifyInfo],[l:248], notify type(6),info({"BandWidth":0,"IsAd":1,"IsP2P":1,"VID":""}
06-04 11:23:51.827 E/Hcdn_DeTask3999911026( 3472): )
06-04 11:23:51.827 E/playfilesourceNew( 3472): HCDN_LOG: [T:4173][HINFO]:[f:DoAsynNotifyInfoResponse],[l:2605],[TaskID(3999911026),type(6),msg({"BandWidth":0,"IsAd":1,"IsP2P":1,"VID":""}
06-04 11:23:51.827 E/playfilesourceNew( 3472): )!]
06-04 11:23:51.827 E/Hcdn_DeTask318584460( 3472): HCDN_LOG: [T:4176][HINFO]:[f:PostNotifyInfo],[l:248], notify type(6),info({"BandWidth":2899968,"IsAd":1,"IsP2P":1,"VID":""}
06-04 11:23:51.827 E/Hcdn_DeTask318584460( 3472): )
06-04 11:23:51.827 E/abs_info( 3472): HCDN_LOG: [T:4173][HINFO]:[f:PostABSInfo],[l:7214],Task(13), SetABSInterface ret(0) SetParam("DownloadStatusByHcdn", {"BandWidth":0,"BandWidth_1":7208960,"IsAd":1,"IsP2P":1,"VID":""}
06-04 11:23:51.827 E/abs_info( 3472): )
06-04 11:23:51.827 E/playfilesourceNew( 3472): HCDN_LOG: [T:4173][HINFO]:[f:DoAsynNotifyInfoResponse],[l:2605],[TaskID(318584460),type(6),msg({"BandWidth":2899968,"IsAd":1,"IsP2P":1,"VID":""}
06-04 11:23:51.827 E/playfilesourceNew( 3472): )!]
06-04 11:23:51.828 E/playfilesourceNew( 3472): HCDN_LOG: [T:6710][HINFO]:[f:GetCacheSeconds],[l:846],[TaskID(3999911026), offset(65536), CacheBytes(0)]
06-04 11:23:51.828 E/playfilesourceNew( 3472): HCDN_LOG: [T:6710][HINFO]:[f:Read],[l:2071],[Task(13), taskid(3999911026), Offset(65536), needread(0)]
06-04 11:23:51.828 E/p2pfile ( 3472): HCDN_LOG: [T:6710][HINFO]:[f:Read],[l:2211],[Task(13), Read return, pos(65536),len(0),idx(0),taskid(3999911026),videoTime(0)]
06-04 11:23:51.830 I/block_buffer_piece_size( 3472): HCDN_LOG: [T:4177]save data response (error_code0) ON_MSG_STORAGE2P2P_SaveDataResponse(2952059185-0-0) (offset:47,len:0)
06-04 11:23:51.838 I/block_buffer_piece_size( 3472): HCDN_LOG: [T:4177]save data response (error_code0) ON_MSG_STORAGE2P2P_SaveDataResponse(2952059185-0-0) (offset:48,len:0)
06-04 11:23:51.838 I/block_buffer_piece_size( 3472): HCDN_LOG: [T:4177]save data response (error_code0) ON_MSG_STORAGE2P2P_SaveDataResponse(2952059185-0-0) (offset:72,len:0)
06-04 11:23:51.839 I/block_buffer_piece_size( 3472): HCDN_LOG: [T:4177]save data response (error_code0) ON_MSG_STORAGE2P2P_SaveDataResponse(2046361600-0-0) (offset:49,len:0)
06-04 11:23:51.859 I/audio_hw_hal_primary( 476): [audiohal_get_latency:1333] io 13: out:0xf07c5650 frames:1024 rate:48000 whole_latency:21 alsa_latency:21
06-04 11:23:51.860 E/storage_operate( 3472): HCDN_LOG: [T:4181][HINFO]:[f:BBNCheck],[l:3253],,[map_size:0]
06-04 11:23:51.878 I/UNIPLAYERSDK( 3472): PumaPlayerAdaptor.cpp:320 [PumaPlayerAdaptor@0xe5ea1fc4][pos]getCurrentPosition=0
06-04 11:23:51.878 D/UNIPLAYERSDK( 3472): BaseState.cpp:42 [PumaPlayerAdaptor@0xe5ea1fc4@0xb386dee8]{fm(KMSG_ACTION_GETCURRENTPOSITION),ret(0),at(0,6460,6460),s(5,-2,-2,-2,5),fm=Message@0xecb7ff30{what=1048605,when=1106460,arg1=0,arg2=-1,arg3=-1111111111,str=,timeout=0,obj=0x0,runnable=0x0,target=0xed09b83c,watchDogOp=0x0}
