06-04 11:23:53.280 D/UNIPLAYERSDK( 3472): BaseState.cpp:56 [PumaPlayerAdaptor@0xe5ea1fc4@0xb38707e8]{fm(KMSG_ACTION_GETCURRENTADPOSITION),o(AudioPrevi)-t(0,7861,7861),o(BitstreamS)-t(0,7861,7861),o(CarouselPr)-t(0,7861,7861),o(FastHelper)-t(0,7861,7861),o(HeaderTail)-t(0,7861,7861),o(HighLights)-t(0,7861,7861),o(InteractPr)-t(0,7861,7861),o(LivePrevie)-t(0,7861,7861),o(MediaPlaye)-t(0,7862,7862),o(MovieVVInf)-t(0,7861,7861),o(PPrecacher)-t(0,7861,7861),o(PlayerStuc)-t(0,7861,7861),o(PumaAbsCmd)-t(0,7861,7861),o(PumaAdvert)-t(0,7861,7861),o(PumaBuffer)-t(0,7861,7861),o(PumaError@)-t(0,7861,7861),o(PumaMediaD)-t(0,7861,7861),o(PumaPlayer)-t(0,7861,7861),o(PumaRate@0)-t(0,7861,7861),o(PumaSegmen)-t(0,7861,7861),o(PumaSubtit)-t(0,7861,7861),o(RefreshAcc)-t(0,7861,7861),o(RefreshSer)-t(0,7861,7861),o(SceneKeepe)-t(0,7861,7861),o(SetRate@0x)-t(0,7861,7861),o(SwitchEpis)-t(0,7861,7861),o(VideoPlayC)-t(0,7861,7861)}
06-04 11:23:53.280 D/UNIPLAYERSDK( 3472): MovieVVInfo.cpp:122 [pos]getCurrentAdPosition=2840
06-04 11:23:53.280 D/UNIPLAYERSDK( 3472): PumaPlayer.cpp:779 [PumaPlayer@0xab381cbc]getAdCountDown(42339)
06-04 11:23:53.280 I/UNIPLAYERSDK( 3472): PumaPlayerAdaptor.cpp:350 [PumaPlayerAdaptor@0xe5ea1fc4]getAdCountDown receiveAdCountDownMsg(42339)
06-04 11:23:53.280 D/UNIPLAYERSDK( 3472): PlayerBabelPingbackSender.cpp:96 onAdCountDown, countdown=42339
06-04 11:23:53.280 D/UNIPLAYERSDK( 3472): BaseState.cpp:42 [PumaPlayerAdaptor@0xe5ea1fc4@0xb38707e8]{fm(KMSG_ACTION_GETADCOUNTDOWN),ret(0),at(0,7862,7862),s(5,-2,-2,-2,5),fm=Message@0xa7680790{what=1048609,when=1107861,arg1=42339,arg2=-1111111111,arg3=-1111111111,str=,timeout=0,obj=0x0,runnable=0x0,target=0xed09b83c,watchDogOp=0x0}
06-04 11:23:53.281 D/UNIPLAYERSDK( 3472): BaseState.cpp:56 [PumaPlayerAdaptor@0xe5ea1fc4@0xb38707e8]{fm(KMSG_ACTION_GETADCOUNTDOWN),o(AudioPrevi)-t(0,7862,7862),o(BitstreamS)-t(0,7862,7862),o(CarouselPr)-t(0,7862,7862),o(FastHelper)-t(0,7862,7862),o(HeaderTail)-t(0,7862,7862),o(HighLights)-t(0,7862,7862),o(InteractPr)-t(0,7862,7862),o(LivePrevie)-t(0,7862,7862),o(MediaPlaye)-t(0,7862,7862),o(MovieVVInf)-t(0,7862,7862),o(PPrecacher)-t(0,7862,7862),o(PlayerStuc)-t(0,7862,7862),o(PumaAbsCmd)-t(0,7862,7862),o(PumaAdvert)-t(0,7862,7862),o(PumaBuffer)-t(0,7862,7862),o(PumaError@)-t(0,7862,7862),o(PumaMediaD)-t(0,7862,7862),o(PumaPlayer)-t(0,7862,7862),o(PumaRate@0)-t(0,7862,7862),o(PumaSegmen)-t(0,7862,7862),o(PumaSubtit)-t(0,7862,7862),o(RefreshAcc)-t(0,7862,7862),o(RefreshSer)-t(0,7862,7862),o(SceneKeepe)-t(0,7862,7862),o(SetRate@0x)-t(0,7862,7862),o(SwitchEpis)-t(0,7862,7862),o(VideoPlayC)-t(0,7862,7862)}
06-04 11:23:53.281 D/UNIPLAYERSDK( 3472): MovieVVInfo.cpp:136 [pos]getAdCountDown=42339
06-04 11:23:53.300 E/storage_operate( 3472): HCDN_LOG: [T:4181][HINFO]:[f:BBNCheck],[l:3253],,[map_size:0]
06-04 11:23:53.303 I/CLog ( 3472): 2025-06-04 11:23:53.303 T:5719 DEBUG: GetADCountdown 77863, return 42137
06-04 11:23:53.300 I/binder:458_3( 458): type=1400 audit(0.0:1771): avc: denied { add_name } for name="globalAlert" scontext=u:r:netd:s0 tcontext=u:object_r:proc_net:s0 tclass=dir permissive=1
06-04 11:23:53.310 I/audio_hw_hal_primary( 476): [audiohal_get_latency:1333] io 13: out:0xf07c5650 frames:1024 rate:48000 whole_latency:21 alsa_latency:21
06-04 11:23:53.325 E/storage_operate( 3472): HCDN_LOG: [T:4181][HINFO]:[f:UpdateBBNCache],[l:3267],[start_check_task]
06-04 11:23:53.326 I/block_buffer_piece_size( 3472): HCDN_LOG: [T:4177]save data response (error_code0) ON_MSG_STORAGE2P2P_SaveDataResponse(542638080-0-0) (offset:84,len:0)
06-04 11:23:53.327 I/block_buffer_piece_size( 3472): HCDN_LOG: [T:4177]save data response (error_code0) ON_MSG_STORAGE2P2P_SaveDataResponse(2952059185-0-0) (offset:22,len:0)
06-04 11:23:53.327 I/block_buffer_piece_size( 3472): HCDN_LOG: [T:4177]save data response (error_code0) ON_MSG_STORAGE2P2P_SaveDataResponse(3573743616-0-0) (offset:118,len:0)
06-04 11:23:53.327 I/block_buffer_piece_size( 3472): HCDN_LOG: [T:4177]save data response (error_code0) ON_MSG_STORAGE2P2P_SaveDataResponse(3231514624-0-0) (offset:23,len:0)
06-04 11:23:53.337 W/abs_update_info( 3472): HCDN_LOG: [T:4176][HERROR]:[f:CalcVidCacheBytesFromReadOffset],[l:2489],UPDATA CALC:vid:,task_seg=0, task_offset=311296, cur_cache_bytes=81920, total_cache_bytes=81920, fileToEnd=0
06-04 11:23:53.338 W/abs_update_info( 3472): HCDN_LOG: [T:4176][HERROR]:[f:UpdateForABS],[l:2545],UPDATA:vid:,i64ReadOffset=0, cache=81920, CachedBytes=81920
06-04 11:23:53.338 E/Hcdn_DeTask3999911026( 3472): HCDN_LOG: [T:4176][HINFO]:[f:PostNotifyInfo],[l:248], notify type(6),info({"BandWidth":7864320,"IsAd":1,"IsP2P":1,"VID":""}
06-04 11:23:53.338 E/Hcdn_DeTask3999911026( 3472): )
06-04 11:23:53.338 E/playfilesourceNew( 3472): HCDN_LOG: [T:4173][HINFO]:[f:DoAsynNotifyInfoResponse],[l:2605],[TaskID(3999911026),type(6),msg({"BandWidth":7864320,"IsAd":1,"IsP2P":1,"VID":""}
06-04 11:23:53.338 E/playfilesourceNew( 3472): )!]
06-04 11:23:53.338 E/Hcdn_DeTask318584460( 3472): HCDN_LOG: [T:4176][HINFO]:[f:PostNotifyInfo],[l:248], notify type(6),info({"BandWidth":2899968,"IsAd":1,"IsP2P":1,"VID":""}
06-04 11:23:53.338 E/Hcdn_DeTask318584460( 3472): )
06-04 11:23:53.338 E/abs_info( 3472): HCDN_LOG: [T:4173][HINFO]:[f:PostABSInfo],[l:7214],Task(13), SetABSInterface ret(0) SetParam("DownloadStatusByHcdn", {"BandWidth":7864320,"BandWidth_1":7561216,"IsAd":1,"IsP2P":1,"VID":""}
06-04 11:23:53.338 E/abs_info( 3472): )
06-04 11:23:53.338 E/playfilesourceNew( 3472): HCDN_LOG: [T:4173][HINFO]:[f:DoAsynNotifyInfoResponse],[l:2605],[TaskID(318584460),type(6),msg({"BandWidth":2899968,"IsAd":1,"IsP2P":1,"VID":""}
06-04 11:23:53.338 E/playfilesourceNew( 3472): )!]
06-04 11:23:53.345 I/CLog ( 3472): 2025-06-04 11:23:53.345 T:5719 DEBUG: InvokeCommand, is_rtc (null)
06-04 11:23:53.345 I/CLog ( 3472): 2025-06-04 11:23:53.345 T:5719 DEBUG: DataPush to read:100,size(6),[82680-82592]
06-04 11:23:53.352 I/audio_hw_hal_primary( 476): [audiohal_get_latency:1333] io 13: out:0xf07c5650 frames:1280 rate:48000 whole_latency:26 alsa_latency:26
06-04 11:23:53.359 I/CLog ( 3472): 2025-06-04 11:23:53.359 T:6710 DEBUG: [5017]HCDNLoaderClient::Read read_len=262144
06-04 11:23:53.360 E/p2pfile ( 3472): HCDN_LOG: [T:6710][HINFO]:[f:Read],[l:1749],[Task(13), pos(311296), len(262144), timeout(6000)]
06-04 11:23:53.360 E/playfilesourceNew( 3472): HCDN_LOG: [T:6710][HINFO]:[f:GetCacheSeconds],[l:846],[TaskID(3999911026), offset(311296), CacheBytes(81920)]
06-04 11:23:53.360 E/playfilesourceNew( 3472): HCDN_LOG: [T:6710][HINFO]:[f:Read],[l:2071],[Task(13), taskid(3999911026), Offset(311296), needread(81920)]
06-04 11:23:53.360 E/playfilesourceNew( 3472): HCDN_LOG: [T:6710][HINFO]:[f:ReadDataByPiece],[l:4260],[TaskID(3999911026),seq(1352), Offset(311296), NumberOfBytesToRead(81920)]
06-04 11:23:53.361 W/abs_update_info( 3472): HCDN_LOG: [T:4181][HERROR]:[f:CheckPlayerReadData],[l:2157],vui(3f90c3f6e555fc8f01c344ddb68c23ca) task_id[3999911026] ret_code[0], offset[311296], offset_len[81920].
06-04 11:23:53.361 E/p2pfile ( 3472): HCDN_LOG: [T:6710][HINFO]:[f:Read],[l:2211],[Task(13), Read return, pos(311296),len(81920),idx(0),taskid(3999911026),videoTime(0)]
06-04 11:23:53.361 I/CLog ( 3472): 2025-06-04 11:23:53.361 T:6710 DEBUG: [5017]HCDNLoaderClient::Read need_read=262144, read_size=81920. pos:393216
06-04 11:23:53.361 I/CLog ( 3472): 2025-06-04 11:23:53.361 T:6710 DEBUG: LoadImplLock:will_stop_=====1(0)
06-04 11:23:53.371 E/storage_operate( 3472): HCDN_LOG: [T:4181][HINFO]:[f:BBNCheck],[l:3253],,[map_size:0]
06-04 11:23:53.384 I/UNIPLAYERSDK( 3472): PumaPlayerAdaptor.cpp:320 [PumaPlayerAdaptor@0xe5ea1fc4][pos]getCurrentPosition=0
06-04 11:23:53.384 D/UNIPLAYERSDK( 3472): BaseState.cpp:42 [PumaPlayerAdaptor@0xe5ea1fc4@0xb3841ae8]{fm(KMSG_ACTION_GETCURRENTPOSITION),ret(0),at(0,7966,7966),s(5,-2,-2,-2,5),fm=Message@0xecb494d0{what=1048605,when=1107966,arg1=0,arg2=-1,arg3=-1111111111,str=,timeout=0,obj=0x0,runnable=0x0,target=0xed09b83c,watchDogOp=0x0}
06-04 11:23:53.385 D/UNIPLAYERSDK( 3472): BaseState.cpp:56 [PumaPlayerAdaptor@0xe5ea1fc4@0xb3841ae8]{fm(KMSG_ACTION_GETCURRENTPOSITION),o(AudioPrevi)-t(0,7966,7966),o(BitstreamS)-t(0,7966,7966),o(CarouselPr)-t(0,7966,7966),o(FastHelper)-t(0,7966,7966),o(HeaderTail)-t(0,7966,7966),o(HighLights)-t(0,7966,7966),o(InteractPr)-t(0,7966,7966),o(LivePrevie)-t(0,7966,7966),o(MediaPlaye)-t(0,7966,7966),o(MovieVVInf)-t(0,7966,7966),o(PPrecacher)-t(0,7966,7966),o(PlayerStuc)-t(0,7966,7966),o(PumaAbsCmd)-t(0,7966,7966),o(PumaAdvert)-t(0,7966,7966),o(PumaBuffer)-t(0,7966,7966),o(PumaError@)-t(0,7966,7966),o(PumaMediaD)-t(0,7966,7966),o(PumaPlayer)-t(0,7966,7966),o(PumaRate@0)-t(0,7966,7966),o(PumaSegmen)-t(0,7966,7966),o(PumaSubtit)-t(0,7966,7966),o(RefreshAcc)-t(0,7966,7966),o(RefreshSer)-t(0,7966,7966),o(SceneKeepe)-t(0,7966,7966),o(SetRate@0x)-t(0,7966,7966),o(SwitchEpis)-t(0,7966,7966),o(VideoPlayC)-t(0,7966,7966)}
06-04 11:23:53.385 D/UNIPLAYERSDK( 3472): MovieVVInfo.cpp:113 [pos]getCurrentPosition=0
06-04 11:23:53.395 I/audio_hw_hal_primary( 476): [audiohal_get_latency:1333] io 13: out:0xf07c5650 frames:1024 rate:48000 whole_latency:21 alsa_latency:21
06-04 11:23:53.400 D/UNIPLAYERSDK( 3472): PumaPlayer.cpp:773 [PumaPlayer@0xab381cbc]getCachePercent(0)
06-04 11:23:53.400 D/UNIPLAYERSDK( 3472): PumaPlayerAdaptor.cpp:343 [PumaPlayerAdaptor@0xe5ea1fc4]KMSG_ACTION_GETCACHEPERCENT=0
06-04 11:23:53.400 D/UNIPLAYERSDK( 3472): BaseState.cpp:42 [PumaPlayerAdaptor@0xe5ea1fc4@0xb3841ae8]{fm(KMSG_ACTION_GETCACHEPERCENT),ret(0),at(1,7981,7982),s(5,-2,-2,-2,5),fm=Message@0xecb4e750{what=1048610,when=1107981,arg1=0,arg2=-1111111111,arg3=-1111111111,str=,timeout=0,obj=0x0,runnable=0x0,target=0xed09b83c,watchDogOp=0x0}
06-04 11:23:53.400 D/UNIPLAYERSDK( 3472): BaseState.cpp:56 [PumaPlayerAdaptor@0xe5ea1fc4@0xb3841ae8]{fm(KMSG_ACTION_GETCACHEPERCENT),o(AudioPrevi)-t(0,7981,7981),o(BitstreamS)-t(0,7982,7982),o(CarouselPr)-t(0,7982,7982),o(FastHelper)-t(0,7981,7981),o(HeaderTail)-t(0,7981,7981),o(HighLights)-t(0,7981,7981),o(InteractPr)-t(0,7982,7982),o(LivePrevie)-t(0,7982,7982),o(MediaPlaye)-t(0,7982,7982),o(MovieVVInf)-t(0,7982,7982),o(PPrecacher)-t(0,7982,7982),o(PlayerStuc)-t(0,7982,7982),o(PumaAbsCmd)-t(0,7982,7982),o(PumaAdvert)-t(0,7981,7981),o(PumaBuffer)-t(0,7982,7982),o(PumaError@)-t(0,7981,7981),o(PumaMediaD)-t(0,7981,7981),o(PumaPlayer)-t(0,7982,7982),o(PumaRate@0)-t(0,7982,7982),o(PumaSegmen)-t(0,7981,7981),o(PumaSubtit)-t(0,7981,7981),o(RefreshAcc)-t(0,7981,7981),o(RefreshSer)-t(0,7981,7981),o(SceneKeepe)-t(0,7981,7981),o(SetRate@0x)-t(0,7982,7982),o(SwitchEpis)-t(0,7982,7982),o(VideoPlayC)-t(0,7981,7981)}
06-04 11:23:53.400 D/UNIPLAYERSDK( 3472): MovieVVInfo.cpp:129 [pos]getCachePercent=0
06-04 11:23:53.411 E/Hcdn_DeTask3999911026( 3472): HCDN_LOG: [T:4176][HINFO]:[f:OnRecvCacheSecondsRequest],[l:2010], cache_bytes=0!
06-04 11:23:53.420 I/CLog ( 3472): 2025-06-04 11:23:53.420 T:5719 DEBUG: InvokeCommand, is_rtc (null)
06-04 11:23:53.421 I/CLog ( 3472): 2025-06-04 11:23:53.421 T:5719 DEBUG: DataPush to read:100,size(5),[82760-82662]
06-04 11:23:53.432 W/abs_update_info( 3472): HCDN_LOG: [T:4176][HERROR]:[f:CalcVidCacheBytesFromReadOffset],[l:2489],UPDATA CALC:vid:,task_seg=0, task_offset=393216, cur_cache_bytes=0, total_cache_bytes=0, fileToEnd=0
06-04 11:23:53.432 W/abs_update_info( 3472): HCDN_LOG: [T:4176][HERROR]:[f:UpdateForABS],[l:2545],UPDATA:vid:,i64ReadOffset=0, cache=0, CachedBytes=0
06-04 11:23:53.432 E/Hcdn_DeTask3999911026( 3472): HCDN_LOG: [T:4176][HINFO]:[f:PostNotifyInfo],[l:248], notify type(6),info({"BandWidth":7864320,"IsAd":1,"IsP2P":1,"VID":""}
06-04 11:23:53.432 E/Hcdn_DeTask3999911026( 3472): )
06-04 11:23:53.432 E/playfilesourceNew( 3472): HCDN_LOG: [T:4173][HINFO]:[f:DoAsynNotifyInfoResponse],[l:2605],[TaskID(3999911026),type(6),msg({"BandWidth":7864320,"IsAd":1,"IsP2P":1,"VID":""}
06-04 11:23:53.432 E/playfilesourceNew( 3472): )!]
06-04 11:23:53.432 E/Hcdn_DeTask318584460( 3472): HCDN_LOG: [T:4176][HINFO]:[f:PostNotifyInfo],[l:248], notify type(6),info({"BandWidth":2899968,"IsAd":1,"IsP2P":1,"VID":""}
06-04 11:23:53.432 E/Hcdn_DeTask318584460( 3472): )
06-04 11:23:53.432 E/abs_info( 3472): HCDN_LOG: [T:4173][HINFO]:[f:PostABSInfo],[l:7214],Task(13), SetABSInterface ret(0) SetParam("DownloadStatusByHcdn", {"BandWidth":7864320,"BandWidth_1":7561216,"IsAd":1,"IsP2P":1,"VID":""}
06-04 11:23:53.432 E/abs_info( 3472): )
06-04 11:23:53.432 E/playfilesourceNew( 3472): HCDN_LOG: [T:4173][HINFO]:[f:DoAsynNotifyInfoResponse],[l:2605],[TaskID(318584460),type(6),msg({"BandWidth":2899968,"IsAd":1,"IsP2P":1,"VID":""}
06-04 11:23:53.432 E/playfilesourceNew( 3472): )!]
06-04 11:23:53.437 I/audio_hw_hal_primary( 476): [audiohal_get_latency:1333] io 13: out:0xf07c5650 frames:1024 rate:48000 whole_latency:21 alsa_latency:21
06-04 11:23:53.444 I/VDA ( 482): [0##47]"ServiceDeviceTask INs=79/80, OUTs=74/83"" {IN=1/8, OUT=5/14[kAtAccelerator(0) kAtDevice(9) kAtClient(5)]}"
06-04 11:23:53.463 I/CLog ( 3472): 2025-06-04 11:23:53.463 T:6710 DEBUG: [5017]HCDNLoaderClient::Read read_len=262144
06-04 11:23:53.463 E/p2pfile ( 3472): HCDN_LOG: [T:6710][HINFO]:[f:Read],[l:1749],[Task(13), pos(393216), len(262144), timeout(6000)]
06-04 11:23:53.463 E/Hcdn_DeTask3999911026( 3472): HCDN_LOG: [T:4176][HINFO]:[f:OnRecvCacheSecondsRequest],[l:2010], cache_bytes=0!
06-04 11:23:53.464 E/playfilesourceNew( 3472): HCDN_LOG: [T:6710][HINFO]:[f:GetCacheSeconds],[l:846],[TaskID(3999911026), offset(393216), CacheBytes(0)]
06-04 11:23:53.464 E/playfilesourceNew( 3472): HCDN_LOG: [T:6710][HINFO]:[f:Read],[l:2071],[Task(13), taskid(3999911026), Offset(393216), needread(0)]
06-04 11:23:53.464 E/p2pfile ( 3472): HCDN_LOG: [T:6710][HINFO]:[f:Read],[l:2211],[Task(13), Read return, pos(393216),len(0),idx(0),taskid(3999911026),videoTime(0)]
06-04 11:23:53.480 I/audio_hw_hal_primary( 476): [audiohal_get_latency:1333] io 13: out:0xf07c5650 frames:1024 rate:48000 whole_latency:21 alsa_latency:21
06-04 11:23:53.488 E/storage_operate( 3472): HCDN_LOG: [T:4181][HINFO]:[f:UpdateBBNCache],[l:3267],[start_check_task]
06-04 11:23:53.489 I/block_buffer_piece_size( 3472): HCDN_LOG: [T:4177]save data response (error_code0) ON_MSG_STORAGE2P2P_SaveDataResponse(2900557824-0-0) (offset:85,len:0)
06-04 11:23:53.489 I/block_buffer_piece_size( 3472): HCDN_LOG: [T:4177]save data response (error_code0) ON_MSG_STORAGE2P2P_SaveDataResponse(2900557824-0-0) (offset:119,len:0)
06-04 11:23:53.489 I/block_buffer_piece_size( 3472): HCDN_LOG: [T:4177]save data response (error_code0) ON_MSG_STORAGE2P2P_SaveDataResponse(1586954240-0-0) (offset:24,len:0)
06-04 11:23:53.490 I/block_buffer_piece_size( 3472): HCDN_LOG: [T:4177]save data response (error_code0) ON_MSG_STORAGE2P2P_SaveDataResponse(3444703232-0-0) (offset:86,len:0)
06-04 11:23:53.490 I/block_buffer_piece_size( 3472): HCDN_LOG: [T:4177]save data response (error_code0) ON_MSG_STORAGE2P2P_SaveDataResponse(4025352192-0-0) (offset:25,len:0)
06-04 11:23:53.491 W/q_h_c_s ( 3472): HCDN_LOG: [T:4183]MethodLog:1333,QTP AsyncGet (reid: 17020419, url: http://59.36.206.217:8410/videos/other/20250509/90/14/793395f4cbc265c4818fa3420c2bb454.mp4?dis_k=bbf5f77a1fefed25b46ada75a4f7bb26&dis_t=1749007430&dis_dz=CT-GuangDong_ShenZhen&dis_st=46&qdv=3&dis_hit=0&dis_tag=03000000&uuid=71575138-683fbc46-2af&hotlevel=0&mss=1&rj=1&pv=0.1&qd_tm=1749007430000&cell=0&qd_tvid=&qypid=7384437982662917_131328_131334_5201&qd_p=&qd_k=&qd_uid=&qd_src=&qd_index=&qd_vip=&qyid=tv_ffb55351f3aea58931690796f01ed55d_1749006460772_9900404006&qd_did=&qd_vipres=&tfstatus=0&cphc=arta, connect: 5001, read: 6000, strict: 0, qtp: 1, module: 0)
06-04 11:23:53.491 I/q_h_c_s ( 3472): HCDN_LOG: [T:4183]SetState:1618,QTP State changed: QS_UNINIT ====> QSD0R1_START (reid: 17020419)
06-04 11:23:53.491 I/q_h_c_s ( 3472): HCDN_LOG: [T:4183]SetState:1618,QTP State changed: QSD0R1_START ====> QSD0R1_WAITFOR_HTTP_RESP (reid: 17020419)
06-04 11:23:53.491 I/q_h_c_s ( 3472): HCDN_LOG: [T:4183]AddRequestedHttpInfo:5390,m_mapReqId2HttpInfo add reid: 17020419, taskID(0), range_offset(0), range_len(128), m_mapReqId2HttpInfo(1)
06-04 11:23:53.492 W/q_h_c_s ( 3472): HCDN_LOG: [T:4183]MethodLog:1333,QTP AsyncGet (reid: 17020420, url: http://baiducdnct.inter.ptqy.gitv.tv/videos/other/20250509/90/14/793395f4cbc265c4818fa3420c2bb454.mp4?dis_dz=CT-GuangDong_ShenZhen&dis_st=46&dis_hit=0&dis_tag=01010000&uuid=71575138-683fbc46-2af&mss=1&rj=1&pv=0.1&qd_tm=1749007430000&cell=0&qd_tvid=&qypid=7384437982662917_131328_131334_5201&qd_p=&qd_k=&qd_uid=&qd_src=&qd_index=&qd_vip=&qyid=tv_ffb55351f3aea58931690796f01ed55d_1749006460772_9900404006&qd_did=&qd_vipres=&tfstatus=0&cphc=arta, connect: 5001, read: 6000, strict: 0, qtp: 1, module: 0)
06-04 11:23:53.492 I/q_h_c_s ( 3472): HCDN_LOG: [T:3977]SetCurlEasyHandle:1821,curl_easy_setopt CURLOPT_ERRORBUFFER success (reid: 17020419)
06-04 11:23:53.492 I/q_h_c_s ( 3472): HCDN_LOG: [T:3977]SetCurlIpResolve:2074,curl_easy_setopt CURLOPT_IPRESOLVE success (reid: 17020419, ipresolve: 1)
06-04 11:23:53.492 I/q_h_c_s ( 3472): HCDN_LOG: [T:4183]SetState:1618,QTP State changed: QS_UNINIT ====> QSD1R1_START (reid: 17020420)
06-04 11:23:53.492 I/q_h_c_s ( 3472): HCDN_LOG: [T:3977]GetQtpUrl:2617,EnabledQtp CURLOPT_URL: http://59.36.206.217:8410/videos/other/20250509/90/14/793395f4cbc265c4818fa3420c2bb454.mp4?dis_k=bbf5f77a1fefed25b46ada75a4f7bb26&dis_t=1749007430&dis_dz=CT-GuangDong_ShenZhen&dis_st=46&qdv=3&dis_hit=0&dis_tag=03000000&uuid=71575138-683fbc46-2af&hotlevel=0&mss=1&rj=1&pv=0.1&qd_tm=1749007430000&cell=0&qd_tvid=&qypid=7384437982662917_131328_131334_5201&qd_p=&qd_k=&qd_uid=&qd_src=&qd_index=&qd_vip=&qyid=tv_ffb55351f3aea58931690796f01ed55d_1749006460772_9900404006&qd_did=&qd_vipres=&tfstatus=0&cphc=arta (reid: 17020419)
06-04 11:23:53.492 W/q_h_c_s ( 3472): HCDN_LOG: [T:3977]SetEasyOpt:1497,curl_easy_setopt CURLOPT_URL success: http://59.36.206.217:8410/videos/other/20250509/90/14/793395f4cbc265c4818fa3420c2bb454.mp4?dis_k=bbf5f77a1fefed25b46ada75a4f7bb26&dis_t=1749007430&dis_dz=CT-GuangDong_ShenZhen&dis_st=46&qdv=3&dis_hit=0&dis_tag=03000000&uuid=71575138-683fbc46-2af&hotlevel=0&mss=1&rj=1&pv=0.1&qd_tm=1749007430000&cell=0&qd_tvid=&qypid=7384437982662917_131328_131334_5201&qd_p=&qd_k=&qd_uid=&qd_src=&qd_index=&qd_vip=&qyid=tv_ffb55351f3aea58931690796f01ed55d_1749006460772_9900404006&qd_did=&qd_vipres=&tfstatus=0&cphc=arta (reid: 17020419)
06-04 11:23:53.492 I/q_h_c_s ( 3472): HCDN_LOG: [T:4183]SetState:1618,QTP State changed: QSD1R1_START ====> QSD1R1_WAITFOR_FASTDNS_CACHE_RESP (reid: 17020420)
06-04 11:23:53.492 I/q_h_c_s ( 3472): HCDN_LOG: [T:4183]AddRequestedHttpInfo:5390,m_mapReqId2HttpInfo add reid: 17020420, taskID(0), range_offset(0), range_len(128), m_mapReqId2HttpInfo(2)
06-04 11:23:53.492 I/q_h_c_s ( 3472): HCDN_LOG: [T:4183]AddRequestedHttpInfo:5414,Query QtpDns (reid: 17020420, requestUrl: http://baiducdnct.inter.ptqy.gitv.tv/videos/other/20250509/90/14/793395f4cbc265c4818fa3420c2bb454.mp4?dis_dz=CT-GuangDong_ShenZhen&dis_st=46&dis_hit=0&dis_tag=01010000&uuid=71575138-683fbc46-2af&mss=1&rj=1&pv=0.1&qd_tm=1749007430000&cell=0&qd_tvid=&qypid=7384437982662917_131328_131334_5201&qd_p=&qd_k=&qd_uid=&qd_src=&qd_index=&qd_vip=&qyid=tv_ffb55351f3aea58931690796f01ed55d_1749006460772_9900404006&qd_did=&qd_vipres=&tfstatus=0&cphc=arta)
06-04 11:23:53.492 I/q_h_c_s ( 3472): HCDN_LOG: [T:3977]SetCurlHeader:3544,Set range header bytes=0-127 (reid: 17020419, offset: 0, length: 128)
06-04 11:23:53.492 I/q_h_c_s ( 3472): HCDN_LOG: [T:4183]AddWaitForQtpDnsHttpReq:795,Added wait for QTP DNS HTTP request, reid: 17020420
06-04 11:23:53.492 I/q_h_c_s ( 3472): HCDN_LOG: [T:3977]SetCurlHeader:3630,curl_slist_append add header User-Agent: HCDNClient_ANDROID_TV;libcurl/7.85.0.11 BoringSSL zlib/1.2.13 brotli/1.0.9 nghttp2/1.41.0;QK/10.2.3.5212;NetType/wifi;MSS_TTFB;QTP/2.2.100.2405 (reid: 17020419)
06-04 11:23:53.492 I/q_h_c_s ( 3472): HCDN_LOG: [T:4183]QueryDns:1324,Querying QTPDNS (reid: 17020420, domain: baiducdnct.inter.ptqy.gitv.tv)
06-04 11:23:53.492 I/q_h_c_s ( 3472): HCDN_LOG: [T:4183]QueryFastDns:1048,Querying Fast DNS (reid: 17020420, domain: baiducdnct.inter.ptqy.gitv.tv)
06-04 11:23:53.493 I/q_h_c_s ( 3472): HCDN_LOG: [T:3977]SetCurlHeader:3630,curl_slist_append add header Range: bytes=0-127 (reid: 17020419)
06-04 11:23:53.493 I/q_h_c_s ( 3472): HCDN_LOG: [T:3977]SetCurlLowSpeed:3795,curl_easy_setopt CURLOPT_LOW_SPEED_LIMIT success for global (reid: 17020419, speed: 1)
06-04 11:23:53.493 I/q_h_c_s ( 3472): HCDN_LOG: [T:3977]SetCurlLowSpeed:3813,curl_easy_setopt CURLOPT_LOW_SPEED_TIME success for global (reid: 17020419, time: 10)
06-04 11:23:53.493 I/q_h_c_s ( 3472): HCDN_LOG: [T:4183]QueryFastDns:1103,Querying Fast DNS Cache, reset read timeout: 100 (reid: 17020420)
06-04 11:23:53.493 I/q_h_c_s ( 3472): HCDN_LOG: [T:4183]QueryFastDns:1126,Sending Fast DNS Request, url: http://127.0.0.1:1971/md, body: {
06-04 11:23:53.493 I/q_h_c_s ( 3472): "query" : [
06-04 11:23:53.493 I/q_h_c_s ( 3472): {
06-04 11:23:53.493 I/q_h_c_s ( 3472): "dn" : "baiducdnct.inter.ptqy.gitv.tv",
06-04 11:23:53.493 I/q_h_c_s ( 3472): "qtype" : "aaaa"
06-04 11:23:53.493 I/q_h_c_s ( 3472): },
06-04 11:23:53.493 I/q_h_c_s ( 3472): {
06-04 11:23:53.493 I/q_h_c_s ( 3472): "dn" : "baiducdnct.inter.ptqy.gitv.tv",
06-04 11:23:53.493 I/q_h_c_s ( 3472): "qtype" : "a"
06-04 11:23:53.493 I/q_h_c_s ( 3472): }
06-04 11:23:53.493 I/q_h_c_s ( 3472): ]
06-04 11:23:53.493 I/q_h_c_s ( 3472): }
06-04 11:23:53.493 I/q_h_c_s ( 3472): (reid: 17020420)
06-04 11:23:53.493 W/q_h_c_s ( 3472): HCDN_LOG: [T:4183]MethodLog:1333,QTP AsyncPost (reid: 17020421, url: http://127.0.0.1:1971/md, connect: 150, read: 100, strict: 0, qtp: 0, module: 14)
06-04 11:23:53.493 W/q_h_c_s ( 3472): HCDN_LOG: [T:3977]SetCurlTimeout:4095,curl_easy_setopt CURLOPT_CONNECTTIMEOUT_MS success (reid: 17020419, timeout: 5001)
06-04 11:23:53.493 I/q_h_c_s ( 3472): HCDN_LOG: [T:4183]AddRequestedHttpInfo:5390,m_mapReqId2HttpInfo add reid: 17020421, taskID(0), range_offset(0), range_len(-1), m_mapReqId2HttpInfo(3)
06-04 11:23:53.493 W/q_h_c_s ( 3472): HCDN_LOG: [T:3977]SetCurlTimeout:4161,curl_easy_setopt CURLOPT_TIMEOUT_MS success (reid: 17020419, timeout: 6000)
06-04 11:23:53.493 I/q_h_c_s ( 3472): HCDN_LOG: [T:3977]SetEasyOpt:1741,curl_easy_setopt CURLOPT_Q_ENABLE_ASYNTHREAD_NOWAIT success (reid: 17020419)
06-04 11:23:53.493 W/q_h_c_s ( 3472): HCDN_LOG: [T:4183]MethodLog:1333,QTP AsyncGet (reid: 17020422, url: http://qiniucdnct.inter.ptqy.gitv.tv/videos/other/20250509/90/14/793395f4cbc265c4818fa3420c2bb454.mp4?dis_dz=CT-GuangDong_ShenZhen&dis_st=46&dis_hit=0&dis_tag=01010000&uuid=71575138-683fbc46-2af&mss=1&rj=1&pv=0.1&qd_tm=1749007430000&cell=0&qd_tvid=&qypid=7384437982662917_131328_131334_5201&qd_p=&qd_k=&qd_uid=&qd_src=&qd_index=&qd_vip=&qyid=tv_ffb55351f3aea58931690796f01ed55d_1749006460772_9900404006&qd_did=&qd_vipres=&tfstatus=0&cphc=arta, connect: 5001, read: 6000, strict: 0, qtp: 1, module: 0)
06-04 11:23:53.493 W/q_h_c_s ( 3472): HCDN_LOG: [T:3977]AddToMultiHandle:1145,AddToMultiHandle reid: 17020419, taskid(0), moduleId(0), offset(0), length(128), CURL(0xecd76730), m_mapRun(1), m_mapReqId2EasyHandle(1), m_vecModuleRun(0,1,0,0,0,0,0,0,0)
06-04 11:23:53.493 I/q_h_c_s ( 3472): HCDN_LOG: [T:4183]SetState:1618,QTP State changed: QS_UNINIT ====> QSD1R1_START (reid: 17020422)
06-04 11:23:53.494 I/q_h_c_s ( 3472): HCDN_LOG: [T:4183]SetState:1618,QTP State changed: QSD1R1_START ====> QSD1R1_WAITFOR_FASTDNS_CACHE_RESP (reid: 17020422)
06-04 11:23:53.494 I/q_h_c_s ( 3472): HCDN_LOG: [T:4183]AddRequestedHttpInfo:5390,m_mapReqId2HttpInfo add reid: 17020422, taskID(0), range_offset(0), range_len(128), m_mapReqId2HttpInfo(4)
06-04 11:23:53.494 I/q_h_c_s ( 3472): HCDN_LOG: [T:4183]AddRequestedHttpInfo:5414,Query QtpDns (reid: 17020422, requestUrl: http://qiniucdnct.inter.ptqy.gitv.tv/videos/other/20250509/90/14/793395f4cbc265c4818fa3420c2bb454.mp4?dis_dz=CT-GuangDong_ShenZhen&dis_st=46&dis_hit=0&dis_tag=01010000&uuid=71575138-683fbc46-2af&mss=1&rj=1&pv=0.1&qd_tm=1749007430000&cell=0&qd_tvid=&qypid=7384437982662917_131328_131334_5201&qd_p=&qd_k=&qd_uid=&qd_src=&qd_index=&qd_vip=&qyid=tv_ffb55351f3aea58931690796f01ed55d_1749006460772_9900404006&qd_did=&qd_vipres=&tfstatus=0&cphc=arta)
06-04 11:23:53.494 I/q_h_c_s ( 3472): HCDN_LOG: [T:4183]AddWaitForQtpDnsHttpReq:795,Added wait for QTP DNS HTTP request, reid: 17020422
06-04 11:23:53.494 I/q_h_c_s ( 3472): HCDN_LOG: [T:4183]QueryDns:1324,Querying QTPDNS (reid: 17020422, domain: qiniucdnct.inter.ptqy.gitv.tv)
06-04 11:23:53.494 I/q_h_c_s ( 3472): HCDN_LOG: [T:4183]QueryFastDns:1048,Querying Fast DNS (reid: 17020422, domain: qiniucdnct.inter.ptqy.gitv.tv)
06-04 11:23:53.494 I/q_h_c_s ( 3472): HCDN_LOG: [T:4183]QueryFastDns:1103,Querying Fast DNS Cache, reset read timeout: 100 (reid: 17020422)
06-04 11:23:53.494 I/q_h_c_s ( 3472): HCDN_LOG: [T:4183]QueryFastDns:1126,Sending Fast DNS Request, url: http://127.0.0.1:1971/md, body: {
06-04 11:23:53.494 I/q_h_c_s ( 3472): "query" : [
06-04 11:23:53.494 I/q_h_c_s ( 3472): {
06-04 11:23:53.494 I/q_h_c_s ( 3472): "dn" : "qiniucdnct.inter.ptqy.gitv.tv",
06-04 11:23:53.494 I/q_h_c_s ( 3472): "qtype" : "aaaa"
06-04 11:23:53.494 I/q_h_c_s ( 3472): },
06-04 11:23:53.494 I/q_h_c_s ( 3472): {
06-04 11:23:53.494 I/q_h_c_s ( 3472): "dn" : "qiniucdnct.inter.ptqy.gitv.tv",
06-04 11:23:53.494 I/q_h_c_s ( 3472): "qtype" : "a"
06-04 11:23:53.494 I/q_h_c_s ( 3472): }
06-04 11:23:53.494 I/q_h_c_s ( 3472): ]
06-04 11:23:53.494 I/q_h_c_s ( 3472): }
06-04 11:23:53.494 I/q_h_c_s ( 3472): (reid: 17020422)
06-04 11:23:53.494 W/q_h_c_s ( 3472): HCDN_LOG: [T:4183]MethodLog:1333,QTP AsyncPost (reid: 17020423, url: http://127.0.0.1:1971/md, connect: 150, read: 100, strict: 0, qtp: 0, module: 14)
06-04 11:23:53.495 I/q_h_c_s ( 3472): HCDN_LOG: [T:4183]AddRequestedHttpInfo:5390,m_mapReqId2HttpInfo add reid: 17020423, taskID(0), range_offset(0), range_len(-1), m_mapReqId2HttpInfo(5)
06-04 11:23:53.496 I/CLog ( 3472): 2025-06-04 11:23:53.496 T:5719 DEBUG: InvokeCommand, is_rtc (null)
06-04 11:23:53.496 I/CLog ( 3472): 2025-06-04 11:23:53.496 T:5719 DEBUG: DataPush to read:100,size(6),[82840-82755]
06-04 11:23:53.503 I/CLog ( 3472): 2025-06-04 11:23:53.503 T:5719 DEBUG: GetADCountdown 78064, return 41936
06-04 11:23:53.506 I/q_h_c_s ( 3472): HCDN_LOG: [T:3977]SetCurlEasyHandle:1821,curl_easy_setopt CURLOPT_ERRORBUFFER success (reid: 17020421)
06-04 11:23:53.506 I/q_h_c_s ( 3472): HCDN_LOG: [T:3977]SetCurlIpResolve:2074,curl_easy_setopt CURLOPT_IPRESOLVE success (reid: 17020421, ipresolve: 1)
06-04 11:23:53.506 I/q_h_c_s ( 3472): HCDN_LOG: [T:3977]SetEasyOpt:1468,DisabledQtp CURLOPT_URL: http://127.0.0.1:1971/md?business=QTP&cache_enable=1&cache_only=0 (reid: 17020421)
06-04 11:23:53.506 W/q_h_c_s ( 3472): HCDN_LOG: [T:3977]SetEasyOpt:1497,curl_easy_setopt CURLOPT_URL success: http://127.0.0.1:1971/md?business=QTP&cache_enable=1&cache_only=0 (reid: 17020421)
06-04 11:23:53.507 I/q_h_c_s ( 3472): HCDN_LOG: [T:3977]SetCurlHeader:3630,curl_slist_append add header Host: local.service.doh.domain (reid: 17020421)
06-04 11:23:53.507 I/q_h_c_s ( 3472): HCDN_LOG: [T:3977]SetCurlHeader:3630,curl_slist_append add header Connection: Close (reid: 17020421)
06-04 11:23:53.507 I/q_h_c_s ( 3472): HCDN_LOG: [T:3977]SetCurlHeader:3630,curl_slist_append add header User-Agent: QTP;QTP/2.2.100.2405 (reid: 17020421)
06-04 11:23:53.507 I/q_h_c_s ( 3472): HCDN_LOG: [T:3977]SetCurlLowSpeed:3795,curl_easy_setopt CURLOPT_LOW_SPEED_LIMIT success for global (reid: 17020421, speed: 1)
06-04 11:23:53.507 I/q_h_c_s ( 3472): HCDN_LOG: [T:3977]SetCurlLowSpeed:3813,curl_easy_setopt CURLOPT_LOW_SPEED_TIME success for global (reid: 17020421, time: 10)
06-04 11:23:53.507 W/q_h_c_s ( 3472): HCDN_LOG: [T:3977]SetCurlTimeout:4095,curl_easy_setopt CURLOPT_CONNECTTIMEOUT_MS success (reid: 17020421, timeout: 150)
06-04 11:23:53.507 W/q_h_c_s ( 3472): HCDN_LOG: [T:3977]SetCurlTimeout:4161,curl_easy_setopt CURLOPT_TIMEOUT_MS success (reid: 17020421, timeout: 100)
06-04 11:23:53.507 I/q_h_c_s ( 3472): HCDN_LOG: [T:3977]SetCurlPostData:4319,curl_easy_setopt CURLOPT_POSTFIELDSIZE success (reid: 17020421, length: 204)
06-04 11:23:53.507 I/q_h_c_s ( 3472): HCDN_LOG: [T:3977]SetEasyOpt:1741,curl_easy_setopt CURLOPT_Q_ENABLE_ASYNTHREAD_NOWAIT success (reid: 17020421)
06-04 11:23:53.507 W/q_h_c_s ( 3472): HCDN_LOG: [T:3977]AddToMultiHandle:1145,AddToMultiHandle reid: 17020421, taskid(0), moduleId(14), offset(0), length(-1), CURL(0xa8b01950), m_mapRun(2), m_mapReqId2EasyHandle(2), m_vecModuleRun(0,1,1,0,0,0,0,0,0)
06-04 11:23:53.507 I/q_h_c_s ( 3472): HCDN_LOG: [T:3977]SetCurlEasyHandle:1821,curl_easy_setopt CURLOPT_ERRORBUFFER success (reid: 17020423)
06-04 11:23:53.507 I/q_h_c_s ( 3472): HCDN_LOG: [T:3977]SetCurlIpResolve:2074,curl_easy_setopt CURLOPT_IPRESOLVE success (reid: 17020423, ipresolve: 1)
06-04 11:23:53.507 I/q_h_c_s ( 3472): HCDN_LOG: [T:3977]SetEasyOpt:1468,DisabledQtp CURLOPT_URL: http://127.0.0.1:1971/md?business=QTP&cache_enable=1&cache_only=0 (reid: 17020423)
06-04 11:23:53.507 W/q_h_c_s ( 3472): HCDN_LOG: [T:3977]SetEasyOpt:1497,curl_easy_setopt CURLOPT_URL success: http://127.0.0.1:1971/md?business=QTP&cache_enable=1&cache_only=0 (reid: 17020423)
06-04 11:23:53.507 I/q_h_c_s ( 3472): HCDN_LOG: [T:3977]SetCurlHeader:3630,curl_slist_append add header Host: local.service.doh.domain (reid: 17020423)
06-04 11:23:53.507 I/q_h_c_s ( 3472): HCDN_LOG: [T:3977]SetCurlHeader:3630,curl_slist_append add header Connection: Close (reid: 17020423)
06-04 11:23:53.507 I/q_h_c_s ( 3472): HCDN_LOG: [T:3977]SetCurlHeader:3630,curl_slist_append add header User-Agent: QTP;QTP/2.2.100.2405 (reid: 17020423)
06-04 11:23:53.507 I/q_h_c_s ( 3472): HCDN_LOG: [T:3977]SetCurlLowSpeed:3795,curl_easy_setopt CURLOPT_LOW_SPEED_LIMIT success for global (reid: 17020423, speed: 1)
06-04 11:23:53.507 I/q_h_c_s ( 3472): HCDN_LOG: [T:3977]SetCurlLowSpeed:3813,curl_easy_setopt CURLOPT_LOW_SPEED_TIME success for global (reid: 17020423, time: 10)
06-04 11:23:53.508 W/q_h_c_s ( 3472): HCDN_LOG: [T:3977]SetCurlTimeout:4095,curl_easy_setopt CURLOPT_CONNECTTIMEOUT_MS success (reid: 17020423, timeout: 150)
06-04 11:23:53.508 W/q_h_c_s ( 3472): HCDN_LOG: [T:3977]SetCurlTimeout:4161,curl_easy_setopt CURLOPT_TIMEOUT_MS success (reid: 17020423, timeout: 100)
06-04 11:23:53.508 I/q_h_c_s ( 3472): HCDN_LOG: [T:3977]SetCurlPostData:4319,curl_easy_setopt CURLOPT_POSTFIELDSIZE success (reid: 17020423, length: 204)
06-04 11:23:53.508 I/q_h_c_s ( 3472): HCDN_LOG: [T:3977]SetEasyOpt:1741,curl_easy_setopt CURLOPT_Q_ENABLE_ASYNTHREAD_NOWAIT success (reid: 17020423)
06-04 11:23:53.508 W/q_h_c_s ( 3472): HCDN_LOG: [T:3977]AddToMultiHandle:1145,AddToMultiHandle reid: 17020423, taskid(0), moduleId(14), offset(0), length(-1), CURL(0xecd5b9f0), m_mapRun(3), m_mapReqId2EasyHandle(3), m_vecModuleRun(0,1,2,0,0,0,0,0,0)
06-04 11:23:53.513 I/q_h_c_s ( 3472): HCDN_LOG: [T:3977]OnRecvHeader:4653,Received header (reid: 17020421)
06-04 11:23:53.513 I/q_h_c_s ( 3472): HTTP/1.1 200 OK
06-04 11:23:53.513 I/q_h_c_s ( 3472): Server: acl_httpd
06-04 11:23:53.513 I/q_h_c_s ( 3472): Date: Wed, 04 Jun 2025 03:23:53 GMT
06-04 11:23:53.513 I/q_h_c_s ( 3472): Connection: close
06-04 11:23:53.513 I/q_h_c_s ( 3472): Content-Type: text/json
06-04 11:23:53.513 I/q_h_c_s ( 3472): Content-Length: 629
06-04 11:23:53.513 I/q_h_c_s ( 3472):
06-04 11:23:53.513 I/q_h_c_s ( 3472):
06-04 11:23:53.515 I/q_h_c_s ( 3472): HCDN_LOG: [T:3977]OnRecvHeader:4653,Received header (reid: 17020423)
06-04 11:23:53.515 I/q_h_c_s ( 3472): HTTP/1.1 200 OK
06-04 11:23:53.515 I/q_h_c_s ( 3472): Server: acl_httpd
06-04 11:23:53.515 I/q_h_c_s ( 3472): Date: Wed, 04 Jun 2025 03:23:53 GMT
06-04 11:23:53.515 I/q_h_c_s ( 3472): Connection: close
06-04 11:23:53.515 I/q_h_c_s ( 3472): Content-Type: text/json
06-04 11:23:53.515 I/q_h_c_s ( 3472): Content-Length: 646
06-04 11:23:53.515 I/q_h_c_s ( 3472):
06-04 11:23:53.515 I/q_h_c_s ( 3472):
06-04 11:23:53.516 I/q_h_c_s ( 3472): HCDN_LOG: [T:3977]ProcessCurlMsg:599,curl completed with code 0: No error (reid: 17020421, handle: 0xa8b01950)
06-04 11:23:53.516 I/q_h_c_s ( 3472): HCDN_LOG: [T:3977]ExecuteCallback:2569,HTTP time information: reid: 17020421, reqScheduleTime: 1749007433493, reqBeginTime: 1749007433507, qtpDnsEndTime: 1749007433507, startRecvHeaderTime: 1749007433513, startRecvBodyTime: 1749007433513, reqEndTime: 1749007433516
06-04 11:23:53.516 I/q_h_c_s ( 3472): HCDN_LOG: [T:3977]ExecuteCallback:2671,m_cQtpHttpFinishedCb is nullptr, skip callback (reid: 17020421)
06-04 11:23:53.516 I/q_h_c_s ( 3472): HCDN_LOG: [T:3977]ExecuteCallback:2700,m_cQtpHttpCb is nullptr, skip callback (reid: 17020421)
06-04 11:23:53.516 I/q_h_c_s ( 3472): HCDN_LOG: [T:3977]ExecuteCallback:2740,Call m_callbackTask callback (reid: 17020421)
06-04 11:23:53.517 I/q_h_c_s ( 3472): HCDN_LOG: [T:3977]ExecuteCallback:2745,Finished m_callbackTask callback (reid: 17020421)
06-04 11:23:53.517 I/q_h_c_s ( 3472): HCDN_LOG: [T:3978]HcbOnFastDnsRespEx:769,Receive FastDNS response (reid: 17020420, domain: baiducdnct.inter.ptqy.gitv.tv, ipv6_first: 0, dns_result: {"code":1,"msg":"success","options":{"cache_enable":1,"cache_localdns":1,"cache_clean":0,"cache_clean_all":0},"ipv6_on":false,"answer":[{"dn":"baiducdnct.inter.ptqy.gitv.tv","ns":"116.211.189.205|443","ttl":292,"cache":true,"status":"normal","net":"2","type":"a","rd":1,"kv":0,"racing_server_uri":"off","racing_pro":"http","racing_port":80,"a":["116.31.102.50","116.31.102.51","113.106.96.56","113.106.96.57"],"conn_cost":[],"body_cost":[]},{"dn":"baiducdnct.inter.ptqy.gitv.tv","ttl":600,"cache":false,"status":"unknown","net":"0","type":"aaaa","rd":0,"kv":0,"racing_pro":"http","racing_port":80,"conn_cost":[],"body_cost":[]}]})
06-04 11:23:53.517 I/q_h_c_s ( 3472): HCDN_LOG: [T:3977]ExecuteCallback:2775,HTTP finished, reid: 17020421, status: ownErrCode: 0 (MultiCurl HTTP request success), sysErrno: 0, transErrCode: 0, mCurlErrCode: 0, eCurlErrCode: 0, HTTP status code: 200, HTTP version: 1, trypath:
06-04 11:23:53.517 I/q_h_c_s ( 3472): HCDN_LOG: [T:3977]OnRequestComplete:3657,OnRequestComplete for reid: 17020421, m_mapReqId2HttpInfo: 5
06-04 11:23:53.517 I/q_h_c_s ( 3472): HCDN_LOG: [T:3977]ProcessCurlMsg:658,ProcessCurlMsg: reid: 17020421, taskid(0), moduleId(14), offset(0), length(-1), CURL(0x0), m_mapRun(2), m_mapReqId2EasyHandle(2), m_vecModuleRun(0,1,1,0,0,0,0,0,0)
06-04 11:23:53.517 I/q_h_c_s ( 3472): HCDN_LOG: [T:3977]ProcessCurlMsg:599,curl completed with code 0: No error (reid: 17020423, handle: 0xecd5b9f0)
06-04 11:23:53.517 I/q_h_c_s ( 3472): HCDN_LOG: [T:3978]ParseFastDnsResult:930,found 4 a result from FastDNS (dns_reid: 17020421, qtp_reid: 17020420)
06-04 11:23:53.517 I/q_h_c_s ( 3472): HCDN_LOG: [T:3977]ExecuteCallback:2569,HTTP time information: reid: 17020423, reqScheduleTime: 1749007433494, reqBeginTime: 1749007433508, qtpDnsEndTime: 1749007433508, startRecvHeaderTime: 1749007433515, startRecvBodyTime: 1749007433516, reqEndTime: 1749007433517
06-04 11:23:53.517 I/q_h_c_s ( 3472): HCDN_LOG: [T:3977]ExecuteCallback:2671,m_cQtpHttpFinishedCb is nullptr, skip callback (reid: 17020423)
06-04 11:23:53.517 I/q_h_c_s ( 3472): HCDN_LOG: [T:3977]ExecuteCallback:2700,m_cQtpHttpCb is nullptr, skip callback (reid: 17020423)
06-04 11:23:53.517 I/q_h_c_s ( 3472): HCDN_LOG: [T:3977]ExecuteCallback:2740,Call m_callbackTask callback (reid: 17020423)
06-04 11:23:53.517 I/q_h_c_s ( 3472): HCDN_LOG: [T:3977]ExecuteCallback:2745,Finished m_callbackTask callback (reid: 17020423)
06-04 11:23:53.517 I/q_h_c_s ( 3472): HCDN_LOG: [T:3978]SendQueryDnsSucResp:1151,Query qtp dns success (reid: 17020420, ip: 116.31.102.50,116.31.102.51,113.106.96.56,113.106.96.57)
06-04 11:23:53.517 I/q_h_c_s ( 3472): HCDN_LOG: [T:3977]ExecuteCallback:2775,HTTP finished, reid: 17020423, status: ownErrCode: 0 (MultiCurl HTTP request success), sysErrno: 0, transErrCode: 0, mCurlErrCode: 0, eCurlErrCode: 0, HTTP status code: 200, HTTP version: 1, trypath:
06-04 11:23:53.517 I/q_h_c_s ( 3472): HCDN_LOG: [T:3978]HcbOnFastDnsRespEx:769,Receive FastDNS response (reid: 17020422, domain: qiniucdnct.inter.ptqy.gitv.tv, ipv6_first: 0, dns_result: {"code":1,"msg":"success","options":{"cache_enable":1,"cache_localdns":1,"cache_clean":0,"cache_clean_all":0},"ipv6_on":false,"answer":[{"dn":"qiniucdnct.inter.ptqy.gitv.tv","ns":"116.211.189.205|443","ttl":300,"cache":true,"status":"normal","net":"2","type":"a","rd":1,"kv":0,"racing_server_uri":"off","racing_pro":"http","racing_port":80,"a":["119.147.227.48","119.147.227.50","14.29.72.184","14.22.20.210","183.61.184.198"],"conn_cost":[],"body_cost":[]},{"dn":"qiniucdnct.inter.ptqy.gitv.tv","ttl":600,"cache":false,"status":"unknown","net":"0","type":"aaaa","rd":0,"kv":0,"racing_pro":"http","racing_port":80,"conn_cost":[],"body_cost":[]}]})
06-04 11:23:53.517 I/q_h_c_s ( 3472): HCDN_LOG: [T:3977]OnRequestComplete:3657,OnRequestComplete for reid: 17020423, m_mapReqId2HttpInfo: 4
06-04 11:23:53.518 I/q_h_c_s ( 3472): HCDN_LOG: [T:3977]ProcessCurlMsg:658,ProcessCurlMsg: reid: 17020423, taskid(0), moduleId(14), offset(0), length(-1), CURL(0x0), m_mapRun(1), m_mapReqId2EasyHandle(1), m_vecModuleRun(0,1,0,0,0,0,0,0,0)
06-04 11:23:53.518 I/q_h_c_s ( 3472): HCDN_LOG: [T:3977]~QtpHttpStatusCode:197,Delete QtpHttpStatusCode(address: 0xb5ae6260)
06-04 11:23:53.518 I/q_h_c_s ( 3472): HCDN_LOG: [T:3977]~QtpHttpRequest:538,Delete QtpHttpRequest(reid: 17020421, address: 0xecb18490)
06-04 11:23:53.518 I/q_h_c_s ( 3472): HCDN_LOG: [T:3977]~QtpHttpResponse:1042,Delete QtpHttpResponse(address: 0xecc5ab00)
06-04 11:23:53.518 I/q_h_c_s ( 3472): HCDN_LOG: [T:3978]ParseFastDnsResult:930,found 5 a result from FastDNS (dns_reid: 17020423, qtp_reid: 17020422)
06-04 11:23:53.518 I/q_h_c_s ( 3472): HCDN_LOG: [T:3978]SendQueryDnsSucResp:1151,Query qtp dns success (reid: 17020422, ip: 119.147.227.48,119.147.227.50,14.29.72.184,14.22.20.210,183.61.184.198)
06-04 11:23:53.518 I/q_h_c_s ( 3472): HCDN_LOG: [T:3978]~QtpHttpStatusCode:197,Delete QtpHttpStatusCode(address: 0xb5add8e0)
06-04 11:23:53.518 I/q_h_c_s ( 3472): HCDN_LOG: [T:3978]~QtpHttpRequest:538,Delete QtpHttpRequest(reid: 17020423, address: 0xecb1f830)
06-04 11:23:53.518 I/q_h_c_s ( 3472): HCDN_LOG: [T:3978]~QtpHttpResponse:1042,Delete QtpHttpResponse(address: 0xecc51aa0)
06-04 11:23:53.518 I/q_h_c_s ( 3472): HCDN_LOG: [T:3978]RemoveWaitForDnsByReqId:758,Remove waiting for qtp dns http request (reid: 17020420)
06-04 11:23:53.518 I/q_h_c_s ( 3472): HCDN_LOG: [T:3978]ProcessQtpStateWhenQtpDnsDone:3017,Check QTP state when qtpdns done for reid: 17020420 (http3RetryMode:0, isDistantAgentWorkable:0, isSpareIPWorkable:0, isSpareIPFirst:0)
06-04 11:23:53.518 I/q_h_c_s ( 3472): HCDN_LOG: [T:3978]SetState:1618,QTP State changed: QSD1R1_WAITFOR_FASTDNS_CACHE_RESP ====> QSD1R1_WAITFOR_HTTP_RESP0 (reid: 17020420)
06-04 11:23:53.518 I/q_h_c_s ( 3472): HCDN_LOG: [T:3978]AddRequestedHttpInfo:5403,Continue QTP flow, m_mapReqId2HttpInfo add reid: 17020420, requestUrl: http://baiducdnct.inter.ptqy.gitv.tv/videos/other/20250509/90/14/793395f4cbc265c4818fa3420c2bb454.mp4?dis_dz=CT-GuangDong_ShenZhen&dis_st=46&dis_hit=0&dis_tag=01010000&uuid=71575138-683fbc46-2af&mss=1&rj=1&pv=0.1&qd_tm=1749007430000&cell=0&qd_tvid=&qypid=7384437982662917_131328_131334_5201&qd_p=&qd_k=&qd_uid=&qd_src=&qd_index=&qd_vip=&qyid=tv_ffb55351f3aea58931690796f01ed55d_1749006460772_9900404006&qd_did=&qd_vipres=&tfstatus=0&cphc=arta, taskID(0), range_offset(0), range_len(128), m_mapReqId2HttpInfo(3)
06-04 11:23:53.518 I/q_h_c_s ( 3472): HCDN_LOG: [T:3978]RemoveWaitForDnsByReqId:758,Remove waiting for qtp dns http request (reid: 17020422)
06-04 11:23:53.518 I/q_h_c_s ( 3472): HCDN_LOG: [T:3978]ProcessQtpStateWhenQtpDnsDone:3017,Check QTP state when qtpdns done for reid: 17020422 (http3RetryMode:0, isDistantAgentWorkable:0, isSpareIPWorkable:0, isSpareIPFirst:0)
06-04 11:23:53.518 I/q_h_c_s ( 3472): HCDN_LOG: [T:3978]SetState:1618,QTP State changed: QSD1R1_WAITFOR_FASTDNS_CACHE_RESP ====> QSD1R1_WAITFOR_HTTP_RESP0 (reid: 17020422)
06-04 11:23:53.518 I/q_h_c_s ( 3472): HCDN_LOG: [T:3978]AddRequestedHttpInfo:5403,Continue QTP flow, m_mapReqId2HttpInfo add reid: 17020422, requestUrl: http://qiniucdnct.inter.ptqy.gitv.tv/videos/other/20250509/90/14/793395f4cbc265c4818fa3420c2bb454.mp4?dis_dz=CT-GuangDong_ShenZhen&dis_st=46&dis_hit=0&dis_tag=01010000&uuid=71575138-683fbc46-2af&mss=1&rj=1&pv=0.1&qd_tm=1749007430000&cell=0&qd_tvid=&qypid=7384437982662917_131328_131334_5201&qd_p=&qd_k=&qd_uid=&qd_src=&qd_index=&qd_vip=&qyid=tv_ffb55351f3aea58931690796f01ed55d_1749006460772_9900404006&qd_did=&qd_vipres=&tfstatus=0&cphc=arta, taskID(0), range_offset(0), range_len(128), m_mapReqId2HttpInfo(3)
06-04 11:23:53.522 I/block_buffer_piece_size( 3472): HCDN_LOG: [T:4177]save data response (error_code0) ON_MSG_STORAGE2P2P_SaveDataResponse(2952059185-0-0) (offset:26,len:0)
06-04 11:23:53.522 I/block_buffer_piece_size( 3472): HCDN_LOG: [T:4177]save data response (error_code0) ON_MSG_STORAGE2P2P_SaveDataResponse(3685875712-0-0) (offset:120,len:0)
06-04 11:23:53.522 I/block_buffer_piece_size( 3472): HCDN_LOG: [T:4177]save data response (error_code0) ON_MSG_STORAGE2P2P_SaveDataResponse(1039859712-0-0) (offset:27,len:0)
06-04 11:23:53.522 I/block_buffer_piece_size( 3472): HCDN_LOG: [T:4177]save data response (error_code0) ON_MSG_STORAGE2P2P_SaveDataResponse(1039859712-0-0) (offset:87,len:0)
06-04 11:23:53.522 I/block_buffer_piece_size( 3472): HCDN_LOG: [T:4177]save data response (error_code0) ON_MSG_STORAGE2P2P_SaveDataResponse(1039859712-0-0) (offset:28,len:0)
06-04 11:23:53.523 I/audio_hw_hal_primary( 476): [audiohal_get_latency:1333] io 13: out:0xf07c5650 frames:1024 rate:48000 whole_latency:21 alsa_latency:21
06-04 11:23:53.528 I/q_h_c_s ( 3472): HCDN_LOG: [T:3977]SetCurlEasyHandle:1821,curl_easy_setopt CURLOPT_ERRORBUFFER success (reid: 17020420)
06-04 11:23:53.528 I/q_h_c_s ( 3472): HCDN_LOG: [T:3977]SetCurlIpResolve:2074,curl_easy_setopt CURLOPT_IPRESOLVE success (reid: 17020420, ipresolve: 1)
06-04 11:23:53.528 I/q_h_c_s ( 3472): HCDN_LOG: [T:3977]GetQtpUrl:2608,ResolvedIP CURLOPT_URL: http://baiducdnct.inter.ptqy.gitv.tv/videos/other/20250509/90/14/793395f4cbc265c4818fa3420c2bb454.mp4?dis_dz=CT-GuangDong_ShenZhen&dis_st=46&dis_hit=0&dis_tag=01010000&uuid=71575138-683fbc46-2af&mss=1&rj=1&pv=0.1&qd_tm=1749007430000&cell=0&qd_tvid=&qypid=7384437982662917_131328_131334_5201&qd_p=&qd_k=&qd_uid=&qd_src=&qd_index=&qd_vip=&qyid=tv_ffb55351f3aea58931690796f01ed55d_1749006460772_9900404006&qd_did=&qd_vipres=&tfstatus=0&cphc=arta (reid: 17020420, ResolvedIP: 116.31.102.50,116.31.102.51,113.106.96.56,113.106.96.57)
06-04 11:23:53.528 W/q_h_c_s ( 3472): HCDN_LOG: [T:3977]SetEasyOpt:1497,curl_easy_setopt CURLOPT_URL success: http://baiducdnct.inter.ptqy.gitv.tv/videos/other/20250509/90/14/793395f4cbc265c4818fa3420c2bb454.mp4?dis_dz=CT-GuangDong_ShenZhen&dis_st=46&dis_hit=0&dis_tag=01010000&uuid=71575138-683fbc46-2af&mss=1&rj=1&pv=0.1&qd_tm=1749007430000&cell=0&qd_tvid=&qypid=7384437982662917_131328_131334_5201&qd_p=&qd_k=&qd_uid=&qd_src=&qd_index=&qd_vip=&qyid=tv_ffb55351f3aea58931690796f01ed55d_1749006460772_9900404006&qd_did=&qd_vipres=&tfstatus=0&cphc=arta (reid: 17020420)
06-04 11:23:53.528 I/q_h_c_s ( 3472): HCDN_LOG: [T:3977]CheckDnsEntry:2666,CheckDnsEntry for resolved ip (reid: 17020420)
06-04 11:23:53.528 W/q_h_c_s ( 3472): HCDN_LOG: [T:3977]SetCurlResolve:2862,Set DNS entry (reid: 17020420, rmDnsEntry: , dnsEntry: +baiducdnct.inter.ptqy.gitv.tv:80:116.31.102.50,116.31.102.51,113.106.96.56,113.106.96.57)
06-04 11:23:53.528 I/q_h_c_s ( 3472): HCDN_LOG: [T:3977]SetCurlResolve:2920,curl_easy_setopt CURLOPT_FRESH_CONNECT success (reid: 17020420)
06-04 11:23:53.528 I/q_h_c_s ( 3472): HCDN_LOG: [T:3977]SetCurlHeader:3544,Set range header bytes=0-127 (reid: 17020420, offset: 0, length: 128)
06-04 11:23:53.528 I/q_h_c_s ( 3472): HCDN_LOG: [T:3977]SetCurlHeader:3630,curl_slist_append add header User-Agent: HCDNClient_ANDROID_TV;libcurl/7.85.0.11 BoringSSL zlib/1.2.13 brotli/1.0.9 nghttp2/1.41.0;QK/10.2.3.5212;NetType/wifi;MSS_TTFB;QTP/2.2.100.2405 (reid: 17020420)
06-04 11:23:53.528 I/q_h_c_s ( 3472): HCDN_LOG: [T:3977]SetCurlHeader:3630,curl_slist_append add header Range: bytes=0-127 (reid: 17020420)
06-04 11:23:53.528 I/q_h_c_s ( 3472): HCDN_LOG: [T:3977]SetCurlLowSpeed:3795,curl_easy_setopt CURLOPT_LOW_SPEED_LIMIT success for global (reid: 17020420, speed: 1)
06-04 11:23:53.528 I/q_h_c_s ( 3472): HCDN_LOG: [T:3977]SetCurlLowSpeed:3813,curl_easy_setopt CURLOPT_LOW_SPEED_TIME success for global (reid: 17020420, time: 10)
06-04 11:23:53.528 W/q_h_c_s ( 3472): HCDN_LOG: [T:3977]SetCurlTimeout:4095,curl_easy_setopt CURLOPT_CONNECTTIMEOUT_MS success (reid: 17020420, timeout: 5001)
06-04 11:23:53.529 W/q_h_c_s ( 3472): HCDN_LOG: [T:3977]SetCurlTimeout:4161,curl_easy_setopt CURLOPT_TIMEOUT_MS success (reid: 17020420, timeout: 6000)
06-04 11:23:53.529 I/q_h_c_s ( 3472): HCDN_LOG: [T:3977]SetEasyOpt:1741,curl_easy_setopt CURLOPT_Q_ENABLE_ASYNTHREAD_NOWAIT success (reid: 17020420)
06-04 11:23:53.529 W/q_h_c_s ( 3472): HCDN_LOG: [T:3977]AddToMultiHandle:1145,AddToMultiHandle reid: 17020420, taskid(0), moduleId(0), offset(0), length(128), CURL(0xecd5b9f0), m_mapRun(2), m_mapReqId2EasyHandle(2), m_vecModuleRun(0,2,0,0,0,0,0,0,0)
06-04 11:23:53.529 I/q_h_c_s ( 3472): HCDN_LOG: [T:3977]SetCurlEasyHandle:1821,curl_easy_setopt CURLOPT_ERRORBUFFER success (reid: 17020422)
06-04 11:23:53.529 I/q_h_c_s ( 3472): HCDN_LOG: [T:3977]SetCurlIpResolve:2074,curl_easy_setopt CURLOPT_IPRESOLVE success (reid: 17020422, ipresolve: 1)
06-04 11:23:53.529 I/q_h_c_s ( 3472): HCDN_LOG: [T:3977]GetQtpUrl:2608,ResolvedIP CURLOPT_URL: http://qiniucdnct.inter.ptqy.gitv.tv/videos/other/20250509/90/14/793395f4cbc265c4818fa3420c2bb454.mp4?dis_dz=CT-GuangDong_ShenZhen&dis_st=46&dis_hit=0&dis_tag=01010000&uuid=71575138-683fbc46-2af&mss=1&rj=1&pv=0.1&qd_tm=1749007430000&cell=0&qd_tvid=&qypid=7384437982662917_131328_131334_5201&qd_p=&qd_k=&qd_uid=&qd_src=&qd_index=&qd_vip=&qyid=tv_ffb55351f3aea58931690796f01ed55d_1749006460772_9900404006&qd_did=&qd_vipres=&tfstatus=0&cphc=arta (reid: 17020422, ResolvedIP: 119.147.227.48,119.147.227.50,14.29.72.184,14.22.20.210,183.61.184.198)
06-04 11:23:53.529 W/q_h_c_s ( 3472): HCDN_LOG: [T:3977]SetEasyOpt:1497,curl_easy_setopt CURLOPT_URL success: http://qiniucdnct.inter.ptqy.gitv.tv/videos/other/20250509/90/14/793395f4cbc265c4818fa3420c2bb454.mp4?dis_dz=CT-GuangDong_ShenZhen&dis_st=46&dis_hit=0&dis_tag=01010000&uuid=71575138-683fbc46-2af&mss=1&rj=1&pv=0.1&qd_tm=1749007430000&cell=0&qd_tvid=&qypid=7384437982662917_131328_131334_5201&qd_p=&qd_k=&qd_uid=&qd_src=&qd_index=&qd_vip=&qyid=tv_ffb55351f3aea58931690796f01ed55d_1749006460772_9900404006&qd_did=&qd_vipres=&tfstatus=0&cphc=arta (reid: 17020422)
06-04 11:23:53.529 I/q_h_c_s ( 3472): HCDN_LOG: [T:3977]CheckDnsEntry:2666,CheckDnsEntry for resolved ip (reid: 17020422)
06-04 11:23:53.529 W/q_h_c_s ( 3472): HCDN_LOG: [T:3977]SetCurlResolve:2862,Set DNS entry (reid: 17020422, rmDnsEntry: , dnsEntry: +qiniucdnct.inter.ptqy.gitv.tv:80:119.147.227.48,119.147.227.50,14.29.72.184,14.22.20.210,183.61.184.198)
06-04 11:23:53.529 I/q_h_c_s ( 3472): HCDN_LOG: [T:3977]SetCurlResolve:2920,curl_easy_setopt CURLOPT_FRESH_CONNECT success (reid: 17020422)
06-04 11:23:53.529 I/q_h_c_s ( 3472): HCDN_LOG: [T:3977]SetCurlHeader:3544,Set range header bytes=0-127 (reid: 17020422, offset: 0, length: 128)
06-04 11:23:53.529 I/q_h_c_s ( 3472): HCDN_LOG: [T:3977]SetCurlHeader:3630,curl_slist_append add header User-Agent: HCDNClient_ANDROID_TV;libcurl/7.85.0.11 BoringSSL zlib/1.2.13 brotli/1.0.9 nghttp2/1.41.0;QK/10.2.3.5212;NetType/wifi;MSS_TTFB;QTP/2.2.100.2405 (reid: 17020422)
06-04 11:23:53.529 I/q_h_c_s ( 3472): HCDN_LOG: [T:3977]SetCurlHeader:3630,curl_slist_append add header Range: bytes=0-127 (reid: 17020422)
06-04 11:23:53.529 I/q_h_c_s ( 3472): HCDN_LOG: [T:3977]SetCurlLowSpeed:3795,curl_easy_setopt CURLOPT_LOW_SPEED_LIMIT success for global (reid: 17020422, speed: 1)
06-04 11:23:53.529 I/q_h_c_s ( 3472): HCDN_LOG: [T:3977]SetCurlLowSpeed:3813,curl_easy_setopt CURLOPT_LOW_SPEED_TIME success for global (reid: 17020422, time: 10)
06-04 11:23:53.529 W/q_h_c_s ( 3472): HCDN_LOG: [T:3977]SetCurlTimeout:4095,curl_easy_setopt CURLOPT_CONNECTTIMEOUT_MS success (reid: 17020422, timeout: 5001)
06-04 11:23:53.529 W/q_h_c_s ( 3472): HCDN_LOG: [T:3977]SetCurlTimeout:4161,curl_easy_setopt CURLOPT_TIMEOUT_MS success (reid: 17020422, timeout: 6000)
06-04 11:23:53.530 I/q_h_c_s ( 3472): HCDN_LOG: [T:3977]SetEasyOpt:1741,curl_easy_setopt CURLOPT_Q_ENABLE_ASYNTHREAD_NOWAIT success (reid: 17020422)
06-04 11:23:53.530 W/q_h_c_s ( 3472): HCDN_LOG: [T:3977]AddToMultiHandle:1145,AddToMultiHandle reid: 17020422, taskid(0), moduleId(0), offset(0), length(128), CURL(0xa8b01950), m_mapRun(3), m_mapReqId2EasyHandle(3), m_vecModuleRun(0,3,0,0,0,0,0,0,0)
06-04 11:23:53.533 E/storage_operate( 3472): HCDN_LOG: [T:4181][HINFO]:[f:BBNCheck],[l:3253],,[map_size:0]
06-04 11:23:53.533 W/abs_update_info( 3472): HCDN_LOG: [T:4176][HERROR]:[f:CalcVidCacheBytesFromReadOffset],[l:2489],UPDATA CALC:vid:,task_seg=0, task_offset=393216, cur_cache_bytes=81920, total_cache_bytes=81920, fileToEnd=0
06-04 11:23:53.533 W/abs_update_info( 3472): HCDN_LOG: [T:4176][HERROR]:[f:UpdateForABS],[l:2545],UPDATA:vid:,i64ReadOffset=0, cache=81920, CachedBytes=81920
06-04 11:23:53.533 E/Hcdn_DeTask3999911026( 3472): HCDN_LOG: [T:4176][HINFO]:[f:PostNotifyInfo],[l:248], notify type(6),info({"BandWidth":7864320,"IsAd":1,"IsP2P":1,"VID":""}
06-04 11:23:53.533 E/Hcdn_DeTask3999911026( 3472): )
06-04 11:23:53.533 E/playfilesourceNew( 3472): HCDN_LOG: [T:4173][HINFO]:[f:DoAsynNotifyInfoResponse],[l:2605],[TaskID(3999911026),type(6),msg({"BandWidth":7864320,"IsAd":1,"IsP2P":1,"VID":""}
06-04 11:23:53.533 E/playfilesourceNew( 3472): )!]
