06-04 11:23:55.437 I/CLog ( 3472): 2025-06-04 11:23:55.437 T:4053 DEBUG: [5010]PacketList::Clear, dpid_param:-1
06-04 11:23:55.437 I/CLog ( 3472): 2025-06-04 11:23:55.437 T:4053 DEBUG: has closed
06-04 11:23:55.437 I/CLog ( 3472): 2025-06-04 11:23:55.437 T:4053 DEBUG: ~PumaQTPClient 0xab88a6d0
06-04 11:23:55.437 I/CLog ( 3472): 2025-06-04 11:23:55.437 T:4053 DEBUG: CacheDataInfo::Release begin.
06-04 11:23:55.437 I/CLog ( 3472): 2025-06-04 11:23:55.437 T:4053 DEBUG: CacheDataInfo::Release end.
06-04 11:23:55.437 I/CLog ( 3472): 2025-06-04 11:23:55.437 T:4053 DEBUG: has closed
06-04 11:23:55.437 I/CLog ( 3472): 2025-06-04 11:23:55.437 T:4053 DEBUG: ~PumaQTPClient 0xeceda830
06-04 11:23:55.437 I/CLog ( 3472): 2025-06-04 11:23:55.437 T:4053 DEBUG: has closed
06-04 11:23:55.437 I/CLog ( 3472): 2025-06-04 11:23:55.437 T:4053 DEBUG: ~PumaQTPClient 0xecee31f0
06-04 11:23:55.437 I/CLog ( 3472): 2025-06-04 11:23:55.437 T:4053 INFO: close bdf40078[166]
06-04 11:23:55.441 I/CLog ( 3472): 2025-06-04 11:23:55.441 T:4053 INFO: DelFile, /storage/emulated/0/Android/data/com.dangbei.hqmedia/files/qcache/data/ad_cache/TempFile/pre_5010_1749007349_0xbdf40050/888df1c7e1b86009e5db53d92fbd10da.mp4.pm, 21
06-04 11:23:55.441 I/CLog ( 3472): 2025-06-04 11:23:55.441 T:4053 DEBUG: remove: /storage/emulated/0/Android/data/com.dangbei.hqmedia/files/qcache/data/ad_cache/TempFile/pre_5010_1749007349_0xbdf40050/
06-04 11:23:55.441 I/CLog ( 3472): 2025-06-04 11:23:55.441 T:4053 INFO: RemovePath: /storage/emulated/0/Android/data/com.dangbei.hqmedia/files/qcache/data/ad_cache/TempFile/pre_5010_1749007349_0xbdf40050/
06-04 11:23:55.441 I/CLog ( 3472): 2025-06-04 11:23:55.441 T:4053 INFO: RM_P_M4::103, destructor, dp_id:5010,...
06-04 11:23:55.441 I/CLog ( 3472): 2025-06-04 11:23:55.441 T:4053 DEBUG: RM_P_M4::0, DestroyMoov, tracks:2
06-04 11:23:55.441 I/CLog ( 3472): 2025-06-04 11:23:55.441 T:4053 DEBUG: RM_P_M4::0, DestroyMoov, tracks:2, end
06-04 11:23:55.441 I/CLog ( 3472): 2025-06-04 11:23:55.441 T:4053 DEBUG: RM_P_M4::0, DestroyBoxesData, track:0, stsd:1
06-04 11:23:55.441 I/CLog ( 3472): 2025-06-04 11:23:55.441 T:4053 DEBUG: RM_P_M4::0, DestroyBoxesData, track:0, stsd:1, stsd OK
06-04 11:23:55.441 I/CLog ( 3472): 2025-06-04 11:23:55.441 T:4053 DEBUG: RM_P_M4::0, DestroyBoxesData, track:0, stsd:1, minf OK
06-04 11:23:55.441 I/CLog ( 3472): 2025-06-04 11:23:55.441 T:4053 DEBUG: RM_P_M4::0, DestroyBoxesData, track:1, stsd:1
06-04 11:23:55.441 I/CLog ( 3472): 2025-06-04 11:23:55.441 T:4053 DEBUG: RM_P_M4::0, DestroyBoxesData, track:1, stsd:1, stsd OK
06-04 11:23:55.441 I/CLog ( 3472): 2025-06-04 11:23:55.441 T:4053 DEBUG: RM_P_M4::0, DestroyBoxesData, track:1, stsd:1, minf OK
06-04 11:23:55.442 I/CLog ( 3472): 2025-06-04 11:23:55.441 T:4053 INFO: RM_P_M4::103, info-reset, [v:0, a:1]
06-04 11:23:55.442 I/CLog ( 3472): 2025-06-04 11:23:55.442 T:4053 INFO: RM_P_M4::103, DestroyBoxesTree...
06-04 11:23:55.442 I/CLog ( 3472): 2025-06-04 11:23:55.442 T:4053 INFO: RM_P_M4::103, destructor, dp_id:5010,end
06-04 11:23:55.442 I/CLog ( 3472): 2025-06-04 11:23:55.442 T:4053 DEBUG: [5010]PacketList::Clear, dpid_param:-1
06-04 11:23:55.442 I/CLog ( 3472): 2025-06-04 11:23:55.442 T:4053 INFO: ADHCDNLoader::Close
06-04 11:23:55.442 I/CLog ( 3472): 2025-06-04 11:23:55.442 T:4053 DEBUG: CloseImpl:stop_lock_ begin,will_stop_(1)
06-04 11:23:55.442 I/CLog ( 3472): 2025-06-04 11:23:55.442 T:4053 DEBUG: CloseImpl:stop_lock_ end,will_stop_(1)
06-04 11:23:55.442 I/CLog ( 3472): 2025-06-04 11:23:55.442 T:4053 DEBUG: CloseImpl:Close begin,will_stop_(1)
06-04 11:23:55.442 I/CLog ( 3472): 2025-06-04 11:23:55.442 T:4053 INFO: [5012]HCDNLoaderClient::Close
06-04 11:23:55.442 I/CLog ( 3472): 2025-06-04 11:23:55.442 T:4053 DEBUG: [5012]CHCDNControl::StopLoad begin.
06-04 11:23:55.442 I/CLog ( 3472): 2025-06-04 11:23:55.442 T:4053 INFO: [5012]CHCDNControl::StopLoad1
06-04 11:23:55.442 I/CLog ( 3472): 2025-06-04 11:23:55.442 T:4053 INFO: [5012]CHCDNControl::StopLoad3
06-04 11:23:55.443 I/CLog ( 3472): 2025-06-04 11:23:55.443 T:4053 DEBUG: [5012]CHCDNControl::StopLoad begin.
06-04 11:23:55.443 I/CLog ( 3472): 2025-06-04 11:23:55.443 T:4053 INFO: [5012]CHCDNControl::StopLoad1
06-04 11:23:55.443 I/CLog ( 3472): 2025-06-04 11:23:55.443 T:4053 INFO: [5012]CHCDNControl::StopLoad3
06-04 11:23:55.443 I/CLog ( 3472): 2025-06-04 11:23:55.443 T:4053 DEBUG: [5012]CHCDNControl::Uninitialize
06-04 11:23:55.443 I/CLog ( 3472): 2025-06-04 11:23:55.443 T:4053 DEBUG: [5012]CHCDNControl::Uninitialize DeleteP2PFile!
06-04 11:23:55.443 I/CLog ( 3472): 2025-06-04 11:23:55.443 T:4053 DEBUG: CloseImpl:Close end,will_stop_(1)
06-04 11:23:55.443 I/CLog ( 3472): 2025-06-04 11:23:55.443 T:4053 INFO: [5012]HCDNLoaderClient::Close
06-04 11:23:55.443 I/audio_hw_hal_primary( 476): [audiohal_get_latency:1333] io 13: out:0xf07c5650 frames:1152 rate:48000 whole_latency:24 alsa_latency:24
06-04 11:23:55.444 I/CLog ( 3472): 2025-06-04 11:23:55.443 T:4053 DEBUG: [5012]PacketList::Clear, dpid_param:-1
06-04 11:23:55.444 I/CLog ( 3472): 2025-06-04 11:23:55.444 T:4053 DEBUG: has closed
06-04 11:23:55.444 I/CLog ( 3472): 2025-06-04 11:23:55.444 T:4053 DEBUG: ~PumaQTPClient 0xab88c3d0
06-04 11:23:55.444 I/CLog ( 3472): 2025-06-04 11:23:55.444 T:4053 DEBUG: CacheDataInfo::Release begin.
06-04 11:23:55.444 I/CLog ( 3472): 2025-06-04 11:23:55.444 T:4053 DEBUG: CacheDataInfo::Release end.
06-04 11:23:55.444 I/CLog ( 3472): 2025-06-04 11:23:55.444 T:4053 DEBUG: has closed
06-04 11:23:55.444 I/CLog ( 3472): 2025-06-04 11:23:55.444 T:4053 DEBUG: ~PumaQTPClient 0xecede7a0
06-04 11:23:55.444 I/CLog ( 3472): 2025-06-04 11:23:55.444 T:4053 DEBUG: has closed
06-04 11:23:55.444 I/CLog ( 3472): 2025-06-04 11:23:55.444 T:4053 DEBUG: ~PumaQTPClient 0xeced68c0
06-04 11:23:55.444 I/CLog ( 3472): 2025-06-04 11:23:55.444 T:4053 INFO: close bdf53168[170]
06-04 11:23:55.446 I/CLog ( 3472): 2025-06-04 11:23:55.446 T:4053 INFO: DelFile, /storage/emulated/0/Android/data/com.dangbei.hqmedia/files/qcache/data/ad_cache/TempFile/pre_5012_1749007349_0xbdf53140/bfb89280ebddd468ec1836abcd088d64.mp4.pm, 21
06-04 11:23:55.452 I/CLog ( 3472): 2025-06-04 11:23:55.452 T:4053 DEBUG: remove: /storage/emulated/0/Android/data/com.dangbei.hqmedia/files/qcache/data/ad_cache/TempFile/pre_5012_1749007349_0xbdf53140/
06-04 11:23:55.452 I/CLog ( 3472): 2025-06-04 11:23:55.452 T:4053 INFO: RemovePath: /storage/emulated/0/Android/data/com.dangbei.hqmedia/files/qcache/data/ad_cache/TempFile/pre_5012_1749007349_0xbdf53140/
06-04 11:23:55.452 I/CLog ( 3472): 2025-06-04 11:23:55.452 T:4053 INFO: RM_P_M4::104, destructor, dp_id:5012,...
06-04 11:23:55.452 I/CLog ( 3472): 2025-06-04 11:23:55.452 T:4053 DEBUG: RM_P_M4::0, DestroyMoov, tracks:2
06-04 11:23:55.452 I/CLog ( 3472): 2025-06-04 11:23:55.452 T:4053 DEBUG: RM_P_M4::0, DestroyMoov, tracks:2, end
06-04 11:23:55.452 I/CLog ( 3472): 2025-06-04 11:23:55.452 T:4053 DEBUG: RM_P_M4::0, DestroyBoxesData, track:0, stsd:1
06-04 11:23:55.452 I/CLog ( 3472): 2025-06-04 11:23:55.452 T:4053 DEBUG: RM_P_M4::0, DestroyBoxesData, track:0, stsd:1, stsd OK
06-04 11:23:55.452 I/CLog ( 3472): 2025-06-04 11:23:55.452 T:4053 DEBUG: RM_P_M4::0, DestroyBoxesData, track:0, stsd:1, minf OK
06-04 11:23:55.452 I/CLog ( 3472): 2025-06-04 11:23:55.452 T:4053 DEBUG: RM_P_M4::0, DestroyBoxesData, track:1, stsd:1
06-04 11:23:55.452 I/CLog ( 3472): 2025-06-04 11:23:55.452 T:4053 DEBUG: RM_P_M4::0, DestroyBoxesData, track:1, stsd:1, stsd OK
06-04 11:23:55.452 I/CLog ( 3472): 2025-06-04 11:23:55.452 T:4053 DEBUG: RM_P_M4::0, DestroyBoxesData, track:1, stsd:1, minf OK
06-04 11:23:55.452 I/CLog ( 3472): 2025-06-04 11:23:55.452 T:4053 INFO: RM_P_M4::104, info-reset, [v:0, a:1]
06-04 11:23:55.453 I/CLog ( 3472): 2025-06-04 11:23:55.453 T:4053 INFO: RM_P_M4::104, DestroyBoxesTree...
06-04 11:23:55.453 I/CLog ( 3472): 2025-06-04 11:23:55.453 T:4053 INFO: RM_P_M4::104, destructor, dp_id:5012,end
06-04 11:23:55.453 I/CLog ( 3472): 2025-06-04 11:23:55.453 T:4053 DEBUG: [5012]PacketList::Clear, dpid_param:-1
06-04 11:23:55.453 I/CLog ( 3472): 2025-06-04 11:23:55.453 T:4053 INFO: ADHCDNLoader::Close
06-04 11:23:55.453 I/CLog ( 3472): 2025-06-04 11:23:55.453 T:4053 DEBUG: CloseImpl:stop_lock_ begin,will_stop_(1)
06-04 11:23:55.453 I/CLog ( 3472): 2025-06-04 11:23:55.453 T:4053 DEBUG: CloseImpl:stop_lock_ end,will_stop_(1)
06-04 11:23:55.454 I/CLog ( 3472): 2025-06-04 11:23:55.453 T:4053 DEBUG: CloseImpl:Close begin,will_stop_(1)
06-04 11:23:55.454 I/CLog ( 3472): 2025-06-04 11:23:55.454 T:4053 INFO: [5013]HCDNLoaderClient::Close
06-04 11:23:55.454 I/CLog ( 3472): 2025-06-04 11:23:55.454 T:4053 DEBUG: [5013]CHCDNControl::StopLoad begin.
06-04 11:23:55.454 I/CLog ( 3472): 2025-06-04 11:23:55.454 T:4053 INFO: [5013]CHCDNControl::StopLoad1
06-04 11:23:55.454 I/CLog ( 3472): 2025-06-04 11:23:55.454 T:4053 INFO: [5013]CHCDNControl::StopLoad3
06-04 11:23:55.454 I/CLog ( 3472): 2025-06-04 11:23:55.454 T:4053 DEBUG: [5013]CHCDNControl::StopLoad begin.
06-04 11:23:55.454 I/CLog ( 3472): 2025-06-04 11:23:55.454 T:4053 INFO: [5013]CHCDNControl::StopLoad1
06-04 11:23:55.454 I/CLog ( 3472): 2025-06-04 11:23:55.454 T:4053 INFO: [5013]CHCDNControl::StopLoad3
06-04 11:23:55.454 I/CLog ( 3472): 2025-06-04 11:23:55.454 T:4053 DEBUG: [5013]CHCDNControl::Uninitialize
06-04 11:23:55.454 I/CLog ( 3472): 2025-06-04 11:23:55.454 T:4053 DEBUG: [5013]CHCDNControl::Uninitialize DeleteP2PFile!
06-04 11:23:55.454 I/CLog ( 3472): 2025-06-04 11:23:55.454 T:4053 DEBUG: CloseImpl:Close end,will_stop_(1)
06-04 11:23:55.454 I/CLog ( 3472): 2025-06-04 11:23:55.454 T:4053 INFO: [5013]HCDNLoaderClient::Close
06-04 11:23:55.455 I/CLog ( 3472): 2025-06-04 11:23:55.455 T:4053 DEBUG: [5013]PacketList::Clear, dpid_param:-1
06-04 11:23:55.455 I/CLog ( 3472): 2025-06-04 11:23:55.455 T:4053 DEBUG: has closed
06-04 11:23:55.455 I/CLog ( 3472): 2025-06-04 11:23:55.455 T:4053 DEBUG: ~PumaQTPClient 0xab888ba0
06-04 11:23:55.455 I/CLog ( 3472): 2025-06-04 11:23:55.455 T:4053 DEBUG: CacheDataInfo::Release begin.
06-04 11:23:55.455 I/CLog ( 3472): 2025-06-04 11:23:55.455 T:4053 DEBUG: CacheDataInfo::Release end.
06-04 11:23:55.455 I/CLog ( 3472): 2025-06-04 11:23:55.455 T:4053 DEBUG: has closed
06-04 11:23:55.455 I/CLog ( 3472): 2025-06-04 11:23:55.455 T:4053 DEBUG: ~PumaQTPClient 0xab88afe0
06-04 11:23:55.455 I/CLog ( 3472): 2025-06-04 11:23:55.455 T:4053 DEBUG: has closed
06-04 11:23:55.455 I/CLog ( 3472): 2025-06-04 11:23:55.455 T:4053 DEBUG: ~PumaQTPClient 0xab88aa70
06-04 11:23:55.455 I/CLog ( 3472): 2025-06-04 11:23:55.455 T:4053 INFO: close bdf4fb98[133]
06-04 11:23:55.457 I/CLog ( 3472): 2025-06-04 11:23:55.457 T:4053 INFO: DelFile, /storage/emulated/0/Android/data/com.dangbei.hqmedia/files/qcache/data/ad_cache/TempFile/pre_5013_1749007349_0xbdf4fb70/e9e2e283761177ea2f8cf65d4f48dbef.mp4.pm, 21
06-04 11:23:55.457 I/CLog ( 3472): 2025-06-04 11:23:55.457 T:4053 DEBUG: remove: /storage/emulated/0/Android/data/com.dangbei.hqmedia/files/qcache/data/ad_cache/TempFile/pre_5013_1749007349_0xbdf4fb70/
06-04 11:23:55.457 I/CLog ( 3472): 2025-06-04 11:23:55.457 T:4053 INFO: RemovePath: /storage/emulated/0/Android/data/com.dangbei.hqmedia/files/qcache/data/ad_cache/TempFile/pre_5013_1749007349_0xbdf4fb70/
06-04 11:23:55.457 I/CLog ( 3472): 2025-06-04 11:23:55.457 T:4053 INFO: RM_P_M4::105, destructor, dp_id:5013,...
06-04 11:23:55.457 I/CLog ( 3472): 2025-06-04 11:23:55.457 T:4053 DEBUG: RM_P_M4::0, DestroyMoov, tracks:2
06-04 11:23:55.457 I/CLog ( 3472): 2025-06-04 11:23:55.457 T:4053 DEBUG: RM_P_M4::0, DestroyMoov, tracks:2, end
06-04 11:23:55.457 I/CLog ( 3472): 2025-06-04 11:23:55.457 T:4053 DEBUG: RM_P_M4::0, DestroyBoxesData, track:0, stsd:1
06-04 11:23:55.458 I/CLog ( 3472): 2025-06-04 11:23:55.457 T:4053 DEBUG: RM_P_M4::0, DestroyBoxesData, track:0, stsd:1, stsd OK
06-04 11:23:55.458 I/CLog ( 3472): 2025-06-04 11:23:55.458 T:4053 DEBUG: RM_P_M4::0, DestroyBoxesData, track:0, stsd:1, minf OK
06-04 11:23:55.458 I/CLog ( 3472): 2025-06-04 11:23:55.458 T:4053 DEBUG: RM_P_M4::0, DestroyBoxesData, track:1, stsd:1
06-04 11:23:55.458 I/CLog ( 3472): 2025-06-04 11:23:55.458 T:4053 DEBUG: RM_P_M4::0, DestroyBoxesData, track:1, stsd:1, stsd OK
06-04 11:23:55.458 I/CLog ( 3472): 2025-06-04 11:23:55.458 T:4053 DEBUG: RM_P_M4::0, DestroyBoxesData, track:1, stsd:1, minf OK
06-04 11:23:55.458 I/CLog ( 3472): 2025-06-04 11:23:55.458 T:4053 INFO: RM_P_M4::105, info-reset, [v:0, a:1]
06-04 11:23:55.462 I/CLog ( 3472): 2025-06-04 11:23:55.462 T:4053 INFO: RM_P_M4::105, DestroyBoxesTree...
06-04 11:23:55.462 I/CLog ( 3472): 2025-06-04 11:23:55.462 T:4053 INFO: RM_P_M4::105, destructor, dp_id:5013,end
06-04 11:23:55.462 I/CLog ( 3472): 2025-06-04 11:23:55.462 T:4053 DEBUG: [5013]PacketList::Clear, dpid_param:-1
06-04 11:23:55.462 I/CLog ( 3472): 2025-06-04 11:23:55.462 T:4053 INFO: ADHCDNLoader::Close
06-04 11:23:55.462 I/CLog ( 3472): 2025-06-04 11:23:55.462 T:4053 DEBUG: CloseImpl:stop_lock_ begin,will_stop_(1)
06-04 11:23:55.463 I/CLog ( 3472): 2025-06-04 11:23:55.462 T:4053 DEBUG: CloseImpl:stop_lock_ end,will_stop_(1)
06-04 11:23:55.463 I/CLog ( 3472): 2025-06-04 11:23:55.463 T:4053 DEBUG: CloseImpl:Close begin,will_stop_(1)
06-04 11:23:55.463 I/CLog ( 3472): 2025-06-04 11:23:55.463 T:4053 INFO: [5014]HCDNLoaderClient::Close
06-04 11:23:55.463 I/CLog ( 3472): 2025-06-04 11:23:55.463 T:4053 DEBUG: [5014]CHCDNControl::StopLoad begin.
06-04 11:23:55.463 I/CLog ( 3472): 2025-06-04 11:23:55.463 T:4053 INFO: [5014]CHCDNControl::StopLoad1
06-04 11:23:55.463 I/CLog ( 3472): 2025-06-04 11:23:55.463 T:4053 INFO: [5014]CHCDNControl::StopLoad3
06-04 11:23:55.463 I/CLog ( 3472): 2025-06-04 11:23:55.463 T:4053 DEBUG: [5014]CHCDNControl::StopLoad begin.
06-04 11:23:55.463 I/CLog ( 3472): 2025-06-04 11:23:55.463 T:4053 INFO: [5014]CHCDNControl::StopLoad1
06-04 11:23:55.463 I/CLog ( 3472): 2025-06-04 11:23:55.463 T:4053 INFO: [5014]CHCDNControl::StopLoad3
06-04 11:23:55.463 I/CLog ( 3472): 2025-06-04 11:23:55.463 T:4053 DEBUG: [5014]CHCDNControl::Uninitialize
06-04 11:23:55.463 I/CLog ( 3472): 2025-06-04 11:23:55.463 T:4053 DEBUG: [5014]CHCDNControl::Uninitialize DeleteP2PFile!
06-04 11:23:55.463 I/CLog ( 3472): 2025-06-04 11:23:55.463 T:4053 DEBUG: CloseImpl:Close end,will_stop_(1)
06-04 11:23:55.463 I/CLog ( 3472): 2025-06-04 11:23:55.463 T:4053 INFO: [5014]HCDNLoaderClient::Close
06-04 11:23:55.464 I/CLog ( 3472): 2025-06-04 11:23:55.463 T:4053 DEBUG: [5014]PacketList::Clear, dpid_param:-1
06-04 11:23:55.464 I/CLog ( 3472): 2025-06-04 11:23:55.464 T:4053 DEBUG: has closed
06-04 11:23:55.464 I/CLog ( 3472): 2025-06-04 11:23:55.464 T:4053 DEBUG: ~PumaQTPClient 0xab888800
06-04 11:23:55.464 I/CLog ( 3472): 2025-06-04 11:23:55.464 T:4053 DEBUG: CacheDataInfo::Release begin.
06-04 11:23:55.464 I/CLog ( 3472): 2025-06-04 11:23:55.464 T:4053 DEBUG: CacheDataInfo::Release end.
06-04 11:23:55.464 I/CLog ( 3472): 2025-06-04 11:23:55.464 T:4053 DEBUG: has closed
06-04 11:23:55.464 I/CLog ( 3472): 2025-06-04 11:23:55.464 T:4053 DEBUG: ~PumaQTPClient 0xab887b50
06-04 11:23:55.464 I/CLog ( 3472): 2025-06-04 11:23:55.464 T:4053 DEBUG: has closed
06-04 11:23:55.464 I/CLog ( 3472): 2025-06-04 11:23:55.464 T:4053 DEBUG: ~PumaQTPClient 0xab88c940
06-04 11:23:55.464 I/CLog ( 3472): 2025-06-04 11:23:55.464 T:4053 INFO: close bdf4d7b8[108]
06-04 11:23:55.472 I/CLog ( 3472): 2025-06-04 11:23:55.472 T:4053 INFO: DelFile, /storage/emulated/0/Android/data/com.dangbei.hqmedia/files/qcache/data/ad_cache/TempFile/pre_5014_1749007349_0xbdf4d790/03725c2f54dfc16565a6639b4e408cfa.mp4.pm, 21
06-04 11:23:55.473 I/CLog ( 3472): 2025-06-04 11:23:55.473 T:4053 DEBUG: remove: /storage/emulated/0/Android/data/com.dangbei.hqmedia/files/qcache/data/ad_cache/TempFile/pre_5014_1749007349_0xbdf4d790/
06-04 11:23:55.473 I/CLog ( 3472): 2025-06-04 11:23:55.473 T:4053 INFO: RemovePath: /storage/emulated/0/Android/data/com.dangbei.hqmedia/files/qcache/data/ad_cache/TempFile/pre_5014_1749007349_0xbdf4d790/
06-04 11:23:55.473 I/CLog ( 3472): 2025-06-04 11:23:55.473 T:4053 INFO: RM_P_M4::106, destructor, dp_id:5014,...
06-04 11:23:55.473 I/CLog ( 3472): 2025-06-04 11:23:55.473 T:4053 DEBUG: RM_P_M4::0, DestroyMoov, tracks:2
06-04 11:23:55.473 I/CLog ( 3472): 2025-06-04 11:23:55.473 T:4053 DEBUG: RM_P_M4::0, DestroyMoov, tracks:2, end
06-04 11:23:55.473 I/CLog ( 3472): 2025-06-04 11:23:55.473 T:4053 DEBUG: RM_P_M4::0, DestroyBoxesData, track:0, stsd:1
06-04 11:23:55.473 I/CLog ( 3472): 2025-06-04 11:23:55.473 T:4053 DEBUG: RM_P_M4::0, DestroyBoxesData, track:0, stsd:1, stsd OK
06-04 11:23:55.473 I/CLog ( 3472): 2025-06-04 11:23:55.473 T:4053 DEBUG: RM_P_M4::0, DestroyBoxesData, track:0, stsd:1, minf OK
06-04 11:23:55.473 I/CLog ( 3472): 2025-06-04 11:23:55.473 T:4053 DEBUG: RM_P_M4::0, DestroyBoxesData, track:1, stsd:1
06-04 11:23:55.473 I/CLog ( 3472): 2025-06-04 11:23:55.473 T:4053 DEBUG: RM_P_M4::0, DestroyBoxesData, track:1, stsd:1, stsd OK
06-04 11:23:55.473 I/CLog ( 3472): 2025-06-04 11:23:55.473 T:4053 DEBUG: RM_P_M4::0, DestroyBoxesData, track:1, stsd:1, minf OK
06-04 11:23:55.473 I/CLog ( 3472): 2025-06-04 11:23:55.473 T:4053 INFO: RM_P_M4::106, info-reset, [v:0, a:1]
06-04 11:23:55.473 I/CLog ( 3472): 2025-06-04 11:23:55.473 T:4053 INFO: RM_P_M4::106, DestroyBoxesTree...
06-04 11:23:55.474 I/CLog ( 3472): 2025-06-04 11:23:55.474 T:4053 INFO: RM_P_M4::106, destructor, dp_id:5014,end
06-04 11:23:55.474 I/CLog ( 3472): 2025-06-04 11:23:55.474 T:4053 DEBUG: [5014]PacketList::Clear, dpid_param:-1
06-04 11:23:55.474 I/CLog ( 3472): 2025-06-04 11:23:55.474 T:4053 INFO: ADHCDNLoader::Close
06-04 11:23:55.474 I/CLog ( 3472): 2025-06-04 11:23:55.474 T:4053 DEBUG: CloseImpl:stop_lock_ begin,will_stop_(1)
06-04 11:23:55.474 I/CLog ( 3472): 2025-06-04 11:23:55.474 T:4053 DEBUG: CloseImpl:stop_lock_ end,will_stop_(1)
06-04 11:23:55.474 I/CLog ( 3472): 2025-06-04 11:23:55.474 T:4053 DEBUG: CloseImpl:Close begin,will_stop_(1)
06-04 11:23:55.478 I/CLog ( 3472): 2025-06-04 11:23:55.478 T:4053 INFO: [5015]HCDNLoaderClient::Close
06-04 11:23:55.478 I/CLog ( 3472): 2025-06-04 11:23:55.478 T:4053 DEBUG: [5015]CHCDNControl::StopLoad begin.
06-04 11:23:55.478 I/CLog ( 3472): 2025-06-04 11:23:55.478 T:4053 INFO: [5015]CHCDNControl::StopLoad1
06-04 11:23:55.478 I/CLog ( 3472): 2025-06-04 11:23:55.478 T:4053 INFO: [5015]CHCDNControl::StopLoad3
06-04 11:23:55.478 I/CLog ( 3472): 2025-06-04 11:23:55.478 T:4053 DEBUG: [5015]CHCDNControl::StopLoad begin.
06-04 11:23:55.478 I/CLog ( 3472): 2025-06-04 11:23:55.478 T:4053 INFO: [5015]CHCDNControl::StopLoad1
06-04 11:23:55.478 I/CLog ( 3472): 2025-06-04 11:23:55.478 T:4053 INFO: [5015]CHCDNControl::StopLoad3
06-04 11:23:55.478 I/CLog ( 3472): 2025-06-04 11:23:55.478 T:4053 DEBUG: [5015]CHCDNControl::Uninitialize
06-04 11:23:55.478 I/CLog ( 3472): 2025-06-04 11:23:55.478 T:4053 DEBUG: [5015]CHCDNControl::Uninitialize DeleteP2PFile!
06-04 11:23:55.478 I/CLog ( 3472): 2025-06-04 11:23:55.478 T:4053 DEBUG: CloseImpl:Close end,will_stop_(1)
06-04 11:23:55.478 I/CLog ( 3472): 2025-06-04 11:23:55.478 T:4053 INFO: [5015]HCDNLoaderClient::Close
06-04 11:23:55.479 I/CLog ( 3472): 2025-06-04 11:23:55.479 T:4053 DEBUG: [5015]PacketList::Clear, dpid_param:-1
06-04 11:23:55.479 I/CLog ( 3472): 2025-06-04 11:23:55.479 T:4053 DEBUG: has closed
06-04 11:23:55.479 I/CLog ( 3472): 2025-06-04 11:23:55.479 T:4053 DEBUG: ~PumaQTPClient 0xab88c770
06-04 11:23:55.479 I/CLog ( 3472): 2025-06-04 11:23:55.479 T:4053 DEBUG: CacheDataInfo::Release begin.
06-04 11:23:55.479 I/CLog ( 3472): 2025-06-04 11:23:55.479 T:4053 DEBUG: CacheDataInfo::Release end.
06-04 11:23:55.480 I/CLog ( 3472): 2025-06-04 11:23:55.480 T:4053 DEBUG: has closed
06-04 11:23:55.480 I/CLog ( 3472): 2025-06-04 11:23:55.480 T:4053 DEBUG: ~PumaQTPClient 0xab88b380
06-04 11:23:55.480 I/CLog ( 3472): 2025-06-04 11:23:55.480 T:4053 DEBUG: has closed
06-04 11:23:55.480 I/CLog ( 3472): 2025-06-04 11:23:55.480 T:4053 DEBUG: ~PumaQTPClient 0xab88bac0
06-04 11:23:55.480 I/CLog ( 3472): 2025-06-04 11:23:55.480 T:4053 INFO: close bdf4b3d8[129]
06-04 11:23:55.485 I/CLog ( 3472): 2025-06-04 11:23:55.485 T:4053 INFO: DelFile, /storage/emulated/0/Android/data/com.dangbei.hqmedia/files/qcache/data/ad_cache/TempFile/pre_5015_1749007349_0xbdf4b3b0/5359eea55d71b581c0a191198d43d4d3.mp4.pm, 21
06-04 11:23:55.485 I/CLog ( 3472): 2025-06-04 11:23:55.485 T:4053 DEBUG: remove: /storage/emulated/0/Android/data/com.dangbei.hqmedia/files/qcache/data/ad_cache/TempFile/pre_5015_1749007349_0xbdf4b3b0/
06-04 11:23:55.485 I/audio_hw_hal_primary( 476): [audiohal_get_latency:1333] io 13: out:0xf07c5650 frames:1152 rate:48000 whole_latency:24 alsa_latency:24
06-04 11:23:55.485 I/CLog ( 3472): 2025-06-04 11:23:55.485 T:4053 INFO: RemovePath: /storage/emulated/0/Android/data/com.dangbei.hqmedia/files/qcache/data/ad_cache/TempFile/pre_5015_1749007349_0xbdf4b3b0/
06-04 11:23:55.486 I/CLog ( 3472): 2025-06-04 11:23:55.485 T:4053 INFO: RM_P_M4::107, destructor, dp_id:5015,...
06-04 11:23:55.486 I/CLog ( 3472): 2025-06-04 11:23:55.486 T:4053 DEBUG: RM_P_M4::0, DestroyMoov, tracks:2
06-04 11:23:55.486 I/audio_hw_hal_primary( 476): [audiohal_get_latency:1333] io 13: out:0xf07c5650 frames:1152 rate:48000 whole_latency:24 alsa_latency:24
06-04 11:23:55.486 I/CLog ( 3472): 2025-06-04 11:23:55.486 T:4053 DEBUG: RM_P_M4::0, DestroyMoov, tracks:2, end
06-04 11:23:55.486 I/CLog ( 3472): 2025-06-04 11:23:55.486 T:4053 DEBUG: RM_P_M4::0, DestroyBoxesData, track:0, stsd:1
06-04 11:23:55.486 I/CLog ( 3472): 2025-06-04 11:23:55.486 T:4053 DEBUG: RM_P_M4::0, DestroyBoxesData, track:0, stsd:1, stsd OK
06-04 11:23:55.486 I/CLog ( 3472): 2025-06-04 11:23:55.486 T:4053 DEBUG: RM_P_M4::0, DestroyBoxesData, track:0, stsd:1, minf OK
06-04 11:23:55.486 I/CLog ( 3472): 2025-06-04 11:23:55.486 T:4053 DEBUG: RM_P_M4::0, DestroyBoxesData, track:1, stsd:1
06-04 11:23:55.486 I/CLog ( 3472): 2025-06-04 11:23:55.486 T:4053 DEBUG: RM_P_M4::0, DestroyBoxesData, track:1, stsd:1, stsd OK
06-04 11:23:55.486 I/CLog ( 3472): 2025-06-04 11:23:55.486 T:4053 DEBUG: RM_P_M4::0, DestroyBoxesData, track:1, stsd:1, minf OK
06-04 11:23:55.486 I/CLog ( 3472): 2025-06-04 11:23:55.486 T:4053 INFO: RM_P_M4::107, info-reset, [v:0, a:1]
06-04 11:23:55.486 I/CLog ( 3472): 2025-06-04 11:23:55.486 T:4053 INFO: RM_P_M4::107, DestroyBoxesTree...
06-04 11:23:55.487 I/CLog ( 3472): 2025-06-04 11:23:55.487 T:4053 INFO: RM_P_M4::107, destructor, dp_id:5015,end
06-04 11:23:55.487 I/CLog ( 3472): 2025-06-04 11:23:55.487 T:4053 DEBUG: [5015]PacketList::Clear, dpid_param:-1
06-04 11:23:55.487 I/CLog ( 3472): 2025-06-04 11:23:55.487 T:4053 INFO: ADHCDNLoader::Close
06-04 11:23:55.487 I/CLog ( 3472): 2025-06-04 11:23:55.487 T:4053 DEBUG: CloseImpl:stop_lock_ begin,will_stop_(1)
06-04 11:23:55.487 I/CLog ( 3472): 2025-06-04 11:23:55.487 T:4053 DEBUG: CloseImpl:stop_lock_ end,will_stop_(1)
06-04 11:23:55.487 I/CLog ( 3472): 2025-06-04 11:23:55.487 T:4053 DEBUG: CloseImpl:Close begin,will_stop_(1)
06-04 11:23:55.487 I/CLog ( 3472): 2025-06-04 11:23:55.487 T:4053 INFO: [5016]HCDNLoaderClient::Close
06-04 11:23:55.487 I/CLog ( 3472): 2025-06-04 11:23:55.487 T:4053 DEBUG: [5016]CHCDNControl::StopLoad begin.
06-04 11:23:55.487 I/CLog ( 3472): 2025-06-04 11:23:55.487 T:4053 INFO: [5016]CHCDNControl::StopLoad1
06-04 11:23:55.487 I/CLog ( 3472): 2025-06-04 11:23:55.487 T:4053 INFO: [5016]CHCDNControl::StopLoad3
06-04 11:23:55.487 I/CLog ( 3472): 2025-06-04 11:23:55.487 T:4053 DEBUG: [5016]CHCDNControl::StopLoad begin.
06-04 11:23:55.487 I/CLog ( 3472): 2025-06-04 11:23:55.487 T:4053 INFO: [5016]CHCDNControl::StopLoad1
06-04 11:23:55.487 I/CLog ( 3472): 2025-06-04 11:23:55.487 T:4053 INFO: [5016]CHCDNControl::StopLoad3
06-04 11:23:55.487 I/CLog ( 3472): 2025-06-04 11:23:55.487 T:4053 DEBUG: [5016]CHCDNControl::Uninitialize
06-04 11:23:55.487 I/CLog ( 3472): 2025-06-04 11:23:55.487 T:4053 DEBUG: [5016]CHCDNControl::Uninitialize DeleteP2PFile!
06-04 11:23:55.487 I/CLog ( 3472): 2025-06-04 11:23:55.487 T:4053 DEBUG: CloseImpl:Close end,will_stop_(1)
06-04 11:23:55.487 I/CLog ( 3472): 2025-06-04 11:23:55.487 T:4053 INFO: [5016]HCDNLoaderClient::Close
06-04 11:23:55.488 D/audioserver( 521): logFgsApiEnd: FGS Logger Transaction failed, -129
06-04 11:23:55.489 I/audio_hw_hal_primary( 476): out_update_source_metadata_v7() line 2013 usage:1 content_type:2
06-04 11:23:55.490 I/CLog ( 3472): 2025-06-04 11:23:55.490 T:4053 DEBUG: [5016]PacketList::Clear, dpid_param:-1
06-04 11:23:55.493 I/CLog ( 3472): 2025-06-04 11:23:55.493 T:4053 DEBUG: has closed
06-04 11:23:55.493 I/CLog ( 3472): 2025-06-04 11:23:55.493 T:4053 DEBUG: ~PumaQTPClient 0xeced66f0
06-04 11:23:55.493 I/CLog ( 3472): 2025-06-04 11:23:55.493 T:4053 DEBUG: CacheDataInfo::Release begin.
06-04 11:23:55.493 I/CLog ( 3472): 2025-06-04 11:23:55.493 T:4053 DEBUG: CacheDataInfo::Release end.
06-04 11:23:55.493 I/CLog ( 3472): 2025-06-04 11:23:55.493 T:4053 DEBUG: has closed
06-04 11:23:55.493 I/CLog ( 3472): 2025-06-04 11:23:55.493 T:4053 DEBUG: ~PumaQTPClient 0xeced3260
06-04 11:23:55.493 I/CLog ( 3472): 2025-06-04 11:23:55.493 T:4053 DEBUG: has closed
06-04 11:23:55.493 I/CLog ( 3472): 2025-06-04 11:23:55.493 T:4053 DEBUG: ~PumaQTPClient 0xeced8050
06-04 11:23:55.493 I/CLog ( 3472): 2025-06-04 11:23:55.493 T:4053 INFO: close bdf50d88[210]
06-04 11:23:55.498 I/CLog ( 3472): 2025-06-04 11:23:55.498 T:4053 INFO: DelFile, /storage/emulated/0/Android/data/com.dangbei.hqmedia/files/qcache/data/ad_cache/TempFile/pre_5016_1749007349_0xbdf50d60/85828fccf286b850cb2b6231d13b2f8c.mp4.pm, 21
06-04 11:23:55.499 I/CLog ( 3472): 2025-06-04 11:23:55.499 T:4053 DEBUG: remove: /storage/emulated/0/Android/data/com.dangbei.hqmedia/files/qcache/data/ad_cache/TempFile/pre_5016_1749007349_0xbdf50d60/
06-04 11:23:55.502 I/CLog ( 3472): 2025-06-04 11:23:55.502 T:4053 INFO: RemovePath: /storage/emulated/0/Android/data/com.dangbei.hqmedia/files/qcache/data/ad_cache/TempFile/pre_5016_1749007349_0xbdf50d60/
06-04 11:23:55.502 I/CLog ( 3472): 2025-06-04 11:23:55.502 T:4053 INFO: RM_P_M4::108, destructor, dp_id:5016,...
06-04 11:23:55.502 I/CLog ( 3472): 2025-06-04 11:23:55.502 T:4053 DEBUG: RM_P_M4::0, DestroyMoov, tracks:2
06-04 11:23:55.502 I/CLog ( 3472): 2025-06-04 11:23:55.502 T:4053 DEBUG: RM_P_M4::0, DestroyMoov, tracks:2, end
06-04 11:23:55.502 I/CLog ( 3472): 2025-06-04 11:23:55.502 T:4053 DEBUG: RM_P_M4::0, DestroyBoxesData, track:0, stsd:1
06-04 11:23:55.502 I/CLog ( 3472): 2025-06-04 11:23:55.502 T:4053 DEBUG: RM_P_M4::0, DestroyBoxesData, track:0, stsd:1, stsd OK
06-04 11:23:55.502 I/CLog ( 3472): 2025-06-04 11:23:55.502 T:4053 DEBUG: RM_P_M4::0, DestroyBoxesData, track:0, stsd:1, minf OK
06-04 11:23:55.502 I/CLog ( 3472): 2025-06-04 11:23:55.502 T:4053 DEBUG: RM_P_M4::0, DestroyBoxesData, track:1, stsd:1
06-04 11:23:55.503 I/CLog ( 3472): 2025-06-04 11:23:55.502 T:4053 DEBUG: RM_P_M4::0, DestroyBoxesData, track:1, stsd:1, stsd OK
06-04 11:23:55.503 I/CLog ( 3472): 2025-06-04 11:23:55.503 T:4053 DEBUG: RM_P_M4::0, DestroyBoxesData, track:1, stsd:1, minf OK
06-04 11:23:55.503 I/CLog ( 3472): 2025-06-04 11:23:55.503 T:4053 INFO: RM_P_M4::108, info-reset, [v:0, a:1]
06-04 11:23:55.503 I/CLog ( 3472): 2025-06-04 11:23:55.503 T:4053 INFO: RM_P_M4::108, DestroyBoxesTree...
06-04 11:23:55.503 I/CLog ( 3472): 2025-06-04 11:23:55.503 T:4053 INFO: RM_P_M4::108, destructor, dp_id:5016,end
06-04 11:23:55.503 I/CLog ( 3472): 2025-06-04 11:23:55.503 T:4053 DEBUG: [5016]PacketList::Clear, dpid_param:-1
06-04 11:23:55.503 I/CLog ( 3472): 2025-06-04 11:23:55.503 T:4053 INFO: ADHCDNLoader::Close
06-04 11:23:55.504 I/CLog ( 3472): 2025-06-04 11:23:55.503 T:4053 DEBUG: CloseImpl:stop_lock_ begin,will_stop_(1)
06-04 11:23:55.504 I/CLog ( 3472): 2025-06-04 11:23:55.504 T:4053 DEBUG: CloseImpl:stop_lock_ end,will_stop_(1)
06-04 11:23:55.504 I/CLog ( 3472): 2025-06-04 11:23:55.504 T:4053 DEBUG: CloseImpl:Close begin,will_stop_(1)
06-04 11:23:55.504 I/CLog ( 3472): 2025-06-04 11:23:55.504 T:4053 INFO: [5017]HCDNLoaderClient::Close
06-04 11:23:55.504 I/CLog ( 3472): 2025-06-04 11:23:55.504 T:4053 DEBUG: [5017]CHCDNControl::StopLoad begin.
06-04 11:23:55.504 I/CLog ( 3472): 2025-06-04 11:23:55.504 T:4053 INFO: [5017]CHCDNControl::StopLoad1
06-04 11:23:55.504 E/p2pfile ( 3472): HCDN_LOG: [T:4053][HINFO]:[f:Close],[l:2389],[Task(13),tvid(6867843176770317),vid(),priority(25)]
06-04 11:23:55.504 E/p2pfile ( 3472): HCDN_LOG: [T:4053][HINFO]:[f:Close],[l:2600],[Task(13), taskid(3999911026), idx(0)]
06-04 11:23:55.504 E/playfilesourceNew( 3472): HCDN_LOG: [T:4053][HINFO]:[f:StopTask],[l:425],[TaskID(3999911026)]
06-04 11:23:55.504 I/CLog ( 3472): 2025-06-04 11:23:55.504 T:6710 INFO: HCDNLoaderClient::DoRead with stop thread2.
06-04 11:23:55.504 I/CLog ( 3472): 2025-06-04 11:23:55.504 T:6710 DEBUG: Thread PumaHCDNLoader 18446744072290021824 terminating
06-04 11:23:55.504 E/Hcdn_DeTask3999911026( 3472): HCDN_LOG: [T:4176][HINFO]:[f:OnRecvStopDownloadTaskRequest],[l:1547], recv msg:MMSG_PLAYER2DE_stop_download_task_request
06-04 11:23:55.505 W/cdn_unlimity_retry_stategy( 3472): HCDN_LOG: [T:4183][HERROR]:[f:Stop],[l:412], taskid:3999911026, enable_unlimited_try[false], Stop, task_status_[3], rid[793395f4cbc265c4818fa3420c2bb454]
06-04 11:23:55.505 W/cdntask_new( 3472): HCDN_LOG: [T:4183][HERROR]:[f:Stop],[l:442],taskid:3999911026 rid=793395f4cbc265c4818fa3420c2bb454!
06-04 11:23:55.505 W/cdn_unlimity_retry_stategy( 3472): HCDN_LOG: [T:4183][HERROR]:[f:Stop],[l:412], taskid:3999911026, enable_unlimited_try[false], Stop, task_status_[7], rid[793395f4cbc265c4818fa3420c2bb454]
06-04 11:23:55.505 W/cdntask_new( 3472): HCDN_LOG: [T:4183][HERROR]:[f:Stop],[l:442],taskid:3999911026 rid=793395f4cbc265c4818fa3420c2bb454!
06-04 11:23:55.505 E/storage_operate( 3472): HCDN_LOG: [T:4181][HINFO]:[f:DealCloseFileRequest],[l:742],[taskid:3999911026],[fid:793395f4cbc265c4818fa3420c2bb45400000000]
06-04 11:23:55.506 E/Hcdn_DeTask3999911026( 3472): HCDN_LOG: [T:4176][HINFO]:[f:OnRecvHaveSameNetDecacheNotify],[l:2467], have same net dcache:0
06-04 11:23:55.506 E/Hcdn_DeTask3999911026( 3472): HCDN_LOG: [T:4176][HINFO]:[f:OnRecvStopDownloadTaskResponse],[l:271], cost time,dispatch:100 download_baseinfo:0 download_18K_data:0 download_baseinfo_from_taskbegin:0 download_18K_data_from_taskbegin:0 avg_speed:0 KB/s
06-04 11:23:55.507 E/storage_trim_block( 3472): HCDN_LOG: [T:4181][TRIM_BLOCK_LOG]:[f:GetVideoTaskCount],[l:1877],video task count: 0 high_bitrate: 0 audio_count: 0 short_video: 0 big: 0 small: 0
06-04 11:23:55.508 E/storage_operate( 3472): HCDN_LOG: [T:4181][HINFO]:[f:RemoveTaskState],[l:577],[task_ID:3999911026]
06-04 11:23:55.508 E/Hcdn_DeTask3999911026( 3472): HCDN_LOG: [T:4176][HINFO]:[f:OnRecvCloseFileResponse],[l:396], msg content:write_disk_size=2097152 byte ,error_code=0
06-04 11:23:55.510 E/playfilesourceNew( 3472): HCDN_LOG: [T:4053][HINFO]:[f:StopTask],[l:467],[TaskID(3999911026), Delete Statistics Task!]
06-04 11:23:55.510 E/pfs_stuck_info_detail( 3472): HCDN_LOG: [T:4053][HWARN]:[f:RemoveStatTask],[l:391],[TaskID(3999911026) End]
06-04 11:23:55.510 I/CLog ( 3472): 2025-06-04 11:23:55.510 T:4053 INFO: [5017]CHCDNControl::StopLoad2
06-04 11:23:55.510 I/CLog ( 3472): 2025-06-04 11:23:55.510 T:4053 DEBUG: [5017]CHCDNControl::StopLoad end.
06-04 11:23:55.510 I/CLog ( 3472): 2025-06-04 11:23:55.510 T:4053 DEBUG: [5017]CHCDNControl::StopLoad begin.
06-04 11:23:55.510 I/CLog ( 3472): 2025-06-04 11:23:55.510 T:4053 INFO: [5017]CHCDNControl::StopLoad1
06-04 11:23:55.510 I/CLog ( 3472): 2025-06-04 11:23:55.510 T:4053 INFO: [5017]CHCDNControl::StopLoad3
06-04 11:23:55.510 I/CLog ( 3472): 2025-06-04 11:23:55.510 T:4053 DEBUG: [5017]CHCDNControl::Uninitialize
06-04 11:23:55.510 I/CLog ( 3472): 2025-06-04 11:23:55.510 T:4053 DEBUG: [5017]CHCDNControl::Uninitialize DeleteP2PFile!
06-04 11:23:55.510 I/CLog ( 3472): 2025-06-04 11:23:55.510 T:4053 DEBUG: CloseImpl:Close end,will_stop_(1)
06-04 11:23:55.510 I/CLog ( 3472): 2025-06-04 11:23:55.510 T:4053 INFO: [5017]HCDNLoaderClient::Close
06-04 11:23:55.510 I/CLog ( 3472): 2025-06-04 11:23:55.510 T:4053 INFO: ADCacheManager::Write, reset file, -> 793395f4cbc265c4818fa3420c2bb454.mp4
06-04 11:23:55.511 I/CLog ( 3472): 2025-06-04 11:23:55.511 T:4053 INFO: bdf48ff8 ,of, open file -/storage/emulated/0/Android/data/com.dangbei.hqmedia/files/qcache/data/ad_cache/TempFile/pre_5017_1749007349_0xbdf48fd0/793395f4cbc265c4818fa3420c2bb454.mp4.pm
06-04 11:23:55.511 I/CLog ( 3472): 2025-06-04 11:23:55.511 T:4053 INFO: 0xbdf48ff8 ,of, open file -/storage/emulated/0/Android/data/com.dangbei.hqmedia/files/qcache/data/ad_cache/TempFile/pre_5017_1749007349_0xbdf48fd0/793395f4cbc265c4818fa3420c2bb454.mp4.pm-- result:1[108]
06-04 11:23:55.514 I/CLog ( 3472): 2025-06-04 11:23:55.514 T:4053 DEBUG: [5017]PacketList::Clear, dpid_param:-1
06-04 11:23:55.518 E/playfilesourceNew( 3472): HCDN_LOG: [T:4173][HINFO]:[f:DoAsynNotifyInfoResponse],[l:2605],[TaskID(3999911026),type(6),msg({"BandWidth":6488064,"IsAd":1,"IsP2P":1,"VID":""}
06-04 11:23:55.518 E/playfilesourceNew( 3472): )!]
06-04 11:23:55.518 E/Hcdn_DeTask3999911026( 3472): HCDN_LOG: [T:4176][HINFO]:[f:PostNotifyInfo],[l:248], notify type(6),info({"BandWidth":6488064,"IsAd":1,"IsP2P":1,"VID":""}
06-04 11:23:55.518 E/Hcdn_DeTask3999911026( 3472): )
06-04 11:23:55.518 E/Hcdn_DeTask318584460( 3472): HCDN_LOG: [T:4176][HINFO]:[f:PostNotifyInfo],[l:248], notify type(6),info({"BandWidth":-2,"IsAd":1,"IsP2P":1,"VID":""}
06-04 11:23:55.518 E/Hcdn_DeTask318584460( 3472): )
06-04 11:23:55.518 E/playfilesourceNew( 3472): HCDN_LOG: [T:4173][HINFO]:[f:DoAsynNotifyInfoResponse],[l:2605],[TaskID(318584460),type(6),msg({"BandWidth":-2,"IsAd":1,"IsP2P":1,"VID":""}
06-04 11:23:55.518 E/playfilesourceNew( 3472): )!]
06-04 11:23:55.525 I/CLog ( 3472): 2025-06-04 11:23:55.525 T:4053 DEBUG: has closed
06-04 11:23:55.525 I/CLog ( 3472): 2025-06-04 11:23:55.525 T:4053 DEBUG: ~PumaQTPClient 0xab88b550
06-04 11:23:55.525 I/CLog ( 3472): 2025-06-04 11:23:55.525 T:4053 DEBUG: CacheDataInfo::Release begin.
06-04 11:23:55.525 I/CLog ( 3472): 2025-06-04 11:23:55.525 T:4053 DEBUG: CacheDataInfo::Release end.
06-04 11:23:55.525 I/CLog ( 3472): 2025-06-04 11:23:55.525 T:4053 DEBUG: has closed
06-04 11:23:55.525 I/CLog ( 3472): 2025-06-04 11:23:55.525 T:4053 DEBUG: ~PumaQTPClient 0xab8889d0
06-04 11:23:55.525 I/CLog ( 3472): 2025-06-04 11:23:55.525 T:4053 DEBUG: has closed
06-04 11:23:55.525 I/CLog ( 3472): 2025-06-04 11:23:55.525 T:4053 DEBUG: ~PumaQTPClient 0xab886760
06-04 11:23:55.525 I/CLog ( 3472): 2025-06-04 11:23:55.525 T:4053 INFO: close bdf48ff8[108]
06-04 11:23:55.529 I/audio_hw_hal_primary( 476): [audiohal_get_latency:1333] io 13: out:0xf07c5650 frames:1152 rate:48000 whole_latency:24 alsa_latency:24
06-04 11:23:55.530 E/hq ( 1441): 检查user:::更新前的信息: Users{userId=2720729, nickName='莫子潇', avatarUrl='https://thirdwx.qlogo.cn/mmopen/vi_32/BmrdLfpssuWibjCfWgjUx8UoqGVCnukibKiaccgUVTtS4gdfT2S6yHsjdLhsiaszkdDSzronsjaksSiaDJ8hgs7n6nQ/132', wxToken='oV3gIwTc-IcimUBJrdrXpEWMkDBo', vip='[{"id":30,"memberCode":"bestv","mlUserId":"8db3ceb6f79871cbc1c6b6947214a0d7","token":"","status":2,"endDate":"2024-10-18","pic":""},{"id":33,"memberCode":"dbmusic","mlUserId":"2720729","token":"","status":0,"endDate":"2025-06-04","pic":""},{"id":13,"memberCode":"dbmusic","mlUserId":"2720729","token":"","status":0,"endDate":"2025-06-04","pic":""},{"id":1,"memberCode":"iqiyi","mlUserId":"e502cfec393ffab8f86fb6362afbebe5","token":"","status":2,"endDate":"2024-10-18","pic":""},{"id":35,"memberCode":"mitu","mlUserId":"","token":"","status":0,"endDate":"2025-06-04","pic":""}]', mobile='13242875691', sex=0, description='和丰账号ID:16a010', city='', province='', country='', launcherMode=null, token='', token='1a58c14ea3aff9a998ca0dda2be5453a'}
06-04 11:23:55.530 E/hq ( 1441): 更新后的信息: Users{userId=2720729, nickName='莫子潇', avatarUrl='https://thirdwx.qlogo.cn/mmopen/vi_32/BmrdLfpssuWibjCfWgjUx8UoqGVCnukibKiaccgUVTtS4gdfT2S6yHsjdLhsiaszkdDSzronsjaksSiaDJ8hgs7n6nQ/132', wxToken='oV3gIwTc-IcimUBJrdrXpEWMkDBo', vip='[{"id":30,"memberCode":"bestv","mlUserId":"8db3ceb6f79871cbc1c6b6947214a0d7","token":"","status":2,"endDate":"2024-10-18","pic":""},{"id":33,"memberCode":"dbmusic","mlUserId":"2720729","token":"","status":0,"endDate":"2025-06-04","pic":""},{"id":13,"memberCode":"dbmusic","mlUserId":"2720729","token":"","status":0,"endDate":"2025-06-04","pic":""},{"id":1,"memberCode":"iqiyi","mlUserId":"e502cfec393ffab8f86fb6362afbebe5","token":"","status":2,"endDate":"2024-10-18","pic":""},{"id":35,"memberCode":"mitu","mlUserId":"","token":"","status":0,"endDate":"2025-06-04","pic":""}]', mobile='13242875691', sex=0, description='和丰账号ID:16a010', city='', province='', country='', launcherMode=null, token='', token='null'}
06-04 11:23:55.532 E/UserInterfaceImpl( 1441): updateUser
06-04 11:23:55.533 D/TrafficStats( 1441): tagSocket(112) with statsTag=0xffffffff, statsUid=-1
06-04 11:23:55.539 D/TrafficStats( 1441): tagSocket(111) with statsTag=0xffffffff, statsUid=-1
06-04 11:23:55.544 D/TrafficStats( 1441): tagSocket(172) with statsTag=0xffffffff, statsUid=-1
06-04 11:23:55.544 D/TrafficStats( 1441): tagSocket(150) with statsTag=0xffffffff, statsUid=-1
06-04 11:23:55.553 E/p2p_upload_limit( 3472): HCDN_LOG: [T:4177][func:DoUploadLimitContol],[line:3363],FromModule[1],LimitSpeed[1024Kb/s],LimitTime[60s]!
06-04 11:23:55.554 D/TrafficStats( 1441): tagSocket(188) with statsTag=0xffffffff, statsUid=-1
06-04 11:23:55.558 D/TrafficStats( 1441): tagSocket(190) with statsTag=0xffffffff, statsUid=-1
06-04 11:23:55.560 I/CLog ( 3472): 2025-06-04 11:23:55.555 T:4053 INFO: DelFile, /storage/emulated/0/Android/data/com.dangbei.hqmedia/files/qcache/data/ad_cache/TempFile/pre_5017_1749007349_0xbdf48fd0/793395f4cbc265c4818fa3420c2bb454.mp4.pm, 21
06-04 11:23:55.560 I/CLog ( 3472): 2025-06-04 11:23:55.560 T:4053 DEBUG: remove: /storage/emulated/0/Android/data/com.dangbei.hqmedia/files/qcache/data/ad_cache/TempFile/pre_5017_1749007349_0xbdf48fd0/
06-04 11:23:55.560 I/CLog ( 3472): 2025-06-04 11:23:55.560 T:4053 INFO: RemovePath: /storage/emulated/0/Android/data/com.dangbei.hqmedia/files/qcache/data/ad_cache/TempFile/pre_5017_1749007349_0xbdf48fd0/
06-04 11:23:55.560 I/CLog ( 3472): 2025-06-04 11:23:55.560 T:4053 INFO: RM_P_M4::109, destructor, dp_id:5017,...
06-04 11:23:55.560 I/CLog ( 3472): 2025-06-04 11:23:55.560 T:4053 DEBUG: RM_P_M4::0, DestroyMoov, tracks:2
06-04 11:23:55.560 I/CLog ( 3472): 2025-06-04 11:23:55.560 T:4053 DEBUG: RM_P_M4::0, DestroyMoov, tracks:2, end
06-04 11:23:55.560 I/CLog ( 3472): 2025-06-04 11:23:55.560 T:4053 DEBUG: RM_P_M4::0, DestroyBoxesData, track:0, stsd:1
06-04 11:23:55.560 I/CLog ( 3472): 2025-06-04 11:23:55.560 T:4053 DEBUG: RM_P_M4::0, DestroyBoxesData, track:0, stsd:1, stsd OK
06-04 11:23:55.560 I/CLog ( 3472): 2025-06-04 11:23:55.560 T:4053 DEBUG: RM_P_M4::0, DestroyBoxesData, track:0, stsd:1, minf OK
06-04 11:23:55.560 I/CLog ( 3472): 2025-06-04 11:23:55.560 T:4053 DEBUG: RM_P_M4::0, DestroyBoxesData, track:1, stsd:1
06-04 11:23:55.560 I/CLog ( 3472): 2025-06-04 11:23:55.560 T:4053 DEBUG: RM_P_M4::0, DestroyBoxesData, track:1, stsd:1, stsd OK
06-04 11:23:55.560 I/CLog ( 3472): 2025-06-04 11:23:55.560 T:4053 DEBUG: RM_P_M4::0, DestroyBoxesData, track:1, stsd:1, minf OK
06-04 11:23:55.561 I/CLog ( 3472): 2025-06-04 11:23:55.560 T:4053 INFO: RM_P_M4::109, info-reset, [v:0, a:1]
06-04 11:23:55.561 I/CLog ( 3472): 2025-06-04 11:23:55.561 T:4053 INFO: RM_P_M4::109, DestroyBoxesTree...
06-04 11:23:55.561 I/CLog ( 3472): 2025-06-04 11:23:55.561 T:4053 INFO: RM_P_M4::109, destructor, dp_id:5017,end
06-04 11:23:55.561 I/CLog ( 3472): 2025-06-04 11:23:55.561 T:4053 DEBUG: [5017]PacketList::Clear, dpid_param:-1
06-04 11:23:55.561 I/CLog ( 3472): 2025-06-04 11:23:55.561 T:4053 DEBUG: [0]PacketList::Clear, dpid_param:-1
06-04 11:23:55.561 I/CLog ( 3472): 2025-06-04 11:23:55.561 T:4053 DEBUG: has closed
06-04 11:23:55.561 I/CLog ( 3472): 2025-06-04 11:23:55.561 T:4053 DEBUG: ~PumaQTPClient 0xab8863c0
06-04 11:23:55.561 I/CLog ( 3472): 2025-06-04 11:23:55.561 T:4053 DEBUG: CacheDataInfo::Release begin.
06-04 11:23:55.561 I/CLog ( 3472): 2025-06-04 11:23:55.561 T:4053 DEBUG: CacheDataInfo::Release end.
06-04 11:23:55.561 I/CLog ( 3472): 2025-06-04 11:23:55.561 T:4053 DEBUG: has closed
06-04 11:23:55.561 I/CLog ( 3472): 2025-06-04 11:23:55.561 T:4053 DEBUG: ~PumaQTPClient 0xeced7910
06-04 11:23:55.561 I/CLog ( 3472): 2025-06-04 11:23:55.561 T:4053 DEBUG: has closed
06-04 11:23:55.561 I/CLog ( 3472): 2025-06-04 11:23:55.561 T:4053 DEBUG: ~PumaQTPClient 0xeced49f0
06-04 11:23:55.562 I/CLog ( 3472): 2025-06-04 11:23:55.562 T:4053 DEBUG: remove: /storage/emulated/0/Android/data/com.dangbei.hqmedia/files/qcache/data/ad_cache/TempFile/pre_5018_1749007349_0xbdf47de0/
06-04 11:23:55.567 I/CLog ( 3472): 2025-06-04 11:23:55.567 T:4053 INFO: RemovePath: /storage/emulated/0/Android/data/com.dangbei.hqmedia/files/qcache/data/ad_cache/TempFile/pre_5018_1749007349_0xbdf47de0/
06-04 11:23:55.567 I/CLog ( 3472): 2025-06-04 11:23:55.567 T:4053 DEBUG: [0]PacketList::Clear, dpid_param:-1
06-04 11:23:55.570 I/CLog ( 3472): 2025-06-04 11:23:55.570 T:4053 DEBUG: ADDP Clear
06-04 11:23:55.570 I/CLog ( 3472): 2025-06-04 11:23:55.570 T:4053 DEBUG: Stop, pre end
06-04 11:23:55.570 I/CLog ( 3472): 2025-06-04 11:23:55.570 T:4053 DEBUG: [0]PacketList::Clear, dpid_param:-1
06-04 11:23:55.570 I/CLog ( 3472): 2025-06-04 11:23:55.570 T:4053 DEBUG: has closed
06-04 11:23:55.570 I/CLog ( 3472): 2025-06-04 11:23:55.570 T:4053 DEBUG: ~PumaQTPClient 0xab886ea0
06-04 11:23:55.570 I/CLog ( 3472): 2025-06-04 11:23:55.570 T:4053 DEBUG: CacheDataInfo::Release begin.
06-04 11:23:55.570 I/CLog ( 3472): 2025-06-04 11:23:55.570 T:4053 DEBUG: CacheDataInfo::Release end.
06-04 11:23:55.570 I/CLog ( 3472): 2025-06-04 11:23:55.570 T:4053 DEBUG: has closed
06-04 11:23:55.570 I/CLog ( 3472): 2025-06-04 11:23:55.570 T:4053 DEBUG: ~PumaQTPClient 0xab88ae10
06-04 11:23:55.570 I/CLog ( 3472): 2025-06-04 11:23:55.570 T:4053 DEBUG: has closed
06-04 11:23:55.570 I/CLog ( 3472): 2025-06-04 11:23:55.570 T:4053 DEBUG: ~PumaQTPClient 0xab888d70
06-04 11:23:55.571 I/CLog ( 3472): 2025-06-04 11:23:55.571 T:4053 DEBUG: remove: /storage/emulated/0/Android/data/com.dangbei.hqmedia/files/qcache/data/ad_cache/TempFile/recap_5011_1749007349_0xbdf4c5a0/
06-04 11:23:55.571 I/audio_hw_hal_primary( 476): [audiohal_get_latency:1333] io 13: out:0xf07c5650 frames:1152 rate:48000 whole_latency:24 alsa_latency:24
06-04 11:23:55.571 I/CLog ( 3472): 2025-06-04 11:23:55.571 T:4053 INFO: RemovePath: /storage/emulated/0/Android/data/com.dangbei.hqmedia/files/qcache/data/ad_cache/TempFile/recap_5011_1749007349_0xbdf4c5a0/
06-04 11:23:55.571 I/CLog ( 3472): 2025-06-04 11:23:55.571 T:4053 DEBUG: [0]PacketList::Clear, dpid_param:-1
06-04 11:23:55.571 I/CLog ( 3472): 2025-06-04 11:23:55.571 T:4053 DEBUG: ADDP Clear
06-04 11:23:55.571 I/CLog ( 3472): 2025-06-04 11:23:55.571 T:4053 DEBUG: Stop, recap end
06-04 11:23:55.571 I/CLog ( 3472): 2025-06-04 11:23:55.571 T:4053 DEBUG: Stop, mid end
06-04 11:23:55.571 I/CLog ( 3472): 2025-06-04 11:23:55.571 T:4053 DEBUG: Stop, post end
06-04 11:23:55.571 I/CLog ( 3472): 2025-06-04 11:23:55.571 T:4053 DEBUG: Stop, pre end
06-04 11:23:55.571 I/CLog ( 3472): 2025-06-04 11:23:55.571 T:4053 DEBUG: ADPlayerManager::Stop return
06-04 11:23:55.571 I/CLog ( 3472): 2025-06-04 11:23:55.571 T:4053 INFO: CopyrightPlayerManager::StopLoad, 0xed07c550
06-04 11:23:55.571 I/CLog ( 3472): 2025-06-04 11:23:55.571 T:4053 INFO: CopyrightPlayerManager::StopLoad, 0xed07c550
06-04 11:23:55.571 I/CLog ( 3472): 2025-06-04 11:23:55.571 T:4053 DEBUG: [10002]PlayModel::Stop:0xb37d94c0 middle
06-04 11:23:55.571 I/CLog ( 3472): 2025-06-04 11:23:55.571 T:4053 INFO: SubtitleModel::UnInit 0xa9503d50
06-04 11:23:55.571 I/CLog ( 3472): 2025-06-04 11:23:55.571 T:4053 DEBUG: has closed
06-04 11:23:55.571 I/CLog ( 3472): 2025-06-04 11:23:55.571 T:4053 DEBUG: SubtitleModel::ResetSubtitleData
06-04 11:23:55.571 I/CLog ( 3472): 2025-06-04 11:23:55.571 T:4053 DEBUG: DeleteProgramModel(66)
06-04 11:23:55.571 I/CLog ( 3472): 2025-06-04 11:23:55.571 T:4053 DEBUG: PlayModel::Stop:0xb37d94c0 end
06-04 11:23:55.571 I/CLog ( 3472): 2025-06-04 11:23:55.571 T:4053 INFO: [262144]ADPlayerManager::~ADPlayerManager, 0xd144ccd0
06-04 11:23:55.571 I/CLog ( 3472): 2025-06-04 11:23:55.571 T:4053 INFO: [262144]DeregisterADObjectDelegate, pre, 0xd144cdcc
06-04 11:23:55.571 I/CLog ( 3472): 2025-06-04 11:23:55.571 T:4053 INFO: [262144]DeregisterADObjectDelegate, recap, 0xd144cf3c
06-04 11:23:55.571 I/CLog ( 3472): 2025-06-04 11:23:55.571 T:4053 INFO: [262144]DeregisterADObjectDelegate, mid, 0xd144ce7c
06-04 11:23:55.571 I/CLog ( 3472): 2025-06-04 11:23:55.571 T:4053 INFO: [262144]DeregisterADObjectDelegate, post, 0xd144cffc
06-04 11:23:55.571 I/CLog ( 3472): 2025-06-04 11:23:55.571 T:4053 INFO: [262144]DeregisterInteractiveADObjectDelegate, pre, 0xd144cdd0
06-04 11:23:55.571 I/CLog ( 3472): 2025-06-04 11:23:55.571 T:4053 INFO: [262144]DeregisterInteractiveADObjectDelegate, recap, 0xd144cf40
06-04 11:23:55.571 I/CLog ( 3472): 2025-06-04 11:23:55.571 T:4053 INFO: [262144]DeregisterInteractiveADObjectDelegate, mid, 0xd144ce80
06-04 11:23:55.571 I/CLog ( 3472): 2025-06-04 11:23:55.571 T:4053 INFO: [262144]DeregisterInteractiveADObjectDelegate, post, 0xd144d000
06-04 11:23:55.571 I/CLog ( 3472): 2025-06-04 11:23:55.571 T:4053 INFO: [262144]DeregisterJsonDelegate, , 0xd144d178
06-04 11:23:55.571 I/CLog ( 3472): 2025-06-04 11:23:55.571 T:4053 DEBUG: ADDP Clear
06-04 11:23:55.571 I/CLog ( 3472): 2025-06-04 11:23:55.571 T:4053 DEBUG: Stop, pre end
06-04 11:23:55.571 I/CLog ( 3472): 2025-06-04 11:23:55.571 T:4053 DEBUG: ADDP Clear
06-04 11:23:55.571 I/CLog ( 3472): 2025-06-04 11:23:55.571 T:4053 DEBUG: Stop, recap end
06-04 11:23:55.571 I/CLog ( 3472): 2025-06-04 11:23:55.571 T:4053 DEBUG: Stop, mid end
06-04 11:23:55.571 I/CLog ( 3472): 2025-06-04 11:23:55.571 T:4053 DEBUG: Stop, post end
06-04 11:23:55.571 I/CLog ( 3472): 2025-06-04 11:23:55.571 T:4053 DEBUG: Stop, pre end
06-04 11:23:55.572 I/CLog ( 3472): 2025-06-04 11:23:55.572 T:4053 DEBUG: ADPlayerManager::Stop return
06-04 11:23:55.572 I/CLog ( 3472): 2025-06-04 11:23:55.572 T:4053 DEBUG: Stop, pre end
06-04 11:23:55.572 I/CLog ( 3472): 2025-06-04 11:23:55.572 T:4053 DEBUG: Stop, post end
06-04 11:23:55.572 I/CLog ( 3472): 2025-06-04 11:23:55.572 T:4053 DEBUG: ADDP Clear
06-04 11:23:55.572 I/CLog ( 3472): 2025-06-04 11:23:55.572 T:4053 DEBUG: Stop, recap end
06-04 11:23:55.572 I/CLog ( 3472): 2025-06-04 11:23:55.572 T:4053 DEBUG: Stop, mid end
06-04 11:23:55.572 I/CLog ( 3472): 2025-06-04 11:23:55.572 T:4053 DEBUG: ADDP Clear
06-04 11:23:55.572 I/CLog ( 3472): 2025-06-04 11:23:55.572 T:4053 DEBUG: Stop, pre end
06-04 11:23:55.572 I/CLog ( 3472): 2025-06-04 11:23:55.572 T:4053 INFO: CopyrightPlayerManager::UnInitialize, 0xed07c550
06-04 11:23:55.572 I/CLog ( 3472): 2025-06-04 11:23:55.572 T:4053 INFO: ~PlayModel (0xb37d94c0) end
06-04 11:23:55.572 I/CLog ( 3472): 2025-06-04 11:23:55.572 T:4053 DEBUG: ~DetachableCallHelper,0xa956ae50
06-04 11:23:55.572 I/CLog ( 3472): 2025-06-04 11:23:55.572 T:4053 DEBUG: ~MessageCenterWrapper,0xaca07b1c
06-04 11:23:55.572 I/CLog ( 3472): 2025-06-04 11:23:55.572 T:4056 INFO: del program_by_id(66)
06-04 11:23:55.572 I/CLog ( 3472): 2025-06-04 11:23:55.572 T:4056 INFO: del program.tvid=3082422542861000, delay_del=0
06-04 11:23:55.588 I/SogouIME( 1440): onKeyDown: keyoCode=23
06-04 11:23:55.588 I/DefaultIMS( 1440): onKeyDown: keyoCode=23
06-04 11:23:55.588 D/UNIPLAYERSDK( 3472): PumaVideoPrecacheAdaptor.cpp:921 [PumaVideoPrecacheHandler@0xaca0251c]OnProgramDeleted() {"type":1,"tvid":"3082422542861000","filename":"","start_time":-1,"bitstream":500,"hdr_type":-1,"frame_rate":25,"bitrate_level":100,"audio_lang":-1,"audio_type":-1,"audio_channel_type":1,"subtitle_lang":-1,"result":1,"delete_reason":0,"buffer_filesize":0,"audio_bufsize":0}
06-04 11:23:55.589 I/CLog ( 3472): 2025-06-04 11:23:55.589 T:4056 INFO: GetStatus:2,[]
06-04 11:23:55.589 I/UNIPLAYERSDK( 3472): PumaVideoPrecacheAdaptor.cpp:446 [PumaVideoPrecacheAdaptor@0xe5f04724]size=0, strSize=2, status=[]
06-04 11:23:55.589 I/UNIPLAYERSDK( 3472): PumaVideoPrecacheAdaptor.cpp:738 [PumaVideoPrecacheAdaptor@0xe5f04724]pumaPrecache removePumaPrecacheInfo real datas=0, fake datas=0
06-04 11:23:55.589 D/UNIPLAYERSDK( 3472): PumaVideoPrecacheAdaptor.cpp:743 [PumaVideoPrecacheAdaptor@0xe5f04724]real datas pumaPrecache removePumaPrecacheInfo, tvids:
06-04 11:23:55.589 D/UNIPLAYERSDK( 3472): PumaVideoPrecacheAdaptor.cpp:751 [PumaVideoPrecacheAdaptor@0xe5f04724]fake datas pumaPrecache removePumaPrecacheInfo, tvids:
06-04 11:23:55.589 I/CLog ( 3472): 2025-06-04 11:23:55.589 T:4056 INFO: GetStatus:2,[]
06-04 11:23:55.589 I/UNIPLAYERSDK( 3472): PumaVideoPrecacheAdaptor.cpp:446 [PumaVideoPrecacheAdaptor@0xe5f04724]size=0, strSize=2, status=[]
06-04 11:23:55.589 I/UNIPLAYERSDK( 3472): PumaVideoPrecacheAdaptor.cpp:738 [PumaVideoPrecacheAdaptor@0xe5f04724]pumaPrecache onProgramDeleted real datas=0, fake datas=0
06-04 11:23:55.589 D/UNIPLAYERSDK( 3472): PumaVideoPrecacheAdaptor.cpp:743 [PumaVideoPrecacheAdaptor@0xe5f04724]real datas pumaPrecache onProgramDeleted, tvids:
06-04 11:23:55.589 D/UNIPLAYERSDK( 3472): PumaVideoPrecacheAdaptor.cpp:751 [PumaVideoPrecacheAdaptor@0xe5f04724]fake datas pumaPrecache onProgramDeleted, tvids:
06-04 11:23:55.589 D/UNIPLAYERSDK( 3472): PumaVideoPrecacheAdaptor.cpp:393 [PumaVideoPrecacheAdaptor@0xe5f04724]onProgramDeleted tvid: 3082422542861000
06-04 11:23:55.589 I/DefaultIMS( 1440): onStartInput attribute=android.view.inputmethod.EditorInfo@bb7d4b1 restarting=false inputType: 0
