06-04 11:28:21.867 W/ServiceDescriptorBinder( 2930): UPnP specification violation: Not producing element to be compatible with WMP12: (ActionArgument, OUT) ConnectionIDs
06-04 11:28:21.898 I/audio_hw_hal_primary( 476): out_update_source_metadata_v7() line 2013 usage:1 content_type:2
06-04 11:28:21.949 D/XM_HIDREAD( 1961): poll ret=1, event=1
06-04 11:28:21.949 D/XM_HIDREAD( 1961): [9 bytes]:01 00 00 00 00 00 00 00 00
06-04 11:28:21.951 I/SogouIME( 1440): onKeyUp: keyoCode=20
06-04 11:28:21.951 I/DefaultIMS( 1440): onKeyUp: keyoCode=20
06-04 11:28:22.025 I/audio_hw_hal_primary( 476): [audiohal_get_latency:1333] io 13: out:0xf07c5650 frames:1152 rate:48000 whole_latency:24 alsa_latency:24
06-04 11:28:22.025 I/audio_hw_hal_primary( 476): [audiohal_get_latency:1333] io 13: out:0xf07c5650 frames:1152 rate:48000 whole_latency:24 alsa_latency:24
06-04 11:28:22.047 I/audio_hw_hal_primary( 476): [audiohal_get_latency:1333] io 13: out:0xf07c5650 frames:1152 rate:48000 whole_latency:24 alsa_latency:24
06-04 11:28:22.047 I/audio_hw_hal_primary( 476): [audiohal_get_latency:1333] io 13: out:0xf07c5650 frames:1024 rate:48000 whole_latency:21 alsa_latency:21
06-04 11:28:22.068 I/audio_hw_hal_primary( 476): [audiohal_get_latency:1333] io 13: out:0xf07c5650 frames:1152 rate:48000 whole_latency:24 alsa_latency:24
06-04 11:28:22.068 I/audio_hw_hal_primary( 476): [audiohal_get_latency:1333] io 13: out:0xf07c5650 frames:1152 rate:48000 whole_latency:24 alsa_latency:24
06-04 11:28:22.088 D/XM_HIDREAD( 1961): poll ret=1, event=1
06-04 11:28:22.088 D/XM_HIDREAD( 1961): [9 bytes]:01 00 00 51 00 00 00 00 00
06-04 11:28:22.089 I/audio_hw_hal_primary( 476): [audiohal_get_latency:1333] io 13: out:0xf07c5650 frames:1152 rate:48000 whole_latency:24 alsa_latency:24
06-04 11:28:22.090 I/audio_hw_hal_primary( 476): [audiohal_get_latency:1333] io 13: out:0xf07c5650 frames:1024 rate:48000 whole_latency:21 alsa_latency:21
06-04 11:28:22.092 I/SogouIME( 1440): onKeyDown: keyoCode=20
06-04 11:28:22.092 I/DefaultIMS( 1440): onKeyDown: keyoCode=20
06-04 11:28:22.139 D/TrafficStats( 2930): tagSocket(168) with statsTag=0xffffffff, statsUid=-1
06-04 11:28:22.238 I/audio_hw_hal_primary( 476): [audiohal_get_latency:1333] io 13: out:0xf07c5650 frames:1152 rate:48000 whole_latency:24 alsa_latency:24
06-04 11:28:22.249 D/XM_HIDREAD( 1961): poll ret=1, event=1
06-04 11:28:22.249 D/XM_HIDREAD( 1961): [9 bytes]:01 00 00 00 00 00 00 00 00
06-04 11:28:22.252 I/SogouIME( 1440): onKeyUp: keyoCode=20
06-04 11:28:22.252 I/DefaultIMS( 1440): onKeyUp: keyoCode=20
06-04 11:28:22.281 I/audio_hw_hal_primary( 476): [audiohal_get_latency:1333] io 13: out:0xf07c5650 frames:1152 rate:48000 whole_latency:24 alsa_latency:24
06-04 11:28:22.281 I/audio_hw_hal_primary( 476): [audiohal_get_latency:1333] io 13: out:0xf07c5650 frames:1152 rate:48000 whole_latency:24 alsa_latency:24
06-04 11:28:22.303 I/audio_hw_hal_primary( 476): [audiohal_get_latency:1333] io 13: out:0xf07c5650 frames:1152 rate:48000 whole_latency:24 alsa_latency:24
06-04 11:28:22.303 I/audio_hw_hal_primary( 476): [audiohal_get_latency:1333] io 13: out:0xf07c5650 frames:1024 rate:48000 whole_latency:21 alsa_latency:21
06-04 11:28:22.324 I/audio_hw_hal_primary( 476): [audiohal_get_latency:1333] io 13: out:0xf07c5650 frames:1152 rate:48000 whole_latency:24 alsa_latency:24
06-04 11:28:22.324 I/audio_hw_hal_primary( 476): [audiohal_get_latency:1333] io 13: out:0xf07c5650 frames:1152 rate:48000 whole_latency:24 alsa_latency:24
06-04 11:28:22.345 I/audio_hw_hal_primary( 476): [audiohal_get_latency:1333] io 13: out:0xf07c5650 frames:1152 rate:48000 whole_latency:24 alsa_latency:24
06-04 11:28:22.345 I/audio_hw_hal_primary( 476): [audiohal_get_latency:1333] io 13: out:0xf07c5650 frames:1024 rate:48000 whole_latency:21 alsa_latency:21
06-04 11:28:22.366 I/audio_hw_hal_primary( 476): [audiohal_get_latency:1333] io 13: out:0xf07c5650 frames:1152 rate:48000 whole_latency:24 alsa_latency:24
06-04 11:28:22.366 I/audio_hw_hal_primary( 476): [audiohal_get_latency:1333] io 13: out:0xf07c5650 frames:1152 rate:48000 whole_latency:24 alsa_latency:24
06-04 11:28:22.388 I/audio_hw_hal_primary( 476): [audiohal_get_latency:1333] io 13: out:0xf07c5650 frames:1152 rate:48000 whole_latency:24 alsa_latency:24
06-04 11:28:22.388 I/audio_hw_hal_primary( 476): [audiohal_get_latency:1333] io 13: out:0xf07c5650 frames:1024 rate:48000 whole_latency:21 alsa_latency:21
06-04 11:28:22.409 I/audio_hw_hal_primary( 476): [audiohal_get_latency:1333] io 13: out:0xf07c5650 frames:1152 rate:48000 whole_latency:24 alsa_latency:24
06-04 11:28:22.409 I/audio_hw_hal_primary( 476): [audiohal_get_latency:1333] io 13: out:0xf07c5650 frames:1152 rate:48000 whole_latency:24 alsa_latency:24
06-04 11:28:22.409 D/audioserver( 521): logFgsApiEnd: FGS Logger Transaction failed, -129
06-04 11:28:22.410 I/audio_hw_hal_primary( 476): out_update_source_metadata_v7() line 2013 usage:1 content_type:2
06-04 11:28:22.432 I/audio_hw_hal_primary( 476): [audiohal_get_latency:1333] io 13: out:0xf07c5650 frames:1280 rate:48000 whole_latency:26 alsa_latency:26
06-04 11:28:22.433 D/audioserver( 521): logFgsApiEnd: FGS Logger Transaction failed, -129
06-04 11:28:22.491 D/TrafficStats( 2930): tagSocket(168) with statsTag=0xffffffff, statsUid=-1
06-04 11:28:22.496 W/ServiceDescriptorBinder( 2930): UPnP specification violation: Not producing element to be compatible with WMP12: (ActionArgument, OUT) CurrentMute
06-04 11:28:22.496 W/ServiceDescriptorBinder( 2930): UPnP specification violation: Not producing element to be compatible with WMP12: (ActionArgument, OUT) CurrentVolume
06-04 11:28:22.496 W/ServiceDescriptorBinder( 2930): UPnP specification violation: Not producing element to be compatible with WMP12: (ActionArgument, OUT) CurrentPresetNameList
06-04 11:28:22.496 W/ServiceDescriptorBinder( 2930): UPnP specification violation: Not producing element to be compatible with WMP12: (ActionArgument, OUT) CurrentLoudness
06-04 11:28:22.497 W/ServiceDescriptorBinder( 2930): UPnP specification violation: Not producing element to be compatible with WMP12: (ActionArgument, OUT) CurrentVolume
06-04 11:28:22.621 D/TrafficStats( 2930): tagSocket(168) with statsTag=0xffffffff, statsUid=-1
06-04 11:28:22.636 W/ServiceDescriptorBinder( 2930): UPnP specification violation: Not producing element to be compatible with WMP12: (ActionArgument, OUT) Actions
06-04 11:28:23.188 D/XM_HIDREAD( 1961): poll ret=1, event=1
06-04 11:28:23.189 D/XM_HIDREAD( 1961): [9 bytes]:01 00 00 51 00 00 00 00 00
06-04 11:28:23.198 D/audioserver( 521): logFgsApiBegin: FGS Logger Transaction failed, -129
06-04 11:28:23.199 I/audio_hw_hal_primary( 476): out_update_source_metadata_v7() line 2013 usage:1 content_type:2
06-04 11:28:23.200 I/SogouIME( 1440): onKeyDown: keyoCode=20
06-04 11:28:23.200 I/DefaultIMS( 1440): onKeyDown: keyoCode=20
06-04 11:28:23.207 D/audioserver( 521): logFgsApiBegin: FGS Logger Transaction failed, -129
06-04 11:28:23.221 I/audio_hw_hal_primary( 476): out_update_source_metadata_v7() line 2013 usage:1 content_type:2
06-04 11:28:23.269 D/XM_HIDREAD( 1961): poll ret=1, event=1
06-04 11:28:23.269 D/XM_HIDREAD( 1961): [9 bytes]:01 00 00 00 00 00 00 00 00
06-04 11:28:23.270 I/SogouIME( 1440): onKeyUp: keyoCode=20
06-04 11:28:23.270 I/DefaultIMS( 1440): onKeyUp: keyoCode=20
06-04 11:28:23.348 I/audio_hw_hal_primary( 476): [audiohal_get_latency:1333] io 13: out:0xf07c5650 frames:1152 rate:48000 whole_latency:24 alsa_latency:24
06-04 11:28:23.348 I/audio_hw_hal_primary( 476): [audiohal_get_latency:1333] io 13: out:0xf07c5650 frames:1152 rate:48000 whole_latency:24 alsa_latency:24
06-04 11:28:23.369 I/audio_hw_hal_primary( 476): [audiohal_get_latency:1333] io 13: out:0xf07c5650 frames:1024 rate:48000 whole_latency:21 alsa_latency:21
06-04 11:28:23.370 I/audio_hw_hal_primary( 476): [audiohal_get_latency:1333] io 13: out:0xf07c5650 frames:1024 rate:48000 whole_latency:21 alsa_latency:21
06-04 11:28:23.390 I/audio_hw_hal_primary( 476): [audiohal_get_latency:1333] io 13: out:0xf07c5650 frames:1152 rate:48000 whole_latency:24 alsa_latency:24
06-04 11:28:23.391 I/audio_hw_hal_primary( 476): [audiohal_get_latency:1333] io 13: out:0xf07c5650 frames:1152 rate:48000 whole_latency:24 alsa_latency:24
06-04 11:28:23.413 I/audio_hw_hal_primary( 476): [audiohal_get_latency:1333] io 13: out:0xf07c5650 frames:1024 rate:48000 whole_latency:21 alsa_latency:21
06-04 11:28:23.413 I/audio_hw_hal_primary( 476): [audiohal_get_latency:1333] io 13: out:0xf07c5650 frames:1024 rate:48000 whole_latency:21 alsa_latency:21
06-04 11:28:23.413 E/ccc ( 1420): cccccc led current is 0 关闭
06-04 11:28:23.413 E/ccc ( 1420): cccccc led current is null
06-04 11:28:23.417 D/BluetoothAdapterService( 4734): cancelDiscovery
06-04 11:28:23.418 I/bt_btif_dm( 4734): packages/modules/Bluetooth/system/btif/src/btif_dm.cc:2470 btif_dm_cancel_discovery: Cancel search
06-04 11:28:23.418 I/bluetooth( 4734): packages/modules/Bluetooth/system/bta/dm/bta_dm_main.cc:96 bta_dm_search_sm_execute: state:BTA_DM_SEARCH_IDLE, event:BTA_DM_API_SEARCH_CANCEL_EVT[0x201]
06-04 11:28:23.433 I/audio_hw_hal_primary( 476): [audiohal_get_latency:1333] io 13: out:0xf07c5650 frames:1152 rate:48000 whole_latency:24 alsa_latency:24
06-04 11:28:23.433 I/audio_hw_hal_primary( 476): [audiohal_get_latency:1333] io 13: out:0xf07c5650 frames:1152 rate:48000 whole_latency:24 alsa_latency:24
06-04 11:28:23.441 I/WifiHAL ( 501): call wifi_get_link_stats handler
06-04 11:28:23.441 I/WifiHAL ( 501): Creating message to get link statistics; iface = 16
06-04 11:28:23.441 D/WifiHAL ( 501): error code -95 mapped to -3
06-04 11:28:23.441 E/WifiStaIfaceAidlImpl( 689): getLinkLayerStats failed with service-specific exception: android.os.ServiceSpecificException: (code 4)
06-04 11:28:23.455 I/audio_hw_hal_primary( 476): [audiohal_get_latency:1333] io 13: out:0xf07c5650 frames:1024 rate:48000 whole_latency:21 alsa_latency:21
06-04 11:28:23.455 I/audio_hw_hal_primary( 476): [audiohal_get_latency:1333] io 13: out:0xf07c5650 frames:1024 rate:48000 whole_latency:21 alsa_latency:21
06-04 11:28:23.476 I/audio_hw_hal_primary( 476): [audiohal_get_latency:1333] io 13: out:0xf07c5650 frames:1152 rate:48000 whole_latency:24 alsa_latency:24
06-04 11:28:23.476 I/audio_hw_hal_primary( 476): [audiohal_get_latency:1333] io 13: out:0xf07c5650 frames:1152 rate:48000 whole_latency:24 alsa_latency:24
06-04 11:28:23.497 I/audio_hw_hal_primary( 476): [audiohal_get_latency:1333] io 13: out:0xf07c5650 frames:1152 rate:48000 whole_latency:24 alsa_latency:24
06-04 11:28:23.498 I/audio_hw_hal_primary( 476): [audiohal_get_latency:1333] io 13: out:0xf07c5650 frames:1024 rate:48000 whole_latency:21 alsa_latency:21
06-04 11:28:23.519 I/audio_hw_hal_primary( 476): [audiohal_get_latency:1333] io 13: out:0xf07c5650 frames:1152 rate:48000 whole_latency:24 alsa_latency:24
06-04 11:28:23.519 I/audio_hw_hal_primary( 476): [audiohal_get_latency:1333] io 13: out:0xf07c5650 frames:1024 rate:48000 whole_latency:21 alsa_latency:21
06-04 11:28:23.519 D/audioserver( 521): logFgsApiEnd: FGS Logger Transaction failed, -129
06-04 11:28:23.521 D/audioserver( 521): logFgsApiEnd: FGS Logger Transaction failed, -129
06-04 11:28:24.073 I/audio_hw_hal_stream( 476): aml_stream_out_info_print: out:0xf07c5650, stream_type:pcm, sync_mode:non tunnel, input_size:32858112 bytes
06-04 11:28:24.073 I/audio_hw_hal_stream( 476): aml_stream_out_info_print: last_time:1244797 ms (sec:1244, nsec:797977758), last_position:170961 ms (8206160), cur_time:1244819 ms (sec:1244, nsec:819421675), cur_position:170983 ms (8207184)
06-04 11:28:24.073 I/audio_hw_hal_stream( 476): aml_stream_out_info_print: time_gap:22 ms (thr:100 ms), position_gap:21 ms, delay:153 ms, jitter: Position gap is behind system time gap by 1 ms (thr:100 ms)
06-04 11:28:24.409 D/TrafficStats( 2930): tagSocket(168) with statsTag=0xffffffff, statsUid=-1
06-04 11:28:25.187 D/TrafficStats( 2930): tagSocket(168) with statsTag=0xffffffff, statsUid=-1
06-04 11:28:25.192 W/ServiceDescriptorBinder( 2930): UPnP specification violation: Not producing element to be compatible with WMP12: (ActionArgument, OUT) ConnectionIDs
06-04 11:28:25.376 I/audio_hw_hal_alsamgr( 476): alsa format =0x1 delay frames =1024 total frames=59125760
06-04 11:28:25.606 D/nStackXCoAP( 3069): IsInSameNetwork:[276] :IsInSameNetwork exec
06-04 11:28:25.606 I/nStackXDFinder( 3069): GetLocalInterfaceDetail:[461] :GetLocalInterfaceDetail in
06-04 11:28:25.606 E/nStackXCoAP( 3069): IsInSameNetwork:[281] :IsInSameNetwork: not priority process
06-04 11:28:25.606 D/nStackXCoAP( 3069): ParseServiceDiscover:[330] :new device join
06-04 11:28:25.606 E/nStackXDFinder( 3069): GetLocalIp:[401] :GetLocalIp exec
06-04 11:28:25.851 D/TrafficStats( 2930): tagSocket(168) with statsTag=0xffffffff, statsUid=-1
06-04 11:28:26.038 D/nStackXCoAP( 3069): IsInSameNetwork:[276] :IsInSameNetwork exec
06-04 11:28:26.038 I/nStackXDFinder( 3069): GetLocalInterfaceDetail:[461] :GetLocalInterfaceDetail in
06-04 11:28:26.038 E/nStackXCoAP( 3069): IsInSameNetwork:[281] :IsInSameNetwork: not priority process
06-04 11:28:26.038 D/nStackXCoAP( 3069): ParseServiceDiscover:[330] :new device join
06-04 11:28:26.038 E/nStackXDFinder( 3069): GetLocalIp:[401] :GetLocalIp exec
06-04 11:28:26.313 D/audio_hw_hal_primary( 476): [out_standby_new:5767] io 13: out:0xf07c5650 usecase:PCM_NORMAL
06-04 11:28:26.313 I/audio_hw_hal_primary( 476): [do_output_standby_l:5663] io 13: out:0xf07c5650, stream usecase:PCM_NORMAL, continuous:1
06-04 11:28:26.313 I/audio_hw_hal_primary( 476): [usecase_change_validate_l:7436] ++ io 13: out:0xf07c5650 dev masks:0x1 is_standby:1 out usecase:PCM_NORMAL
06-04 11:28:26.313 I/audio_hw_hal_ms12common( 476): aml_set_ms12_scheduler_state ms12_scheduler_state:1, sch_state:1 SCHEDULER_STANDBY is sent to ms12
06-04 11:28:26.313 I/audio_hw_hal_primary( 476): [usecase_change_validate_l:7477] -- dev masks:0 is_standby:1 out usecase PCM_NORMAL
06-04 11:28:26.313 D/audio_hw_hal_primary( 476): [out_standby_new:5790] io 13: out:0xf07c5650 usecase:PCM_NORMAL exit
06-04 11:28:26.390 D/libdolbyms12( 476): continuous underrun 2
06-04 11:28:26.447 I/WifiHAL ( 501): call wifi_get_link_stats handler
06-04 11:28:26.447 I/WifiHAL ( 501): Creating message to get link statistics; iface = 16
06-04 11:28:26.447 D/WifiHAL ( 501): error code -95 mapped to -3
06-04 11:28:26.447 E/WifiStaIfaceAidlImpl( 689): getLinkLayerStats failed with service-specific exception: android.os.ServiceSpecificException: (code 4)
06-04 11:28:26.596 D/nStackXCoAP( 3069): IsInSameNetwork:[276] :IsInSameNetwork exec
06-04 11:28:26.596 I/nStackXDFinder( 3069): GetLocalInterfaceDetail:[461] :GetLocalInterfaceDetail in
06-04 11:28:26.596 E/nStackXCoAP( 3069): IsInSameNetwork:[281] :IsInSameNetwork: not priority process
06-04 11:28:26.596 D/nStackXCoAP( 3069): ParseServiceDiscover:[330] :new device join
06-04 11:28:26.596 E/nStackXDFinder( 3069): GetLocalIp:[401] :GetLocalIp exec
06-04 11:28:26.856 D/TrafficStats( 2930): tagSocket(168) with statsTag=0xffffffff, statsUid=-1
06-04 11:28:26.861 W/ServiceDescriptorBinder( 2930): UPnP specification violation: Not producing element to be compatible with WMP12: (ActionArgument, OUT) CurrentMute
06-04 11:28:26.861 W/ServiceDescriptorBinder( 2930): UPnP specification violation: Not producing element to be compatible with WMP12: (ActionArgument, OUT) CurrentVolume
06-04 11:28:26.862 W/ServiceDescriptorBinder( 2930): UPnP specification violation: Not producing element to be compatible with WMP12: (ActionArgument, OUT) CurrentPresetNameList
06-04 11:28:26.862 W/ServiceDescriptorBinder( 2930): UPnP specification violation: Not producing element to be compatible with WMP12: (ActionArgument, OUT) CurrentLoudness
06-04 11:28:26.862 W/ServiceDescriptorBinder( 2930): UPnP specification violation: Not producing element to be compatible with WMP12: (ActionArgument, OUT) CurrentVolume
06-04 11:28:27.542 D/nStackXCoAP( 3069): IsInSameNetwork:[276] :IsInSameNetwork exec
06-04 11:28:27.542 I/nStackXDFinder( 3069): GetLocalInterfaceDetail:[461] :GetLocalInterfaceDetail in
06-04 11:28:27.542 E/nStackXCoAP( 3069): IsInSameNetwork:[281] :IsInSameNetwork: not priority process
06-04 11:28:27.542 D/nStackXCoAP( 3069): ParseServiceDiscover:[330] :new device join
06-04 11:28:27.543 E/nStackXDFinder( 3069): GetLocalIp:[401] :GetLocalIp exec
06-04 11:28:27.665 D/TrafficStats( 2930): tagSocket(168) with statsTag=0xffffffff, statsUid=-1
06-04 11:28:27.670 W/ServiceDescriptorBinder( 2930): UPnP specification violation: Not producing element to be compatible with WMP12: (ActionArgument, OUT) Actions
06-04 11:28:28.044 D/nStackXCoAP( 3069): IsInSameNetwork:[276] :IsInSameNetwork exec
06-04 11:28:28.044 I/nStackXDFinder( 3069): GetLocalInterfaceDetail:[461] :GetLocalInterfaceDetail in
06-04 11:28:28.044 E/nStackXCoAP( 3069): IsInSameNetwork:[281] :IsInSameNetwork: not priority process
06-04 11:28:28.044 D/nStackXCoAP( 3069): ParseServiceDiscover:[330] :new device join
06-04 11:28:28.044 E/nStackXDFinder( 3069): GetLocalIp:[401] :GetLocalIp exec
06-04 11:28:28.683 D/bbb ( 1561): onStartCommand begin !!!!!!! data分区剩余 54471MB
06-04 11:28:29.100 D/nStackXCoAP( 3069): IsInSameNetwork:[276] :IsInSameNetwork exec
06-04 11:28:29.100 I/nStackXDFinder( 3069): GetLocalInterfaceDetail:[461] :GetLocalInterfaceDetail in
06-04 11:28:29.100 E/nStackXCoAP( 3069): IsInSameNetwork:[281] :IsInSameNetwork: not priority process
06-04 11:28:29.100 D/nStackXCoAP( 3069): ParseServiceDiscover:[330] :new device join
06-04 11:28:29.100 E/nStackXDFinder( 3069): GetLocalIp:[401] :GetLocalIp exec
06-04 11:28:29.313 D/audio_hw_hal_ms12common( 476): func:ms12_timer_callback_handler sigv:0 ~~~~~~~~~~
06-04 11:28:29.313 D/audio_hw_hal_ms12v2( 476): set_dolby_ms12_continuous_state audio_continuous_standby_set status 1
06-04 11:28:29.313 D/audio_hw_hal_continuous_standby( 476): audio_continuous_standby_set, type 0, params 1
06-04 11:28:29.313 D/audio_hw_hal_ms12common( 476): aml_send_ms12_scheduler_state_2_ms12 adev:0xf09c2930, sch_state:1(SCHEDULER_STANDBY)
06-04 11:28:29.453 I/WifiHAL ( 501): call wifi_get_link_stats handler
06-04 11:28:29.453 I/WifiHAL ( 501): Creating message to get link statistics; iface = 16
06-04 11:28:29.454 D/WifiHAL ( 501): error code -95 mapped to -3
06-04 11:28:29.454 E/WifiStaIfaceAidlImpl( 689): getLinkLayerStats failed with service-specific exception: android.os.ServiceSpecificException: (code 4)
06-04 11:28:32.418 D/nStackXCoAP( 3069): CoapMessageHandler:[133] :2.01
06-04 11:28:32.461 I/WifiHAL ( 501): call wifi_get_link_stats handler
06-04 11:28:32.461 I/WifiHAL ( 501): Creating message to get link statistics; iface = 16
06-04 11:28:32.461 D/WifiHAL ( 501): error code -95 mapped to -3
06-04 11:28:32.461 E/WifiStaIfaceAidlImpl( 689): getLinkLayerStats failed with service-specific exception: android.os.ServiceSpecificException: (code 4)
06-04 11:28:33.471 I/WifiService( 689): startScan uid=1000
06-04 11:28:33.473 E/ccc ( 6878): cccccc i will start scan
06-04 11:28:33.482 D/InstantWifi( 689): Drop, size: 1
06-04 11:28:33.484 D/WifiNl80211Manager( 689): Scan result ready event
06-04 11:28:33.485 D/WifiNative( 689): Scan result ready event
06-04 11:28:33.486 D/WificondScannerImpl( 689): Filtering out 1 scan results.
06-04 11:28:33.489 I/WifiHAL ( 501): call wifi_get_link_stats handler
06-04 11:28:33.489 I/WifiHAL ( 501): Creating message to get link statistics; iface = 16
06-04 11:28:33.490 D/WifiHAL ( 501): error code -95 mapped to -3
06-04 11:28:33.490 E/ccc ( 6878): cccccc SCAN_RESULTS_AVAILABLE_ACTION hhhh
06-04 11:28:33.490 E/WifiStaIfaceAidlImpl( 689): getLinkLayerStats failed with service-specific exception: android.os.ServiceSpecificException: (code 4)
06-04 11:28:33.491 E/hq ( 1441): NetWorkStateReceiver:::NetWorkStateReceiver onReceive: 网络变化广播 >>>> intent.action=android.net.wifi.SCAN_RESULTS
06-04 11:28:33.492 E/ccc ( 6878): cccccc result is empty start scan
06-04 11:28:33.492 I/WifiService( 689): startScan uid=1000
06-04 11:28:33.493 W/eventbuscore( 1441): post Event:com.dangbei.leard.base.entity.event.NetWifiRssiEvent
06-04 11:28:33.495 W/ScanResultUtil( 689): Empty or null ScanResult list
06-04 11:28:33.495 W/WifiService( 689): Attempt to retrieve WifiConfiguration with invalid scanResult List
06-04 11:28:33.496 W/ScanResultUtil( 689): Empty or null ScanResult list
06-04 11:28:33.496 E/WifiService( 689): Attempt to retrieve passpoint with invalid scanResult List
06-04 11:28:33.496 W/ScanResultUtil( 689): Empty or null ScanResult list
06-04 11:28:33.496 W/WifiService( 689): Attempt to retrieve OsuProviders with invalid scanResult List
06-04 11:28:33.504 D/InstantWifi( 689): Drop, size: 1
06-04 11:28:33.534 V/HotPlugDetectionAction( 689): Poll all devices.
06-04 11:28:33.591 D/hdmicecd( 487): [CEC]:printCecMessage, [4 -> 0] len: 0, body:, result:success
06-04 11:28:33.647 D/hdmicecd( 487): [CEC]:printCecMessage, [4 -> 1] len: 0, body:, result:no ack
06-04 11:28:33.707 D/hdmicecd( 487): [CEC]:printCecMessage, [4 -> 3] len: 0, body:, result:no ack
06-04 11:28:33.763 D/hdmicecd( 487): [CEC]:printCecMessage, [4 -> 5] len: 0, body:, result:no ack
06-04 11:28:33.819 D/hdmicecd( 487): [CEC]:printCecMessage, [4 -> 8] len: 0, body:, result:no ack
06-04 11:28:33.875 D/hdmicecd( 487): [CEC]:printCecMessage, [4 -> b] len: 0, body:, result:no ack
06-04 11:28:33.927 D/TrafficStats( 1441): tagSocket(111) with statsTag=0xffffffff, statsUid=-1
06-04 11:28:33.931 D/hdmicecd( 487): [CEC]:printCecMessage, [4 -> e] len: 0, body:, result:no ack
06-04 11:28:33.931 D/HdmiCecController( 689): [P]:AllocatedAddress=[0]
06-04 11:28:35.461 I/audio_hw_hal_alsamgr( 476): alsa format =0x1 delay frames =768 total frames=59610880
06-04 11:28:35.466 I/WifiHAL ( 501): call wifi_get_link_stats handler
06-04 11:28:35.467 I/WifiHAL ( 501): Creating message to get link statistics; iface = 16
06-04 11:28:35.467 D/WifiHAL ( 501): error code -95 mapped to -3
06-04 11:28:35.467 E/WifiStaIfaceAidlImpl( 689): getLinkLayerStats failed with service-specific exception: android.os.ServiceSpecificException: (code 4)
06-04 11:28:35.916 D/nStackXCoAP( 3069): IsInSameNetwork:[276] :IsInSameNetwork exec
06-04 11:28:35.916 I/nStackXDFinder( 3069): GetLocalInterfaceDetail:[461] :GetLocalInterfaceDetail in
06-04 11:28:35.916 E/nStackXCoAP( 3069): IsInSameNetwork:[281] :IsInSameNetwork: not priority process
06-04 11:28:35.916 D/nStackXCoAP( 3069): ParseServiceDiscover:[330] :new device join
06-04 11:28:35.916 E/nStackXDFinder( 3069): GetLocalIp:[401] :GetLocalIp exec
06-04 11:28:36.200 D/WifiNl80211Manager( 689): Scan result ready event
06-04 11:28:36.200 D/WifiNative( 689): Scan result ready event
06-04 11:28:36.279 E/ccc ( 6878): cccccc SCAN_RESULTS_AVAILABLE_ACTION hhhh
06-04 11:28:36.286 E/hq ( 1441): NetWorkStateReceiver:::NetWorkStateReceiver onReceive: 网络变化广播 >>>> intent.action=android.net.wifi.SCAN_RESULTS
06-04 11:28:36.290 I/WifiHAL ( 501): call wifi_get_link_stats handler
06-04 11:28:36.290 I/WifiHAL ( 501): Creating message to get link statistics; iface = 16
06-04 11:28:36.290 D/WifiHAL ( 501): error code -95 mapped to -3
06-04 11:28:36.290 E/WifiStaIfaceAidlImpl( 689): getLinkLayerStats failed with service-specific exception: android.os.ServiceSpecificException: (code 4)
06-04 11:28:36.306 W/eventbuscore( 1441): post Event:com.dangbei.leard.base.entity.event.NetWifiRssiEvent
06-04 11:28:36.311 E/ccc ( 6878): cccccc result is not empty call back
06-04 11:28:36.311 E/ccc ( 6878): cccccc 666666666666666
06-04 11:28:36.328 E/ccc ( 6878): cccccc sort 2 57
06-04 11:28:36.853 D/nStackXCoAP( 3069): IsInSameNetwork:[276] :IsInSameNetwork exec
06-04 11:28:36.853 I/nStackXDFinder( 3069): GetLocalInterfaceDetail:[461] :GetLocalInterfaceDetail in
06-04 11:28:36.853 E/nStackXCoAP( 3069): IsInSameNetwork:[281] :IsInSameNetwork: not priority process
06-04 11:28:36.853 D/nStackXCoAP( 3069): ParseServiceDiscover:[330] :new device join
06-04 11:28:36.853 E/nStackXDFinder( 3069): GetLocalIp:[401] :GetLocalIp exec
06-04 11:28:37.000 I//apex/com.android.adbd/bin/adbd( 1357): type=1400 audit(0.0:1826): avc: denied { write } for comm=75736220666673206F70656E name="property_service" dev="tmpfs" ino=411 scontext=u:r:su:s0 tcontext=u:object_r:property_socket:s0 tclass=sock_file permissive=1
06-04 11:28:37.056 D/WanClient( 1420): sendHeartMessage
06-04 11:28:37.057 D/WanClient( 1420): -----final------sendMessage: {"type":"2bKPMh2jwmQ="}
06-04 11:28:37.083 D/WanClient( 1420): onMessage:Thread[WebSocketConnectReadThread-73,5,main]--{"msg":"+MSejyjwlbc="}
06-04 11:28:37.086 D/WanClient( 1420): onMessageReceived:Thread[WebSocketConnectReadThread-73,5,main] {"msg":"+MSejyjwlbc="}
06-04 11:28:37.086 D/WanClient( 1420): type: null
06-04 11:28:37.086 D/WanClient( 1420): send:HB7FxtN64oc=
06-04 11:28:37.086 D/WanClient( 1420): leave:uQ3qCmhm4oA=
06-04 11:28:37.086 D/WanClient( 1420): join:7EsoetslBbs=
06-04 11:28:37.086 D/WanClient( 1420): q5TrJmBoEmShmpfjN3vFNg==
06-04 11:28:37.391 D/nStackXCoAP( 3069): IsInSameNetwork:[276] :IsInSameNetwork exec
06-04 11:28:37.391 I/nStackXDFinder( 3069): GetLocalInterfaceDetail:[461] :GetLocalInterfaceDetail in
06-04 11:28:37.391 E/nStackXCoAP( 3069): IsInSameNetwork:[281] :IsInSameNetwork: not priority process
06-04 11:28:37.391 D/nStackXCoAP( 3069): ParseServiceDiscover:[330] :new device join
06-04 11:28:37.391 E/nStackXDFinder( 3069): GetLocalIp:[401] :GetLocalIp exec
06-04 11:28:37.900 D/nStackXCoAP( 3069): IsInSameNetwork:[276] :IsInSameNetwork exec
06-04 11:28:37.900 I/nStackXDFinder( 3069): GetLocalInterfaceDetail:[461] :GetLocalInterfaceDetail in
06-04 11:28:37.900 E/nStackXCoAP( 3069): IsInSameNetwork:[281] :IsInSameNetwork: not priority process
06-04 11:28:37.900 D/nStackXCoAP( 3069): ParseServiceDiscover:[330] :new device join
06-04 11:28:37.900 E/nStackXDFinder( 3069): GetLocalIp:[401] :GetLocalIp exec
06-04 11:28:38.460 D/nStackXCoAP( 3069): IsInSameNetwork:[276] :IsInSameNetwork exec
06-04 11:28:38.460 I/nStackXDFinder( 3069): GetLocalInterfaceDetail:[461] :GetLocalInterfaceDetail in
06-04 11:28:38.460 E/nStackXCoAP( 3069): IsInSameNetwork:[281] :IsInSameNetwork: not priority process
06-04 11:28:38.460 D/nStackXCoAP( 3069): ParseServiceDiscover:[330] :new device join
06-04 11:28:38.460 E/nStackXDFinder( 3069): GetLocalIp:[401] :GetLocalIp exec
06-04 11:28:38.471 I/WifiHAL ( 501): call wifi_get_link_stats handler
06-04 11:28:38.471 I/WifiHAL ( 501): Creating message to get link statistics; iface = 16
06-04 11:28:38.471 D/WifiHAL ( 501): error code -95 mapped to -3
06-04 11:28:38.472 E/WifiStaIfaceAidlImpl( 689): getLinkLayerStats failed with service-specific exception: android.os.ServiceSpecificException: (code 4)
06-04 11:28:41.477 I/WifiHAL ( 501): call wifi_get_link_stats handler
06-04 11:28:41.477 I/WifiHAL ( 501): Creating message to get link statistics; iface = 16
06-04 11:28:41.477 D/WifiHAL ( 501): error code -95 mapped to -3
06-04 11:28:41.478 E/WifiStaIfaceAidlImpl( 689): getLinkLayerStats failed with service-specific exception: android.os.ServiceSpecificException: (code 4)
06-04 11:28:41.487 D/InstantWifi( 689): Receive Wifi is connected, freq = 5745 and currentNetworkId : 0, wifiinfo = SSID: , BSSID: 02:00:00:00:00:00, MAC: 02:00:00:00:00:00, IP: /192.168.3.125, Security type: 2, Supplicant state: COMPLETED, Wi-Fi standard: 6, RSSI: -55, Link speed: 1200Mbps, Tx Link speed: 1200Mbps, Max Supported Tx Link speed: 1200Mbps, Rx Link speed: 6Mbps, Max Supported Rx Link speed: 1200Mbps, Frequency: 5745MHz, Net ID: -1, Metered hint: false, score: 60, isUsable: true, CarrierMerged: false, SubscriptionId: -1, IsPrimary: 1, Trusted: true, Restricted: false, Ephemeral: false, OEM paid: false, OEM private: false, OSU AP: false, FQDN: , Provider friendly name: , Requesting package name: MLO Information: , Is TID-To-Link negotiation supported by the AP: false, AP MLD Address: , AP MLO Link Id: , AP MLO Affiliated links:
06-04 11:28:44.485 I/WifiHAL ( 501): call wifi_get_link_stats handler
06-04 11:28:44.485 I/WifiHAL ( 501): Creating message to get link statistics; iface = 16
06-04 11:28:44.485 D/WifiHAL ( 501): error code -95 mapped to -3
06-04 11:28:44.485 E/WifiStaIfaceAidlImpl( 689): getLinkLayerStats failed with service-specific exception: android.os.ServiceSpecificException: (code 4)
06-04 11:28:44.494 D/InstantWifi( 689): Receive Wifi is connected, freq = 5745 and currentNetworkId : 0, wifiinfo = SSID: , BSSID: 02:00:00:00:00:00, MAC: 02:00:00:00:00:00, IP: /192.168.3.125, Security type: 2, Supplicant state: COMPLETED, Wi-Fi standard: 6, RSSI: -57, Link speed: 1200Mbps, Tx Link speed: 1200Mbps, Max Supported Tx Link speed: 1200Mbps, Rx Link speed: 6Mbps, Max Supported Rx Link speed: 1200Mbps, Frequency: 5745MHz, Net ID: -1, Metered hint: false, score: 60, isUsable: true, CarrierMerged: false, SubscriptionId: -1, IsPrimary: 1, Trusted: true, Restricted: false, Ephemeral: false, OEM paid: false, OEM private: false, OSU AP: false, FQDN: , Provider friendly name: , Requesting package name: MLO Information: , Is TID-To-Link negotiation supported by the AP: false, AP MLD Address: , AP MLO Link Id: , AP MLO Affiliated links:
06-04 11:28:47.495 I/WifiHAL ( 501): call wifi_get_link_stats handler
06-04 11:28:47.495 I/WifiHAL ( 501): Creating message to get link statistics; iface = 16
06-04 11:28:47.495 D/WifiHAL ( 501): error code -95 mapped to -3
06-04 11:28:47.495 E/WifiStaIfaceAidlImpl( 689): getLinkLayerStats failed with service-specific exception: android.os.ServiceSpecificException: (code 4)
06-04 11:28:50.503 I/WifiHAL ( 501): call wifi_get_link_stats handler
06-04 11:28:50.503 I/WifiHAL ( 501): Creating message to get link statistics; iface = 16
06-04 11:28:50.503 D/WifiHAL ( 501): error code -95 mapped to -3
06-04 11:28:50.503 E/WifiStaIfaceAidlImpl( 689): getLinkLayerStats failed with service-specific exception: android.os.ServiceSpecificException: (code 4)
06-04 11:28:53.510 I/WifiHAL ( 501): call wifi_get_link_stats handler
06-04 11:28:53.510 I/WifiHAL ( 501): Creating message to get link statistics; iface = 16
06-04 11:28:53.510 D/WifiHAL ( 501): error code -95 mapped to -3
06-04 11:28:53.511 E/WifiStaIfaceAidlImpl( 689): getLinkLayerStats failed with service-specific exception: android.os.ServiceSpecificException: (code 4)
06-04 11:28:56.019 D/hdmicecd( 487): [CEC]:printCecMsgBuf, msg: 04 8f
06-04 11:28:56.021 D/HDMI ( 689): [R]: 04:8F
06-04 11:28:56.022 D/HDMI ( 689): [S]: 40:90:00
06-04 11:28:56.132 D/hdmicecd( 487): [CEC]:printCecMessage, [4 -> 0] len: 2, body: 90 00, result:success
06-04 11:28:56.132 E/IPCThreadState( 487): binder thread pool (1 threads) starved for 110 ms
06-04 11:28:56.517 I/WifiHAL ( 501): call wifi_get_link_stats handler
06-04 11:28:56.517 I/WifiHAL ( 501): Creating message to get link statistics; iface = 16
06-04 11:28:56.517 D/WifiHAL ( 501): error code -95 mapped to -3
06-04 11:28:56.517 E/WifiStaIfaceAidlImpl( 689): getLinkLayerStats failed with service-specific exception: android.os.ServiceSpecificException: (code 4)
06-04 11:28:57.056 D/WanClient( 1420): sendHeartMessage
06-04 11:28:57.057 D/WanClient( 1420): -----final------sendMessage: {"type":"2bKPMh2jwmQ="}
06-04 11:28:57.078 D/WanClient( 1420): onMessage:Thread[WebSocketConnectReadThread-73,5,main]--{"msg":"+MSejyjwlbc="}
06-04 11:28:57.081 D/WanClient( 1420): onMessageReceived:Thread[WebSocketConnectReadThread-73,5,main] {"msg":"+MSejyjwlbc="}
06-04 11:28:57.081 D/WanClient( 1420): type: null
06-04 11:28:57.081 D/WanClient( 1420): send:HB7FxtN64oc=
06-04 11:28:57.081 D/WanClient( 1420): leave:uQ3qCmhm4oA=
06-04 11:28:57.081 D/WanClient( 1420): join:7EsoetslBbs=
06-04 11:28:57.081 D/WanClient( 1420): q5TrJmBoEmShmpfjN3vFNg==
06-04 11:28:59.524 I/WifiHAL ( 501): call wifi_get_link_stats handler
06-04 11:28:59.524 I/WifiHAL ( 501): Creating message to get link statistics; iface = 16
06-04 11:28:59.524 D/WifiHAL ( 501): error code -95 mapped to -3
06-04 11:28:59.525 E/WifiStaIfaceAidlImpl( 689): getLinkLayerStats failed with service-specific exception: android.os.ServiceSpecificException: (code 4)
06-04 11:29:02.531 I/WifiHAL ( 501): call wifi_get_link_stats handler
06-04 11:29:02.531 I/WifiHAL ( 501): Creating message to get link statistics; iface = 16
06-04 11:29:02.531 D/WifiHAL ( 501): error code -95 mapped to -3
06-04 11:29:02.532 E/WifiStaIfaceAidlImpl( 689): getLinkLayerStats failed with service-specific exception: android.os.ServiceSpecificException: (code 4)
06-04 11:29:04.335 E/ccc ( 1420): cccccc sendCycleCheckBroadcast
06-04 11:29:04.336 W/ContextImpl( 1420): Calling a method in the system process without a qualified user: android.app.ContextImpl.sendBroadcast:1220 android.content.ContextWrapper.sendBroadcast:504 com.dangbei.etna.setting.core.SettingHelper.sendCycleToProjector:257 com.dangbei.etna.setting.core.SettingHelper.sendCycleCheckBroadcast:226 com.dangbei.etna.setting.core.SettingHelper.startLoop$lambda-0:185
06-04 11:29:04.338 W/ContextImpl( 1420): Calling a method in the system process without a qualified user: android.app.ContextImpl.sendBroadcast:1220 android.content.ContextWrapper.sendBroadcast:504 com.dangbei.etna.setting.core.SettingHelper.sendCycleToVoice:242 com.dangbei.etna.setting.core.SettingHelper.sendCycleCheckBroadcast:227 com.dangbei.etna.setting.core.SettingHelper.startLoop$lambda-0:185
06-04 11:29:04.343 D/RockyVoice( 1699): RestartReceiver onReceive
06-04 11:29:05.008 I//apex/com.android.adbd/bin/adbd( 1357): type=1400 audit(0.0:1827): avc: denied { dac_read_search } for comm=75736220666673206F70656E capability=2 scontext=u:r:su:s0 tcontext=u:r:su:s0 tclass=capability permissive=1
06-04 11:29:05.008 I//apex/com.android.adbd/bin/adbd( 1357): type=1400 audit(0.0:1828): avc: denied { dac_override } for comm=75736220666673206F70656E capability=1 scontext=u:r:su:s0 tcontext=u:r:su:s0 tclass=capability permissive=1
06-04 11:29:05.232 D/nStackXCoAP( 3069): IsInSameNetwork:[276] :IsInSameNetwork exec
06-04 11:29:05.232 I/nStackXDFinder( 3069): GetLocalInterfaceDetail:[461] :GetLocalInterfaceDetail in
06-04 11:29:05.232 E/nStackXCoAP( 3069): IsInSameNetwork:[281] :IsInSameNetwork: not priority process
06-04 11:29:05.232 D/nStackXCoAP( 3069): ParseServiceDiscover:[330] :new device join
06-04 11:29:05.232 E/nStackXDFinder( 3069): GetLocalIp:[401] :GetLocalIp exec
06-04 11:29:05.345 D/nStackXCoAP( 3069): IsInSameNetwork:[276] :IsInSameNetwork exec
06-04 11:29:05.345 I/nStackXDFinder( 3069): GetLocalInterfaceDetail:[461] :GetLocalInterfaceDetail in
06-04 11:29:05.345 E/nStackXCoAP( 3069): IsInSameNetwork:[281] :IsInSameNetwork: not priority process
06-04 11:29:05.345 D/nStackXCoAP( 3069): ParseServiceDiscover:[330] :new device join
06-04 11:29:05.345 E/nStackXDFinder( 3069): GetLocalIp:[401] :GetLocalIp exec
06-04 11:29:05.414 D/nStackXCoAP( 3069): IsInSameNetwork:[276] :IsInSameNetwork exec
06-04 11:29:05.414 I/nStackXDFinder( 3069): GetLocalInterfaceDetail:[461] :GetLocalInterfaceDetail in
06-04 11:29:05.414 E/nStackXCoAP( 3069): IsInSameNetwork:[281] :IsInSameNetwork: not priority process
06-04 11:29:05.414 D/nStackXCoAP( 3069): ParseServiceDiscover:[330] :new device join
06-04 11:29:05.414 E/nStackXDFinder( 3069): GetLocalIp:[401] :GetLocalIp exec
06-04 11:29:05.423 D/nStackXCoAP( 3069): CoapMessageHandler:[133] :2.01
06-04 11:29:05.431 D/nStackXCoAP( 3069): CoapMessageHandler:[133] :2.01
06-04 11:29:05.539 I/WifiHAL ( 501): call wifi_get_link_stats handler
06-04 11:29:05.539 I/WifiHAL ( 501): Creating message to get link statistics; iface = 16
06-04 11:29:05.539 D/WifiHAL ( 501): error code -95 mapped to -3
06-04 11:29:05.539 E/WifiStaIfaceAidlImpl( 689): getLinkLayerStats failed with service-specific exception: android.os.ServiceSpecificException: (code 4)
06-04 11:29:05.612 D/nStackXCoAP( 3069): IsInSameNetwork:[276] :IsInSameNetwork exec
06-04 11:29:05.612 I/nStackXDFinder( 3069): GetLocalInterfaceDetail:[461] :GetLocalInterfaceDetail in
06-04 11:29:05.612 E/nStackXCoAP( 3069): IsInSameNetwork:[281] :IsInSameNetwork: not priority process
06-04 11:29:05.612 D/nStackXCoAP( 3069): ParseServiceDiscover:[330] :new device join
06-04 11:29:05.612 E/nStackXDFinder( 3069): GetLocalIp:[401] :GetLocalIp exec
06-04 11:29:05.714 D/nStackXCoAP( 3069): IsInSameNetwork:[276] :IsInSameNetwork exec
06-04 11:29:05.714 I/nStackXDFinder( 3069): GetLocalInterfaceDetail:[461] :GetLocalInterfaceDetail in
06-04 11:29:05.714 E/nStackXCoAP( 3069): IsInSameNetwork:[281] :IsInSameNetwork: not priority process
06-04 11:29:05.714 D/nStackXCoAP( 3069): ParseServiceDiscover:[330] :new device join
06-04 11:29:05.714 E/nStackXDFinder( 3069): GetLocalIp:[401] :GetLocalIp exec
06-04 11:29:05.743 D/nStackXCoAP( 3069): CoapMessageHandler:[133] :2.01
06-04 11:29:05.800 D/nStackXCoAP( 3069): CoapMessageHandler:[133] :2.01
06-04 11:29:05.805 D/nStackXCoAP( 3069): CoapMessageHandler:[133] :2.01
06-04 11:29:05.922 D/nStackXCoAP( 3069): IsInSameNetwork:[276] :IsInSameNetwork exec
06-04 11:29:05.922 I/nStackXDFinder( 3069): GetLocalInterfaceDetail:[461] :GetLocalInterfaceDetail in
06-04 11:29:05.922 E/nStackXCoAP( 3069): IsInSameNetwork:[281] :IsInSameNetwork: not priority process
06-04 11:29:05.922 D/nStackXCoAP( 3069): ParseServiceDiscover:[330] :new device join
06-04 11:29:05.922 E/nStackXDFinder( 3069): GetLocalIp:[401] :GetLocalIp exec
06-04 11:29:06.038 D/nStackXCoAP( 3069): IsInSameNetwork:[276] :IsInSameNetwork exec
06-04 11:29:06.038 I/nStackXDFinder( 3069): GetLocalInterfaceDetail:[461] :GetLocalInterfaceDetail in
06-04 11:29:06.038 E/nStackXCoAP( 3069): IsInSameNetwork:[281] :IsInSameNetwork: not priority process
06-04 11:29:06.038 D/nStackXCoAP( 3069): ParseServiceDiscover:[330] :new device join
06-04 11:29:06.038 E/nStackXDFinder( 3069): GetLocalIp:[401] :GetLocalIp exec
06-04 11:29:06.148 D/nStackXCoAP( 3069): IsInSameNetwork:[276] :IsInSameNetwork exec
06-04 11:29:06.148 I/nStackXDFinder( 3069): GetLocalInterfaceDetail:[461] :GetLocalInterfaceDetail in
06-04 11:29:06.148 E/nStackXCoAP( 3069): IsInSameNetwork:[281] :IsInSameNetwork: not priority process
06-04 11:29:06.148 D/nStackXCoAP( 3069): ParseServiceDiscover:[330] :new device join
06-04 11:29:06.148 E/nStackXDFinder( 3069): GetLocalIp:[401] :GetLocalIp exec
06-04 11:29:06.240 I/cling--ap-25( 2930): type=1400 audit(0.0:1829): avc: denied { read } for name="address" dev="sysfs" ino=22126 scontext=u:r:untrusted_app_27:s0:c43,c256,c512,c768 tcontext=u:object_r:sysfs_net:s0 tclass=file permissive=1 app=com.dangbei.screencast
06-04 11:29:06.240 I/cling--ap-25( 2930): type=1400 audit(0.0:1830): avc: denied { open } for path="/sys/devices/virtual/net/dummy0/address" dev="sysfs" ino=22126 scontext=u:r:untrusted_app_27:s0:c43,c256,c512,c768 tcontext=u:object_r:sysfs_net:s0 tclass=file permissive=1 app=com.dangbei.screencast
06-04 11:29:06.240 I/cling--ap-25( 2930): type=1400 audit(0.0:1831): avc: denied { getattr } for path="/sys/devices/virtual/net/dummy0/address" dev="sysfs" ino=22126 scontext=u:r:untrusted_app_27:s0:c43,c256,c512,c768 tcontext=u:object_r:sysfs_net:s0 tclass=file permissive=1 app=com.dangbei.screencast
06-04 11:29:06.326 D/nStackXCoAP( 3069): CoapMessageHandler:[133] :2.01
06-04 11:29:06.359 I/WifiService( 689): startScan uid=1000
06-04 11:29:06.361 E/ccc ( 6878): cccccc i will start scan
06-04 11:29:06.371 D/InstantWifi( 689): Drop, size: 1
06-04 11:29:07.462 I/audio_hw_hal_alsamgr( 476): alsa format =0x1 delay frames =768 total frames=61146880
06-04 11:29:07.682 D/nStackXCoAP( 3069): IsInSameNetwork:[276] :IsInSameNetwork exec
06-04 11:29:07.682 I/nStackXDFinder( 3069): GetLocalInterfaceDetail:[461] :GetLocalInterfaceDetail in
06-04 11:29:07.682 E/nStackXCoAP( 3069): IsInSameNetwork:[281] :IsInSameNetwork: not priority process
06-04 11:29:07.682 D/nStackXCoAP( 3069): ParseServiceDiscover:[330] :new device join
06-04 11:29:07.682 E/nStackXDFinder( 3069): GetLocalIp:[401] :GetLocalIp exec
06-04 11:29:07.819 D/nStackXCoAP( 3069): CoapMessageHandler:[133] :2.01
06-04 11:29:08.545 I/WifiHAL ( 501): call wifi_get_link_stats handler
06-04 11:29:08.545 I/WifiHAL ( 501): Creating message to get link statistics; iface = 16
06-04 11:29:08.545 D/WifiHAL ( 501): error code -95 mapped to -3
06-04 11:29:08.546 E/WifiStaIfaceAidlImpl( 689): getLinkLayerStats failed with service-specific exception: android.os.ServiceSpecificException: (code 4)
06-04 11:29:08.690 D/nStackXCoAP( 3069): IsInSameNetwork:[276] :IsInSameNetwork exec
06-04 11:29:08.690 I/nStackXDFinder( 3069): GetLocalInterfaceDetail:[461] :GetLocalInterfaceDetail in
06-04 11:29:08.690 E/nStackXCoAP( 3069): IsInSameNetwork:[281] :IsInSameNetwork: not priority process
06-04 11:29:08.690 D/nStackXCoAP( 3069): ParseServiceDiscover:[330] :new device join
06-04 11:29:08.690 E/nStackXDFinder( 3069): GetLocalIp:[401] :GetLocalIp exec
06-04 11:29:09.054 D/WifiNl80211Manager( 689): Scan result ready event
06-04 11:29:09.054 D/WifiNative( 689): Scan result ready event
06-04 11:29:09.116 E/ccc ( 6878): cccccc SCAN_RESULTS_AVAILABLE_ACTION hhhh
06-04 11:29:09.122 I/WifiHAL ( 501): call wifi_get_link_stats handler
06-04 11:29:09.122 I/WifiHAL ( 501): Creating message to get link statistics; iface = 16
06-04 11:29:09.122 D/WifiHAL ( 501): error code -95 mapped to -3
06-04 11:29:09.123 E/WifiStaIfaceAidlImpl( 689): getLinkLayerStats failed with service-specific exception: android.os.ServiceSpecificException: (code 4)
06-04 11:29:09.124 E/hq ( 1441): NetWorkStateReceiver:::NetWorkStateReceiver onReceive: 网络变化广播 >>>> intent.action=android.net.wifi.SCAN_RESULTS
06-04 11:29:09.142 W/eventbuscore( 1441): post Event:com.dangbei.leard.base.entity.event.NetWifiRssiEvent
06-04 11:29:09.142 E/ccc ( 6878): cccccc result is not empty call back
06-04 11:29:09.142 E/ccc ( 6878): cccccc 666666666666666
06-04 11:29:09.158 E/ccc ( 6878): cccccc sort 2 56
06-04 11:29:09.535 D/nStackXCoAP( 3069): IsInSameNetwork:[276] :IsInSameNetwork exec
06-04 11:29:09.535 I/nStackXDFinder( 3069): GetLocalInterfaceDetail:[461] :GetLocalInterfaceDetail in
06-04 11:29:09.535 E/nStackXCoAP( 3069): IsInSameNetwork:[281] :IsInSameNetwork: not priority process
06-04 11:29:09.535 D/nStackXCoAP( 3069): ParseServiceDiscover:[330] :new device join
06-04 11:29:09.535 E/nStackXDFinder( 3069): GetLocalIp:[401] :GetLocalIp exec
06-04 11:29:09.977 D/nStackXCoAP( 3069): CoapMessageHandler:[133] :2.01
06-04 11:29:10.042 D/nStackXCoAP( 3069): IsInSameNetwork:[276] :IsInSameNetwork exec
06-04 11:29:10.042 I/nStackXDFinder( 3069): GetLocalInterfaceDetail:[461] :GetLocalInterfaceDetail in
06-04 11:29:10.042 E/nStackXCoAP( 3069): IsInSameNetwork:[281] :IsInSameNetwork: not priority process
06-04 11:29:10.042 D/nStackXCoAP( 3069): ParseServiceDiscover:[330] :new device join
06-04 11:29:10.042 E/nStackXDFinder( 3069): GetLocalIp:[401] :GetLocalIp exec
06-04 11:29:10.139 D/nStackXCoAP( 3069): IsInSameNetwork:[276] :IsInSameNetwork exec
06-04 11:29:10.139 I/nStackXDFinder( 3069): GetLocalInterfaceDetail:[461] :GetLocalInterfaceDetail in
06-04 11:29:10.139 E/nStackXCoAP( 3069): IsInSameNetwork:[281] :IsInSameNetwork: not priority process
06-04 11:29:10.140 D/nStackXCoAP( 3069): ParseServiceDiscover:[330] :new device join
06-04 11:29:10.140 E/nStackXDFinder( 3069): GetLocalIp:[401] :GetLocalIp exec
06-04 11:29:10.180 D/nStackXCoAP( 3069): CoapMessageHandler:[133] :2.01
06-04 11:29:10.448 D/nStackXCoAP( 3069): IsInSameNetwork:[276] :IsInSameNetwork exec
06-04 11:29:10.448 I/nStackXDFinder( 3069): GetLocalInterfaceDetail:[461] :GetLocalInterfaceDetail in
06-04 11:29:10.448 E/nStackXCoAP( 3069): IsInSameNetwork:[281] :IsInSameNetwork: not priority process
06-04 11:29:10.448 D/nStackXCoAP( 3069): ParseServiceDiscover:[330] :new device join
06-04 11:29:10.448 E/nStackXDFinder( 3069): GetLocalIp:[401] :GetLocalIp exec
06-04 11:29:11.147 D/nStackXCoAP( 3069): IsInSameNetwork:[276] :IsInSameNetwork exec
06-04 11:29:11.147 I/nStackXDFinder( 3069): GetLocalInterfaceDetail:[461] :GetLocalInterfaceDetail in
06-04 11:29:11.147 E/nStackXCoAP( 3069): IsInSameNetwork:[281] :IsInSameNetwork: not priority process
06-04 11:29:11.147 D/nStackXCoAP( 3069): ParseServiceDiscover:[330] :new device join
06-04 11:29:11.148 E/nStackXDFinder( 3069): GetLocalIp:[401] :GetLocalIp exec
06-04 11:29:11.551 I/WifiHAL ( 501): call wifi_get_link_stats handler
06-04 11:29:11.551 I/WifiHAL ( 501): Creating message to get link statistics; iface = 16
06-04 11:29:11.552 D/WifiHAL ( 501): error code -95 mapped to -3
06-04 11:29:11.552 E/WifiStaIfaceAidlImpl( 689): getLinkLayerStats failed with service-specific exception: android.os.ServiceSpecificException: (code 4)
06-04 11:29:11.561 D/nStackXCoAP( 3069): IsInSameNetwork:[276] :IsInSameNetwork exec
06-04 11:29:11.561 I/nStackXDFinder( 3069): GetLocalInterfaceDetail:[461] :GetLocalInterfaceDetail in
06-04 11:29:11.561 E/nStackXCoAP( 3069): IsInSameNetwork:[281] :IsInSameNetwork: not priority process
06-04 11:29:11.561 D/nStackXCoAP( 3069): ParseServiceDiscover:[330] :new device join
06-04 11:29:11.562 E/nStackXDFinder( 3069): GetLocalIp:[401] :GetLocalIp exec
06-04 11:29:12.065 D/nStackXCoAP( 3069): IsInSameNetwork:[276] :IsInSameNetwork exec
06-04 11:29:12.065 I/nStackXDFinder( 3069): GetLocalInterfaceDetail:[461] :GetLocalInterfaceDetail in
06-04 11:29:12.065 E/nStackXCoAP( 3069): IsInSameNetwork:[281] :IsInSameNetwork: not priority process
06-04 11:29:12.065 D/nStackXCoAP( 3069): ParseServiceDiscover:[330] :new device join
06-04 11:29:12.065 E/nStackXDFinder( 3069): GetLocalIp:[401] :GetLocalIp exec
06-04 11:29:12.588 D/nStackXCoAP( 3069): IsInSameNetwork:[276] :IsInSameNetwork exec
06-04 11:29:12.588 I/nStackXDFinder( 3069): GetLocalInterfaceDetail:[461] :GetLocalInterfaceDetail in
06-04 11:29:12.588 E/nStackXCoAP( 3069): IsInSameNetwork:[281] :IsInSameNetwork: not priority process
06-04 11:29:12.588 D/nStackXCoAP( 3069): ParseServiceDiscover:[330] :new device join
06-04 11:29:12.588 E/nStackXDFinder( 3069): GetLocalIp:[401] :GetLocalIp exec
06-04 11:29:13.096 D/nStackXCoAP( 3069): IsInSameNetwork:[276] :IsInSameNetwork exec
06-04 11:29:13.096 I/nStackXDFinder( 3069): GetLocalInterfaceDetail:[461] :GetLocalInterfaceDetail in
06-04 11:29:13.096 E/nStackXCoAP( 3069): IsInSameNetwork:[281] :IsInSameNetwork: not priority process
06-04 11:29:13.096 D/nStackXCoAP( 3069): ParseServiceDiscover:[330] :new device join
06-04 11:29:13.096 E/nStackXDFinder( 3069): GetLocalIp:[401] :GetLocalIp exec
06-04 11:29:13.601 D/nStackXCoAP( 3069): IsInSameNetwork:[276] :IsInSameNetwork exec
06-04 11:29:13.601 I/nStackXDFinder( 3069): GetLocalInterfaceDetail:[461] :GetLocalInterfaceDetail in
06-04 11:29:13.601 E/nStackXCoAP( 3069): IsInSameNetwork:[281] :IsInSameNetwork: not priority process
06-04 11:29:13.601 D/nStackXCoAP( 3069): ParseServiceDiscover:[330] :new device join
06-04 11:29:13.601 E/nStackXDFinder( 3069): GetLocalIp:[401] :GetLocalIp exec
06-04 11:29:13.624 E/dangbei111( 1420): cccccc 检查遥控器是否连接: Dangbei E4:BB:D3:57:C0:7A
06-04 11:29:13.627 E/dangbei111( 1420): cccccc 检查遥控器是否连接: 蓝牙的结果 Dangbei E4:BB:D3:57:C0:7A true
06-04 11:29:13.627 E/dangbei111( 1420): cccccc 确实有遥控器 存在
06-04 11:29:13.628 E/dangbei111( 1420): cccccc rc is connected, stop scan =E4:BB:D3:57:C0:7A
06-04 11:29:14.558 I/WifiHAL ( 501): call wifi_get_link_stats handler
06-04 11:29:14.559 I/WifiHAL ( 501): Creating message to get link statistics; iface = 16
06-04 11:29:14.559 D/WifiHAL ( 501): error code -95 mapped to -3
06-04 11:29:14.559 E/WifiStaIfaceAidlImpl( 689): getLinkLayerStats failed with service-specific exception: android.os.ServiceSpecificException: (code 4)
06-04 11:29:14.624 D/nStackXCoAP( 3069): IsInSameNetwork:[276] :IsInSameNetwork exec
06-04 11:29:14.624 I/nStackXDFinder( 3069): GetLocalInterfaceDetail:[461] :GetLocalInterfaceDetail in
06-04 11:29:14.624 E/nStackXCoAP( 3069): IsInSameNetwork:[281] :IsInSameNetwork: not priority process
06-04 11:29:14.624 D/nStackXCoAP( 3069): ParseServiceDiscover:[330] :new device join
06-04 11:29:14.624 E/nStackXDFinder( 3069): GetLocalIp:[401] :GetLocalIp exec
06-04 11:29:17.057 D/WanClient( 1420): sendHeartMessage
06-04 11:29:17.058 D/WanClient( 1420): -----final------sendMessage: {"type":"2bKPMh2jwmQ="}
06-04 11:29:17.485 D/WanClient( 1420): onMessage:Thread[WebSocketConnectReadThread-73,5,main]--{"msg":"+MSejyjwlbc="}
06-04 11:29:17.488 D/WanClient( 1420): onMessageReceived:Thread[WebSocketConnectReadThread-73,5,main] {"msg":"+MSejyjwlbc="}
06-04 11:29:17.488 D/WanClient( 1420): type: null
06-04 11:29:17.488 D/WanClient( 1420): send:HB7FxtN64oc=
06-04 11:29:17.488 D/WanClient( 1420): leave:uQ3qCmhm4oA=
06-04 11:29:17.488 D/WanClient( 1420): join:7EsoetslBbs=
06-04 11:29:17.488 D/WanClient( 1420): q5TrJmBoEmShmpfjN3vFNg==
06-04 11:29:17.564 I/WifiHAL ( 501): call wifi_get_link_stats handler
06-04 11:29:17.564 I/WifiHAL ( 501): Creating message to get link statistics; iface = 16
06-04 11:29:17.564 D/WifiHAL ( 501): error code -95 mapped to -3
06-04 11:29:17.564 E/WifiStaIfaceAidlImpl( 689): getLinkLayerStats failed with service-specific exception: android.os.ServiceSpecificException: (code 4)
06-04 11:29:19.756 I/xm_hidread( 1961): type=1400 audit(0.0:1832): avc: denied { read } for scontext=u:r:init:s0 tcontext=u:r:init:s0 tclass=netlink_kobject_uevent_socket permissive=1
06-04 11:29:20.571 I/WifiHAL ( 501): call wifi_get_link_stats handler
06-04 11:29:20.571 I/WifiHAL ( 501): Creating message to get link statistics; iface = 16
06-04 11:29:20.571 D/WifiHAL ( 501): error code -95 mapped to -3
06-04 11:29:20.571 E/WifiStaIfaceAidlImpl( 689): getLinkLayerStats failed with service-specific exception: android.os.ServiceSpecificException: (code 4)
06-04 11:29:20.666 D/nStackXCoAP( 3069): IsInSameNetwork:[276] :IsInSameNetwork exec
06-04 11:29:20.666 I/nStackXDFinder( 3069): GetLocalInterfaceDetail:[461] :GetLocalInterfaceDetail in
06-04 11:29:20.666 E/nStackXCoAP( 3069): IsInSameNetwork:[281] :IsInSameNetwork: not priority process
06-04 11:29:20.666 D/nStackXCoAP( 3069): ParseServiceDiscover:[330] :new device join
