06-04 11:23:51.879 D/UNIPLAYERSDK( 3472): BaseState.cpp:56 [PumaPlayerAdaptor@0xe5ea1fc4@0xb386dee8]{fm(KMSG_ACTION_GETCURRENTPOSITION),o(AudioPrevi)-t(0,6460,6460),o(BitstreamS)-t(0,6460,6460),o(CarouselPr)-t(0,6460,6460),o(FastHelper)-t(0,6460,6460),o(HeaderTail)-t(0,6460,6460),o(HighLights)-t(0,6460,6460),o(InteractPr)-t(0,6460,6460),o(LivePrevie)-t(0,6460,6460),o(MediaPlaye)-t(0,6460,6460),o(MovieVVInf)-t(0,6460,6460),o(PPrecacher)-t(0,6460,6460),o(PlayerStuc)-t(0,6460,6460),o(PumaAbsCmd)-t(0,6460,6460),o(PumaAdvert)-t(0,6460,6460),o(PumaBuffer)-t(0,6460,6460),o(PumaError@)-t(0,6460,6460),o(PumaMediaD)-t(0,6460,6460),o(PumaPlayer)-t(0,6460,6460),o(PumaRate@0)-t(0,6460,6460),o(PumaSegmen)-t(0,6460,6460),o(PumaSubtit)-t(0,6460,6460),o(RefreshAcc)-t(0,6460,6460),o(RefreshSer)-t(0,6460,6460),o(SceneKeepe)-t(0,6460,6460),o(SetRate@0x)-t(0,6460,6460),o(SwitchEpis)-t(0,6460,6460),o(VideoPlayC)-t(0,6460,6460)}
06-04 11:23:51.879 D/UNIPLAYERSDK( 3472): MovieVVInfo.cpp:113 [pos]getCurrentPosition=0
06-04 11:23:51.893 D/UNIPLAYERSDK( 3472): PumaPlayer.cpp:773 [PumaPlayer@0xab381cbc]getCachePercent(0)
06-04 11:23:51.893 D/UNIPLAYERSDK( 3472): PumaPlayerAdaptor.cpp:343 [PumaPlayerAdaptor@0xe5ea1fc4]KMSG_ACTION_GETCACHEPERCENT=0
06-04 11:23:51.894 D/UNIPLAYERSDK( 3472): BaseState.cpp:42 [PumaPlayerAdaptor@0xe5ea1fc4@0xb386dee8]{fm(KMSG_ACTION_GETCACHEPERCENT),ret(0),at(1,6475,6476),s(5,-2,-2,-2,5),fm=Message@0xecb4e750{what=1048610,when=1106475,arg1=0,arg2=-1111111111,arg3=-1111111111,str=,timeout=0,obj=0x0,runnable=0x0,target=0xed09b83c,watchDogOp=0x0}
06-04 11:23:51.894 D/UNIPLAYERSDK( 3472): BaseState.cpp:56 [PumaPlayerAdaptor@0xe5ea1fc4@0xb386dee8]{fm(KMSG_ACTION_GETCACHEPERCENT),o(AudioPrevi)-t(0,6475,6475),o(BitstreamS)-t(0,6475,6475),o(CarouselPr)-t(0,6475,6475),o(FastHelper)-t(0,6475,6475),o(HeaderTail)-t(0,6475,6475),o(HighLights)-t(0,6475,6475),o(InteractPr)-t(0,6475,6475),o(LivePrevie)-t(0,6475,6475),o(MediaPlaye)-t(0,6476,6476),o(MovieVVInf)-t(0,6475,6475),o(PPrecacher)-t(0,6475,6475),o(PlayerStuc)-t(0,6475,6475),o(PumaAbsCmd)-t(0,6475,6475),o(PumaAdvert)-t(0,6475,6475),o(PumaBuffer)-t(0,6475,6475),o(PumaError@)-t(0,6475,6475),o(PumaMediaD)-t(0,6475,6475),o(PumaPlayer)-t(0,6475,6475),o(PumaRate@0)-t(0,6475,6475),o(PumaSegmen)-t(0,6475,6475),o(PumaSubtit)-t(0,6475,6475),o(RefreshAcc)-t(0,6475,6475),o(RefreshSer)-t(0,6475,6475),o(SceneKeepe)-t(0,6475,6475),o(SetRate@0x)-t(0,6475,6475),o(SwitchEpis)-t(0,6475,6475),o(VideoPlayC)-t(0,6475,6475)}
06-04 11:23:51.894 D/UNIPLAYERSDK( 3472): MovieVVInfo.cpp:129 [pos]getCachePercent=0
06-04 11:23:51.896 E/storage_operate( 3472): HCDN_LOG: [T:4181][HINFO]:[f:UpdateBBNCache],[l:3267],[start_check_task]
06-04 11:23:51.896 I/block_buffer_piece_size( 3472): HCDN_LOG: [T:4177]save data response (error_code0) ON_MSG_STORAGE2P2P_SaveDataResponse(2183266304-0-0) (offset:50,len:0)
06-04 11:23:51.902 I/audio_hw_hal_primary( 476): [audiohal_get_latency:1333] io 13: out:0xf07c5650 frames:1024 rate:48000 whole_latency:21 alsa_latency:21
06-04 11:23:51.903 I/block_buffer_piece_size( 3472): HCDN_LOG: [T:4177]save data response (error_code0) ON_MSG_STORAGE2P2P_SaveDataResponse(2952059185-0-0) (offset:51,len:0)
06-04 11:23:51.903 I/block_buffer_piece_size( 3472): HCDN_LOG: [T:4177]save data response (error_code0) ON_MSG_STORAGE2P2P_SaveDataResponse(2952059185-0-0) (offset:105,len:0)
06-04 11:23:51.903 I/block_buffer_piece_size( 3472): HCDN_LOG: [T:4177]save data response (error_code0) ON_MSG_STORAGE2P2P_SaveDataResponse(2952059185-0-0) (offset:73,len:0)
06-04 11:23:51.903 I/block_buffer_piece_size( 3472): HCDN_LOG: [T:4177]save data response (error_code0) ON_MSG_STORAGE2P2P_SaveDataResponse(2952059185-0-0) (offset:106,len:0)
06-04 11:23:51.903 I/CLog ( 3472): 2025-06-04 11:23:51.903 T:5719 DEBUG: GetADCountdown 76413, return 43587
06-04 11:23:51.908 I/block_buffer_piece_size( 3472): HCDN_LOG: [T:4177]save data response (error_code0) ON_MSG_STORAGE2P2P_SaveDataResponse(2952059185-0-0) (offset:4,len:0)
06-04 11:23:51.908 I/block_buffer_piece_size( 3472): HCDN_LOG: [T:4177]save data response (error_code0) ON_MSG_STORAGE2P2P_SaveDataResponse(1240203264-0-0) (offset:52,len:0)
06-04 11:23:51.909 I/CLog ( 3472): 2025-06-04 11:23:51.909 T:5719 DEBUG: InvokeCommand, is_rtc (null)
06-04 11:23:51.909 I/CLog ( 3472): 2025-06-04 11:23:51.909 T:5719 DEBUG: DataPush to read:100,size(5),[81200-81106]
06-04 11:23:51.914 I/block_buffer_piece_size( 3472): HCDN_LOG: [T:4177]save data response (error_code0) ON_MSG_STORAGE2P2P_SaveDataResponse(2952059185-0-0) (offset:5,len:0)
06-04 11:23:51.924 W/abs_update_info( 3472): HCDN_LOG: [T:4176][HERROR]:[f:CalcVidCacheBytesFromReadOffset],[l:2489],UPDATA CALC:vid:,task_seg=0, task_offset=65536, cur_cache_bytes=32768, total_cache_bytes=32768, fileToEnd=0
06-04 11:23:51.924 W/abs_update_info( 3472): HCDN_LOG: [T:4176][HERROR]:[f:UpdateForABS],[l:2545],UPDATA:vid:,i64ReadOffset=0, cache=32768, CachedBytes=32768
06-04 11:23:51.925 E/Hcdn_DeTask3999911026( 3472): HCDN_LOG: [T:4176][HINFO]:[f:PostNotifyInfo],[l:248], notify type(6),info({"BandWidth":0,"IsAd":1,"IsP2P":1,"VID":""}
06-04 11:23:51.925 E/Hcdn_DeTask3999911026( 3472): )
06-04 11:23:51.925 E/playfilesourceNew( 3472): HCDN_LOG: [T:4173][HINFO]:[f:DoAsynNotifyInfoResponse],[l:2605],[TaskID(3999911026),type(6),msg({"BandWidth":0,"IsAd":1,"IsP2P":1,"VID":""}
06-04 11:23:51.925 E/playfilesourceNew( 3472): )!]
06-04 11:23:51.925 E/Hcdn_DeTask318584460( 3472): HCDN_LOG: [T:4176][HINFO]:[f:PostNotifyInfo],[l:248], notify type(6),info({"BandWidth":2899968,"IsAd":1,"IsP2P":1,"VID":""}
06-04 11:23:51.925 E/Hcdn_DeTask318584460( 3472): )
06-04 11:23:51.925 E/abs_info( 3472): HCDN_LOG: [T:4173][HINFO]:[f:PostABSInfo],[l:7214],Task(13), SetABSInterface ret(0) SetParam("DownloadStatusByHcdn", {"BandWidth":0,"BandWidth_1":7208960,"IsAd":1,"IsP2P":1,"VID":""}
06-04 11:23:51.925 E/abs_info( 3472): )
06-04 11:23:51.925 E/playfilesourceNew( 3472): HCDN_LOG: [T:4173][HINFO]:[f:DoAsynNotifyInfoResponse],[l:2605],[TaskID(318584460),type(6),msg({"BandWidth":2899968,"IsAd":1,"IsP2P":1,"VID":""}
06-04 11:23:51.925 E/playfilesourceNew( 3472): )!]
06-04 11:23:51.928 I/CLog ( 3472): 2025-06-04 11:23:51.928 T:6710 DEBUG: [5017]HCDNLoaderClient::Read read_len=262144
06-04 11:23:51.928 E/p2pfile ( 3472): HCDN_LOG: [T:6710][HINFO]:[f:Read],[l:1749],[Task(13), pos(65536), len(262144), timeout(6000)]
06-04 11:23:51.928 E/playfilesourceNew( 3472): HCDN_LOG: [T:6710][HINFO]:[f:GetCacheSeconds],[l:846],[TaskID(3999911026), offset(65536), CacheBytes(32768)]
06-04 11:23:51.928 E/playfilesourceNew( 3472): HCDN_LOG: [T:6710][HINFO]:[f:Read],[l:2071],[Task(13), taskid(3999911026), Offset(65536), needread(32768)]
06-04 11:23:51.929 E/playfilesourceNew( 3472): HCDN_LOG: [T:6710][HINFO]:[f:ReadDataByPiece],[l:4260],[TaskID(3999911026),seq(1328), Offset(65536), NumberOfBytesToRead(32768)]
06-04 11:23:51.929 W/abs_update_info( 3472): HCDN_LOG: [T:4181][HERROR]:[f:CheckPlayerReadData],[l:2157],vui(3f90c3f6e555fc8f01c344ddb68c23ca) task_id[3999911026] ret_code[0], offset[65536], offset_len[32768].
06-04 11:23:51.929 E/p2pfile ( 3472): HCDN_LOG: [T:6710][HINFO]:[f:Read],[l:2211],[Task(13), Read return, pos(65536),len(32768),idx(0),taskid(3999911026),videoTime(0)]
06-04 11:23:51.930 I/CLog ( 3472): 2025-06-04 11:23:51.929 T:6710 DEBUG: [5017]HCDNLoaderClient::Read need_read=262144, read_size=32768. pos:98304
06-04 11:23:51.930 I/CLog ( 3472): 2025-06-04 11:23:51.930 T:6710 DEBUG: LoadImplLock:will_stop_=====1(0)
06-04 11:23:51.945 I/audio_hw_hal_primary( 476): [audiohal_get_latency:1333] io 13: out:0xf07c5650 frames:1280 rate:48000 whole_latency:26 alsa_latency:26
06-04 11:23:51.949 E/storage_operate( 3472): HCDN_LOG: [T:4181][HINFO]:[f:BBNCheck],[l:3253],,[map_size:0]
06-04 11:23:51.959 I/UNIPLAYERSDK( 3472): MediaPlayerImpl.cpp:448 [MediaPlayerImpl@0xecff7154]getAdCountDown(43789)
06-04 11:23:51.963 I/VideoViewGroup@250996395( 3472): onLayout(), isFullScreen=true, viewHeight=1080 , viewWidth=1920, ScreenHeight=1080, ScreenWidth=1920
06-04 11:23:51.977 E/storage_operate( 3472): HCDN_LOG: [T:4181][HINFO]:[f:UpdateBBNCache],[l:3267],[start_check_task]
06-04 11:23:51.978 I/block_buffer_piece_size( 3472): HCDN_LOG: [T:4177]save data response (error_code0) ON_MSG_STORAGE2P2P_SaveDataResponse(2440495104-0-0) (offset:53,len:0)
06-04 11:23:51.979 I/block_buffer_piece_size( 3472): HCDN_LOG: [T:4177]save data response (error_code0) ON_MSG_STORAGE2P2P_SaveDataResponse(3972754988-0-0) (offset:74,len:0)
06-04 11:23:51.980 I/block_buffer_piece_size( 3472): HCDN_LOG: [T:4177]save data response (error_code0) ON_MSG_STORAGE2P2P_SaveDataResponse(2440495104-0-0) (offset:54,len:0)
06-04 11:23:51.984 I/CLog ( 3472): 2025-06-04 11:23:51.984 T:5719 DEBUG: InvokeCommand, is_rtc (null)
06-04 11:23:51.985 I/CLog ( 3472): 2025-06-04 11:23:51.985 T:5719 DEBUG: DataPush to read:100,size(6),[81280-81199]
06-04 11:23:51.987 I/audio_hw_hal_primary( 476): [audiohal_get_latency:1333] io 13: out:0xf07c5650 frames:1024 rate:48000 whole_latency:21 alsa_latency:21
06-04 11:23:51.996 I/block_buffer_piece_size( 3472): HCDN_LOG: [T:4177]save data response (error_code0) ON_MSG_STORAGE2P2P_SaveDataResponse(2952059185-0-0) (offset:55,len:0)
06-04 11:23:51.996 I/block_buffer_piece_size( 3472): HCDN_LOG: [T:4177]save data response (error_code0) ON_MSG_STORAGE2P2P_SaveDataResponse(5439488-0-0) (offset:107,len:0)
06-04 11:23:51.996 I/block_buffer_piece_size( 3472): HCDN_LOG: [T:4177]save data response (error_code0) ON_MSG_STORAGE2P2P_SaveDataResponse(261292032-0-0) (offset:56,len:0)
06-04 11:23:51.996 I/block_buffer_piece_size( 3472): HCDN_LOG: [T:4177]save data response (error_code0) ON_MSG_STORAGE2P2P_SaveDataResponse(2418278400-0-0) (offset:6,len:0)
06-04 11:23:52.013 I/block_buffer_piece_size( 3472): HCDN_LOG: [T:4177]save data response (error_code0) ON_MSG_STORAGE2P2P_SaveDataResponse(2952059185-0-0) (offset:75,len:0)
06-04 11:23:52.014 I/block_buffer_piece_size( 3472): HCDN_LOG: [T:4177]save data response (error_code0) ON_MSG_STORAGE2P2P_SaveDataResponse(1921253376-0-0) (offset:57,len:0)
06-04 11:23:52.024 W/abs_update_info( 3472): HCDN_LOG: [T:4176][HERROR]:[f:CalcVidCacheBytesFromReadOffset],[l:2489],UPDATA CALC:vid:,task_seg=0, task_offset=98304, cur_cache_bytes=16384, total_cache_bytes=16384, fileToEnd=0
06-04 11:23:52.024 E/storage_operate( 3472): HCDN_LOG: [T:4181][HINFO]:[f:BBNCheck],[l:3253],,[map_size:0]
06-04 11:23:52.024 W/abs_update_info( 3472): HCDN_LOG: [T:4176][HERROR]:[f:UpdateForABS],[l:2545],UPDATA:vid:,i64ReadOffset=0, cache=16384, CachedBytes=16384
06-04 11:23:52.024 E/Hcdn_DeTask3999911026( 3472): HCDN_LOG: [T:4176][HINFO]:[f:PostNotifyInfo],[l:248], notify type(6),info({"BandWidth":0,"IsAd":1,"IsP2P":1,"VID":""}
06-04 11:23:52.024 E/Hcdn_DeTask3999911026( 3472): )
06-04 11:23:52.024 E/playfilesourceNew( 3472): HCDN_LOG: [T:4173][HINFO]:[f:DoAsynNotifyInfoResponse],[l:2605],[TaskID(3999911026),type(6),msg({"BandWidth":0,"IsAd":1,"IsP2P":1,"VID":""}
06-04 11:23:52.024 E/playfilesourceNew( 3472): )!]
06-04 11:23:52.024 E/Hcdn_DeTask318584460( 3472): HCDN_LOG: [T:4176][HINFO]:[f:PostNotifyInfo],[l:248], notify type(6),info({"BandWidth":2899968,"IsAd":1,"IsP2P":1,"VID":""}
06-04 11:23:52.024 E/Hcdn_DeTask318584460( 3472): )
06-04 11:23:52.024 E/abs_info( 3472): HCDN_LOG: [T:4173][HINFO]:[f:PostABSInfo],[l:7214],Task(13), SetABSInterface ret(0) SetParam("DownloadStatusByHcdn", {"BandWidth":0,"BandWidth_1":7208960,"IsAd":1,"IsP2P":1,"VID":""}
06-04 11:23:52.024 E/abs_info( 3472): )
06-04 11:23:52.024 E/playfilesourceNew( 3472): HCDN_LOG: [T:4173][HINFO]:[f:DoAsynNotifyInfoResponse],[l:2605],[TaskID(318584460),type(6),msg({"BandWidth":2899968,"IsAd":1,"IsP2P":1,"VID":""}
06-04 11:23:52.024 E/playfilesourceNew( 3472): )!]
06-04 11:23:52.030 I/audio_hw_hal_primary( 476): [audiohal_get_latency:1333] io 13: out:0xf07c5650 frames:1280 rate:48000 whole_latency:26 alsa_latency:26
06-04 11:23:52.030 I/CLog ( 3472): 2025-06-04 11:23:52.030 T:6710 DEBUG: [5017]HCDNLoaderClient::Read read_len=262144
06-04 11:23:52.031 E/p2pfile ( 3472): HCDN_LOG: [T:6710][HINFO]:[f:Read],[l:1749],[Task(13), pos(98304), len(262144), timeout(6000)]
06-04 11:23:52.031 E/playfilesourceNew( 3472): HCDN_LOG: [T:6710][HINFO]:[f:GetCacheSeconds],[l:846],[TaskID(3999911026), offset(98304), CacheBytes(16384)]
06-04 11:23:52.031 E/playfilesourceNew( 3472): HCDN_LOG: [T:6710][HINFO]:[f:Read],[l:2071],[Task(13), taskid(3999911026), Offset(98304), needread(16384)]
06-04 11:23:52.031 E/playfilesourceNew( 3472): HCDN_LOG: [T:6710][HINFO]:[f:ReadDataByPiece],[l:4260],[TaskID(3999911026),seq(1330), Offset(98304), NumberOfBytesToRead(16384)]
06-04 11:23:52.032 W/abs_update_info( 3472): HCDN_LOG: [T:4181][HERROR]:[f:CheckPlayerReadData],[l:2157],vui(3f90c3f6e555fc8f01c344ddb68c23ca) task_id[3999911026] ret_code[0], offset[98304], offset_len[16384].
06-04 11:23:52.032 E/p2pfile ( 3472): HCDN_LOG: [T:6710][HINFO]:[f:Read],[l:2211],[Task(13), Read return, pos(98304),len(16384),idx(0),taskid(3999911026),videoTime(0)]
06-04 11:23:52.032 I/CLog ( 3472): 2025-06-04 11:23:52.032 T:6710 DEBUG: [5017]HCDNLoaderClient::Read need_read=262144, read_size=16384. pos:114688
06-04 11:23:52.032 I/CLog ( 3472): 2025-06-04 11:23:52.032 T:6710 DEBUG: LoadImplLock:will_stop_=====1(0)
06-04 11:23:52.037 E/storage_operate( 3472): HCDN_LOG: [T:4181][HINFO]:[f:UpdateBBNCache],[l:3267],[start_check_task]
06-04 11:23:52.037 I/block_buffer_piece_size( 3472): HCDN_LOG: [T:4177]save data response (error_code0) ON_MSG_STORAGE2P2P_SaveDataResponse(1162346496-0-0) (offset:7,len:0)
06-04 11:23:52.059 I/CLog ( 3472): 2025-06-04 11:23:52.059 T:5719 DEBUG: InvokeCommand, is_rtc (null)
06-04 11:23:52.060 I/CLog ( 3472): 2025-06-04 11:23:52.060 T:5719 DEBUG: DataPush to read:100,size(5),[81360-81269]
06-04 11:23:52.068 I/block_buffer_piece_size( 3472): HCDN_LOG: [T:4177]save data response (error_code0) ON_MSG_STORAGE2P2P_SaveDataResponse(2952059185-0-0) (offset:58,len:0)
06-04 11:23:52.070 I/block_buffer_piece_size( 3472): HCDN_LOG: [T:4177]save data response (error_code0) ON_MSG_STORAGE2P2P_SaveDataResponse(2952059185-0-0) (offset:108,len:0)
06-04 11:23:52.070 I/block_buffer_piece_size( 3472): HCDN_LOG: [T:4177]save data response (error_code0) ON_MSG_STORAGE2P2P_SaveDataResponse(3408920576-0-0) (offset:8,len:0)
06-04 11:23:52.070 I/UNIPLAYERSDK( 3472): MediaPlayerAdaptor.cpp:297 [PumaPlayerAdaptor@0xe5ea1fc4]doHandleMessage(KMSG_ACTION_GETCURRENTADPOSITION, arg1:-1, arg2:0)
06-04 11:23:52.071 I/UNIPLAYERSDK( 3472): PumaPlayer.cpp:1010 [PumaPlayer@0xab381cbc]InvokeMctoPlayerAdCommand(), command = 19, command_params = {"ad_id":262406}
06-04 11:23:52.071 I/UNIPLAYERSDK( 3472): , buffer = 0xb679a380
06-04 11:23:52.071 I/CLog ( 3472): 2025-06-04 11:23:52.071 T:3585 INFO: ADCmdParser::InvokeCmd,19,{"ad_id":262406}
06-04 11:23:52.071 I/CLog ( 3472):
06-04 11:23:52.071 I/CLog ( 3472): 2025-06-04 11:23:52.071 T:3585 INFO: ADPlayerManager::InvokeADCommand, 19 {"ad_id":262406}
06-04 11:23:52.071 I/CLog ( 3472):
06-04 11:23:52.071 I/CLog ( 3472): 2025-06-04 11:23:52.071 T:3585 INFO: GetCurrentADTime {"playtime":1580,"duration":15000}
06-04 11:23:52.071 D/UNIPLAYERSDK( 3472): PumaPlayer.cpp:816 [PumaPlayer@0xab381cbc][pos]getCurrentAdPosition pos=1580,dur=15000,ret=0
06-04 11:23:52.071 D/UNIPLAYERSDK( 3472): BaseState.cpp:42 [PumaPlayerAdaptor@0xe5ea1fc4@0xb3851a68]{fm(KMSG_ACTION_GETCURRENTADPOSITION),ret(0),at(2,6651,6653),s(5,-2,-2,-2,5),fm=Message@0xecb4da30{what=1048606,when=1106651,arg1=1580,arg2=15000,arg3=-1111111111,str=,timeout=0,obj=0x0,runnable=0x0,target=0xed09b83c,watchDogOp=0x0}
06-04 11:23:52.071 D/UNIPLAYERSDK( 3472): BaseState.cpp:56 [PumaPlayerAdaptor@0xe5ea1fc4@0xb3851a68]{fm(KMSG_ACTION_GETCURRENTADPOSITION),o(AudioPrevi)-t(0,6651,6651),o(BitstreamS)-t(0,6652,6652),o(CarouselPr)-t(0,6652,6652),o(FastHelper)-t(0,6651,6651),o(HeaderTail)-t(0,6651,6651),o(HighLights)-t(0,6651,6651),o(InteractPr)-t(0,6652,6652),o(LivePrevie)-t(0,6652,6652),o(MediaPlaye)-t(0,6653,6653),o(MovieVVInf)-t(0,6652,6652),o(PPrecacher)-t(0,6652,6652),o(PlayerStuc)-t(0,6652,6652),o(PumaAbsCmd)-t(0,6652,6652),o(PumaAdvert)-t(0,6651,6651),o(PumaBuffer)-t(0,6652,6652),o(PumaError@)-t(0,6652,6652),o(PumaMediaD)-t(0,6651,6651),o(PumaPlayer)-t(0,6652,6652),o(PumaRate@0)-t(0,6652,6652),o(PumaSegmen)-t(0,6651,6651),o(PumaSubtit)-t(0,6651,6651),o(RefreshAcc)-t(0,6651,6651),o(RefreshSer)-t(0,6651,6651),o(SceneKeepe)-t(0,6651,6651),o(SetRate@0x)-t(0,6652,6652),o(SwitchEpis)-t(0,6652,6652),o(VideoPlayC)-t(0,6651,6651)}
06-04 11:23:52.071 D/UNIPLAYERSDK( 3472): MovieVVInfo.cpp:122 [pos]getCurrentAdPosition=1580
06-04 11:23:52.072 I/audio_hw_hal_primary( 476): [audiohal_get_latency:1333] io 13: out:0xf07c5650 frames:1024 rate:48000 whole_latency:21 alsa_latency:21
06-04 11:23:52.073 D/UNIPLAYERSDK( 3472): PumaPlayer.cpp:779 [PumaPlayer@0xab381cbc]getAdCountDown(43587)
06-04 11:23:52.073 I/UNIPLAYERSDK( 3472): PumaPlayerAdaptor.cpp:350 [PumaPlayerAdaptor@0xe5ea1fc4]getAdCountDown receiveAdCountDownMsg(43587)
06-04 11:23:52.073 D/UNIPLAYERSDK( 3472): PlayerBabelPingbackSender.cpp:96 onAdCountDown, countdown=43587
06-04 11:23:52.073 D/UNIPLAYERSDK( 3472): BaseState.cpp:42 [PumaPlayerAdaptor@0xe5ea1fc4@0xb3851a68]{fm(KMSG_ACTION_GETADCOUNTDOWN),ret(0),at(1,6654,6655),s(5,-2,-2,-2,5),fm=Message@0xecb49110{what=1048609,when=1106651,arg1=43587,arg2=-1111111111,arg3=-1111111111,str=,timeout=0,obj=0x0,runnable=0x0,target=0xed09b83c,watchDogOp=0x0}
06-04 11:23:52.073 D/UNIPLAYERSDK( 3472): BaseState.cpp:56 [PumaPlayerAdaptor@0xe5ea1fc4@0xb3851a68]{fm(KMSG_ACTION_GETADCOUNTDOWN),o(AudioPrevi)-t(0,6654,6654),o(BitstreamS)-t(0,6655,6655),o(CarouselPr)-t(0,6655,6655),o(FastHelper)-t(0,6654,6654),o(HeaderTail)-t(0,6654,6654),o(HighLights)-t(0,6654,6654),o(InteractPr)-t(0,6654,6654),o(LivePrevie)-t(0,6654,6654),o(MediaPlaye)-t(0,6655,6655),o(MovieVVInf)-t(0,6655,6655),o(PPrecacher)-t(0,6655,6655),o(PlayerStuc)-t(0,6655,6655),o(PumaAbsCmd)-t(0,6655,6655),o(PumaAdvert)-t(0,6654,6654),o(PumaBuffer)-t(0,6654,6654),o(PumaError@)-t(0,6654,6654),o(PumaMediaD)-t(0,6654,6654),o(PumaPlayer)-t(0,6654,6654),o(PumaRate@0)-t(0,6655,6655),o(PumaSegmen)-t(0,6654,6654),o(PumaSubtit)-t(0,6654,6654),o(RefreshAcc)-t(0,6654,6654),o(RefreshSer)-t(0,6654,6654),o(SceneKeepe)-t(0,6654,6654),o(SetRate@0x)-t(0,6655,6655),o(SwitchEpis)-t(0,6655,6655),o(VideoPlayC)-t(0,6654,6654)}
06-04 11:23:52.073 D/UNIPLAYERSDK( 3472): MovieVVInfo.cpp:136 [pos]getAdCountDown=43587
06-04 11:23:52.073 D/audioserver( 521): logFgsApiEnd: FGS Logger Transaction failed, -129
06-04 11:23:52.075 I/audio_hw_hal_primary( 476): out_update_source_metadata_v7() line 2013 usage:1 content_type:3
06-04 11:23:52.081 E/storage_operate( 3472): HCDN_LOG: [T:4181][HINFO]:[f:BBNCheck],[l:3253],,[map_size:0]
06-04 11:23:52.098 D/XM_HIDREAD( 1961): poll ret=1, event=1
06-04 11:23:52.098 D/XM_HIDREAD( 1961): [9 bytes]:01 00 00 51 00 00 00 00 00
06-04 11:23:52.102 D/audioserver( 521): logFgsApiBegin: FGS Logger Transaction failed, -129
06-04 11:23:52.103 I/CLog ( 3472): 2025-06-04 11:23:52.103 T:5719 DEBUG: GetADCountdown 76612, return 43388
06-04 11:23:52.103 I/SogouIME( 1440): onKeyDown: keyoCode=20
06-04 11:23:52.103 I/DefaultIMS( 1440): onKeyDown: keyoCode=20
06-04 11:23:52.104 V/UNIPLAYERSDK( 3472): MediaPlayerImpl.cpp:408 [MediaPlayerImpl@0xecff7154]isPlaying ret=0
06-04 11:23:52.116 I/audio_hw_hal_primary( 476): out_update_source_metadata_v7() line 2013 usage:1 content_type:2
06-04 11:23:52.121 W/abs_update_info( 3472): HCDN_LOG: [T:4176][HERROR]:[f:CalcVidCacheBytesFromReadOffset],[l:2489],UPDATA CALC:vid:,task_seg=0, task_offset=114688, cur_cache_bytes=32768, total_cache_bytes=32768, fileToEnd=0
06-04 11:23:52.121 W/abs_update_info( 3472): HCDN_LOG: [T:4176][HERROR]:[f:UpdateForABS],[l:2545],UPDATA:vid:,i64ReadOffset=0, cache=32768, CachedBytes=32768
06-04 11:23:52.121 E/Hcdn_DeTask3999911026( 3472): HCDN_LOG: [T:4176][HINFO]:[f:PostNotifyInfo],[l:248], notify type(6),info({"BandWidth":0,"IsAd":1,"IsP2P":1,"VID":""}
06-04 11:23:52.121 E/Hcdn_DeTask3999911026( 3472): )
06-04 11:23:52.122 E/playfilesourceNew( 3472): HCDN_LOG: [T:4173][HINFO]:[f:DoAsynNotifyInfoResponse],[l:2605],[TaskID(3999911026),type(6),msg({"BandWidth":0,"IsAd":1,"IsP2P":1,"VID":""}
06-04 11:23:52.122 E/playfilesourceNew( 3472): )!]
06-04 11:23:52.122 E/Hcdn_DeTask318584460( 3472): HCDN_LOG: [T:4176][HINFO]:[f:PostNotifyInfo],[l:248], notify type(6),info({"BandWidth":2899968,"IsAd":1,"IsP2P":1,"VID":""}
06-04 11:23:52.122 E/Hcdn_DeTask318584460( 3472): )
06-04 11:23:52.122 E/abs_info( 3472): HCDN_LOG: [T:4173][HINFO]:[f:PostABSInfo],[l:7214],Task(13), SetABSInterface ret(0) SetParam("DownloadStatusByHcdn", {"BandWidth":0,"BandWidth_1":7208960,"IsAd":1,"IsP2P":1,"VID":""}
06-04 11:23:52.122 E/abs_info( 3472): )
06-04 11:23:52.122 E/playfilesourceNew( 3472): HCDN_LOG: [T:4173][HINFO]:[f:DoAsynNotifyInfoResponse],[l:2605],[TaskID(318584460),type(6),msg({"BandWidth":2899968,"IsAd":1,"IsP2P":1,"VID":""}
06-04 11:23:52.122 E/playfilesourceNew( 3472): )!]
06-04 11:23:52.133 I/CLog ( 3472): 2025-06-04 11:23:52.133 T:6710 DEBUG: [5017]HCDNLoaderClient::Read read_len=262144
06-04 11:23:52.133 E/p2pfile ( 3472): HCDN_LOG: [T:6710][HINFO]:[f:Read],[l:1749],[Task(13), pos(114688), len(262144), timeout(6000)]
06-04 11:23:52.134 E/playfilesourceNew( 3472): HCDN_LOG: [T:6710][HINFO]:[f:GetCacheSeconds],[l:846],[TaskID(3999911026), offset(114688), CacheBytes(32768)]
06-04 11:23:52.134 E/playfilesourceNew( 3472): HCDN_LOG: [T:6710][HINFO]:[f:Read],[l:2071],[Task(13), taskid(3999911026), Offset(114688), needread(32768)]
06-04 11:23:52.134 E/playfilesourceNew( 3472): HCDN_LOG: [T:6710][HINFO]:[f:ReadDataByPiece],[l:4260],[TaskID(3999911026),seq(1332), Offset(114688), NumberOfBytesToRead(32768)]
06-04 11:23:52.135 W/abs_update_info( 3472): HCDN_LOG: [T:4181][HERROR]:[f:CheckPlayerReadData],[l:2157],vui(3f90c3f6e555fc8f01c344ddb68c23ca) task_id[3999911026] ret_code[0], offset[114688], offset_len[32768].
06-04 11:23:52.135 E/p2pfile ( 3472): HCDN_LOG: [T:6710][HINFO]:[f:Read],[l:2211],[Task(13), Read return, pos(114688),len(32768),idx(0),taskid(3999911026),videoTime(0)]
06-04 11:23:52.136 I/CLog ( 3472): 2025-06-04 11:23:52.136 T:6710 DEBUG: [5017]HCDNLoaderClient::Read need_read=262144, read_size=32768. pos:147456
06-04 11:23:52.136 I/CLog ( 3472): 2025-06-04 11:23:52.136 T:6710 DEBUG: LoadImplLock:will_stop_=====1(0)
06-04 11:23:52.146 I/PlayThreadMonitor( 3472): in playerthread monitor handler
06-04 11:23:52.147 I/PlayThreadMonitor( 3472): in monitor runnable
06-04 11:23:52.150 I/CLog ( 3472): 2025-06-04 11:23:52.150 T:5719 DEBUG: InvokeCommand, is_rtc (null)
06-04 11:23:52.151 I/CLog ( 3472): 2025-06-04 11:23:52.151 T:5719 DEBUG: DataPush to read:100,size(5),[81440-81339]
06-04 11:23:52.180 I/UNIPLAYERSDK( 3472): PumaPlayerAdaptor.cpp:320 [PumaPlayerAdaptor@0xe5ea1fc4][pos]getCurrentPosition=0
06-04 11:23:52.180 D/UNIPLAYERSDK( 3472): BaseState.cpp:42 [PumaPlayerAdaptor@0xe5ea1fc4@0xb3851a68]{fm(KMSG_ACTION_GETCURRENTPOSITION),ret(0),at(0,6762,6762),s(5,-2,-2,-2,5),fm=Message@0xecb494d0{what=1048605,when=1106761,arg1=0,arg2=-1,arg3=-1111111111,str=,timeout=0,obj=0x0,runnable=0x0,target=0xed09b83c,watchDogOp=0x0}
06-04 11:23:52.180 D/UNIPLAYERSDK( 3472): BaseState.cpp:56 [PumaPlayerAdaptor@0xe5ea1fc4@0xb3851a68]{fm(KMSG_ACTION_GETCURRENTPOSITION),o(AudioPrevi)-t(0,6762,6762),o(BitstreamS)-t(0,6762,6762),o(CarouselPr)-t(0,6762,6762),o(FastHelper)-t(0,6762,6762),o(HeaderTail)-t(0,6762,6762),o(HighLights)-t(0,6762,6762),o(InteractPr)-t(0,6762,6762),o(LivePrevie)-t(0,6762,6762),o(MediaPlaye)-t(0,6762,6762),o(MovieVVInf)-t(0,6762,6762),o(PPrecacher)-t(0,6762,6762),o(PlayerStuc)-t(0,6762,6762),o(PumaAbsCmd)-t(0,6762,6762),o(PumaAdvert)-t(0,6762,6762),o(PumaBuffer)-t(0,6762,6762),o(PumaError@)-t(0,6762,6762),o(PumaMediaD)-t(0,6762,6762),o(PumaPlayer)-t(0,6762,6762),o(PumaRate@0)-t(0,6762,6762),o(PumaSegmen)-t(0,6762,6762),o(PumaSubtit)-t(0,6762,6762),o(RefreshAcc)-t(0,6762,6762),o(RefreshSer)-t(0,6762,6762),o(SceneKeepe)-t(0,6762,6762),o(SetRate@0x)-t(0,6762,6762),o(SwitchEpis)-t(0,6762,6762),o(VideoPlayC)-t(0,6762,6762)}
06-04 11:23:52.180 D/UNIPLAYERSDK( 3472): MovieVVInfo.cpp:113 [pos]getCurrentPosition=0
06-04 11:23:52.190 D/DhcpClient( 991): Received packet: 1c:79:2d:20:62:cb ACK: your new IP /192.168.3.4, netmask /255.255.254.0, gateways [/192.168.3.1] DNS servers: /202.96.134.133 /202.96.128.166 , lease time 3600
06-04 11:23:52.195 D/UNIPLAYERSDK( 3472): PumaPlayer.cpp:773 [PumaPlayer@0xab381cbc]getCachePercent(0)
06-04 11:23:52.196 D/UNIPLAYERSDK( 3472): PumaPlayerAdaptor.cpp:343 [PumaPlayerAdaptor@0xe5ea1fc4]KMSG_ACTION_GETCACHEPERCENT=0
06-04 11:23:52.196 D/UNIPLAYERSDK( 3472): BaseState.cpp:42 [PumaPlayerAdaptor@0xe5ea1fc4@0xb3851a68]{fm(KMSG_ACTION_GETCACHEPERCENT),ret(0),at(1,6777,6778),s(5,-2,-2,-2,5),fm=Message@0xecb63150{what=1048610,when=1106777,arg1=0,arg2=-1111111111,arg3=-1111111111,str=,timeout=0,obj=0x0,runnable=0x0,target=0xed09b83c,watchDogOp=0x0}
06-04 11:23:52.196 D/UNIPLAYERSDK( 3472): BaseState.cpp:56 [PumaPlayerAdaptor@0xe5ea1fc4@0xb3851a68]{fm(KMSG_ACTION_GETCACHEPERCENT),o(AudioPrevi)-t(0,6777,6777),o(BitstreamS)-t(0,6777,6777),o(CarouselPr)-t(0,6777,6777),o(FastHelper)-t(0,6777,6777),o(HeaderTail)-t(0,6777,6777),o(HighLights)-t(0,6777,6777),o(InteractPr)-t(0,6777,6777),o(LivePrevie)-t(0,6777,6777),o(MediaPlaye)-t(0,6778,6778),o(MovieVVInf)-t(0,6777,6777),o(PPrecacher)-t(0,6777,6777),o(PlayerStuc)-t(0,6777,6777),o(PumaAbsCmd)-t(0,6777,6777),o(PumaAdvert)-t(0,6777,6777),o(PumaBuffer)-t(0,6777,6777),o(PumaError@)-t(0,6777,6777),o(PumaMediaD)-t(0,6777,6777),o(PumaPlayer)-t(0,6777,6777),o(PumaRate@0)-t(0,6777,6777),o(PumaSegmen)-t(0,6777,6777),o(PumaSubtit)-t(0,6777,6777),o(RefreshAcc)-t(0,6777,6777),o(RefreshSer)-t(0,6777,6777),o(SceneKeepe)-t(0,6777,6777),o(SetRate@0x)-t(0,6777,6777),o(SwitchEpis)-t(0,6777,6777),o(VideoPlayC)-t(0,6777,6777)}
06-04 11:23:52.196 D/UNIPLAYERSDK( 3472): MovieVVInfo.cpp:129 [pos]getCachePercent=0
06-04 11:23:52.199 D/XM_HIDREAD( 1961): poll ret=1, event=1
06-04 11:23:52.199 D/XM_HIDREAD( 1961): [9 bytes]:01 00 00 00 00 00 00 00 00
06-04 11:23:52.201 I/SogouIME( 1440): onKeyUp: keyoCode=20
06-04 11:23:52.201 I/DefaultIMS( 1440): onKeyUp: keyoCode=20
06-04 11:23:52.202 V/UNIPLAYERSDK( 3472): MediaPlayerImpl.cpp:408 [MediaPlayerImpl@0xecff7154]isPlaying ret=0
06-04 11:23:52.202 D/yc_test ( 3472): setProgressBarVisibility: 》》》》》》》》》》 step 1
06-04 11:23:52.202 D/yc_test ( 3472): setProgressBarVisibility: >>> step 2 true,true
06-04 11:23:52.225 W/abs_update_info( 3472): HCDN_LOG: [T:4176][HERROR]:[f:CalcVidCacheBytesFromReadOffset],[l:2489],UPDATA CALC:vid:,task_seg=0, task_offset=147456, cur_cache_bytes=0, total_cache_bytes=0, fileToEnd=0
06-04 11:23:52.225 W/abs_update_info( 3472): HCDN_LOG: [T:4176][HERROR]:[f:UpdateForABS],[l:2545],UPDATA:vid:,i64ReadOffset=0, cache=0, CachedBytes=0
06-04 11:23:52.225 E/Hcdn_DeTask3999911026( 3472): HCDN_LOG: [T:4176][HINFO]:[f:PostNotifyInfo],[l:248], notify type(6),info({"BandWidth":0,"IsAd":1,"IsP2P":1,"VID":""}
06-04 11:23:52.225 E/Hcdn_DeTask3999911026( 3472): )
06-04 11:23:52.225 E/playfilesourceNew( 3472): HCDN_LOG: [T:4173][HINFO]:[f:DoAsynNotifyInfoResponse],[l:2605],[TaskID(3999911026),type(6),msg({"BandWidth":0,"IsAd":1,"IsP2P":1,"VID":""}
06-04 11:23:52.225 E/playfilesourceNew( 3472): )!]
06-04 11:23:52.225 E/Hcdn_DeTask318584460( 3472): HCDN_LOG: [T:4176][HINFO]:[f:PostNotifyInfo],[l:248], notify type(6),info({"BandWidth":2899968,"IsAd":1,"IsP2P":1,"VID":""}
06-04 11:23:52.225 E/Hcdn_DeTask318584460( 3472): )
06-04 11:23:52.225 E/abs_info( 3472): HCDN_LOG: [T:4173][HINFO]:[f:PostABSInfo],[l:7214],Task(13), SetABSInterface ret(0) SetParam("DownloadStatusByHcdn", {"BandWidth":0,"BandWidth_1":7208960,"IsAd":1,"IsP2P":1,"VID":""}
06-04 11:23:52.225 E/abs_info( 3472): )
06-04 11:23:52.225 E/playfilesourceNew( 3472): HCDN_LOG: [T:4173][HINFO]:[f:DoAsynNotifyInfoResponse],[l:2605],[TaskID(318584460),type(6),msg({"BandWidth":2899968,"IsAd":1,"IsP2P":1,"VID":""}
06-04 11:23:52.225 E/playfilesourceNew( 3472): )!]
06-04 11:23:52.226 I/CLog ( 3472): 2025-06-04 11:23:52.226 T:5719 DEBUG: InvokeCommand, is_rtc (null)
06-04 11:23:52.226 I/CLog ( 3472): 2025-06-04 11:23:52.226 T:5719 DEBUG: DataPush to read:100,size(6),[81520-81431]
06-04 11:23:52.230 E/storage_operate( 3472): HCDN_LOG: [T:4181][HINFO]:[f:UpdateBBNCache],[l:3267],[start_check_task]
06-04 11:23:52.230 I/block_buffer_piece_size( 3472): HCDN_LOG: [T:4177]save data response (error_code0) ON_MSG_STORAGE2P2P_SaveDataResponse(2832400384-0-0) (offset:59,len:0)
06-04 11:23:52.232 I/block_buffer_piece_size( 3472): HCDN_LOG: [T:4177]save data response (error_code0) ON_MSG_STORAGE2P2P_SaveDataResponse(2952059185-0-0) (offset:60,len:0)
06-04 11:23:52.232 I/block_buffer_piece_size( 3472): HCDN_LOG: [T:4177]save data response (error_code0) ON_MSG_STORAGE2P2P_SaveDataResponse(2404450304-0-0) (offset:76,len:0)
06-04 11:23:52.232 I/block_buffer_piece_size( 3472): HCDN_LOG: [T:4177]save data response (error_code0) ON_MSG_STORAGE2P2P_SaveDataResponse(2756247552-0-0) (offset:9,len:0)
06-04 11:23:52.236 I/CLog ( 3472): 2025-06-04 11:23:52.236 T:6710 DEBUG: [5017]HCDNLoaderClient::Read read_len=262144
06-04 11:23:52.236 E/p2pfile ( 3472): HCDN_LOG: [T:6710][HINFO]:[f:Read],[l:1749],[Task(13), pos(147456), len(262144), timeout(6000)]
06-04 11:23:52.237 E/playfilesourceNew( 3472): HCDN_LOG: [T:6710][HINFO]:[f:GetCacheSeconds],[l:846],[TaskID(3999911026), offset(147456), CacheBytes(16384)]
06-04 11:23:52.237 E/playfilesourceNew( 3472): HCDN_LOG: [T:6710][HINFO]:[f:Read],[l:2071],[Task(13), taskid(3999911026), Offset(147456), needread(16384)]
06-04 11:23:52.237 E/playfilesourceNew( 3472): HCDN_LOG: [T:6710][HINFO]:[f:ReadDataByPiece],[l:4260],[TaskID(3999911026),seq(1334), Offset(147456), NumberOfBytesToRead(16384)]
06-04 11:23:52.237 W/abs_update_info( 3472): HCDN_LOG: [T:4181][HERROR]:[f:CheckPlayerReadData],[l:2157],vui(3f90c3f6e555fc8f01c344ddb68c23ca) task_id[3999911026] ret_code[0], offset[147456], offset_len[16384].
06-04 11:23:52.237 E/p2pfile ( 3472): HCDN_LOG: [T:6710][HINFO]:[f:Read],[l:2211],[Task(13), Read return, pos(147456),len(16384),idx(0),taskid(3999911026),videoTime(0)]
06-04 11:23:52.237 I/CLog ( 3472): 2025-06-04 11:23:52.237 T:6710 DEBUG: [5017]HCDNLoaderClient::Read need_read=262144, read_size=16384. pos:163840
06-04 11:23:52.237 I/CLog ( 3472): 2025-06-04 11:23:52.237 T:6710 DEBUG: LoadImplLock:will_stop_=====1(0)
06-04 11:23:52.264 I/CLog ( 3472): 2025-06-04 11:23:52.264 T:5719 INFO: CheckAdPlaying, last_ad_playing_time(75770), play_time(76773)
06-04 11:23:52.264 I/CLog ( 3472): 2025-06-04 11:23:52.264 T:5719 DEBUG: UpdateAdPlayingProgress progress(76773)
06-04 11:23:52.265 I/block_buffer_piece_size( 3472): HCDN_LOG: [T:4177]save data response (error_code0) ON_MSG_STORAGE2P2P_SaveDataResponse(2952059185-0-0) (offset:109,len:0)
06-04 11:23:52.285 E/storage_operate( 3472): HCDN_LOG: [T:4181][HINFO]:[f:BBNCheck],[l:3253],,[map_size:0]
06-04 11:23:52.286 I/audio_hw_hal_primary( 476): [audiohal_get_latency:1333] io 13: out:0xf07c5650 frames:1280 rate:48000 whole_latency:26 alsa_latency:26
06-04 11:23:52.301 I/CLog ( 3472): 2025-06-04 11:23:52.301 T:5719 DEBUG: InvokeCommand, is_rtc (null)
06-04 11:23:52.301 I/CLog ( 3472): 2025-06-04 11:23:52.301 T:5719 DEBUG: DataPush to read:100,size(5),[81600-81501]
06-04 11:23:52.303 I/CLog ( 3472): 2025-06-04 11:23:52.303 T:5719 DEBUG: GetADCountdown 76813, return 43187
06-04 11:23:52.319 E/storage_operate( 3472): HCDN_LOG: [T:4181][HINFO]:[f:UpdateBBNCache],[l:3267],[start_check_task]
06-04 11:23:52.320 I/block_buffer_piece_size( 3472): HCDN_LOG: [T:4177]save data response (error_code0) ON_MSG_STORAGE2P2P_SaveDataResponse(2952059185-0-0) (offset:10,len:0)
06-04 11:23:52.320 W/abs_update_info( 3472): HCDN_LOG: [T:4176][HERROR]:[f:CalcVidCacheBytesFromReadOffset],[l:2489],UPDATA CALC:vid:,task_seg=0, task_offset=163840, cur_cache_bytes=16384, total_cache_bytes=16384, fileToEnd=0
06-04 11:23:52.320 W/abs_update_info( 3472): HCDN_LOG: [T:4176][HERROR]:[f:UpdateForABS],[l:2545],UPDATA:vid:,i64ReadOffset=0, cache=16384, CachedBytes=16384
06-04 11:23:52.320 I/block_buffer_piece_size( 3472): HCDN_LOG: [T:4177]save data response (error_code0) ON_MSG_STORAGE2P2P_SaveDataResponse(0-0-0) (offset:61,len:0)
06-04 11:23:52.320 E/Hcdn_DeTask3999911026( 3472): HCDN_LOG: [T:4176][HINFO]:[f:PostNotifyInfo],[l:248], notify type(6),info({"BandWidth":0,"IsAd":1,"IsP2P":1,"VID":""}
06-04 11:23:52.320 E/Hcdn_DeTask3999911026( 3472): )
06-04 11:23:52.320 E/playfilesourceNew( 3472): HCDN_LOG: [T:4173][HINFO]:[f:DoAsynNotifyInfoResponse],[l:2605],[TaskID(3999911026),type(6),msg({"BandWidth":0,"IsAd":1,"IsP2P":1,"VID":""}
06-04 11:23:52.320 E/playfilesourceNew( 3472): )!]
06-04 11:23:52.320 E/Hcdn_DeTask318584460( 3472): HCDN_LOG: [T:4176][HINFO]:[f:PostNotifyInfo],[l:248], notify type(6),info({"BandWidth":2899968,"IsAd":1,"IsP2P":1,"VID":""}
06-04 11:23:52.320 E/Hcdn_DeTask318584460( 3472): )
06-04 11:23:52.320 E/abs_info( 3472): HCDN_LOG: [T:4173][HINFO]:[f:PostABSInfo],[l:7214],Task(13), SetABSInterface ret(0) SetParam("DownloadStatusByHcdn", {"BandWidth":0,"BandWidth_1":7208960,"IsAd":1,"IsP2P":1,"VID":""}
06-04 11:23:52.320 E/abs_info( 3472): )
06-04 11:23:52.321 E/playfilesourceNew( 3472): HCDN_LOG: [T:4173][HINFO]:[f:DoAsynNotifyInfoResponse],[l:2605],[TaskID(318584460),type(6),msg({"BandWidth":2899968,"IsAd":1,"IsP2P":1,"VID":""}
06-04 11:23:52.321 E/playfilesourceNew( 3472): )!]
06-04 11:23:52.321 I/block_buffer_piece_size( 3472): HCDN_LOG: [T:4177]save data response (error_code0) ON_MSG_STORAGE2P2P_SaveDataResponse(2963013632-0-0) (offset:62,len:0)
06-04 11:23:52.321 I/block_buffer_piece_size( 3472): HCDN_LOG: [T:4177]save data response (error_code0) ON_MSG_STORAGE2P2P_SaveDataResponse(4199153664-0-0) (offset:77,len:0)
06-04 11:23:52.321 I/block_buffer_piece_size( 3472): HCDN_LOG: [T:4177]save data response (error_code0) ON_MSG_STORAGE2P2P_SaveDataResponse(4017487872-0-0) (offset:110,len:0)
06-04 11:23:52.328 I/audio_hw_hal_primary( 476): [audiohal_get_latency:1333] io 13: out:0xf07c5650 frames:1024 rate:48000 whole_latency:21 alsa_latency:21
06-04 11:23:52.338 I/CLog ( 3472): 2025-06-04 11:23:52.338 T:6710 DEBUG: [5017]HCDNLoaderClient::Read read_len=262144
06-04 11:23:52.338 E/p2pfile ( 3472): HCDN_LOG: [T:6710][HINFO]:[f:Read],[l:1749],[Task(13), pos(163840), len(262144), timeout(6000)]
06-04 11:23:52.338 E/playfilesourceNew( 3472): HCDN_LOG: [T:6710][HINFO]:[f:GetCacheSeconds],[l:846],[TaskID(3999911026), offset(163840), CacheBytes(16384)]
06-04 11:23:52.339 E/playfilesourceNew( 3472): HCDN_LOG: [T:6710][HINFO]:[f:Read],[l:2071],[Task(13), taskid(3999911026), Offset(163840), needread(16384)]
06-04 11:23:52.339 E/playfilesourceNew( 3472): HCDN_LOG: [T:6710][HINFO]:[f:ReadDataByPiece],[l:4260],[TaskID(3999911026),seq(1336), Offset(163840), NumberOfBytesToRead(16384)]
06-04 11:23:52.339 W/abs_update_info( 3472): HCDN_LOG: [T:4181][HERROR]:[f:CheckPlayerReadData],[l:2157],vui(3f90c3f6e555fc8f01c344ddb68c23ca) task_id[3999911026] ret_code[0], offset[163840], offset_len[16384].
06-04 11:23:52.340 E/p2pfile ( 3472): HCDN_LOG: [T:6710][HINFO]:[f:Read],[l:2211],[Task(13), Read return, pos(163840),len(16384),idx(0),taskid(3999911026),videoTime(0)]
06-04 11:23:52.340 I/CLog ( 3472): 2025-06-04 11:23:52.340 T:6710 DEBUG: [5017]HCDNLoaderClient::Read need_read=262144, read_size=16384. pos:180224
06-04 11:23:52.340 I/CLog ( 3472): 2025-06-04 11:23:52.340 T:6710 DEBUG: LoadImplLock:will_stop_=====1(0)
06-04 11:23:52.345 D/XM_HIDREAD( 1961): poll ret=1, event=1
06-04 11:23:52.346 D/XM_HIDREAD( 1961): [9 bytes]:01 00 00 51 00 00 00 00 00
06-04 11:23:52.349 I/SogouIME( 1440): onKeyDown: keyoCode=20
06-04 11:23:52.349 I/DefaultIMS( 1440): onKeyDown: keyoCode=20
06-04 11:23:52.349 V/UNIPLAYERSDK( 3472): MediaPlayerImpl.cpp:408 [MediaPlayerImpl@0xecff7154]isPlaying ret=0
06-04 11:23:52.370 E/storage_operate( 3472): HCDN_LOG: [T:4181][HINFO]:[f:BBNCheck],[l:3253],,[map_size:0]
06-04 11:23:52.372 I/UNIPLAYERSDK( 3472): MediaPlayerAdaptor.cpp:297 [PumaPlayerAdaptor@0xe5ea1fc4]doHandleMessage(KMSG_ACTION_GETCURRENTADPOSITION, arg1:-1, arg2:0)
06-04 11:23:52.373 I/UNIPLAYERSDK( 3472): PumaPlayer.cpp:1010 [PumaPlayer@0xab381cbc]InvokeMctoPlayerAdCommand(), command = 19, command_params = {"ad_id":262406}
06-04 11:23:52.373 I/UNIPLAYERSDK( 3472): , buffer = 0xb679a380
06-04 11:23:52.373 I/CLog ( 3472): 2025-06-04 11:23:52.373 T:3585 INFO: ADCmdParser::InvokeCmd,19,{"ad_id":262406}
06-04 11:23:52.373 I/CLog ( 3472):
06-04 11:23:52.373 I/CLog ( 3472): 2025-06-04 11:23:52.373 T:3585 INFO: ADPlayerManager::InvokeADCommand, 19 {"ad_id":262406}
06-04 11:23:52.373 I/CLog ( 3472):
06-04 11:23:52.373 I/CLog ( 3472): 2025-06-04 11:23:52.373 T:3585 INFO: GetCurrentADTime {"playtime":1882,"duration":15000}
06-04 11:23:52.373 D/UNIPLAYERSDK( 3472): PumaPlayer.cpp:816 [PumaPlayer@0xab381cbc][pos]getCurrentAdPosition pos=1882,dur=15000,ret=0
06-04 11:23:52.373 D/UNIPLAYERSDK( 3472): BaseState.cpp:42 [PumaPlayerAdaptor@0xe5ea1fc4@0xb3842268]{fm(KMSG_ACTION_GETCURRENTADPOSITION),ret(0),at(1,6954,6955),s(5,-2,-2,-2,5),fm=Message@0xecb69cd0{what=1048606,when=1106954,arg1=1882,arg2=15000,arg3=-1111111111,str=,timeout=0,obj=0x0,runnable=0x0,target=0xed09b83c,watchDogOp=0x0}
06-04 11:23:52.373 D/UNIPLAYERSDK( 3472): BaseState.cpp:56 [PumaPlayerAdaptor@0xe5ea1fc4@0xb3842268]{fm(KMSG_ACTION_GETCURRENTADPOSITION),o(AudioPrevi)-t(0,6954,6954),o(BitstreamS)-t(0,6954,6954),o(CarouselPr)-t(0,6954,6954),o(FastHelper)-t(0,6954,6954),o(HeaderTail)-t(0,6954,6954),o(HighLights)-t(0,6954,6954),o(InteractPr)-t(0,6954,6954),o(LivePrevie)-t(0,6954,6954),o(MediaPlaye)-t(0,6955,6955),o(MovieVVInf)-t(0,6954,6954),o(PPrecacher)-t(0,6954,6954),o(PlayerStuc)-t(0,6954,6954),o(PumaAbsCmd)-t(0,6954,6954),o(PumaAdvert)-t(0,6954,6954),o(PumaBuffer)-t(0,6954,6954),o(PumaError@)-t(0,6954,6954),o(PumaMediaD)-t(0,6954,6954),o(PumaPlayer)-t(0,6954,6954),o(PumaRate@0)-t(0,6954,6954),o(PumaSegmen)-t(0,6954,6954),o(PumaSubtit)-t(0,6954,6954),o(RefreshAcc)-t(0,6954,6954),o(RefreshSer)-t(0,6954,6954),o(SceneKeepe)-t(0,6954,6954),o(SetRate@0x)-t(0,6954,6954),o(SwitchEpis)-t(0,6954,6954),o(VideoPlayC)-t(0,6954,6954)}
06-04 11:23:52.373 D/UNIPLAYERSDK( 3472): MovieVVInfo.cpp:122 [pos]getCurrentAdPosition=1882
06-04 11:23:52.374 D/UNIPLAYERSDK( 3472): PumaPlayer.cpp:779 [PumaPlayer@0xab381cbc]getAdCountDown(43187)
06-04 11:23:52.374 I/UNIPLAYERSDK( 3472): PumaPlayerAdaptor.cpp:350 [PumaPlayerAdaptor@0xe5ea1fc4]getAdCountDown receiveAdCountDownMsg(43187)
06-04 11:23:52.374 D/UNIPLAYERSDK( 3472): PlayerBabelPingbackSender.cpp:96 onAdCountDown, countdown=43187
06-04 11:23:52.374 D/UNIPLAYERSDK( 3472): BaseState.cpp:42 [PumaPlayerAdaptor@0xe5ea1fc4@0xb3842268]{fm(KMSG_ACTION_GETADCOUNTDOWN),ret(0),at(0,6956,6956),s(5,-2,-2,-2,5),fm=Message@0xecb4da30{what=1048609,when=1106955,arg1=43187,arg2=-1111111111,arg3=-1111111111,str=,timeout=0,obj=0x0,runnable=0x0,target=0xed09b83c,watchDogOp=0x0}
06-04 11:23:52.374 D/UNIPLAYERSDK( 3472): BaseState.cpp:56 [PumaPlayerAdaptor@0xe5ea1fc4@0xb3842268]{fm(KMSG_ACTION_GETADCOUNTDOWN),o(AudioPrevi)-t(0,6956,6956),o(BitstreamS)-t(0,6956,6956),o(CarouselPr)-t(0,6956,6956),o(FastHelper)-t(0,6956,6956),o(HeaderTail)-t(0,6956,6956),o(HighLights)-t(0,6956,6956),o(InteractPr)-t(0,6956,6956),o(LivePrevie)-t(0,6956,6956),o(MediaPlaye)-t(0,6956,6956),o(MovieVVInf)-t(0,6956,6956),o(PPrecacher)-t(0,6956,6956),o(PlayerStuc)-t(0,6956,6956),o(PumaAbsCmd)-t(0,6956,6956),o(PumaAdvert)-t(0,6956,6956),o(PumaBuffer)-t(0,6956,6956),o(PumaError@)-t(0,6956,6956),o(PumaMediaD)-t(0,6956,6956),o(PumaPlayer)-t(0,6956,6956),o(PumaRate@0)-t(0,6956,6956),o(PumaSegmen)-t(0,6956,6956),o(PumaSubtit)-t(0,6956,6956),o(RefreshAcc)-t(0,6956,6956),o(RefreshSer)-t(0,6956,6956),o(SceneKeepe)-t(0,6956,6956),o(SetRate@0x)-t(0,6956,6956),o(SwitchEpis)-t(0,6956,6956),o(VideoPlayC)-t(0,6956,6956)}
06-04 11:23:52.374 D/UNIPLAYERSDK( 3472): MovieVVInfo.cpp:136 [pos]getAdCountDown=43187
06-04 11:23:52.377 I/CLog ( 3472): 2025-06-04 11:23:52.376 T:5719 DEBUG: InvokeCommand, is_rtc (null)
06-04 11:23:52.377 I/CLog ( 3472): 2025-06-04 11:23:52.377 T:5719 DEBUG: DataPush to read:100,size(6),[81680-81594]
06-04 11:23:52.390 E/storage_trim_block( 3472): HCDN_LOG: [T:4181][TRIM_BLOCK_LOG]:[f:GetVideoTaskCount],[l:1877],video task count: 1 high_bitrate: 0 audio_count: 0 short_video: 0 big: 0 small: 1
06-04 11:23:52.390 E/storage_trim_block( 3472): HCDN_LOG: [T:4181][TRIM_BLOCK_LOG]:[f:PostMemoryUseNotifyToDE],[l:1626],[oper:post resume download request, taskid:3999911026, [35/35]]
06-04 11:23:52.391 E/Hcdn_DeTask3999911026( 3472): HCDN_LOG: [T:4176][HINFO]:[f:OnRecvBlockRemainNotify],[l:2764], left block count:35
06-04 11:23:52.392 I/p2p_session_speed( 3472): HCDN_LOG: [T:4177]UpdateConnectedSessions.5301 ***************taskid:3999911026, connected session number:7, speed=0kb/s **************
06-04 11:23:52.392 I/p2p_session_speed( 3472): HCDN_LOG: [T:4177]session:(61.170.182.12:19060[20565]/PT_PUBLIC), down_speed:0Kb/s down_avg_speed:0Kb/s ver:[10.9.70.524]
06-04 11:23:52.392 I/p2p_session_speed( 3472): HCDN_LOG: [T:4177]session:(113.249.254.35:11336[53349]/PT_PUBLIC), down_speed:0Kb/s down_avg_speed:0Kb/s ver:[10.9.90.524]
06-04 11:23:52.392 I/p2p_session_speed( 3472): HCDN_LOG: [T:4177]session:(113.250.197.68:12940[53349]/PT_PUBLIC), down_speed:0Kb/s down_avg_speed:0Kb/s ver:[10.9.90.524]
06-04 11:23:52.392 I/p2p_session_speed( 3472): HCDN_LOG: [T:4177]session:(14.107.174.69:39259[49783]/PT_PUBLIC), down_speed:0Kb/s down_avg_speed:0Kb/s ver:[10.9.175.524]
06-04 11:23:52.392 I/p2p_session_speed( 3472): HCDN_LOG: [T:4177]session:(218.91.242.83:39243[39243]/PT_PUBLIC), down_speed:0Kb/s down_avg_speed:0Kb/s ver:[10.9.169.524]
06-04 11:23:52.392 I/p2p_session_speed( 3472): HCDN_LOG: [T:4177]session:(119.123.128.190:9845[36001]/PT_PUBLIC), down_speed:0Kb/s down_avg_speed:0Kb/s ver:[10.9.48.524]
06-04 11:23:52.392 I/p2p_session_speed( 3472): HCDN_LOG: [T:4177]session:(218.1.186.220:11292[39603]/PT_PUBLIC), down_speed:0Kb/s down_avg_speed:0Kb/s ver:[10.9.70.524]
06-04 11:23:52.414 I/VDA ( 482): [0##47]"ServiceDeviceTask INs=53/53, OUTs=50/56"" {IN=0/8, OUT=8/14[kAtAccelerator(0) kAtDevice(6) kAtClient(8)]}"
06-04 11:23:52.420 E/Hcdn_DeTask3999911026( 3472): HCDN_LOG: [T:4176][HINFO]:[f:OnRecvCacheSecondsRequest],[l:2010], cache_bytes=0!
06-04 11:23:52.420 W/abs_update_info( 3472): HCDN_LOG: [T:4176][HERROR]:[f:CalcVidCacheBytesFromReadOffset],[l:2489],UPDATA CALC:vid:,task_seg=0, task_offset=180224, cur_cache_bytes=0, total_cache_bytes=0, fileToEnd=0
06-04 11:23:52.420 W/abs_update_info( 3472): HCDN_LOG: [T:4176][HERROR]:[f:UpdateForABS],[l:2545],UPDATA:vid:,i64ReadOffset=0, cache=0, CachedBytes=0
06-04 11:23:52.420 E/Hcdn_DeTask3999911026( 3472): HCDN_LOG: [T:4176][HINFO]:[f:PostNotifyInfo],[l:248], notify type(6),info({"BandWidth":0,"IsAd":1,"IsP2P":1,"VID":""}
06-04 11:23:52.420 E/Hcdn_DeTask3999911026( 3472): )
06-04 11:23:52.420 E/playfilesourceNew( 3472): HCDN_LOG: [T:4173][HINFO]:[f:DoAsynNotifyInfoResponse],[l:2605],[TaskID(3999911026),type(6),msg({"BandWidth":0,"IsAd":1,"IsP2P":1,"VID":""}
06-04 11:23:52.420 E/playfilesourceNew( 3472): )!]
06-04 11:23:52.420 E/Hcdn_DeTask318584460( 3472): HCDN_LOG: [T:4176][HINFO]:[f:PostNotifyInfo],[l:248], notify type(6),info({"BandWidth":2899968,"IsAd":1,"IsP2P":1,"VID":""}
06-04 11:23:52.420 E/Hcdn_DeTask318584460( 3472): )
06-04 11:23:52.420 E/abs_info( 3472): HCDN_LOG: [T:4173][HINFO]:[f:PostABSInfo],[l:7214],Task(13), SetABSInterface ret(0) SetParam("DownloadStatusByHcdn", {"BandWidth":0,"BandWidth_1":7208960,"IsAd":1,"IsP2P":1,"VID":""}
06-04 11:23:52.420 E/abs_info( 3472): )
06-04 11:23:52.420 E/playfilesourceNew( 3472): HCDN_LOG: [T:4173][HINFO]:[f:DoAsynNotifyInfoResponse],[l:2605],[TaskID(318584460),type(6),msg({"BandWidth":2899968,"IsAd":1,"IsP2P":1,"VID":""}
06-04 11:23:52.420 E/playfilesourceNew( 3472): )!]
06-04 11:23:52.424 D/XM_HIDREAD( 1961): poll ret=1, event=1
06-04 11:23:52.424 D/XM_HIDREAD( 1961): [9 bytes]:01 00 00 00 00 00 00 00 00
06-04 11:23:52.426 I/SogouIME( 1440): onKeyUp: keyoCode=20
06-04 11:23:52.426 I/DefaultIMS( 1440): onKeyUp: keyoCode=20
06-04 11:23:52.427 V/UNIPLAYERSDK( 3472): MediaPlayerImpl.cpp:408 [MediaPlayerImpl@0xecff7154]isPlaying ret=0
06-04 11:23:52.427 D/yc_test ( 3472): setProgressBarVisibility: 》》》》》》》》》》 step 1
06-04 11:23:52.427 D/yc_test ( 3472): setProgressBarVisibility: >>> step 2 true,true
06-04 11:23:52.440 I/CLog ( 3472): 2025-06-04 11:23:52.440 T:6710 DEBUG: [5017]HCDNLoaderClient::Read read_len=262144
06-04 11:23:52.440 E/p2pfile ( 3472): HCDN_LOG: [T:6710][HINFO]:[f:Read],[l:1749],[Task(13), pos(180224), len(262144), timeout(6000)]
06-04 11:23:52.441 E/Hcdn_DeTask3999911026( 3472): HCDN_LOG: [T:4176][HINFO]:[f:OnRecvCacheSecondsRequest],[l:2010], cache_bytes=0!
06-04 11:23:52.441 E/playfilesourceNew( 3472): HCDN_LOG: [T:6710][HINFO]:[f:GetCacheSeconds],[l:846],[TaskID(3999911026), offset(180224), CacheBytes(0)]
06-04 11:23:52.441 E/playfilesourceNew( 3472): HCDN_LOG: [T:6710][HINFO]:[f:Read],[l:2071],[Task(13), taskid(3999911026), Offset(180224), needread(0)]
06-04 11:23:52.441 E/p2pfile ( 3472): HCDN_LOG: [T:6710][HINFO]:[f:Read],[l:2211],[Task(13), Read return, pos(180224),len(0),idx(0),taskid(3999911026),videoTime(0)]
06-04 11:23:52.468 I/CLog ( 3472): 2025-06-04 11:23:52.468 T:5719 DEBUG: InvokeCommand, is_rtc (null)
06-04 11:23:52.468 I/CLog ( 3472): 2025-06-04 11:23:52.468 T:5719 DEBUG: DataPush to read:100,size(5),[81760-81664]
06-04 11:23:52.481 I/UNIPLAYERSDK( 3472): PumaPlayerAdaptor.cpp:320 [PumaPlayerAdaptor@0xe5ea1fc4][pos]getCurrentPosition=0
06-04 11:23:52.481 D/UNIPLAYERSDK( 3472): BaseState.cpp:42 [PumaPlayerAdaptor@0xe5ea1fc4@0xb3842268]{fm(KMSG_ACTION_GETCURRENTPOSITION),ret(0),at(0,7063,7063),s(5,-2,-2,-2,5),fm=Message@0xecb49110{what=1048605,when=1107062,arg1=0,arg2=-1,arg3=-1111111111,str=,timeout=0,obj=0x0,runnable=0x0,target=0xed09b83c,watchDogOp=0x0}
06-04 11:23:52.481 D/UNIPLAYERSDK( 3472): BaseState.cpp:56 [PumaPlayerAdaptor@0xe5ea1fc4@0xb3842268]{fm(KMSG_ACTION_GETCURRENTPOSITION),o(AudioPrevi)-t(0,7063,7063),o(BitstreamS)-t(0,7063,7063),o(CarouselPr)-t(0,7063,7063),o(FastHelper)-t(0,7063,7063),o(HeaderTail)-t(0,7063,7063),o(HighLights)-t(0,7063,7063),o(InteractPr)-t(0,7063,7063),o(LivePrevie)-t(0,7063,7063),o(MediaPlaye)-t(0,7063,7063),o(MovieVVInf)-t(0,7063,7063),o(PPrecacher)-t(0,7063,7063),o(PlayerStuc)-t(0,7063,7063),o(PumaAbsCmd)-t(0,7063,7063),o(PumaAdvert)-t(0,7063,7063),o(PumaBuffer)-t(0,7063,7063),o(PumaError@)-t(0,7063,7063),o(PumaMediaD)-t(0,7063,7063),o(PumaPlayer)-t(0,7063,7063),o(PumaRate@0)-t(0,7063,7063),o(PumaSegmen)-t(0,7063,7063),o(PumaSubtit)-t(0,7063,7063),o(RefreshAcc)-t(0,7063,7063),o(RefreshSer)-t(0,7063,7063),o(SceneKeepe)-t(0,7063,7063),o(SetRate@0x)-t(0,7063,7063),o(SwitchEpis)-t(0,7063,7063),o(VideoPlayC)-t(0,7063,7063)}
06-04 11:23:52.481 D/UNIPLAYERSDK( 3472): MovieVVInfo.cpp:113 [pos]getCurrentPosition=0
06-04 11:23:52.497 D/UNIPLAYERSDK( 3472): PumaPlayer.cpp:773 [PumaPlayer@0xab381cbc]getCachePercent(0)
06-04 11:23:52.497 D/UNIPLAYERSDK( 3472): PumaPlayerAdaptor.cpp:343 [PumaPlayerAdaptor@0xe5ea1fc4]KMSG_ACTION_GETCACHEPERCENT=0
06-04 11:23:52.497 D/UNIPLAYERSDK( 3472): BaseState.cpp:42 [PumaPlayerAdaptor@0xe5ea1fc4@0xb3842268]{fm(KMSG_ACTION_GETCACHEPERCENT),ret(0),at(1,7078,7079),s(5,-2,-2,-2,5),fm=Message@0xecb66490{what=1048610,when=1107078,arg1=0,arg2=-1111111111,arg3=-1111111111,str=,timeout=0,obj=0x0,runnable=0x0,target=0xed09b83c,watchDogOp=0x0}
06-04 11:23:52.497 D/UNIPLAYERSDK( 3472): BaseState.cpp:56 [PumaPlayerAdaptor@0xe5ea1fc4@0xb3842268]{fm(KMSG_ACTION_GETCACHEPERCENT),o(AudioPrevi)-t(0,7079,7079),o(BitstreamS)-t(0,7079,7079),o(CarouselPr)-t(0,7079,7079),o(FastHelper)-t(0,7079,7079),o(HeaderTail)-t(0,7079,7079),o(HighLights)-t(0,7079,7079),o(InteractPr)-t(0,7079,7079),o(LivePrevie)-t(0,7079,7079),o(MediaPlaye)-t(0,7079,7079),o(MovieVVInf)-t(0,7079,7079),o(PPrecacher)-t(0,7079,7079),o(PlayerStuc)-t(0,7079,7079),o(PumaAbsCmd)-t(0,7079,7079),o(PumaAdvert)-t(0,7079,7079),o(PumaBuffer)-t(0,7079,7079),o(PumaError@)-t(0,7079,7079),o(PumaMediaD)-t(0,7079,7079),o(PumaPlayer)-t(0,7079,7079),o(PumaRate@0)-t(0,7079,7079),o(PumaSegmen)-t(0,7079,7079),o(PumaSubtit)-t(0,7079,7079),o(RefreshAcc)-t(0,7079,7079),o(RefreshSer)-t(0,7079,7079),o(SceneKeepe)-t(0,7079,7079),o(SetRate@0x)-t(0,7079,7079),o(SwitchEpis)-t(0,7079,7079),o(VideoPlayC)-t(0,7078,7078)}
06-04 11:23:52.497 D/UNIPLAYERSDK( 3472): MovieVVInfo.cpp:129 [pos]getCachePercent=0
06-04 11:23:52.503 I/CLog ( 3472): 2025-06-04 11:23:52.503 T:5719 DEBUG: GetADCountdown 77012, return 42988
06-04 11:23:52.512 I/CLog ( 3472): 2025-06-04 11:23:52.511 T:5725 INFO: RM_PCL::2,Discontinuity currentPts:77073236.9
06-04 11:23:52.512 I/CLog ( 3472): 2025-06-04 11:23:52.512 T:5725 INFO: RM_PA::2,_hdlSync, avg_a_delta:51184.3(dst:51184.3), should be:77073236.9, main_clock:77022052.6
06-04 11:23:52.518 E/tcp_session( 3472): HCDN_LOG: [T:4177][func:ReceiveRequestInfo],[line:590], ReceiveRequestInfo, number(1) complete
06-04 11:23:52.518 E/storage_operate( 3472): HCDN_LOG: [T:4181][HINFO]:[f:UpdateBBNCache],[l:3267],[start_check_task]
06-04 11:23:52.520 I/block_buffer_piece_size( 3472): HCDN_LOG: [T:4177]save data response (error_code0) ON_MSG_STORAGE2P2P_SaveDataResponse(2952059185-0-0) (offset:63,len:0)
06-04 11:23:52.520 I/block_buffer_piece_size( 3472): HCDN_LOG: [T:4177]save data response (error_code0) ON_MSG_STORAGE2P2P_SaveDataResponse(1058209792-0-0) (offset:111,len:0)
06-04 11:23:52.520 I/block_buffer_piece_size( 3472): HCDN_LOG: [T:4177]save data response (error_code0) ON_MSG_STORAGE2P2P_SaveDataResponse(4221501440-0-0) (offset:78,len:0)
06-04 11:23:52.520 E/p2p_upload_limit( 3472): HCDN_LOG: [T:4177][func:DoUploadLimitContol],[line:3363],FromModule[2],LimitSpeed[8192Kb/s],LimitTime[60s]!
