06-04 11:23:57.106 I/SogouIME( 1440): onKeyUp: keyoCode=19
06-04 11:23:57.106 I/DefaultIMS( 1440): onKeyUp: keyoCode=19
06-04 11:23:57.149 I/audio_hw_hal_primary( 476): [audiohal_get_latency:1333] io 13: out:0xf07c5650 frames:1152 rate:48000 whole_latency:24 alsa_latency:24
06-04 11:23:57.157 E/Hcdn_DeTask3999911026( 3472): HCDN_LOG: [T:4176][HINFO]:[f:PostNotifyInfo],[l:248], notify type(6),info({"BandWidth":-2,"IsAd":1,"IsP2P":1,"VID":""}
06-04 11:23:57.157 E/Hcdn_DeTask3999911026( 3472): )
06-04 11:23:57.157 E/playfilesourceNew( 3472): HCDN_LOG: [T:4173][HINFO]:[f:DoAsynNotifyInfoResponse],[l:2605],[TaskID(3999911026),type(6),msg({"BandWidth":-2,"IsAd":1,"IsP2P":1,"VID":""}
06-04 11:23:57.157 E/playfilesourceNew( 3472): )!]
06-04 11:23:57.171 I/audio_hw_hal_primary( 476): [audiohal_get_latency:1333] io 13: out:0xf07c5650 frames:1152 rate:48000 whole_latency:24 alsa_latency:24
06-04 11:23:57.183 D/XM_HIDREAD( 1961): poll ret=1, event=1
06-04 11:23:57.183 D/XM_HIDREAD( 1961): [9 bytes]:01 00 00 52 00 00 00 00 00
06-04 11:23:57.187 I/SogouIME( 1440): onKeyDown: keyoCode=19
06-04 11:23:57.187 I/DefaultIMS( 1440): onKeyDown: keyoCode=19
06-04 11:23:57.258 E/Hcdn_DeTask3999911026( 3472): HCDN_LOG: [T:4176][HINFO]:[f:PostNotifyInfo],[l:248], notify type(6),info({"BandWidth":-2,"IsAd":1,"IsP2P":1,"VID":""}
06-04 11:23:57.258 E/Hcdn_DeTask3999911026( 3472): )
06-04 11:23:57.258 E/playfilesourceNew( 3472): HCDN_LOG: [T:4173][HINFO]:[f:DoAsynNotifyInfoResponse],[l:2605],[TaskID(3999911026),type(6),msg({"BandWidth":-2,"IsAd":1,"IsP2P":1,"VID":""}
06-04 11:23:57.258 E/playfilesourceNew( 3472): )!]
06-04 11:23:57.323 D/XM_HIDREAD( 1961): poll ret=1, event=1
06-04 11:23:57.323 D/XM_HIDREAD( 1961): [9 bytes]:01 00 00 00 00 00 00 00 00
06-04 11:23:57.325 I/SogouIME( 1440): onKeyUp: keyoCode=19
06-04 11:23:57.326 I/DefaultIMS( 1440): onKeyUp: keyoCode=19
06-04 11:23:57.358 E/Hcdn_DeTask3999911026( 3472): HCDN_LOG: [T:4176][HINFO]:[f:PostNotifyInfo],[l:248], notify type(6),info({"BandWidth":-2,"IsAd":1,"IsP2P":1,"VID":""}
06-04 11:23:57.358 E/Hcdn_DeTask3999911026( 3472): )
06-04 11:23:57.358 E/playfilesourceNew( 3472): HCDN_LOG: [T:4173][HINFO]:[f:DoAsynNotifyInfoResponse],[l:2605],[TaskID(3999911026),type(6),msg({"BandWidth":-2,"IsAd":1,"IsP2P":1,"VID":""}
06-04 11:23:57.358 E/playfilesourceNew( 3472): )!]
06-04 11:23:57.363 I/audio_hw_hal_primary( 476): [audiohal_get_latency:1333] io 13: out:0xf07c5650 frames:1152 rate:48000 whole_latency:24 alsa_latency:24
06-04 11:23:57.384 I/audio_hw_hal_primary( 476): [audiohal_get_latency:1333] io 13: out:0xf07c5650 frames:1152 rate:48000 whole_latency:24 alsa_latency:24
06-04 11:23:57.397 E/LongConnectionManager( 1441): 1 onOpen:20:02:FE:19:C2:46
06-04 11:23:57.406 I/audio_hw_hal_primary( 476): [audiohal_get_latency:1333] io 13: out:0xf07c5650 frames:1152 rate:48000 whole_latency:24 alsa_latency:24
06-04 11:23:57.427 I/audio_hw_hal_primary( 476): [audiohal_get_latency:1333] io 13: out:0xf07c5650 frames:1152 rate:48000 whole_latency:24 alsa_latency:24
06-04 11:23:57.448 I/audio_hw_hal_primary( 476): [audiohal_get_latency:1333] io 13: out:0xf07c5650 frames:1152 rate:48000 whole_latency:24 alsa_latency:24
06-04 11:23:57.458 E/Hcdn_DeTask3999911026( 3472): HCDN_LOG: [T:4176][HINFO]:[f:PostNotifyInfo],[l:248], notify type(6),info({"BandWidth":-2,"IsAd":1,"IsP2P":1,"VID":""}
06-04 11:23:57.458 E/Hcdn_DeTask3999911026( 3472): )
06-04 11:23:57.458 E/playfilesourceNew( 3472): HCDN_LOG: [T:4173][HINFO]:[f:DoAsynNotifyInfoResponse],[l:2605],[TaskID(3999911026),type(6),msg({"BandWidth":-2,"IsAd":1,"IsP2P":1,"VID":""}
06-04 11:23:57.458 E/playfilesourceNew( 3472): )!]
06-04 11:23:57.464 I/SogouIME( 1440): onKeyDown: keyoCode=111
06-04 11:23:57.464 I/DefaultIMS( 1440): onKeyDown: keyoCode=111
06-04 11:23:57.470 I/audio_hw_hal_primary( 476): [audiohal_get_latency:1333] io 13: out:0xf07c5650 frames:1152 rate:48000 whole_latency:24 alsa_latency:24
06-04 11:23:57.478 D/WanClient( 1420): onMessage:Thread[WebSocketConnectReadThread-73,5,main]--{"msg":"+MSejyjwlbc="}
06-04 11:23:57.480 D/WanClient( 1420): onMessageReceived:Thread[WebSocketConnectReadThread-73,5,main] {"msg":"+MSejyjwlbc="}
06-04 11:23:57.480 D/WanClient( 1420): type: null
06-04 11:23:57.480 D/WanClient( 1420): send:HB7FxtN64oc=
06-04 11:23:57.480 D/WanClient( 1420): leave:uQ3qCmhm4oA=
06-04 11:23:57.480 D/WanClient( 1420): join:7EsoetslBbs=
06-04 11:23:57.480 D/WanClient( 1420): q5TrJmBoEmShmpfjN3vFNg==
06-04 11:23:57.485 D/TrafficStats( 1441): tagSocket(152) with statsTag=0xffffffff, statsUid=-1
06-04 11:23:57.491 I/audio_hw_hal_primary( 476): [audiohal_get_latency:1333] io 13: out:0xf07c5650 frames:1152 rate:48000 whole_latency:24 alsa_latency:24
06-04 11:23:57.504 I/q_h_c_s ( 3472): HCDN_LOG: [T:4182]qtp_create_req:499,Create qtp request (req: 0xecb17b50)
06-04 11:23:57.504 I/q_h_c_s ( 3472): HCDN_LOG: [T:4182]qtp_add_bundle:73,Add qtp bundle (request: 0xecb17b50, response: 0x0, result: 0x0)
06-04 11:23:57.504 I/q_h_c_s ( 3472): HCDN_LOG: [T:4182]SetCQtpHttpFinishedCb:1021,SetCQtpHttpFinishedCb[1]: m_cQtpHttpFinishedCb: 0xafcddfa1, m_callBackType: 3, reid: 17020432
06-04 11:23:57.504 I/q_h_c_s ( 3472): HCDN_LOG: [T:4182]qtp_async_method:1792,Async qtp request (req: 0xecb17b50)
06-04 11:23:57.504 I/q_h_c_s ( 3472): HCDN_LOG: [T:4182]qtp_fetch_request:108,Fetch qtp request (request: 0xecb17b50)
06-04 11:23:57.504 W/q_h_c_s ( 3472): HCDN_LOG: [T:4182]MethodLog:1333,QTP AsyncPost (reid: 17020432, url: https://msg.ptqy.gitv.tv/evt, connect: 5001, read: 6000, strict: 0, qtp: 1, module: 0)
06-04 11:23:57.504 I/q_h_c_s ( 3472): HCDN_LOG: [T:4182]CheckVisitPath:1398,Found saved visit path (reid: 17020432, host: msg.ptqy.gitv.tv, visit path: 101)
06-04 11:23:57.504 I/q_h_c_s ( 3472): HCDN_LOG: [T:4182]CheckVisitPath:1405,Take visit path (reid: 17020432, host: msg.ptqy.gitv.tv, visit path: 101)
06-04 11:23:57.504 I/q_h_c_s ( 3472): HCDN_LOG: [T:4182]SetState:1618,QTP State changed: QS_UNINIT ====> VP_START (reid: 17020432)
06-04 11:23:57.504 I/q_h_c_s ( 3472): HCDN_LOG: [T:4182]SetState:1618,QTP State changed: VP_START ====> VP_WAITFOR_CURLDNS_RESP (reid: 17020432)
06-04 11:23:57.504 I/q_h_c_s ( 3472): HCDN_LOG: [T:4182]AddRequestedHttpInfo:5390,m_mapReqId2HttpInfo add reid: 17020432, taskID(0), range_offset(0), range_len(-1), m_mapReqId2HttpInfo(2)
06-04 11:23:57.504 I/q_h_c_s ( 3472): HCDN_LOG: [T:4182]CheckFastDnsIpv6:3322,Fastdns found ipv6 config (reid: 17020432, domain: msg.ptqy.gitv.tv, happy_time: -1, resolved_mode: 3, racing_uri: , aaaa_slow: 0, sort_conn: 0, enable_ratio: 100, auto_black: 0)
06-04 11:23:57.504 I/q_h_c_s ( 3472): HCDN_LOG: [T:4182]qtp_update_bundle:91,Update qtp bundle (request: 0xecb17b50, response: 0xecc6c170, result: 0xb5ac35d0)
06-04 11:23:57.504 E/stat_handler( 3472): HCDN_LOG: [T:4182][HINFO]:[f:StartAsynPost],[l:245] StartAsyncPost req: 0xecb17b50, reqid: 17020432, url: https://msg.ptqy.gitv.tv/evt
06-04 11:23:57.504 E/stat_handler( 3472): msg=[{"ct":"hcdn_cstat","diy_pk1":"unknown","diy_pk10":"12","diy_pk11":"2","diy_pk12":"","diy_pk13":"{\"cpuinfo\":\"\",\"model\":\"DBBOX-A3\",\"submodel\":\"\",\"uuid\":\"20200817110900551NKVuEWAfr101626\"}\n","diy_pk14":"","diy_pk15":"tv_android_player","diy_pk16":"85828fccf286b850cb2b6231d13b2f8c00000000","diy_pk17":"","diy_pk18":"1","diy_pk2":"wifi","diy_pk20":"{\n \"bid\" : \"-1\",\n \"dcache_node\" : \"1\",\n \"delete\" : \"0\",\n \"deleteO\" : \"0\",\n \"has_node\" : \"1\",\n \"udp_node\" : \"0\"\n}\n","diy_pk3":"H265_MP4_AD_PLAY","diy_pk4":"4945051639840917","diy_pk5":"","diy_pk6":"0","diy_pk7":"1814573","diy_pk8":"nonwatermark","diy_pk9":"online","diy_pm1":"2079","diy_pm2":"1814584","diy_pm3":"1814573","diy_ptype":"hcdn_flux_post","p1":"3_31_820","t":"11","u":"tv_ffb55351f3aea58931690796f01ed55d_1749006460772_9900404006","v":"10.2.3.5212"}]
06-04 11:23:57.504 E/stat_handler( 3472):
06-04 11:23:57.504 E/stat_handler( 3472): HCDN_LOG: [T:4182][HINFO]:[f:StartAsyncPost],[l:34] StartAsyncPost requestId:17020432, m_setQtpObject.size:1, m_setQtpObjectOrgPtr:1
06-04 11:23:57.504 E/stat_handler( 3472): HCDN_LOG: [T:4182][HFATAL]:[f:StartAsyncPost],[l:37] StartAsyncPost: success, req: 0xed0b65d0
06-04 11:23:57.508 I/q_h_c_s ( 3472): HCDN_LOG: [T:3977]SetCurlEasyHandle:1821,curl_easy_setopt CURLOPT_ERRORBUFFER success (reid: 17020432)
06-04 11:23:57.508 I/q_h_c_s ( 3472): HCDN_LOG: [T:3977]SetCurlIpResolve:2074,curl_easy_setopt CURLOPT_IPRESOLVE success (reid: 17020432, ipresolve: 1)
06-04 11:23:57.508 I/q_h_c_s ( 3472): HCDN_LOG: [T:3977]SetCurlIpResolve:2094,curl_easy_setopt CURLOPT_Q_IPRESOLVE_V6_V4 success (reid: 17020432)
06-04 11:23:57.508 I/q_h_c_s ( 3472): HCDN_LOG: [T:3977]SetState:1618,QTP State changed: VP_WAITFOR_CURLDNS_RESP ====> VP_WAITFOR_HTTP_RESP (reid: 17020432)
06-04 11:23:57.508 I/q_h_c_s ( 3472): HCDN_LOG: [T:3977]GetQtpUrl:2617,EnabledQtp CURLOPT_URL: https://msg.ptqy.gitv.tv/evt (reid: 17020432)
06-04 11:23:57.508 W/q_h_c_s ( 3472): HCDN_LOG: [T:3977]SetEasyOpt:1497,curl_easy_setopt CURLOPT_URL success: https://msg.ptqy.gitv.tv/evt (reid: 17020432)
06-04 11:23:57.508 I/q_h_c_s ( 3472): HCDN_LOG: [T:3977]SetCurlSsl:3382,curl_easy_setopt CURLOPT_SSL_VERIFYHOST success (reid: 17020432, verifyHostVal: 0)
06-04 11:23:57.508 I/q_h_c_s ( 3472): HCDN_LOG: [T:3977]SetCurlSsl:3401,curl_easy_setopt CURLOPT_SSL_VERIFYPEER success (reid: 17020432, verifyPeerVal: 0)
06-04 11:23:57.508 I/q_h_c_s ( 3472): HCDN_LOG: [T:3977]SetCurlHeader:3630,curl_slist_append add header Content-Type: application/x-www-form-urlencoded (reid: 17020432)
06-04 11:23:57.508 I/q_h_c_s ( 3472): HCDN_LOG: [T:3977]SetCurlHeader:3630,curl_slist_append add header User-Agent: QTP;QTP/2.2.100.2405 (reid: 17020432)
06-04 11:23:57.508 I/q_h_c_s ( 3472): HCDN_LOG: [T:3977]SetCurlLowSpeed:3795,curl_easy_setopt CURLOPT_LOW_SPEED_LIMIT success for global (reid: 17020432, speed: 1)
06-04 11:23:57.508 I/q_h_c_s ( 3472): HCDN_LOG: [T:3977]SetCurlLowSpeed:3813,curl_easy_setopt CURLOPT_LOW_SPEED_TIME success for global (reid: 17020432, time: 10)
06-04 11:23:57.508 W/q_h_c_s ( 3472): HCDN_LOG: [T:3977]SetCurlTimeout:4095,curl_easy_setopt CURLOPT_CONNECTTIMEOUT_MS success (reid: 17020432, timeout: 5001)
06-04 11:23:57.508 W/q_h_c_s ( 3472): HCDN_LOG: [T:3977]SetCurlTimeout:4161,curl_easy_setopt CURLOPT_TIMEOUT_MS success (reid: 17020432, timeout: 6000)
06-04 11:23:57.508 I/q_h_c_s ( 3472): HCDN_LOG: [T:3977]SetCurlPostData:4319,curl_easy_setopt CURLOPT_POSTFIELDSIZE success (reid: 17020432, length: 873)
06-04 11:23:57.508 I/q_h_c_s ( 3472): HCDN_LOG: [T:3977]SetEasyOpt:1741,curl_easy_setopt CURLOPT_Q_ENABLE_ASYNTHREAD_NOWAIT success (reid: 17020432)
06-04 11:23:57.508 W/q_h_c_s ( 3472): HCDN_LOG: [T:3977]AddToMultiHandle:1145,AddToMultiHandle reid: 17020432, taskid(0), moduleId(0), offset(0), length(-1), CURL(0xecd7f210), m_mapRun(2), m_mapReqId2EasyHandle(2), m_vecModuleRun(0,1,0,0,0,0,1,0,0)
06-04 11:23:57.512 I/audio_hw_hal_primary( 476): [audiohal_get_latency:1333] io 13: out:0xf07c5650 frames:1152 rate:48000 whole_latency:24 alsa_latency:24
06-04 11:23:57.533 I/audio_hw_hal_primary( 476): [audiohal_get_latency:1333] io 13: out:0xf07c5650 frames:1152 rate:48000 whole_latency:24 alsa_latency:24
06-04 11:23:57.554 E/Hcdn_DeTask3999911026( 3472): HCDN_LOG: [T:4176][HINFO]:[f:PostNotifyInfo],[l:248], notify type(6),info({"BandWidth":-2,"IsAd":1,"IsP2P":1,"VID":""}
06-04 11:23:57.554 E/Hcdn_DeTask3999911026( 3472): )
06-04 11:23:57.554 E/playfilesourceNew( 3472): HCDN_LOG: [T:4173][HINFO]:[f:DoAsynNotifyInfoResponse],[l:2605],[TaskID(3999911026),type(6),msg({"BandWidth":-2,"IsAd":1,"IsP2P":1,"VID":""}
06-04 11:23:57.554 E/playfilesourceNew( 3472): )!]
06-04 11:23:57.555 I/audio_hw_hal_primary( 476): [audiohal_get_latency:1333] io 13: out:0xf07c5650 frames:1152 rate:48000 whole_latency:24 alsa_latency:24
06-04 11:23:57.569 I/SogouIME( 1440): onKeyUp: keyoCode=111
06-04 11:23:57.569 I/DefaultIMS( 1440): onKeyUp: keyoCode=111
06-04 11:23:57.570 W/WindowOnBackDispatcher( 1441): sendCancelIfRunning: isInProgress=falsecallback=android.view.ViewRootImpl$$ExternalSyntheticLambda17@9fe092f
06-04 11:23:57.570 D/CoreBackPreview( 689): Window{18d3a76 u0 com.dangbei.leard.leradlauncher/com.dangbei.leard.login.ui.vip.VipTransactionActivity}: Setting back callback null
06-04 11:23:57.576 I/audio_hw_hal_primary( 476): [audiohal_get_latency:1333] io 13: out:0xf07c5650 frames:1152 rate:48000 whole_latency:24 alsa_latency:24
06-04 11:23:57.580 W/InputManager-JNI( 689): Input channel object '18d3a76 com.dangbei.leard.leradlauncher/com.dangbei.leard.login.ui.vip.VipTransactionActivity (client)' was disposed without first being removed with the input manager!
06-04 11:23:57.589 W/InputEventReceiver( 1441): Attempted to finish an input event but the input event receiver has already been disposed.
06-04 11:23:57.592 V/WindowManager( 689): Unknown focus tokens, dropping reportFocusChanged
06-04 11:23:57.598 I/audio_hw_hal_primary( 476): [audiohal_get_latency:1333] io 13: out:0xf07c5650 frames:1152 rate:48000 whole_latency:24 alsa_latency:24
06-04 11:23:57.603 D/XM_HIDREAD( 1961): poll ret=1, event=1
06-04 11:23:57.603 D/XM_HIDREAD( 1961): [9 bytes]:01 00 00 51 00 00 00 00 00
06-04 11:23:57.605 W/InputDispatcher( 689): Waiting because no window has focus but ActivityRecord{b4094ee u0 com.dangbei.leard.leradlauncher/com.dangbei.leard.login.ui.vip.VipTransactionActivity t28} may eventually add a window when it finishes starting up. Will wait for 5000ms
06-04 11:23:57.612 I/ImeTracker( 689): com.dangbei.leard.leradlauncher:2d23cc64: onRequestHide at ORIGIN_SERVER_HIDE_INPUT reason HIDE_UNSPECIFIED_WINDOW
06-04 11:23:57.612 I/ImeTracker( 689): com.dangbei.leard.leradlauncher:2d23cc64: onCancelled at PHASE_SERVER_SHOULD_HIDE
06-04 11:23:57.614 I/DefaultIMS( 1440): onStartInput attribute=android.view.inputmethod.EditorInfo@236cd17 restarting=false inputType: 0
06-04 11:23:57.614 I/SogouIME( 1440): onKeyDown: keyoCode=20
06-04 11:23:57.614 I/DefaultIMS( 1440): onKeyDown: keyoCode=20
06-04 11:23:57.629 D/TrafficStats( 1441): tagSocket(111) with statsTag=0xffffffff, statsUid=-1
06-04 11:23:57.635 I/DefaultIMS( 1440): onStartInput attribute=android.view.inputmethod.EditorInfo@a9c8504 restarting=false inputType: 0
06-04 11:23:57.655 E/Hcdn_DeTask3999911026( 3472): HCDN_LOG: [T:4176][HINFO]:[f:PostNotifyInfo],[l:248], notify type(6),info({"BandWidth":-2,"IsAd":1,"IsP2P":1,"VID":""}
06-04 11:23:57.655 E/Hcdn_DeTask3999911026( 3472): )
06-04 11:23:57.656 E/playfilesourceNew( 3472): HCDN_LOG: [T:4173][HINFO]:[f:DoAsynNotifyInfoResponse],[l:2605],[TaskID(3999911026),type(6),msg({"BandWidth":-2,"IsAd":1,"IsP2P":1,"VID":""}
06-04 11:23:57.656 E/playfilesourceNew( 3472): )!]
06-04 11:23:57.688 W/ContextImpl( 689): Calling a method in the system process without a qualified user: android.app.ContextImpl.startService:1899 com.android.server.wm.DisplayPolicy.lambda$focusChangedLw$5:2126 com.android.server.wm.DisplayPolicy.$r8$lambda$Znxk63oh-WzVnzo_WQefN7uxV48:0 com.android.server.wm.DisplayPolicy$$ExternalSyntheticLambda13.run:0 android.os.Handler.handleCallback:958
06-04 11:23:57.693 D/aaa ( 4951): LedStatusService onStartCommand begin
06-04 11:23:57.694 D/aaa ( 4951): topPkg is -------------- :com.dangbei.leard.leradlauncher
06-04 11:23:57.698 I/SogouIME( 1440): onKeyDown: keyoCode=111
06-04 11:23:57.698 I/DefaultIMS( 1440): onKeyDown: keyoCode=111
06-04 11:23:57.699 W/ContextImpl( 689): Calling a method in the system process without a qualified user: android.app.ContextImpl.sendBroadcast:1319 android.app.ContextImpl.closeSystemDialogs:3630 com.android.server.policy.PhoneWindowManager.interceptUnhandledKey:4002 com.android.server.policy.PhoneWindowManager.dispatchUnhandledKey:3908 com.android.server.wm.InputManagerCallback.dispatchUnhandledKey:193
06-04 11:23:57.701 D/WindowManagerShell( 939): TvPipMenuController: closeMenu()
06-04 11:23:57.702 I/WindowManagerShell( 939): TvPipMenuController: switchToMenuMode: setting mCurrentMenuMode=MODE_NO_MENU, mPrevMenuMode=MODE_NO_MENU
06-04 11:23:57.703 D/aaa ( 4951): WiFi is connect
06-04 11:23:57.704 I/vol.VolumeDialogImpl( 939): mDialog.dismiss() reason: volume_controller from: com.android.systemui.volume.VolumeDialogImpl$7.onDismissRequested:3
06-04 11:23:57.704 E/hq ( 1441): HomeKeyReceiver:::onReceive android.intent.action.CLOSE_SYSTEM_DIALOGS
06-04 11:23:57.705 D/HomeKeyReceiver( 1441): reason:-----------null
06-04 11:23:57.755 E/Hcdn_DeTask3999911026( 3472): HCDN_LOG: [T:4176][HINFO]:[f:PostNotifyInfo],[l:248], notify type(6),info({"BandWidth":-2,"IsAd":1,"IsP2P":1,"VID":""}
06-04 11:23:57.755 E/Hcdn_DeTask3999911026( 3472): )
06-04 11:23:57.756 E/playfilesourceNew( 3472): HCDN_LOG: [T:4173][HINFO]:[f:DoAsynNotifyInfoResponse],[l:2605],[TaskID(3999911026),type(6),msg({"BandWidth":-2,"IsAd":1,"IsP2P":1,"VID":""}
06-04 11:23:57.756 E/playfilesourceNew( 3472): )!]
06-04 11:23:57.763 D/XM_HIDREAD( 1961): poll ret=1, event=1
06-04 11:23:57.763 D/XM_HIDREAD( 1961): [9 bytes]:01 00 00 00 00 00 00 00 00
06-04 11:23:57.764 I/SogouIME( 1440): onKeyUp: keyoCode=20
06-04 11:23:57.764 I/DefaultIMS( 1440): onKeyUp: keyoCode=20
06-04 11:23:57.789 I/audio_hw_hal_primary( 476): [audiohal_get_latency:1333] io 13: out:0xf07c5650 frames:1152 rate:48000 whole_latency:24 alsa_latency:24
06-04 11:23:57.800 I/SogouIME( 1440): onKeyUp: keyoCode=111
06-04 11:23:57.800 I/DefaultIMS( 1440): onKeyUp: keyoCode=111
06-04 11:23:57.811 I/audio_hw_hal_primary( 476): [audiohal_get_latency:1333] io 13: out:0xf07c5650 frames:1152 rate:48000 whole_latency:24 alsa_latency:24
06-04 11:23:57.832 I/audio_hw_hal_primary( 476): [audiohal_get_latency:1333] io 13: out:0xf07c5650 frames:1152 rate:48000 whole_latency:24 alsa_latency:24
06-04 11:23:57.854 I/audio_hw_hal_primary( 476): [audiohal_get_latency:1333] io 13: out:0xf07c5650 frames:1152 rate:48000 whole_latency:24 alsa_latency:24
06-04 11:23:57.856 E/Hcdn_DeTask3999911026( 3472): HCDN_LOG: [T:4176][HINFO]:[f:PostNotifyInfo],[l:248], notify type(6),info({"BandWidth":-2,"IsAd":1,"IsP2P":1,"VID":""}
06-04 11:23:57.856 E/Hcdn_DeTask3999911026( 3472): )
06-04 11:23:57.856 E/playfilesourceNew( 3472): HCDN_LOG: [T:4173][HINFO]:[f:DoAsynNotifyInfoResponse],[l:2605],[TaskID(3999911026),type(6),msg({"BandWidth":-2,"IsAd":1,"IsP2P":1,"VID":""}
06-04 11:23:57.856 E/playfilesourceNew( 3472): )!]
06-04 11:23:57.863 D/XM_HIDREAD( 1961): poll ret=1, event=1
06-04 11:23:57.863 D/XM_HIDREAD( 1961): [9 bytes]:01 00 00 51 00 00 00 00 00
06-04 11:23:57.865 I/SogouIME( 1440): onKeyDown: keyoCode=20
06-04 11:23:57.865 I/DefaultIMS( 1440): onKeyDown: keyoCode=20
06-04 11:23:57.869 E/DifferentialGridView( 1441): java.lang.NoSuchMethodException: androidx.recyclerview.widget.RecyclerView$d0.smoothScrollBy [int, int, interface android.view.animation.Interpolator, int]
06-04 11:23:57.869 E/DifferentialGridView( 1441): at java.lang.Class.getMethod(Class.java:2937)
06-04 11:23:57.869 E/DifferentialGridView( 1441): at java.lang.Class.getMethod(Class.java:2449)
06-04 11:23:57.869 E/DifferentialGridView( 1441): at com.dangbei.palaemon.leanback.DifferentialGridView.customSmoothScrollBy(SourceFile:224)
06-04 11:23:57.869 E/DifferentialGridView( 1441): at com.dangbei.palaemon.leanback.DifferentialGridView.smoothScrollBy(SourceFile:4)
06-04 11:23:57.869 E/DifferentialGridView( 1441): at com.dangbei.palaemon.leanback.DifferentialGridView.smoothScrollBy(SourceFile:1)
06-04 11:23:57.869 E/DifferentialGridView( 1441): at com.dangbei.palaemon.leanback.GridLayoutManager.scrollGrid(SourceFile:27)
06-04 11:23:57.869 E/DifferentialGridView( 1441): at com.dangbei.palaemon.leanback.GridLayoutManager.scrollToView(SourceFile:19)
06-04 11:23:57.869 E/DifferentialGridView( 1441): at com.dangbei.palaemon.leanback.GridLayoutManager.scrollToView(SourceFile:3)
06-04 11:23:57.869 E/DifferentialGridView( 1441): at com.dangbei.palaemon.leanback.GridLayoutManager.onRequestChildFocus(SourceFile:25)
06-04 11:23:57.869 E/DifferentialGridView( 1441): at androidx.recyclerview.widget.RecyclerView.requestChildFocus(SourceFile:5)
06-04 11:23:57.869 E/DifferentialGridView( 1441): at android.view.View.handleFocusGainInternal(View.java:7995)
06-04 11:23:57.869 E/DifferentialGridView( 1441): at android.view.ViewGroup.handleFocusGainInternal(ViewGroup.java:847)
06-04 11:23:57.869 E/DifferentialGridView( 1441): at android.view.View.requestFocusNoSearch(View.java:14519)
06-04 11:23:57.869 E/DifferentialGridView( 1441): at android.view.View.requestFocus(View.java:14493)
06-04 11:23:57.869 E/DifferentialGridView( 1441): at android.view.ViewGroup.requestFocus(ViewGroup.java:3325)
06-04 11:23:57.869 E/DifferentialGridView( 1441): at android.view.ViewRootImpl$ViewPostImeInputStage.performFocusNavigation(ViewRootImpl.java:7099)
06-04 11:23:57.869 E/DifferentialGridView( 1441): at android.view.ViewRootImpl$ViewPostImeInputStage.processKeyEvent(ViewRootImpl.java:7218)
06-04 11:23:57.869 E/DifferentialGridView( 1441): at android.view.ViewRootImpl$ViewPostImeInputStage.onProcess(ViewRootImpl.java:7028)
06-04 11:23:57.869 E/DifferentialGridView( 1441): at android.view.ViewRootImpl$InputStage.deliver(ViewRootImpl.java:6435)
06-04 11:23:57.869 E/DifferentialGridView( 1441): at android.view.ViewRootImpl$InputStage.onDeliverToNext(ViewRootImpl.java:6492)
06-04 11:23:57.869 E/DifferentialGridView( 1441): at android.view.ViewRootImpl$InputStage.forward(ViewRootImpl.java:6458)
06-04 11:23:57.869 E/DifferentialGridView( 1441): at android.view.ViewRootImpl$AsyncInputStage.forward(ViewRootImpl.java:6623)
06-04 11:23:57.869 E/DifferentialGridView( 1441): at android.view.ViewRootImpl$InputStage.apply(ViewRootImpl.java:6466)
06-04 11:23:57.869 E/DifferentialGridView( 1441): at android.view.ViewRootImpl$AsyncInputStage.apply(ViewRootImpl.java:6680)
06-04 11:23:57.869 E/DifferentialGridView( 1441): at android.view.ViewRootImpl$InputStage.deliver(ViewRootImpl.java:6439)
06-04 11:23:57.869 E/DifferentialGridView( 1441): at android.view.ViewRootImpl$InputStage.onDeliverToNext(ViewRootImpl.java:6492)
06-04 11:23:57.869 E/DifferentialGridView( 1441): at android.view.ViewRootImpl$InputStage.forward(ViewRootImpl.java:6458)
06-04 11:23:57.869 E/DifferentialGridView( 1441): at android.view.ViewRootImpl$InputStage.apply(ViewRootImpl.java:6466)
06-04 11:23:57.869 E/DifferentialGridView( 1441): at android.view.ViewRootImpl$InputStage.deliver(ViewRootImpl.java:6439)
06-04 11:23:57.869 E/DifferentialGridView( 1441): at android.view.ViewRootImpl$InputStage.onDeliverToNext(ViewRootImpl.java:6492)
06-04 11:23:57.869 E/DifferentialGridView( 1441): at android.view.ViewRootImpl$InputStage.forward(ViewRootImpl.java:6458)
06-04 11:23:57.869 E/DifferentialGridView( 1441): at android.view.ViewRootImpl$AsyncInputStage.forward(ViewRootImpl.java:6656)
06-04 11:23:57.869 E/DifferentialGridView( 1441): at android.view.ViewRootImpl$ImeInputStage.onFinishedInputEvent(ViewRootImpl.java:6867)
06-04 11:23:57.869 E/DifferentialGridView( 1441): at android.view.inputmethod.InputMethodManager$PendingEvent.run(InputMethodManager.java:4303)
06-04 11:23:57.869 E/DifferentialGridView( 1441): at android.view.inputmethod.InputMethodManager.invokeFinishedInputEventCallback(InputMethodManager.java:3740)
06-04 11:23:57.869 E/DifferentialGridView( 1441): at android.view.inputmethod.InputMethodManager.finishedInputEvent(InputMethodManager.java:3731)
06-04 11:23:57.869 E/DifferentialGridView( 1441): at android.view.inputmethod.InputMethodManager.-$$Nest$mfinishedInputEvent(Unknown Source:0)
06-04 11:23:57.869 E/DifferentialGridView( 1441): at android.view.inputmethod.InputMethodManager$ImeInputEventSender.onInputEventFinished(InputMethodManager.java:4280)
06-04 11:23:57.869 E/DifferentialGridView( 1441): at android.view.InputEventSender.dispatchInputEventFinished(InputEventSender.java:154)
06-04 11:23:57.869 E/DifferentialGridView( 1441): at android.os.MessageQueue.nativePollOnce(Native Method)
06-04 11:23:57.869 E/DifferentialGridView( 1441): at android.os.MessageQueue.next(MessageQueue.java:335)
06-04 11:23:57.869 E/DifferentialGridView( 1441): at android.os.Looper.loopOnce(Looper.java:162)
06-04 11:23:57.869 E/DifferentialGridView( 1441): at android.os.Looper.loop(Looper.java:294)
06-04 11:23:57.869 E/DifferentialGridView( 1441): at android.app.ActivityThread.main(ActivityThread.java:8255)
06-04 11:23:57.869 E/DifferentialGridView( 1441): at java.lang.reflect.Method.invoke(Native Method)
06-04 11:23:57.869 E/DifferentialGridView( 1441): at com.android.internal.os.RuntimeInit$MethodAndArgsCaller.run(RuntimeInit.java:552)
06-04 11:23:57.869 E/DifferentialGridView( 1441): at com.android.internal.os.ZygoteInit.main(ZygoteInit.java:978)
06-04 11:23:57.880 D/audioserver( 521): logFgsApiBegin: FGS Logger Transaction failed, -129
06-04 11:23:57.884 D/TrafficStats( 1441): tagSocket(158) with statsTag=0xffffffff, statsUid=-1
06-04 11:23:57.894 D/TrafficStats( 1441): tagSocket(171) with statsTag=0xffffffff, statsUid=-1
06-04 11:23:57.914 I/SogouIME( 1440): onKeyDown: keyoCode=111
06-04 11:23:57.914 I/DefaultIMS( 1440): onKeyDown: keyoCode=111
06-04 11:23:57.916 W/ContextImpl( 689): Calling a method in the system process without a qualified user: android.app.ContextImpl.sendBroadcast:1319 android.app.ContextImpl.closeSystemDialogs:3630 com.android.server.policy.PhoneWindowManager.interceptUnhandledKey:4002 com.android.server.policy.PhoneWindowManager.dispatchUnhandledKey:3908 com.android.server.wm.InputManagerCallback.dispatchUnhandledKey:193
06-04 11:23:57.919 I/audio_hw_hal_primary( 476): out_update_source_metadata_v7() line 2013 usage:13 content_type:4
06-04 11:23:57.923 D/WindowManagerShell( 939): TvPipMenuController: closeMenu()
06-04 11:23:57.923 I/WindowManagerShell( 939): TvPipMenuController: switchToMenuMode: setting mCurrentMenuMode=MODE_NO_MENU, mPrevMenuMode=MODE_NO_MENU
06-04 11:23:57.924 I/vol.VolumeDialogImpl( 939): mDialog.dismiss() reason: volume_controller from: com.android.systemui.volume.VolumeDialogImpl$7.onDismissRequested:3
06-04 11:23:57.924 D/vol.VolumeDialogImpl( 939): dismissH: skipping dismiss because isAnimatingDismiss is true and showingStateInconsistent is false
06-04 11:23:57.928 E/hq ( 1441): HomeKeyReceiver:::onReceive android.intent.action.CLOSE_SYSTEM_DIALOGS
06-04 11:23:57.928 D/HomeKeyReceiver( 1441): reason:-----------null
06-04 11:23:57.941 I/q_h_c_s ( 3472): HCDN_LOG: [T:3977]OnRecvHeader:4653,Received header (reid: 17020432)
06-04 11:23:57.941 I/q_h_c_s ( 3472): HTTP/2 200
06-04 11:23:57.941 I/q_h_c_s ( 3472): server: nginx
06-04 11:23:57.941 I/q_h_c_s ( 3472): date: Wed, 04 Jun 2025 03:23:57 GMT
06-04 11:23:57.941 I/q_h_c_s ( 3472): content-type: text/html
06-04 11:23:57.941 I/q_h_c_s ( 3472): content-length: 0
06-04 11:23:57.941 I/q_h_c_s ( 3472): access-control-allow-credentials: true
06-04 11:23:57.941 I/q_h_c_s ( 3472): access-control-allow-methods: GET, POST, PUT, DELETE, OPTIONS
06-04 11:23:57.941 I/q_h_c_s ( 3472): access-control-allow-headers: Accept,Authorization,Cache-Control,Content-Type,DNT,If-Modified-Since,Keep-Alive,Origin,User-Agent,X-Requested-With
06-04 11:23:57.941 I/q_h_c_s ( 3472):
06-04 11:23:57.941 I/q_h_c_s ( 3472):
06-04 11:23:57.959 E/Hcdn_DeTask3999911026( 3472): HCDN_LOG: [T:4176][HINFO]:[f:PostNotifyInfo],[l:248], notify type(6),info({"BandWidth":-2,"IsAd":1,"IsP2P":1,"VID":""}
06-04 11:23:57.959 E/Hcdn_DeTask3999911026( 3472): )
06-04 11:23:57.959 E/playfilesourceNew( 3472): HCDN_LOG: [T:4173][HINFO]:[f:DoAsynNotifyInfoResponse],[l:2605],[TaskID(3999911026),type(6),msg({"BandWidth":-2,"IsAd":1,"IsP2P":1,"VID":""}
06-04 11:23:57.959 E/playfilesourceNew( 3472): )!]
06-04 11:23:57.959 I/q_h_c_s ( 3472): HCDN_LOG: [T:3977]ProcessCurlMsg:599,curl completed with code 0: No error (reid: 17020432, handle: 0xecd7f210)
06-04 11:23:57.959 I/q_h_c_s ( 3472): HCDN_LOG: [T:3977]ProcessQtpStateWhenHttpDone:1821,Check QTP state, reid: 17020432, flags (isHijacked:0, isDataCallbacked:0, isHttpSockWorkable:0, isUproxyWorkable:0, isRange:0, isRangeLowSpeed:0, isUproxyOrHttp3RetryWorkable:0, http3RetryMode:0, isAltSvcRetryWorkable:0, isSpareIPWorkable:0)
06-04 11:23:57.959 I/q_h_c_s ( 3472): HCDN_LOG: [T:3977]SetState:1618,QTP State changed: VP_WAITFOR_HTTP_RESP ====> QS_SUCCESS (reid: 17020432)
06-04 11:23:57.959 I/q_h_c_s ( 3472): HCDN_LOG: [T:3977]ExecuteCallback:2569,HTTP time information: reid: 17020432, reqScheduleTime: 1749007437504, reqBeginTime: 1749007437508, qtpDnsEndTime: 1749007437508, startRecvHeaderTime: 1749007437941, startRecvBodyTime: 0, reqEndTime: 1749007437959
06-04 11:23:57.959 I/q_h_c_s ( 3472): HCDN_LOG: [T:3977]ExecuteCallback:2647,Call QtpHttpFinishedCb callback (reid: 17020432, m_cQtpHttpFinishedCb: 0xafcddfa1)
06-04 11:23:57.959 I/q_h_c_s ( 3472): HCDN_LOG: [T:3977]ExecuteCallback:2652,Start call m_cQtpHttpFinishedCb callback (reid: 17020432, m_cQtpHttpFinishedCb: 0xafcddfa1)
06-04 11:23:57.959 I/q_h_c_s ( 3472): HCDN_LOG: [T:3977]ExecuteCallback:2657,End call m_cQtpHttpFinishedCb callback (reid: 17020432, m_cQtpHttpFinishedCb: 0xafcddfa1)
06-04 11:23:57.959 I/q_h_c_s ( 3472): HCDN_LOG: [T:3977]ExecuteCallback:2666,Finished QtpHttpFinishedCb callback (reid: 17020432)
06-04 11:23:57.959 I/q_h_c_s ( 3472): HCDN_LOG: [T:3977]ExecuteCallback:2700,m_cQtpHttpCb is nullptr, skip callback (reid: 17020432)
06-04 11:23:57.959 I/q_h_c_s ( 3472): HCDN_LOG: [T:3977]ExecuteCallback:2731,Data has been callbacked (reid: 17020432)
06-04 11:23:57.959 I/q_h_c_s ( 3472): HCDN_LOG: [T:3977]ExecuteCallback:2775,HTTP finished, reid: 17020432, status: ownErrCode: 0 (MultiCurl HTTP request success), sysErrno: 0, transErrCode: 0, mCurlErrCode: 0, eCurlErrCode: 0, HTTP status code: 200, HTTP version: 2, trypath:ld
06-04 11:23:57.960 I/q_h_c_s ( 3472): HCDN_LOG: [T:3977]OnRequestComplete:3657,OnRequestComplete for reid: 17020432, m_mapReqId2HttpInfo: 2
06-04 11:23:57.960 I/q_h_c_s ( 3472): HCDN_LOG: [T:3977]ProcessCurlMsg:658,ProcessCurlMsg: reid: 17020432, taskid(0), moduleId(0), offset(0), length(-1), CURL(0x0), m_mapRun(1), m_mapReqId2EasyHandle(1), m_vecModuleRun(0,0,0,0,0,0,1,0,0)
06-04 11:23:57.960 E/stat_handler( 3472): HCDN_LOG: [T:4182][HINFO]:[f:DealQtpHttpFinishedCallback],[l:360] DealQtpHttpFinishedCallback: 0xecb17b50, type: hcdn_flux_post, reqid: 17020432, qtp:0, http:200
06-04 11:23:57.960 I/q_h_c_s ( 3472): HCDN_LOG: [T:4182]qtp_destroy_req:506,Destroy qtp request (req: 0xecb17b50)
06-04 11:23:57.960 I/q_h_c_s ( 3472): HCDN_LOG: [T:4182]qtp_remove_bundle:127,Remove qtp bundle (request: 0xecb17b50)
06-04 11:23:57.960 I/q_h_c_s ( 3472): HCDN_LOG: [T:4182]~QtpHttpStatusCode:197,Delete QtpHttpStatusCode(address: 0xb5ac35d0)
06-04 11:23:57.960 I/q_h_c_s ( 3472): HCDN_LOG: [T:4182]~QtpHttpResponse:1042,Delete QtpHttpResponse(address: 0xecc6c170)
06-04 11:23:57.961 I/q_h_c_s ( 3472): HCDN_LOG: [T:4182]qtp_remove_bundle:132,Remove qtp bundle success (request: 0xecb17b50)
06-04 11:23:57.961 E/stat_handler( 3472): HCDN_LOG: [T:4182][HINFO]:[f:QtpObjFinishCallback],[l:67] QtpObjFinishCallback:success, requestId:17020432, qtp:0, http:200
06-04 11:23:57.961 E/stat_handler( 3472): HCDN_LOG: [T:4182][HINFO]:[f:DeleteQtpObject],[l:121] DeleteQtpObject: 0xed0b65d0, m_setQtpObject erase, size:0
06-04 11:23:57.961 E/stat_handler( 3472): HCDN_LOG: [T:4182][HINFO]:[f:DeleteQtpObject],[l:128] m_setQtpObjectOrgPtr erase, size:0
06-04 11:23:57.961 E/stat_handler( 3472): HCDN_LOG: [T:4182][HINFO]:[f:~CStatHandlerQtpObj],[l:90] ~CStatHandlerQtpObj, requestId:17020432
06-04 11:23:57.961 E/stat_handler( 3472): HCDN_LOG: [T:4182][HINFO]:[f:AddPost],[l:245] return, policy not post: stat_handler_post
06-04 11:23:58.007 I/SogouIME( 1440): onKeyUp: keyoCode=111
06-04 11:23:58.008 I/DefaultIMS( 1440): onKeyUp: keyoCode=111
06-04 11:23:58.016 I/audio_hw_hal_alsamgr( 476): alsa format =0x1 delay frames =1024 total frames=46292480
06-04 11:23:58.022 D/XM_HIDREAD( 1961): poll ret=1, event=1
06-04 11:23:58.022 D/XM_HIDREAD( 1961): [9 bytes]:01 00 00 00 00 00 00 00 00
06-04 11:23:58.025 I/SogouIME( 1440): onKeyUp: keyoCode=20
06-04 11:23:58.025 I/DefaultIMS( 1440): onKeyUp: keyoCode=20
06-04 11:23:58.046 I/audio_hw_hal_primary( 476): [audiohal_get_latency:1333] io 13: out:0xf07c5650 frames:1152 rate:48000 whole_latency:24 alsa_latency:24
06-04 11:23:58.046 I/audio_hw_hal_primary( 476): [audiohal_get_latency:1333] io 13: out:0xf07c5650 frames:1152 rate:48000 whole_latency:24 alsa_latency:24
06-04 11:23:58.059 E/Hcdn_DeTask3999911026( 3472): HCDN_LOG: [T:4176][HINFO]:[f:PostNotifyInfo],[l:248], notify type(6),info({"BandWidth":-2,"IsAd":1,"IsP2P":1,"VID":""}
06-04 11:23:58.059 E/Hcdn_DeTask3999911026( 3472): )
06-04 11:23:58.059 E/playfilesourceNew( 3472): HCDN_LOG: [T:4173][HINFO]:[f:DoAsynNotifyInfoResponse],[l:2605],[TaskID(3999911026),type(6),msg({"BandWidth":-2,"IsAd":1,"IsP2P":1,"VID":""}
06-04 11:23:58.059 E/playfilesourceNew( 3472): )!]
06-04 11:23:58.067 I/audio_hw_hal_primary( 476): [audiohal_get_latency:1333] io 13: out:0xf07c5650 frames:1152 rate:48000 whole_latency:24 alsa_latency:24
06-04 11:23:58.068 I/audio_hw_hal_primary( 476): [audiohal_get_latency:1333] io 13: out:0xf07c5650 frames:1152 rate:48000 whole_latency:24 alsa_latency:24
06-04 11:23:58.088 I/audio_hw_hal_primary( 476): [audiohal_get_latency:1333] io 13: out:0xf07c5650 frames:1152 rate:48000 whole_latency:24 alsa_latency:24
06-04 11:23:58.088 I/audio_hw_hal_primary( 476): [audiohal_get_latency:1333] io 13: out:0xf07c5650 frames:1152 rate:48000 whole_latency:24 alsa_latency:24
06-04 11:23:58.110 I/audio_hw_hal_primary( 476): [audiohal_get_latency:1333] io 13: out:0xf07c5650 frames:1152 rate:48000 whole_latency:24 alsa_latency:24
06-04 11:23:58.110 I/audio_hw_hal_primary( 476): [audiohal_get_latency:1333] io 13: out:0xf07c5650 frames:1152 rate:48000 whole_latency:24 alsa_latency:24
06-04 11:23:58.124 D/XM_HIDREAD( 1961): poll ret=1, event=1
06-04 11:23:58.124 D/XM_HIDREAD( 1961): [9 bytes]:01 00 00 51 00 00 00 00 00
06-04 11:23:58.127 I/SogouIME( 1440): onKeyDown: keyoCode=20
06-04 11:23:58.127 I/DefaultIMS( 1440): onKeyDown: keyoCode=20
06-04 11:23:58.130 E/DifferentialGridView( 1441): java.lang.NoSuchMethodException: androidx.recyclerview.widget.RecyclerView$d0.smoothScrollBy [int, int, interface android.view.animation.Interpolator, int]
06-04 11:23:58.130 E/DifferentialGridView( 1441): at java.lang.Class.getMethod(Class.java:2937)
06-04 11:23:58.130 E/DifferentialGridView( 1441): at java.lang.Class.getMethod(Class.java:2449)
06-04 11:23:58.130 E/DifferentialGridView( 1441): at com.dangbei.palaemon.leanback.DifferentialGridView.customSmoothScrollBy(SourceFile:224)
06-04 11:23:58.130 E/DifferentialGridView( 1441): at com.dangbei.palaemon.leanback.DifferentialGridView.smoothScrollBy(SourceFile:4)
06-04 11:23:58.130 E/DifferentialGridView( 1441): at com.dangbei.palaemon.leanback.DifferentialGridView.smoothScrollBy(SourceFile:1)
06-04 11:23:58.130 E/DifferentialGridView( 1441): at com.dangbei.palaemon.leanback.GridLayoutManager.scrollGrid(SourceFile:27)
06-04 11:23:58.130 E/DifferentialGridView( 1441): at com.dangbei.palaemon.leanback.GridLayoutManager.scrollToView(SourceFile:19)
06-04 11:23:58.130 E/DifferentialGridView( 1441): at com.dangbei.palaemon.leanback.GridLayoutManager.scrollToView(SourceFile:3)
06-04 11:23:58.130 E/DifferentialGridView( 1441): at com.dangbei.palaemon.leanback.GridLayoutManager.onRequestChildFocus(SourceFile:25)
06-04 11:23:58.130 E/DifferentialGridView( 1441): at androidx.recyclerview.widget.RecyclerView.requestChildFocus(SourceFile:5)
06-04 11:23:58.130 E/DifferentialGridView( 1441): at android.view.View.handleFocusGainInternal(View.java:7995)
06-04 11:23:58.130 E/DifferentialGridView( 1441): at android.view.ViewGroup.handleFocusGainInternal(ViewGroup.java:847)
06-04 11:23:58.130 E/DifferentialGridView( 1441): at android.view.View.requestFocusNoSearch(View.java:14519)
06-04 11:23:58.130 E/DifferentialGridView( 1441): at android.view.View.requestFocus(View.java:14493)
06-04 11:23:58.130 E/DifferentialGridView( 1441): at android.view.ViewGroup.requestFocus(ViewGroup.java:3325)
06-04 11:23:58.130 E/DifferentialGridView( 1441): at android.view.ViewRootImpl$ViewPostImeInputStage.performFocusNavigation(ViewRootImpl.java:7099)
06-04 11:23:58.130 E/DifferentialGridView( 1441): at android.view.ViewRootImpl$ViewPostImeInputStage.processKeyEvent(ViewRootImpl.java:7218)
06-04 11:23:58.130 E/DifferentialGridView( 1441): at android.view.ViewRootImpl$ViewPostImeInputStage.onProcess(ViewRootImpl.java:7028)
06-04 11:23:58.130 E/DifferentialGridView( 1441): at android.view.ViewRootImpl$InputStage.deliver(ViewRootImpl.java:6435)
06-04 11:23:58.130 E/DifferentialGridView( 1441): at android.view.ViewRootImpl$InputStage.onDeliverToNext(ViewRootImpl.java:6492)
06-04 11:23:58.130 E/DifferentialGridView( 1441): at android.view.ViewRootImpl$InputStage.forward(ViewRootImpl.java:6458)
06-04 11:23:58.130 E/DifferentialGridView( 1441): at android.view.ViewRootImpl$AsyncInputStage.forward(ViewRootImpl.java:6623)
06-04 11:23:58.130 E/DifferentialGridView( 1441): at android.view.ViewRootImpl$InputStage.apply(ViewRootImpl.java:6466)
06-04 11:23:58.130 E/DifferentialGridView( 1441): at android.view.ViewRootImpl$AsyncInputStage.apply(ViewRootImpl.java:6680)
06-04 11:23:58.130 E/DifferentialGridView( 1441): at android.view.ViewRootImpl$InputStage.deliver(ViewRootImpl.java:6439)
06-04 11:23:58.130 E/DifferentialGridView( 1441): at android.view.ViewRootImpl$InputStage.onDeliverToNext(ViewRootImpl.java:6492)
06-04 11:23:58.130 E/DifferentialGridView( 1441): at android.view.ViewRootImpl$InputStage.forward(ViewRootImpl.java:6458)
06-04 11:23:58.130 E/DifferentialGridView( 1441): at android.view.ViewRootImpl$InputStage.apply(ViewRootImpl.java:6466)
06-04 11:23:58.130 E/DifferentialGridView( 1441): at android.view.ViewRootImpl$InputStage.deliver(ViewRootImpl.java:6439)
06-04 11:23:58.130 E/DifferentialGridView( 1441): at android.view.ViewRootImpl$InputStage.onDeliverToNext(ViewRootImpl.java:6492)
06-04 11:23:58.130 E/DifferentialGridView( 1441): at android.view.ViewRootImpl$InputStage.forward(ViewRootImpl.java:6458)
06-04 11:23:58.130 E/DifferentialGridView( 1441): at android.view.ViewRootImpl$AsyncInputStage.forward(ViewRootImpl.java:6656)
06-04 11:23:58.130 E/DifferentialGridView( 1441): at android.view.ViewRootImpl$ImeInputStage.onFinishedInputEvent(ViewRootImpl.java:6867)
06-04 11:23:58.130 E/DifferentialGridView( 1441): at android.view.inputmethod.InputMethodManager$PendingEvent.run(InputMethodManager.java:4303)
06-04 11:23:58.130 E/DifferentialGridView( 1441): at android.view.inputmethod.InputMethodManager.invokeFinishedInputEventCallback(InputMethodManager.java:3740)
06-04 11:23:58.130 E/DifferentialGridView( 1441): at android.view.inputmethod.InputMethodManager.finishedInputEvent(InputMethodManager.java:3731)
06-04 11:23:58.130 E/DifferentialGridView( 1441): at android.view.inputmethod.InputMethodManager.-$$Nest$mfinishedInputEvent(Unknown Source:0)
06-04 11:23:58.130 E/DifferentialGridView( 1441): at android.view.inputmethod.InputMethodManager$ImeInputEventSender.onInputEventFinished(InputMethodManager.java:4280)
06-04 11:23:58.130 E/DifferentialGridView( 1441): at android.view.InputEventSender.dispatchInputEventFinished(InputEventSender.java:154)
06-04 11:23:58.130 E/DifferentialGridView( 1441): at android.os.MessageQueue.nativePollOnce(Native Method)
06-04 11:23:58.130 E/DifferentialGridView( 1441): at android.os.MessageQueue.next(MessageQueue.java:335)
06-04 11:23:58.130 E/DifferentialGridView( 1441): at android.os.Looper.loopOnce(Looper.java:162)
06-04 11:23:58.130 E/DifferentialGridView( 1441): at android.os.Looper.loop(Looper.java:294)
06-04 11:23:58.130 E/DifferentialGridView( 1441): at android.app.ActivityThread.main(ActivityThread.java:8255)
06-04 11:23:58.130 E/DifferentialGridView( 1441): at java.lang.reflect.Method.invoke(Native Method)
06-04 11:23:58.130 E/DifferentialGridView( 1441): at com.android.internal.os.RuntimeInit$MethodAndArgsCaller.run(RuntimeInit.java:552)
06-04 11:23:58.130 E/DifferentialGridView( 1441): at com.android.internal.os.ZygoteInit.main(ZygoteInit.java:978)
06-04 11:23:58.131 I/audio_hw_hal_primary( 476): [audiohal_get_latency:1333] io 13: out:0xf07c5650 frames:1152 rate:48000 whole_latency:24 alsa_latency:24
06-04 11:23:58.148 D/TrafficStats( 1441): tagSocket(146) with statsTag=0xffffffff, statsUid=-1
06-04 11:23:58.150 D/TrafficStats( 1441): tagSocket(145) with statsTag=0xffffffff, statsUid=-1
06-04 11:23:58.151 I/PlayThreadMonitor( 3472): in playerthread monitor handler
06-04 11:23:58.151 I/PlayThreadMonitor( 3472): in monitor runnable
06-04 11:23:58.152 D/TrafficStats( 1441): tagSocket(194) with statsTag=0xffffffff, statsUid=-1
06-04 11:23:58.153 I/SogouIME( 1440): onKeyDown: keyoCode=111
06-04 11:23:58.153 I/DefaultIMS( 1440): onKeyDown: keyoCode=111
06-04 11:23:58.154 W/ContextImpl( 689): Calling a method in the system process without a qualified user: android.app.ContextImpl.sendBroadcast:1319 android.app.ContextImpl.closeSystemDialogs:3630 com.android.server.policy.PhoneWindowManager.interceptUnhandledKey:4002 com.android.server.policy.PhoneWindowManager.dispatchUnhandledKey:3908 com.android.server.wm.InputManagerCallback.dispatchUnhandledKey:193
06-04 11:23:58.159 D/WindowManagerShell( 939): TvPipMenuController: closeMenu()
06-04 11:23:58.159 I/WindowManagerShell( 939): TvPipMenuController: switchToMenuMode: setting mCurrentMenuMode=MODE_NO_MENU, mPrevMenuMode=MODE_NO_MENU
06-04 11:23:58.159 E/Hcdn_DeTask3999911026( 3472): HCDN_LOG: [T:4176][HINFO]:[f:PostNotifyInfo],[l:248], notify type(6),info({"BandWidth":-2,"IsAd":1,"IsP2P":1,"VID":""}
06-04 11:23:58.159 E/Hcdn_DeTask3999911026( 3472): )
06-04 11:23:58.159 E/playfilesourceNew( 3472): HCDN_LOG: [T:4173][HINFO]:[f:DoAsynNotifyInfoResponse],[l:2605],[TaskID(3999911026),type(6),msg({"BandWidth":-2,"IsAd":1,"IsP2P":1,"VID":""}
06-04 11:23:58.159 E/playfilesourceNew( 3472): )!]
06-04 11:23:58.161 I/vol.VolumeDialogImpl( 939): mDialog.dismiss() reason: volume_controller from: com.android.systemui.volume.VolumeDialogImpl$7.onDismissRequested:3
06-04 11:23:58.161 D/vol.VolumeDialogImpl( 939): dismissH: skipping dismiss because isAnimatingDismiss is true and showingStateInconsistent is false
06-04 11:23:58.162 E/hq ( 1441): HomeKeyReceiver:::onReceive android.intent.action.CLOSE_SYSTEM_DIALOGS
06-04 11:23:58.162 D/HomeKeyReceiver( 1441): reason:-----------null
06-04 11:23:58.170 D/AudioService( 689): Volume controller visible: false
06-04 11:23:58.224 I/SogouIME( 1440): onKeyUp: keyoCode=111
06-04 11:23:58.225 I/DefaultIMS( 1440): onKeyUp: keyoCode=111
06-04 11:23:58.260 E/Hcdn_DeTask3999911026( 3472): HCDN_LOG: [T:4176][HINFO]:[f:PostNotifyInfo],[l:248], notify type(6),info({"BandWidth":-2,"IsAd":1,"IsP2P":1,"VID":""}
06-04 11:23:58.260 E/Hcdn_DeTask3999911026( 3472): )
06-04 11:23:58.260 E/playfilesourceNew( 3472): HCDN_LOG: [T:4173][HINFO]:[f:DoAsynNotifyInfoResponse],[l:2605],[TaskID(3999911026),type(6),msg({"BandWidth":-2,"IsAd":1,"IsP2P":1,"VID":""}
06-04 11:23:58.260 E/playfilesourceNew( 3472): )!]
06-04 11:23:58.263 D/XM_HIDREAD( 1961): poll ret=1, event=1
06-04 11:23:58.263 D/XM_HIDREAD( 1961): [9 bytes]:01 00 00 00 00 00 00 00 00
06-04 11:23:58.265 I/SogouIME( 1440): onKeyUp: keyoCode=20
06-04 11:23:58.265 I/DefaultIMS( 1440): onKeyUp: keyoCode=20
06-04 11:23:58.301 I/audio_hw_hal_primary( 476): [audiohal_get_latency:1333] io 13: out:0xf07c5650 frames:1152 rate:48000 whole_latency:24 alsa_latency:24
06-04 11:23:58.302 I/audio_hw_hal_primary( 476): [audiohal_get_latency:1333] io 13: out:0xf07c5650 frames:1152 rate:48000 whole_latency:24 alsa_latency:24
06-04 11:23:58.323 I/audio_hw_hal_primary( 476): [audiohal_get_latency:1333] io 13: out:0xf07c5650 frames:1152 rate:48000 whole_latency:24 alsa_latency:24
06-04 11:23:58.323 I/audio_hw_hal_primary( 476): [audiohal_get_latency:1333] io 13: out:0xf07c5650 frames:1152 rate:48000 whole_latency:24 alsa_latency:24
06-04 11:23:58.338 D/TrafficStats( 1441): tagSocket(153) with statsTag=0xffffffff, statsUid=-1
06-04 11:23:58.343 I/SogouIME( 1440): onKeyDown: keyoCode=111
06-04 11:23:58.343 I/DefaultIMS( 1440): onKeyDown: keyoCode=111
06-04 11:23:58.344 W/ContextImpl( 689): Calling a method in the system process without a qualified user: android.app.ContextImpl.sendBroadcast:1319 android.app.ContextImpl.closeSystemDialogs:3630 com.android.server.policy.PhoneWindowManager.interceptUnhandledKey:4002 com.android.server.policy.PhoneWindowManager.dispatchUnhandledKey:3908 com.android.server.wm.InputManagerCallback.dispatchUnhandledKey:193
06-04 11:23:58.344 I/audio_hw_hal_primary( 476): [audiohal_get_latency:1333] io 13: out:0xf07c5650 frames:1152 rate:48000 whole_latency:24 alsa_latency:24
06-04 11:23:58.344 I/audio_hw_hal_primary( 476): [audiohal_get_latency:1333] io 13: out:0xf07c5650 frames:1152 rate:48000 whole_latency:24 alsa_latency:24
06-04 11:23:58.347 D/WindowManagerShell( 939): TvPipMenuController: closeMenu()
06-04 11:23:58.347 I/WindowManagerShell( 939): TvPipMenuController: switchToMenuMode: setting mCurrentMenuMode=MODE_NO_MENU, mPrevMenuMode=MODE_NO_MENU
06-04 11:23:58.349 I/vol.VolumeDialogImpl( 939): mDialog.dismiss() reason: volume_controller from: com.android.systemui.volume.VolumeDialogImpl$7.onDismissRequested:3
06-04 11:23:58.350 E/hq ( 1441): HomeKeyReceiver:::onReceive android.intent.action.CLOSE_SYSTEM_DIALOGS
06-04 11:23:58.350 D/HomeKeyReceiver( 1441): reason:-----------null
06-04 11:23:58.366 I/audio_hw_hal_primary( 476): [audiohal_get_latency:1333] io 13: out:0xf07c5650 frames:1152 rate:48000 whole_latency:24 alsa_latency:24
06-04 11:23:58.366 E/Hcdn_DeTask3999911026( 3472): HCDN_LOG: [T:4176][HINFO]:[f:PostNotifyInfo],[l:248], notify type(6),info({"BandWidth":-2,"IsAd":1,"IsP2P":1,"VID":""}
06-04 11:23:58.366 E/Hcdn_DeTask3999911026( 3472): )
06-04 11:23:58.366 I/audio_hw_hal_primary( 476): [audiohal_get_latency:1333] io 13: out:0xf07c5650 frames:1152 rate:48000 whole_latency:24 alsa_latency:24
06-04 11:23:58.366 E/playfilesourceNew( 3472): HCDN_LOG: [T:4173][HINFO]:[f:DoAsynNotifyInfoResponse],[l:2605],[TaskID(3999911026),type(6),msg({"BandWidth":-2,"IsAd":1,"IsP2P":1,"VID":""}
06-04 11:23:58.366 E/playfilesourceNew( 3472): )!]
06-04 11:23:58.391 I/audio_hw_hal_primary( 476): [audiohal_get_latency:1333] io 13: out:0xf07c5650 frames:1152 rate:48000 whole_latency:24 alsa_latency:24
06-04 11:23:58.391 I/audio_hw_hal_primary( 476): [audiohal_get_latency:1333] io 13: out:0xf07c5650 frames:1152 rate:48000 whole_latency:24 alsa_latency:24
06-04 11:23:58.413 I/audio_hw_hal_primary( 476): [audiohal_get_latency:1333] io 13: out:0xf07c5650 frames:1152 rate:48000 whole_latency:24 alsa_latency:24
06-04 11:23:58.413 I/audio_hw_hal_primary( 476): [audiohal_get_latency:1333] io 13: out:0xf07c5650 frames:1152 rate:48000 whole_latency:24 alsa_latency:24
06-04 11:23:58.421 I/q_h_c_s ( 3472): HCDN_LOG: [T:3977]SetState:1618,QTP State changed: QSD1R0_WAITFOR_CURLDNS_RESP ====> QSD1R0_WAITFOR_HTTP_RESP1 (reid: 17020428)
06-04 11:23:58.421 I/q_h_c_s ( 3472): HCDN_LOG: [T:3977]OnRecvHeader:4653,Received header (reid: 17020428)
06-04 11:23:58.421 I/q_h_c_s ( 3472): HTTP/1.1 200 OK
06-04 11:23:58.421 I/q_h_c_s ( 3472): Server: nginx
06-04 11:23:58.421 I/q_h_c_s ( 3472): Date: Wed, 04 Jun 2025 03:23:57 GMT
06-04 11:23:58.421 I/q_h_c_s ( 3472): Content-Type: text/html
06-04 11:23:58.421 I/q_h_c_s ( 3472): Content-Length: 0
06-04 11:23:58.421 I/q_h_c_s ( 3472): Connection: keep-alive
06-04 11:23:58.421 I/q_h_c_s ( 3472): Access-Control-Allow-Credentials: true
06-04 11:23:58.421 I/q_h_c_s ( 3472): Access-Control-Allow-Methods: GET, POST, PUT, DELETE, OPTIONS
06-04 11:23:58.421 I/q_h_c_s ( 3472): Access-Control-Allow-Headers: Accept,Authorization,Cache-Control,Content-Type,DNT,If-Modified-Since,Keep-Alive,Origin,User-Agent,X-Requested-With
06-04 11:23:58.421 I/q_h_c_s ( 3472):
06-04 11:23:58.421 I/q_h_c_s ( 3472):
06-04 11:23:58.423 I/q_h_c_s ( 3472): HCDN_LOG: [T:3977]ProcessCurlMsg:599,curl completed with code 0: No error (reid: 17020428, handle: 0xecd54850)
06-04 11:23:58.423 I/q_h_c_s ( 3472): HCDN_LOG: [T:3977]ProcessQtpStateWhenHttpDone:1821,Check QTP state, reid: 17020428, flags (isHijacked:0, isDataCallbacked:0, isHttpSockWorkable:0, isUproxyWorkable:0, isRange:0, isRangeLowSpeed:0, isUproxyOrHttp3RetryWorkable:0, http3RetryMode:0, isAltSvcRetryWorkable:0, isSpareIPWorkable:0)
06-04 11:23:58.424 I/q_h_c_s ( 3472): HCDN_LOG: [T:3977]SetState:1618,QTP State changed: QSD1R0_WAITFOR_HTTP_RESP1 ====> QS_SUCCESS (reid: 17020428)
06-04 11:23:58.424 I/q_h_c_s ( 3472): HCDN_LOG: [T:3977]ExecuteCallback:2569,HTTP time information: reid: 17020428, reqScheduleTime: 1749007435007, reqBeginTime: 1749007435007, qtpDnsEndTime: 1749007435832, startRecvHeaderTime: 1749007438419, startRecvBodyTime: 0, reqEndTime: 1749007438423
06-04 11:23:58.424 I/q_h_c_s ( 3472): HCDN_LOG: [T:3977]ExecuteCallback:2671,m_cQtpHttpFinishedCb is nullptr, skip callback (reid: 17020428)
06-04 11:23:58.424 I/q_h_c_s ( 3472): HCDN_LOG: [T:3977]ExecuteCallback:2676,Call QtpHttpCb callback (reid: 17020428, m_cQtpHttpCb: 0xad491125)
06-04 11:23:58.424 I/q_h_c_s ( 3472): HCDN_LOG: [T:3977]ExecuteCallback:2681,Start call m_cQtpHttpCb callback (reid: 17020428, m_cQtpHttpCb: 0xad491125)
06-04 11:23:58.424 I/CLog ( 3472): 2025-06-04 11:23:58.424 T:3977 DEBUG: qtp-load(34) QtpHttpHeaderFinishCallback reqid:17020428 adv_header:0
06-04 11:23:58.424 I/CLog ( 3472): 2025-06-04 11:23:58.424 T:3977 DEBUG: [34]RecordNewConnectCount, count:1
06-04 11:23:58.424 I/CLog ( 3472): 2025-06-04 11:23:58.424 T:3977 INFO: qtp-load(34) QtpHttpFinishCallback reqid:17020428
06-04 11:23:58.424 I/CLog ( 3472): 2025-06-04 11:23:58.424 T:3977 INFO: qtp-load(34): local:192.168.3.125 remote:124.237.225.21, DNS:790(ms) Connect:1135(ms) SSL Connect:0(ms) Recv Data:2111(ms) total:3416(ms), speed:0.00(KB/s)
