06-04 11:23:55.006 I/BitStreamMonitor@509f76d( 3472): stopStuckAllMonitor()
06-04 11:23:55.006 I/BitStreamMonitor@509f76d( 3472): stopPreviewStartMonitor() isAll=true
06-04 11:23:55.006 I/TvUniPlayer/UniPlayer@ca2c597( 3472): in handleMessage event:110
06-04 11:23:55.007 I/CLog ( 3472): 2025-06-04 11:23:55.007 T:4052 INFO: qtp-load(34) - Load, http://msg.ptqy.gitv.tv/v5/core/pstat?ptid=14025032401000000000&pf=3&c1=2&c2=&lvbck=&r=3082422542861000&aid=7362779503959101&u=tv_ffb55351f3aea58931690796f01ed55d_1749006460772_9900404006&pu=6040457410&os=android_034-01-01&v=2.1403.1.250523&krv=5.1.0202&krvb=15549&hcdnv=10.2.3.5212&lnv=&mdlm=&ra1=1&ra2=-1&ra3=500&ra4=25&ra5=100&ra6=0&va=0&as=2b4acc4073b9ea3040eade606bf771df&ve=a7dc9b5a66df1f87c8afe77eb474fe0b&islocal=0&ht=0&tpcd=&tpad=-1&drm_t=0&abr_t=0&abr_m=-1&abr_at=&abr_p=0_0&chipid=amlogic&mod=&nettype=11&ua_model=DBBOX-A3&rn=1749007435004&stime=1749007435004&vdurt=2725000&krus=tv_android_player&vpt=-100&p1=0&p2=0&pdc_src=-1&a_ra=&a_va=&prtype=0&smallplyrtp=&hwnp=&netmod=1&play_src=&mpi=&q_a=1&q_z=0&q_b=1&q_c=1_1&q_d=0_0&q_e=1_1&q_f=1_2_0&q_g=1_1&q_h=0_0&q_i=0_0_0&q_j=0_0&q_k=0_0_0&q_y=0
06-04 11:23:55.007 I/CLog ( 3472): 2025-06-04 11:23:55.007 T:4052 DEBUG: enter
06-04 11:23:55.007 I/q_h_c_s ( 3472): HCDN_LOG: [T:4052]qtp_destroy_req:506,Destroy qtp request (req: 0xecb1ae30)
06-04 11:23:55.007 I/q_h_c_s ( 3472): HCDN_LOG: [T:4052]qtp_remove_bundle:127,Remove qtp bundle (request: 0xecb1ae30)
06-04 11:23:55.007 I/q_h_c_s ( 3472): HCDN_LOG: [T:4052]~QtpHttpStatusCode:197,Delete QtpHttpStatusCode(address: 0xb5acdad0)
06-04 11:23:55.007 I/q_h_c_s ( 3472): HCDN_LOG: [T:4052]~QtpHttpResponse:1042,Delete QtpHttpResponse(address: 0xecc6b720)
06-04 11:23:55.007 I/q_h_c_s ( 3472): HCDN_LOG: [T:4052]qtp_remove_bundle:132,Remove qtp bundle success (request: 0xecb1ae30)
06-04 11:23:55.007 I/q_h_c_s ( 3472): HCDN_LOG: [T:4052]qtp_create_req:499,Create qtp request (req: 0xecb1ae30)
06-04 11:23:55.007 I/q_h_c_s ( 3472): HCDN_LOG: [T:4052]qtp_add_bundle:73,Add qtp bundle (request: 0xecb1ae30, response: 0x0, result: 0x0)
06-04 11:23:55.007 I/q_h_c_s ( 3472): HCDN_LOG: [T:4052]SetCQtpHttpCb:1062,SetCQtpHttpCb[1]: m_cQtpHttpCb: 0xad491125, m_callBackType: 2, reid: 17020428
06-04 11:23:55.007 I/q_h_c_s ( 3472): HCDN_LOG: [T:4052]qtp_sync_method:1758,Sync qtp request (req: 0xecb1ae30)
06-04 11:23:55.007 I/q_h_c_s ( 3472): HCDN_LOG: [T:4052]qtp_fetch_request:108,Fetch qtp request (request: 0xecb1ae30)
06-04 11:23:55.007 W/q_h_c_s ( 3472): HCDN_LOG: [T:4052]MethodLog:1333,QTP SyncGet (reid: 17020428, url: http://msg.ptqy.gitv.tv/v5/core/pstat?ptid=14025032401000000000&pf=3&c1=2&c2=&lvbck=&r=3082422542861000&aid=7362779503959101&u=tv_ffb55351f3aea58931690796f01ed55d_1749006460772_9900404006&pu=6040457410&os=android_034-01-01&v=2.1403.1.250523&krv=5.1.0202&krvb=15549&hcdnv=10.2.3.5212&lnv=&mdlm=&ra1=1&ra2=-1&ra3=500&ra4=25&ra5=100&ra6=0&va=0&as=2b4acc4073b9ea3040eade606bf771df&ve=a7dc9b5a66df1f87c8afe77eb474fe0b&islocal=0&ht=0&tpcd=&tpad=-1&drm_t=0&abr_t=0&abr_m=-1&abr_at=&abr_p=0_0&chipid=amlogic&mod=&nettype=11&ua_model=DBBOX-A3&rn=1749007435004&stime=1749007435004&vdurt=2725000&krus=tv_android_player&vpt=-100&p1=0&p2=0&pdc_src=-1&a_ra=&a_va=&prtype=0&smallplyrtp=&hwnp=&netmod=1&play_src=&mpi=&q_a=1&q_z=0&q_b=1&q_c=1_1&q_d=0_0&q_e=1_1&q_f=1_2_0&q_g=1_1&q_h=0_0&q_i=0_0_0&q_j=0_0&q_k=0_0_0&q_y=0, connect: 5001, read: 3000, strict: 0, qtp: 1, module: 3001)
06-04 11:23:55.007 I/q_h_c_s ( 3472): HCDN_LOG: [T:4052]SetState:1618,QTP State changed: QS_UNINIT ====> QSD1R0_START (reid: 17020428)
06-04 11:23:55.007 I/q_h_c_s ( 3472): HCDN_LOG: [T:4052]SetState:1618,QTP State changed: QSD1R0_START ====> QSD1R0_WAITFOR_FASTDNS_CACHE_RESP (reid: 17020428)
06-04 11:23:55.007 I/q_h_c_s ( 3472): HCDN_LOG: [T:4052]AddRequestedHttpInfo:5390,m_mapReqId2HttpInfo add reid: 17020428, taskID(0), range_offset(0), range_len(-1), m_mapReqId2HttpInfo(5)
06-04 11:23:55.007 I/q_h_c_s ( 3472): HCDN_LOG: [T:4052]CheckFastDnsIpv6:3322,Fastdns found ipv6 config (reid: 17020428, domain: msg.ptqy.gitv.tv, happy_time: -1, resolved_mode: 3, racing_uri: , aaaa_slow: 0, sort_conn: 0, enable_ratio: 100, auto_black: 0)
06-04 11:23:55.007 I/q_h_c_s ( 3472): HCDN_LOG: [T:4052]AddRequestedHttpInfo:5414,Query QtpDns (reid: 17020428, requestUrl: http://msg.ptqy.gitv.tv/v5/core/pstat?ptid=14025032401000000000&pf=3&c1=2&c2=&lvbck=&r=3082422542861000&aid=7362779503959101&u=tv_ffb55351f3aea58931690796f01ed55d_1749006460772_9900404006&pu=6040457410&os=android_034-01-01&v=2.1403.1.250523&krv=5.1.0202&krvb=15549&hcdnv=10.2.3.5212&lnv=&mdlm=&ra1=1&ra2=-1&ra3=500&ra4=25&ra5=100&ra6=0&va=0&as=2b4acc4073b9ea3040eade606bf771df&ve=a7dc9b5a66df1f87c8afe77eb474fe0b&islocal=0&ht=0&tpcd=&tpad=-1&drm_t=0&abr_t=0&abr_m=-1&abr_at=&abr_p=0_0&chipid=amlogic&mod=&nettype=11&ua_model=DBBOX-A3&rn=1749007435004&stime=1749007435004&vdurt=2725000&krus=tv_android_player&vpt=-100&p1=0&p2=0&pdc_src=-1&a_ra=&a_va=&prtype=0&smallplyrtp=&hwnp=&netmod=1&play_src=&mpi=&q_a=1&q_z=0&q_b=1&q_c=1_1&q_d=0_0&q_e=1_1&q_f=1_2_0&q_g=1_1&q_h=0_0&q_i=0_0_0&q_j=0_0&q_k=0_0_0&q_y=0)
06-04 11:23:55.007 I/q_h_c_s ( 3472): HCDN_LOG: [T:4052]AddWaitForQtpDnsHttpReq:795,Added wait for QTP DNS HTTP request, reid: 17020428
06-04 11:23:55.007 I/q_h_c_s ( 3472): HCDN_LOG: [T:4052]QueryDns:1324,Querying QTPDNS (reid: 17020428, domain: msg.ptqy.gitv.tv)
06-04 11:23:55.007 I/q_h_c_s ( 3472): HCDN_LOG: [T:4052]QueryFastDns:1048,Querying Fast DNS (reid: 17020428, domain: msg.ptqy.gitv.tv)
06-04 11:23:55.007 I/q_h_c_s ( 3472): HCDN_LOG: [T:4052]QueryFastDns:1103,Querying Fast DNS Cache, reset read timeout: 100 (reid: 17020428)
06-04 11:23:55.007 I/q_h_c_s ( 3472): HCDN_LOG: [T:4052]QueryFastDns:1126,Sending Fast DNS Request, url: http://127.0.0.1:1971/md, body: {
06-04 11:23:55.007 I/q_h_c_s ( 3472): "query" : [
06-04 11:23:55.007 I/q_h_c_s ( 3472): {
06-04 11:23:55.007 I/q_h_c_s ( 3472): "dn" : "msg.ptqy.gitv.tv",
06-04 11:23:55.007 I/q_h_c_s ( 3472): "qtype" : "aaaa"
06-04 11:23:55.007 I/q_h_c_s ( 3472): },
06-04 11:23:55.007 I/q_h_c_s ( 3472): {
06-04 11:23:55.007 I/q_h_c_s ( 3472): "dn" : "msg.ptqy.gitv.tv",
06-04 11:23:55.007 I/q_h_c_s ( 3472): "qtype" : "a"
06-04 11:23:55.007 I/q_h_c_s ( 3472): }
06-04 11:23:55.007 I/q_h_c_s ( 3472): ]
06-04 11:23:55.007 I/q_h_c_s ( 3472): }
06-04 11:23:55.007 I/q_h_c_s ( 3472): (reid: 17020428)
06-04 11:23:55.007 W/q_h_c_s ( 3472): HCDN_LOG: [T:4052]MethodLog:1333,QTP AsyncPost (reid: 17020429, url: http://127.0.0.1:1971/md, connect: 150, read: 100, strict: 0, qtp: 0, module: 14)
06-04 11:23:55.007 I/q_h_c_s ( 3472): HCDN_LOG: [T:4052]AddRequestedHttpInfo:5390,m_mapReqId2HttpInfo add reid: 17020429, taskID(0), range_offset(0), range_len(-1), m_mapReqId2HttpInfo(6)
06-04 11:23:55.008 I/CLog ( 3472): 2025-06-04 11:23:55.008 T:4053 INFO: AddPlayStopTask 3082422542861000
06-04 11:23:55.008 I/CLog ( 3472): 2025-06-04 11:23:55.008 T:4053 DEBUG: not member
06-04 11:23:55.008 I/CLog ( 3472): 2025-06-04 11:23:55.006 T:5719 INFO: [10002]PlayController::Stop begin
06-04 11:23:55.008 I/CLog ( 3472): 2025-06-04 11:23:55.008 T:5719 DEBUG: MessageCenter::RemoveMsgBySenderID(sender_id:64)
06-04 11:23:55.008 I/CLog ( 3472): 2025-06-04 11:23:55.008 T:5719 INFO: PlayController::Stop end
06-04 11:23:55.008 I/CLog ( 3472): 2025-06-04 11:23:55.008 T:5719 INFO: DestroyModel:0xb37d94c0
06-04 11:23:55.008 I/CLog ( 3472): 2025-06-04 11:23:55.008 T:5719 INFO: SetSeekingState 0
06-04 11:23:55.008 I/CLog ( 3472): 2025-06-04 11:23:55.008 T:5719 INFO: SetCorePlayerState:CPS_Stopped
06-04 11:23:55.008 I/CLog ( 3472):
06-04 11:23:55.008 I/CLog ( 3472): 2025-06-04 11:23:55.008 T:5719 INFO: SetMctoPlayerState:PS_End
06-04 11:23:55.008 I/CLog ( 3472):
06-04 11:23:55.008 I/CLog ( 3472): 2025-06-04 11:23:55.008 T:5719 INFO: IMctoPlayerHandlerProxy::OnPlayerStateChanged:128
06-04 11:23:55.008 I/UNIPLAYERSDK( 3472): PumaPlayerListener.cpp:105 OnPlayerStateChanged 128
06-04 11:23:55.008 I/CLog ( 3472): 2025-06-04 11:23:55.008 T:5719 DEBUG: SetWaiting, ignore this stuck! continuestuck:1, seekingtime:0, videoswitching:0, from_wakeup:0, stuck:1, streamstatus:0, is_seeking 0
06-04 11:23:55.008 I/CLog ( 3472): 2025-06-04 11:23:55.008 T:5719 INFO: Stop Complete,consume: 3 ms, stop video:0, destroy model:2
06-04 11:23:55.008 I/CLog ( 3472): 2025-06-04 11:23:55.008 T:5719 INFO: ProcessUserActionMessage, Stop End consume time(4)
06-04 11:23:55.011 V/UFUnilog( 3472): api_group_impl.cpp : 434 PingbackSdk {fuc=APIGroupImpl:call(),name=babel_pb,params=0xb679a43c,callback=0xaa3407f0}
06-04 11:23:55.011 W/UFUnilog( 3472): api_group_impl.cpp : 890 PingbackSdk {fuc=APIGroupImpl:BuildRequest(),logtag=babel_pb_173,interface_msg=Null formdata Parameters!}
06-04 11:23:55.011 D/UFUnilog( 3472): api_group_impl.cpp : 1051 PingbackSdk {fuc=APIGroupImpl:BuildRequest(),logtag=babel_pb_173,request_type=1,client_type=0}
06-04 11:23:55.011 D/UNIPLAYERSDK( 3472): BaseState.cpp:42 [PumaPlayerAdaptor@0xe5ea1fc4@0xb38724e8]{fm(KMSG_STATEENTER_STOPPED),ret(0),at(10,9583,9593),s(12,-2,-2,-2,12),fm=Message@0xecb75b70{what=24117354,when=18446744073709551615,arg1=11,arg2=-1111111111,arg3=-1111111111,str=,timeout=0,obj=0x0,runnable=0x0,target=0x0,watchDogOp=0x0}
06-04 11:23:55.012 D/UNIPLAYERSDK( 3472): BaseState.cpp:56 [PumaPlayerAdaptor@0xe5ea1fc4@0xb38724e8]{fm(KMSG_STATEENTER_STOPPED),o(AudioPrevi)-t(0,9583,9583),o(BitstreamS)-t(0,9585,9585),o(CarouselPr)-t(0,9585,9585),o(FastHelper)-t(0,9583,9583),o(HeaderTail)-t(0,9583,9583),o(HighLights)-t(0,9583,9583),o(InteractPr)-t(0,9585,9585),o(LivePrevie)-t(0,9585,9585),o(MediaPlaye)-t(8,9585,9593),o(MovieVVInf)-t(0,9585,9585),o(PPrecacher)-t(0,9585,9585),o(PlayerStuc)-t(0,9585,9585),o(PumaAbsCmd)-t(0,9585,9585),o(PumaAdvert)-t(2,9583,9585),o(PumaBuffer)-t(0,9585,9585),o(PumaError@)-t(0,9585,9585),o(PumaMediaD)-t(0,9583,9583),o(PumaPlayer)-t(0,9585,9585),o(PumaRate@0)-t(0,9585,9585),o(PumaSegmen)-t(0,9585,9585),o(PumaSubtit)-t(0,9585,9585),o(RefreshAcc)-t(0,9583,9583),o(RefreshSer)-t(0,9583,9583),o(SceneKeepe)-t(0,9583,9583),o(SetRate@0x)-t(0,9585,9585),o(SwitchEpis)-t(0,9585,9585),o(VideoPlayC)-t(0,9583,9583)}
06-04 11:23:55.012 D/UNIPLAYERSDK( 3472): BaseState.cpp:42 [PumaPlayerAdaptor@0xe5ea1fc4@0xb3850768]{fm(KMSG_ACTION_STOP),ret(0),at(104,9490,9594),s(11,12,-2,-2,12),fm=Message@0xecb7bb10{what=1048595,when=18446744073709551615,arg1=-1111111111,arg2=-1111111111,arg3=-1111111111,str=,timeout=0,obj=0x0,runnable=0x0,target=0x0,watchDogOp=0x0}
06-04 11:23:55.012 D/UNIPLAYERSDK( 3472): BaseState.cpp:56 [PumaPlayerAdaptor@0xe5ea1fc4@0xb3850768]{fm(KMSG_ACTION_STOP),o(AudioPrevi)-t(0,9490,9490),o(BitstreamS)-t(0,9568,9568),o(CarouselPr)-t(0,9568,9568),o(FastHelper)-t(0,9490,9490),o(HeaderTail)-t(0,9490,9490),o(HighLights)-t(0,9490,9490),o(InteractPr)-t(0,9567,9567),o(LivePrevie)-t(0,9567,9567),o(MediaPlaye)-t(0,9582,9582),o(MovieVVInf)-t(0,9568,9568),o(PPrecacher)-t(1,9567,9568),o(PlayerStuc)-t(0,9568,9568),o(PumaAbsCmd)-t(0,9568,9568),o(PumaAdvert)-t(77,9490,9567),o(PumaBuffer)-t(0,9567,9567),o(PumaError@)-t(0,9567,9567),o(PumaMediaD)-t(0,9490,9490),o(PumaPlayer)-t(0,9567,9567),o(PumaRate@0)-t(0,9567,9567),o(PumaSegmen)-t(0,9567,9567),o(PumaSubtit)-t(0,9567,9567),o(RefreshAcc)-t(0,9490,9490),o(RefreshSer)-t(0,9490,9490),o(SceneKeepe)-t(0,9490,9490),o(SetRate@0x)-t(0,9568,9568),o(SwitchEpis)-t(0,9568,9568),o(VideoPlayC)-t(0,9490,9490)}
06-04 11:23:55.012 I/UNIPLAYERSDK( 3472): MediaPlayerAdaptor.cpp:297 [PumaPlayerAdaptor@0xe5ea1fc4]doHandleMessage(KMSG_ADAPTOR_SETABSENABLED, arg1:-111, arg2:-111)
06-04 11:23:55.012 I/UNIPLAYERSDK( 3472): PumaPlayer.cpp:333 [PumaPlayer@0xab381cbc]setAbsEnabled() {"set_abs_open":0,"set_bid_range":"","set_open_manual_switch":0}
06-04 11:23:55.012 I/UNIPLAYERSDK( 3472): PumaPlayer.cpp:966 [PumaPlayer@0xab381cbc]InvokeMctoPlayerCommand(), command = 18, command_params = {"set_abs_open":0,"set_bid_range":"","set_open_manual_switch":0}
06-04 11:23:55.012 I/UNIPLAYERSDK( 3472): , buffer = 0x0
06-04 11:23:55.012 I/CLog ( 3472): 2025-06-04 11:23:55.012 T:3585 INFO: InvokeCmd:ABS params={"set_abs_open":0,"set_bid_range":"","set_open_manual_switch":0}
06-04 11:23:55.012 I/CLog ( 3472):
06-04 11:23:55.012 I/CLog ( 3472): 2025-06-04 11:23:55.012 T:3585 INFO: [0xb27c7b70]CMctoMediaPlayer::StartAdaptiveBitStream:open=0, mode=-1
06-04 11:23:55.016 V/UNIPLAYERSDK( 3472): MediaPlayerListenerContainer.cpp:825 HandleAdaptorMessage() msg = KMSG_ADAPTOR_SETABSENABLED
06-04 11:23:55.016 D/UNIPLAYERSDK( 3472): BaseState.cpp:42 [PumaPlayerAdaptor@0xe5ea1fc4@0xb3850768]{fm(KMSG_ADAPTOR_SETABSENABLED),ret(0),at(4,9594,9598),s(12,-2,-2,-2,12),fm=Message@0xecb5c490{what=6291578,when=1109570,arg1=-1111111111,arg2=-1111111111,arg3=-1111111111,str={"set_abs_open":0,"set_bid_range":"","set_open_manual_switch":0}
06-04 11:23:55.016 D/UNIPLAYERSDK( 3472): ,timeout=0,obj=0x0,runnable=0x0,target=0xb3846a20,watchDogOp=0x0}
06-04 11:23:55.016 I/audio_hw_hal_primary( 476): [audiohal_get_latency:1333] io 13: out:0xf07c5650 frames:1152 rate:48000 whole_latency:24 alsa_latency:24
06-04 11:23:55.016 D/UNIPLAYERSDK( 3472): BaseState.cpp:56 [PumaPlayerAdaptor@0xe5ea1fc4@0xb3850768]{fm(KMSG_ADAPTOR_SETABSENABLED),o(AudioPrevi)-t(0,9594,9594),o(BitstreamS)-t(0,9594,9594),o(CarouselPr)-t(0,9594,9594),o(FastHelper)-t(0,9594,9594),o(HeaderTail)-t(0,9594,9594),o(HighLights)-t(0,9594,9594),o(InteractPr)-t(0,9594,9594),o(LivePrevie)-t(0,9594,9594),o(MediaPlaye)-t(0,9598,9598),o(MovieVVInf)-t(0,9594,9594),o(PPrecacher)-t(0,9594,9594),o(PlayerStuc)-t(0,9594,9594),o(PumaAbsCmd)-t(0,9594,9594),o(PumaAdvert)-t(0,9594,9594),o(PumaBuffer)-t(0,9594,9594),o(PumaError@)-t(0,9594,9594),o(PumaMediaD)-t(0,9594,9594),o(PumaPlayer)-t(0,9594,9594),o(PumaRate@0)-t(0,9594,9594),o(PumaSegmen)-t(0,9594,9594),o(PumaSubtit)-t(0,9594,9594),o(RefreshAcc)-t(0,9594,9594),o(RefreshSer)-t(0,9594,9594),o(SceneKeepe)-t(0,9594,9594),o(SetRate@0x)-t(0,9594,9594),o(SwitchEpis)-t(0,9594,9594),o(VideoPlayC)-t(0,9594,9594)}
06-04 11:23:55.016 I/UNIPLAYERSDK( 3472): MediaPlayerAdaptor.cpp:297 [PumaPlayerAdaptor@0xe5ea1fc4]doHandleMessage(KMSG_ADAPTOR_SETABSINFO, arg1:-111, arg2:-111)
06-04 11:23:55.016 D/UNIPLAYERSDK( 3472): PumaPlayerAdaptor.cpp:563 [PumaPlayerAdaptor@0xe5ea1fc4]KMSG_ADAPTOR_SETABSINFO
06-04 11:23:55.016 I/UNIPLAYERSDK( 3472): PumaPlayer.cpp:342 [PumaPlayer@0xab381cbc]setAbsInfo() {"name":"EnableMeasureBandwidth","value":"{\"interval\":1000,\"range\":5000}\n"}
06-04 11:23:55.016 I/UNIPLAYERSDK( 3472): PumaPlayer.cpp:966 [PumaPlayer@0xab381cbc]InvokeMctoPlayerCommand(), command = 33, command_params = {"name":"EnableMeasureBandwidth","value":"{\"interval\":1000,\"range\":5000}\n"}
06-04 11:23:55.016 I/UNIPLAYERSDK( 3472): , buffer = 0x0
06-04 11:23:55.016 I/CLog ( 3472): 2025-06-04 11:23:55.016 T:3585 DEBUG: HCDNABSClient::SetParam name=EnableMeasureBandwidth, value={"interval":1000,"range":5000}
06-04 11:23:55.016 I/CLog ( 3472):
06-04 11:23:55.016 W/abs ( 3472): HCDN_LOG: [T:3585][func:SetParam],[line:744],e5385310 szParamName = EnableMeasureBandwidth, szParamValue = {"interval":1000,"range":5000}
06-04 11:23:55.017 V/UNIPLAYERSDK( 3472): MediaPlayerListenerContainer.cpp:825 HandleAdaptorMessage() msg = KMSG_ADAPTOR_SETABSINFO
06-04 11:23:55.017 D/UNIPLAYERSDK( 3472): BaseState.cpp:42 [PumaPlayerAdaptor@0xe5ea1fc4@0xb3850768]{fm(KMSG_ADAPTOR_SETABSINFO),ret(0),at(1,9598,9599),s(12,-2,-2,-2,12),fm=Message@0xecb7a170{what=6291584,when=1109570,arg1=-1111111111,arg2=-1111111111,arg3=-1111111111,str={"name":"EnableMeasureBandwidth","value":"{\"interval\":1000,\"range\":5000}\n"}
06-04 11:23:55.017 D/UNIPLAYERSDK( 3472): ,timeout=0,obj=0x0,runnable=0x0,target=0xb3846a20,watchDogOp=0x0}
06-04 11:23:55.017 D/UNIPLAYERSDK( 3472): BaseState.cpp:56 [PumaPlayerAdaptor@0xe5ea1fc4@0xb3850768]{fm(KMSG_ADAPTOR_SETABSINFO),o(AudioPrevi)-t(0,9598,9598),o(BitstreamS)-t(0,9598,9598),o(CarouselPr)-t(0,9598,9598),o(FastHelper)-t(0,9598,9598),o(HeaderTail)-t(0,9598,9598),o(HighLights)-t(0,9598,9598),o(InteractPr)-t(0,9598,9598),o(LivePrevie)-t(0,9598,9598),o(MediaPlaye)-t(0,9599,9599),o(MovieVVInf)-t(0,9598,9598),o(PPrecacher)-t(0,9598,9598),o(PlayerStuc)-t(0,9598,9598),o(PumaAbsCmd)-t(0,9598,9598),o(PumaAdvert)-t(0,9598,9598),o(PumaBuffer)-t(0,9598,9598),o(PumaError@)-t(0,9598,9598),o(PumaMediaD)-t(0,9598,9598),o(PumaPlayer)-t(0,9598,9598),o(PumaRate@0)-t(0,9598,9598),o(PumaSegmen)-t(0,9598,9598),o(PumaSubtit)-t(0,9598,9598),o(RefreshAcc)-t(0,9598,9598),o(RefreshSer)-t(0,9598,9598),o(SceneKeepe)-t(0,9598,9598),o(SetRate@0x)-t(0,9598,9598),o(SwitchEpis)-t(0,9598,9598),o(VideoPlayC)-t(0,9598,9598)}
06-04 11:23:55.017 I/UNIPLAYERSDK( 3472): PumaAdvertisement.cpp:593 [PumaAdvertisement@0xa6d11fcc]PumaAdCallbackType = 0
06-04 11:23:55.017 D/UNIPLAYERSDK( 3472): PumaAdvertisement.cpp:598 [PumaAdvertisement@0xa6d11fcc]slot! showflag=0, slottype=0
06-04 11:23:55.017 I/UNIPLAYERSDK( 3472): MediaPlayerAdaptor.cpp:297 [PumaPlayerAdaptor@0xe5ea1fc4]doHandleMessage(KMSG_PUMAPLAYER_EVENT_ADCALLBACK, arg1:0, arg2:-111)
06-04 11:23:55.017 D/UNIPLAYERSDK( 3472): BaseState.cpp:42 [PumaPlayerAdaptor@0xe5ea1fc4@0xb3850768]{fm(KMSG_PUMAPLAYER_EVENT_ADCALLBACK),ret(0),at(0,9599,9599),s(12,-2,-2,-2,12),fm=Message@0xecb70490{what=7340169,when=1109587,arg1=0,arg2=-1111111111,arg3=-1111111111,str={"slot_type":0,"show":0},timeout=0,obj=0x0,runnable=0x0,target=0xb7bdde90,watchDogOp=0x0}
06-04 11:23:55.017 D/UNIPLAYERSDK( 3472): BaseState.cpp:56 [PumaPlayerAdaptor@0xe5ea1fc4@0xb3850768]{fm(KMSG_PUMAPLAYER_EVENT_ADCALLBACK),o(AudioPrevi)-t(0,9599,9599),o(BitstreamS)-t(0,9599,9599),o(CarouselPr)-t(0,9599,9599),o(FastHelper)-t(0,9599,9599),o(HeaderTail)-t(0,9599,9599),o(HighLights)-t(0,9599,9599),o(InteractPr)-t(0,9599,9599),o(LivePrevie)-t(0,9599,9599),o(MediaPlaye)-t(0,9599,9599),o(MovieVVInf)-t(0,9599,9599),o(PPrecacher)-t(0,9599,9599),o(PlayerStuc)-t(0,9599,9599),o(PumaAbsCmd)-t(0,9599,9599),o(PumaAdvert)-t(0,9599,9599),o(PumaBuffer)-t(0,9599,9599),o(PumaError@)-t(0,9599,9599),o(PumaMediaD)-t(0,9599,9599),o(PumaPlayer)-t(0,9599,9599),o(PumaRate@0)-t(0,9599,9599),o(PumaSegmen)-t(0,9599,9599),o(PumaSubtit)-t(0,9599,9599),o(RefreshAcc)-t(0,9599,9599),o(RefreshSer)-t(0,9599,9599),o(SceneKeepe)-t(0,9599,9599),o(SetRate@0x)-t(0,9599,9599),o(SwitchEpis)-t(0,9599,9599),o(VideoPlayC)-t(0,9599,9599)}
06-04 11:23:55.017 I/UNIPLAYERSDK( 3472): MediaPlayerAdaptor.cpp:297 [PumaPlayerAdaptor@0xe5ea1fc4]doHandleMessage(KMSG_PUMAPLAYER_EVENT_PLAYERSTATECHANGED, arg1:128, arg2:-111)
06-04 11:23:55.017 D/UNIPLAYERSDK( 3472): BaseState.cpp:42 [PumaPlayerAdaptor@0xe5ea1fc4@0xb3850768]{fm(KMSG_PUMAPLAYER_EVENT_PLAYERSTATECHANGED),ret(0),at(0,9599,9599),s(12,-2,-2,-2,12),fm=Message@0xecb7c790{what=7340167,when=1109590,arg1=128,arg2=-1111111111,arg3=-1111111111,str=,timeout=0,obj=0x0,runnable=0x0,target=0xb7bdde90,watchDogOp=0x0}
06-04 11:23:55.017 D/UNIPLAYERSDK( 3472): BaseState.cpp:56 [PumaPlayerAdaptor@0xe5ea1fc4@0xb3850768]{fm(KMSG_PUMAPLAYER_EVENT_PLAYERSTATECHANGED),o(AudioPrevi)-t(0,9599,9599),o(BitstreamS)-t(0,9599,9599),o(CarouselPr)-t(0,9599,9599),o(FastHelper)-t(0,9599,9599),o(HeaderTail)-t(0,9599,9599),o(HighLights)-t(0,9599,9599),o(InteractPr)-t(0,9599,9599),o(LivePrevie)-t(0,9599,9599),o(MediaPlaye)-t(0,9599,9599),o(MovieVVInf)-t(0,9599,9599),o(PPrecacher)-t(0,9599,9599),o(PlayerStuc)-t(0,9599,9599),o(PumaAbsCmd)-t(0,9599,9599),o(PumaAdvert)-t(0,9599,9599),o(PumaBuffer)-t(0,9599,9599),o(PumaError@)-t(0,9599,9599),o(PumaMediaD)-t(0,9599,9599),o(PumaPlayer)-t(0,9599,9599),o(PumaRate@0)-t(0,9599,9599),o(PumaSegmen)-t(0,9599,9599),o(PumaSubtit)-t(0,9599,9599),o(RefreshAcc)-t(0,9599,9599),o(RefreshSer)-t(0,9599,9599),o(SceneKeepe)-t(0,9599,9599),o(SetRate@0x)-t(0,9599,9599),o(SwitchEpis)-t(0,9599,9599),o(VideoPlayC)-t(0,9599,9599)}
06-04 11:23:55.018 I/CLog ( 3472): 2025-06-04 11:23:55.018 T:5721 INFO: RM_RE::2,RENDER_CLEAR_SUBTITLE
06-04 11:23:55.019 I/CLog ( 3472): 2025-06-04 11:23:55.019 T:5719 ERROR: GetBidRange, parse json falied
06-04 11:23:55.023 I/SogouIME( 1440): onKeyUp: keyoCode=19
06-04 11:23:55.023 I/DefaultIMS( 1440): onKeyUp: keyoCode=19
06-04 11:23:55.026 I/q_h_c_s ( 3472): HCDN_LOG: [T:3977]SetCurlLowSpeed:3813,curl_easy_setopt CURLOPT_LOW_SPEED_TIME success for global (reid: 17020425, time: 10)
06-04 11:23:55.026 W/q_h_c_s ( 3472): HCDN_LOG: [T:3977]SetCurlTimeout:4095,curl_easy_setopt CURLOPT_CONNECTTIMEOUT_MS success (reid: 17020425, timeout: 150)
06-04 11:23:55.026 W/q_h_c_s ( 3472): HCDN_LOG: [T:3977]SetCurlTimeout:4161,curl_easy_setopt CURLOPT_TIMEOUT_MS success (reid: 17020425, timeout: 100)
06-04 11:23:55.026 I/q_h_c_s ( 3472): HCDN_LOG: [T:3977]SetCurlPostData:4319,curl_easy_setopt CURLOPT_POSTFIELDSIZE success (reid: 17020425, length: 178)
06-04 11:23:55.026 I/q_h_c_s ( 3472): HCDN_LOG: [T:3977]SetEasyOpt:1741,curl_easy_setopt CURLOPT_Q_ENABLE_ASYNTHREAD_NOWAIT success (reid: 17020425)
06-04 11:23:55.026 W/q_h_c_s ( 3472): HCDN_LOG: [T:3977]AddToMultiHandle:1145,AddToMultiHandle reid: 17020425, taskid(0), moduleId(14), offset(0), length(-1), CURL(0xa8b07e50), m_mapRun(1), m_mapReqId2EasyHandle(1), m_vecModuleRun(0,0,1,0,0,0,0,0,0)
06-04 11:23:55.040 I/SogouIME( 1440): onKeyUp: keyoCode=23
06-04 11:23:55.040 I/DefaultIMS( 1440): onKeyUp: keyoCode=23
06-04 11:23:55.058 E/Hcdn_DeTask3999911026( 3472): HCDN_LOG: [T:4176][HINFO]:[f:PostNotifyInfo],[l:248], notify type(6),info({"BandWidth":6488064,"IsAd":1,"IsP2P":1,"VID":""}
06-04 11:23:55.058 E/Hcdn_DeTask3999911026( 3472): )
06-04 11:23:55.058 E/Hcdn_DeTask318584460( 3472): HCDN_LOG: [T:4176][HINFO]:[f:PostNotifyInfo],[l:248], notify type(6),info({"BandWidth":-2,"IsAd":1,"IsP2P":1,"VID":""}
06-04 11:23:55.058 E/Hcdn_DeTask318584460( 3472): )
06-04 11:23:55.058 E/playfilesourceNew( 3472): HCDN_LOG: [T:4173][HINFO]:[f:DoAsynNotifyInfoResponse],[l:2605],[TaskID(3999911026),type(6),msg({"BandWidth":6488064,"IsAd":1,"IsP2P":1,"VID":""}
06-04 11:23:55.058 E/playfilesourceNew( 3472): )!]
06-04 11:23:55.059 E/abs_info( 3472): HCDN_LOG: [T:4173][HINFO]:[f:PostABSInfo],[l:7214],Task(13), SetABSInterface ret(0) SetParam("DownloadStatusByHcdn", {"BandWidth":6488064,"BandWidth_1":7888896,"IsAd":1,"IsP2P":1,"VID":""}
06-04 11:23:55.059 E/abs_info( 3472): )
06-04 11:23:55.059 E/playfilesourceNew( 3472): HCDN_LOG: [T:4173][HINFO]:[f:DoAsynNotifyInfoResponse],[l:2605],[TaskID(318584460),type(6),msg({"BandWidth":-2,"IsAd":1,"IsP2P":1,"VID":""}
06-04 11:23:55.059 E/playfilesourceNew( 3472): )!]
06-04 11:23:55.105 V/UFUnilog( 3472): UFNEasyCurlClientImpl.cpp : 66 PingbackSdk {fuc=UFNEasyCurlClientImpl:Perform(),logtag=babel_pb_171,interface_msg=out}
06-04 11:23:55.106 V/UFUnilog( 3472): api_engine.cpp : 189 PingbackSdk {fuc=APIEngine:Call(),logtag=babel_pb_171,interface_msg=Start Try!,try_count=1}
06-04 11:23:55.130 I/BLE_Service( 6578): mStartDiscoveryRunnable, return for nonGTV or usersetup finished
06-04 11:23:55.144 I/audio_hw_hal_primary( 476): [audiohal_get_latency:1333] io 13: out:0xf07c5650 frames:1152 rate:48000 whole_latency:24 alsa_latency:24
06-04 11:23:55.144 I/audio_hw_hal_primary( 476): [audiohal_get_latency:1333] io 13: out:0xf07c5650 frames:1152 rate:48000 whole_latency:24 alsa_latency:24
06-04 11:23:55.144 I/audio_hw_hal_primary( 476): [audiohal_get_latency:1333] io 13: out:0xf07c5650 frames:1152 rate:48000 whole_latency:24 alsa_latency:24
06-04 11:23:55.149 I/PlayThreadMonitor( 3472): in playerthread monitor handler
06-04 11:23:55.149 I/PlayThreadMonitor( 3472): in monitor runnable
06-04 11:23:55.151 D/PINGBACKSDK( 3472): PlayerPbApi.cpp:38 PingbackLog: send success! http://msg.ptqy.gitv.tv/b/3_31_312:116.211.189.249,playersleep:msg=[{"abr_at":"nonabs","abs_type":"0","absopenstatus":"0","alanid":"0_","audiotype":"0","brlevel":"100","c1":"0","deviceid":"tv_ffb55351f3aea58931690796f01ed55d_1749006460772_9900404006","dfp":"","diy_adseamless":"0","diy_sfrom":"idle","dlbpssmd":"0","drm_v":"","drmstat":"0","drmt":"none","duby":"-1","fa":"104","fakeabs":"","fr":"25","hcdninit":"success","hcdnlsmhd":"-1","hcdnromsz":"4","hcdnst":"-1","hcdnv":"10.2.3.5212","hdmpssmd":"0","ht":"","hu":"-1","hwver":"DBBOX-A3","is264ts":"0","is_cuva":"0","is_iqhimero":"","ispre":"","isroot":"1","iszqyh":"0","lch_ver":"1.7","livenetst":"-1","livenetv":"6.24.26.354","lsv":"18.0.1.5212","mkey":"20200817110900551NKVuEWAfr101626","mod":"cn_s","os":"
06-04 11:23:55.151 D/PINGBACKSDK( 3472): PlayerPbApi.cpp:40 PingbackLog: send success! playersleep:34","outline":"","p1":"3_31_312","p2":"3128","p_hdcpctrl":"","p_wtmark":"","pbv":"","play_t":"0","plyerm":"vod","plyert":"native_advance","procid":"3472","psc1":"0","psp_4kh264":"1","psp_4kh265":"1","psp_dolby":"1","psp_dv":"0","psp_edr":"","psp_h264":"1","psp_h265":"1","psp_hdr10":"1","psp_ratedef":"10","psp_ratedefdv":"10","psp_ratedefhdr":"","pt":"0","pu":"6040457410","qyctx":"F4473C91B77028CDDBE404B5C7899B6423958D72757BB48A205B3ECF548EFA35FBE8F82384B42FAF07E7D871B0AEA7FFCEE053F215865AC52E670BF1DEC728F80BA088A56D05964F2A2948EA8132EBDE731C47B3B948EB130B43311B553F3271","qyctxv":"1","r":"3082422542861000","ra":"0","rachannel":"1","ravd":"0","ravd_auth":"-1","re":"1920x1080","rn":"3760645862"
06-04 11:23:55.151 D/PINGBACKSDK( 3472): PlayerPbApi.cpp:40 PingbackLog: send success! playersleep:,"romrsz":"54533","romsz":"55669","sdkv":"1.1403.1.06053","second_cate":"","skipabssize":"","spkpssmd":"0","spth265":"1","stauto_support":"0","stime":"1749007299787","stype":"0","t":"12","term":{"brand":"Amlogic","chip":"","core":"4","cpu_arch":"8","cpu_freq":"2508000","cpu_implementer":"65","cpu_part":"3333","cpu_processor":"","diy_hwver":"DBBOX-A3","dolbycodec":"-1","firmver":"UD2A.240505.001.W1.eng.server.20250603.184510 release-keys","high_end":"-1","hpformance":"","hwprod":"","hwversub":"","memory":"3677","p_hdcp":"","p_maxhdcp":"","rammode":"","vendor":""},"tvs2":"simple_sdk","u":"tv_ffb55351f3aea58931690796f01ed55d","usehcdn":"0","v":"2.1403.1.250523","vcodec":"0","vdprctp":"1","ve":"
06-04 11:23:55.151 D/PINGBACKSDK( 3472): PlayerPbApi.cpp:35 PingbackLog: send success! playersleep:1749007349290D453606DE713A473EB9","vsp_4kh264":"1","vsp_4kh265":"1","vsp_8k":"0","vsp_daudio":"1","vsp_dv":"0","vsp_edr":"0","vsp_h265":"1","vsp_hdr10":"1","vsp_ratedef":"10","vsp_ratedefEdr":"-1","vsp_ratedefdolby":"10","vsp_ratedefdv":"-1","vsp_ratedefhdr":"-1","wifimac":"02%3A00%3A00%3A00%3A00%3A00","z":"","z_from":"","z_ip":""}]
06-04 11:23:55.152 D/UFUnilog( 3472): api_network_status.cpp : 105 {fuc=APINetworkStatus:IsIPV6Works(),interface_msg=localResult=0, fastdnsResult=0}
06-04 11:23:55.152 I/UFUnilog( 3472): api_engine.cpp : 993 PingbackSdk {fuc=APIEngine::generateFinalIPV6Config(),logtag=babelqos_pb_172,interface_msg=forceIPV6Status:-1}
06-04 11:23:55.152 I/UFUnilog( 3472): api_engine.cpp : 1003 PingbackSdk {fuc=APIEngine::generateFinalIPV6Config(),logtag=babelqos_pb_172,interface_msg=domain support ipv6, sOriginHost:msg.ptqy.gitv.tv, strIPV6Domain:}
06-04 11:23:55.152 V/UFUnilog( 3472): api_engine.cpp : 189 PingbackSdk {fuc=APIEngine:Call(),logtag=babelqos_pb_172,interface_msg=Start Try!,try_count=0}
06-04 11:23:55.153 I/UFUnilog( 3472): api_strategy_impl.cpp : 438 PingbackSdk {fuc=APIStrategyImpl:CreateStrategyResult(),logtag=babelqos_pb_172,strategyname=httpdns-strategy,current_try_count=0,interface_msg=try to get ip list from dns_type = 1}
06-04 11:23:55.153 W/UFUnilog( 3472): api_httpdns_fastdns.cpp : 110 {fuc=APIHttpdnsFastDns:GetHttpDnsResult(),interface_msg=start find,business=unifiedx,bgp_flag=1,timeout=2000,domain_list=msg.ptqy.gitv.tv,cache_only=0}
06-04 11:23:55.157 D/XM_HIDREAD( 1961): poll ret=1, event=1
06-04 11:23:55.157 D/XM_HIDREAD( 1961): [9 bytes]:01 00 00 00 00 00 00 00 00
06-04 11:23:55.158 I/SogouIME( 1440): onKeyDown: keyoCode=19
06-04 11:23:55.158 I/DefaultIMS( 1440): onKeyDown: keyoCode=19
06-04 11:23:55.159 I/SogouIME( 1440): onKeyUp: keyoCode=21
06-04 11:23:55.160 I/DefaultIMS( 1440): onKeyUp: keyoCode=21
06-04 11:23:55.162 E/Hcdn_DeTask3999911026( 3472): HCDN_LOG: [T:4176][HINFO]:[f:PostNotifyInfo],[l:248], notify type(6),info({"BandWidth":6488064,"IsAd":1,"IsP2P":1,"VID":""}
06-04 11:23:55.162 E/Hcdn_DeTask3999911026( 3472): )
06-04 11:23:55.162 E/Hcdn_DeTask318584460( 3472): HCDN_LOG: [T:4176][HINFO]:[f:PostNotifyInfo],[l:248], notify type(6),info({"BandWidth":-2,"IsAd":1,"IsP2P":1,"VID":""}
06-04 11:23:55.162 E/Hcdn_DeTask318584460( 3472): )
06-04 11:23:55.162 E/playfilesourceNew( 3472): HCDN_LOG: [T:4173][HINFO]:[f:DoAsynNotifyInfoResponse],[l:2605],[TaskID(3999911026),type(6),msg({"BandWidth":6488064,"IsAd":1,"IsP2P":1,"VID":""}
06-04 11:23:55.162 E/playfilesourceNew( 3472): )!]
06-04 11:23:55.162 E/abs_info( 3472): HCDN_LOG: [T:4173][HINFO]:[f:PostABSInfo],[l:7214],Task(13), SetABSInterface ret(0) SetParam("DownloadStatusByHcdn", {"BandWidth":6488064,"BandWidth_1":7888896,"IsAd":1,"IsP2P":1,"VID":""}
06-04 11:23:55.162 E/abs_info( 3472): )
06-04 11:23:55.162 E/playfilesourceNew( 3472): HCDN_LOG: [T:4173][HINFO]:[f:DoAsynNotifyInfoResponse],[l:2605],[TaskID(318584460),type(6),msg({"BandWidth":-2,"IsAd":1,"IsP2P":1,"VID":""}
06-04 11:23:55.162 E/playfilesourceNew( 3472): )!]
06-04 11:23:55.184 D/db_request( 3472): Response Body: {"requestId":"e9f5c737-0c93-4cb8-a851-209b26dc5caa","code":0,"data":null,"message":"success"}
06-04 11:23:55.187 I/audio_hw_hal_primary( 476): [audiohal_get_latency:1333] io 13: out:0xf07c5650 frames:1152 rate:48000 whole_latency:24 alsa_latency:24
06-04 11:23:55.187 I/audio_hw_hal_primary( 476): [audiohal_get_latency:1333] io 13: out:0xf07c5650 frames:1152 rate:48000 whole_latency:24 alsa_latency:24
06-04 11:23:55.191 D/BaseMediaDetailP( 3472): requestChangePlayRecord: 历史记录上报成功 false
06-04 11:23:55.191 I/SogouIME( 1440): onKeyDown: keyoCode=21
06-04 11:23:55.191 I/DefaultIMS( 1440): onKeyDown: keyoCode=21
06-04 11:23:55.212 D/db_request( 3472): Response Body: {"requestId":"a4b747df-37bb-4e9c-8b11-2911ba08b209","code":-1,"data":null,"message":"重复请求"}
06-04 11:23:55.216 D/BaseMediaDetailP( 3472): requestChangePlayRecord: 历史记录上报成功 false
06-04 11:23:55.221 I/q_h_c_s ( 3472): HCDN_LOG: [T:3977]ProcessCurlMsg:599,curl completed with code 28: Operation timed out after 137 milliseconds with 0 bytes received (reid: 17020425, handle: 0xa8b07e50)
06-04 11:23:55.221 W/q_h_c_s ( 3472): HCDN_LOG: [T:3977]ProcessCurlMsg:626,curl error detected (reid: 17020425, error: ownErrCode: 2005 (HTTP connect timeout), sysErrno: 0, transErrCode: 0, mCurlErrCode: 0, eCurlErrCode: 28)
06-04 11:23:55.221 I/q_h_c_s ( 3472): HCDN_LOG: [T:3977]OnRequestError:3700,OnRequestError, reid: 17020425, taskID(0), error:(ownErrCode: 2005 (HTTP connect timeout), sysErrno: 0, transErrCode: 0, mCurlErrCode: 0, eCurlErrCode: 28), range_offset(0), range_len(-1)
06-04 11:23:55.221 I/q_h_c_s ( 3472): HCDN_LOG: [T:3977]ExecuteCallback:2569,HTTP time information: reid: 17020425, reqScheduleTime: 1749007434911, reqBeginTime: 1749007435026, qtpDnsEndTime: 1749007435026, startRecvHeaderTime: 0, startRecvBodyTime: 0, reqEndTime: 1749007435221
06-04 11:23:55.221 I/q_h_c_s ( 3472): HCDN_LOG: [T:3977]ExecuteCallback:2671,m_cQtpHttpFinishedCb is nullptr, skip callback (reid: 17020425)
06-04 11:23:55.221 I/q_h_c_s ( 3472): HCDN_LOG: [T:3977]ExecuteCallback:2700,m_cQtpHttpCb is nullptr, skip callback (reid: 17020425)
06-04 11:23:55.221 I/q_h_c_s ( 3472): HCDN_LOG: [T:3977]ExecuteCallback:2740,Call m_callbackTask callback (reid: 17020425)
06-04 11:23:55.221 I/q_h_c_s ( 3472): HCDN_LOG: [T:3977]ExecuteCallback:2745,Finished m_callbackTask callback (reid: 17020425)
06-04 11:23:55.221 I/q_h_c_s ( 3472): HCDN_LOG: [T:3977]ExecuteCallback:2775,HTTP finished, reid: 17020425, status: ownErrCode: 2005 (HTTP connect timeout), sysErrno: 0, transErrCode: 0, mCurlErrCode: 0, eCurlErrCode: 28, HTTP status code: 0, HTTP version: 0, trypath:
06-04 11:23:55.221 I/q_h_c_s ( 3472): HCDN_LOG: [T:3977]OnRequestError:3787,OnRequestError erase reid: 17020425, m_mapReqId2HttpInfo(5)
06-04 11:23:55.221 I/q_h_c_s ( 3472): HCDN_LOG: [T:3977]ProcessCurlMsg:658,ProcessCurlMsg: reid: 17020425, taskid(0), moduleId(14), offset(0), length(-1), CURL(0x0), m_mapRun(0), m_mapReqId2EasyHandle(0), m_vecModuleRun(0,0,0,0,0,0,0,0,0)
06-04 11:23:55.221 I/q_h_c_s ( 3472): HCDN_LOG: [T:3977]SetCurlEasyHandle:1821,curl_easy_setopt CURLOPT_ERRORBUFFER success (reid: 17020427)
06-04 11:23:55.221 I/q_h_c_s ( 3472): HCDN_LOG: [T:3977]SetCurlIpResolve:2074,curl_easy_setopt CURLOPT_IPRESOLVE success (reid: 17020427, ipresolve: 1)
06-04 11:23:55.221 I/q_h_c_s ( 3472): HCDN_LOG: [T:3977]SetEasyOpt:1468,DisabledQtp CURLOPT_URL: http://127.0.0.1:1971/md?business=QTP&cache_enable=1&cache_only=0 (reid: 17020427)
06-04 11:23:55.221 W/q_h_c_s ( 3472): HCDN_LOG: [T:3977]SetEasyOpt:1497,curl_easy_setopt CURLOPT_URL success: http://127.0.0.1:1971/md?business=QTP&cache_enable=1&cache_only=0 (reid: 17020427)
06-04 11:23:55.221 I/q_h_c_s ( 3472): HCDN_LOG: [T:3977]SetCurlHeader:3630,curl_slist_append add header Host: local.service.doh.domain (reid: 17020427)
06-04 11:23:55.221 I/q_h_c_s ( 3472): HCDN_LOG: [T:3977]SetCurlHeader:3630,curl_slist_append add header Connection: Close (reid: 17020427)
06-04 11:23:55.221 I/q_h_c_s ( 3472): HCDN_LOG: [T:3977]SetCurlHeader:3630,curl_slist_append add header User-Agent: QTP;QTP/2.2.100.2405 (reid: 17020427)
06-04 11:23:55.221 I/q_h_c_s ( 3472): HCDN_LOG: [T:3977]SetCurlLowSpeed:3795,curl_easy_setopt CURLOPT_LOW_SPEED_LIMIT success for global (reid: 17020427, speed: 1)
06-04 11:23:55.221 I/q_h_c_s ( 3472): HCDN_LOG: [T:3977]SetCurlLowSpeed:3813,curl_easy_setopt CURLOPT_LOW_SPEED_TIME success for global (reid: 17020427, time: 10)
06-04 11:23:55.221 W/q_h_c_s ( 3472): HCDN_LOG: [T:3977]SetCurlTimeout:4095,curl_easy_setopt CURLOPT_CONNECTTIMEOUT_MS success (reid: 17020427, timeout: 150)
06-04 11:23:55.221 W/q_h_c_s ( 3472): HCDN_LOG: [T:3977]SetCurlTimeout:4161,curl_easy_setopt CURLOPT_TIMEOUT_MS success (reid: 17020427, timeout: 100)
06-04 11:23:55.221 I/q_h_c_s ( 3472): HCDN_LOG: [T:3977]SetCurlPostData:4319,curl_easy_setopt CURLOPT_POSTFIELDSIZE success (reid: 17020427, length: 178)
06-04 11:23:55.222 I/q_h_c_s ( 3472): HCDN_LOG: [T:3977]SetEasyOpt:1741,curl_easy_setopt CURLOPT_Q_ENABLE_ASYNTHREAD_NOWAIT success (reid: 17020427)
06-04 11:23:55.222 W/q_h_c_s ( 3472): HCDN_LOG: [T:3977]AddToMultiHandle:1145,AddToMultiHandle reid: 17020427, taskid(0), moduleId(14), offset(0), length(-1), CURL(0xa8b07e50), m_mapRun(1), m_mapReqId2EasyHandle(1), m_vecModuleRun(0,0,1,0,0,0,0,0,0)
06-04 11:23:55.222 I/q_h_c_s ( 3472): HCDN_LOG: [T:3977]SetCurlEasyHandle:1821,curl_easy_setopt CURLOPT_ERRORBUFFER success (reid: 17020429)
06-04 11:23:55.222 I/q_h_c_s ( 3472): HCDN_LOG: [T:3977]SetCurlIpResolve:2074,curl_easy_setopt CURLOPT_IPRESOLVE success (reid: 17020429, ipresolve: 1)
06-04 11:23:55.223 I/SogouIME( 1440): onKeyUp: keyoCode=21
06-04 11:23:55.223 I/DefaultIMS( 1440): onKeyUp: keyoCode=21
06-04 11:23:55.229 I/audio_hw_hal_primary( 476): [audiohal_get_latency:1333] io 13: out:0xf07c5650 frames:1152 rate:48000 whole_latency:24 alsa_latency:24
06-04 11:23:55.230 I/audio_hw_hal_primary( 476): [audiohal_get_latency:1333] io 13: out:0xf07c5650 frames:1152 rate:48000 whole_latency:24 alsa_latency:24
06-04 11:23:55.231 I/SogouIME( 1440): onKeyUp: keyoCode=19
06-04 11:23:55.231 I/DefaultIMS( 1440): onKeyUp: keyoCode=19
06-04 11:23:55.272 I/audio_hw_hal_primary( 476): [audiohal_get_latency:1333] io 13: out:0xf07c5650 frames:1152 rate:48000 whole_latency:24 alsa_latency:24
06-04 11:23:55.272 I/audio_hw_hal_primary( 476): [audiohal_get_latency:1333] io 13: out:0xf07c5650 frames:1152 rate:48000 whole_latency:24 alsa_latency:24
06-04 11:23:55.282 D/XM_HIDREAD( 1961): poll ret=1, event=1
06-04 11:23:55.282 D/XM_HIDREAD( 1961): [9 bytes]:01 00 00 50 00 00 00 00 00
06-04 11:23:55.289 I/SogouIME( 1440): onKeyDown: keyoCode=21
06-04 11:23:55.290 I/DefaultIMS( 1440): onKeyDown: keyoCode=21
06-04 11:23:55.315 I/audio_hw_hal_primary( 476): [audiohal_get_latency:1333] io 13: out:0xf07c5650 frames:1152 rate:48000 whole_latency:24 alsa_latency:24
06-04 11:23:55.222 I/q_h_c_s ( 3472): HCDN_LOG: [T:3977]SetEasyOpt:1468,DisabledQtp CURLOPT_URL: http://127.0.0.1:1971/md?business=QTP&cache_enable=1&cache_only=0 (reid: 17020429)
06-04 11:23:55.316 W/q_h_c_s ( 3472): HCDN_LOG: [T:3977]SetEasyOpt:1497,curl_easy_setopt CURLOPT_URL success: http://127.0.0.1:1971/md?business=QTP&cache_enable=1&cache_only=0 (reid: 17020429)
06-04 11:23:55.316 I/q_h_c_s ( 3472): HCDN_LOG: [T:3977]SetCurlHeader:3630,curl_slist_append add header Host: local.service.doh.domain (reid: 17020429)
06-04 11:23:55.316 I/q_h_c_s ( 3472): HCDN_LOG: [T:3977]SetCurlHeader:3630,curl_slist_append add header Connection: Close (reid: 17020429)
06-04 11:23:55.316 I/q_h_c_s ( 3472): HCDN_LOG: [T:3977]SetCurlHeader:3630,curl_slist_append add header User-Agent: QTP;QTP/2.2.100.2405 (reid: 17020429)
06-04 11:23:55.316 I/q_h_c_s ( 3472): HCDN_LOG: [T:3977]SetCurlLowSpeed:3795,curl_easy_setopt CURLOPT_LOW_SPEED_LIMIT success for global (reid: 17020429, speed: 1)
06-04 11:23:55.316 I/q_h_c_s ( 3472): HCDN_LOG: [T:3977]SetCurlLowSpeed:3813,curl_easy_setopt CURLOPT_LOW_SPEED_TIME success for global (reid: 17020429, time: 10)
06-04 11:23:55.316 W/q_h_c_s ( 3472): HCDN_LOG: [T:3977]SetCurlTimeout:4095,curl_easy_setopt CURLOPT_CONNECTTIMEOUT_MS success (reid: 17020429, timeout: 150)
06-04 11:23:55.316 W/q_h_c_s ( 3472): HCDN_LOG: [T:3977]SetCurlTimeout:4161,curl_easy_setopt CURLOPT_TIMEOUT_MS success (reid: 17020429, timeout: 100)
06-04 11:23:55.316 I/q_h_c_s ( 3472): HCDN_LOG: [T:3977]SetCurlPostData:4319,curl_easy_setopt CURLOPT_POSTFIELDSIZE success (reid: 17020429, length: 178)
06-04 11:23:55.316 I/q_h_c_s ( 3472): HCDN_LOG: [T:3977]SetEasyOpt:1741,curl_easy_setopt CURLOPT_Q_ENABLE_ASYNTHREAD_NOWAIT success (reid: 17020429)
06-04 11:23:55.316 W/q_h_c_s ( 3472): HCDN_LOG: [T:3977]AddToMultiHandle:1145,AddToMultiHandle reid: 17020429, taskid(0), moduleId(14), offset(0), length(-1), CURL(0xecd49790), m_mapRun(2), m_mapReqId2EasyHandle(2), m_vecModuleRun(0,0,2,0,0,0,0,0,0)
06-04 11:23:55.317 W/q_h_c_s ( 3472): HCDN_LOG: [T:3978]HcbOnFastDnsRespEx:760,HcbOnHttpDnsRespEx failed (dns_reid: 17020425, qtp_reid: 17020424, error: ownErrCode: 2005 (HTTP connect timeout), sysErrno: 0, transErrCode: 0, mCurlErrCode: 0, eCurlErrCode: 28)
06-04 11:23:55.317 I/q_h_c_s ( 3472): HCDN_LOG: [T:3978]EliminateFastDnsHost:1026,FastDNS host 127.0.0.1:1971 failed 10 times, move to the back of m_fastdnsHostsQueue
06-04 11:23:55.317 W/q_h_c_s ( 3472): HCDN_LOG: [T:3978]HcbOnFastDnsRespEx:819,Fast DNS response failed (qtp_reid: 17020424, dns_reid: 17020425, error: ownErrCode: 2005 (HTTP connect timeout), sysErrno: 0, transErrCode: 0, mCurlErrCode: 0, eCurlErrCode: 28)
06-04 11:23:55.317 I/q_h_c_s ( 3472): HCDN_LOG: [T:3978]SendQueryDnsFailResp:1160,Query qtp dns failed (reid: 17020424)
06-04 11:23:55.317 I/q_h_c_s ( 3472): HCDN_LOG: [T:3978]~QtpHttpStatusCode:197,Delete QtpHttpStatusCode(address: 0xb5ac6c80)
06-04 11:23:55.317 I/q_h_c_s ( 3472): HCDN_LOG: [T:3978]~QtpHttpRequest:538,Delete QtpHttpRequest(reid: 17020425, address: 0xecb168d0)
06-04 11:23:55.317 I/q_h_c_s ( 3472): HCDN_LOG: [T:3978]~QtpHttpResponse:1042,Delete QtpHttpResponse(address: 0xecc6d610)
06-04 11:23:55.317 W/q_h_c_s ( 3472): HCDN_LOG: [T:3978]OnPostMessage:667,QTP DNS query failed (reid: 17020424)
06-04 11:23:55.317 I/q_h_c_s ( 3472): HCDN_LOG: [T:3978]RemoveWaitForDnsByReqId:758,Remove waiting for qtp dns http request (reid: 17020424)
06-04 11:23:55.317 I/q_h_c_s ( 3472): HCDN_LOG: [T:3978]ProcessQtpStateWhenQtpDnsDone:3017,Check QTP state when qtpdns done for reid: 17020424 (http3RetryMode:0, isDistantAgentWorkable:0, isSpareIPWorkable:0, isSpareIPFirst:0)
06-04 11:23:55.317 I/q_h_c_s ( 3472): HCDN_LOG: [T:3978]SetState:1618,QTP State changed: QSD1R0_WAITFOR_FASTDNS_CACHE_RESP ====> QSD1R0_WAITFOR_CURLDNS_RESP (reid: 17020424)
06-04 11:23:55.317 I/q_h_c_s ( 3472): HCDN_LOG: [T:3978]AddRequestedHttpInfo:5403,Continue QTP flow, m_mapReqId2HttpInfo add reid: 17020424, requestUrl: https://msg.ptqy.gitv.tv/scp2.gif, taskID(0), range_offset(0), range_len(-1), m_mapReqId2HttpInfo(5)
06-04 11:23:55.317 D/BufferPoolAccessor2.0( 3472): bufferpool2 0xb0bb9f28 : 0(0 size) total buffers - 0(0 size) used buffers - 0/9 (recycle/alloc) - 9/376 (fetch/transfer)
06-04 11:23:55.318 D/BufferPoolAccessor2.0( 3472): evictor expired: 1, evicted: 1
06-04 11:23:55.318 E/Hcdn_DeTask3999911026( 3472): HCDN_LOG: [T:4176][HINFO]:[f:PostNotifyInfo],[l:248], notify type(6),info({"BandWidth":6488064,"IsAd":1,"IsP2P":1,"VID":""}
06-04 11:23:55.318 E/Hcdn_DeTask3999911026( 3472): )
06-04 11:23:55.318 E/Hcdn_DeTask318584460( 3472): HCDN_LOG: [T:4176][HINFO]:[f:PostNotifyInfo],[l:248], notify type(6),info({"BandWidth":-2,"IsAd":1,"IsP2P":1,"VID":""}
06-04 11:23:55.318 E/Hcdn_DeTask318584460( 3472): )
06-04 11:23:55.318 E/playfilesourceNew( 3472): HCDN_LOG: [T:4173][HINFO]:[f:DoAsynNotifyInfoResponse],[l:2605],[TaskID(3999911026),type(6),msg({"BandWidth":6488064,"IsAd":1,"IsP2P":1,"VID":""}
06-04 11:23:55.318 E/playfilesourceNew( 3472): )!]
06-04 11:23:55.318 E/abs_info( 3472): HCDN_LOG: [T:4173][HINFO]:[f:PostABSInfo],[l:7214],Task(13), SetABSInterface ret(0) SetParam("DownloadStatusByHcdn", {"BandWidth":6488064,"BandWidth_1":7888896,"IsAd":1,"IsP2P":1,"VID":""}
06-04 11:23:55.318 E/abs_info( 3472): )
06-04 11:23:55.318 E/playfilesourceNew( 3472): HCDN_LOG: [T:4173][HINFO]:[f:DoAsynNotifyInfoResponse],[l:2605],[TaskID(318584460),type(6),msg({"BandWidth":-2,"IsAd":1,"IsP2P":1,"VID":""}
06-04 11:23:55.318 E/playfilesourceNew( 3472): )!]
06-04 11:23:55.318 I/UFUnilog( 3472): api_httpdns_fastdns.cpp : 184 {fuc=APIHttpdnsFastDns:GetHttpDnsResult(),interface_msg=v6 domain finded, result4a_size=1, result4aaaa_size=1, result4b_size=1, result4bbbb_size=0}
06-04 11:23:55.318 I/UFUnilog( 3472): api_httpdns_fastdns.cpp : 200 {fuc=APIHttpdnsFastDns:GetHttpDnsResult(),interface_msg=v4 finded,domain=msg.ptqy.gitv.tv,ip_list_count=4,ip_from_cache=1,ns_result=116.211.189.205|443}
06-04 11:23:55.318 I/UFUnilog( 3472): api_httpdns_fastdns.cpp : 221 {fuc=APIHttpdnsFastDns:GetHttpDnsResult(),interface_msg=v6 finded,domain=msg.ptqy.gitv.tv,ip_list_count_v6=3,ip_from_cache=1,ns_result=116.211.189.205|443}
06-04 11:23:55.318 I/UFUnilog( 3472): api_httpdns_fastdns.cpp : 246 {fuc=APIHttpdnsFastDns:GetHttpDnsResult(),interface_msg=v4 backup finded,domain=msg.ptqy.gitv.tv,ip_list_count_b=4,bfirst=0,ip_from_cache=1,ns_result=116.211.189.205|443}
06-04 11:23:55.318 I/UFUnilog( 3472): api_strategy_impl.cpp : 569 PingbackSdk {fuc=APIStrategyImpl:CreateStrategyResult(),logtag=babelqos_pb_172,strategyname=httpdns-strategy,interface_msg=complete build strategy result,suggest_url_params=,suggest_protocol=,bReplaceWithNewFullUrl=0,bReplaceWithNewHeaders=0}
06-04 11:23:55.319 V/UFUnilog( 3472): UFNEasyCurlClientImpl.cpp : 16 PingbackSdk {fuc=UFNEasyCurlClientImpl:Perform(),logtag=babelqos_pb_172,interface_msg=in}
06-04 11:23:55.327 D/Statistics( 3472): response:
06-04 11:23:55.357 I/SogouIME( 1440): onKeyDown: keyoCode=19
06-04 11:23:55.357 I/DefaultIMS( 1440): onKeyDown: keyoCode=19
06-04 11:23:55.357 I/audio_hw_hal_primary( 476): [audiohal_get_latency:1333] io 13: out:0xf07c5650 frames:1152 rate:48000 whole_latency:24 alsa_latency:24
06-04 11:23:55.358 I/audio_hw_hal_primary( 476): [audiohal_get_latency:1333] io 13: out:0xf07c5650 frames:1152 rate:48000 whole_latency:24 alsa_latency:24
06-04 11:23:55.374 I/SogouIME( 1440): onKeyDown: keyoCode=21
06-04 11:23:55.374 I/DefaultIMS( 1440): onKeyDown: keyoCode=21
06-04 11:23:55.396 E/storage_trim_block( 3472): HCDN_LOG: [T:4181][TRIM_BLOCK_LOG]:[f:GetVideoTaskCount],[l:1877],video task count: 1 high_bitrate: 0 audio_count: 0 short_video: 0 big: 0 small: 1
06-04 11:23:55.396 E/storage_trim_block( 3472): HCDN_LOG: [T:4181][TRIM_BLOCK_LOG]:[f:PostMemoryUseNotifyToDE],[l:1626],[oper:post resume download request, taskid:3999911026, [34/35]]
06-04 11:23:55.397 E/Hcdn_DeTask3999911026( 3472): HCDN_LOG: [T:4176][HINFO]:[f:OnRecvBlockRemainNotify],[l:2764], left block count:34
06-04 11:23:55.400 I/audio_hw_hal_primary( 476): [audiohal_get_latency:1333] io 13: out:0xf07c5650 frames:1152 rate:48000 whole_latency:24 alsa_latency:24
06-04 11:23:55.400 I//apex/com.android.adbd/bin/adbd( 1357): type=1400 audit(0.0:1774): avc: denied { dac_read_search } for comm=75736220666673206F70656E capability=2 scontext=u:r:su:s0 tcontext=u:r:su:s0 tclass=capability permissive=1
06-04 11:23:55.400 I//apex/com.android.adbd/bin/adbd( 1357): type=1400 audit(0.0:1775): avc: denied { dac_override } for comm=75736220666673206F70656E capability=1 scontext=u:r:su:s0 tcontext=u:r:su:s0 tclass=capability permissive=1
06-04 11:23:55.400 I//apex/com.android.adbd/bin/adbd( 1357): type=1400 audit(0.0:1776): avc: denied { write } for comm=75736220666673206F70656E name="property_service" dev="tmpfs" ino=411 scontext=u:r:su:s0 tcontext=u:object_r:property_socket:s0 tclass=sock_file permissive=1
06-04 11:23:55.400 I//apex/com.android.adbd/bin/adbd( 1357): type=1400 audit(0.0:1777): avc: denied { connectto } for comm=75736220666673206F70656E path="/dev/socket/property_service" scontext=u:r:su:s0 tcontext=u:r:init:s0 tclass=unix_stream_socket permissive=1
06-04 11:23:55.415 D/SystemControl( 318): really getLastFrame 0 0
06-04 11:23:55.416 I/SogouIME( 1440): onKeyUp: keyoCode=21
06-04 11:23:55.416 I/DefaultIMS( 1440): onKeyUp: keyoCode=21
06-04 11:23:55.418 E/Hcdn_DeTask3999911026( 3472): HCDN_LOG: [T:4176][HINFO]:[f:PostNotifyInfo],[l:248], notify type(6),info({"BandWidth":6488064,"IsAd":1,"IsP2P":1,"VID":""}
06-04 11:23:55.418 E/Hcdn_DeTask3999911026( 3472): )
06-04 11:23:55.418 E/Hcdn_DeTask318584460( 3472): HCDN_LOG: [T:4176][HINFO]:[f:PostNotifyInfo],[l:248], notify type(6),info({"BandWidth":-2,"IsAd":1,"IsP2P":1,"VID":""}
06-04 11:23:55.418 E/Hcdn_DeTask318584460( 3472): )
06-04 11:23:55.418 E/playfilesourceNew( 3472): HCDN_LOG: [T:4173][HINFO]:[f:DoAsynNotifyInfoResponse],[l:2605],[TaskID(3999911026),type(6),msg({"BandWidth":6488064,"IsAd":1,"IsP2P":1,"VID":""}
06-04 11:23:55.418 E/playfilesourceNew( 3472): )!]
06-04 11:23:55.418 E/abs_info( 3472): HCDN_LOG: [T:4173][HINFO]:[f:PostABSInfo],[l:7214],Task(13), SetABSInterface ret(0) SetParam("DownloadStatusByHcdn", {"BandWidth":6488064,"BandWidth_1":7888896,"IsAd":1,"IsP2P":1,"VID":""}
06-04 11:23:55.418 E/abs_info( 3472): )
06-04 11:23:55.418 E/playfilesourceNew( 3472): HCDN_LOG: [T:4173][HINFO]:[f:DoAsynNotifyInfoResponse],[l:2605],[TaskID(318584460),type(6),msg({"BandWidth":-2,"IsAd":1,"IsP2P":1,"VID":""}
06-04 11:23:55.418 E/playfilesourceNew( 3472): )!]
06-04 11:23:55.423 I/SogouIME( 1440): onKeyUp: keyoCode=19
06-04 11:23:55.423 I/DefaultIMS( 1440): onKeyUp: keyoCode=19
06-04 11:23:55.428 D/XM_HIDREAD( 1961): poll ret=1, event=1
06-04 11:23:55.428 D/XM_HIDREAD( 1961): [9 bytes]:01 00 00 00 00 00 00 00 00
06-04 11:23:55.429 I/SogouIME( 1440): onKeyUp: keyoCode=21
06-04 11:23:55.429 I/DefaultIMS( 1440): onKeyUp: keyoCode=21
06-04 11:23:55.435 I/CLog ( 3472): 2025-06-04 11:23:55.435 T:4053 INFO: ~PlayModel(0xb37d94c0) begin
06-04 11:23:55.435 I/CLog ( 3472): 2025-06-04 11:23:55.435 T:4053 DEBUG: [10002]PlayModel::Stop:0xb37d94c0 begin
06-04 11:23:55.435 I/CLog ( 3472): 2025-06-04 11:23:55.435 T:4053 INFO: [10002]PlayModel::DeActive
06-04 11:23:55.435 I/CLog ( 3472): 2025-06-04 11:23:55.435 T:4053 INFO: [262144]DeregisterADObjectDelegate, pre, 0xd144cdcc
06-04 11:23:55.435 I/CLog ( 3472): 2025-06-04 11:23:55.435 T:4053 INFO: [262144]DeregisterADObjectDelegate, recap, 0xd144cf3c
06-04 11:23:55.435 I/CLog ( 3472): 2025-06-04 11:23:55.435 T:4053 INFO: [262144]DeregisterADObjectDelegate, mid, 0xd144ce7c
06-04 11:23:55.435 I/CLog ( 3472): 2025-06-04 11:23:55.435 T:4053 INFO: [262144]DeregisterADObjectDelegate, post, 0xd144cffc
06-04 11:23:55.435 I/CLog ( 3472): 2025-06-04 11:23:55.435 T:4053 INFO: [262144]DeregisterInteractiveADObjectDelegate, pre, 0xd144cdd0
06-04 11:23:55.435 I/CLog ( 3472): 2025-06-04 11:23:55.435 T:4053 INFO: [262144]DeregisterInteractiveADObjectDelegate, recap, 0xd144cf40
06-04 11:23:55.435 I/CLog ( 3472): 2025-06-04 11:23:55.435 T:4053 INFO: [262144]DeregisterInteractiveADObjectDelegate, mid, 0xd144ce80
06-04 11:23:55.435 I/CLog ( 3472): 2025-06-04 11:23:55.435 T:4053 INFO: [262144]DeregisterInteractiveADObjectDelegate, post, 0xd144d000
06-04 11:23:55.435 I/CLog ( 3472): 2025-06-04 11:23:55.435 T:4053 INFO: [262144]DeregisterJsonDelegate, , 0xd144d178
06-04 11:23:55.435 I/CLog ( 3472): 2025-06-04 11:23:55.435 T:4053 INFO: ADHCDNLoader::Close
06-04 11:23:55.435 I/CLog ( 3472): 2025-06-04 11:23:55.435 T:4053 DEBUG: CloseImpl:stop_lock_ begin,will_stop_(1)
06-04 11:23:55.435 I/CLog ( 3472): 2025-06-04 11:23:55.435 T:4053 DEBUG: CloseImpl:stop_lock_ end,will_stop_(1)
06-04 11:23:55.435 I/CLog ( 3472): 2025-06-04 11:23:55.435 T:4053 DEBUG: CloseImpl:Close begin,will_stop_(1)
06-04 11:23:55.435 I/CLog ( 3472): 2025-06-04 11:23:55.435 T:4053 INFO: [5010]HCDNLoaderClient::Close
06-04 11:23:55.435 I/CLog ( 3472): 2025-06-04 11:23:55.435 T:4053 DEBUG: [5010]CHCDNControl::StopLoad begin.
06-04 11:23:55.435 I/CLog ( 3472): 2025-06-04 11:23:55.435 T:4053 INFO: [5010]CHCDNControl::StopLoad1
06-04 11:23:55.435 I/CLog ( 3472): 2025-06-04 11:23:55.435 T:4053 INFO: [5010]CHCDNControl::StopLoad3
06-04 11:23:55.435 I/CLog ( 3472): 2025-06-04 11:23:55.435 T:4053 DEBUG: [5010]CHCDNControl::StopLoad begin.
06-04 11:23:55.435 I/CLog ( 3472): 2025-06-04 11:23:55.435 T:4053 INFO: [5010]CHCDNControl::StopLoad1
06-04 11:23:55.435 I/CLog ( 3472): 2025-06-04 11:23:55.435 T:4053 INFO: [5010]CHCDNControl::StopLoad3
06-04 11:23:55.435 I/CLog ( 3472): 2025-06-04 11:23:55.435 T:4053 DEBUG: [5010]CHCDNControl::Uninitialize
06-04 11:23:55.435 I/CLog ( 3472): 2025-06-04 11:23:55.435 T:4053 DEBUG: [5010]CHCDNControl::Uninitialize DeleteP2PFile!
06-04 11:23:55.435 I/CLog ( 3472): 2025-06-04 11:23:55.435 T:4053 DEBUG: CloseImpl:Close end,will_stop_(1)
06-04 11:23:55.435 I/CLog ( 3472): 2025-06-04 11:23:55.435 T:4053 INFO: [5010]HCDNLoaderClient::Close
