06-04 11:07:36.668 W/PermissionManager( 689): Package com.android.providers.media.module is an APK in APEX, but has permission allowlist on the system image. Please bundle the allowlist in the com.android.mediaprovider APEX instead.
06-04 11:07:36.669 W/PermissionManager( 689): Package com.android.providers.media.module is an APK in APEX, but has permission allowlist on the system image. Please bundle the allowlist in the com.android.mediaprovider APEX instead.
06-04 11:07:36.669 W/PermissionManager( 689): Package com.android.providers.media.module is an APK in APEX, but has permission allowlist on the system image. Please bundle the allowlist in the com.android.mediaprovider APEX instead.
06-04 11:07:36.669 W/PermissionManager( 689): Package com.android.providers.media.module is an APK in APEX, but has permission allowlist on the system image. Please bundle the allowlist in the com.android.mediaprovider APEX instead.
06-04 11:07:36.669 W/PermissionManager( 689): Package com.android.providers.media.module is an APK in APEX, but has permission allowlist on the system image. Please bundle the allowlist in the com.android.mediaprovider APEX instead.
06-04 11:07:36.669 W/PermissionManager( 689): Package com.android.providers.media.module is an APK in APEX, but has permission allowlist on the system image. Please bundle the allowlist in the com.android.mediaprovider APEX instead.
06-04 11:07:36.669 W/PermissionManager( 689): Package com.android.providers.media.module is an APK in APEX, but has permission allowlist on the system image. Please bundle the allowlist in the com.android.mediaprovider APEX instead.
06-04 11:07:36.669 W/PermissionManager( 689): Package com.android.providers.media.module is an APK in APEX, but has permission allowlist on the system image. Please bundle the allowlist in the com.android.mediaprovider APEX instead.
06-04 11:07:36.669 W/PermissionManager( 689): Package com.android.providers.media.module is an APK in APEX, but has permission allowlist on the system image. Please bundle the allowlist in the com.android.mediaprovider APEX instead.
06-04 11:07:36.669 W/PermissionManager( 689): Package com.android.providers.media.module is an APK in APEX, but has permission allowlist on the system image. Please bundle the allowlist in the com.android.mediaprovider APEX instead.
06-04 11:07:36.669 W/PermissionManager( 689): Package com.android.providers.media.module is an APK in APEX, but has permission allowlist on the system image. Please bundle the allowlist in the com.android.mediaprovider APEX instead.
06-04 11:07:36.669 W/PermissionManager( 689): Package com.android.providers.media.module is an APK in APEX, but has permission allowlist on the system image. Please bundle the allowlist in the com.android.mediaprovider APEX instead.
06-04 11:07:36.669 W/PermissionManager( 689): Package com.android.providers.media.module is an APK in APEX, but has permission allowlist on the system image. Please bundle the allowlist in the com.android.mediaprovider APEX instead.
06-04 11:07:37.979 V/BackupManagerService( 689): [UserID:0] restoreAtInstall pkg=com.dangbei.hqmedia token=1 restoreSet=0
06-04 11:07:37.980 V/BackupManagerService( 689): [UserID:0] Finishing install immediately
06-04 11:07:37.982 I/AppsFilter( 689): interaction: PackageSetting{950998a com.dangbei.hqguide/10029} -> PackageSetting{d59bfb com.dangbei.hqmedia/10075} BLOCKED
06-04 11:07:37.987 D/ActivityManager( 689): sync unfroze 2119 com.android.permissioncontroller for 6
06-04 11:07:37.993 D/PackageInstallerSession( 689): Marking session 1936734036 as applied
06-04 11:07:37.998 W/BroadcastLoopers( 689): Found previously unknown looper Thread[PackageInstaller,5,main]
06-04 11:07:38.005 D/CompatibilityChangeReporter( 689): Compat change id reported: 168419799; UID 10075; state: DISABLED
06-04 11:07:38.005 D/CompatibilityChangeReporter( 689): Compat change id reported: 273564678; UID 10075; state: DISABLED
06-04 11:07:38.019 W/TextServicesManagerService( 689): no available spell checker services found
06-04 11:07:38.025 I/VcnManagementService( 689): new snapshot: TelephonySubscriptionSnapshot{ mActiveDataSubId=-1, mSubIdToInfoMap={}, mSubIdToCarrierConfigMap={}, mPrivilegedPackages={} }
06-04 11:07:38.034 D/TransparencyService( 689): Not an update. Skipping...
06-04 11:07:38.043 D/CompatibilityChangeReporter( 689): Compat change id reported: 265464455; UID 10075; state: DISABLED
06-04 11:07:38.044 D/CompatibilityChangeReporter( 689): Compat change id reported: 265452344; UID 10075; state: DISABLED
06-04 11:07:38.044 V/BackupManagerConstants( 689): getFullBackupIntervalMilliseconds(...) returns 86400000
06-04 11:07:38.044 D/CompatibilityChangeReporter( 689): Compat change id reported: 266124927; UID 10075; state: DISABLED
06-04 11:07:38.045 V/BackupManagerConstants( 689): getFullBackupRequiredNetworkType(...) returns 2
06-04 11:07:38.045 D/CompatibilityChangeReporter( 689): Compat change id reported: 265451093; UID 10075; state: DISABLED
06-04 11:07:38.045 V/BackupManagerConstants( 689): getFullBackupRequireCharging(...) returns true
06-04 11:07:38.045 D/CompatibilityChangeReporter( 689): Compat change id reported: 265456536; UID 10075; state: DISABLED
06-04 11:07:38.045 D/CompatibilityChangeReporter( 689): Compat change id reported: 255940284; UID 10075; state: DISABLED
06-04 11:07:38.045 D/CompatibilityChangeReporter( 689): Compat change id reported: 236283604; UID 10075; state: DISABLED
06-04 11:07:38.045 D/CompatibilityChangeReporter( 689): Compat change id reported: 271850009; UID 1000; state: DISABLED
06-04 11:07:38.045 D/CompatibilityChangeReporter( 689): Compat change id reported: 263959004; UID 10075; state: DISABLED
06-04 11:07:38.045 D/CompatibilityChangeReporter( 689): Compat change id reported: 264304459; UID 10075; state: DISABLED
06-04 11:07:38.046 D/CompatibilityChangeReporter( 689): Compat change id reported: 264301586; UID 10075; state: DISABLED
06-04 11:07:38.046 D/CompatibilityChangeReporter( 689): Compat change id reported: 254631730; UID 10075; state: DISABLED
06-04 11:07:38.046 D/CompatibilityChangeReporter( 689): Compat change id reported: 273509367; UID 10075; state: DISABLED
06-04 11:07:38.046 D/CompatibilityChangeReporter( 689): Compat change id reported: 263259275; UID 10075; state: DISABLED
06-04 11:07:38.046 D/CompatibilityChangeReporter( 689): Compat change id reported: 174042980; UID 10075; state: DISABLED
06-04 11:07:38.046 D/CompatibilityChangeReporter( 689): Compat change id reported: 174042936; UID 10075; state: DISABLED
06-04 11:07:38.047 D/CompatibilityChangeReporter( 689): Compat change id reported: 181136395; UID 10075; state: DISABLED
06-04 11:07:38.048 D/CompatibilityChangeReporter( 689): Compat change id reported: 271850009; UID 1000; state: ENABLED
06-04 11:07:38.053 D/CompatibilityChangeReporter( 689): Compat change id reported: 253665015; UID 1000; state: DISABLED
06-04 11:07:38.054 D/CompatibilityChangeReporter( 689): Compat change id reported: 253665015; UID 1000; state: ENABLED
06-04 11:07:38.055 D/CompatibilityChangeReporter( 689): Compat change id reported: 194532703; UID 1000; state: DISABLED
06-04 11:07:38.055 D/CompatibilityChangeReporter( 689): Compat change id reported: 194532703; UID 1000; state: ENABLED
06-04 11:07:38.061 D/CompatibilityChangeReporter( 689): Compat change id reported: 194480991; UID 10075; state: ENABLED
06-04 11:07:38.066 D/CompatibilityChangeReporter( 689): Compat change id reported: 184838306; UID 10075; state: DISABLED
06-04 11:07:38.066 D/CompatibilityChangeReporter( 689): Compat change id reported: 185004937; UID 10075; state: DISABLED
06-04 11:07:38.068 D/CompatibilityChangeReporter( 689): Compat change id reported: 197654537; UID 10075; state: DISABLED
06-04 11:07:38.070 D/CompatibilityChangeReporter( 689): Compat change id reported: 205907456; UID 10075; state: DISABLED
06-04 11:07:38.074 I/ActivityTaskManager( 689): START u0 {act=android.intent.action.VIEW dat=hq://mediadetail/... flg=0x10000000 pkg=com.dangbei.hqmedia cmp=com.dangbei.hqmedia/com.dangbei.launcher.media.ui.media.film.FilmDetailActivity (has extras)} with LAUNCH_SINGLE_TASK from uid 1000 (BAL_ALLOW_ALLOWLISTED_UID) result code=0
06-04 11:07:38.075 V/WindowManagerShell( 939): Transition requested: android.os.BinderProxy@a1513c7 TransitionRequestInfo { type = 1, triggerTask = TaskInfo{userId=0 taskId=27 displayId=0 isRunning=true baseIntent=Intent { act=android.intent.action.VIEW dat=hq://mediadetail/... flg=0x10800000 pkg=com.dangbei.hqmedia cmp=com.dangbei.hqmedia/com.dangbei.launcher.media.ui.media.film.FilmDetailActivity } baseActivity=ComponentInfo{com.dangbei.hqmedia/com.dangbei.launcher.media.ui.media.film.FilmDetailActivity} topActivity=ComponentInfo{com.dangbei.hqmedia/com.dangbei.launcher.media.ui.media.film.FilmDetailActivity} origActivity=null realActivity=ComponentInfo{com.dangbei.hqmedia/com.dangbei.launcher.media.ui.media.film.FilmDetailActivity} numActivities=1 lastActiveTime=132655 supportsMultiWindow=true resizeMode=1 isResizeable=true minWidth=-1 minHeight=-1 defaultMinSize=220 token=WCT{android.window.IWindowContainerToken$Stub$Proxy@9ea3df4} topActivityType=1 pictureInPictureParams=null shouldDockBigOverlays=true launchIntoPipHostTaskId=-1 lastParentTaskIdBeforePip=-1 displayCutoutSafeInsets=null topActivityInfo=ActivityInfo{654e91d com.dangbei.launcher.media.ui.media.film.FilmDetailActivity} launchCookies=[] positionInParent=Point(0, 0) parentTaskId=-1 isFocused=false isVisible=false isVisibleRequested=false isSleeping=false topActivityInSizeCompat=false topActivityEligibleForLetterboxEducation= false isLetterboxDoubleTapEnabled= false topActivityEligibleForUserAspectRatioButton= false topActivityBoundsLetterboxed= false isFromLetterboxDoubleTap= false topActivityLetterboxVerticalPosition= -1 topActivityLetterboxHorizontalPosition= -1 topActivityLetterboxWidth=-1 topActivityLetterboxHeight=-1 isUserFullscreenOverrideEnabled=false isTopActivityTransparent=false locusId=null displayAreaFeatureId=1 cameraCompatControlState=hidden}, remoteTransition = null, displayChange = null, flags = 0 }
06-04 11:07:38.078 D/CompatibilityChangeReporter( 689): Compat change id reported: 135634846; UID 10075; state: DISABLED
06-04 11:07:38.079 D/CompatibilityChangeReporter( 689): Compat change id reported: 143937733; UID 10075; state: DISABLED
06-04 11:07:38.083 W/ProcessStats( 689): Tracking association SourceState{607e92b system/1000 ImpFg #528} whose proc state 5 is better than process ProcessState{b1c9582 com.android.permissioncontroller/10057 pkg=com.android.permissioncontroller} proc state 15 (0 skipped)
06-04 11:07:38.084 I/AppsFilter( 689): interaction: PackageSetting{2949721 com.dangbei.hqguide/10029} -> PackageSetting{3d69746 com.dangbei.hqmedia/10075} BLOCKED
06-04 11:07:38.098 D/CompatibilityChangeReporter( 689): Compat change id reported: 218533173; UID 10075; state: DISABLED
06-04 11:07:38.099 D/CompatibilityChangeReporter( 689): Compat change id reported: 262645982; UID 10075; state: DISABLED
06-04 11:07:38.135 D/ActivityManager( 689): sync unfroze 2238 com.android.providers.tv for 3
06-04 11:07:38.148 D/CompatibilityChangeReporter( 689): Compat change id reported: 265195908; UID 10075; state: ENABLED
06-04 11:07:38.149 W/VoiceInteractionManager( 689): no available voice recognition services found for user 0
06-04 11:07:38.153 W/TextServicesManagerService( 689): no available spell checker services found
06-04 11:07:38.169 W/VoiceInteractionManager( 689): no available voice recognition services found for user 0
06-04 11:07:38.173 W/ActivityManager( 689): Slow operation: 96ms so far, now at startProcess: returned from zygote!
06-04 11:07:38.174 W/ActivityManager( 689): Slow operation: 97ms so far, now at startProcess: done updating battery stats
06-04 11:07:38.174 W/ActivityManager( 689): Slow operation: 97ms so far, now at startProcess: building log message
06-04 11:07:38.174 I/ActivityManager( 689): Start proc 3472:com.dangbei.hqmedia/u0a75 for next-top-activity {com.dangbei.hqmedia/com.dangbei.launcher.media.ui.media.film.FilmDetailActivity}
06-04 11:07:38.174 W/ActivityManager( 689): Slow operation: 97ms so far, now at startProcess: starting to update pids map
06-04 11:07:38.174 W/ActivityManager( 689): Slow operation: 97ms so far, now at startProcess: done updating pids map
06-04 11:07:38.197 D/WindowManagerShell( 939): TvPipController: onTaskStackChanged()
06-04 11:07:38.242 D/CompatibilityChangeReporter( 689): Compat change id reported: 170503758; UID 10075; state: DISABLED
06-04 11:07:38.357 D/CompatibilityChangeReporter( 689): Compat change id reported: 161145287; UID 10075; state: DISABLED
06-04 11:07:38.410 D/CompatibilityChangeReporter( 689): Compat change id reported: 149924527; UID 10075; state: ENABLED
06-04 11:07:38.416 D/CompatibilityChangeReporter( 689): Compat change id reported: 132649864; UID 10075; state: DISABLED
06-04 11:07:38.461 V/WindowManager( 689): app ------------- force_land :0
06-04 11:07:38.660 W/WindowManager( 689): [addWindow] title:com.dangbei.hqmedia/com.dangbei.launcher.media.ui.media.film.FilmDetailActivity
06-04 11:07:38.713 W/WindowManager( 689): [addWindow] title:com.dangbei.hqmedia/com.dangbei.launcher.media.ui.media.film.FilmDetailActivity
06-04 11:07:38.720 D/CoreBackPreview( 689): Window{11aa718 u0 com.dangbei.hqmedia/com.dangbei.launcher.media.ui.media.film.FilmDetailActivity}: Setting back callback OnBackInvokedCallbackInfo{mCallback=android.window.IOnBackInvokedCallback$Stub$Proxy@517fa06, mPriority=0, mIsAnimationCallback=false}
06-04 11:07:38.764 W/ContextImpl( 689): Calling a method in the system process without a qualified user: android.app.ContextImpl.startService:1899 com.android.server.wm.DisplayPolicy.lambda$focusChangedLw$5:2126 com.android.server.wm.DisplayPolicy.$r8$lambda$Znxk63oh-WzVnzo_WQefN7uxV48:0 com.android.server.wm.DisplayPolicy$$ExternalSyntheticLambda13.run:0 android.os.Handler.handleCallback:958
06-04 11:07:38.818 D/CoreBackPreview( 689): Window{4920648 u0 com.dangbei.hqmedia/com.dangbei.launcher.media.ui.media.film.FilmDetailActivity}: Setting back callback OnBackInvokedCallbackInfo{mCallback=android.window.IOnBackInvokedCallback$Stub$Proxy@182561d, mPriority=0, mIsAnimationCallback=false}
06-04 11:07:38.914 V/WindowManagerShell( 939): onTransitionReady android.os.BinderProxy@a1513c7: {id=8 t=OPEN f=0x0 trk=0 r=[0@Point(0, 0)] c=[{WCT{android.window.IWindowContainerToken$Stub$Proxy@e5bfa19} m=OPEN f=NONE leash=Surface(name=Task=27)/@0xa9c4792 sb=Rect(0, 0 - 1920, 1080) eb=Rect(0, 0 - 1920, 1080) d=0},{WCT{android.window.IWindowContainerToken$Stub$Proxy@bb34ade} m=TO_BACK f=NONE leash=Surface(name=Task=1)/@0xf452563 sb=Rect(0, 0 - 1920, 1080) eb=Rect(0, 0 - 1920, 1080) d=0}]}
06-04 11:07:38.914 V/WindowManagerShell( 939): Playing animation for (#8)android.os.BinderProxy@a1513c7@0
06-04 11:07:38.915 V/WindowManagerShell( 939): try handler com.android.wm.shell.keyguard.KeyguardTransitionHandler@f0e01c3
06-04 11:07:38.915 V/WindowManagerShell( 939): try handler com.android.wm.shell.pip.tv.TvPipTransition@d525a40
06-04 11:07:38.915 V/WindowManagerShell( 939): try handler com.android.wm.shell.activityembedding.ActivityEmbeddingController@1101d79
06-04 11:07:38.915 V/WindowManagerShell( 939): try handler com.android.wm.shell.transition.RemoteTransitionHandler@16d9abe
06-04 11:07:38.915 V/WindowManagerShell( 939): Transition doesn't have explicit remote, search filters for match for {id=8 t=OPEN f=0x0 trk=0 r=[0@Point(0, 0)] c=[{WCT{android.window.IWindowContainerToken$Stub$Proxy@e5bfa19} m=OPEN f=NONE leash=Surface(name=Task=27)/@0xa9c4792 sb=Rect(0, 0 - 1920, 1080) eb=Rect(0, 0 - 1920, 1080) d=0},{WCT{android.window.IWindowContainerToken$Stub$Proxy@bb34ade} m=TO_BACK f=NONE leash=Surface(name=Task=1)/@0xf452563 sb=Rect(0, 0 - 1920, 1080) eb=Rect(0, 0 - 1920, 1080) d=0}]}
06-04 11:07:38.915 V/WindowManagerShell( 939): Delegate animation for #8 to null
06-04 11:07:38.915 V/WindowManagerShell( 939): try handler com.android.wm.shell.transition.DefaultTransitionHandler@dc4f71f
06-04 11:07:38.915 V/WindowManagerShell( 939): start default transition animation, info = {id=8 t=OPEN f=0x0 trk=0 r=[0@Point(0, 0)] c=[{WCT{android.window.IWindowContainerToken$Stub$Proxy@e5bfa19} m=OPEN f=NONE leash=Surface(name=Task=27)/@0xa9c4792 sb=Rect(0, 0 - 1920, 1080) eb=Rect(0, 0 - 1920, 1080) d=0},{WCT{android.window.IWindowContainerToken$Stub$Proxy@bb34ade} m=TO_BACK f=NONE leash=Surface(name=Task=1)/@0xf452563 sb=Rect(0, 0 - 1920, 1080) eb=Rect(0, 0 - 1920, 1080) d=0}]}
06-04 11:07:38.916 V/WindowManagerShell( 939): loadAnimation: anim=android.view.animation.AlphaAnimation@6291ed5 animAttr=0x9 type=OPEN isEntrance=false
06-04 11:07:38.917 V/WindowManagerShell( 939): loadAnimation: anim=android.view.animation.AlphaAnimation@40fdddb animAttr=0x8 type=OPEN isEntrance=true
06-04 11:07:38.918 V/WindowManager( 689): Sent Transition #8 createdAt=06-04 11:07:38.062 via request=TransitionRequestInfo { type = 1, triggerTask = TaskInfo{userId=0 taskId=27 displayId=0 isRunning=true baseIntent=Intent { act=android.intent.action.VIEW dat=hq://mediadetail/... flg=0x10800000 pkg=com.dangbei.hqmedia cmp=com.dangbei.hqmedia/com.dangbei.launcher.media.ui.media.film.FilmDetailActivity } baseActivity=ComponentInfo{com.dangbei.hqmedia/com.dangbei.launcher.media.ui.media.film.FilmDetailActivity} topActivity=ComponentInfo{com.dangbei.hqmedia/com.dangbei.launcher.media.ui.media.film.FilmDetailActivity} origActivity=null realActivity=ComponentInfo{com.dangbei.hqmedia/com.dangbei.launcher.media.ui.media.film.FilmDetailActivity} numActivities=1 lastActiveTime=132655 supportsMultiWindow=true resizeMode=1 isResizeable=true minWidth=-1 minHeight=-1 defaultMinSize=220 token=WCT{RemoteToken{3733719 Task{5e6eb40 #27 type=standard A=10075:com.dangbei.hqmedia}}} topActivityType=1 pictureInPictureParams=null shouldDockBigOverlays=true launchIntoPipHostTaskId=-1 lastParentTaskIdBeforePip=-1 displayCutoutSafeInsets=null topActivityInfo=ActivityInfo{92e43de com.dangbei.launcher.media.ui.media.film.FilmDetailActivity} launchCookies=[] positionInParent=Point(0, 0) parentTaskId=-1 isFocused=false isVisible=false isVisibleRequested=false isSleeping=false topActivityInSizeCompat=false topActivityEligibleForLetterboxEducation= false isLetterboxDoubleTapEnabled= false topActivityEligibleForUserAspectRatioButton= false topActivityBoundsLetterboxed= false isFromLetterboxDoubleTap= false topActivityLetterboxVerticalPosition= -1 topActivityLetterboxHorizontalPosition= -1 topActivityLetterboxWidth=-1 topActivityLetterboxHeight=-1 isUserFullscreenOverrideEnabled=false isTopActivityTransparent=false locusId=null displayAreaFeatureId=1 cameraCompatControlState=hidden}, remoteTransition = null, displayChange = null, flags = 0 }
06-04 11:07:38.919 V/WindowManager( 689): startWCT=WindowContainerTransaction { changes = {} hops = [] errorCallbackToken=null taskFragmentOrganizer=null }
06-04 11:07:38.919 V/WindowManager( 689): info={id=8 t=OPEN f=0x0 trk=0 r=[0@Point(0, 0)] c=[{WCT{RemoteToken{3733719 Task{5e6eb40 #27 type=standard A=10075:com.dangbei.hqmedia}}} m=OPEN f=NONE leash=Surface(name=Task=27)/@0x229b092 sb=Rect(0, 0 - 1920, 1080) eb=Rect(0, 0 - 1920, 1080) d=0},{WCT{RemoteToken{a0bb49b Task{b70c191 #1 type=home}}} m=TO_BACK f=NONE leash=Surface(name=Task=1)/@0x3ea5216 sb=Rect(0, 0 - 1920, 1080) eb=Rect(0, 0 - 1920, 1080) d=0}]}
06-04 11:07:38.920 V/WindowManagerShell( 939): animated by com.android.wm.shell.transition.DefaultTransitionHandler@dc4f71f
06-04 11:07:39.016 D/CompatibilityChangeReporter( 689): Compat change id reported: 214016041; UID 10075; state: DISABLED
06-04 11:07:39.326 V/WindowManagerShell( 939): Transition animation finished (aborted=false), notifying core (#8)android.os.BinderProxy@a1513c7@0
06-04 11:07:39.328 V/WindowManager( 689): Finish Transition #8: created at
06-04 11:07:38.062 collect-started=0.077ms request-sent=11.351ms started=19.122ms ready=403.132ms sent=846.801ms finished=1265.89ms
06-04 11:07:39.334 V/WindowManagerShell( 939): Track 0 became idle
06-04 11:07:39.334 V/WindowManagerShell( 939): All active transition animations finished
06-04 11:07:39.364 D/CoreBackPreview( 689): Window{f6c036 u0 com.dangbei.leard.leradlauncher/com.dangbei.leard.leardlauncher.install.ui.OverallDownloadDialogShowActivity}: Setting back callback null
06-04 11:07:39.798 D/CoreBackPreview( 689): Window{11aa718 u0 com.dangbei.hqmedia/com.dangbei.launcher.media.ui.media.film.FilmDetailActivity}: Setting back callback null
06-04 11:07:39.842 V/WindowManager( 689): Unknown focus tokens, dropping reportFocusChanged
06-04 11:07:39.932 W/ContextImpl( 689): Calling a method in the system process without a qualified user: android.app.ContextImpl.startService:1899 com.android.server.wm.DisplayPolicy.lambda$focusChangedLw$5:2126 com.android.server.wm.DisplayPolicy.$r8$lambda$Znxk63oh-WzVnzo_WQefN7uxV48:0 com.android.server.wm.DisplayPolicy$$ExternalSyntheticLambda13.run:0 android.os.Handler.handleCallback:958
06-04 11:07:40.363 W/WindowManager( 689): [addWindow] title:Toast
06-04 11:07:40.386 D/CoreBackPreview( 689): Window{32e48a8 u0 Toast}: Setting back callback OnBackInvokedCallbackInfo{mCallback=android.window.IOnBackInvokedCallback$Stub$Proxy@2eb4643, mPriority=0, mIsAnimationCallback=false}
06-04 11:07:40.943 E/SettingsState( 689): Failed to write settings, restoring old file
06-04 11:07:40.943 E/SettingsState( 689): java.io.SyncFailedException: sync failed
06-04 11:07:40.943 E/SettingsState( 689): at java.io.FileDescriptor.sync(Native Method)
06-04 11:07:40.943 E/SettingsState( 689): at com.android.providers.settings.SettingsState.doWriteState(SettingsState.java:925)
06-04 11:07:40.943 E/SettingsState( 689): at com.android.providers.settings.SettingsState.-$$Nest$mdoWriteState(SettingsState.java:0)
06-04 11:07:40.943 E/SettingsState( 689): at com.android.providers.settings.SettingsState$MyHandler.handleMessage(SettingsState.java:1279)
06-04 11:07:40.943 E/SettingsState( 689): at android.os.Handler.dispatchMessage(Handler.java:106)
06-04 11:07:40.943 E/SettingsState( 689): at android.os.Looper.loopOnce(Looper.java:205)
06-04 11:07:40.943 E/SettingsState( 689): at android.os.Looper.loop(Looper.java:294)
06-04 11:07:40.943 E/SettingsState( 689): at android.os.HandlerThread.run(HandlerThread.java:67)
06-04 11:07:41.939 D/CoreBackPreview( 689): Window{32e48a8 u0 Toast}: Setting back callback null
06-04 11:07:41.946 W/NotificationService( 689): Toast already killed. pkg=com.dangbei.hqmedia token=android.os.BinderProxy@d3ac797
06-04 11:07:44.366 W/WindowManager( 689): Unable to start animation, surface is null or no children.
06-04 11:07:45.782 D/ActivityManager( 689): freezing 2258 com.android.rkpdapp
06-04 11:07:46.085 D/OomAdjuster( 689): Not killing cached processes
06-04 11:07:48.176 D/ActivityManager( 689): freezing 2238 com.android.providers.tv
06-04 11:07:48.523 I/keystore2( 283): system/security/keystore2/src/watchdog.rs:319 - Watchdog thread idle -> terminating. Have a great day.
06-04 11:07:48.764 V/HotPlugDetectionAction( 689): Poll all devices.
06-04 11:07:49.559 W/HDMI ( 689): [1]:Failed to send a polling message(4->8) with return code 3
06-04 11:07:49.982 W/HDMI ( 689): [1]:Failed to send a polling message(4->14) with return code 3
06-04 11:07:49.983 D/HdmiCecController( 689): [P]:AllocatedAddress=[0]
06-04 11:07:50.672 D/CompatibilityChangeReporter( 689): Compat change id reported: 173031413; UID 1000; state: DISABLED
06-04 11:07:50.673 D/CompatibilityChangeReporter( 689): Compat change id reported: 173031413; UID 1000; state: ENABLED
06-04 11:07:50.812 D/WindowManager( 689): handleVolumeKeyInArc KeyEvent { action=ACTION_DOWN, keyCode=KEYCODE_VOLUME_DOWN, scanCode=114, metaState=0, flags=0x8, repeatCount=0, eventTime=145246929000, downTime=145246929000, deviceId=10, source=0x301, displayId=-1 }
06-04 11:07:50.812 D/WindowManager( 689): dispatchDirectAudioEvent KeyEvent { action=ACTION_DOWN, keyCode=KEYCODE_VOLUME_DOWN, scanCode=114, metaState=0, flags=0x8, repeatCount=0, eventTime=145246929000, downTime=145246929000, deviceId=10, source=0x301, displayId=-1 }
06-04 11:07:50.860 D/WindowManager( 689): handleVolumeKeyInArc KeyEvent { action=ACTION_UP, keyCode=KEYCODE_VOLUME_DOWN, scanCode=114, metaState=0, flags=0x8, repeatCount=0, eventTime=145393055000, downTime=145246929000, deviceId=10, source=0x301, displayId=-1 }
06-04 11:07:50.861 D/WindowManager( 689): dispatchDirectAudioEvent KeyEvent { action=ACTION_UP, keyCode=KEYCODE_VOLUME_DOWN, scanCode=114, metaState=0, flags=0x8, repeatCount=0, eventTime=145393055000, downTime=145246929000, deviceId=10, source=0x301, displayId=-1 }
06-04 11:07:50.897 W/WindowManager( 689): [addWindow] title:VolumeDialogImpl
06-04 11:07:50.923 D/CoreBackPreview( 689): Window{89ebba6 u0 VolumeDialogImpl}: Setting back callback OnBackInvokedCallbackInfo{mCallback=android.window.IOnBackInvokedCallback$Stub$Proxy@4e4e994, mPriority=0, mIsAnimationCallback=false}
06-04 11:07:51.037 D/WindowManager( 689): handleVolumeKeyInArc KeyEvent { action=ACTION_DOWN, keyCode=KEYCODE_VOLUME_DOWN, scanCode=114, metaState=0, flags=0x8, repeatCount=0, eventTime=145539536000, downTime=145539536000, deviceId=10, source=0x301, displayId=-1 }
06-04 11:07:51.037 D/WindowManager( 689): dispatchDirectAudioEvent KeyEvent { action=ACTION_DOWN, keyCode=KEYCODE_VOLUME_DOWN, scanCode=114, metaState=0, flags=0x8, repeatCount=0, eventTime=145539536000, downTime=145539536000, deviceId=10, source=0x301, displayId=-1 }
06-04 11:07:51.065 D/WindowManager( 689): handleVolumeKeyInArc KeyEvent { action=ACTION_UP, keyCode=KEYCODE_VOLUME_DOWN, scanCode=114, metaState=0, flags=0x8, repeatCount=0, eventTime=145617935000, downTime=145539536000, deviceId=10, source=0x301, displayId=-1 }
06-04 11:07:51.065 D/WindowManager( 689): dispatchDirectAudioEvent KeyEvent { action=ACTION_UP, keyCode=KEYCODE_VOLUME_DOWN, scanCode=114, metaState=0, flags=0x8, repeatCount=0, eventTime=145617935000, downTime=145539536000, deviceId=10, source=0x301, displayId=-1 }
06-04 11:07:51.309 D/WindowManager( 689): handleVolumeKeyInArc KeyEvent { action=ACTION_DOWN, keyCode=KEYCODE_VOLUME_DOWN, scanCode=114, metaState=0, flags=0x8, repeatCount=0, eventTime=145786869000, downTime=145786869000, deviceId=10, source=0x301, displayId=-1 }
06-04 11:07:51.309 D/WindowManager( 689): dispatchDirectAudioEvent KeyEvent { action=ACTION_DOWN, keyCode=KEYCODE_VOLUME_DOWN, scanCode=114, metaState=0, flags=0x8, repeatCount=0, eventTime=145786869000, downTime=145786869000, deviceId=10, source=0x301, displayId=-1 }
06-04 11:07:51.342 D/WindowManager( 689): handleVolumeKeyInArc KeyEvent { action=ACTION_UP, keyCode=KEYCODE_VOLUME_DOWN, scanCode=114, metaState=0, flags=0x8, repeatCount=0, eventTime=145888159000, downTime=145786869000, deviceId=10, source=0x301, displayId=-1 }
06-04 11:07:51.343 D/WindowManager( 689): dispatchDirectAudioEvent KeyEvent { action=ACTION_UP, keyCode=KEYCODE_VOLUME_DOWN, scanCode=114, metaState=0, flags=0x8, repeatCount=0, eventTime=145888159000, downTime=145786869000, deviceId=10, source=0x301, displayId=-1 }
06-04 11:07:51.599 E/SettingsState( 689): Failed to write settings, restoring old file
06-04 11:07:51.599 E/SettingsState( 689): java.io.SyncFailedException: sync failed
06-04 11:07:51.599 E/SettingsState( 689): at java.io.FileDescriptor.sync(Native Method)
06-04 11:07:51.599 E/SettingsState( 689): at com.android.providers.settings.SettingsState.doWriteState(SettingsState.java:925)
06-04 11:07:51.599 E/SettingsState( 689): at com.android.providers.settings.SettingsState.-$$Nest$mdoWriteState(SettingsState.java:0)
06-04 11:07:51.599 E/SettingsState( 689): at com.android.providers.settings.SettingsState$MyHandler.handleMessage(SettingsState.java:1279)
06-04 11:07:51.599 E/SettingsState( 689): at android.os.Handler.dispatchMessage(Handler.java:106)
06-04 11:07:51.599 E/SettingsState( 689): at android.os.Looper.loopOnce(Looper.java:205)
06-04 11:07:51.599 E/SettingsState( 689): at android.os.Looper.loop(Looper.java:294)
06-04 11:07:51.599 E/SettingsState( 689): at android.os.HandlerThread.run(HandlerThread.java:67)
06-04 11:07:51.758 D/WindowManager( 689): handleVolumeKeyInArc KeyEvent { action=ACTION_DOWN, keyCode=KEYCODE_VOLUME_DOWN, scanCode=114, metaState=0, flags=0x8, repeatCount=0, eventTime=146202974000, downTime=146202974000, deviceId=10, source=0x301, displayId=-1 }
06-04 11:07:51.759 D/WindowManager( 689): dispatchDirectAudioEvent KeyEvent { action=ACTION_DOWN, keyCode=KEYCODE_VOLUME_DOWN, scanCode=114, metaState=0, flags=0x8, repeatCount=0, eventTime=146202974000, downTime=146202974000, deviceId=10, source=0x301, displayId=-1 }
06-04 11:07:51.796 D/WindowManager( 689): handleVolumeKeyInArc KeyEvent { action=ACTION_UP, keyCode=KEYCODE_VOLUME_DOWN, scanCode=114, metaState=0, flags=0x8, repeatCount=0, eventTime=146338345000, downTime=146202974000, deviceId=10, source=0x301, displayId=-1 }
06-04 11:07:51.796 D/WindowManager( 689): dispatchDirectAudioEvent KeyEvent { action=ACTION_UP, keyCode=KEYCODE_VOLUME_DOWN, scanCode=114, metaState=0, flags=0x8, repeatCount=0, eventTime=146338345000, downTime=146202974000, deviceId=10, source=0x301, displayId=-1 }
06-04 11:07:51.937 D/WindowManager( 689): handleVolumeKeyInArc KeyEvent { action=ACTION_DOWN, keyCode=KEYCODE_VOLUME_DOWN, scanCode=114, metaState=0, flags=0x8, repeatCount=0, eventTime=146450793000, downTime=146450793000, deviceId=10, source=0x301, displayId=-1 }
06-04 11:07:51.937 D/WindowManager( 689): dispatchDirectAudioEvent KeyEvent { action=ACTION_DOWN, keyCode=KEYCODE_VOLUME_DOWN, scanCode=114, metaState=0, flags=0x8, repeatCount=0, eventTime=146450793000, downTime=146450793000, deviceId=10, source=0x301, displayId=-1 }
06-04 11:07:51.970 D/WindowManager( 689): handleVolumeKeyInArc KeyEvent { action=ACTION_UP, keyCode=KEYCODE_VOLUME_DOWN, scanCode=114, metaState=0, flags=0x8, repeatCount=0, eventTime=146518535000, downTime=146450793000, deviceId=10, source=0x301, displayId=-1 }
06-04 11:07:51.970 D/WindowManager( 689): dispatchDirectAudioEvent KeyEvent { action=ACTION_UP, keyCode=KEYCODE_VOLUME_DOWN, scanCode=114, metaState=0, flags=0x8, repeatCount=0, eventTime=146518535000, downTime=146450793000, deviceId=10, source=0x301, displayId=-1 }
06-04 11:07:52.088 E/SettingsState( 689): Failed to write settings, restoring old file
06-04 11:07:52.088 E/SettingsState( 689): java.io.SyncFailedException: sync failed
06-04 11:07:52.088 E/SettingsState( 689): at java.io.FileDescriptor.sync(Native Method)
06-04 11:07:52.088 E/SettingsState( 689): at com.android.providers.settings.SettingsState.doWriteState(SettingsState.java:925)
06-04 11:07:52.088 E/SettingsState( 689): at com.android.providers.settings.SettingsState.-$$Nest$mdoWriteState(SettingsState.java:0)
06-04 11:07:52.088 E/SettingsState( 689): at com.android.providers.settings.SettingsState$MyHandler.handleMessage(SettingsState.java:1279)
06-04 11:07:52.088 E/SettingsState( 689): at android.os.Handler.dispatchMessage(Handler.java:106)
06-04 11:07:52.088 E/SettingsState( 689): at android.os.Looper.loopOnce(Looper.java:205)
06-04 11:07:52.088 E/SettingsState( 689): at android.os.Looper.loop(Looper.java:294)
06-04 11:07:52.088 E/SettingsState( 689): at android.os.HandlerThread.run(HandlerThread.java:67)
06-04 11:07:52.118 D/WindowManager( 689): handleVolumeKeyInArc KeyEvent { action=ACTION_DOWN, keyCode=KEYCODE_VOLUME_DOWN, scanCode=114, metaState=0, flags=0x8, repeatCount=0, eventTime=146619516000, downTime=146619516000, deviceId=10, source=0x301, displayId=-1 }
06-04 11:07:52.118 D/WindowManager( 689): dispatchDirectAudioEvent KeyEvent { action=ACTION_DOWN, keyCode=KEYCODE_VOLUME_DOWN, scanCode=114, metaState=0, flags=0x8, repeatCount=0, eventTime=146619516000, downTime=146619516000, deviceId=10, source=0x301, displayId=-1 }
06-04 11:07:52.148 D/WindowManager( 689): handleVolumeKeyInArc KeyEvent { action=ACTION_UP, keyCode=KEYCODE_VOLUME_DOWN, scanCode=114, metaState=0, flags=0x8, repeatCount=0, eventTime=146698887000, downTime=146619516000, deviceId=10, source=0x301, displayId=-1 }
06-04 11:07:52.148 D/WindowManager( 689): dispatchDirectAudioEvent KeyEvent { action=ACTION_UP, keyCode=KEYCODE_VOLUME_DOWN, scanCode=114, metaState=0, flags=0x8, repeatCount=0, eventTime=146698887000, downTime=146619516000, deviceId=10, source=0x301, displayId=-1 }
06-04 11:07:52.542 E/SettingsState( 689): Failed to write settings, restoring old file
06-04 11:07:52.542 E/SettingsState( 689): java.io.SyncFailedException: sync failed
06-04 11:07:52.542 E/SettingsState( 689): at java.io.FileDescriptor.sync(Native Method)
06-04 11:07:52.542 E/SettingsState( 689): at com.android.providers.settings.SettingsState.doWriteState(SettingsState.java:925)
06-04 11:07:52.542 E/SettingsState( 689): at com.android.providers.settings.SettingsState.-$$Nest$mdoWriteState(SettingsState.java:0)
06-04 11:07:52.542 E/SettingsState( 689): at com.android.providers.settings.SettingsState$MyHandler.handleMessage(SettingsState.java:1279)
06-04 11:07:52.542 E/SettingsState( 689): at android.os.Handler.dispatchMessage(Handler.java:106)
06-04 11:07:52.542 E/SettingsState( 689): at android.os.Looper.loopOnce(Looper.java:205)
06-04 11:07:52.542 E/SettingsState( 689): at android.os.Looper.loop(Looper.java:294)
06-04 11:07:52.542 E/SettingsState( 689): at android.os.HandlerThread.run(HandlerThread.java:67)
06-04 11:07:53.723 D/OomAdjuster( 689): Not killing cached processes
06-04 11:07:53.724 W/ProcessStats( 689): Tracking association SourceState{43608a9 system/1000 ImpFg #554} whose proc state 5 is better than process ProcessState{b1c9582 com.android.permissioncontroller/10057 pkg=com.android.permissioncontroller} proc state 15 (7 skipped)
06-04 11:07:55.218 D/HDMI ( 689): [R]: 0F:82:00:00
06-04 11:07:55.219 D/HDMI ( 689): setActiveSource logical:0x00 physical:0x0000 HdmiCecLocalDeviceSource#handleActiveSource()
06-04 11:07:55.220 D/HDMI ( 689): ActiveSourceHistoryRecord active source=(0x00, 0x0000) isActiveSource=false from=HdmiCecLocalDeviceSource#handleActiveSource()
06-04 11:07:55.220 D/HDMI ( 689): No wakelock is used to keep the display on.
06-04 11:07:55.221 D/HdmiControlService( 689): Switching to full volume behavior
06-04 11:07:55.659 D/CoreBackPreview( 689): Window{89ebba6 u0 VolumeDialogImpl}: Setting back callback null
06-04 11:07:55.950 D/HDMI ( 689): [R]: 04:8F
06-04 11:07:55.952 D/HDMI ( 689): [S]: 40:90:00
06-04 11:08:46.159 D/OomAdjuster( 689): Not killing cached processes
06-04 11:08:48.766 V/HotPlugDetectionAction( 689): Poll all devices.
06-04 11:08:49.360 D/HdmiCecController( 689): [P]:AllocatedAddress=[0]
06-04 11:08:49.954 W/ContextImpl( 1420): Calling a method in the system process without a qualified user: android.app.ContextImpl.sendBroadcast:1220 android.content.ContextWrapper.sendBroadcast:504 com.dangbei.etna.setting.core.SettingHelper.sendCycleToProjector:257 com.dangbei.etna.setting.core.SettingHelper.sendCycleCheckBroadcast:226 com.dangbei.etna.setting.core.SettingHelper.startLoop$lambda-0:185
06-04 11:08:49.956 W/ContextImpl( 1420): Calling a method in the system process without a qualified user: android.app.ContextImpl.sendBroadcast:1220 android.content.ContextWrapper.sendBroadcast:504 com.dangbei.etna.setting.core.SettingHelper.sendCycleToVoice:242 com.dangbei.etna.setting.core.SettingHelper.sendCycleCheckBroadcast:227 com.dangbei.etna.setting.core.SettingHelper.startLoop$lambda-0:185
06-04 11:08:55.947 D/HDMI ( 689): [R]: 04:8F
06-04 11:08:55.948 D/HDMI ( 689): [S]: 40:90:00
06-04 11:09:04.683 D/HDMI ( 689): [R]: 04:8F
06-04 11:09:04.684 D/HDMI ( 689): [S]: 40:90:00
06-04 11:09:05.034 D/HDMI ( 689): [R]: 0F:86:30:00
06-04 11:09:05.035 D/HDMI ( 689): setActiveSource logical:0x04 physical:0x3000 HdmiCecLocalDeviceSource#handleSetStreamPath()
06-04 11:09:05.036 D/HDMI ( 689): ActiveSourceHistoryRecord active source=(0x04, 0x3000) isActiveSource=true from=HdmiCecLocalDeviceSource#handleSetStreamPath()
06-04 11:09:05.037 D/HDMI ( 689): setActiveSource logical:0x04 physical:0x3000 ActiveSourceAction
06-04 11:09:05.037 D/HDMI ( 689): [S]: 4F:82:30:00
06-04 11:09:05.038 D/HDMI ( 689): ActiveSourceHistoryRecord active source=(0x04, 0x3000) isActiveSource=true from=ActiveSourceAction
06-04 11:09:05.039 D/HdmiControlService( 689): Switching to full volume behavior
06-04 11:09:05.039 D/HdmiControlService( 689): Switching to full volume behavior
06-04 11:09:05.171 D/HDMI ( 689): [S]: 40:8E:00
06-04 11:09:10.955 D/HDMI ( 689): [R]: 0F:82:00:00
06-04 11:09:10.956 D/HDMI ( 689): setActiveSource logical:0x00 physical:0x0000 HdmiCecLocalDeviceSource#handleActiveSource()
06-04 11:09:10.958 D/HDMI ( 689): ActiveSourceHistoryRecord active source=(0x00, 0x0000) isActiveSource=false from=HdmiCecLocalDeviceSource#handleActiveSource()
06-04 11:09:10.958 D/HDMI ( 689): pauseActiveMediaSessions
06-04 11:09:10.958 D/HDMI ( 689): onActiveSourceLost with mode:standby_now
06-04 11:09:10.958 I/HDMI ( 689): Hdmi cec standby
06-04 11:09:10.959 I/PowerGroup( 689): Powering off display group due to hdmi (groupId= 0, uid= 1000, millisSinceLastUserActivity=21016, lastUserActivityEvent=button)...
06-04 11:09:10.960 I/PowerManagerService( 689): Going to sleep due to hdmi (uid 1000, screenOffTimeout=300000, activityTimeoutWM=-1, maxDimRatio=0.20000005, maxDimDur=7000)...
06-04 11:09:10.963 D/CompatibilityChangeReporter( 689): Compat change id reported: 156215187; UID 10040; state: DISABLED
06-04 11:09:10.968 D/HdmiControlService( 689): Switching to full volume behavior
06-04 11:09:10.969 D/WindowManager( 689): updateCecScreenStatus 1
06-04 11:09:10.969 D/HDMI ( 689): setCecSettingIntValue name:cec_screen_state, value:1
06-04 11:09:10.970 D/OomAdjuster( 689): Not killing cached processes
06-04 11:09:10.971 W/ProcessStats( 689): Tracking association SourceState{43608a9 system/1000 ImpFg #564} whose proc state 5 is better than process ProcessState{b1c9582 com.android.permissioncontroller/10057 pkg=com.android.permissioncontroller} proc state 15 (0 skipped)
06-04 11:09:10.971 I/HDMI ( 689): screen state is changing to 1
06-04 11:09:10.971 D/HDMI ( 689): onStandby action:0, current power:0 initiatedByCec:true
06-04 11:09:10.978 D/HDMI ( 689): standby acquireWakeLock 0
06-04 11:09:10.978 D/HDMI ( 689): standby releaseWakeLock
06-04 11:09:10.983 V/HdmiControlService( 689): On standby-action cleared:4
06-04 11:09:10.983 V/HdmiControlService( 689): onPendingActionsCleared
06-04 11:09:10.983 D/HDMI ( 689): setActiveSource logical:0xffffffff physical:0xffff HdmiCecLocalDevicePlayback#onStandby()
06-04 11:09:10.984 D/HDMI ( 689): ActiveSourceHistoryRecord active source=(invalid, invalid) isActiveSource=false from=HdmiCecLocalDevicePlayback#onStandby()
06-04 11:09:10.984 D/HDMI ( 689): onStandby sendStandbyNoneActive:false, wasActiveSource:false
06-04 11:09:10.985 I/HDMI ( 689): onStandby finally completed
06-04 11:09:10.985 D/HDMI ( 689): enableSystemCecControl: false
06-04 11:09:11.037 D/HdmiControlService( 689): Switching to full volume behavior
06-04 11:09:11.037 D/HDMI ( 689): standby releaseWakeLock
06-04 11:09:11.038 D/HdmiControlService( 689): Switching to full volume behavior
06-04 11:09:11.500 I/DisplayPowerController2[0]( 689): Blocking screen off
06-04 11:09:11.505 I/DisplayPowerController2[0]( 689): Unblocked screen off after 5 ms
06-04 11:09:11.508 D/ActivityTaskManager( 689): Top Process State changed to PROCESS_STATE_TOP_SLEEPING
06-04 11:09:11.511 V/WindowManager( 689): Sent Transition #9 createdAt=06-04 11:09:11.508 via request=TransitionRequestInfo { type = 12, triggerTask = null, remoteTransition = null, displayChange = null, flags = 0 }
06-04 11:09:11.511 V/WindowManager( 689): startWCT=null
06-04 11:09:11.511 V/WindowManager( 689): info={id=9 t=SLEEP f=0x0 trk=0 r=[] c=[]}
06-04 11:09:11.511 I/DisplayBrightnessStrategySelector( 689): Changing the DisplayBrightnessStrategy from InvalidBrightnessStrategy toScreenOffBrightnessStrategy for display 0
06-04 11:09:11.512 D/CompatibilityChangeReporter( 689): Compat change id reported: 197654537; UID 10075; state: DISABLED
06-04 11:09:11.519 V/WindowManagerShell( 939): Transition requested: android.os.BinderProxy@91801a7 TransitionRequestInfo { type = 12, triggerTask = null, remoteTransition = null, displayChange = null, flags = 0 }
06-04 11:09:11.520 D/CompatibilityChangeReporter( 689): Compat change id reported: 265195908; UID 10075; state: ENABLED
06-04 11:09:11.521 W/Transition( 689): Transition already started id=9 state=2
06-04 11:09:11.522 V/DisplayPowerController2[0]( 689): Brightness [0.0] reason changing to: 'screen_off', previous reason: 'manual'.
06-04 11:09:11.522 I/DisplayPowerController2[0]( 689): BrightnessEvent: disp=0, physDisp=local:4616277992360486155, brt=0.0, initBrt=0.39763778, rcmdBrt=NaN, preBrt=NaN, lux=0.0, preLux=0.0, hbmMax=1.0, hbmMode=off, rbcStrength=0, thrmMax=1.0, powerFactor=1.0, wasShortTermModelActive=false, flags=, reason=screen_off, autoBrightness=false, strategy=ScreenOffBrightnessStrategy
06-04 11:09:11.522 V/WindowManagerShell( 939): onTransitionReady android.os.BinderProxy@91801a7: {id=9 t=SLEEP f=0x0 trk=0 r=[] c=[]}
06-04 11:09:11.522 V/WindowManagerShell( 939): No transition roots in (#9)android.os.BinderProxy@91801a7@0 so abort
06-04 11:09:11.523 I/DisplayDeviceRepository( 689): Display device changed state: "内置屏幕", OFF
06-04 11:09:11.524 V/WindowManagerShell( 939): Transition animation finished (aborted=true), notifying core (#9)android.os.BinderProxy@91801a7@0
06-04 11:09:11.527 V/WindowManager( 689): Finish Transition #9: created at
06-04 11:09:11.508 collect-started=0.3ms request-sent=0.411ms started=0.665ms ready=0.659ms sent=0.922ms finished=18.084ms
06-04 11:09:11.527 V/WindowManagerShell( 939): Track 0 became idle
06-04 11:09:11.527 V/WindowManagerShell( 939): All active transition animations finished
06-04 11:09:11.528 I/DisplayDevice( 689): [0] Layerstack set to -1 for local:4616277992360486155
06-04 11:09:11.695 D/WindowManagerShell( 939): TvPipController: onTaskStackChanged()
06-04 11:09:11.777 I/DisplayDeviceRepository( 689): Display device changed state: "内置屏幕", OFF
06-04 11:09:11.783 I/PowerGroup( 689): Sleeping power group (groupId=0, uid=1000, reason=timeout)...
06-04 11:09:11.783 I/PowerManagerService( 689): Sleeping (uid 1000)...
06-04 11:09:11.810 D/LocalDisplayAdapter( 689): The active mode was changed from SurfaceFlinger or the display device to {id=23, width=3840, height=2160, fps=59.94006, alternativeRefreshRates=[], supportedHdrTypes=[]}
06-04 11:09:11.810 D/LocalDisplayAdapter( 689): New display modes are added and the active mode has changed, use active mode as default mode.
06-04 11:09:11.810 W/LocalDisplayAdapter( 689): DisplayModeSpecs base mode no longer available, using currently active mode.
06-04 11:09:11.812 I/DisplayDeviceRepository( 689): Display device changed: DisplayDeviceInfo{"内置屏幕": uniqueId="local:4616277992360486155", 3840 x 2160, modeId 3, renderFrameRate 59.94006, defaultModeId 3, supportedModes [{id=1, width=1920, height=1080, fps=119.88013, alternativeRefreshRates=[], supportedHdrTypes=[2, 3]}, {id=2, width=1920, height=1080, fps=120.00001, alternativeRefreshRates=[], supportedHdrTypes=[2, 3]}, {id=3, width=3840, height=2160, fps=59.94006, alternativeRefreshRates=[], supportedHdrTypes=[2, 3]}, {id=4, width=3840, height=2160, fps=60.000004, alternativeRefreshRates=[], supportedHdrTypes=[2, 3]}, {id=5, width=3840, height=2160, fps=50.0, alternativeRefreshRates=[], supportedHdrTypes=[2, 3]}, {id=6, width=3840, height=2160, fps=29.97003, alternativeRefreshRates=[], supportedHdrTypes=[2, 3]}, {id=7, width=3840, height=2160, fps=30.000002, alternativeRefreshRates=[], supportedHdrTypes=[2, 3]}, {id=8, width=3840, height=2160, fps=25.0, alternativeRefreshRates=[], supportedHdrTypes=[2, 3]}, {id=9, width=3840, height=2160, fps=23.976025, alternativeRefreshRates=[], supportedHdrTypes=[2, 3]}, {id=10, width=3840, height=2160, fps=24.000002, alternativeRefreshRates=[], supportedHdrTypes=[2, 3]}, {id=11, width=1920, height=1080, fps=100.0, alternativeRefreshRates=[], supportedHdrTypes=[2, 3]}, {id=12, width=1920, height=1080, fps=59.94006, alternativeRefreshRates=[], supportedHdrTypes=[2, 3]}, {id=13, width=1920, height=1080, fps=60.000004, alternativeRefreshRates=[], supportedHdrTypes=[2, 3]}, {id=14, width=1920, height=1080, fps=50.0, alternativeRefreshRates=[], supportedHdrTypes=[2, 3]}, {id=15, width=1920, height=1080, fps=29.97003, alternativeRefreshRates=[], supportedHdrTypes=[2, 3]}, {id=16, width=1920, height=1080, fps=30.000002, alternativeRefreshRates=[], supportedHdrTypes=[2, 3]}, {id=17, width=1920, height=1080, fps=25.0, alternativeRefreshRates=[], supportedHdrTypes=[2, 3]}, {id=18, width=1920, height=1080, fps=23.976025, alternativeRefreshRates=[], supportedHdrTypes=[2, 3]}, {id=19, width=1920, height=1080, fps=24.000002, alternativeRefreshRates=[], supportedHdrTypes=[2, 3]}, {id=20, width=1280, height=720, fps=59.94006, alternativeRefreshRates=[], supportedHdrTypes=[2, 3]}, {id=21, width=1280, height=720, fps=60.000004, alternativeRefreshRates=[], supportedHdrTypes=[2, 3]}, {id=22, width=1280, height=720, fps=50.0, alternativeRefreshRates=[], supportedHdrTypes=[2, 3]}], colorMode 0, supportedColorModes [0], hdrCapabilities HdrCapabilities{mSupportedHdrTypes=[2, 3], mMaxLuminance=500.0, mMaxAverageLuminance=500.0, mMinLuminance=0.0}, allmSupported true, gameContentTypeSupported false, density 480, 84.813 x 84.406 dpi, appVsyncOff 2000000, presDeadline 13683333, touch INTERNAL, rotation 0, type INTERNAL, address {port=11, model=0x401050603f19a5}, deviceProductInfo DeviceProductInfo{name=Dangbei , manufacturerPnpId=DBP, productId=48, modelYear=null, manufactureDate=ManufactureDate{week=10, year=2014}, connectionToSinkType=2}, state OFF, committedState OFF, frameRateOverride , brightnessMinimum 0.0, brightnessMaximum 1.0, brightnessDefault 0.39763778, hdrSdrRatio NaN, FLAG_ALLOWED_TO_BE_DEFAULT_DISPLAY, FLAG_ROTATES_WITH_CONTENT, FLAG_SECURE, FLAG_SUPPORTS_PROTECTED_BUFFERS, FLAG_TRUSTED, installOrientation 0, displayShape DisplayShape{ spec=-545313861 displayWidth=3840 displayHeight=2160 physicalPixelDisplaySizeRatio=1.0 rotation=0 offsetX=0 offsetY=0 scale=1.0}}
06-04 11:09:11.815 I/PowerManagerService( 689): onFlip(): Face up.
06-04 11:09:11.816 W/LocalDisplayAdapter( 689): Ignoring request for invalid base mode id 3
06-04 11:09:11.818 I/DisplayDeviceRepository( 689): Display device changed: DisplayDeviceInfo{"内置屏幕": uniqueId="local:4616277992360486155", 3840 x 2160, modeId 23, renderFrameRate 59.94006, defaultModeId 23, supportedModes [{id=23, width=3840, height=2160, fps=59.94006, alternativeRefreshRates=[], supportedHdrTypes=[]}], colorMode 0, supportedColorModes [0], hdrCapabilities HdrCapabilities{mSupportedHdrTypes=[], mMaxLuminance=500.0, mMaxAverageLuminance=500.0, mMinLuminance=0.0}, allmSupported false, gameContentTypeSupported false, density 480, 84.813 x 84.406 dpi, appVsyncOff 2000000, presDeadline 13683333, touch INTERNAL, rotation 0, type INTERNAL, address {port=11, model=0x401050603f19a5}, deviceProductInfo DeviceProductInfo{name=Linux FHD, manufacturerPnpId=LNX, productId=0, modelYear=null, manufactureDate=ManufactureDate{week=5, year=2012}, connectionToSinkType=0}, state OFF, committedState OFF, frameRateOverride , brightnessMinimum 0.0, brightnessMaximum 1.0, brightnessDefault 0.39763778, hdrSdrRatio NaN, FLAG_ALLOWED_TO_BE_DEFAULT_DISPLAY, FLAG_ROTATES_WITH_CONTENT, FLAG_SECURE, FLAG_SUPPORTS_PROTECTED_BUFFERS, FLAG_TRUSTED, installOrientation 0, displayShape DisplayShape{ spec=-545313861 displayWidth=3840 displayHeight=2160 physicalPixelDisplaySizeRatio=1.0 rotation=0 offsetX=0 offsetY=0 scale=1.0}}
06-04 11:09:11.831 V/WindowManager( 689): app ------------- force_land :0
06-04 11:09:11.847 D/HDMI ( 689): receive android.intent.action.SCREEN_OFF
06-04 11:09:11.869 D/CoreBackPreview( 689): Window{84bcbba u0 com.dangbei.leard.leradlauncher/com.dangbei.launcher.secondary.video.VideoSecondaryActivity}: Setting back callback null
06-04 11:09:11.889 W/UsageStatsService( 689): Unexpected activity event reported! (com.dangbei.leard.leradlauncher/com.dangbei.launcher.secondary.video.VideoSecondaryActivity event : 23 instanceId : 209488860)
06-04 11:09:12.102 D/WindowManagerShell( 939): TvPipController: onTaskStackChanged()
06-04 11:10:42.325 D/OomAdjuster( 689): Not killing cached processes
06-04 11:10:42.326 W/ProcessStats( 689): Tracking association SourceState{43608a9 system/1000 ImpFg #585} whose proc state 5 is better than process ProcessState{b1c9582 com.android.permissioncontroller/10057 pkg=com.android.permissioncontroller} proc state 15 (11 skipped)
06-04 11:11:55.957 D/HDMI ( 689): [R]: 04:8F
06-04 11:11:55.959 D/HDMI ( 689): addCecDevice new:CEC: logical_address: 0x00 device_type: 0 cec_version: 5 vendor_id: 16777215 display_name: TV power_status: -1 physical_address: 0xFFFF port_id: -1 old:null
06-04 11:11:55.959 D/HdmiControlService( 689): Switching to full volume behavior
06-04 11:11:55.960 D/HDMI ( 689): [S]: 40:90:01
06-04 11:12:07.834 W/Looper ( 689): Slow delivery took 559ms main h=android.os.Handler c=com.android.internal.os.BinderCallsStats$1@dc6bcf3 m=0
06-04 11:12:12.838 W/Looper ( 689): Drained
06-04 11:12:47.232 D/HDMI ( 689): [R]: 04:8F
06-04 11:12:47.233 D/HDMI ( 689): [S]: 40:90:01
06-04 11:12:47.441 D/HDMI ( 689): [R]: 04:44
06-04 11:12:47.441 D/HDMI ( 689): oneTouchPlay com.android.server.hdmi.OneTouchPlayAction@fcf4dc
06-04 11:12:47.442 I/HDMI ( 689): Not ready to start action. Queued for deferred start:com.android.server.hdmi.OneTouchPlayAction@fcf4dc
06-04 11:12:47.442 I/HDMI ( 689): Hdmi cec wake up
06-04 11:12:47.442 I/PowerGroup( 689): Waking up power group from Asleep (groupId=0, uid=1000, reason=WAKE_REASON_HDMI, details=android.server.hdmi:WAKE)...
