06-04 15:05:58.989 386 386 I : DVI mode selected: packets not configured
06-04 15:05:58.989 386 386 I : Error: set vsif failed
06-04 15:05:58.989 386 386 I : DVI mode selected: packets not configured
06-04 15:05:58.989 386 386 I : Error: set vsif failed
06-04 15:05:59.002 1080 1109 I OpenGLRenderer: Davey! duration=9223371949949ms; Flags=0, FrameTimelineVsyncId=3051, IntendedVsync=86887579982, Vsync=86887579982, InputEventId=0, HandleInputStart=86892954207, AnimationStart=86892958666, PerformTraversalsStart=86893207332, DrawStart=86894142832, FrameDeadline=86920913314, FrameInterval=86892943791, FrameStartTime=16666666, SyncQueued=86894693332, SyncStart=86912138916, IssueDrawCommandsStart=86913383291, SwapBuffers=86922407582, FrameCompleted=9223372036854775807, DequeueBufferDuration=50292, QueueBufferDuration=3437917, GpuCompleted=9223372036854775807, SwapBuffersCompleted=86926876957, DisplayPresentTime=0,
06-04 15:05:59.005 386 386 I : DVI mode selected: packets not configured
06-04 15:05:59.005 386 386 I : Error: set vsif failed
06-04 15:05:59.005 386 386 I : DVI mode selected: packets not configured
06-04 15:05:59.005 386 386 I : Error: set vsif failed
06-04 15:05:59.018 1080 1109 I OpenGLRenderer: Davey! duration=9223371949937ms; Flags=0, FrameTimelineVsyncId=3053, IntendedVsync=86904246648, Vsync=86904246648, InputEventId=0, HandleInputStart=86913868957, AnimationStart=86913872457, PerformTraversalsStart=86914276707, DrawStart=86914519666, FrameDeadline=86937579980, FrameInterval=86913862791, FrameStartTime=16666666, SyncQueued=86914618832, SyncStart=86927318957, IssueDrawCommandsStart=86929002999, SwapBuffers=86939698624, FrameCompleted=9223372036854775807, DequeueBufferDuration=52708, QueueBufferDuration=2454541, GpuCompleted=9223372036854775807, SwapBuffersCompleted=86943329374, DisplayPresentTime=0,
06-04 15:05:59.033 1080 1109 I OpenGLRenderer: Davey! duration=9223371949920ms; Flags=0, FrameTimelineVsyncId=3055, IntendedVsync=86920902845, Vsync=86920902845, InputEventId=0, HandleInputStart=86929491124, AnimationStart=86929496374, PerformTraversalsStart=86929886416, DrawStart=86930104124, FrameDeadline=86954236177, FrameInterval=86929482707, FrameStartTime=16666666, SyncQueued=86930210791, SyncStart=86943629541, IssueDrawCommandsStart=86944804624, SwapBuffers=86951101124, FrameCompleted=9223372036854775807, DequeueBufferDuration=42666, QueueBufferDuration=6060958, GpuCompleted=9223372036854775807, SwapBuffersCompleted=86959006832, DisplayPresentTime=0,
06-04 15:05:59.082 476 520 W IorapForwardingService: No service published for: iorapd
06-04 15:05:59.535 1080 1109 I OpenGLRenderer: Davey! duration=9223371949421ms; Flags=0, FrameTimelineVsyncId=3115, IntendedVsync=87420467326, Vsync=87420467326, InputEventId=0, HandleInputStart=87428163666, AnimationStart=87428165541, PerformTraversalsStart=87429240708, DrawStart=87429852833, FrameDeadline=87453800658, FrameInterval=87428157041, FrameStartTime=16666666, SyncQueued=87430245124, SyncStart=87443001208, IssueDrawCommandsStart=87444204333, SwapBuffers=87451767166, FrameCompleted=9223372036854775807, DequeueBufferDuration=37167, QueueBufferDuration=1452000, GpuCompleted=9223372036854775807, SwapBuffersCompleted=87462304041, DisplayPresentTime=0,
06-04 15:05:59.591 262 294 D hdmi-cec: receive invalid cec message!
06-04 15:05:59.591 262 294 D hdmi-cec: receive poll message [04], skip!
06-04 15:05:59.804 476 476 D CompatibilityChangeReporter: Compat change id reported: 168419799; UID 1000; state: DISABLED
06-04 15:05:59.813 476 2627 I BackgroundDexOptService: Performing idle optimizations
06-04 15:05:59.848 1926 1926 I rainbow_flow: type=1400 audit(0.0:1043): avc: denied { ioctl } for path="/dev/spidev1.0" dev="tmpfs" ino=6194 ioctlcmd=0x6b00 scontext=u:r:init:s0 tcontext=u:object_r:device:s0 tclass=chr_file permissive=1
06-04 15:05:59.879 2628 2628 E cutils-trace: Error opening trace file: No such file or directory (2)
06-04 15:05:59.930 1125 1125 D aaa : LedStatusService onStartCommand begin
06-04 15:05:59.932 1125 2638 D aaa : topPkg is -------------- :com.dangbei.haqusetting
06-04 15:05:59.935 1190 1190 D bbb : onStartCommand begin !!!!!!! data分区剩余 24982MB
06-04 15:05:59.992 654 654 E WifiHAL : wifi_get_link_stats: requestResponse Error:-5
06-04 15:05:59.993 476 608 E WifiVendorHal: getWifiLinkLayerStats_1_5_Internal(l.1191) failed {.code = ERROR_INVALID_ARGS, .description = }
06-04 15:06:00.085 476 520 W IorapForwardingService: No service published for: iorapd
06-04 15:06:00.092 262 262 I EventThread: type=1400 audit(0.0:1044): avc: denied { search } for name="extcon" dev="sysfs" ino=18109 scontext=u:r:hal_tv_cec_default:s0 tcontext=u:object_r:sysfs_extcon:s0 tclass=dir permissive=1
06-04 15:06:00.106 476 2627 I BackgroundDexOptService: Pinning optimized code {}
06-04 15:06:00.106 476 2627 I BackgroundDexOptService: Idle optimizations completed.
06-04 15:06:00.776 1247 1247 I cling--ap-1: type=1400 audit(0.0:1045): avc: denied { read } for name="address" dev="sysfs" ino=28000 scontext=u:r:platform_app:s0:c512,c768 tcontext=u:object_r:sysfs:s0 tclass=file permissive=1 app=com.dangbei.screencast
06-04 15:06:00.776 1247 1247 I cling--ap-1: type=1400 audit(0.0:1046): avc: denied { open } for path="/sys/devices/platform/unisoc_wifi/net/wlan1/address" dev="sysfs" ino=28000 scontext=u:r:platform_app:s0:c512,c768 tcontext=u:object_r:sysfs:s0 tclass=file permissive=1 app=com.dangbei.screencast
06-04 15:06:00.776 1247 1247 I cling--ap-1: type=1400 audit(0.0:1047): avc: denied { getattr } for path="/sys/devices/platform/unisoc_wifi/net/wlan1/address" dev="sysfs" ino=28000 scontext=u:r:platform_app:s0:c512,c768 tcontext=u:object_r:sysfs:s0 tclass=file permissive=1 app=com.dangbei.screencast
06-04 15:06:01.087 476 520 W IorapForwardingService: No service published for: iorapd
06-04 15:06:01.872 2140 2207 D UtilLog : 日志批量上报 进行正常循环 !!!!!!本次有0次请求,共0条数据
06-04 15:06:01.937 1080 2469 I OpenGLRenderer: Davey! duration=9223371947017ms; Flags=0, FrameTimelineVsyncId=3122, IntendedVsync=89837134988, Vsync=89837134988, InputEventId=0, HandleInputStart=89838442667, AnimationStart=89838454459, PerformTraversalsStart=89840139084, DrawStart=89842161875, FrameDeadline=89870468320, FrameInterval=89838414459, FrameStartTime=16666666, SyncQueued=89842848125, SyncStart=89843329792, IssueDrawCommandsStart=89845352042, SwapBuffers=89863331584, FrameCompleted=9223372036854775807, DequeueBufferDuration=108459, QueueBufferDuration=1457333, GpuCompleted=9223372036854775807, SwapBuffersCompleted=89870198917, DisplayPresentTime=0,
06-04 15:06:02.020 1080 2469 I OpenGLRenderer: Davey! duration=9223371946935ms; Flags=0, FrameTimelineVsyncId=3129, IntendedVsync=89904237742, Vsync=89904237742, InputEventId=0, HandleInputStart=89908981875, AnimationStart=89908987084, PerformTraversalsStart=89909233125, DrawStart=89910654834, FrameDeadline=89937571074, FrameInterval=89908967625, FrameStartTime=16666666, SyncQueued=89911186417, SyncStart=89926452251, IssueDrawCommandsStart=89928332084, SwapBuffers=89937796834, FrameCompleted=9223372036854775807, DequeueBufferDuration=69459, QueueBufferDuration=1618042, GpuCompleted=9223372036854775807, SwapBuffersCompleted=89950657709, DisplayPresentTime=0,
06-04 15:06:02.035 1080 2469 I OpenGLRenderer: Davey! duration=9223371946912ms; Flags=0, FrameTimelineVsyncId=3131, IntendedVsync=89920898514, Vsync=89920898514, InputEventId=0, HandleInputStart=89929015626, AnimationStart=89929018251, PerformTraversalsStart=89929717917, DrawStart=89929958584, FrameDeadline=89954231846, FrameInterval=89929009334, FrameStartTime=16666666, SyncQueued=89930058042, SyncStart=89951056292, IssueDrawCommandsStart=89952238376, SwapBuffers=89965747709, FrameCompleted=9223372036854775807, DequeueBufferDuration=38500, QueueBufferDuration=1921917, GpuCompleted=9223372036854775807, SwapBuffersCompleted=89968762792, DisplayPresentTime=0,
06-04 15:06:02.053 1080 2469 I OpenGLRenderer: Davey! duration=9223371946901ms; Flags=0, FrameTimelineVsyncId=3133, IntendedVsync=89937563558, Vsync=89937563558, InputEventId=0, HandleInputStart=89952725167, AnimationStart=89952728251, PerformTraversalsStart=89953376667, DrawStart=89953579167, FrameDeadline=89970896890, FrameInterval=89952719417, FrameStartTime=16666666, SyncQueued=89953662959, SyncStart=89969125876, IssueDrawCommandsStart=89970162459, SwapBuffers=89980200417, FrameCompleted=9223372036854775807, DequeueBufferDuration=38708, QueueBufferDuration=2756750, GpuCompleted=9223372036854775807, SwapBuffersCompleted=89984510501, DisplayPresentTime=0,
06-04 15:06:02.090 476 520 W IorapForwardingService: No service published for: iorapd
06-04 15:06:02.983 476 2424 I ActivityManager: Background started FGS: Allowed [callingPackage: com.dangbei.screencast; callingUid: 10030; uidState: FGS ; intent: Intent { cmp=com.dangbei.screencast/.startup.GuardService }; code:PROC_STATE_FGS; tempAllowListReason:; targetSdkVersion:28; callerTargetSdkVersion:28; startForegroundCount:0; bindFromPackage:null]
06-04 15:06:02.987 476 2424 D CompatibilityChangeReporter: Compat change id reported: 135634846; UID 10030; state: DISABLED
06-04 15:06:02.988 476 539 D CompatibilityChangeReporter: Compat change id reported: 143937733; UID 10030; state: DISABLED
06-04 15:06:02.991 476 2424 I ActivityManager: Killing 1564:com.android.managedprovisioning/u0a19 (adj 985): empty #17
06-04 15:06:02.993 476 2424 I ActivityManager: Killing 1519:com.android.dynsystem/1000 (adj 995): empty #18
06-04 15:06:03.013 476 618 D NsdService: unregister service
06-04 15:06:03.013 476 618 D NsdService: mdnssd [stop-register, 5]
06-04 15:06:03.015 243 290 W netd : dnssd_clientstub DNSServiceProcessResult called with NULL DNSServiceRef
06-04 15:06:03.015 654 654 E WifiHAL : wifi_get_link_stats: requestResponse Error:-5
06-04 15:06:03.019 476 618 D NsdService: unregister service
06-04 15:06:03.019 476 618 D NsdService: mdnssd [stop-register, 4]
06-04 15:06:03.021 243 290 W netd : dnssd_clientstub DNSServiceProcessResult called with NULL DNSServiceRef
06-04 15:06:03.026 476 618 D NsdService: unregister service
06-04 15:06:03.026 476 618 D NsdService: mdnssd [stop-register, 3]
06-04 15:06:03.027 243 290 W netd : dnssd_clientstub DNSServiceProcessResult called with NULL DNSServiceRef
06-04 15:06:03.030 244 244 D Zygote : Forked child process 2641
06-04 15:06:03.032 476 539 I ActivityManager: app.processName = com.dangbei.screencast:bg_guard
06-04 15:06:03.032 476 539 I ActivityManager: Start proc 2641:com.dangbei.screencast:bg_guard/u0a30 for service {com.dangbei.screencast/com.dangbei.screencast.startup.GuardService}
06-04 15:06:03.037 476 608 E WifiVendorHal: getWifiLinkLayerStats_1_5_Internal(l.1191) failed {.code = ERROR_INVALID_ARGS, .description = }
06-04 15:06:03.046 2641 2641 I Zygote : seccomp disabled by setenforce 0
06-04 15:06:03.047 1247 2427 W System.err: java.net.SocketException: Socket closed
06-04 15:06:03.052 1247 2427 W System.err: at java.net.PlainSocketImpl.socketAccept(PlainSocketImpl.java:213)
06-04 15:06:03.053 1247 2427 W System.err: at java.net.AbstractPlainSocketImpl.accept(AbstractPlainSocketImpl.java:451)
06-04 15:06:03.053 1247 2427 W System.err: at java.net.ServerSocket.implAccept(ServerSocket.java:547)
06-04 15:06:03.053 1247 2427 W System.err: at java.net.ServerSocket.accept(ServerSocket.java:515)
06-04 15:06:03.053 1247 2427 W System.err: at b.f.f.t.f.run(Unknown Source:40)
06-04 15:06:03.053 1247 2427 W System.err: at java.lang.Thread.run(Thread.java:920)
06-04 15:06:03.057 476 540 I libprocessgroup: Successfully killed process cgroup uid 10019 pid 1564 in 63ms
06-04 15:06:03.067 244 244 I Zygote : Process 1519 exited due to signal 9 (Killed)
06-04 15:06:03.078 244 244 I Zygote : Process 1564 exited due to signal 9 (Killed)
06-04 15:06:03.090 403 413 I adbd : jdwp connection from 2641
06-04 15:06:03.092 476 520 W IorapForwardingService: No service published for: iorapd
06-04 15:06:03.095 1247 2250 E raop : httpd_stop running 1 joined 0
06-04 15:06:03.095 1247 2250 E raop : httpd_stop connection->socket_fd=0
06-04 15:06:03.095 1247 2250 E raop : httpd_stop connection->socket_fd=0
06-04 15:06:03.095 1247 2250 E raop : httpd_stop connection->socket_fd=0
06-04 15:06:03.095 1247 2250 E raop : httpd_stop connection->socket_fd=0
06-04 15:06:03.095 1247 2250 E raop : httpd_stop connection->socket_fd=0
06-04 15:06:03.095 1247 2250 E raop : httpd_stop connection->socket_fd=0
06-04 15:06:03.095 1247 2250 E raop : httpd_stop connection->socket_fd=0
06-04 15:06:03.095 1247 2250 E raop : httpd_stop connection->socket_fd=0
06-04 15:06:03.095 1247 2250 E raop : httpd_stop connection->socket_fd=0
06-04 15:06:03.095 1247 2250 E raop : httpd_stop connection->socket_fd=0
06-04 15:06:03.102 476 540 I libprocessgroup: Successfully killed process cgroup uid 1000 pid 1519 in 0ms
06-04 15:06:03.106 1247 2433 W AbstractChannel: Can't invoke task later as EventLoop rejected it
06-04 15:06:03.106 1247 2433 W AbstractChannel: java.util.concurrent.RejectedExecutionException: event executor terminated
06-04 15:06:03.106 1247 2433 W AbstractChannel: at io.netty.util.concurrent.SingleThreadEventExecutor.reject(Unknown Source:4)
06-04 15:06:03.106 1247 2433 W AbstractChannel: at io.netty.util.concurrent.SingleThreadEventExecutor.offerTask(Unknown Source:6)
06-04 15:06:03.106 1247 2433 W AbstractChannel: at io.netty.util.concurrent.SingleThreadEventExecutor.addTask(Unknown Source:5)
06-04 15:06:03.106 1247 2433 W AbstractChannel: at io.netty.util.concurrent.SingleThreadEventExecutor.execute(Unknown Source:4)
06-04 15:06:03.106 1247 2433 W AbstractChannel: at io.netty.util.concurrent.SingleThreadEventExecutor.execute(Unknown Source:18)
06-04 15:06:03.106 1247 2433 W AbstractChannel: at io.netty.channel.AbstractChannel$AbstractUnsafe.invokeLater(Unknown Source:6)
06-04 15:06:03.106 1247 2433 W AbstractChannel: at io.netty.channel.AbstractChannel$AbstractUnsafe.deregister(Unknown Source:24)
06-04 15:06:03.106 1247 2433 W AbstractChannel: at io.netty.channel.AbstractChannel$AbstractUnsafe.fireChannelInactiveAndDeregister(Unknown Source:17)
06-04 15:06:03.106 1247 2433 W AbstractChannel: at io.netty.channel.AbstractChannel$AbstractUnsafe.close(Unknown Source:112)
06-04 15:06:03.106 1247 2433 W AbstractChannel: at io.netty.channel.AbstractChannel$AbstractUnsafe.close(Unknown Source:12)
06-04 15:06:03.106 1247 2433 W AbstractChannel: at io.netty.channel.nio.NioEventLoop.closeAll(Unknown Source:86)
06-04 15:06:03.106 1247 2433 W AbstractChannel: at io.netty.channel.nio.NioEventLoop.run(Unknown Source:202)
06-04 15:06:03.106 1247 2433 W AbstractChannel: at io.netty.util.concurrent.SingleThreadEventExecutor$4.run(Unknown Source:41)
06-04 15:06:03.106 1247 2433 W AbstractChannel: at io.netty.util.internal.ThreadExecutorMap$2.run(Unknown Source:8)
06-04 15:06:03.106 1247 2433 W AbstractChannel: at io.netty.util.concurrent.FastThreadLocalRunnable.run(Unknown Source:2)
06-04 15:06:03.106 1247 2433 W AbstractChannel: at java.lang.Thread.run(Thread.java:920)
06-04 15:06:03.123 1247 2680 W UpnpServiceImpl: >>> Shutting down UPnP service...
06-04 15:06:03.128 1247 1247 I cling--ap-1: type=1400 audit(0.0:1048): avc: denied { read } for name="address" dev="sysfs" ino=10458 scontext=u:r:platform_app:s0:c512,c768 tcontext=u:object_r:sysfs_net:s0 tclass=file permissive=1 app=com.dangbei.screencast
06-04 15:06:03.128 1247 1247 I cling--ap-1: type=1400 audit(0.0:1049): avc: denied { open } for path="/sys/devices/virtual/net/lo/address" dev="sysfs" ino=10458 scontext=u:r:platform_app:s0:c512,c768 tcontext=u:object_r:sysfs_net:s0 tclass=file permissive=1 app=com.dangbei.screencast
06-04 15:06:03.128 1247 1247 I cling--ap-1: type=1400 audit(0.0:1050): avc: denied { getattr } for path="/sys/devices/virtual/net/lo/address" dev="sysfs" ino=10458 scontext=u:r:platform_app:s0:c512,c768 tcontext=u:object_r:sysfs_net:s0 tclass=file permissive=1 app=com.dangbei.screencast
06-04 15:06:03.141 2641 2641 D CompatibilityChangeReporter: Compat change id reported: 171979766; UID 10030; state: DISABLED
06-04 15:06:03.154 2641 2641 D ApplicationLoaders: Returning zygote-cached class loader: /system/framework/android.test.base.jar
06-04 15:06:03.155 2641 2641 D ApplicationLoaders: Returning zygote-cached class loader: /system/framework/android.hidl.manager-V1.0-java.jar
06-04 15:06:03.155 2641 2641 D ApplicationLoaders: Returning zygote-cached class loader: /system/framework/android.hidl.base-V1.0-java.jar
06-04 15:06:03.168 2641 2641 I encast:bg_guard: type=1400 audit(0.0:1051): avc: denied { getattr } for path="/data/user/0/com.dangbei.screencast" dev="mmcblk0p25" ino=892 scontext=u:r:platform_app:s0:c512,c768 tcontext=u:object_r:app_data_file:s0:c512,c768 tclass=dir permissive=1 app=com.dangbei.screencast
06-04 15:06:03.192 2641 2641 I encast:bg_guard: type=1400 audit(0.0:1052): avc: denied { search } for name="com.dangbei.screencast" dev="mmcblk0p25" ino=892 scontext=u:r:platform_app:s0:c512,c768 tcontext=u:object_r:app_data_file:s0:c512,c768 tclass=dir permissive=1 app=com.dangbei.screencast
06-04 15:06:03.195 2641 2641 V GraphicsEnvironment: ANGLE Developer option for 'com.dangbei.screencast' set to: 'default'
06-04 15:06:03.195 2641 2641 V GraphicsEnvironment: Neither updatable production driver nor prerelease driver is supported.
06-04 15:06:03.197 2641 2641 D NetworkSecurityConfig: Using Network Security Config from resource network_security_config debugBuild: false
06-04 15:06:03.200 2641 2641 D NetworkSecurityConfig: Using Network Security Config from resource network_security_config debugBuild: false
06-04 15:06:03.203 2641 2641 I MultiDex: VM with version 2.1.0 has multidex support
06-04 15:06:03.203 2641 2641 I MultiDex: Installing application
06-04 15:06:03.203 2641 2641 I MultiDex: VM has multidex support, MultiDex support library is disabled.
06-04 15:06:03.221 2685 2685 W audit : audit_lost=550 audit_rate_limit=5 audit_backlog_limit=64
06-04 15:06:03.221 2685 2685 E audit : rate limit exceeded
06-04 15:06:03.330 2641 2698 I crashsdk: version unique build id: 6230cced
06-04 15:06:03.340 2641 2699 D crashsdk: Native log stat thread 2699 setup, waiting
06-04 15:06:03.348 2641 2687 I crashsdk: begin hack android.os.Process
06-04 15:06:03.349 2641 2687 I crashsdk: end hack android.os.Process
06-04 15:06:03.358 2641 2641 I TDLog : setReportUncaughtExceptions: true
06-04 15:06:03.361 2641 2641 E Application: onCreate:Version:v2.8.3/20830/883432e
06-04 15:06:03.378 476 499 W ServiceManager: Permission failure: android.permission.HIGH_SAMPLING_RATE_SENSORS from uid=10030 pid=2641
06-04 15:06:03.381 2641 2707 W efs.send_log: tryFileLock start!
06-04 15:06:03.381 2641 2687 I Matrix.AnrTracer: anrTrace, final mAnrBeatTime:400, mAnrBeatRate:400
06-04 15:06:03.385 2641 2687 E LaunchManager: Non main process !
06-04 15:06:03.386 2641 2687 W System.err: java.lang.NullPointerException: Attempt to invoke virtual method 'boolean com.efs.sdk.launch.LaunchConfigManager.enableTracer()' on a null object reference
06-04 15:06:03.386 2641 2688 I TDLog : TalkingData SDK init...
06-04 15:06:03.386 2641 2688 I TDLog : SDK_VERSION is: Android+TD+V5.0.7 gp Type:Native Build_Num:2141
06-04 15:06:03.386 2641 2688 I TDLog : App ID is: B9D7815EC975466AB1332111FCE62DF5
06-04 15:06:03.386 2641 2688 I TDLog : App Channel is: os
06-04 15:06:03.386 2641 2688 I TDLog : App Custom is:
06-04 15:06:03.386 2641 2688 I TDLog : SDK_OVC is: TDOVC+a3bb7754719798526508b6caad480dd7+SaaS
06-04 15:06:03.386 2641 2687 W System.err: at com.umeng.umcrash.UMCrash.init(Unknown Source:403)
06-04 15:06:03.386 2641 2687 W System.err: at java.lang.reflect.Method.invoke(Native Method)
06-04 15:06:03.386 2641 2687 W System.err: at com.umeng.commonsdk.UMConfigure.init(Unknown Source:811)
06-04 15:06:03.386 2641 2687 W System.err: at b.f.f.b.a(:4)
06-04 15:06:03.386 2641 2687 W System.err: at h.o.a.run(Unknown Source:2)
06-04 15:06:03.393 2641 2707 I efs.config: --->>> 删除旧的配置文件 false
06-04 15:06:03.396 2641 2717 I efs.base: lt=event`ev_ct=efs_core`ev_ac=pvuv`tm=2025-06-04 15:06:38`dn=fd1f5943-1a79-4d2e-a8ad-2dbcd9a01f5b`ps=com.dangbei.screencast:bg_guard`um_os=android`stime=1749020762996`pid=2641`fr=android`pkg=com.dangbei.screencast`vcode=20830`dsp_w=1920`uid=fd1f5943-1a79-4d2e-a8ad-2dbcd9a01f5b`rom=12`wid=fd1f5943-1a79-4d2e-a8ad-2dbcd9a01f5b`um_app_carrier=`um_access=wifi`um_app_channel=os`um_crash_sdk_version=1.4.0`ctime=1749020763`model=dbbox-a2`lang=zh`net=wifi`brand=dangbei`dsp_h=1080`um_network_type=0`ver=v2.8.3`build_model=DBBOX-A2`w_tm=1749020763`appid=5fc60c21094d637f3130af19`um_umid_header=ai8fdb5175dd58f6e557dc840fd5072087`sdk=31`tzone=Asia/Shanghai`sdk_ver=1.3.6.umeng
06-04 15:06:03.401 2641 2707 I efs.config: current config version (-1) is older than another (1735614866)
06-04 15:06:03.404 2641 2707 I efs.config: load config from storage and notify observer
06-04 15:06:03.417 476 499 W ActivityManager: Foreground service started from background can not have location/camera/microphone access: service com.dangbei.screencast/.startup.GuardService
06-04 15:06:03.420 2641 2641 E GuardService: onStartCommand:
06-04 15:06:03.421 2641 2641 E GuardService: onStartCommand: cmd:1
06-04 15:06:03.421 2641 2641 E GuardService: result:2
06-04 15:06:03.453 2641 2641 I crashsdk: Catcher mask: 5000, 20480
06-04 15:06:03.455 2641 2641 I crashsdk: Catcher thread 2659
06-04 15:06:03.455 2641 2641 D crashsdk: Register ANR handler ...
06-04 15:06:03.457 2641 2717 W efs.info.manager: network change: wifi
06-04 15:06:03.499 1247 2680 W Router : disable lock:org.fourthline.cling.android.AndroidRouter@98cd8fd_java.util.concurrent.locks.ReentrantReadWriteLock$WriteLock@bc3a9f2[Unlocked]
06-04 15:06:03.499 1247 2680 I Router : WiFi multicast lock released
06-04 15:06:03.500 476 499 I WifiService: releaseMulticastLock uid=10030
06-04 15:06:03.501 1247 2680 I Router : WiFi lock released
06-04 15:06:03.502 476 2424 I WifiService: releaseWifiLock uid=10030
06-04 15:06:03.522 1247 2453 E JettyServletContainer: error:java.net.SocketException: Socket closed
06-04 15:06:03.523 1247 2453 W System.err: java.net.SocketException: Socket closed
06-04 15:06:03.523 1247 2453 W System.err: at java.net.PlainSocketImpl.socketAccept(PlainSocketImpl.java:213)
06-04 15:06:03.523 1247 2453 W System.err: at java.net.AbstractPlainSocketImpl.accept(AbstractPlainSocketImpl.java:451)
06-04 15:06:03.523 1247 2453 W System.err: at java.net.ServerSocket.implAccept(ServerSocket.java:547)
06-04 15:06:03.523 1247 2453 W System.err: at java.net.ServerSocket.accept(ServerSocket.java:515)
06-04 15:06:03.523 1247 2453 W System.err: at l.c.a.f.w.a.accept(Unknown Source:2)
06-04 15:06:03.523 1247 2453 W System.err: at org.fourthline.cling.transport.impl.jetty.JettyServletContainer$2.accept(Unknown Source:1)
06-04 15:06:03.523 1247 2453 W System.err: at l.c.a.f.a$a.run(Unknown Source:113)
06-04 15:06:03.523 1247 2453 W System.err: at java.util.concurrent.ThreadPoolExecutor.runWorker(ThreadPoolExecutor.java:1167)
06-04 15:06:03.524 1247 2453 W System.err: at java.util.concurrent.ThreadPoolExecutor$Worker.run(ThreadPoolExecutor.java:641)
06-04 15:06:03.524 1247 2453 W System.err: at java.lang.Thread.run(Thread.java:920)
06-04 15:06:03.524 1247 2680 I JettyServletContainer: No more connectors, stopping Jetty server
06-04 15:06:03.524 1247 2680 I JettyServletContainer: Stopping Jetty server...
06-04 15:06:03.525 1247 2680 W System.err: 2025-06-04 15:06:03.525:INFO:lcaf.p:Graceful shutdown l.c.a.g.d{/upnp,null}
06-04 15:06:03.630 674 674 V TvNotificationHandler: Notification not added because it isn't relevant for tv
06-04 15:06:03.907 1247 2250 E raop : httpd_stop running 0 joined 1
06-04 15:06:04.095 476 520 W IorapForwardingService: No service published for: iorapd
06-04 15:06:04.450 1043 1043 E sprdwl : sprdwl_rx_rsp_process ctx_id 0 recv rsp[WIFI_CMD_TX_DATA] status[SPRDWL_CMD_STATUS_ERROR]
06-04 15:06:04.463 1043 1043 E sprdwl : sprdwl_rx_rsp_process ctx_id 0 recv rsp[WIFI_CMD_TX_DATA] status[SPRDWL_CMD_STATUS_ERROR]
06-04 15:06:04.476 1043 1043 E sprdwl : sprdwl_rx_rsp_process ctx_id 0 recv rsp[WIFI_CMD_TX_DATA] status[SPRDWL_CMD_STATUS_ERROR]
06-04 15:06:04.527 1247 2680 W System.err: 2025-06-04 15:06:04.526:INFO:lcafx.c:stopped l.c.a.g.d{/upnp,null}
06-04 15:06:04.528 1247 2680 W Router : disable unlock:org.fourthline.cling.android.AndroidRouter@98cd8fd
06-04 15:06:04.532 1247 2680 W UpnpServiceImpl: <<< UPnP service shutdown completed
06-04 15:06:04.939 386 386 W hdr10p_Configure: 136 callbacks suppressed
06-04 15:06:04.939 386 386 I : DVI mode selected: packets not configured
06-04 15:06:04.939 386 386 W set_vsif_config: 136 callbacks suppressed
06-04 15:06:04.939 386 386 I : Error: set vsif failed
06-04 15:06:04.939 386 386 I : DVI mode selected: packets not configured
06-04 15:06:04.939 386 386 I : Error: set vsif failed
06-04 15:06:04.955 1080 2469 I OpenGLRenderer: Davey! duration=9223371944010ms; Flags=0, FrameTimelineVsyncId=3197, IntendedVsync=92837132489, Vsync=92837132489, InputEventId=0, HandleInputStart=92838080002, AnimationStart=92838087502, PerformTraversalsStart=92838443044, DrawStart=92839204377, FrameDeadline=92870465821, FrameInterval=92838065085, FrameStartTime=16666666, SyncQueued=92849022794, SyncStart=92856434460, IssueDrawCommandsStart=92858548669, SwapBuffers=92875480419, FrameCompleted=9223372036854775807, DequeueBufferDuration=99708, QueueBufferDuration=1182209, GpuCompleted=9223372036854775807, SwapBuffersCompleted=92878037169, DisplayPresentTime=0,
06-04 15:06:04.958 386 386 I : DVI mode selected: packets not configured
06-04 15:06:04.958 386 386 I : Error: set vsif failed
06-04 15:06:04.958 386 386 I : DVI mode selected: packets not configured
06-04 15:06:04.958 386 386 I : Error: set vsif failed
06-04 15:06:04.969 1080 2469 I OpenGLRenderer: Davey! duration=9223371943983ms; Flags=0, FrameTimelineVsyncId=3198, IntendedVsync=92854243736, Vsync=92854243736, InputEventId=0, HandleInputStart=92859974585, AnimationStart=92859982002, PerformTraversalsStart=92860854294, DrawStart=92861699794, FrameDeadline=92887577068, FrameInterval=92859951835, FrameStartTime=16666666, SyncQueued=92861826710, SyncStart=92878409794, IssueDrawCommandsStart=92879679002, SwapBuffers=92887871710, FrameCompleted=9223372036854775807, DequeueBufferDuration=47083, QueueBufferDuration=3874250, GpuCompleted=9223372036854775807, SwapBuffersCompleted=92893512627, DisplayPresentTime=0,
06-04 15:06:04.974 386 386 I : DVI mode selected: packets not configured
06-04 15:06:04.975 386 386 I : Error: set vsif failed
06-04 15:06:04.975 386 386 I : DVI mode selected: packets not configured
06-04 15:06:04.975 386 386 I : Error: set vsif failed
06-04 15:06:04.985 1080 2469 I OpenGLRenderer: Davey! duration=9223371943970ms; Flags=0, FrameTimelineVsyncId=3200, IntendedVsync=92870910402, Vsync=92870910402, InputEventId=0, HandleInputStart=92880393919, AnimationStart=92880396835, PerformTraversalsStart=92880840460, DrawStart=92881071377, FrameDeadline=92904243734, FrameInterval=92880381794, FrameStartTime=16666666, SyncQueued=92881159419, SyncStart=92894430960, IssueDrawCommandsStart=92896461044, SwapBuffers=92906966085, FrameCompleted=9223372036854775807, DequeueBufferDuration=81792, QueueBufferDuration=2130041, GpuCompleted=9223372036854775807, SwapBuffersCompleted=92910270544, DisplayPresentTime=0,
06-04 15:06:04.991 386 386 I : DVI mode selected: packets not configured
06-04 15:06:04.991 386 386 I : Error: set vsif failed
06-04 15:06:04.991 386 386 I : DVI mode selected: packets not configured
06-04 15:06:04.991 386 386 I : Error: set vsif failed
06-04 15:06:05.006 386 386 I : DVI mode selected: packets not configured
06-04 15:06:05.006 386 386 I : Error: set vsif failed
06-04 15:06:05.006 386 386 I : DVI mode selected: packets not configured
06-04 15:06:05.006 386 386 I : Error: set vsif failed
06-04 15:06:05.010 1247 1247 I crashsdk: android_os_Process_sendSignal. PID: 1247 SIG: 9
06-04 15:06:05.011 1247 1247 I crashsdk: onKillProcess. SIG: 9
06-04 15:06:05.021 1247 1247 I crashsdk: Kill PID: 1247 (com.dangbei.screencast) by pid: 1247 (com.dangbei.screencast) tid: 1247 (main)
06-04 15:06:05.021 1247 1247 I crashsdk: SIG: 9, fg: false, exiting: false, main process: true, time: 20250604150605
06-04 15:06:05.021 1247 1247 I crashsdk: State in disk: 'b'
06-04 15:06:05.021 1247 1247 I crashsdk: at android.os.Process.sendSignal(Native Method)
06-04 15:06:05.021 1247 1247 I crashsdk: at android.os.Process.killProcess(Process.java:1153)
06-04 15:06:05.021 1247 1247 I crashsdk: at com.dangbei.screencast.startup.JumpService$i.run(:2)
06-04 15:06:05.021 1247 1247 I crashsdk: at android.os.Handler.handleCallback(Handler.java:938)
06-04 15:06:05.021 1247 1247 I crashsdk: at android.os.Handler.dispatchMessage(Handler.java:99)
06-04 15:06:05.021 1247 1247 I crashsdk: at android.os.Looper.loopOnce(Looper.java:201)
06-04 15:06:05.021 1247 1247 I crashsdk: at android.os.Looper.loop(Looper.java:288)
06-04 15:06:05.021 1247 1247 I crashsdk: at android.app.ActivityThread.main(ActivityThread.java:7854)
06-04 15:06:05.021 1247 1247 I crashsdk: at java.lang.reflect.Method.invoke(Native Method)
06-04 15:06:05.021 1247 1247 I crashsdk: at com.android.internal.os.RuntimeInit$MethodAndArgsCaller.run(RuntimeInit.java:548)
06-04 15:06:05.021 1247 1247 I crashsdk: at com.android.internal.os.ZygoteInit.main(ZygoteInit.java:1182)
06-04 15:06:05.022 1247 1247 I Process : Sending signal. PID: 1247 SIG: 9
06-04 15:06:05.031 1 1 I init : Untracked pid 1539 exited with status 0
06-04 15:06:05.035 1080 2469 I OpenGLRenderer: Davey! duration=9223371943930ms; Flags=0, FrameTimelineVsyncId=3206, IntendedVsync=92920892001, Vsync=92920892001, InputEventId=0, HandleInputStart=92933548960, AnimationStart=92933553419, PerformTraversalsStart=92933834002, DrawStart=92934788335, FrameDeadline=92954225333, FrameInterval=92933542377, FrameStartTime=16666666, SyncQueued=92935308377, SyncStart=92939121710, IssueDrawCommandsStart=92940758335, SwapBuffers=92962885294, FrameCompleted=9223372036854775807, DequeueBufferDuration=1799833, QueueBufferDuration=1652958, GpuCompleted=9223372036854775807, SwapBuffersCompleted=92972615377, DisplayPresentTime=0,
06-04 15:06:05.071 1080 2469 I OpenGLRenderer: Davey! duration=9223371943886ms; Flags=0, FrameTimelineVsyncId=3208, IntendedVsync=92937556328, Vsync=92937556328, InputEventId=0, HandleInputStart=92941420294, AnimationStart=92941426044, PerformTraversalsStart=92941819169, DrawStart=92942052419, FrameDeadline=92970889660, FrameInterval=92941407419, FrameStartTime=16666666, SyncQueued=92942158502, SyncStart=92973014752, IssueDrawCommandsStart=92974684544, SwapBuffers=92985426544, FrameCompleted=9223372036854775807, DequeueBufferDuration=83167, QueueBufferDuration=3451792, GpuCompleted=9223372036854775807, SwapBuffersCompleted=92990145169, DisplayPresentTime=0,
06-04 15:06:05.087 1080 2469 I OpenGLRenderer: Davey! duration=9223371943886ms; Flags=0, FrameTimelineVsyncId=3210, IntendedVsync=92953840438, Vsync=92970507104, InputEventId=0, HandleInputStart=92975619210, AnimationStart=92975621460, PerformTraversalsStart=92975943960, DrawStart=92976456919, FrameDeadline=92987173770, FrameInterval=92975606752, FrameStartTime=16666666, SyncQueued=92976568835, SyncStart=92990511710, IssueDrawCommandsStart=92991860835, SwapBuffers=93002419335, FrameCompleted=9223372036854775807, DequeueBufferDuration=251166, QueueBufferDuration=2199291, GpuCompleted=9223372036854775807, SwapBuffersCompleted=93007608085, DisplayPresentTime=0,
06-04 15:06:05.098 476 520 W IorapForwardingService: No service published for: iorapd
06-04 15:06:05.102 2355 2402 W efs.send_log: tryFileLock sendlock sucess! processname: com.huawei.connection
06-04 15:06:05.103 476 750 I ActivityManager: Process com.dangbei.screencast (pid 1247) has died: prcp FGS
06-04 15:06:05.103 476 618 D NsdService: Client disconnected
06-04 15:06:05.103 476 540 I libprocessgroup: Successfully killed process cgroup uid 10030 pid 1247 in 0ms
06-04 15:06:05.105 244 244 I Zygote : Process 1247 exited due to signal 9 (Killed)
06-04 15:06:05.109 2355 2355 D NearFieldManagerService: onDestroy, enter.
06-04 15:06:05.109 2355 2355 I NearFieldManagerService: killCurrentProcess.
06-04 15:06:05.109 2355 2355 I crashsdk: android_os_Process_sendSignal. PID: 2355 SIG: 9
06-04 15:06:05.110 2355 2355 I crashsdk: onKillProcess. SIG: 9
06-04 15:06:05.110 476 750 W ActivityManager: Scheduling restart of crashed service com.dangbei.screencast/.huaweicast.service.HuaweiCastService in 1000ms for start-requested
06-04 15:06:05.112 476 750 W ActivityManager: Scheduling restart of crashed service com.dangbei.screencast/.startup.StartupService in 10999ms for start-requested
06-04 15:06:05.114 2355 2355 I crashsdk: Kill PID: 2355 (com.huawei.connection) by pid: 2355 (com.huawei.connection) tid: 2355 (main)
06-04 15:06:05.114 2355 2355 I crashsdk: SIG: 9, fg: false, exiting: false, main process: false, time: 20250604150605
06-04 15:06:05.114 2355 2355 I crashsdk: State in disk: 'b'
06-04 15:06:05.114 2355 2355 I crashsdk: at android.os.Process.sendSignal(Native Method)
06-04 15:06:05.114 2355 2355 I crashsdk: at android.os.Process.killProcess(Process.java:1153)
06-04 15:06:05.114 2355 2355 I crashsdk: at com.huawei.connection.service.NearFieldManagerService.c(Unknown Source:11)
06-04 15:06:05.114 2355 2355 I crashsdk: at com.huawei.connection.service.NearFieldManagerService.onDestroy(Unknown Source:10)
06-04 15:06:05.114 2355 2355 I crashsdk: at android.app.ActivityThread.handleStopService(ActivityThread.java:4669)
06-04 15:06:05.114 2355 2355 I crashsdk: at android.app.ActivityThread.access$2100(ActivityThread.java:247)
06-04 15:06:05.114 2355 2355 I crashsdk: at android.app.ActivityThread$H.handleMessage(ActivityThread.java:2096)
06-04 15:06:05.114 2355 2355 I crashsdk: at android.os.Handler.dispatchMessage(Handler.java:106)
06-04 15:06:05.114 2355 2355 I crashsdk: at android.os.Looper.loopOnce(Looper.java:201)
06-04 15:06:05.114 2355 2355 I crashsdk: at android.os.Looper.loop(Looper.java:288)
06-04 15:06:05.114 2355 2355 I crashsdk: at android.app.ActivityThread.main(ActivityThread.java:7854)
06-04 15:06:05.114 2355 2355 I crashsdk: at java.lang.reflect.Method.invoke(Native Method)
06-04 15:06:05.114 2355 2355 I crashsdk: at com.android.internal.os.RuntimeInit$MethodAndArgsCaller.run(RuntimeInit.java:548)
06-04 15:06:05.114 2355 2355 I crashsdk: at com.android.internal.os.ZygoteInit.main(ZygoteInit.java:1182)
06-04 15:06:05.119 2355 2355 I Process : Sending signal. PID: 2355 SIG: 9
06-04 15:06:05.141 1 1 I init : Untracked pid 2414 exited with status 0
06-04 15:06:05.199 2641 2714 W efs.send_log: tryFileLock sendlock sucess! processname: com.dangbei.screencast:bg_guard
06-04 15:06:05.203 476 750 I ActivityManager: Process com.huawei.connection (pid 2355) has died: fg SVC
06-04 15:06:05.206 33 33 I binder : undelivered transaction 57106, process died.
06-04 15:06:05.205 244 244 I Zygote : Process 2355 exited due to signal 9 (Killed)
06-04 15:06:05.206 476 540 I libprocessgroup: Successfully killed process cgroup uid 10030 pid 2355 in 2ms
06-04 15:06:05.214 2641 2665 I encast:bg_guar: Background concurrent copying GC freed 31672(1988KB) AllocSpace objects, 22(440KB) LOS objects, 49% free, 3228KB/6457KB, paused 280us total 150.568ms
06-04 15:06:05.479 1043 1043 E sprdwl : sprdwl_rx_rsp_process ctx_id 0 recv rsp[WIFI_CMD_TX_DATA] status[SPRDWL_CMD_STATUS_ERROR]
06-04 15:06:05.521 1080 1109 I OpenGLRenderer: Davey! duration=9223371943433ms; Flags=0, FrameTimelineVsyncId=3265, IntendedVsync=93420468755, Vsync=93420468755, InputEventId=0, HandleInputStart=93428394461, AnimationStart=93428401044, PerformTraversalsStart=93431349002, DrawStart=93432209086, FrameDeadline=93453802087, FrameInterval=93428384127, FrameStartTime=16666666, SyncQueued=93432691169, SyncStart=93433309461, IssueDrawCommandsStart=93435309294, SwapBuffers=93445784252, FrameCompleted=9223372036854775807, DequeueBufferDuration=85708, QueueBufferDuration=2521958, GpuCompleted=9223372036854775807, SwapBuffersCompleted=93449872877, DisplayPresentTime=0,
06-04 15:06:06.089 654 654 E WifiHAL : wifi_get_link_stats: requestResponse Error:-5
06-04 15:06:06.093 476 608 E WifiVendorHal: getWifiLinkLayerStats_1_5_Internal(l.1191) failed {.code = ERROR_INVALID_ARGS, .description = }
06-04 15:06:06.101 476 520 W IorapForwardingService: No service published for: iorapd
06-04 15:06:06.112 476 538 D CompatibilityChangeReporter: Compat change id reported: 135634846; UID 10030; state: DISABLED
06-04 15:06:06.113 476 539 D CompatibilityChangeReporter: Compat change id reported: 143937733; UID 10030; state: DISABLED
06-04 15:06:06.133 244 244 D Zygote : Forked child process 2735
06-04 15:06:06.135 476 539 I ActivityManager: app.processName = com.dangbei.screencast
06-04 15:06:06.135 476 539 I ActivityManager: Start proc 2735:com.dangbei.screencast/u0a30 for service {com.dangbei.screencast/com.dangbei.screencast.huaweicast.service.HuaweiCastService}
06-04 15:06:06.146 2735 2735 I Zygote : seccomp disabled by setenforce 0
06-04 15:06:06.167 403 413 I adbd : jdwp connection from 2735
06-04 15:06:06.194 2735 2735 D CompatibilityChangeReporter: Compat change id reported: 171979766; UID 10030; state: DISABLED
06-04 15:06:06.204 2735 2735 D ApplicationLoaders: Returning zygote-cached class loader: /system/framework/android.test.base.jar
06-04 15:06:06.204 2735 2735 D ApplicationLoaders: Returning zygote-cached class loader: /system/framework/android.hidl.manager-V1.0-java.jar
06-04 15:06:06.204 2735 2735 D ApplicationLoaders: Returning zygote-cached class loader: /system/framework/android.hidl.base-V1.0-java.jar
06-04 15:06:06.228 2735 2735 V GraphicsEnvironment: ANGLE Developer option for 'com.dangbei.screencast' set to: 'default'
06-04 15:06:06.228 2735 2735 V GraphicsEnvironment: Neither updatable production driver nor prerelease driver is supported.
06-04 15:06:06.229 2735 2735 D NetworkSecurityConfig: Using Network Security Config from resource network_security_config debugBuild: false
06-04 15:06:06.231 2735 2735 D NetworkSecurityConfig: Using Network Security Config from resource network_security_config debugBuild: false
06-04 15:06:06.234 2735 2735 I MultiDex: VM with version 2.1.0 has multidex support
06-04 15:06:06.234 2735 2735 I MultiDex: Installing application
06-04 15:06:06.234 2735 2735 I MultiDex: VM has multidex support, MultiDex support library is disabled.
06-04 15:06:06.236 2735 2735 E PartsInfoProvider: onCreate:
06-04 15:06:06.239 2735 2735 E ServiceUtils: start main service
06-04 15:06:06.242 2735 2735 E ServiceUtils: start main service
06-04 15:06:06.256 2735 2735 D AndroidAutoSize: designWidthInDp = 1920, designHeightInDp = 1080, screenWidth = 1920, screenHeight = 1080
06-04 15:06:06.256 2735 2735 D AndroidAutoSize: initDensity = 1.5, initScaledDensity = 1.5
06-04 15:06:06.364 2735 2735 I Thread-4: type=1400 audit(0.0:1063): avc: denied { read } for name="logs" dev="mmcblk0p25" ino=2071 scontext=u:r:platform_app:s0:c512,c768 tcontext=u:object_r:app_data_file:s0:c512,c768 tclass=dir permissive=1 app=com.dangbei.screencast
06-04 15:06:06.364 2735 2735 I Thread-4: type=1400 audit(0.0:1064): avc: denied { open } for path="/data/user/0/com.dangbei.screencast/crashsdk/logs" dev="mmcblk0p25" ino=2071 scontext=u:r:platform_app:s0:c512,c768 tcontext=u:object_r:app_data_file:s0:c512,c768 tclass=dir permissive=1 app=com.dangbei.screencast
06-04 15:06:06.371 2735 2771 I crashsdk: version unique build id: 6230cced
06-04 15:06:06.377 2735 2772 D crashsdk: Native log stat thread 2772 setup, waiting
06-04 15:06:06.380 2735 2757 I crashsdk: begin hack android.os.Process
06-04 15:06:06.381 2735 2757 I crashsdk: end hack android.os.Process
06-04 15:06:06.386 2735 2735 I TDLog : setReportUncaughtExceptions: true
06-04 15:06:06.389 2735 2735 E Application: onCreate:Version:v2.8.3/20830/883432e
06-04 15:06:06.400 674 674 V TvNotificationHandler: Notification not added because it isn't relevant for tv
06-04 15:06:06.403 674 674 V TvNotificationHandler: Notification not added because it isn't relevant for tv
06-04 15:06:06.413 2735 2757 I Matrix.AnrTracer: anrTrace, final mAnrBeatTime:400, mAnrBeatRate:400
06-04 15:06:06.413 2735 2758 I TDLog : TalkingData SDK init...
06-04 15:06:06.413 2735 2758 I TDLog : SDK_VERSION is: Android+TD+V5.0.7 gp Type:Native Build_Num:2141
06-04 15:06:06.413 2735 2758 I TDLog : App ID is: B9D7815EC975466AB1332111FCE62DF5
06-04 15:06:06.413 2735 2758 I TDLog : App Channel is: os
06-04 15:06:06.413 2735 2758 I TDLog : App Custom is:
06-04 15:06:06.413 2735 2758 I TDLog : SDK_OVC is: TDOVC+a3bb7754719798526508b6caad480dd7+SaaS
06-04 15:06:06.419 2735 2757 D LaunchConfigManager: check in allready
06-04 15:06:06.420 2735 2778 W efs.send_log: tryFileLock start!
06-04 15:06:06.422 2735 2788 I LaunchTrace: begin sendLaunchCache
06-04 15:06:06.428 2735 2735 I Thread-4: type=1400 audit(0.0:1065): avc: denied { watch watch_reads } for path="/data/user/0/com.dangbei.screencast/files/.envelope" dev="mmcblk0p25" ino=2094 scontext=u:r:platform_app:s0:c512,c768 tcontext=u:object_r:app_data_file:s0:c512,c768 tclass=dir permissive=1 app=com.dangbei.screencast
06-04 15:06:06.430 2735 2778 I efs.config: --->>> 删除旧的配置文件 false
06-04 15:06:06.431 2735 2735 E HuaweiCastService: onCreate called().
06-04 15:06:06.435 2735 2792 I efs.base: lt=event`ev_ct=efs_core`ev_ac=pvuv`tm=2025-06-04 15:06:42`dn=fd1f5943-1a79-4d2e-a8ad-2dbcd9a01f5b`ps=com.dangbei.screencast`um_os=android`stime=1749020766049`pid=2735`fr=android`pkg=com.dangbei.screencast`vcode=20830`dsp_w=1920`uid=fd1f5943-1a79-4d2e-a8ad-2dbcd9a01f5b`rom=12`wid=fd1f5943-1a79-4d2e-a8ad-2dbcd9a01f5b`um_app_carrier=`um_access=wifi`um_app_channel=os`um_crash_sdk_version=1.4.0`ctime=1749020766`model=dbbox-a2`lang=zh`net=wifi`brand=dangbei`dsp_h=1080`um_network_type=0`ver=v2.8.3`build_model=DBBOX-A2`w_tm=1749020766`appid=5fc60c21094d637f3130af19`um_umid_header=ai8fdb5175dd58f6e557dc840fd5072087`sdk=31`tzone=Asia/Shanghai`sdk_ver=1.3.6.umeng
06-04 15:06:06.441 2735 2778 I efs.config: current config version (-1) is older than another (1735614866)
06-04 15:06:06.442 2735 2778 I efs.config: load config from storage and notify observer
06-04 15:06:06.455 2735 2735 E PlayerClient: registerCallback com.dangbei.screencast.huaweicast.service.HuaweiCastService$a@9baa5b7
06-04 15:06:06.455 2735 2735 D PlayerClient: registerCallback true
06-04 15:06:06.456 2735 2735 D PlayerClient: init.
06-04 15:06:06.458 2735 2735 W KIT_FWK_a: KitFwk is not installed, pls do not use related interfaces.
06-04 15:06:06.459 2735 2735 W KIT_FWK_a: KitFwk is not installed, pls do not use related interfaces.
06-04 15:06:06.459 2735 2735 E PlayerClient: bind player service by aar.
06-04 15:06:06.464 2735 2735 D PlayerClient: bind player sink service true
06-04 15:06:06.470 476 750 W ActivityManager: Foreground service started from background can not have location/camera/microphone access: service com.dangbei.screencast/.huaweicast.service.HuaweiCastService
06-04 15:06:06.471 2735 2735 E HuaweiCastService: startForeground!
06-04 15:06:06.507 476 499 W ActivityManager: Foreground service started from background can not have location/camera/microphone access: service com.dangbei.screencast/.startup.StartupService
06-04 15:06:06.526 2735 2735 E raop : *********************AirplayBroadcastServer+++++++++
06-04 15:06:06.535 476 618 D NsdService: New client listening to asynchronous messages
06-04 15:06:06.535 476 618 D NsdService: New client, channel: com.android.internal.util.AsyncChannel@95c491c messenger: android.os.Messenger@239d925
06-04 15:06:06.536 2735 2735 D CompatibilityChangeReporter: Compat change id reported: 191844585; UID 10030; state: DISABLED
06-04 15:06:06.565 2735 2735 E H264FrameQueue: H264FrameQueue: mFullQueueCount:200
06-04 15:06:06.579 1080 1514 D wenhc : getScreenInfo uri = content://com.dangbei.screencast.parts.info/screen_cast
06-04 15:06:06.576 2735 2735 I work_thread: type=1400 audit(0.0:1066): avc: denied { ioctl } for path="/data/user/0/com.dangbei.screencast/databases/umeng_zero_cache.db" dev="mmcblk0p25" ino=2441 ioctlcmd=0xf50c scontext=u:r:platform_app:s0:c512,c768 tcontext=u:object_r:app_data_file:s0:c512,c768 tclass=file permissive=1 app=com.dangbei.screencast
06-04 15:06:06.580 1926 1926 I rainbow_flow: type=1400 audit(0.0:1067): avc: denied { ioctl } for path="/dev/spidev1.0" dev="tmpfs" ino=6194 ioctlcmd=0x6b00 scontext=u:r:init:s0 tcontext=u:object_r:device:s0 tclass=chr_file permissive=1
06-04 15:06:06.590 2790 2790 W audit : audit_lost=560 audit_rate_limit=5 audit_backlog_limit=64
06-04 15:06:06.590 2790 2790 E audit : rate limit exceeded
06-04 15:06:06.600 2735 2790 I MobclickAgent: module init:azioc
06-04 15:06:06.653 2735 2735 E StartupService: onConnected:
06-04 15:06:06.672 476 750 W TelephonyPermissions: reportAccessDeniedToReadIdentifiers:com.dangbei.screencast:getSerial:-1
06-04 15:06:06.682 674 674 V TvNotificationHandler: Notification not added because it isn't relevant for tv
06-04 15:06:06.716 674 674 V TvNotificationHandler: Notification not added because it isn't relevant for tv
06-04 15:06:06.759 2735 2735 I crashsdk: Catcher mask: 5000, 20480
06-04 15:06:06.760 2735 2735 I crashsdk: Catcher thread 2740
06-04 15:06:06.760 2735 2735 D crashsdk: Register ANR handler ...
06-04 15:06:06.762 2735 2792 W efs.info.manager: network change: wifi
06-04 15:06:06.765 2735 2735 D HiSight-SinkService: onCreate.
06-04 15:06:06.769 2735 2735 D HiSight-ConnectionManager: start ConnectionManager
06-04 15:06:06.774 2735 2735 D HiSight-SinkService: onBind.
06-04 15:06:06.780 2735 2735 E HuaweiCastService: onStartCommand in 0
06-04 15:06:06.786 2735 2735 D PlayerClient: service connected.
06-04 15:06:06.787 2735 2735 D HiSight-SinkService: ITaskBinder registerCallback: true
06-04 15:06:06.787 2735 2735 D HiSight-HiSightManager: ITaskBinder registerCallback.
06-04 15:06:06.788 2735 2735 D HiSight-CallbackManager: addNewCallback. com.dangbei.screencast.huaweicast.service.HuaweiCastService$a@9baa5b7
06-04 15:06:06.788 2735 2735 E HuaweiCastService: eventId: 4001
06-04 15:06:06.788 476 750 I WifiService: acquireMulticastLock uid=10030
06-04 15:06:06.788 476 499 I WifiService: acquireMulticastLock uid=10030
06-04 15:06:06.789 2735 2735 E HuaweiCastService: mPlayerClient is null.
06-04 15:06:06.791 2735 2735 D HiSight-HiSightManager: check capability vbr range not setting, using default value
06-04 15:06:06.791 2735 2735 E HuaweiCastService: mPlayerClient is null.
06-04 15:06:06.791 2735 2735 D HiSight-SinkService: setAuthMode
06-04 15:06:06.792 2735 2735 W HiSight-ConnectionManager: mSinkId is empty
06-04 15:06:07.104 476 520 W IorapForwardingService: No service published for: iorapd
06-04 15:06:07.523 0 0 I [ C3] nf_conntrack: default automatic helper assignment has been turned off for security reasons and CT-based firewall rule not found. Use the iptables CT target to attach helpers instead.
06-04 15:06:07.920 2839 2839 I Thread-2: type=1400 audit(0.0:1077): avc: denied { execute } for name="am" dev="dm-1" ino=1160 scontext=u:r:system_app:s0 tcontext=u:object_r:vendor_file:s0 tclass=file permissive=1
06-04 15:06:07.920 2839 2839 I Thread-2: type=1400 audit(0.0:1078): avc: denied { read open } for path="/vendor/xbin/am" dev="dm-1" ino=1160 scontext=u:r:system_app:s0 tcontext=u:object_r:vendor_file:s0 tclass=file permissive=1
06-04 15:06:07.920 2839 2839 I Thread-2: type=1400 audit(0.0:1079): avc: denied { execute_no_trans } for path="/vendor/xbin/am" dev="dm-1" ino=1160 scontext=u:r:system_app:s0 tcontext=u:object_r:vendor_file:s0 tclass=file permissive=1
06-04 15:06:07.970 1080 2469 I OpenGLRenderer: Davey! duration=9223371940991ms; Flags=0, FrameTimelineVsyncId=3271, IntendedVsync=95853805531, Vsync=95853805531, InputEventId=0, HandleInputStart=95854446170, AnimationStart=95854452420, PerformTraversalsStart=95854793503, DrawStart=95857244420, FrameDeadline=95887138863, FrameInterval=95854434587, FrameStartTime=16666666, SyncQueued=95857885795, SyncStart=95867494212, IssueDrawCommandsStart=95869857712, SwapBuffers=95890908462, FrameCompleted=9223372036854775807, DequeueBufferDuration=56125, QueueBufferDuration=2184292, GpuCompleted=9223372036854775807, SwapBuffersCompleted=95899387420, DisplayPresentTime=0,
06-04 15:06:07.989 1080 1109 I OpenGLRenderer: Davey! duration=9223371940960ms; Flags=0, FrameTimelineVsyncId=3273, IntendedVsync=95870910571, Vsync=95870910571, InputEventId=0, HandleInputStart=95872318170, AnimationStart=95872327045, PerformTraversalsStart=95873272670, DrawStart=95875276712, FrameDeadline=95904243903, FrameInterval=95872301212, FrameStartTime=16666666, SyncQueued=95876730462, SyncStart=95899873503, IssueDrawCommandsStart=95901732295, SwapBuffers=95912351045, FrameCompleted=9223372036854775807, DequeueBufferDuration=88834, QueueBufferDuration=2817041, GpuCompleted=9223372036854775807, SwapBuffersCompleted=95916494420, DisplayPresentTime=0,
06-04 15:06:08.004 1080 1109 I OpenGLRenderer: Davey! duration=9223371940953ms; Flags=0, FrameTimelineVsyncId=3274, IntendedVsync=95887577237, Vsync=95887577237, InputEventId=0, HandleInputStart=95902349670, AnimationStart=95902351920, PerformTraversalsStart=95902780378, DrawStart=95903318212, FrameDeadline=95920910569, FrameInterval=95902340587, FrameStartTime=16666666, SyncQueued=95903404837, SyncStart=95917000212, IssueDrawCommandsStart=95919144837, SwapBuffers=95932774503, FrameCompleted=9223372036854775807, DequeueBufferDuration=45500, QueueBufferDuration=2338917, GpuCompleted=9223372036854775807, SwapBuffersCompleted=95936403712, DisplayPresentTime=0,
06-04 15:06:08.018 1125 1125 D aaa : LedStatusService onStartCommand begin
06-04 15:06:08.023 1125 2845 D aaa : topPkg is -------------- :com.dangbei.haqusetting
06-04 15:06:08.041 1190 1190 D bbb : onStartCommand begin !!!!!!! data分区剩余 24982MB
