06-04 15:04:45.658 264 636 E android.hardware.usb@1.0-service: creating thread
06-04 15:04:45.658 264 264 E android.hardware.usb@1.0-service: Failed to open /sys/class/typec
06-04 15:04:45.659 311 311 D XiriService: check file name: /data/data/com.softwinner.miracastReceiver/lib
06-04 15:04:45.662 476 578 I UsbPortManager: USB HAL version: 10
06-04 15:04:45.667 311 311 D XiriService: check file name: /data/data/com.android.bluetooth/lib
06-04 15:04:45.664 311 311 I xiriservice_All: type=1400 audit(0.0:321): avc: denied { read } for name="lib" dev="mmcblk0p25" ino=6479 scontext=u:r:init:s0 tcontext=u:object_r:bluetooth_data_file:s0 tclass=lnk_file permissive=1
06-04 15:04:45.669 476 578 D SystemServerInitThreadPool: Finished executing UsbService$Lifecycle#onStart
06-04 15:04:45.669 476 615 D ConnectivityService: NetReassign [no changes]
06-04 15:04:45.673 476 476 V HistoricalRegistry: Interaction before persistence initialized
06-04 15:04:45.673 476 476 V HistoricalRegistry: Interaction before persistence initialized
06-04 15:04:45.675 476 476 I SystemServerTiming: StartSoundTrigger
06-04 15:04:45.675 476 476 I SystemServiceManager: Starting com.android.server.soundtrigger.SoundTriggerService
06-04 15:04:45.677 476 476 I SystemServerTiming: StartTrustManager
06-04 15:04:45.677 476 476 I SystemServiceManager: Starting com.android.server.trust.TrustManagerService
06-04 15:04:45.677 311 311 D XiriService: check file name: /data/data/com.android.bluetooth/lib
06-04 15:04:45.677 311 311 D XiriService: check file name: /data/data/com.android.bluetooth/lib
06-04 15:04:45.677 311 311 D XiriService: check file name: /data/data/com.android.bluetooth/lib
06-04 15:04:45.678 311 311 D XiriService: check file name: /data/data/com.android.bluetooth/lib
06-04 15:04:45.680 476 476 I SystemServerTiming: StartBackupManager
06-04 15:04:45.681 476 476 I SystemServiceManager: Starting com.android.server.backup.BackupManagerService$Lifecycle
06-04 15:04:45.687 476 476 I SystemServerTiming: StartAppWidgetService
06-04 15:04:45.687 476 476 I SystemServiceManager: Starting com.android.server.appwidget.AppWidgetService
06-04 15:04:45.693 476 476 I SystemServerTiming: StartVoiceRecognitionManager
06-04 15:04:45.694 476 476 I SystemServiceManager: Starting com.android.server.voiceinteraction.VoiceInteractionManagerService
06-04 15:04:45.708 476 568 I PackageManager: Deferred reconcileAppsData finished 98 packages
06-04 15:04:45.709 476 568 D SystemServerInitThreadPool: Finished executing prepareAppData
06-04 15:04:45.711 476 476 I SystemServerTiming: StartAppHibernationService
06-04 15:04:45.711 476 476 I SystemServiceManager: Starting com.android.server.apphibernation.AppHibernationService
06-04 15:04:45.714 476 476 I SystemServerTiming: StartGestureLauncher
06-04 15:04:45.714 476 476 I SystemServiceManager: Starting com.android.server.GestureLauncherService
06-04 15:04:45.714 476 476 I SystemServerTiming: StartSensorNotification
06-04 15:04:45.714 476 476 I SystemServiceManager: Starting com.android.server.SensorNotificationService
06-04 15:04:45.715 476 476 I SystemServerTiming: StartDiskStatsService
06-04 15:04:45.717 476 476 I SystemServerTiming: RuntimeService
06-04 15:04:45.718 476 476 I SystemServerTiming: StartNetworkTimeUpdateService
06-04 15:04:45.720 476 476 I SystemServerTiming: CertBlacklister
06-04 15:04:45.720 476 476 I SystemServerTiming: StartEmergencyAffordanceService
06-04 15:04:45.720 476 476 I SystemServiceManager: Starting com.android.server.emergency.EmergencyAffordanceService
06-04 15:04:45.722 476 476 I SystemServerTiming: StartDreamManager
06-04 15:04:45.722 476 476 I SystemServiceManager: Starting com.android.server.dreams.DreamManagerService
06-04 15:04:45.722 476 517 I SystemServerTimingAsync: InitThreadPoolExec:startBlobStoreManagerService
06-04 15:04:45.722 476 517 D SystemServerInitThreadPool: Started executing startBlobStoreManagerService
06-04 15:04:45.722 476 517 I SystemServerTimingAsync: startBlobStoreManagerService
06-04 15:04:45.723 476 517 I SystemServiceManager: Starting com.android.server.blob.BlobStoreManagerService
06-04 15:04:45.723 476 476 I SystemServerTiming: AddGraphicsStatsService
06-04 15:04:45.729 476 476 I SystemServerTiming: StartRestrictionManager
06-04 15:04:45.729 476 476 I SystemServiceManager: Starting com.android.server.restrictions.RestrictionsManagerService
06-04 15:04:45.731 476 517 D SystemServerInitThreadPool: Finished executing startBlobStoreManagerService
06-04 15:04:45.732 476 476 I SystemServerTiming: StartMediaSessionService
06-04 15:04:45.732 476 476 I SystemServiceManager: Starting com.android.server.media.MediaSessionService
06-04 15:04:45.737 476 476 I SystemServerTiming: StartHdmiControlService
06-04 15:04:45.737 476 476 I SystemServiceManager: Starting com.android.server.hdmi.HdmiControlService
06-04 15:04:45.747 182 182 I hwservicemanager: getTransport: Cannot find entry android.hardware.tv.cec@1.1::IHdmiCec/default in either framework or device VINTF manifest.
06-04 15:04:45.749 476 476 E HDMI : [1]:Couldn't connect to cec@1.1java.util.NoSuchElementException
06-04 15:04:45.749 476 476 W HDMI : [1]:Couldn't get tv.cec service.
06-04 15:04:45.749 476 476 W HDMI : [1]:Unable to use cec@1.1
06-04 15:04:45.751 476 476 I android_os_HwBinder: HwBinder: Starting thread pool for getting: android.hardware.tv.cec@1.0::IHdmiCec/default
06-04 15:04:45.761 476 476 I HdmiControlService: Device does not support MHL-control.
06-04 15:04:45.762 262 262 D hdmi-cec: setOption, flag=0x0002, value=0x00000000
06-04 15:04:45.776 476 476 I SystemServerTiming: StartTvInputManager
06-04 15:04:45.776 476 476 I SystemServiceManager: Starting com.android.server.tv.TvInputManagerService
06-04 15:04:45.779 182 182 I hwservicemanager: getTransport: Cannot find entry android.hardware.tv.input@1.0::ITvInput/default in either framework or device VINTF manifest.
06-04 15:04:45.780 476 476 E TvInputHal: Couldn't get tv.input service.
06-04 15:04:45.784 476 476 I SystemServerTiming: StartMediaResourceMonitor
06-04 15:04:45.785 476 476 I SystemServiceManager: Starting com.android.server.media.MediaResourceMonitorService
06-04 15:04:45.785 476 476 I SystemServerTiming: StartTvRemoteService
06-04 15:04:45.785 476 476 I SystemServiceManager: Starting com.android.server.tv.TvRemoteService
06-04 15:04:45.786 476 476 I SystemServerTiming: StartMediaRouterService
06-04 15:04:45.787 476 476 V HistoricalRegistry: Interaction before persistence initialized
06-04 15:04:45.789 476 476 I SystemServerTiming: StartBiometricService
06-04 15:04:45.789 476 476 I SystemServiceManager: Starting com.android.server.biometrics.BiometricService
06-04 15:04:45.795 476 476 I SystemServerTiming: StartAuthService
06-04 15:04:45.795 476 476 I SystemServiceManager: Starting com.android.server.biometrics.AuthService
06-04 15:04:45.799 476 476 I SystemServerTiming: StartBackgroundDexOptService
06-04 15:04:45.799 476 476 W BackgroundDexOptService: SysProp pm.dexopt.downgrade_after_inactive_days not set
06-04 15:04:45.801 476 476 I SystemServerTiming: StartDynamicCodeLoggingService
06-04 15:04:45.809 476 476 I SystemServerTiming: StartPruneInstantAppsJobService
06-04 15:04:45.810 476 476 I SystemServerTiming: StartShortcutServiceLifecycle
06-04 15:04:45.810 476 476 I SystemServiceManager: Starting com.android.server.pm.ShortcutService$Lifecycle
06-04 15:04:45.813 476 476 V HistoricalRegistry: Interaction before persistence initialized
06-04 15:04:45.815 476 476 I SystemServerTiming: StartLauncherAppsService
06-04 15:04:45.815 476 476 I SystemServiceManager: Starting com.android.server.pm.LauncherAppsService
06-04 15:04:45.816 476 493 I system_server: Background young concurrent copying GC freed 89085(4965KB) AllocSpace objects, 17(496KB) LOS objects, 35% free, 8532KB/12MB, paused 747us total 185.404ms
06-04 15:04:45.818 476 476 I SystemServerTiming: StartCrossProfileAppsService
06-04 15:04:45.818 476 476 I SystemServiceManager: Starting com.android.server.pm.CrossProfileAppsService
06-04 15:04:45.819 476 476 I SystemServerTiming: StartPeopleService
06-04 15:04:45.819 476 476 I SystemServiceManager: Starting com.android.server.people.PeopleService
06-04 15:04:45.820 476 476 I SystemServerTiming: StartMediaMetricsManager
06-04 15:04:45.820 476 476 I SystemServiceManager: Starting com.android.server.media.metrics.MediaMetricsManagerService
06-04 15:04:45.823 476 476 I SystemServerTiming: StartMediaProjectionManager
06-04 15:04:45.823 476 476 I SystemServiceManager: Starting com.android.server.media.projection.MediaProjectionManagerService
06-04 15:04:45.825 476 476 V MediaRouter: Selecting route: RouteInfo{ name=手机, description=null, status=null, category=RouteCategory{ name=系统 types=ROUTE_TYPE_LIVE_AUDIO ROUTE_TYPE_LIVE_VIDEO groupable=false }, supportedTypes=ROUTE_TYPE_LIVE_AUDIO ROUTE_TYPE_LIVE_VIDEO , presentationDisplay=null }
06-04 15:04:45.825 476 476 I MediaRouter: Skip setBluetoothA2dpOn(): types=8388615, isPlaybackActive()=false, BT route=null
06-04 15:04:45.826 476 476 I SystemServerTiming: StartSliceManagerService
06-04 15:04:45.826 476 476 I SystemServiceManager: Starting com.android.server.slice.SliceManagerService$Lifecycle
06-04 15:04:45.830 476 476 I SystemServerTiming: StartStatsCompanion
06-04 15:04:45.830 476 520 W IorapForwardingService: No service published for: iorapd
06-04 15:04:45.833 476 494 W JHwRemoteBinder: BinderProxy is being destroyed but the application did not call unlinkToDeath to unlink all of its death recipients beforehand. Releasing leaked death recipient: com.android.server.usb.UsbDeviceManager$UsbHandlerHal$UsbGadgetDeathRecipient
06-04 15:04:45.838 476 476 I SystemServiceManager: Starting com.android.server.stats.StatsCompanion$Lifecycle
06-04 15:04:45.842 476 476 I SystemServerTiming: StartRebootReadinessManagerService
06-04 15:04:45.850 476 476 I SystemServiceManager: Starting com.android.server.scheduling.RebootReadinessManagerService$Lifecycle
06-04 15:04:45.857 476 476 I TetheringManager: registerTetheringEventCallback:android
06-04 15:04:45.857 476 476 I TetheringManager: registerTetheringEventCallback caller:android
06-04 15:04:45.858 476 476 I SystemServerTiming: StartStatsPullAtomService
06-04 15:04:45.859 476 476 I SystemServiceManager: Starting com.android.server.stats.pull.StatsPullAtomService
06-04 15:04:45.859 476 476 I SystemServerTiming: StartIncidentCompanionService
06-04 15:04:45.859 476 476 I SystemServiceManager: Starting com.android.server.incident.IncidentCompanionService
06-04 15:04:45.859 476 476 I SystemServerTiming: StartMmsService
06-04 15:04:45.859 476 476 I SystemServiceManager: Starting com.android.server.MmsServiceBroker
06-04 15:04:45.860 476 476 I SystemServerTiming: StartAutoFillService
06-04 15:04:45.860 476 476 I SystemServiceManager: Starting com.android.server.autofill.AutofillManagerService
06-04 15:04:45.862 476 476 D AutofillManagerService: setLogLevelFromSettings(): level=2, debug=true, verbose=false
06-04 15:04:45.862 476 476 D AutofillManagerService: setMaxPartitionsFromSettings(): 10
06-04 15:04:45.862 476 476 D AutofillManagerService: setMaxVisibleDatasetsFromSettings(): 0
06-04 15:04:45.862 476 476 D AutofillManagerServiceImpl: Reset component for user 0:
06-04 15:04:45.862 476 519 D AutofillUI: destroySaveUiUiThread(): already destroyed
06-04 15:04:45.866 476 476 D SystemServer: TranslationService not defined by OEM
06-04 15:04:45.866 476 476 I SystemServerTiming: StartClipboardService
06-04 15:04:45.866 476 476 I SystemServiceManager: Starting com.android.server.clipboard.ClipboardService
06-04 15:04:45.869 476 476 I SystemServerTiming: AppServiceManager
06-04 15:04:45.869 476 476 I SystemServiceManager: Starting com.android.server.appbinding.AppBindingService$Lifecycle
06-04 15:04:45.870 476 476 I SystemServerTiming: startTracingServiceProxy
06-04 15:04:45.870 476 476 I SystemServiceManager: Starting com.android.server.tracing.TracingServiceProxy
06-04 15:04:45.872 476 476 I SystemServerTiming: startOranthService
06-04 15:04:45.872 476 476 I SystemServiceManager: Starting com.android.server.oranth.OranthManagerService$Lifecycle
06-04 15:04:45.872 476 476 I OranthManagerService: -------------- OranthManagerService --------------
06-04 15:04:45.873 181 181 E SELinux : avc: denied { add } for pid=476 uid=1000 name=oranth_manager scontext=u:r:system_server:s0 tcontext=u:object_r:default_android_service:s0 tclass=service_manager permissive=1
06-04 15:04:45.873 476 476 I SystemServerTiming: MakeLockSettingsServiceReady
06-04 15:04:45.879 182 182 I hwservicemanager: getTransport: Cannot find entry android.hardware.weaver@1.0::IWeaver/default in either framework or device VINTF manifest.
06-04 15:04:45.879 476 476 I SyntheticPasswordManager: Device does not support weaver
06-04 15:04:45.880 182 182 I hwservicemanager: getTransport: Cannot find entry android.hardware.authsecret@1.0::IAuthSecret/default in either framework or device VINTF manifest.
06-04 15:04:45.880 476 476 I LockSettingsService: Device doesn't implement AuthSecret HAL
06-04 15:04:45.881 476 476 I SystemServerTiming: StartBootPhaseLockSettingsReady
06-04 15:04:45.881 476 476 I SystemServiceManager: Starting phase 480
06-04 15:04:45.881 476 476 I SystemServerTiming: OnBootPhase_480
06-04 15:04:45.882 476 476 D SoundTriggerService: onBootPhase: 480 : false
06-04 15:04:45.883 476 476 I SystemServerTiming: StartBootPhaseSystemServicesReady
06-04 15:04:45.883 476 476 I SystemServiceManager: Starting phase 500
06-04 15:04:45.883 476 476 I SystemServerTiming: OnBootPhase_500
06-04 15:04:45.884 476 476 E StatsPullAtomCallbackImpl: Failed to start PowerStatsService statsd pullers
06-04 15:04:45.888 476 476 D ConnectivityService: requestNetwork for uid/pid:1000/476 activeRequest: null callbackRequest: 9 [NetworkRequest [ REQUEST id=10, [ Capabilities: INTERNET&NOT_RESTRICTED&TRUSTED&NOT_VCN_MANAGED Uid: 1000 RequestorUid: 1000 RequestorPkg: android] ]] callback flags: 0 priority: 2147483647
06-04 15:04:45.888 476 476 E BatteryStatsService: Could not register PowerStatsInternal
06-04 15:04:45.888 476 615 D ConnectivityService: NetReassign [no changes]
06-04 15:04:45.891 476 476 V HintManagerService: Initializing HintManager service...
06-04 15:04:45.891 476 476 V HistoricalRegistry: Interaction before persistence initialized
06-04 15:04:45.894 476 476 D AppStandbyController: Setting app idle enabled state
06-04 15:04:45.897 476 476 V HistoricalRegistry: Interaction before persistence initialized
06-04 15:04:45.902 476 476 V VibratorManagerService: Initializing VibratorManager service...
06-04 15:04:45.903 476 476 V HistoricalRegistry: Interaction before persistence initialized
06-04 15:04:45.904 476 476 V VibratorManagerService: VibratorManager service initialized
06-04 15:04:45.908 476 615 D ConnectivityService: NetReassign [no changes]
06-04 15:04:45.912 476 476 I ActivityTaskManager: Config changes=200 {1.0 ?mcc?mnc [zh_CN] ldltr sw720dp w1280dp h696dp 240dpi xlrg long land television -touch qwerty/v/v dpad/v winConfig={ mBounds=Rect(0, 0 - 1920, 1080) mAppBounds=Rect(0, 0 - 1920, 1080) mMaxBounds=Rect(0, 0 - 1920, 1080) mWindowingMode=fullscreen mDisplayWindowingMode=fullscreen mActivityType=undefined mAlwaysOnTop=undefined mRotation=ROTATION_0} s.4 ?fontWeightAdjustment}
06-04 15:04:45.915 476 476 I WindowManager: Override config changes=200 {1.0 ?mcc?mnc [zh_CN] ldltr sw720dp w1280dp h696dp 240dpi xlrg long land television -touch qwerty/v/v dpad/v winConfig={ mBounds=Rect(0, 0 - 1920, 1080) mAppBounds=Rect(0, 0 - 1920, 1080) mMaxBounds=Rect(0, 0 - 1920, 1080) mWindowingMode=fullscreen mDisplayWindowingMode=fullscreen mActivityType=undefined mAlwaysOnTop=undefined mRotation=ROTATION_0} s.4 ?fontWeightAdjustment} for displayId=0
06-04 15:04:45.917 476 476 D TestHarnessModeService: Setting up test harness mode
06-04 15:04:45.917 476 476 D TestHarnessModeService: Getting PersistentDataBlockManagerInternal from LocalServices
06-04 15:04:45.924 242 246 I ServiceManager: Waiting for service 'statscompanion' on '/dev/binder' successful after waiting 1312ms
06-04 15:04:45.929 476 476 V HistoricalRegistry: Interaction before persistence initialized
06-04 15:04:45.932 476 476 W NetworkPolicy: setRestrictBackgroundUL: already false
06-04 15:04:45.933 476 476 I WifiScanningService: Starting wifiscanner
06-04 15:04:45.936 476 476 I EthernetServiceImpl: Starting Ethernet service
06-04 15:04:45.939 476 476 D EthernetTracker: Interface match regexp set to 'eth\d'
06-04 15:04:45.941 476 476 D Ethernet: Registering NetworkFactory
06-04 15:04:45.942 476 615 D ConnectivityService: Got NetworkProvider Messenger for Ethernet
06-04 15:04:45.942 476 476 E IpConfigStore: Error opening configuration file: java.io.FileNotFoundException: /data/misc/ethernet/ipconfig.txt: open failed: ENOENT (No such file or directory)
06-04 15:04:45.943 476 476 I PppoeServiceImpl: Starting PPPOE service
06-04 15:04:45.945 476 608 W WifiXmlUtil: Ignoring unknown value name found: CarrierMerged
06-04 15:04:45.945 476 650 I EthernetTracker: maybeTrackInterface: eth0
06-04 15:04:45.946 476 608 W WifiXmlUtil: Ignoring unknown value name found: CaptivePortalNeverDetected
06-04 15:04:45.949 316 321 D XM_HIDREAD: add@ add@/devices/platform/soc@3000000/5030000.eth/mdio_bus/5030000.eth-0
06-04 15:04:45.951 316 321 D XM_HIDREAD: add@ add@/devices/platform/soc@3000000/5030000.eth/mdio_bus/5030000.eth-0/5030000.eth-0:00
06-04 15:04:45.956 316 321 D XM_HIDREAD: add@ add@/devices/platform/soc@3000000/5030000.eth/mdio_bus/5030000.eth-0/5030000.eth-0:10
06-04 15:04:45.966 476 476 D PPPOE : Registering NetworkFactory
06-04 15:04:45.966 476 615 D ConnectivityService: Got NetworkProvider Messenger for PPPOE
06-04 15:04:45.966 476 608 D WifiConfigStore: Reading from all stores completed in 31 ms.
06-04 15:04:45.966 476 476 W PppoeServiceImpl: pppoe interface file not exist!
06-04 15:04:45.967 476 651 D PPPOE : got request NetworkRequest [ REQUEST id=1, [ Capabilities: INTERNET&NOT_RESTRICTED&TRUSTED&NOT_VPN&NOT_VCN_MANAGED RequestorUid: 1000 RequestorPkg: android] ]
06-04 15:04:45.967 476 651 D PppoeNetworkFactory: onRequestNetwork
06-04 15:04:45.967 476 651 D PPPOE : got request NetworkRequest [ REQUEST id=5, [ Transports: PPPOE Capabilities: INTERNET&NOT_RESTRICTED&TRUSTED&NOT_VPN&NOT_VCN_MANAGED RequestorUid: 1000 RequestorPkg: android] ]
06-04 15:04:45.967 476 651 D PPPOE : got request NetworkRequest [ REQUEST id=10, [ Capabilities: INTERNET&NOT_RESTRICTED&TRUSTED&NOT_VCN_MANAGED Uid: 1000 RequestorUid: 1000 RequestorPkg: android] ]
06-04 15:04:45.969 476 608 E WifiConfigManager: Cannot find network with networkId -1 or configKey "DZNB"WPA_PSK or upgradable security type check
06-04 15:04:45.972 476 476 V HistoricalRegistry: Interaction before persistence initialized
06-04 15:04:45.976 476 608 I WifiInjector: enableVerboseLogging(0): false
06-04 15:04:45.977 476 608 E SupplicantStaIfaceHal: Can't call setDebugParams, ISupplicant is null
06-04 15:04:45.977 476 608 E HostapdHal: Can't call setDebugParams, IHostapd is null
06-04 15:04:45.977 476 608 I WifiService: WifiService starting up with Wi-Fi disabled
06-04 15:04:45.984 476 608 D WifiController: isAirplaneModeOn = false, isWifiEnabled = false, isScanningAvailable = false, isLocationModeActive = true
06-04 15:04:45.984 476 476 V HistoricalRegistry: Interaction before persistence initialized
06-04 15:04:45.985 476 608 E WifiActiveModeWarden: Something is wrong, no client mode toggles enabled
06-04 15:04:45.985 476 476 D SoundTriggerService: onBootPhase: 500 : false
06-04 15:04:45.986 476 608 I android_os_HwBinder: HwBinder: Starting thread pool for getting: android.hidl.manager@1.2::IServiceManager/default
06-04 15:04:45.989 182 182 I hwservicemanager: Since android.hardware.wifi@1.0::IWifi/default is not registered, trying to start it as a lazy HAL.
06-04 15:04:45.990 182 182 I hwservicemanager: Since android.hardware.wifi@1.0::IWifi/default is not registered, trying to start it as a lazy HAL.
06-04 15:04:45.991 476 608 I HidlServiceManagement: getService: Trying again for android.hardware.wifi@1.0::IWifi/default...
06-04 15:04:45.995 1 1 I init : starting service 'vendor.wifi_hal_legacy'...
06-04 15:04:45.993 476 476 I SystemServerTiming: MakeWindowManagerServiceReady
06-04 15:04:45.999 476 537 E KernelCpuThreadReader: Failed to initialize KernelCpuThreadReader
06-04 15:04:45.999 476 537 E KernelCpuThreadReader: java.nio.file.NoSuchFileException: /proc/self/time_in_state
06-04 15:04:45.999 476 537 E KernelCpuThreadReader: at sun.nio.fs.UnixFileSystemProvider.newByteChannel(UnixFileSystemProvider.java:214)
06-04 15:04:45.999 476 537 E KernelCpuThreadReader: at java.nio.file.Files.newByteChannel(Files.java:361)
06-04 15:04:45.999 476 537 E KernelCpuThreadReader: at java.nio.file.Files.newByteChannel(Files.java:407)
06-04 15:04:45.999 476 537 E KernelCpuThreadReader: at java.nio.file.Files.readAllBytes(Files.java:3152)
06-04 15:04:45.999 476 537 E KernelCpuThreadReader: at com.android.internal.os.ProcTimeInStateReader.initializeTimeInStateFormat(ProcTimeInStateReader.java:159)
06-04 15:04:45.999 476 537 E KernelCpuThreadReader: at com.android.internal.os.ProcTimeInStateReader.(ProcTimeInStateReader.java:106)
06-04 15:04:45.999 476 537 E KernelCpuThreadReader: at com.android.internal.os.KernelCpuThreadReader.(KernelCpuThreadReader.java:138)
06-04 15:04:45.999 476 537 E KernelCpuThreadReader: at com.android.internal.os.KernelCpuThreadReader.create(KernelCpuThreadReader.java:151)
06-04 15:04:45.999 476 537 E KernelCpuThreadReader: at com.android.internal.os.KernelCpuThreadReaderSettingsObserver.(KernelCpuThreadReaderSettingsObserver.java:95)
06-04 15:04:45.999 476 537 E KernelCpuThreadReader: at com.android.internal.os.KernelCpuThreadReaderSettingsObserver.getSettingsModifiedReader(KernelCpuThreadReaderSettingsObserver.java:80)
06-04 15:04:45.999 476 537 E KernelCpuThreadReader: at com.android.server.stats.pull.StatsPullAtomService.initializePullersState(StatsPullAtomService.java:798)
06-04 15:04:45.999 476 537 E KernelCpuThreadReader: at com.android.server.stats.pull.StatsPullAtomService.lambda$onBootPhase$0$StatsPullAtomService(StatsPullAtomService.java:757)
06-04 15:04:45.999 476 537 E KernelCpuThreadReader: at com.android.server.stats.pull.StatsPullAtomService$$ExternalSyntheticLambda14.run(Unknown Source:2)
06-04 15:04:45.999 476 537 E KernelCpuThreadReader: at android.os.Handler.handleCallback(Handler.java:938)
06-04 15:04:45.999 476 537 E KernelCpuThreadReader: at android.os.Handler.dispatchMessage(Handler.java:99)
06-04 15:04:45.999 476 537 E KernelCpuThreadReader: at android.os.Looper.loopOnce(Looper.java:201)
06-04 15:04:45.999 476 537 E KernelCpuThreadReader: at android.os.Looper.loop(Looper.java:288)
06-04 15:04:45.999 476 537 E KernelCpuThreadReader: at android.os.HandlerThread.run(HandlerThread.java:67)
06-04 15:04:45.999 182 182 I hwservicemanager: getTransport: Cannot find entry android.hardware.configstore@1.1::ISurfaceFlingerConfigs/default in either framework or device VINTF manifest.
06-04 15:04:46.001 1 1 I init : Control message: Processed ctl.interface_start for 'android.hardware.wifi@1.0::IWifi/default' from pid: 182 (/system/bin/hwservicemanager)
06-04 15:04:46.001 1 1 I init : Control message: Processed ctl.interface_start for 'android.hardware.wifi@1.0::IWifi/default' from pid: 182 (/system/bin/hwservicemanager)
06-04 15:04:46.001 182 182 I hwservicemanager: getTransport: Cannot find entry android.hardware.configstore@1.1::ISurfaceFlingerConfigs/default in either framework or device VINTF manifest.
06-04 15:04:46.001 476 537 I android_os_HwBinder: HwBinder: Starting thread pool for getting: android.hardware.health@2.0::IHealth/default
06-04 15:04:46.003 476 537 I android_os_HwBinder: HwBinder: Starting thread pool for getting: android.hidl.manager@1.0::IServiceManager/default
06-04 15:04:46.003 476 537 I HealthServiceWrapper: health: HealthServiceWrapper listening to instance default
06-04 15:04:46.004 476 661 I android_os_HwBinder: HwBinder: Starting thread pool for getting: android.hardware.health@2.0::IHealth/default
06-04 15:04:46.006 476 537 D StatsPullAtomService: Registering pullers with statsd
06-04 15:04:46.008 182 182 I hwservicemanager: getTransport: Cannot find entry android.hardware.configstore@1.1::ISurfaceFlingerConfigs/default in either framework or device VINTF manifest.
06-04 15:04:46.010 476 476 I SystemServerTiming: MakePowerManagerServiceReady
06-04 15:04:46.011 476 615 D ConnectivityService: NetReassign [no changes]
06-04 15:04:46.011 476 537 I StatsPullAtomService: register thermal listener successfully
06-04 15:04:46.013 476 476 I AttentionDetector: readValuesFromDeviceConfig():
06-04 15:04:46.013 476 476 I AttentionDetector: mMaximumExtensionMillis=900000
06-04 15:04:46.013 476 476 I AttentionDetector: mPreDimCheckDurationMillis=2000
06-04 15:04:46.013 476 476 I AttentionDetector: mRequestedPostDimTimeoutMillis=0
06-04 15:04:46.021 476 476 E DisplayPowerController[0]: failed to set up display white-balance: java.lang.IllegalStateException: cannot find light sensor
06-04 15:04:46.023 261 261 I AW_PowerHAL: isBoostSupported: 0
06-04 15:04:46.028 476 476 I FaceDownDetector: readValuesFromDeviceConfig():
06-04 15:04:46.028 476 476 I FaceDownDetector: mAccelerationThreshold=0.2
06-04 15:04:46.028 476 476 I FaceDownDetector: mZAccelerationThreshold=-9.5
06-04 15:04:46.028 476 476 I FaceDownDetector: mTimeThreshold=PT1S
06-04 15:04:46.028 476 476 I FaceDownDetector: mIsEnabled=false
06-04 15:04:46.031 476 476 I SystemServerTiming: StartPermissionPolicyService
06-04 15:04:46.032 476 476 I SystemServiceManager: Starting com.android.server.policy.PermissionPolicyService
06-04 15:04:46.034 379 379 I update_engine: [INFO:cleanup_previous_update_action.cc(112)] Executing task 4
06-04 15:04:46.035 476 476 I SystemServerTiming: MakePackageManagerServiceReady
06-04 15:04:46.037 379 379 I update_engine: [INFO:cleanup_previous_update_action.cc(124)] CleanupPreviousUpdateAction scheduled task ID 5 for WaitBootCompleted
06-04 15:04:46.043 476 476 V UserDataPreparer: Found /data/user_de/0 with serial number 0
06-04 15:04:46.043 476 476 V UserDataPreparer: Found /data/user/0 with serial number 0
06-04 15:04:46.044 476 476 V UserDataPreparer: Found /data/system_de/0 with serial number 0
06-04 15:04:46.044 476 476 W UserDataPreparer: Invalid user directory /data/system_de/usagestats
06-04 15:04:46.044 476 476 V UserDataPreparer: Found /data/system_ce/0 with serial number 0
06-04 15:04:46.044 476 476 V UserDataPreparer: Found /data/misc_ce/0 with serial number 0
06-04 15:04:46.048 476 476 I PackageManager: Permission ownership changed. Updating all permissions.
06-04 15:04:46.048 476 554 W KeyguardServiceDelegate: onScreenTurningOn(): no keyguard service!
06-04 15:04:46.049 476 554 V DisplayPowerController[0]: Brightness [0.39763778] reason changing to: 'override', previous reason: '0'.
06-04 15:04:46.050 261 261 I AW_PowerHAL: Power setMode: DISPLAY_INACTIVE to: 0
06-04 15:04:46.050 261 261 I AW_PowerHAL: not completed yet, ignore mode request other
06-04 15:04:46.050 285 285 D SurfaceFlinger: Setting power mode 2 on display 0
06-04 15:04:46.051 476 521 I DisplayDeviceRepository: Display device changed state: "内置屏幕", ON
06-04 15:04:46.051 476 545 W KernelCpuProcStringReader: File not found. It's normal if not implemented: /proc/uid_time_in_state
06-04 15:04:46.052 260 260 I android.hardware.lights-service: Lights setting state for id=0 to color ffffffff
06-04 15:04:46.053 476 545 W KernelCpuProcStringReader: File not found. It's normal if not implemented: /proc/uid_concurrent_active_time
06-04 15:04:46.053 476 521 I InputManager-JNI: Viewport [0] to add: local:0, isActive: true
06-04 15:04:46.054 476 597 I InputReader: Reconfiguring input devices, changes=DISPLAY_INFO |
06-04 15:04:46.056 476 545 W KernelCpuProcStringReader: File not found. It's normal if not implemented: /proc/uid_concurrent_policy_time
06-04 15:04:46.057 476 545 E KernelCpuSpeedReader: Failed to read cpu-freq: /sys/devices/system/cpu/cpu0/cpufreq/stats/time_in_state: open failed: ENOENT (No such file or directory)
06-04 15:04:46.057 476 545 E system_server: Cannot read thread CPU times for PID 476
06-04 15:04:46.060 260 260 I android.hardware.lights-service: Lights setting state for id=0 to color ff6a6a6a
06-04 15:04:46.084 654 654 I android.hardware.wifi@1.0-service-lazy: Wifi Hal is booting up...
06-04 15:04:46.085 654 654 I HidlLazyUtils: Registering HAL: android.hardware.wifi@1.5::IWifi with name: default
06-04 15:04:46.086 654 654 E cutils-trace: Error opening trace file: No such file or directory (2)
06-04 15:04:46.088 654 654 I HidlServiceManagement: Registered android.hardware.wifi@1.5::IWifi/default
06-04 15:04:46.088 654 654 I HidlServiceManagement: Removing namespace from process name android.hardware.wifi@1.0-service-lazy to wifi@1.0-service-lazy.
06-04 15:04:46.088 476 634 D HalDevMgr: IWifi registration notification: fqName=android.hardware.wifi@1.0::IWifi, name=default, preexisting=false
06-04 15:04:46.089 182 182 I hw-BpHwBinder: onLastStrongRef automatically unlinking death recipients
06-04 15:04:46.089 476 608 I android_os_HwBinder: HwBinder: Starting thread pool for getting: android.hardware.wifi@1.0::IWifi/default
06-04 15:04:46.092 476 608 D WifiNl80211Manager: tearing down interfaces in wificond
06-04 15:04:46.105 476 608 D WifiAdaptConnObserver: Adaptive connectivity status initialized to: true
06-04 15:04:46.105 476 608 D WifiController: DisabledState.enter()
06-04 15:04:46.107 476 560 E DefaultPermGrantPolicy: Package not found: org.xbmc.kodi
06-04 15:04:46.107 476 560 W DefaultPermGrantPolicy: No such package:org.xbmc.kodi
06-04 15:04:46.107 476 560 E DefaultPermGrantPolicy: Package not found: cm.aptoidetv.pt
06-04 15:04:46.107 476 560 W DefaultPermGrantPolicy: No such package:cm.aptoidetv.pt
06-04 15:04:46.107 476 560 E DefaultPermGrantPolicy: Package not found: com.softwinner.TvdFileManager
06-04 15:04:46.107 476 560 W DefaultPermGrantPolicy: No such package:com.softwinner.TvdFileManager
06-04 15:04:46.108 476 560 E DefaultPermGrantPolicy: Package not found: com.softwinner.TvdVideo
06-04 15:04:46.108 476 560 W DefaultPermGrantPolicy: No such package:com.softwinner.TvdVideo
06-04 15:04:46.108 476 560 E DefaultPermGrantPolicy: Package not found: com.android.chrome
06-04 15:04:46.108 476 560 W DefaultPermGrantPolicy: No such package:com.android.chrome
06-04 15:04:46.108 476 560 E DefaultPermGrantPolicy: Package not found: com.android.vending
06-04 15:04:46.108 476 560 W DefaultPermGrantPolicy: No such package:com.android.vending
06-04 15:04:46.108 476 560 E DefaultPermGrantPolicy: Package not found: com.google.android.tts
06-04 15:04:46.108 476 560 W DefaultPermGrantPolicy: No such package:com.google.android.tts
06-04 15:04:46.108 476 560 E DefaultPermGrantPolicy: Package not found: com.google.android.youtube.tv
06-04 15:04:46.108 476 560 W DefaultPermGrantPolicy: No such package:com.google.android.youtube.tv
06-04 15:04:46.108 476 560 E DefaultPermGrantPolicy: Package not found: com.google.android.katniss
06-04 15:04:46.108 476 560 W DefaultPermGrantPolicy: No such package:com.google.android.katniss
06-04 15:04:46.108 476 560 E DefaultPermGrantPolicy: Package not found: com.google.android.gms
06-04 15:04:46.108 476 560 W DefaultPermGrantPolicy: No such package:com.google.android.gms
06-04 15:04:46.112 476 476 I SystemServerTiming: MakeDisplayManagerServiceReady
06-04 15:04:46.114 476 521 E DisplayModeDirector: Asked about unknown display, returning empty display mode specs!(id=0)
06-04 15:04:46.114 476 521 E DisplayModeDirector: Asked about unknown display, returning empty display mode specs!(id=0)
06-04 15:04:46.116 476 476 I SystemServerTiming: StartDeviceSpecificServices
06-04 15:04:46.116 476 476 I SystemServerTiming: GameManagerService
06-04 15:04:46.116 476 476 I SystemServiceManager: Starting com.android.server.app.GameManagerService$Lifecycle
06-04 15:04:46.121 476 476 I SystemServerTiming: StartBootPhaseDeviceSpecificServicesReady
06-04 15:04:46.121 476 476 I SystemServiceManager: Starting phase 520
06-04 15:04:46.121 476 476 I SystemServerTiming: OnBootPhase_520
06-04 15:04:46.121 476 476 D SoundTriggerService: onBootPhase: 520 : false
06-04 15:04:46.121 476 476 I SystemServerTiming: AppSearchManagerService
06-04 15:04:46.127 476 476 I SystemServiceManager: Starting com.android.server.appsearch.AppSearchManagerService
06-04 15:04:46.130 476 476 I SystemServerTiming: StartMediaCommunicationService
06-04 15:04:46.131 476 476 I SystemServiceManager: Starting com.android.server.media.MediaCommunicationService
06-04 15:04:46.134 476 476 I SystemServerTiming: PhaseActivityManagerReady
06-04 15:04:46.134 476 476 I SystemServerTiming: controllersReady
06-04 15:04:46.138 476 525 I SystemServerTimingAsync: InitThreadPoolExec:Update app-ops uidState in case package com.android.providers.media.module changed
06-04 15:04:46.138 476 578 I SystemServerTimingAsync: InitThreadPoolExec:Update app-ops uidState in case package com.android.systemui changed
06-04 15:04:46.138 476 578 D SystemServerInitThreadPool: Started executing Update app-ops uidState in case package com.android.systemui changed
06-04 15:04:46.139 476 568 I SystemServerTimingAsync: InitThreadPoolExec:Update app-ops uidState in case package com.android.webview changed
06-04 15:04:46.139 476 568 D SystemServerInitThreadPool: Started executing Update app-ops uidState in case package com.android.webview changed
06-04 15:04:46.139 476 517 I SystemServerTimingAsync: InitThreadPoolExec:Update app-ops uidState in case package com.android.tv changed
06-04 15:04:46.139 476 517 D SystemServerInitThreadPool: Started executing Update app-ops uidState in case package com.android.tv changed
06-04 15:04:46.139 476 525 D SystemServerInitThreadPool: Started executing Update app-ops uidState in case package com.android.providers.media.module changed
06-04 15:04:46.139 476 525 D SystemServerInitThreadPool: Finished executing Update app-ops uidState in case package com.android.providers.media.module changed
06-04 15:04:46.139 476 517 D SystemServerInitThreadPool: Finished executing Update app-ops uidState in case package com.android.tv changed
06-04 15:04:46.139 476 525 I SystemServerTimingAsync: InitThreadPoolExec:Update app-ops uidState in case package com.sohu.inputmethod.sogou.tv changed
06-04 15:04:46.139 476 568 D SystemServerInitThreadPool: Finished executing Update app-ops uidState in case package com.android.webview changed
06-04 15:04:46.139 476 517 I SystemServerTimingAsync: InitThreadPoolExec:Update app-ops uidState in case package com.android.music changed
06-04 15:04:46.139 476 568 I SystemServerTimingAsync: InitThreadPoolExec:Update app-ops uidState in case package com.dangbei.screencast changed
06-04 15:04:46.139 476 517 D SystemServerInitThreadPool: Started executing Update app-ops uidState in case package com.android.music changed
06-04 15:04:46.139 476 578 D SystemServerInitThreadPool: Finished executing Update app-ops uidState in case package com.android.systemui changed
06-04 15:04:46.139 476 517 D SystemServerInitThreadPool: Finished executing Update app-ops uidState in case package com.android.music changed
06-04 15:04:46.139 476 568 D SystemServerInitThreadPool: Started executing Update app-ops uidState in case package com.dangbei.screencast changed
06-04 15:04:46.139 476 578 I SystemServerTimingAsync: InitThreadPoolExec:Update app-ops uidState in case package com.dangbei.hqguide changed
06-04 15:04:46.139 476 578 D SystemServerInitThreadPool: Started executing Update app-ops uidState in case package com.dangbei.hqguide changed
06-04 15:04:46.139 476 568 D SystemServerInitThreadPool: Finished executing Update app-ops uidState in case package com.dangbei.screencast changed
06-04 15:04:46.139 476 578 D SystemServerInitThreadPool: Finished executing Update app-ops uidState in case package com.dangbei.hqguide changed
06-04 15:04:46.139 476 568 I SystemServerTimingAsync: InitThreadPoolExec:Update app-ops uidState in case package com.android.providers.contacts changed
06-04 15:04:46.139 476 525 D SystemServerInitThreadPool: Started executing Update app-ops uidState in case package com.sohu.inputmethod.sogou.tv changed
06-04 15:04:46.139 476 568 D SystemServerInitThreadPool: Started executing Update app-ops uidState in case package com.android.providers.contacts changed
06-04 15:04:46.139 476 525 D SystemServerInitThreadPool: Finished executing Update app-ops uidState in case package com.sohu.inputmethod.sogou.tv changed
06-04 15:04:46.139 476 568 D SystemServerInitThreadPool: Finished executing Update app-ops uidState in case package com.android.providers.contacts changed
06-04 15:04:46.139 476 525 I SystemServerTimingAsync: InitThreadPoolExec:Update app-ops uidState in case package com.android.providers.tv changed
06-04 15:04:46.139 476 568 I SystemServerTimingAsync: InitThreadPoolExec:Update app-ops uidState in case package com.android.bluetooth changed
06-04 15:04:46.139 476 525 D SystemServerInitThreadPool: Started executing Update app-ops uidState in case package com.android.providers.tv changed
06-04 15:04:46.139 476 568 D SystemServerInitThreadPool: Started executing Update app-ops uidState in case package com.android.bluetooth changed
06-04 15:04:46.139 476 525 D SystemServerInitThreadPool: Finished executing Update app-ops uidState in case package com.android.providers.tv changed
06-04 15:04:46.139 476 568 D SystemServerInitThreadPool: Finished executing Update app-ops uidState in case package com.android.bluetooth changed
06-04 15:04:46.139 476 525 I SystemServerTimingAsync: InitThreadPoolExec:Update app-ops uidState in case package com.android.dynsystem changed
06-04 15:04:46.139 476 568 I SystemServerTimingAsync: InitThreadPoolExec:Update app-ops uidState in case package com.dangbei.lerad.rocky changed
06-04 15:04:46.139 476 517 I SystemServerTimingAsync: InitThreadPoolExec:Update app-ops uidState in case package com.android.providers.media changed
06-04 15:04:46.139 476 568 D SystemServerInitThreadPool: Started executing Update app-ops uidState in case package com.dangbei.lerad.rocky changed
06-04 15:04:46.139 476 578 I SystemServerTimingAsync: InitThreadPoolExec:Update app-ops uidState in case package com.android.providers.calendar changed
06-04 15:04:46.140 476 578 D SystemServerInitThreadPool: Started executing Update app-ops uidState in case package com.android.providers.calendar changed
06-04 15:04:46.140 476 568 D SystemServerInitThreadPool: Finished executing Update app-ops uidState in case package com.dangbei.lerad.rocky changed
06-04 15:04:46.140 476 578 D SystemServerInitThreadPool: Finished executing Update app-ops uidState in case package com.android.providers.calendar changed
06-04 15:04:46.140 476 568 I SystemServerTimingAsync: InitThreadPoolExec:Update app-ops uidState in case package com.oranth.factory changed
06-04 15:04:46.140 476 578 I SystemServerTimingAsync: InitThreadPoolExec:Update app-ops uidState in case package com.dangbei.zhushou.os changed
06-04 15:04:46.140 476 568 D SystemServerInitThreadPool: Started executing Update app-ops uidState in case package com.oranth.factory changed
06-04 15:04:46.140 476 517 D SystemServerInitThreadPool: Started executing Update app-ops uidState in case package com.android.providers.media changed
06-04 15:04:46.140 476 517 D SystemServerInitThreadPool: Finished executing Update app-ops uidState in case package com.android.providers.media changed
06-04 15:04:46.140 476 568 D SystemServerInitThreadPool: Finished executing Update app-ops uidState in case package com.oranth.factory changed
06-04 15:04:46.140 476 517 I SystemServerTimingAsync: InitThreadPoolExec:Update app-ops uidState in case package com.oranth.ledstatus changed
06-04 15:04:46.140 476 568 I SystemServerTimingAsync: InitThreadPoolExec:Update app-ops uidState in case package android changed
06-04 15:04:46.140 476 517 D SystemServerInitThreadPool: Started executing Update app-ops uidState in case package com.oranth.ledstatus changed
06-04 15:04:46.140 476 568 D SystemServerInitThreadPool: Started executing Update app-ops uidState in case package android changed
06-04 15:04:46.140 476 517 D SystemServerInitThreadPool: Finished executing Update app-ops uidState in case package com.oranth.ledstatus changed
06-04 15:04:46.140 476 517 I SystemServerTimingAsync: InitThreadPoolExec:Update app-ops uidState in case package com.dangbei.leard.leradlauncher changed
06-04 15:04:46.140 476 568 D SystemServerInitThreadPool: Finished executing Update app-ops uidState in case package android changed
06-04 15:04:46.140 476 578 D SystemServerInitThreadPool: Started executing Update app-ops uidState in case package com.dangbei.zhushou.os changed
06-04 15:04:46.140 476 568 I SystemServerTimingAsync: InitThreadPoolExec:Update app-ops uidState in case package com.android.providers.settings changed
06-04 15:04:46.140 476 578 D SystemServerInitThreadPool: Finished executing Update app-ops uidState in case package com.dangbei.zhushou.os changed
06-04 15:04:46.140 476 568 D SystemServerInitThreadPool: Started executing Update app-ops uidState in case package com.android.providers.settings changed
06-04 15:04:46.140 476 578 I SystemServerTimingAsync: InitThreadPoolExec:Update app-ops uidState in case package com.android.inputdevices changed
06-04 15:04:46.140 476 578 D SystemServerInitThreadPool: Started executing Update app-ops uidState in case package com.android.inputdevices changed
06-04 15:04:46.140 476 568 D SystemServerInitThreadPool: Finished executing Update app-ops uidState in case package com.android.providers.settings changed
06-04 15:04:46.140 476 525 D SystemServerInitThreadPool: Started executing Update app-ops uidState in case package com.android.dynsystem changed
06-04 15:04:46.140 476 568 I SystemServerTimingAsync: InitThreadPoolExec:Update app-ops uidState in case package com.android.localtransport changed
06-04 15:04:46.140 476 568 D SystemServerInitThreadPool: Started executing Update app-ops uidState in case package com.android.localtransport changed
06-04 15:04:46.140 476 517 D SystemServerInitThreadPool: Started executing Update app-ops uidState in case package com.dangbei.leard.leradlauncher changed
06-04 15:04:46.140 476 568 D SystemServerInitThreadPool: Finished executing Update app-ops uidState in case package com.android.localtransport changed
06-04 15:04:46.140 476 517 D SystemServerInitThreadPool: Finished executing Update app-ops uidState in case package com.dangbei.leard.leradlauncher changed
06-04 15:04:46.140 476 568 I SystemServerTimingAsync: InitThreadPoolExec:Update app-ops uidState in case package com.android.packageinstaller changed
06-04 15:04:46.140 476 525 D SystemServerInitThreadPool: Finished executing Update app-ops uidState in case package com.android.dynsystem changed
06-04 15:04:46.140 476 568 D SystemServerInitThreadPool: Started executing Update app-ops uidState in case package com.android.packageinstaller changed
06-04 15:04:46.140 476 525 I SystemServerTimingAsync: InitThreadPoolExec:Update app-ops uidState in case package com.dangbei.lerad.etna.haqu changed
06-04 15:04:46.140 476 568 D SystemServerInitThreadPool: Finished executing Update app-ops uidState in case package com.android.packageinstaller changed
06-04 15:04:46.140 476 568 I SystemServerTimingAsync: InitThreadPoolExec:Update app-ops uidState in case package com.oranth.powerwindow changed
06-04 15:04:46.140 476 517 I SystemServerTimingAsync: InitThreadPoolExec:Update app-ops uidState in case package com.oranth.usbopenft changed
06-04 15:04:46.140 476 568 D SystemServerInitThreadPool: Started executing Update app-ops uidState in case package com.oranth.powerwindow changed
06-04 15:04:46.140 476 525 D SystemServerInitThreadPool: Started executing Update app-ops uidState in case package com.dangbei.lerad.etna.haqu changed
06-04 15:04:46.140 476 568 D SystemServerInitThreadPool: Finished executing Update app-ops uidState in case package com.oranth.powerwindow changed
06-04 15:04:46.140 476 517 D SystemServerInitThreadPool: Started executing Update app-ops uidState in case package com.oranth.usbopenft changed
06-04 15:04:46.140 476 517 D SystemServerInitThreadPool: Finished executing Update app-ops uidState in case package com.oranth.usbopenft changed
06-04 15:04:46.140 476 568 I SystemServerTimingAsync: InitThreadPoolExec:Update app-ops uidState in case package com.oranth.storage changed
06-04 15:04:46.140 476 578 D SystemServerInitThreadPool: Finished executing Update app-ops uidState in case package com.android.inputdevices changed
06-04 15:04:46.141 476 568 D SystemServerInitThreadPool: Started executing Update app-ops uidState in case package com.oranth.storage changed
06-04 15:04:46.141 476 525 D SystemServerInitThreadPool: Finished executing Update app-ops uidState in case package com.dangbei.lerad.etna.haqu changed
06-04 15:04:46.141 476 568 D SystemServerInitThreadPool: Finished executing Update app-ops uidState in case package com.oranth.storage changed
06-04 15:04:46.141 476 517 I SystemServerTimingAsync: InitThreadPoolExec:Update app-ops uidState in case package com.dangbei.haqusetting changed
06-04 15:04:46.141 476 517 D SystemServerInitThreadPool: Started executing Update app-ops uidState in case package com.dangbei.haqusetting changed
06-04 15:04:46.141 476 517 D SystemServerInitThreadPool: Finished executing Update app-ops uidState in case package com.dangbei.haqusetting changed
06-04 15:04:46.142 476 476 I SystemServerTiming: killProcesses
06-04 15:04:46.142 476 476 I ActivityManager: System now ready
06-04 15:04:46.143 476 476 I SystemServerTiming: updateTopComponentForFactoryTest
06-04 15:04:46.143 476 476 I SystemServerTiming: registerActivityLaunchObserver
06-04 15:04:46.143 476 476 I SystemServerTiming: watchDeviceProvisioning
06-04 15:04:46.151 476 476 I SystemServerTiming: retrieveSettings
06-04 15:04:46.153 476 476 I ActivityTaskManager: Config changes=10000000 {1.0 ?mcc?mnc [zh_CN] ldltr sw720dp w1280dp h696dp 240dpi xlrg long land television -touch qwerty/v/v dpad/v winConfig={ mBounds=Rect(0, 0 - 1920, 1080) mAppBounds=Rect(0, 0 - 1920, 1080) mMaxBounds=Rect(0, 0 - 1920, 1080) mWindowingMode=fullscreen mDisplayWindowingMode=fullscreen mActivityType=undefined mAlwaysOnTop=undefined mRotation=ROTATION_0} s.6 fontWeightAdjustment=0}
06-04 15:04:46.154 476 476 I WindowManager: Override config changes=10000000 {1.0 ?mcc?mnc [zh_CN] ldltr sw720dp w1280dp h696dp 240dpi xlrg long land television -touch qwerty/v/v dpad/v winConfig={ mBounds=Rect(0, 0 - 1920, 1080) mAppBounds=Rect(0, 0 - 1920, 1080) mMaxBounds=Rect(0, 0 - 1920, 1080) mWindowingMode=fullscreen mDisplayWindowingMode=fullscreen mActivityType=undefined mAlwaysOnTop=undefined mRotation=ROTATION_0} s.6 fontWeightAdjustment=0} for displayId=0
06-04 15:04:46.157 476 476 I SystemServerTiming: Ugm.onSystemReady
06-04 15:04:46.157 476 476 I SystemServerTiming: updateForceBackgroundCheck
06-04 15:04:46.158 476 476 I SystemServer: Making services ready
06-04 15:04:46.158 476 476 I SystemServerTiming: StartActivityManagerReadyPhase
06-04 15:04:46.158 476 476 I SystemServiceManager: Starting phase 550
06-04 15:04:46.158 476 476 I SystemServerTiming: OnBootPhase_550
06-04 15:04:46.159 182 182 I hwservicemanager: getTransport: Cannot find entry android.hardware.thermal@2.0::IThermal/default in either framework or device VINTF manifest.
06-04 15:04:46.160 476 476 E ThermalHalWrapper: Thermal HAL 2.0 service not connected.
06-04 15:04:46.161 182 182 I hwservicemanager: getTransport: Cannot find entry android.hardware.thermal@1.1::IThermal/default in either framework or device VINTF manifest.
06-04 15:04:46.161 476 476 E ThermalHalWrapper: Thermal HAL 1.1 service not connected.
06-04 15:04:46.161 182 182 I hwservicemanager: getTransport: Cannot find entry android.hardware.thermal@1.0::IThermal/default in either framework or device VINTF manifest.
06-04 15:04:46.161 476 476 E ThermalHalWrapper: Thermal HAL 1.0 service not connected.
06-04 15:04:46.161 476 476 W ThermalManagerService: No Thermal HAL service on this device
06-04 15:04:46.165 476 476 W ActivityManager: Unable to start service Intent { act=com.android.ITelecomService cmp=com.android.server.telecom/.components.TelecomService } U=0: not found
06-04 15:04:46.168 476 476 I SyncManager: No initial accounts
06-04 15:04:46.174 476 476 D BluetoothManagerService: Bluetooth boot completed
06-04 15:04:46.175 476 476 D BluetoothManagerService: Auto-enabling Bluetooth.
06-04 15:04:46.176 476 476 D BluetoothA2dp: Binding service...
06-04 15:04:46.178 476 520 D BluetoothManagerService: MESSAGE_ENABLE(0): mBluetooth = null
06-04 15:04:46.178 476 520 D BluetoothManagerService: binding Bluetooth service
06-04 15:04:46.180 476 476 I BluetoothAirplaneModeListener: start
06-04 15:04:46.184 476 520 D CompatibilityChangeReporter: Compat change id reported: 135634846; UID 1002; state: DISABLED
06-04 15:04:46.192 326 326 I rainbow_flow: type=1400 audit(0.0:322): avc: denied { ioctl } for path="/dev/spidev1.0" dev="tmpfs" ino=6194 ioctlcmd=0x6b00 scontext=u:r:init:s0 tcontext=u:object_r:device:s0 tclass=chr_file permissive=1
06-04 15:04:46.199 476 476 W InputMethodUtils: Found no fallback locale. imis=[InputMethodInfo{com.sohu.inputmethod.sogou.tv/.SogouIME, settings: com.sohu.inputmethod.sogou.SogouIMESettingsLauncher}]
06-04 15:04:46.200 244 244 D Zygote : Forked child process 666
06-04 15:04:46.200 476 476 W InputMethodUtils: No software keyboard is found. imis=[InputMethodInfo{com.sohu.inputmethod.sogou.tv/.SogouIME, settings: com.sohu.inputmethod.sogou.SogouIMESettingsLauncher}] systemLocale=zh_CN fallbackLocale=null
06-04 15:04:46.201 476 539 I ActivityManager: app.processName = com.android.bluetooth
