06-04 15:04:38.840 310 310 I pgrep : type=1400 audit(0.0:197): avc: denied { read } for scontext=u:r:toolbox:s0 tcontext=u:r:hal_usb_impl:s0 tclass=file permissive=1
06-04 15:04:38.840 310 310 I pgrep : type=1400 audit(0.0:198): avc: denied { search } for name="264" dev="proc" ino=7618 scontext=u:r:toolbox:s0 tcontext=u:r:hal_usb_impl:s0 tclass=dir permissive=1
06-04 15:04:38.840 310 310 I pgrep : type=1400 audit(0.0:199): avc: denied { open } for path="/proc/264/stat" dev="proc" ino=10489 scontext=u:r:toolbox:s0 tcontext=u:r:hal_usb_impl:s0 tclass=file permissive=1
06-04 15:04:38.840 310 310 I pgrep : type=1400 audit(0.0:200): avc: denied { getattr } for path="/proc/267" dev="proc" ino=1915 scontext=u:r:toolbox:s0 tcontext=u:r:hal_awdisplayoutput_default:s0 tclass=dir permissive=1
06-04 15:04:38.840 310 310 I pgrep : type=1400 audit(0.0:201): avc: denied { read } for scontext=u:r:toolbox:s0 tcontext=u:r:hal_awdisplayoutput_default:s0 tclass=file permissive=1
06-04 15:04:38.840 310 310 I pgrep : type=1400 audit(0.0:202): avc: denied { search } for name="267" dev="proc" ino=1915 scontext=u:r:toolbox:s0 tcontext=u:r:hal_awdisplayoutput_default:s0 tclass=dir permissive=1
06-04 15:04:38.840 310 310 I pgrep : type=1400 audit(0.0:203): avc: denied { open } for path="/proc/267/stat" dev="proc" ino=10490 scontext=u:r:toolbox:s0 tcontext=u:r:hal_awdisplayoutput_default:s0 tclass=file permissive=1
06-04 15:04:38.840 311 311 I xiriservice_All: type=1400 audit(0.0:204): avc: denied { search } for name="com.android.theme.font.notoserifsource" dev="mmcblk0p25" ino=1057 scontext=u:r:init:s0 tcontext=u:object_r:app_data_file:s0:c4,c256,c512,c768 tclass=dir permissive=1
06-04 15:04:38.840 310 310 I pgrep : type=1400 audit(0.0:205): avc: denied { getattr } for path="/proc/270" dev="proc" ino=1923 scontext=u:r:toolbox:s0 tcontext=u:r:hal_rebootescrow_default:s0 tclass=dir permissive=1
06-04 15:04:38.840 310 310 I pgrep : type=1400 audit(0.0:206): avc: denied { search } for name="270" dev="proc" ino=1923 scontext=u:r:toolbox:s0 tcontext=u:r:hal_rebootescrow_default:s0 tclass=dir permissive=1
06-04 15:04:38.840 310 310 I pgrep : type=1400 audit(0.0:207): avc: denied { open } for path="/proc/270/stat" dev="proc" ino=10491 scontext=u:r:toolbox:s0 tcontext=u:r:hal_rebootescrow_default:s0 tclass=file permissive=1
06-04 15:04:38.840 310 310 I pgrep : type=1400 audit(0.0:208): avc: denied { getattr } for path="/proc/273" dev="proc" ino=7690 scontext=u:r:toolbox:s0 tcontext=u:r:audioserver:s0 tclass=dir permissive=1
06-04 15:04:38.870 251 251 I HidlServiceManagement: Registered android.hardware.camera.provider@2.4::ICameraProvider/external/0
06-04 15:04:38.840 310 310 I pgrep : type=1400 audit(0.0:209): avc: denied { read } for scontext=u:r:toolbox:s0 tcontext=u:r:audioserver:s0 tclass=file permissive=1
06-04 15:04:38.840 310 310 I pgrep : type=1400 audit(0.0:210): avc: denied { search } for name="273" dev="proc" ino=7690 scontext=u:r:toolbox:s0 tcontext=u:r:audioserver:s0 tclass=dir permissive=1
06-04 15:04:38.840 310 310 I pgrep : type=1400 audit(0.0:211): avc: denied { open } for path="/proc/273/stat" dev="proc" ino=10492 scontext=u:r:toolbox:s0 tcontext=u:r:audioserver:s0 tclass=file permissive=1
06-04 15:04:38.840 310 310 I pgrep : type=1400 audit(0.0:212): avc: denied { getattr } for path="/proc/277" dev="proc" ino=7155 scontext=u:r:toolbox:s0 tcontext=u:r:credstore:s0 tclass=dir permissive=1
06-04 15:04:38.840 310 310 I pgrep : type=1400 audit(0.0:213): avc: denied { search } for name="277" dev="proc" ino=7155 scontext=u:r:toolbox:s0 tcontext=u:r:credstore:s0 tclass=dir permissive=1
06-04 15:04:38.840 310 310 I pgrep : type=1400 audit(0.0:214): avc: denied { open } for path="/proc/277/stat" dev="proc" ino=10493 scontext=u:r:toolbox:s0 tcontext=u:r:credstore:s0 tclass=file permissive=1
06-04 15:04:38.840 310 310 I pgrep : type=1400 audit(0.0:215): avc: denied { getattr } for path="/proc/279" dev="proc" ino=7697 scontext=u:r:toolbox:s0 tcontext=u:r:gpuservice:s0 tclass=dir permissive=1
06-04 15:04:38.840 310 310 I pgrep : type=1400 audit(0.0:216): avc: denied { search } for name="279" dev="proc" ino=7697 scontext=u:r:toolbox:s0 tcontext=u:r:gpuservice:s0 tclass=dir permissive=1
06-04 15:04:38.840 310 310 I pgrep : type=1400 audit(0.0:217): avc: denied { open } for path="/proc/279/stat" dev="proc" ino=10494 scontext=u:r:toolbox:s0 tcontext=u:r:gpuservice:s0 tclass=file permissive=1
06-04 15:04:38.840 310 310 I pgrep : type=1400 audit(0.0:218): avc: denied { getattr } for path="/proc/285" dev="proc" ino=2035 scontext=u:r:toolbox:s0 tcontext=u:r:surfaceflinger:s0 tclass=dir permissive=1
06-04 15:04:38.840 310 310 I pgrep : type=1400 audit(0.0:219): avc: denied { search } for name="285" dev="proc" ino=2035 scontext=u:r:toolbox:s0 tcontext=u:r:surfaceflinger:s0 tclass=dir permissive=1
06-04 15:04:38.840 310 310 I pgrep : type=1400 audit(0.0:220): avc: denied { open } for path="/proc/285/stat" dev="proc" ino=10495 scontext=u:r:toolbox:s0 tcontext=u:r:surfaceflinger:s0 tclass=file permissive=1
06-04 15:04:38.840 310 310 I pgrep : type=1400 audit(0.0:221): avc: denied { getattr } for path="/proc/287" dev="proc" ino=2018 scontext=u:r:toolbox:s0 tcontext=u:r:pqd:s0 tclass=dir permissive=1
06-04 15:04:38.840 310 310 I pgrep : type=1400 audit(0.0:222): avc: denied { search } for name="287" dev="proc" ino=2018 scontext=u:r:toolbox:s0 tcontext=u:r:pqd:s0 tclass=dir permissive=1
06-04 15:04:38.840 310 310 I pgrep : type=1400 audit(0.0:223): avc: denied { open } for path="/proc/287/stat" dev="proc" ino=10496 scontext=u:r:toolbox:s0 tcontext=u:r:pqd:s0 tclass=file permissive=1
06-04 15:04:38.840 310 310 I pgrep : type=1400 audit(0.0:224): avc: denied { read } for scontext=u:r:toolbox:s0 tcontext=u:r:init:s0 tclass=file permissive=1
06-04 15:04:38.872 251 251 I HidlServiceManagement: Removing namespace from process name android.hardware.camera.provider@2.4-external-service to provider@2.4-external-service.
06-04 15:04:38.840 310 310 I pgrep : type=1400 audit(0.0:225): avc: denied { open } for path="/proc/305/stat" dev="proc" ino=10497 scontext=u:r:toolbox:s0 tcontext=u:r:init:s0 tclass=file permissive=1
06-04 15:04:38.844 311 311 I xiriservice_All: type=1400 audit(0.0:226): avc: denied { search } for name="com.android.smspush" dev="mmcblk0p25" ino=1121 scontext=u:r:init:s0 tcontext=u:object_r:app_data_file:s0:c69,c256,c512,c768 tclass=dir permissive=1
06-04 15:04:38.848 311 311 I xiriservice_All: type=1400 audit(0.0:227): avc: denied { search } for name="com.tv.filemanager.os" dev="mmcblk0p25" ino=1137 scontext=u:r:init:s0 tcontext=u:object_r:app_data_file:s0:c35,c256,c512,c768 tclass=dir permissive=1
06-04 15:04:38.848 316 316 I check_xm_hidraw: type=1400 audit(0.0:228): avc: denied { execute_no_trans } for path="/system/bin/xm_hidread" dev="dm-0" ino=1298 scontext=u:r:init:s0 tcontext=u:object_r:system_file:s0 tclass=file permissive=1
06-04 15:04:38.852 311 311 I xiriservice_All: type=1400 audit(0.0:229): avc: denied { search } for name="com.android.bookmarkprovider" dev="mmcblk0p25" ino=1163 scontext=u:r:init:s0 tcontext=u:object_r:app_data_file:s0:c38,c256,c512,c768 tclass=dir permissive=1
06-04 15:04:38.856 311 311 I xiriservice_All: type=1400 audit(0.0:230): avc: denied { search } for name="com.android.cts.ctsshim" dev="mmcblk0p25" ino=1179 scontext=u:r:init:s0 tcontext=u:object_r:app_data_file:s0:c50,c256,c512,c768 tclass=dir permissive=1
06-04 15:04:38.856 311 311 I xiriservice_All: type=1400 audit(0.0:231): avc: denied { search } for name="com.dangbei.lerad.screensaver" dev="mmcblk0p25" ino=1187 scontext=u:r:init:s0 tcontext=u:object_r:app_data_file:s0:c54,c256,c512,c768 tclass=dir permissive=1
06-04 15:04:38.856 311 311 I xiriservice_All: type=1400 audit(0.0:232): avc: denied { read } for name="lib" dev="mmcblk0p25" ino=6118 scontext=u:r:init:s0 tcontext=u:object_r:app_data_file:s0:c54,c256,c512,c768 tclass=lnk_file permissive=1
06-04 15:04:38.860 311 311 I xiriservice_All: type=1400 audit(0.0:233): avc: denied { search } for name="com.android.remoteprovisioner" dev="mmcblk0p25" ino=1195 scontext=u:r:init:s0 tcontext=u:object_r:app_data_file:s0:c63,c256,c512,c768 tclass=dir permissive=1
06-04 15:04:38.860 311 311 I xiriservice_All: type=1400 audit(0.0:234): avc: denied { search } for name="com.softwinner.theme.icon" dev="mmcblk0p25" ino=1203 scontext=u:r:init:s0 tcontext=u:object_r:app_data_file:s0:c5,c256,c512,c768 tclass=dir permissive=1
06-04 15:04:38.860 311 311 I xiriservice_All: type=1400 audit(0.0:235): avc: denied { search } for name="com.android.music" dev="mmcblk0p25" ino=1227 scontext=u:r:init:s0 tcontext=u:object_r:app_data_file:s0:c43,c256,c512,c768 tclass=dir permissive=1
06-04 15:04:38.860 311 311 I xiriservice_All: type=1400 audit(0.0:236): avc: denied { search } for name="com.android.providers.media.module" dev="mmcblk0p25" ino=1259 scontext=u:r:init:s0 tcontext=u:object_r:privapp_data_file:s0:c74,c256,c512,c768 tclass=dir permissive=1
06-04 15:04:38.860 315 315 I led_switch.sh: type=1400 audit(0.0:237): avc: denied { add_name } for name="led_swith.txt" scontext=u:r:init:s0 tcontext=u:object_r:shell_data_file:s0 tclass=dir permissive=1 bug=b/77873135
06-04 15:04:38.860 315 315 I led_switch.sh: type=1400 audit(0.0:238): avc: denied { create } for name="led_swith.txt" scontext=u:r:init:s0 tcontext=u:object_r:shell_data_file:s0 tclass=file permissive=1 bug=b/77873135
06-04 15:04:38.864 311 311 I xiriservice_All: type=1400 audit(0.0:239): avc: denied { read } for name="lib" dev="mmcblk0p25" ino=6123 scontext=u:r:init:s0 tcontext=u:object_r:privapp_data_file:s0:c74,c256,c512,c768 tclass=lnk_file permissive=1
06-04 15:04:38.864 315 315 I led_switch.sh: type=1400 audit(0.0:240): avc: denied { write } for name="led_swith.txt" dev="mmcblk0p25" ino=218 scontext=u:r:init:s0 tcontext=u:object_r:shell_data_file:s0 tclass=file permissive=1 bug=b/77873135
06-04 15:04:38.864 315 315 I led_switch.sh: type=1400 audit(0.0:241): avc: denied { open } for path="/data/local/tmp/led_swith.txt" dev="mmcblk0p25" ino=218 scontext=u:r:init:s0 tcontext=u:object_r:shell_data_file:s0 tclass=file permissive=1 bug=b/77873135
06-04 15:04:38.875 251 251 I LegacySupport: Registration complete for android.hardware.camera.provider@2.4::ICameraProvider/external/0.
06-04 15:04:38.864 311 311 I xiriservice_All: type=1400 audit(0.0:242): avc: denied { search } for name="com.softwinner.theme.color" dev="mmcblk0p25" ino=1267 scontext=u:r:init:s0 tcontext=u:object_r:app_data_file:s0:c9,c256,c512,c768 tclass=dir permissive=1
06-04 15:04:38.868 311 311 I xiriservice_All: type=1400 audit(0.0:243): avc: denied { search } for name="com.android.hotspot2.osulogin" dev="mmcblk0p25" ino=1284 scontext=u:r:init:s0 tcontext=u:object_r:app_data_file:s0:c71,c256,c512,c768 tclass=dir permissive=1
06-04 15:04:38.868 311 311 I xiriservice_All: type=1400 audit(0.0:244): avc: denied { search } for name="com.android.internal.systemui.navbar.gestural" dev="mmcblk0p25" ino=1292 scontext=u:r:init:s0 tcontext=u:object_r:app_data_file:s0:c0,c256,c512,c768 tclass=dir permissive=1
06-04 15:04:38.872 311 311 I xiriservice_All: type=1400 audit(0.0:245): avc: denied { search } for name="com.android.bluetoothmidiservice" dev="mmcblk0p25" ino=1308 scontext=u:r:init:s0 tcontext=u:object_r:app_data_file:s0:c53,c256,c512,c768 tclass=dir permissive=1
06-04 15:04:38.872 311 311 I xiriservice_All: type=1400 audit(0.0:246): avc: denied { search } for name="com.android.traceur" dev="mmcblk0p25" ino=1332 scontext=u:r:init:s0 tcontext=u:object_r:app_data_file:s0:c21,c256,c512,c768 tclass=dir permissive=1
06-04 15:04:38.872 311 311 I xiriservice_All: type=1400 audit(0.0:247): avc: denied { read } for name="lib" dev="mmcblk0p25" ino=6157 scontext=u:r:init:s0 tcontext=u:object_r:bluetooth_data_file:s0 tclass=lnk_file permissive=1
06-04 15:04:38.872 318 318 I led_switch.sh: type=1400 audit(0.0:248): avc: denied { execute_no_trans } for path="/vendor/bin/toolbox" dev="dm-1" ino=229 scontext=u:r:init:s0 tcontext=u:object_r:vendor_toolbox_exec:s0 tclass=file permissive=1
06-04 15:04:38.878 251 317 I CamPrvdr@2.4-external: threadLoop start monitoring new V4L2 devices
06-04 15:04:38.876 311 311 I xiriservice_All: type=1400 audit(0.0:249): avc: denied { search } for name="com.android.captiveportallogin" dev="mmcblk0p25" ino=1356 scontext=u:r:init:s0 tcontext=u:object_r:app_data_file:s0:c51,c256,c512,c768 tclass=dir permissive=1
06-04 15:04:38.876 311 311 I xiriservice_All: type=1400 audit(0.0:250): avc: denied { search } for name="com.android.internal.systemui.navbar.gestural_narrow_back" dev="mmcblk0p25" ino=1364 scontext=u:r:init:s0 tcontext=u:object_r:app_data_file:s0:c8,c256,c512,c768 tclass=dir permissive=1
06-04 15:04:38.876 311 311 I xiriservice_All: type=1400 audit(0.0:251): avc: denied { search } for name="android.auto_generated_rro_vendor__" dev="mmcblk0p25" ino=1372 scontext=u:r:init:s0 tcontext=u:object_r:app_data_file:s0:c12,c256,c512,c768 tclass=dir permissive=1
06-04 15:04:38.887 316 316 D XM_HIDREAD: hidread running 0429 d06.
06-04 15:04:38.892 316 316 D XM_HIDREAD: addr_len_t:26,addr_len:26
06-04 15:04:38.892 316 316 D XM_HIDREAD: server_socket:4
06-04 15:04:38.892 316 316 D XM_HIDREAD: pthread_join listen_thread before
06-04 15:04:38.892 316 316 I xm_hidread: type=1400 audit(0.0:252): avc: denied { create } for scontext=u:r:init:s0 tcontext=u:r:init:s0 tclass=netlink_kobject_uevent_socket permissive=1
06-04 15:04:38.892 316 316 I xm_hidread: type=1400 audit(0.0:253): avc: denied { setopt } for scontext=u:r:init:s0 tcontext=u:r:init:s0 tclass=netlink_kobject_uevent_socket permissive=1
06-04 15:04:38.892 316 316 I xm_hidread: type=1400 audit(0.0:254): avc: denied { bind } for scontext=u:r:init:s0 tcontext=u:r:init:s0 tclass=netlink_kobject_uevent_socket permissive=1
06-04 15:04:38.893 316 321 D XM_HIDREAD: >> start monitor uevent ...
06-04 15:04:38.892 316 316 I xm_hidread: type=1400 audit(0.0:255): avc: denied { read } for scontext=u:r:init:s0 tcontext=u:r:init:s0 tclass=netlink_kobject_uevent_socket permissive=1
06-04 15:04:38.896 316 322 D XM_HIDREAD: listener_thread has start 4.
06-04 15:04:38.896 316 322 D XM_HIDREAD: accept before.
06-04 15:04:38.906 244 244 I AndroidRuntime: Using default boot image
06-04 15:04:38.906 244 244 I AndroidRuntime: Leaving lock profiling enabled
06-04 15:04:38.913 244 244 E cutils-trace: Error opening trace file: No such file or directory (2)
06-04 15:04:38.916 244 244 I zygote : option[0]=-Xzygote
06-04 15:04:38.916 244 244 I zygote : option[1]=-Xdeny-art-apex-data-files
06-04 15:04:38.916 244 244 I zygote : option[2]=exit
06-04 15:04:38.916 244 244 I zygote : option[3]=vfprintf
06-04 15:04:38.916 244 244 I zygote : option[4]=sensitiveThread
06-04 15:04:38.916 244 244 I zygote : option[5]=-verbose:gc
06-04 15:04:38.916 244 244 I zygote : option[6]=-XX:PerfettoHprof=true
06-04 15:04:38.916 244 244 I zygote : option[7]=-XX:PerfettoJavaHeapStackProf=true
06-04 15:04:38.916 244 244 I zygote : option[8]=-Xprimaryzygote
06-04 15:04:38.916 244 244 I zygote : option[9]=-Xms5m
06-04 15:04:38.916 244 244 I zygote : option[10]=-Xmx512m
06-04 15:04:38.916 244 244 I zygote : option[11]=-XX:HeapGrowthLimit=256m
06-04 15:04:38.916 244 244 I zygote : option[12]=-XX:HeapMinFree=512k
06-04 15:04:38.916 244 244 I zygote : option[13]=-XX:HeapMaxFree=8m
06-04 15:04:38.916 244 244 I zygote : option[14]=-XX:HeapTargetUtilization=0.75
06-04 15:04:38.916 244 244 I zygote : option[15]=-Xusejit:true
06-04 15:04:38.916 244 244 I zygote : option[16]=-Xjitsaveprofilinginfo
06-04 15:04:38.916 244 244 I zygote : option[17]=-XMadviseWillNeedVdexFileSize:104857600
06-04 15:04:38.916 244 244 I zygote : option[18]=-XMadviseWillNeedOdexFileSize:104857600
06-04 15:04:38.916 244 244 I zygote : option[19]=-XMadviseWillNeedArtFileSize:4294967295
06-04 15:04:38.916 244 244 I zygote : option[20]=-XjdwpOptions:suspend=n,server=y
06-04 15:04:38.916 244 244 I zygote : option[21]=-XjdwpProvider:default
06-04 15:04:38.916 244 244 I zygote : option[22]=-Xopaque-jni-ids:swapable
06-04 15:04:38.917 244 244 I zygote : option[23]=-Xcompiler-option
06-04 15:04:38.917 244 244 I zygote : option[24]=--instruction-set-variant=cortex-a7
06-04 15:04:38.917 244 244 I zygote : option[25]=-Xcompiler-option
06-04 15:04:38.917 244 244 I zygote : option[26]=--instruction-set-features=default
06-04 15:04:38.917 244 244 I zygote : option[27]=-Xcompiler-option
06-04 15:04:38.917 244 244 I zygote : option[28]=--generate-mini-debug-info
06-04 15:04:38.917 244 244 I zygote : option[29]=-Ximage-compiler-option
06-04 15:04:38.917 244 244 I zygote : option[30]=--runtime-arg
06-04 15:04:38.917 244 244 I zygote : option[31]=-Ximage-compiler-option
06-04 15:04:38.917 244 244 I zygote : option[32]=-Xms64m
06-04 15:04:38.917 244 244 I zygote : option[33]=-Ximage-compiler-option
06-04 15:04:38.917 244 244 I zygote : option[34]=--runtime-arg
06-04 15:04:38.917 244 244 I zygote : option[35]=-Ximage-compiler-option
06-04 15:04:38.917 244 244 I zygote : option[36]=-Xmx64m
06-04 15:04:38.917 244 244 I zygote : option[37]=-Ximage-compiler-option
06-04 15:04:38.917 244 244 I zygote : option[38]=--dirty-image-objects=/system/etc/dirty-image-objects
06-04 15:04:38.917 244 244 I zygote : option[39]=-Ximage-compiler-option
06-04 15:04:38.917 244 244 I zygote : option[40]=--instruction-set-variant=cortex-a7
06-04 15:04:38.917 244 244 I zygote : option[41]=-Ximage-compiler-option
06-04 15:04:38.917 244 244 I zygote : option[42]=--instruction-set-features=default
06-04 15:04:38.917 244 244 I zygote : option[43]=-Ximage-compiler-option
06-04 15:04:38.917 244 244 I zygote : option[44]=--generate-mini-debug-info
06-04 15:04:38.917 244 244 I zygote : option[45]=-Duser.locale=zh-CN
06-04 15:04:38.917 244 244 I zygote : option[46]=--cpu-abilist=armeabi-v7a,armeabi
06-04 15:04:38.917 244 244 I zygote : option[47]=-Xfingerprint:Dangbei/raven/raven:12/SP1A.211105.004/20250604.095050:user/release-keys
06-04 15:04:38.932 311 311 D XiriService: read SYSTEM APP lib
06-04 15:04:38.937 244 244 W zygote : ART APEX data files are untrusted.
06-04 15:04:38.937 324 324 D DONGLE_SERVICE: ble_rc_service version is 2.0.26601
06-04 15:04:38.937 324 324 D DONGLE_SERVICE: init command center ...
06-04 15:04:38.938 324 324 D DONGLE_SERVICE: trying to scan for smart ctrl hidraw...
06-04 15:04:38.938 324 324 D DONGLE_SERVICE: command center, start working...
06-04 15:04:38.941 324 325 D DONGLE_SERVICE: >> start monitor uevent ...
06-04 15:04:38.953 285 285 E cutils-trace: Error opening trace file: No such file or directory (2)
06-04 15:04:38.957 182 182 I hwservicemanager: getTransport: Cannot find entry android.hardware.configstore@1.0::ISurfaceFlingerConfigs/default in either framework or device VINTF manifest.
06-04 15:04:38.960 326 326 I rainbow_flow: type=1400 audit(0.0:256): avc: denied { write } for name="spidev1.0" dev="tmpfs" ino=6194 scontext=u:r:init:s0 tcontext=u:object_r:device:s0 tclass=chr_file permissive=1
06-04 15:04:38.960 326 326 I rainbow_flow: type=1400 audit(0.0:257): avc: denied { open } for path="/dev/spidev1.0" dev="tmpfs" ino=6194 scontext=u:r:init:s0 tcontext=u:object_r:device:s0 tclass=chr_file permissive=1
06-04 15:04:38.960 326 326 I rainbow_flow: type=1400 audit(0.0:258): avc: denied { ioctl } for path="/dev/spidev1.0" dev="tmpfs" ino=6194 ioctlcmd=0x6b01 scontext=u:r:init:s0 tcontext=u:object_r:device:s0 tclass=chr_file permissive=1
06-04 15:04:38.972 311 311 I xiriservice_All: type=1400 audit(0.0:259): avc: denied { watch } for path="/data/data" dev="mmcblk0p25" ino=85 scontext=u:r:init:s0 tcontext=u:object_r:system_data_file:s0:c512,c768 tclass=dir permissive=1
06-04 15:04:38.976 285 285 I SurfaceFlinger: Using HWComposer service: default
06-04 15:04:38.976 285 285 I SurfaceFlinger: SurfaceFlinger is starting
06-04 15:04:38.977 182 182 I hwservicemanager: getTransport: Cannot find entry android.hardware.configstore@1.1::ISurfaceFlingerConfigs/default in either framework or device VINTF manifest.
06-04 15:04:38.978 285 285 I SurfaceFlinger: Disabling blur effects, they are not supported.
06-04 15:04:38.984 285 285 I SurfaceFlinger: SurfaceFlinger's main thread ready to run. Initializing graphics H/W...
06-04 15:04:38.984 285 285 D RenderEngine: RenderEngine with GLES Backend
06-04 15:04:38.986 1 1 W FAT-fs (mmcblk0p24): Volume was not properly unmounted. Some data may be corrupt. Please run fsck.
06-04 15:04:38.989 273 273 I FastMixerState: sMaxFastTracks = 8
06-04 15:04:39.011 327 327 I bootstat: Service started: /system/bin/bootstat --set_system_boot_reason
06-04 15:04:39.017 327 327 I bootstat: Canonical boot reason: shutdown,userrequested
06-04 15:04:39.017 327 327 I bootstat: Canonical boot reason: shutdown,userrequested
06-04 15:04:39.019 273 273 V MediaUtils: physMem: 2055442432
06-04 15:04:39.019 273 273 V MediaUtils: requested limit: 411088480
06-04 15:04:39.019 273 273 I libc : malloc_limit: Allocation limit enabled, max size 411088480 bytes
06-04 15:04:39.021 273 273 I audioserver: ServiceManager: 0xeb81a420
06-04 15:04:39.023 273 273 W BatteryNotifier: batterystats service unavailable!
06-04 15:04:39.024 273 273 E cutils-trace: Error opening trace file: No such file or directory (2)
06-04 15:04:39.045 331 331 I perfetto: probes.cc:84 Starting /system/bin/traced_probes service
06-04 15:04:39.046 331 335 I perfetto: _activity_trigger.cc:71 mm_events ftrace instance not found. Triggering of traces on memory pressure will not be available on this device.
06-04 15:04:39.048 331 331 I perfetto: probes_producer.cc:129 Disconnected from tracing service
06-04 15:04:39.054 332 332 W perfetto: service.cc:207 Started traced, listening on /dev/socket/traced_producer /dev/socket/traced_consumer
06-04 15:04:39.072 262 262 I EventThread: type=1400 audit(0.0:260): avc: denied { search } for name="extcon" dev="sysfs" ino=18109 scontext=u:r:hal_tv_cec_default:s0 tcontext=u:object_r:sysfs_extcon:s0 tclass=dir permissive=1
06-04 15:04:39.072 262 262 I EventThread: type=1400 audit(0.0:261): avc: denied { read } for name="u:object_r:default_prop:s0" dev="tmpfs" ino=2818 scontext=u:r:hal_tv_cec_default:s0 tcontext=u:object_r:default_prop:s0 tclass=file permissive=1
06-04 15:04:39.072 262 262 I EventThread: type=1400 audit(0.0:262): avc: denied { open } for path="/dev/__properties__/u:object_r:default_prop:s0" dev="tmpfs" ino=2818 scontext=u:r:hal_tv_cec_default:s0 tcontext=u:object_r:default_prop:s0 tclass=file permissive=1
06-04 15:04:39.072 262 262 I EventThread: type=1400 audit(0.0:263): avc: denied { getattr } for path="/dev/__properties__/u:object_r:default_prop:s0" dev="tmpfs" ino=2818 scontext=u:r:hal_tv_cec_default:s0 tcontext=u:object_r:default_prop:s0 tclass=file permissive=1
06-04 15:04:39.072 262 262 I EventThread: type=1400 audit(0.0:264): avc: denied { map } for path="/dev/__properties__/u:object_r:default_prop:s0" dev="tmpfs" ino=2818 scontext=u:r:hal_tv_cec_default:s0 tcontext=u:object_r:default_prop:s0 tclass=file permissive=1
06-04 15:04:39.103 327 327 I bootstat: Last reboot reason read from /metadata/bootstat/persist.sys.boot.reason : shutdown,userrequested. Last reboot reason read from persist.sys.boot.reason : shutdown,userrequested
06-04 15:04:39.103 327 327 I bootstat: Normalized last reboot reason : shutdown,userrequested
06-04 15:04:39.124 339 339 I preloaddata: type=1400 audit(0.0:265): avc: denied { write search } for name="tmp" dev="mmcblk0p25" ino=83 scontext=u:r:toolbox:s0 tcontext=u:object_r:shell_data_file:s0 tclass=dir permissive=1
06-04 15:04:39.124 339 339 I preloaddata: type=1400 audit(0.0:266): avc: denied { getattr } for path="/data/local/tmp" dev="mmcblk0p25" ino=83 scontext=u:r:toolbox:s0 tcontext=u:object_r:shell_data_file:s0 tclass=dir permissive=1
06-04 15:04:39.132 326 326 I rainbow_flow: type=1400 audit(0.0:267): avc: denied { ioctl } for path="/dev/spidev1.0" dev="tmpfs" ino=6194 ioctlcmd=0x6b00 scontext=u:r:init:s0 tcontext=u:object_r:device:s0 tclass=chr_file permissive=1
06-04 15:04:39.154 273 273 I ServiceManager: Waiting for service 'media.metrics' on '/dev/binder'...
06-04 15:04:39.165 316 321 D XM_HIDREAD: add@ add@/devices/platform/uwe_bsp.0
06-04 15:04:39.164 324 324 I xiriservice_All: type=1400 audit(0.0:268): avc: denied { read } for scontext=u:r:init:s0 tcontext=u:r:init:s0 tclass=netlink_kobject_uevent_socket permissive=1
06-04 15:04:39.166 316 321 D XM_HIDREAD: add@ add@/devices/platform/uwe_bsp.0/wakeup/wakeup8
06-04 15:04:39.169 165 165 I WCN : marlin_init entry!
06-04 15:04:39.170 165 165 I WCN : unisoc wcn driver version: W25.23.3, build time: Jun 4 2025 09:41:20 (UTC)
06-04 15:04:39.170 165 165 I WCN : wcn config keep power on
06-04 15:04:39.170 165 165 I WCN : wcn config bt wake host
06-04 15:04:39.170 165 165 I WCN : marlin_registsr_bt_wake bt_hostwake gpio=208 intnum=237
06-04 15:04:39.171 165 165 I sdiohal : sdiohal_parse_dt adma_tx:1, adma_rx:1, pwrseq:0, irq type:data, gpio_num:0, blksize:840
06-04 15:04:39.178 316 321 D XM_HIDREAD: add@ add@/class/slog_wcn
06-04 15:04:39.179 316 321 D XM_HIDREAD: add@ add@/devices/virtual/slog_wcn/slog_wcn0
06-04 15:04:39.179 316 321 D XM_HIDREAD: add@ add@/devices/virtual/slog_wcn/slog_wcn1
06-04 15:04:39.174 165 165 E sdiohal err: sdio, BITS =64, PageSize =4096, order=6, 3
06-04 15:04:39.182 165 165 I sdiohal : sdiohal_init ok
06-04 15:04:39.180 316 321 D XM_HIDREAD: add@ add@/devices/virtual/misc/wcn_op
06-04 15:04:39.181 316 321 D XM_HIDREAD: add@ add@/bus/platform/drivers/uwe_bsp
06-04 15:04:39.181 316 321 D XM_HIDREAD: add@ add@/module/uwe5621_bsp_sdio
06-04 15:04:39.184 165 165 I WCN : marlin_probe ok!
06-04 15:04:39.229 316 321 D XM_HIDREAD: add@ add@/devices/platform/mtty.0
06-04 15:04:39.230 316 321 D XM_HIDREAD: add@ add@/devices/virtual/tty/ttyBT0
06-04 15:04:39.228 165 165 E : uwe5621_bt_tty_init
06-04 15:04:39.234 165 165 E : mtty_probe unisoc soc, continue
06-04 15:04:39.234 165 165 I : mtty_probe init device addr: 0x00000000cf69daed
06-04 15:04:39.240 165 165 E : rfkill_bluetooth_init
06-04 15:04:39.241 316 321 D XM_HIDREAD: add@ add@/devices/platform/mtty.0/rfkill/rfkill1
06-04 15:04:39.244 165 165 E : rfkill_bluetooth_init end
06-04 15:04:39.249 165 165 E : marlin_sdio_init
06-04 15:04:39.250 285 285 D libEGL : loaded /vendor/lib/egl/libGLES_mali.so
06-04 15:04:39.250 316 321 D XM_HIDREAD: add@ add@/bus/platform/drivers/mtty
06-04 15:04:39.251 316 321 D XM_HIDREAD: add@ add@/module/sprdbt_tty
06-04 15:04:39.253 331 331 I perfetto: probes_producer.cc:112 Connected to the service
06-04 15:04:39.348 1 1 I init : type=1400 audit(0.0:269): avc: denied { read } for name="ext_csd" dev="debugfs" ino=6049 scontext=u:r:init:s0 tcontext=u:object_r:debugfs_mmc:s0 tclass=file permissive=1
06-04 15:04:39.348 1 1 I init : type=1400 audit(0.0:270): avc: denied { open } for path="/sys/kernel/debug/mmc0/mmc0:0001/ext_csd" dev="debugfs" ino=6049 scontext=u:r:init:s0 tcontext=u:object_r:debugfs_mmc:s0 tclass=file permissive=1
06-04 15:04:39.363 285 285 I RenderEngine: Realtime priority unsupported, degrading gracefully to high priority
06-04 15:04:39.393 182 182 I hwservicemanager: getTransport: Cannot find entry android.hardware.graphics.mapper@4.0::IMapper/default in either framework or device VINTF manifest.
06-04 15:04:39.392 362 362 I storaged: type=1400 audit(0.0:271): avc: denied { read } for path="/sys/kernel/debug/mmc0/mmc0:0001/ext_csd" dev="debugfs" ino=6049 scontext=u:r:storaged:s0 tcontext=u:object_r:debugfs_mmc:s0 tclass=file permissive=1
06-04 15:04:39.396 285 285 I Gralloc4: mapper 4.x is not supported
06-04 15:04:39.404 182 182 I hwservicemanager: getTransport: Cannot find entry android.hardware.graphics.mapper@3.0::IMapper/default in either framework or device VINTF manifest.
06-04 15:04:39.405 285 285 W Gralloc3: mapper 3.x is not supported
06-04 15:04:39.437 349 349 I installd: installd firing up
06-04 15:04:39.512 285 285 E gralloc : Arm Module v1.0
06-04 15:04:39.524 326 326 I rainbow_flow: type=1400 audit(0.0:272): avc: denied { ioctl } for path="/dev/spidev1.0" dev="tmpfs" ino=6194 ioctlcmd=0x6b00 scontext=u:r:init:s0 tcontext=u:object_r:device:s0 tclass=chr_file permissive=1
06-04 15:04:39.535 369 369 D dom2reg : timezone change, new: Asia/Shanghai, pre:
06-04 15:04:39.535 369 369 D dom2reg : convert timezone to alpha2 country code: CN
06-04 15:04:39.540 369 369 D dom2reg : regulatory set to [CN] success(0)
06-04 15:04:39.552 182 182 I hwservicemanager: getTransport: Cannot find entry android.hardware.graphics.allocator@4.0::IAllocator/default in either framework or device VINTF manifest.
06-04 15:04:39.553 285 285 W Gralloc4: allocator 4.x is not supported
06-04 15:04:39.554 182 182 I hwservicemanager: getTransport: Cannot find entry android.hardware.graphics.allocator@3.0::IAllocator/default in either framework or device VINTF manifest.
06-04 15:04:39.560 285 285 W Gralloc3: allocator 3.x is not supported
06-04 15:04:39.563 372 372 D WifiHWInfo: Start to load wireless module hardware info table...
06-04 15:04:39.570 365 365 I wificond: wificond is starting up...
06-04 15:04:39.575 365 365 E cutils-trace: Error opening trace file: No such file or directory (2)
06-04 15:04:39.580 267 267 W HidlServiceManagement: Waited one second for vendor.display.config@1.0::IDisplayConfig/default
06-04 15:04:39.580 262 262 I EventThread: type=1400 audit(0.0:273): avc: denied { search } for name="extcon" dev="sysfs" ino=18109 scontext=u:r:hal_tv_cec_default:s0 tcontext=u:object_r:sysfs_extcon:s0 tclass=dir permissive=1
06-04 15:04:39.586 372 372 D WifiHWInfo: Entry [01], BUS: SDIO, ID: 0x024C8179, Name: rtl8189es.
06-04 15:04:39.586 372 372 D WifiHWInfo: Entry [02], BUS: SDIO, ID: 0x024CB723, Name: rtl8723bs_vq0.
06-04 15:04:39.586 372 372 D WifiHWInfo: Entry [03], BUS: SDIO, ID: 0x024CB703, Name: rtl8723cs.
06-04 15:04:39.586 372 372 D WifiHWInfo: Entry [04], BUS: SDIO, ID: 0x024CD723, Name: rtl8723ds.
06-04 15:04:39.586 372 372 D WifiHWInfo: Entry [05], BUS: SDIO, ID: 0x024CF179, Name: rtl8189fs.
06-04 15:04:39.586 372 372 D WifiHWInfo: Entry [06], BUS: SDIO, ID: 0x024CB822, Name: rtl88x2bs.
06-04 15:04:39.586 372 372 D WifiHWInfo: Entry [07], BUS: USB, ID: 0x0BDAD723, Name: rtl8723du.
06-04 15:04:39.586 372 372 D WifiHWInfo: Entry [08], BUS: USB, ID: 0x0BDA8179, Name: rtl8188etv.
06-04 15:04:39.586 372 372 D WifiHWInfo: Entry [09], BUS: USB, ID: 0x0BDA0179, Name: rtl8188eu.
06-04 15:04:39.586 372 372 D WifiHWInfo: Entry [10], BUS: USB, ID: 0x0BDA818B, Name: rtl8192eu.
06-04 15:04:39.586 372 372 D WifiHWInfo: Entry [11], BUS: USB, ID: 0x0BDAB720, Name: rtl8723bu.
06-04 15:04:39.587 372 372 D WifiHWInfo: Entry [12], BUS: USB, ID: 0x0BDAC82C, Name: rtl8822cu.
06-04 15:04:39.587 372 372 D WifiHWInfo: Entry [13], BUS: USB, ID: 0x0BDAF179, Name: rtl8188fu.
06-04 15:04:39.587 372 372 D WifiHWInfo: Entry [14], BUS: SDIO, ID: 0x02D0A9A6, Name: ap6212.
06-04 15:04:39.587 372 372 D WifiHWInfo: Entry [15], BUS: SDIO, ID: 0x02D04330, Name: ap6330.
06-04 15:04:39.587 372 372 D WifiHWInfo: Entry [16], BUS: SDIO, ID: 0x02D04356, Name: ap6356s.
06-04 15:04:39.587 372 372 D WifiHWInfo: Entry [17], BUS: SDIO, ID: 0x02D0A9BF, Name: ap6255.
06-04 15:04:39.587 372 372 D WifiHWInfo: Entry [18], BUS: SDIO, ID: 0x02D04334, Name: bcm43342.
06-04 15:04:39.587 372 372 D WifiHWInfo: Entry [19], BUS: SDIO, ID: 0x00202281, Name: xr819.
06-04 15:04:39.587 372 372 D WifiHWInfo: Entry [20], BUS: SDIO, ID: 0x0A9E2282, Name: xr829.
06-04 15:04:39.587 372 372 D WifiHWInfo: Entry [21], BUS: SDIO, ID: 0x0271050A, Name: qca6174a.
06-04 15:04:39.587 372 372 D WifiHWInfo: Entry [22], BUS: SDIO, ID: 0x30303030, Name: ssv6x5x.
06-04 15:04:39.587 372 372 D WifiHWInfo: Entry [23], BUS: SDIO, ID: 0x00000000, Name: uwe5621.
06-04 15:04:39.587 372 372 D WifiHWInfo: Entry [24], BUS: SDIO, ID: 0x54490145, Name: aic8800.
06-04 15:04:39.587 372 372 D WifiHWInfo: Entry [25], BUS: SDIO, ID: 0xC8A1C08D, Name: aic8800.
06-04 15:04:39.587 372 372 D WifiHWInfo: Entry [26], BUS: USB, ID: 0xA69C8800, Name: aic8800.
06-04 15:04:39.587 372 372 D WifiHWInfo: Entry [27], BUS: USB, ID: 0x007A8888, Name: atbm6023is.
06-04 15:04:39.587 372 372 D WifiHWInfo: Entry [28], BUS: SDIO, ID: 0x02E79086, Name: 9012p.
06-04 15:04:39.587 372 372 D WifiHWInfo: Entry [29], BUS: SDIO, ID: 0x007A6011, Name: atbm613x_wifi_sdio.
06-04 15:04:39.587 372 372 D WifiHWInfo: Entry [30], BUS: SDIO, ID: 0x024CC822, Name: 88x2cs.
06-04 15:04:39.587 372 372 D WifiHWInfo: Entry [31], BUS: SDIO, ID: 0x000018F0, Name: dummy.
06-04 15:04:39.588 372 372 D HWINFO : ********** Wireless information **********
06-04 15:04:39.588 372 372 D HWINFO : module vendor: sprd
06-04 15:04:39.588 372 372 D HWINFO : module name : uwe5621
06-04 15:04:39.588 372 372 D HWINFO : wifi hal name: libwifi-hal-sprd.so
06-04 15:04:39.588 372 372 D HWINFO : libbt-vendor : libbt-sprd.so
06-04 15:04:39.588 372 372 D HWINFO : is bt support: 1
06-04 15:04:39.588 372 372 D HWINFO : ******************************************
06-04 15:04:39.589 257 288 E ion : ioctl c0044901 failed with code -1: Inappropriate ioctl for device
06-04 15:04:39.590 257 288 I gralloc : alloc buffer:W:1 H:1 S:16 PL[1 1] SZ:64 fmt:1 if:0 af:1 usg:300 fg:00000004
06-04 15:04:39.591 182 182 I hwservicemanager: Since vendor.display.config@1.0::IDisplayConfig/default is not registered, trying to start it as a lazy HAL.
06-04 15:04:39.591 267 267 I HidlServiceManagement: getService: Trying again for vendor.display.config@1.0::IDisplayConfig/default...
06-04 15:04:39.597 285 285 E ion : ioctl c0044901 failed with code -1: Inappropriate ioctl for device
06-04 15:04:39.619 365 365 I HidlServiceManagement: Registered android.system.wifi.keystore@1.0::IKeystore/default
06-04 15:04:39.621 285 285 I RenderEngine: OpenGL ES informations:
06-04 15:04:39.624 285 285 I RenderEngine: vendor : ARM
06-04 15:04:39.628 285 285 I RenderEngine: renderer : Mali-G31
06-04 15:04:39.632 285 285 I RenderEngine: version : OpenGL ES 3.2 v1.r20p0-01rel0.9f6475d0baffb05079096179e1278b1d
06-04 15:04:39.632 285 285 I RenderEngine: extensions: GL_EXT_debug_marker GL_ARM_rgba8 GL_ARM_mali_shader_binary GL_OES_depth24 GL_OES_depth_texture GL_OES_depth_texture_cube_map GL_OES_packed_depth_stencil GL_OES_rgb8_rgba8 GL_EXT_read_format_bgra GL_OES_compressed_paletted_texture GL_OES_compressed_ETC1_RGB8_texture GL_OES_standard_derivatives GL_OES_EGL_image GL_OES_EGL_image_external GL_OES_EGL_image_external_essl3 GL_OES_EGL_sync GL_OES_texture_npot GL_OES_vertex_half_float GL_OES_required_internalformat GL_OES_vertex_array_object GL_OES_mapbuffer GL_EXT_texture_format_BGRA8888 GL_EXT_texture_rg GL_EXT_texture_type_2_10_10_10_REV GL_OES_fbo_render_mipmap GL_OES_element_index_uint GL_EXT_shadow_samplers GL_OES_texture_compression_astc GL_KHR_texture_compression_astc_ldr GL_KHR_texture_compression_astc_hdr GL_KHR_texture_compression_astc_sliced_3d GL_EXT_texture_compression_astc_decode_mode GL_EXT_texture_compression_astc_decode_mode_rgb9e5 GL_KHR_debug GL_EXT_occlusion_query_boolean GL_EXT_disjoint_timer_query GL_EXT_blend_minmax GL_EXT_discard_
06-04 15:04:39.632 285 285 I RenderEngine: GL_MAX_TEXTURE_SIZE = 8192
06-04 15:04:39.632 285 285 I RenderEngine: GL_MAX_VIEWPORT_DIMS = 8192
06-04 15:04:39.633 285 285 W libprocessgroup: Failed to open /dev/cpuset/system-background/tasks: Permission denied: Permission denied
06-04 15:04:39.633 285 285 W libprocessgroup: Failed to apply SFMainPolicy task profile: Permission denied
06-04 15:04:39.650 182 182 I hwservicemanager: getTransport: Cannot find entry android.hardware.graphics.mapper@4.0::IMapper/default in either framework or device VINTF manifest.
06-04 15:04:39.650 258 291 I ComposerResources: failed to get mapper 4.0 service, falling back to mapper 3.0
06-04 15:04:39.648 1 1 I init : type=1400 audit(0.0:274): avc: denied { add_name } for name="panic" scontext=u:r:init:s0 tcontext=u:object_r:sysfs:s0 tclass=dir permissive=1
06-04 15:04:39.667 182 182 I hwservicemanager: getTransport: Cannot find entry android.hardware.graphics.mapper@3.0::IMapper/default in either framework or device VINTF manifest.
06-04 15:04:39.670 258 291 I ComposerResources: failed to get mapper 3.0 service, falling back to mapper 2.0
06-04 15:04:39.683 258 291 E gralloc : Arm Module v1.0
06-04 15:04:39.686 258 291 I sunxihwc: createDeviceFactory: IDeviceFactory from hardware/aw/display/hwc-hal/disp2/HomletDeviceFactory.cpp
06-04 15:04:39.686 258 291 I sunxihwc: Device name: raven
06-04 15:04:39.692 258 291 D sunxihwc: Device config file: /vendor/etc/dispconfigs/homlet-default.json
06-04 15:04:39.692 182 377 W libc : Unable to set property "ctl.interface_start" to "vendor.display.config@1.0::IDisplayConfig/default": error code: 0x20
06-04 15:04:39.693 182 377 I hwservicemanager: Tried to start vendor.display.config@1.0::IDisplayConfig/default as a lazy service, but was unable to. Usually this happens when a service is not installed, but if the service is intended to be used as a lazy service, then it may be configured incorrectly.
06-04 15:04:39.694 258 291 D sunxihwc: Parse 'Display0' config
06-04 15:04:39.694 258 291 D sunxihwc: Parse 'Display1' config
06-04 15:04:39.696 258 291 I HidlServiceManagement: Registered vendor.display.config@1.0::IDisplayConfig/default
06-04 15:04:39.697 258 291 D android.hardware.graphics.composer@2.2-service: IDisplayConfig register: ok
06-04 15:04:39.697 258 291 I sunxihwc: initialize: DisplayConfigService init: ok
06-04 15:04:39.697 258 291 D sunxihwc: setHotplugState: mbHotplug = 1
06-04 15:04:39.697 258 291 E sunxihwc: notifyDeviceChanged: DeviceChangedListener not register yet!
06-04 15:04:39.697 258 291 I sunxihwc: setVendorInterface: register IVendorInterface: 0xf571b310
06-04 15:04:39.697 258 291 D sunxihwc: HAL device config file: /vendor/etc/dispconfigs/homlet-default.json
06-04 15:04:39.697 258 291 D sunxihwc: Displays (2 entries)
06-04 15:04:39.697 258 291 D sunxihwc: + Display{id=0, framebuffer=1920x1080(override=1), dpi=160x160}
06-04 15:04:39.697 258 291 D sunxihwc: DisplayEnginePortId=0
06-04 15:04:39.697 258 291 D sunxihwc: InterfaceType=HDMI
06-04 15:04:39.697 258 291 D sunxihwc: DefaultOutputMode=0
06-04 15:04:39.697 258 291 D sunxihwc: HotplugSupported=0
06-04 15:04:39.697 258 291 D sunxihwc: AfbcSupported=0
06-04 15:04:39.697 258 291 D sunxihwc: HardwareRotateSupported=0
06-04 15:04:39.697 258 291 D sunxihwc: BandwidthLimited=338800 Bytes per frame
06-04 15:04:39.697 258 291 D sunxihwc: + Display{id=1, framebuffer=1920x1080(override=1), dpi=160x160}
06-04 15:04:39.697 258 291 D sunxihwc: DisplayEnginePortId=1
06-04 15:04:39.697 258 291 D sunxihwc: InterfaceType=CVBS
06-04 15:04:39.697 258 291 D sunxihwc: DefaultOutputMode=0
06-04 15:04:39.697 258 291 D sunxihwc: HotplugSupported=0
06-04 15:04:39.697 258 291 D sunxihwc: AfbcSupported=0
06-04 15:04:39.697 258 291 D sunxihwc: HardwareRotateSupported=0
06-04 15:04:39.697 258 291 D sunxihwc: BandwidthLimited=338800 Bytes per frame
06-04 15:04:39.697 258 291 W sunxihwc: bringupDevices: display.1 was off, request type 2, try to bringup it!
06-04 15:04:39.697 258 291 I sunxihwc: scanConnectedDevice: wait for device connect
06-04 15:04:39.704 165 165 I sunxi-rfkill soc@3000000: rfkill: set block: 1
06-04 15:04:39.704 165 165 I sunxi-rfkill soc@3000000: rfkill: bt power off success
06-04 15:04:39.703 258 384 W displayd: xxxxxxx: threadedStartup begin
06-04 15:04:39.704 182 182 I hw-BpHwBinder: onLastStrongRef automatically unlinking death recipients
06-04 15:04:39.705 267 267 I display.output-service: platform is homlet
06-04 15:04:39.706 181 181 I servicemanager: Found vendor.display.output.IDisplayOutputManager/default in device VINTF manifest.
06-04 15:04:39.707 258 384 I sunxihwc: Device name: raven
06-04 15:04:39.708 258 384 D sunxihwc: Device config file: /vendor/etc/dispconfigs/homlet-default.json
06-04 15:04:39.710 244 244 D zygote : Time zone APEX ICU file found: /apex/com.android.tzdata/etc/icu/icu_tzdata.dat
06-04 15:04:39.713 244 244 D zygote : I18n APEX ICU file found: /apex/com.android.i18n/etc/icu/icudt68l.dat
06-04 15:04:39.713 258 384 D sunxihwc: Parse 'Display0' config
06-04 15:04:39.713 258 384 D sunxihwc: Parse 'Display1' config
06-04 15:04:39.713 258 384 W displayd: xxxxxxx: HAL device config file: /vendor/etc/dispconfigs/homlet-default.json
06-04 15:04:39.713 258 384 W displayd: Displays (2 entries)
06-04 15:04:39.713 258 384 W displayd: + Display{id=0, framebuffer=1920x1080(override=1), dpi=160x160}
06-04 15:04:39.713 258 384 W displayd: DisplayEnginePortId=0
06-04 15:04:39.713 258 384 W displayd: InterfaceType=HDMI
06-04 15:04:39.713 258 384 W displayd: DefaultOutputMode=0
06-04 15:04:39.713 258 384 W displayd: HotplugSupported=0
06-04 15:04:39.713 258 384 W displayd: AfbcSupported=0
06-04 15:04:39.713 258 384 W displayd: HardwareRotateSupported=0
06-04 15:04:39.713 258 384 W displayd: BandwidthLimited=338800 Bytes per frame
06-04 15:04:39.713 258 384 W displayd: + Display{id=1, framebuffer=1920x1080(override=1), dpi=160x160}
06-04 15:04:39.713 258 384 W displayd: DisplayEnginePortId=1
06-04 15:04:39.713 258 384 W displayd: InterfaceType=CVBS
06-04 15:04:39.713 258 384 W displayd: DefaultOutputMode=0
06-04 15:04:39.713 258 384 W displayd: HotplugSupported=0
06-04 15:04:39.713 258 384 W displayd: AfbcSupported=0
06-04 15:04:39.713 258 384 W displayd: HardwareRotateSupported=0
06-04 15:04:39.713 258 384 W displayd: BandwidthLimited=338800 Bytes per frame
06-04 15:04:39.712 258 258 I MQ-Thread: type=1400 audit(0.0:275): avc: denied { read } for name="u:object_r:system_prop:s0" dev="tmpfs" ino=2945 scontext=u:r:hal_graphics_composer_default:s0 tcontext=u:object_r:system_prop:s0 tclass=file permissive=1
06-04 15:04:39.712 258 258 I MQ-Thread: type=1400 audit(0.0:276): avc: denied { open } for path="/dev/__properties__/u:object_r:system_prop:s0" dev="tmpfs" ino=2945 scontext=u:r:hal_graphics_composer_default:s0 tcontext=u:object_r:system_prop:s0 tclass=file permissive=1
06-04 15:04:39.712 258 258 I MQ-Thread: type=1400 audit(0.0:277): avc: denied { getattr } for path="/dev/__properties__/u:object_r:system_prop:s0" dev="tmpfs" ino=2945 scontext=u:r:hal_graphics_composer_default:s0 tcontext=u:object_r:system_prop:s0 tclass=file permissive=1
06-04 15:04:39.712 258 258 I MQ-Thread: type=1400 audit(0.0:278): avc: denied { map } for path="/dev/__properties__/u:object_r:system_prop:s0" dev="tmpfs" ino=2945 scontext=u:r:hal_graphics_composer_default:s0 tcontext=u:object_r:system_prop:s0 tclass=file permissive=1
06-04 15:04:39.714 258 384 W displayd: xxxxxxx: display output policy: dual
06-04 15:04:39.715 258 384 W displayd: xxxxxxx: Display.0 output type: 4
06-04 15:04:39.715 258 384 W displayd: xxxxxxx: Display.1 output type: 2
06-04 15:04:39.715 258 384 W displayd: xxxxxxx: createDevice: type=4 on port 0
06-04 15:04:39.712 258 258 I MQ-Thread: type=1400 audit(0.0:279): avc: denied { read } for name="u:object_r:default_prop:s0" dev="tmpfs" ino=2818 scontext=u:r:hal_graphics_composer_default:s0 tcontext=u:object_r:default_prop:s0 tclass=file permissive=1
06-04 15:04:39.716 258 258 I MQ-Thread: type=1400 audit(0.0:280): avc: denied { open } for path="/dev/__properties__/u:object_r:default_prop:s0" dev="tmpfs" ino=2818 scontext=u:r:hal_graphics_composer_default:s0 tcontext=u:object_r:default_prop:s0 tclass=file permissive=1
06-04 15:04:39.716 258 258 I MQ-Thread: type=1400 audit(0.0:281): avc: denied { getattr } for path="/dev/__properties__/u:object_r:default_prop:s0" dev="tmpfs" ino=2818 scontext=u:r:hal_graphics_composer_default:s0 tcontext=u:object_r:default_prop:s0 tclass=file permissive=1
06-04 15:04:39.716 258 258 I MQ-Thread: type=1400 audit(0.0:282): avc: denied { map } for path="/dev/__properties__/u:object_r:default_prop:s0" dev="tmpfs" ino=2818 scontext=u:r:hal_graphics_composer_default:s0 tcontext=u:object_r:default_prop:s0 tclass=file permissive=1
06-04 15:04:39.717 258 384 W displayd: xxxxxxx: Device hdmi init
06-04 15:04:39.717 258 384 W displayd: xxxxxxx: createDevice: type=2 on port 1
06-04 15:04:39.717 258 384 W displayd: xxxxxxx: Device cvbs init
06-04 15:04:39.717 258 384 W displayd: xxxxxxx: Initizlize display device mapping
06-04 15:04:39.717 258 384 D displayd: xxxxxxx: updateConnectState: type=-1 connected=-1
06-04 15:04:39.716 258 258 I MQ-Thread: type=1400 audit(0.0:283): avc: denied { getattr } for path="/sys/devices/platform/soc@3000000/6520000.tv0/extcon/extcon1/state" dev="sysfs" ino=19386 scontext=u:r:hal_graphics_composer_default:s0 tcontext=u:object_r:sysfs:s0 tclass=file permissive=1
06-04 15:04:39.718 258 384 W displayd: xxxxxxx: platformGetDeviceConnectStatePath:
06-04 15:04:39.718 258 384 W displayd: hdmi: /sys/class/extcon/extcon0/state
06-04 15:04:39.718 258 384 W displayd: cvbs: /sys/class/extcon/extcon1/state
06-04 15:04:39.718 258 384 D displayd: xxxxxxx: updated: type=2 connected=0
06-04 15:04:39.719 258 383 I sunxihwc: threadLoop: EventThread start
06-04 15:04:39.719 258 384 D displayd: xxxxxxx: updated: type=4 connected=1
06-04 15:04:39.719 258 384 W displayd: xxxxxxx: setupDefaultOutput: hdmi user strategy: 255
06-04 15:04:39.720 258 384 W edid : Parse block0:
06-04 15:04:39.724 258 384 W edid : Extension block count: 1
06-04 15:04:39.724 258 384 W edid : Parse CEA extension block (version: 3)
06-04 15:04:39.724 258 384 W edid : CEA data length: 49 bytes
06-04 15:04:39.724 258 384 E edid : parseCeaDataBlocks:unhandled EXTENDED_TAG code0
06-04 15:04:39.724 1 1 I /system/bin/init: type=1107 audit(0.0:284): uid=0 auid=4294967295 ses=4294967295 subj=u:r:init:s0 msg='avc: denied { set } for property=vendor.sys.tv_vdid_fex pid=258 uid=1000 gid=1003 scontext=u:r:hal_graphics_composer_default:s0 tcontext=u:object_r:vendor_default_prop:s0 tclass=property_service permissive=1'
06-04 15:04:39.726 258 384 W displayd: xxxxxxx: performDefaultConfig dirty=0
06-04 15:04:39.726 258 384 W displayd: xxxxxxx: Old config: type[4] mode[10] pixelformat[1] bits[0] eotf[4] colorspace[257]
06-04 15:04:39.726 258 384 W displayd: xxxxxxx: New config: type[4] mode[10] pixelformat[1] bits[0] eotf[4] colorspace[257]
06-04 15:04:39.726 258 384 I sunxihwc: switchDevice: display[1]: type=2 mode=0 enable=0
06-04 15:04:39.726 258 384 I sunxihwc: switchDevice: display[0]: type=4 mode=10 enable=1
06-04 15:04:39.726 258 384 D sunxihwc: setHotplugState: mbHotplug = 1
06-04 15:04:39.726 258 384 I sunxihwc: createSyncTimeline: DisplayEngine Frequency: 696000000 Hz
06-04 15:04:39.726 258 384 I sunxihwc: setup: timeline0 create
06-04 15:04:39.727 258 384 E sunxihwc: readFromFile: Could not open '/sys/firmware/devicetree/base/dram/dram_clk', No such file or directory(2)
06-04 15:04:39.727 258 384 E sunxihwc: readFromFile: Could not open '/sys/firmware/devicetree/base/dram/dram_mr1', No such file or directory(2)
06-04 15:04:39.727 258 384 E sunxihwc: readFromFile: Could not open '/sys/firmware/devicetree/base/dram/dram_type', No such file or directory(2)
06-04 15:04:39.727 258 384 I sunxihwc: getDramInfoFromDeviceTree: draminfo: freq 0 MHz, bus width 32 bits, type 0
06-04 15:04:39.727 258 384 I sunxihwc: computeEffectiveBandwidth: dram effective bandwidth: 0 MBytes
06-04 15:04:39.727 258 384 E sunxihwc: calculateBandwidthLimitation: getDramFrequency return error(0), fallback to default bandwidth config
06-04 15:04:39.727 258 384 I sunxihwc: setup: Bandwidth limitation: 49152000 Bytes per frame
06-04 15:04:39.727 258 384 I sunxihwc: setDisplaydCb: get mDisplaydCb =0x0x696c4372
06-04 15:04:39.728 258 384 I sunxihwc: updateConnectedDevices: display[0] connected=1 type=4 device=0xf566f00c
06-04 15:04:39.728 258 384 I sunxihwc: updateConnectedDevices: display[1] connected=0 type=2 device=0x0
06-04 15:04:39.728 258 384 D sunxihwc: enqueueEvent: enqueueEvent: event 1
06-04 15:04:39.728 258 291 D sunxihwc: enqueueEvent: enqueueEvent: event 1
06-04 15:04:39.728 258 291 I sunxihwc: waitForHotplugIssued: Wait for display connect
06-04 15:04:39.728 258 384 I sunxihwc: setMargin: display[0]: margin 100 100 100 100
06-04 15:04:39.728 258 384 W displayd: xxxxxxx: Turen on display(0), margin(100,100,100,100)
06-04 15:04:39.728 258 384 W displayd: xxxxxxx: Current device mapping:
06-04 15:04:39.728 258 384 W displayd: + display [1]: enable=0 type=2 mode=0
06-04 15:04:39.728 258 384 W displayd: + display [0]: enable=1 type=4 mode=10
06-04 15:04:39.728 258 384 I sunxihwc: registerCallback: registerCallback mEventCallback =0x0
06-04 15:04:39.728 258 383 W sunxihwc: deviceChangedEventProcess: Display.0 (hdmi0) connect
06-04 15:04:39.728 258 383 I sunxihwc: onHotplugReceived: display(0) connect state[1]
06-04 15:04:39.728 258 383 I sunxihwc: onHotplugReceived: display size: 0 display.0 0 display.1 0 display.0 0
06-04 15:04:39.728 258 384 I sunxihwc: setDisplaydCb: get mDisplaydCb =0x0xf5755370
06-04 15:04:39.728 258 383 W sunxihwc: onHotplugReceived: display(0) is 0xf562a010
06-04 15:04:39.728 258 383 D sunxihwc: setDisplays: display =0xf562a010
06-04 15:04:39.728 258 383 D sunxihwc: setDisplays: display size=1
06-04 15:04:39.729 258 383 D sunxihwc: setHotplugState: mbHotplug = 0
06-04 15:04:39.729 258 383 D sunxihwc: setHotplugState: mbHotplug = 0
06-04 15:04:39.729 285 285 I SurfaceFlinger: onComposerHalHotplug(0, connected)
06-04 15:04:39.729 285 285 I HWComposer: Switching to legacy multi-display mode
06-04 15:04:39.730 285 285 E HWComposer: getAttribute: getDisplayAttribute failed for display 0: BadConfig (1)
06-04 15:04:39.730 285 285 E HWComposer: getDisplayConnectionType: getDisplayConnectionType failed for display 0: Unsupported (8)
06-04 15:04:39.731 285 389 W EventThread: Ignoring VSYNC request while display is disconnected
06-04 15:04:39.732 285 389 W EventThread: Ignoring VSYNC request while display is disconnected
06-04 15:04:39.732 285 390 W EventThread: Ignoring VSYNC request while display is disconnected
06-04 15:04:39.732 285 390 W EventThread: Ignoring VSYNC request while display is disconnected
