06-04 15:04:51.670 1196 1196 D wpa_supplicant: nl80211: Skip set_supp_port(unauthorized) while not associated
06-04 15:04:51.670 1196 1196 D wpa_supplicant: EAPOL: KEY_RX entering state NO_KEY_RECEIVE
06-04 15:04:51.670 1196 1196 D wpa_supplicant: EAPOL: SUPP_BE entering state INITIALIZE
06-04 15:04:51.670 1196 1196 D wpa_supplicant: EAP: EAP entering state DISABLED
06-04 15:04:51.670 1196 1196 D wpa_supplicant: Using existing control interface directory.
06-04 15:04:51.671 1196 1196 D wpa_supplicant: P2P: Add operating class 81
06-04 15:04:51.671 1196 1196 D wpa_supplicant: P2P: Channels - hexdump(len=13): 01 02 03 04 05 06 07 08 09 0a 0b 0c 0d
06-04 15:04:51.671 1196 1196 D wpa_supplicant: P2P: Add operating class 115
06-04 15:04:51.671 1196 1196 D wpa_supplicant: P2P: Channels - hexdump(len=4): 24 28 2c 30
06-04 15:04:51.671 1196 1196 D wpa_supplicant: P2P: Add operating class 116
06-04 15:04:51.671 1196 1196 D wpa_supplicant: P2P: Channels - hexdump(len=2): 24 2c
06-04 15:04:51.671 1196 1196 D wpa_supplicant: P2P: Add operating class 117
06-04 15:04:51.671 1196 1196 D wpa_supplicant: P2P: Channels - hexdump(len=2): 28 30
06-04 15:04:51.671 1196 1196 D wpa_supplicant: P2P: Add operating class 124
06-04 15:04:51.671 1196 1196 D wpa_supplicant: P2P: Channels - hexdump(len=4): 95 99 9d a1
06-04 15:04:51.671 1196 1196 D wpa_supplicant: P2P: Add operating class 125
06-04 15:04:51.671 1196 1196 D wpa_supplicant: P2P: Channels - hexdump(len=5): 95 99 9d a1 a5
06-04 15:04:51.671 1196 1196 D wpa_supplicant: P2P: Add operating class 126
06-04 15:04:51.671 1196 1196 D wpa_supplicant: P2P: Channels - hexdump(len=2): 95 9d
06-04 15:04:51.671 1196 1196 D wpa_supplicant: P2P: Add operating class 127
06-04 15:04:51.671 1196 1196 D wpa_supplicant: P2P: Channels - hexdump(len=2): 99 a1
06-04 15:04:51.671 1196 1196 D wpa_supplicant: P2P: Add operating class 128
06-04 15:04:51.671 1196 1196 D wpa_supplicant: P2P: Channels - hexdump(len=8): 24 28 2c 30 95 99 9d a1
06-04 15:04:51.671 1196 1196 D wpa_supplicant: P2P: Add operating class 130
06-04 15:04:51.671 1196 1196 D wpa_supplicant: P2P: Channels - hexdump(len=9): 24 28 2c 30 95 99 9d a1 a5
06-04 15:04:51.671 1196 1196 D wpa_supplicant: P2P: Own listen channel: 81:11
06-04 15:04:51.672 1196 1196 D wpa_supplicant: P2P: Random operating channel: 81:1
06-04 15:04:51.672 1196 1196 D wpa_supplicant: P2P: initialized
06-04 15:04:51.674 1190 1190 D bbb : onCreate()
06-04 15:04:51.676 1196 1196 D wpa_supplicant: P2P: channels: 81:1,2,3,4,5,6,7,8,9,10,11,12,13 115:36,40,44,48 116:36,44 117:40,48 124:149,153,157,161 125:149,153,157,161,165 126:149,157 127:153,161 128:36,40,44,48,149,153,157,161 130:36,40,44,48,149,153,157,161,165
06-04 15:04:51.677 1190 1190 D CompatibilityChangeReporter: Compat change id reported: 160794467; UID 1000; state: ENABLED
06-04 15:04:51.677 1196 1196 D wpa_supplicant: P2P: cli_channels:
06-04 15:04:51.677 1196 1196 D wpa_supplicant: MBO: Update non-preferred channels, non_pref_chan=N/A
06-04 15:04:51.677 1196 1196 D wpa_supplicant: Registering interface to hidl control: p2p-dev-wlan0
06-04 15:04:51.677 1196 1196 D wpa_supplicant: p2p-dev-wlan0: Added interface p2p-dev-wlan0
06-04 15:04:51.677 1196 1196 D wpa_supplicant: p2p-dev-wlan0: State: INACTIVE -> DISCONNECTED
06-04 15:04:51.677 1196 1196 D wpa_supplicant: nl80211: Set p2p-dev-wlan0 operstate 0->0 (DORMANT)
06-04 15:04:51.677 1196 1196 D wpa_supplicant: netlink: Operstate: ifindex=0 linkmode=-1 (no change), operstate=5 (IF_OPER_DORMANT)
06-04 15:04:51.677 1196 1196 D wpa_supplicant: p2p-dev-wlan0: Determining shared radio frequencies (max len 2)
06-04 15:04:51.677 1196 1196 D wpa_supplicant: p2p-dev-wlan0: Shared frequencies (len=0): completed iteration
06-04 15:04:51.677 1196 1196 D wpa_supplicant: P2P: Add operating class 81
06-04 15:04:51.677 1196 1196 D wpa_supplicant: P2P: Channels - hexdump(len=13): 01 02 03 04 05 06 07 08 09 0a 0b 0c 0d
06-04 15:04:51.677 1196 1196 D wpa_supplicant: P2P: Add operating class 115
06-04 15:04:51.677 1196 1196 D wpa_supplicant: P2P: Channels - hexdump(len=4): 24 28 2c 30
06-04 15:04:51.677 1196 1196 D wpa_supplicant: P2P: Add operating class 116
06-04 15:04:51.677 1196 1196 D wpa_supplicant: P2P: Channels - hexdump(len=2): 24 2c
06-04 15:04:51.677 1196 1196 D wpa_supplicant: P2P: Add operating class 117
06-04 15:04:51.677 1196 1196 D wpa_supplicant: P2P: Channels - hexdump(len=2): 28 30
06-04 15:04:51.677 1196 1196 D wpa_supplicant: P2P: Add operating class 124
06-04 15:04:51.677 1196 1196 D wpa_supplicant: P2P: Channels - hexdump(len=4): 95 99 9d a1
06-04 15:04:51.677 1196 1196 D wpa_supplicant: P2P: Add operating class 125
06-04 15:04:51.677 1196 1196 D wpa_supplicant: P2P: Channels - hexdump(len=5): 95 99 9d a1 a5
06-04 15:04:51.677 1196 1196 D wpa_supplicant: P2P: Add operating class 126
06-04 15:04:51.677 1196 1196 D wpa_supplicant: P2P: Channels - hexdump(len=2): 95 9d
06-04 15:04:51.677 1196 1196 D wpa_supplicant: P2P: Add operating class 127
06-04 15:04:51.677 1196 1196 D wpa_supplicant: P2P: Channels - hexdump(len=2): 99 a1
06-04 15:04:51.677 1196 1196 D wpa_supplicant: P2P: Add operating class 128
06-04 15:04:51.677 1196 1196 D wpa_supplicant: P2P: Channels - hexdump(len=8): 24 28 2c 30 95 99 9d a1
06-04 15:04:51.677 1196 1196 D wpa_supplicant: P2P: Add operating class 130
06-04 15:04:51.677 1196 1196 D wpa_supplicant: P2P: Channels - hexdump(len=9): 24 28 2c 30 95 99 9d a1 a5
06-04 15:04:51.677 1196 1196 D wpa_supplicant: P2P: Update channel list
06-04 15:04:51.677 1196 1196 D wpa_supplicant: P2P: channels: 81:1,2,3,4,5,6,7,8,9,10,11,12,13 115:36,40,44,48 116:36,44 117:40,48 124:149,153,157,161 125:149,153,157,161,165 126:149,157 127:153,161 128:36,40,44,48,149,153,157,161 130:36,40,44,48,149,153,157,161,165
06-04 15:04:51.677 1196 1196 D wpa_supplicant: P2P: cli_channels:
06-04 15:04:51.678 476 805 D CompatibilityChangeReporter: Compat change id reported: 135634846; UID 10016; state: DISABLED
06-04 15:04:51.678 1196 1196 D wpa_supplicant: RTM_NEWLINK: ifi_index=14 ifname=wlan0 operstate=5 linkmode=0 ifi_family=0 ifi_flags=0x11003 ([UP][LOWER_UP])
06-04 15:04:51.678 1196 1196 D wpa_supplicant: RTM_NEWLINK: ifi_index=14 ifname=wlan0 operstate=5 linkmode=1 ifi_family=0 ifi_flags=0x11003 ([UP][LOWER_UP])
06-04 15:04:51.678 476 805 D CompatibilityChangeReporter: Compat change id reported: 177438394; UID 10016; state: DISABLED
06-04 15:04:51.678 476 805 D CompatibilityChangeReporter: Compat change id reported: 135772972; UID 10016; state: DISABLED
06-04 15:04:51.678 476 805 D CompatibilityChangeReporter: Compat change id reported: 135754954; UID 10016; state: ENABLED
06-04 15:04:51.686 244 244 D Zygote : Forked child process 1225
06-04 15:04:51.687 666 666 D CompatibilityChangeReporter: Compat change id reported: 150939131; UID 1002; state: ENABLED
06-04 15:04:51.687 666 666 D AdapterProperties: onBluetoothReady, state=TURNING_ON, ScanMode=20
06-04 15:04:51.689 666 1222 I bluetooth: system/bt/btif/src/btif_sock_l2cap.cc:316 btsock_l2cap_alloc_l: Allocated l2cap socket structure socket_id:1
06-04 15:04:51.690 666 978 I bt_l2cap: system/bt/stack/l2cap/l2c_api.cc:134 L2CA_Register: L2CAP Registered service classic PSM: 0x1001
06-04 15:04:51.690 666 978 I bluetooth: system/bt/btif/src/btif_sock_l2cap.cc:341 send_app_psm_or_chan_l: Sending l2cap socket socket_id:1 channel:4097
06-04 15:04:51.691 666 1222 D BluetoothAdapter: listenUsingL2capOn: set assigned channel to 4097
06-04 15:04:51.691 666 1222 D ObexServerSockets: Succeed to create listening sockets
06-04 15:04:51.691 666 1222 D ObexServerSockets0: startAccept()
06-04 15:04:51.692 476 539 W ActivityManager: Slow operation: 56ms so far, now at startProcess: returned from zygote!
06-04 15:04:51.693 666 1222 D BluetoothSdpJni: sdpCreatePbapPseRecordNative
06-04 15:04:51.694 666 1222 D BluetoothSdpJni: SDP Create record success - handle: 0
06-04 15:04:51.694 666 1222 D BluetoothPbapService: created Sdp record, mSdpHandle=0
06-04 15:04:51.694 666 978 I bt_bta_dm: system/bt/bta/dm/bta_dm_act.cc:3198 bta_dm_eir_update_uuid: EIR Adding UUID=0x112F into extended inquiry response
06-04 15:04:51.694 666 978 I bt_bta_dm: system/bt/bta/dm/bta_dm_act.cc:2897 bta_dm_set_eir: Generating extended inquiry response packet EIR
06-04 15:04:51.695 674 674 V SystemUIService: BOOT_COMPLETED received
06-04 15:04:51.711 476 539 W ActivityManager: Slow operation: 74ms so far, now at startProcess: done updating battery stats
06-04 15:04:51.711 476 539 W ActivityManager: Slow operation: 75ms so far, now at startProcess: building log message
06-04 15:04:51.711 476 539 I ActivityManager: app.processName = com.android.music
06-04 15:04:51.711 476 539 I ActivityManager: Start proc 1225:com.android.music/u0a43 for service {com.android.music/com.android.music.MediaPlaybackService}
06-04 15:04:51.711 476 539 W ActivityManager: Slow operation: 75ms so far, now at startProcess: starting to update pids map
06-04 15:04:51.712 1190 1190 D bbb : onStartCommand begin !!!!!!! data分区剩余 24982MB
06-04 15:04:51.714 476 539 W ActivityManager: Slow operation: 77ms so far, now at startProcess: done updating pids map
06-04 15:04:51.714 666 1227 D ObexServerSockets0: Accepting socket connection...
06-04 15:04:51.716 666 666 D BluetoothAdapterService: updateUuids() - Updating UUIDs for bonded devices
06-04 15:04:51.717 674 674 D SystemUIBootTiming: SystemUIService: bootcomplete com.android.systemui.util.NotificationChannels took 0 ms
06-04 15:04:51.717 674 674 D SystemUIService: loading: com.android.systemui.volume.VolumeUI
06-04 15:04:51.718 476 751 D CompatibilityChangeReporter: Compat change id reported: 135634846; UID 10030; state: DISABLED
06-04 15:04:51.719 666 1226 D ObexServerSockets0: Accepting socket connection...
06-04 15:04:51.719 476 539 D CompatibilityChangeReporter: Compat change id reported: 143937733; UID 10016; state: ENABLED
06-04 15:04:51.724 666 666 I BluetoothAdapterService: initProfileServices: Initializing all bluetooth profile services
06-04 15:04:51.725 476 812 D CompatibilityChangeReporter: Compat change id reported: 171306433; UID 1000; state: ENABLED
06-04 15:04:51.726 1225 1225 I Zygote : seccomp disabled by setenforce 0
06-04 15:04:51.727 666 859 D AdapterProperties: Scan Mode:21
06-04 15:04:51.728 666 859 D AdapterProperties: Discoverable Timeout:120
06-04 15:04:51.738 1080 1080 E hq : USBReceiver:::USBReceiver onReceive: list=1
06-04 15:04:51.743 666 666 I BluetoothA2dpSinkServiceJni: classInitNative: succeeds
06-04 15:04:51.753 1080 1194 D hq : NetWorkStateReceiver:::检查网络,并且持续更新 isConnect=false
06-04 15:04:51.758 666 666 W HeadsetClientService: getHeadsetClientService(): service is null
06-04 15:04:51.758 666 666 W MapClientService: getMapClientService(): service is null
06-04 15:04:51.758 666 666 W PbapClientService: getPbapClientService(): service is null
06-04 15:04:51.758 666 666 W HearingAidService: getHearingAidService(): service is NULL
06-04 15:04:51.759 666 666 W SapService: getSapService(): service is null
06-04 15:04:51.759 1080 1080 E DispatcherManager: publishMode=DBBOX-A2 piDispatcher=com.dangbei.launcher.dispatcher.function.BOXAXDispatcher@47d9672
06-04 15:04:51.761 403 413 I adbd : jdwp connection from 1225
06-04 15:04:51.762 1080 1080 I hq : 当前的服务模式是,serviceMode=0
06-04 15:04:51.766 244 244 D Zygote : Forked child process 1245
06-04 15:04:51.767 666 859 D AdapterProperties: mLocalIOCapability set to 1
06-04 15:04:51.767 666 859 D AdapterProperties: mLocalIOCapabilityBLE set to 4
06-04 15:04:51.767 476 539 W ActivityManager: Slow operation: 90ms so far, now at startProcess: returned from zygote!
06-04 15:04:51.768 476 539 W ActivityManager: Slow operation: 91ms so far, now at startProcess: done updating battery stats
06-04 15:04:51.768 476 539 W ActivityManager: Slow operation: 91ms so far, now at startProcess: building log message
06-04 15:04:51.768 476 539 I ActivityManager: app.processName = android.process.acore
06-04 15:04:51.768 476 539 I ActivityManager: Start proc 1245:android.process.acore/u0a16 for content provider {com.android.providers.contacts/com.android.providers.contacts.ContactsProvider2}
06-04 15:04:51.769 476 539 W ActivityManager: Slow operation: 91ms so far, now at startProcess: starting to update pids map
06-04 15:04:51.769 476 539 W ActivityManager: Slow operation: 91ms so far, now at startProcess: done updating pids map
06-04 15:04:51.769 476 539 W ActivityManager: Slow operation: 53ms so far, now at startProcess: asking zygote to start proc
06-04 15:04:51.769 476 539 D CompatibilityChangeReporter: Compat change id reported: 143937733; UID 10030; state: DISABLED
06-04 15:04:51.775 666 815 I AdapterState: ON : entered
06-04 15:04:51.775 666 815 D AdapterProperties: Setting state to ON
06-04 15:04:51.776 666 815 D BluetoothAdapterService: updateAdapterState() - Broadcasting state ON to 1 receivers.
06-04 15:04:51.777 476 520 D BluetoothManagerService: MESSAGE_BLUETOOTH_STATE_CHANGE: TURNING_ON > ON
06-04 15:04:51.777 476 520 D BluetoothManagerService: Broadcasting onBluetoothStateChange(true) to 4 receivers.
06-04 15:04:51.777 476 520 D BluetoothHeadset: onBluetoothStateChange: up=true
06-04 15:04:51.777 476 520 D BluetoothManagerService: Creating new ProfileServiceConnections object for profile: 1
06-04 15:04:51.791 1245 1245 I Zygote : seccomp disabled by setenforce 0
06-04 15:04:51.795 476 751 D CompatibilityChangeReporter: Compat change id reported: 168419799; UID 10043; state: DISABLED
06-04 15:04:51.796 476 520 D BluetoothManagerService: Sending BLE State Change: TURNING_ON > ON
06-04 15:04:51.799 244 244 D Zygote : Forked child process 1247
06-04 15:04:51.802 476 539 W ActivityManager: Slow operation: 85ms so far, now at startProcess: returned from zygote!
06-04 15:04:51.800 326 326 I rainbow_flow: type=1400 audit(0.0:406): avc: denied { ioctl } for path="/dev/spidev1.0" dev="tmpfs" ino=6194 ioctlcmd=0x6b00 scontext=u:r:init:s0 tcontext=u:object_r:device:s0 tclass=chr_file permissive=1
06-04 15:04:51.814 1247 1247 I Zygote : seccomp disabled by setenforce 0
06-04 15:04:51.815 403 413 I adbd : jdwp connection from 1245
06-04 15:04:51.816 674 674 I vol.Events: writeEvent collection_started
06-04 15:04:51.840 476 539 W ActivityManager: Slow operation: 124ms so far, now at startProcess: done updating battery stats
06-04 15:04:51.841 476 539 W ActivityManager: Slow operation: 124ms so far, now at startProcess: building log message
06-04 15:04:51.841 476 539 I ActivityManager: app.processName = com.dangbei.screencast
06-04 15:04:51.841 476 539 I ActivityManager: Start proc 1247:com.dangbei.screencast/u0a30 for broadcast {com.dangbei.screencast/com.dangbei.screencast.usb.UsbEventBroadcastReceiver}
06-04 15:04:51.841 476 539 W ActivityManager: Slow operation: 124ms so far, now at startProcess: starting to update pids map
06-04 15:04:51.841 476 539 W ActivityManager: Slow operation: 125ms so far, now at startProcess: done updating pids map
06-04 15:04:51.852 476 520 D BluetoothManagerService: Sending State Change: TURNING_ON > ON
06-04 15:04:51.854 476 608 D SupplicantStaIfaceHal: Newer HAL is found, skip V1_3 remaining init flow.
06-04 15:04:51.855 476 608 D SupplicantStaIfaceHal: Newer HAL is found, skip V1_2 remaining init flow.
06-04 15:04:51.855 476 608 D SupplicantStaIfaceHal: Newer HAL is found, skip V1_1 remaining init flow.
06-04 15:04:51.855 476 608 D SupplicantStaIfaceHal: Newer HAL is found, skip V1_0 remaining init flow.
06-04 15:04:51.856 1225 1225 D CompatibilityChangeReporter: Compat change id reported: 171979766; UID 10043; state: DISABLED
06-04 15:04:51.859 403 413 I adbd : jdwp connection from 1247
06-04 15:04:51.873 476 751 D CompatibilityChangeReporter: Compat change id reported: 168419799; UID 10016; state: DISABLED
06-04 15:04:51.883 476 520 W IorapForwardingService: No service published for: iorapd
06-04 15:04:51.890 654 654 E WifiHAL : wifi_get_logger_supported_feature_set: Error -5 happened.
06-04 15:04:51.893 654 654 I ieee80211 phy0: sprdwl_vendor_get_support_feature
06-04 15:04:51.900 1080 1080 E hq : 检查user:::switchDao id=-1
06-04 15:04:51.901 1225 1225 D ApplicationLoaders: Returning zygote-cached class loader: /system/framework/android.test.base.jar
06-04 15:04:51.902 654 654 E WifiHAL : wifi_get_logger_supported_feature_set: Error -5 happened.
06-04 15:04:51.905 654 654 I ieee80211 phy0: sprdwl_vendor_get_support_feature
06-04 15:04:51.923 476 751 W ActivityManager: Slow operation: 56ms so far, now at attachApplicationLocked: after updateOomAdjLocked
06-04 15:04:51.926 476 476 D BluetoothHeadset: Proxy object connected
06-04 15:04:51.929 666 869 D BluetoothActiveDeviceManager: handleMessage(MESSAGE_ADAPTER_ACTION_STATE_CHANGED): newState=12
06-04 15:04:51.933 476 805 D CompatibilityChangeReporter: Compat change id reported: 168419799; UID 10030; state: DISABLED
06-04 15:04:51.937 1245 1245 D CompatibilityChangeReporter: Compat change id reported: 171979766; UID 10016; state: ENABLED
06-04 15:04:51.937 476 626 I AS.BtHelper: setBtScoActiveDevice: (null) -> (null)
06-04 15:04:51.941 1196 1196 D wpa_supplicant: Driver capability mask: 0xd
06-04 15:04:51.958 476 608 I WifiNative: Successfully switched to connectivity mode on iface=Iface:{Name=wlan0,Id=0,Type=STA_CONNECTIVITY}
06-04 15:04:51.958 476 608 D WifiClientModeManager[wlan0]: entering ConnectModeState, starting ClientModeImpl
06-04 15:04:51.962 1247 1247 D CompatibilityChangeReporter: Compat change id reported: 171979766; UID 10030; state: DISABLED
06-04 15:04:51.960 262 262 I EventThread: type=1400 audit(0.0:407): avc: denied { search } for name="extcon" dev="sysfs" ino=18109 scontext=u:r:hal_tv_cec_default:s0 tcontext=u:object_r:sysfs_extcon:s0 tclass=dir permissive=1
06-04 15:04:51.981 666 666 I BluetoothPhonePolicy: Received ACTION_UUID for device E4:BB:D3:57:C0:7D
06-04 15:04:51.981 666 666 I BluetoothPhonePolicy: index=0uuid=00001812-0000-1000-8000-00805f9b34fb
06-04 15:04:51.981 666 666 I BluetoothPhonePolicy: processInitProfilePriorities() - device E4:BB:D3:57:C0:7D
06-04 15:04:51.982 666 666 W HearingAidService: getHearingAidService(): service is NULL
06-04 15:04:51.982 666 666 V BluetoothDatabase: getProfileConnectionPolicy: E4:BB:D3:57:C0:7D, profile=4, connectionPolicy = 100
06-04 15:04:51.982 666 666 D BluetoothAdapterService: isQuetModeEnabled() - Enabled = false
06-04 15:04:51.982 666 666 I BluetoothPhonePolicy: autoConnect: Initiate auto connection on BT on...
06-04 15:04:51.982 666 666 D BluetoothDatabase: getMostRecentlyConnectedA2dpDevice: Invalid address for device LocalStorage
06-04 15:04:51.982 666 666 E BluetoothPhonePolicy: autoConnect: most recently active a2dp device is null
06-04 15:04:51.983 666 666 D BtOppService: start Socket Listeners
06-04 15:04:51.983 666 666 D BtOppService: stopListeners: mServerSocket is null
06-04 15:04:51.983 666 666 D ObexServerSockets: create(rfcomm = -2, l2capPsm = -2)
06-04 15:04:51.983 1247 1247 D ApplicationLoaders: Returning zygote-cached class loader: /system/framework/android.test.base.jar
06-04 15:04:51.983 1247 1247 D ApplicationLoaders: Returning zygote-cached class loader: /system/framework/android.hidl.manager-V1.0-java.jar
06-04 15:04:51.983 1247 1247 D ApplicationLoaders: Returning zygote-cached class loader: /system/framework/android.hidl.base-V1.0-java.jar
06-04 15:04:51.989 666 666 I bt_btif_sock_rfcomm: system/bt/btif/src/btif_sock_rfc.cc:303 btsock_rfc_listen: Adding listening socket service_name: (null) - channel: -2
06-04 15:04:51.990 666 978 I bt_stack: [INFO:port_api.cc(234)] RFCOMM_CreateConnection: bd_addr=ff:ff:ff:ff:ff:ff, scn=5, is_server=1, mtu=990, uuid=000000, dlci=10, signal_state=0x0b, p_port=0xc7e2de1c
06-04 15:04:51.991 666 666 D BluetoothAdapter: listenUsingInsecureL2capOn: port=-2
06-04 15:04:51.999 666 666 I bluetooth: system/bt/btif/src/btif_sock_l2cap.cc:316 btsock_l2cap_alloc_l: Allocated l2cap socket structure socket_id:2
06-04 15:04:52.000 666 978 I bt_l2cap: system/bt/stack/l2cap/l2c_api.cc:134 L2CA_Register: L2CAP Registered service classic PSM: 0x1003
06-04 15:04:52.000 666 978 I bluetooth: system/bt/btif/src/btif_sock_l2cap.cc:341 send_app_psm_or_chan_l: Sending l2cap socket socket_id:2 channel:4099
06-04 15:04:52.002 666 666 D BluetoothAdapter: listenUsingInsecureL2capOn: set assigned channel to 4099
06-04 15:04:52.002 666 666 D ObexServerSockets: Succeed to create listening sockets
06-04 15:04:52.002 666 666 D ObexServerSockets1: startAccept()
06-04 15:04:52.003 666 666 D BluetoothSdpJni: sdpCreateOppOpsRecordNative
06-04 15:04:52.004 666 666 D BluetoothSdpJni: SDP Create record success - handle: 1
06-04 15:04:52.004 666 666 D BtOppService: mOppSdpHandle :1
06-04 15:04:52.004 666 978 I bt_bta_dm: system/bt/bta/dm/bta_dm_act.cc:3198 bta_dm_eir_update_uuid: EIR Adding UUID=0x1105 into extended inquiry response
06-04 15:04:52.004 666 978 I bt_bta_dm: system/bt/bta/dm/bta_dm_act.cc:2897 bta_dm_set_eir: Generating extended inquiry response packet EIR
06-04 15:04:52.006 666 1285 D ObexServerSockets1: Accepting socket connection...
06-04 15:04:52.014 666 1284 D ObexServerSockets1: Accepting socket connection...
06-04 15:04:52.022 1021 1287 W ContextImpl: Calling a method in the system process without a qualified user: android.app.ContextImpl.bindService:1895 android.content.ContextWrapper.bindService:810 com.dangbei.lerad.etna.lib.client.EtnaClient.bindServer:138 com.dangbei.lerad.etna.lib.client.EtnaClient.access$600:29 com.dangbei.lerad.etna.lib.client.EtnaClient$3.call:205
06-04 15:04:52.022 1080 1080 E hq : 检查user:::更新前的信息: null
06-04 15:04:52.022 1080 1080 E hq : 更新后的信息: Users{userId=-1, nickName='游客', avatarUrl='null', wxToken='null', vip='null', mobile='null', sex=null, description='null', city='null', province='null', country='null', launcherMode=null, token='null', token='null'}
06-04 15:04:52.038 1080 1080 D AdHelper: ad server environment is official? false
06-04 15:04:52.039 1080 1080 D AdHelper: ad server environment is official? false
06-04 15:04:52.039 1080 1080 D AdHelper: ad server environment is official? false
06-04 15:04:52.039 1080 1080 D AdHelper: ad server environment is official? false
06-04 15:04:52.048 674 879 D LocalBluetoothProfileManager: Adding local A2DP profile
06-04 15:04:52.054 1080 1080 D AdHelper: AdHelper init: end
06-04 15:04:52.061 1046 1137 V MediaStore: Examining volume emulated;0 with name external_primary and state mounted
06-04 15:04:52.067 1080 1080 E xxxxxxxxxxxxxxx: onConfigurationChanged2===>{1.0 ?mcc?mnc [zh_CN] ldltr sw720dp w1280dp h696dp 240dpi xlrg long land television -touch qwerty/v/v dpad/v winConfig={ mBounds=Rect(0, 0 - 1920, 1080) mAppBounds=Rect(0, 0 - 1920, 1080) mMaxBounds=Rect(0, 0 - 1920, 1080) mWindowingMode=fullscreen mDisplayWindowingMode=fullscreen mActivityType=undefined mAlwaysOnTop=undefined mRotation=ROTATION_0} s.6 fontWeightAdjustment=0}
06-04 15:04:52.069 674 879 D BluetoothA2dp: Binding service...
06-04 15:04:52.074 1080 1080 E memInfo.totalMem: memInfo.totalMem=2055442432 1073741824
06-04 15:04:52.072 1291 1291 W audit : audit_lost=18 audit_rate_limit=5 audit_backlog_limit=64
06-04 15:04:52.072 1291 1291 E audit : rate limit exceeded
06-04 15:04:52.064 1080 1080 I nd.statics.boot: type=1400 audit(0.0:408): avc: denied { read } for name="u:object_r:serialno_prop:s0" dev="tmpfs" ino=2929 scontext=u:r:system_app:s0 tcontext=u:object_r:serialno_prop:s0 tclass=file permissive=1
06-04 15:04:52.064 1080 1080 I nd.statics.boot: type=1400 audit(0.0:409): avc: denied { open } for path="/dev/__properties__/u:object_r:serialno_prop:s0" dev="tmpfs" ino=2929 scontext=u:r:system_app:s0 tcontext=u:object_r:serialno_prop:s0 tclass=file permissive=1
06-04 15:04:52.068 1080 1080 I nd.statics.boot: type=1400 audit(0.0:410): avc: denied { getattr } for path="/dev/__properties__/u:object_r:serialno_prop:s0" dev="tmpfs" ino=2929 scontext=u:r:system_app:s0 tcontext=u:object_r:serialno_prop:s0 tclass=file permissive=1
06-04 15:04:52.105 1080 1291 D getEthernetMacAddr: getEthernetMacAddr use eth0
06-04 15:04:52.118 674 879 D LocalBluetoothProfileManager: Adding local HEADSET profile
06-04 15:04:52.117 1225 1225 V GraphicsEnvironment: ANGLE Developer option for 'com.android.music' set to: 'default'
06-04 15:04:52.119 1225 1225 V GraphicsEnvironment: Neither updatable production driver nor prerelease driver is supported.
06-04 15:04:52.122 476 608 D WifiScoreReport: setShouldReduceNetworkScore=false mNetworkAgent is null? true
06-04 15:04:52.123 476 608 V WifiClientModeManager[wlan0]: ClientModeManager started in role: Role: ROLE_CLIENT_PRIMARY, RequestorWs: WorkSource{10061 com.android.systemui}, ModeListener: com.android.server.wifi.ActiveModeWarden$ClientListener@6156b47
06-04 15:04:52.131 1225 1225 D NetworkSecurityConfig: No Network Security Config specified, using platform default
06-04 15:04:52.134 1225 1225 D NetworkSecurityConfig: No Network Security Config specified, using platform default
06-04 15:04:52.151 674 879 D LocalBluetoothProfileManager: Adding local MAP profile
06-04 15:04:52.152 674 879 D BluetoothMap: Create BluetoothMap proxy object
06-04 15:04:52.162 476 612 I WifiScanningService: Received a request to enable scanning, UID = 1000
06-04 15:04:52.166 476 602 I StorageSessionController: Notifying volume state changed for session with id: emulated;0
06-04 15:04:52.169 476 608 D WifiScanRequestProxy: Sending scan available broadcast: true
06-04 15:04:52.169 1245 1245 V GraphicsEnvironment: ANGLE Developer option for 'com.android.providers.contacts' set to: 'default'
06-04 15:04:52.170 1245 1245 V GraphicsEnvironment: Neither updatable production driver nor prerelease driver is supported.
06-04 15:04:52.175 674 879 D BluetoothMap: Binding service...
06-04 15:04:52.176 1245 1245 D NetworkSecurityConfig: No Network Security Config specified, using platform default
06-04 15:04:52.177 1245 1245 D NetworkSecurityConfig: No Network Security Config specified, using platform default
06-04 15:04:52.177 476 608 I WifiScanRequestProxy: Scanning is enabled
06-04 15:04:52.177 476 608 I WifiScanRequestProxy: Scanning for hidden networks is enabled
06-04 15:04:52.188 674 879 D LocalBluetoothProfileManager: Adding local OPP profile
06-04 15:04:52.189 674 879 D LocalBluetoothProfileManager: Adding local HID_HOST profile
06-04 15:04:52.195 1080 1278 I WebViewFactory: Loading com.android.webview version 91.0.4472.114 (code 447211450)
06-04 15:04:52.199 674 879 D BluetoothHidHost: Binding service...
06-04 15:04:52.204 1080 1080 D OsInitLaunch: send cache: homeCreate, null, null, null
06-04 15:04:52.213 476 612 I WifiScanningService: Created a new impl for wlan0
06-04 15:04:52.216 1225 1225 D music_MediaPlaybackSer: onCreate()
06-04 15:04:52.217 1225 1225 D music_MediaPlaybackSer: Create MusicProvider
06-04 15:04:52.217 476 608 E WifiVendorHal: setMultiStaUseCase(l.3286) failed {.code = ERROR_NOT_SUPPORTED, .description = }
06-04 15:04:52.217 1046 1137 I ExternalStorageServiceImpl: Ignoring volume state for vol:external_primary. State: checking
06-04 15:04:52.217 1225 1225 D music_MediaPlaybackSer: Create MediaSession
06-04 15:04:52.228 476 608 E WifiVendorHal: setMultiStaPrimaryConnection(l.3252) failed {.code = ERROR_NOT_SUPPORTED, .description = }
06-04 15:04:52.229 674 696 D BluetoothHeadset: Proxy object connected
06-04 15:04:52.237 674 879 D LocalBluetoothProfileManager: Adding local HID_DEVICE profile
06-04 15:04:52.239 476 612 E WifiBackgroundScanStateMachine: invalid max buckets in scan capabilities 0
06-04 15:04:52.245 674 879 D BluetoothHidDevice: Binding service...
06-04 15:04:52.257 476 608 D WifiConnectivityHelper: Firmware supported feature set: d8108a881003d
06-04 15:04:52.257 666 666 V MediaPlayerList: onActiveSessionsChanged: number of controllers: 0
06-04 15:04:52.261 476 608 D WifiConnectivityHelper: Firmware roaming supported with capabilities: max num blocklist bssid=0 max num allowlist ssid=0
06-04 15:04:52.274 674 879 D LocalBluetoothProfileManager: Adding local PAN profile
06-04 15:04:52.282 654 654 E WifiHAL : wifi_get_link_stats: requestResponse Error:-5
06-04 15:04:52.283 1080 1278 D nativeloader: classloader namespace configured for unbundled product apk. library_path=/product/app/webview/lib/arm:/product/app/webview/webview.apk!/lib/armeabi-v7a:/product/lib:/system/product/lib
06-04 15:04:52.292 476 608 E WifiVendorHal: getWifiLinkLayerStats_1_5_Internal(l.1191) failed {.code = ERROR_INVALID_ARGS, .description = }
06-04 15:04:52.299 476 608 D WifiCountryCode: evaluateAllCmmStateAndApplyIfAllReady: {ConcreteClientModeManager{id=17639 iface=wlan0 role=ROLE_CLIENT_PRIMARY}=true}
06-04 15:04:52.302 1247 1247 V GraphicsEnvironment: ANGLE Developer option for 'com.dangbei.screencast' set to: 'default'
06-04 15:04:52.302 1247 1247 V GraphicsEnvironment: Neither updatable production driver nor prerelease driver is supported.
06-04 15:04:52.306 476 608 D WifiCountryCode: Reading country code from telephony
06-04 15:04:52.309 674 879 D BluetoothPan: Binding service...
06-04 15:04:52.318 1247 1247 D NetworkSecurityConfig: Using Network Security Config from resource network_security_config debugBuild: false
06-04 15:04:52.263 1046 1137 V MediaStore: Examining volume emulated;0 with name external_primary and state mounted
06-04 15:04:52.320 1225 1225 D CompatibilityChangeReporter: Compat change id reported: 160794467; UID 10043; state: DISABLED
06-04 15:04:52.324 476 608 D WifiCountryCode: Set telephony country code to:
06-04 15:04:52.325 1225 1225 D music_MediaPlaybackSer: updatePlaybackState, playback state=0
06-04 15:04:52.327 476 608 D WifiCountryCode: updateCountryCode to CN
06-04 15:04:52.330 1196 1196 D WifiHWInfo: Start to load wireless module hardware info table...
06-04 15:04:52.331 1247 1247 D NetworkSecurityConfig: Using Network Security Config from resource network_security_config debugBuild: false
06-04 15:04:52.331 1196 1196 D WifiHWInfo: Entry [01], BUS: SDIO, ID: 0x024C8179, Name: rtl8189es.
06-04 15:04:52.331 1196 1196 D WifiHWInfo: Entry [02], BUS: SDIO, ID: 0x024CB723, Name: rtl8723bs_vq0.
06-04 15:04:52.331 1196 1196 D WifiHWInfo: Entry [03], BUS: SDIO, ID: 0x024CB703, Name: rtl8723cs.
06-04 15:04:52.331 1196 1196 D WifiHWInfo: Entry [04], BUS: SDIO, ID: 0x024CD723, Name: rtl8723ds.
06-04 15:04:52.331 1196 1196 D WifiHWInfo: Entry [05], BUS: SDIO, ID: 0x024CF179, Name: rtl8189fs.
06-04 15:04:52.331 1196 1196 D WifiHWInfo: Entry [06], BUS: SDIO, ID: 0x024CB822, Name: rtl88x2bs.
06-04 15:04:52.331 1196 1196 D WifiHWInfo: Entry [07], BUS: USB, ID: 0x0BDAD723, Name: rtl8723du.
06-04 15:04:52.331 1196 1196 D WifiHWInfo: Entry [08], BUS: USB, ID: 0x0BDA8179, Name: rtl8188etv.
06-04 15:04:52.331 1196 1196 D WifiHWInfo: Entry [09], BUS: USB, ID: 0x0BDA0179, Name: rtl8188eu.
06-04 15:04:52.331 1196 1196 D WifiHWInfo: Entry [10], BUS: USB, ID: 0x0BDA818B, Name: rtl8192eu.
06-04 15:04:52.331 1196 1196 D WifiHWInfo: Entry [11], BUS: USB, ID: 0x0BDAB720, Name: rtl8723bu.
06-04 15:04:52.331 1196 1196 D WifiHWInfo: Entry [12], BUS: USB, ID: 0x0BDAC82C, Name: rtl8822cu.
06-04 15:04:52.331 1196 1196 D WifiHWInfo: Entry [13], BUS: USB, ID: 0x0BDAF179, Name: rtl8188fu.
06-04 15:04:52.331 1196 1196 D WifiHWInfo: Entry [14], BUS: SDIO, ID: 0x02D0A9A6, Name: ap6212.
06-04 15:04:52.331 1196 1196 D WifiHWInfo: Entry [15], BUS: SDIO, ID: 0x02D04330, Name: ap6330.
06-04 15:04:52.331 1196 1196 D WifiHWInfo: Entry [16], BUS: SDIO, ID: 0x02D04356, Name: ap6356s.
06-04 15:04:52.331 1196 1196 D WifiHWInfo: Entry [17], BUS: SDIO, ID: 0x02D0A9BF, Name: ap6255.
06-04 15:04:52.331 1196 1196 D WifiHWInfo: Entry [18], BUS: SDIO, ID: 0x02D04334, Name: bcm43342.
06-04 15:04:52.331 1196 1196 D WifiHWInfo: Entry [19], BUS: SDIO, ID: 0x00202281, Name: xr819.
06-04 15:04:52.332 1196 1196 D WifiHWInfo: Entry [20], BUS: SDIO, ID: 0x0A9E2282, Name: xr829.
06-04 15:04:52.332 1196 1196 D WifiHWInfo: Entry [21], BUS: SDIO, ID: 0x0271050A, Name: qca6174a.
06-04 15:04:52.332 1196 1196 D WifiHWInfo: Entry [22], BUS: SDIO, ID: 0x30303030, Name: ssv6x5x.
06-04 15:04:52.332 1196 1196 D WifiHWInfo: Entry [23], BUS: SDIO, ID: 0x00000000, Name: uwe5621.
06-04 15:04:52.332 1196 1196 D WifiHWInfo: Entry [24], BUS: SDIO, ID: 0x54490145, Name: aic8800.
06-04 15:04:52.332 1196 1196 D WifiHWInfo: Entry [25], BUS: SDIO, ID: 0xC8A1C08D, Name: aic8800.
06-04 15:04:52.332 1196 1196 D WifiHWInfo: Entry [26], BUS: USB, ID: 0xA69C8800, Name: aic8800.
06-04 15:04:52.332 1196 1196 D WifiHWInfo: Entry [27], BUS: USB, ID: 0x007A8888, Name: atbm6023is.
06-04 15:04:52.332 1196 1196 D WifiHWInfo: Entry [28], BUS: SDIO, ID: 0x02E79086, Name: 9012p.
06-04 15:04:52.332 1196 1196 D WifiHWInfo: Entry [29], BUS: SDIO, ID: 0x007A6011, Name: atbm613x_wifi_sdio.
06-04 15:04:52.332 1196 1196 D WifiHWInfo: Entry [30], BUS: SDIO, ID: 0x024CC822, Name: 88x2cs.
06-04 15:04:52.332 1196 1196 D WifiHWInfo: Entry [31], BUS: SDIO, ID: 0x000018F0, Name: dummy.
06-04 15:04:52.332 1196 1196 W wpa_supplicant: check_initialed for nl80211, use sprd wpa_supplicant_8_lib.
06-04 15:04:52.332 1196 1196 W wpa_supplicant: check_initialed found wpa_supplicant_8_lib vendor implement for sprd.
06-04 15:04:52.332 1196 1196 D wpa_supplicant: wlan0: Event CHANNEL_LIST_CHANGED (27) received
06-04 15:04:52.332 1196 1196 I wpa_supplicant: wlan0: CTRL-EVENT-REGDOM-CHANGE init=USER type=COUNTRY alpha2=CN
06-04 15:04:52.332 1196 1196 D wpa_supplicant: p2p-dev-wlan0: Updating hw mode
06-04 15:04:52.333 1196 1196 D wpa_supplicant: nl80211: No channel number found for frequency 5920 MHz
06-04 15:04:52.334 1196 1196 D wpa_supplicant: nl80211: No channel number found for frequency 5940 MHz
06-04 15:04:52.334 1196 1196 D wpa_supplicant: nl80211: Regulatory information - country=CN (DFS-FCC)
06-04 15:04:52.334 1196 1196 D wpa_supplicant: nl80211: 2400-2483 @ 40 MHz 20 mBm
06-04 15:04:52.334 1196 1196 D wpa_supplicant: nl80211: 5150-5350 @ 80 MHz 20 mBm (DFS)
06-04 15:04:52.334 1196 1196 D wpa_supplicant: nl80211: 5725-5850 @ 80 MHz 33 mBm
06-04 15:04:52.334 1196 1196 D wpa_supplicant: nl80211: 57240-59400 @ 2160 MHz 28 mBm
06-04 15:04:52.334 1196 1196 D wpa_supplicant: nl80211: 59400-63720 @ 2160 MHz 44 mBm
06-04 15:04:52.334 1196 1196 D wpa_supplicant: nl80211: 63720-65880 @ 2160 MHz 28 mBm
06-04 15:04:52.334 1196 1196 D wpa_supplicant: nl80211: Added 802.11b mode based on 802.11g information
06-04 15:04:52.334 1196 1196 D wpa_supplicant: nl80211: Mode IEEE 802.11g: 2412 2417 2422 2427 2432 2437 2442 2447 2452 2457 2462 2467 2472 2484[DISABLED]
06-04 15:04:52.335 1196 1196 D wpa_supplicant: nl80211: Mode IEEE 802.11a: 5170[DISABLED] 5180 5200 5220 5240 5260[RADAR] 5280[RADAR] 5300[RADAR] 5320[RADAR] 5500[DISABLED][RADAR] 5520[DISABLED][RADAR] 5540[DISABLED][RADAR] 5560[DISABLED][RADAR] 5580[DISABLED][RADAR]
06-04 15:04:52.335 1196 1196 D wpa_supplicant: nl80211: Mode IEEE 802.11b: 2412 2417 2422 2427 2432 2437 2442 2447 2452 2457 2462 2467 2472 2484[DISABLED]
06-04 15:04:52.335 1196 1196 D wpa_supplicant: wlan0: Updating hw mode
06-04 15:04:52.337 1196 1196 D wpa_supplicant: nl80211: No channel number found for frequency 5920 MHz
06-04 15:04:52.337 1196 1196 D wpa_supplicant: nl80211: No channel number found for frequency 5940 MHz
06-04 15:04:52.341 1196 1196 D wpa_supplicant: nl80211: Regulatory information - country=CN (DFS-FCC)
06-04 15:04:52.341 1196 1196 D wpa_supplicant: nl80211: 2400-2483 @ 40 MHz 20 mBm
06-04 15:04:52.341 1196 1196 D wpa_supplicant: nl80211: 5150-5350 @ 80 MHz 20 mBm (DFS)
06-04 15:04:52.341 1196 1196 D wpa_supplicant: nl80211: 5725-5850 @ 80 MHz 33 mBm
06-04 15:04:52.341 1196 1196 D wpa_supplicant: nl80211: 57240-59400 @ 2160 MHz 28 mBm
06-04 15:04:52.341 1196 1196 D wpa_supplicant: nl80211: 59400-63720 @ 2160 MHz 44 mBm
06-04 15:04:52.341 1196 1196 D wpa_supplicant: nl80211: 63720-65880 @ 2160 MHz 28 mBm
06-04 15:04:52.341 1196 1196 D wpa_supplicant: nl80211: Added 802.11b mode based on 802.11g information
06-04 15:04:52.341 1196 1196 D wpa_supplicant: nl80211: Mode IEEE 802.11g: 2412 2417 2422 2427 2432 2437 2442 2447 2452 2457 2462 2467 2472 2484[DISABLED]
06-04 15:04:52.341 1196 1196 D wpa_supplicant: nl80211: Mode IEEE 802.11a: 5170[DISABLED] 5180 5200 5220 5240 5260[RADAR] 5280[RADAR] 5300[RADAR] 5320[RADAR] 5500[DISABLED][RADAR] 5520[DISABLED][RADAR] 5540[DISABLED][RADAR] 5560[DISABLED][RADAR] 5580[DISABLED][RADAR]
06-04 15:04:52.341 1196 1196 D wpa_supplicant: nl80211: Mode IEEE 802.11b: 2412 2417 2422 2427 2432 2437 2442 2447 2452 2457 2462 2467 2472 2484[DISABLED]
06-04 15:04:52.342 1196 1196 D wpa_supplicant: wlan0: Determining shared radio frequencies (max len 2)
06-04 15:04:52.342 1196 1196 D wpa_supplicant: wlan0: Shared frequencies (len=0): completed iteration
06-04 15:04:52.342 1196 1196 D wpa_supplicant: P2P: Add operating class 81
06-04 15:04:52.342 1196 1196 D wpa_supplicant: P2P: Channels - hexdump(len=13): 01 02 03 04 05 06 07 08 09 0a 0b 0c 0d
06-04 15:04:52.342 1196 1196 D wpa_supplicant: P2P: Add operating class 115
06-04 15:04:52.342 1196 1196 D wpa_supplicant: P2P: Channels - hexdump(len=4): 24 28 2c 30
06-04 15:04:52.342 1196 1196 D wpa_supplicant: P2P: Add operating class 116
06-04 15:04:52.342 1196 1196 D wpa_supplicant: P2P: Channels - hexdump(len=2): 24 2c
06-04 15:04:52.342 1196 1196 D wpa_supplicant: P2P: Add operating class 117
06-04 15:04:52.342 1196 1196 D wpa_supplicant: P2P: Channels - hexdump(len=2): 28 30
06-04 15:04:52.342 1196 1196 D wpa_supplicant: P2P: Add operating class 124
06-04 15:04:52.342 1196 1196 D wpa_supplicant: P2P: Channels - hexdump(len=4): 95 99 9d a1
06-04 15:04:52.342 1196 1196 D wpa_supplicant: P2P: Add operating class 125
06-04 15:04:52.342 1196 1196 D wpa_supplicant: P2P: Channels - hexdump(len=5): 95 99 9d a1 a5
06-04 15:04:52.342 1196 1196 D wpa_supplicant: P2P: Add operating class 126
06-04 15:04:52.342 1196 1196 D wpa_supplicant: P2P: Channels - hexdump(len=2): 95 9d
06-04 15:04:52.342 1196 1196 D wpa_supplicant: P2P: Add operating class 127
06-04 15:04:52.342 1196 1196 D wpa_supplicant: P2P: Channels - hexdump(len=2): 99 a1
06-04 15:04:52.342 1196 1196 D wpa_supplicant: P2P: Add operating class 128
06-04 15:04:52.342 1196 1196 D wpa_supplicant: P2P: Channels - hexdump(len=8): 24 28 2c 30 95 99 9d a1
06-04 15:04:52.342 1196 1196 D wpa_supplicant: P2P: Add operating class 130
06-04 15:04:52.342 1196 1196 D wpa_supplicant: P2P: Channels - hexdump(len=9): 24 28 2c 30 95 99 9d a1 a5
06-04 15:04:52.342 1196 1196 D wpa_supplicant: P2P: Update channel list
06-04 15:04:52.343 1196 1196 D wpa_supplicant: P2P: channels: 81:1,2,3,4,5,6,7,8,9,10,11,12,13 115:36,40,44,48 116:36,44 117:40,48 124:149,153,157,161 125:149,153,157,161,165 126:149,157 127:153,161 128:36,40,44,48,149,153,157,161 130:36,40,44,48,149,153,157,161,165
06-04 15:04:52.343 1196 1196 D wpa_supplicant: P2P: cli_channels:
06-04 15:04:52.343 1196 1196 D wpa_supplicant: sprd_wpa_driver_nl80211_driver_cmd COUNTRY CN len = 0, 10
06-04 15:04:52.344 476 608 D WifiNative: onSetCountryCodeSucceeded: CN
06-04 15:04:52.344 476 608 I WifiCountryCode: Receive onSetCountryCodeSucceeded CN
06-04 15:04:52.348 476 608 D WakeupController: onWifiEnabled()
06-04 15:04:52.351 476 608 W WifiClientModeImpl: No cached packet filter to apply
06-04 15:04:52.359 476 476 D WifiP2pService: Wifi enabled=true
06-04 15:04:52.360 1225 1225 D music_MusicApp: add mount callback: com.android.music.MediaPlaybackService@800dc5f
06-04 15:04:52.365 476 608 D WifiClientModeImpl[wlan0]: entering ConnectableState: ifaceName = wlan0
06-04 15:04:52.369 1196 1196 D wpa_supplicant: sprd_wpa_driver_nl80211_driver_cmd SETSUSPENDMODE 1 len = 0, 16
06-04 15:04:52.373 1225 1225 D music_MediaPlaybackSer: OnGetRoot: clientPackageName=com.android.bluetooth; clientUid=1002 ; rootHints=null
06-04 15:04:52.378 386 386 W hdr10p_Configure: 312 callbacks suppressed
06-04 15:04:52.378 386 386 I : DVI mode selected: packets not configured
06-04 15:04:52.378 386 386 W set_vsif_config: 312 callbacks suppressed
06-04 15:04:52.375 666 666 I AvrcpBrowsedPlayerWrapper: onConnected: com.android.music is connected
06-04 15:04:52.378 386 386 I : Error: set vsif failed
06-04 15:04:52.378 386 386 I : DVI mode selected: packets not configured
06-04 15:04:52.378 386 386 I : Error: set vsif failed
06-04 15:04:52.378 386 386 I : DVI mode selected: packets not configured
06-04 15:04:52.378 386 386 I : Error: set vsif failed
06-04 15:04:52.375 666 666 D AvrcpBrowsablePlayerConnector: Browse player callback called: package=com.android.music : status=0
06-04 15:04:52.376 666 666 D AvrcpBrowsablePlayerConnector: Received a message: msg.what=1
06-04 15:04:52.377 666 666 I AvrcpBrowsablePlayerConnector: Checking root contents for com.android.music
06-04 15:04:52.383 1225 1225 D music_MediaPlaybackSer: onDestroy
06-04 15:04:52.383 1225 1225 D music_MusicApp: remove mount callback: com.android.music.MediaPlaybackService@800dc5f
06-04 15:04:52.383 1225 1225 D music_MediaPlaybackSer: handleStopRequest: mState=0 error=destroy
06-04 15:04:52.384 1225 1225 D music_MediaPlaybackSer: updatePlaybackState, playback state=1
06-04 15:04:52.386 1225 1225 D Playback: giveUpAudioFocus
06-04 15:04:52.386 1225 1225 D Playback: relaxResources. releaseMediaPlayer=true
06-04 15:04:52.404 1225 1225 D music_MediaPlaybackSer: updatePlaybackState, playback state=1
06-04 15:04:52.413 476 608 D WifiClientModeImpl[wlan0]: Start makeIpClient ifaceName = wlan0
06-04 15:04:52.415 1247 1247 I MultiDex: VM with version 2.1.0 has multidex support
06-04 15:04:52.415 1247 1247 I MultiDex: Installing application
06-04 15:04:52.415 1247 1247 I MultiDex: VM has multidex support, MultiDex support library is disabled.
06-04 15:04:52.416 666 666 V MediaPlayerList: onActiveSessionsChanged: number of controllers: 0
06-04 15:04:52.420 476 602 I StorageSessionController: Notifying volume state changed for session with id: emulated;0
06-04 15:04:52.425 674 879 D LocalBluetoothProfileManager: Adding local PBAP profile
06-04 15:04:52.429 386 386 I : DVI mode selected: packets not configured
06-04 15:04:52.429 386 386 I : Error: set vsif failed
06-04 15:04:52.429 386 386 I : DVI mode selected: packets not configured
06-04 15:04:52.429 386 386 I : Error: set vsif failed
06-04 15:04:52.429 386 386 I : DVI mode selected: packets not configured
06-04 15:04:52.429 386 386 I : Error: set vsif failed
06-04 15:04:52.430 1225 1225 D music_MediaPlaybackSer: onCreate()
06-04 15:04:52.432 379 379 E update_engine: [ERROR:update_attempter_android.cc(-1)] unknown(...): Domain=update_engine, Code=generic_error, Message=No ongoing update to cancel.
06-04 15:04:52.441 379 379 E update_engine: [ERROR:update_attempter_android.cc(90)] Replying with failure: pc:0x2a37a79: No ongoing update to cancel.
06-04 15:04:52.440 1225 1225 D music_MediaPlaybackSer: Create MusicProvider
06-04 15:04:52.447 1225 1225 D music_MediaPlaybackSer: Create MediaSession
06-04 15:04:52.455 1247 1247 E PartsInfoProvider: onCreate:
06-04 15:04:52.455 666 666 V MediaPlayerList: onActiveSessionsChanged: number of controllers: 0
06-04 15:04:52.457 1021 1021 E ccc : cccccc 故意做的cancel 捕获 No ongoing update to cancel.
06-04 15:04:52.457 1021 1021 W System.err: android.os.ServiceSpecificException: No ongoing update to cancel. (code 1)
06-04 15:04:52.463 476 812 W ActivityManager: Background start not allowed: service Intent { act=com.dangbei.screencast.STARTUP pkg=com.dangbei.screencast } to com.dangbei.screencast/.startup.StartupService from pid=1247 uid=10030 pkg=com.dangbei.screencast startFg?=false
06-04 15:04:52.465 1247 1247 W System.err: android.app.BackgroundServiceStartNotAllowedException: Not allowed to start service Intent { act=com.dangbei.screencast.STARTUP pkg=com.dangbei.screencast }: app is in background uid UidRecord{858932b u0a30 RCVR idle change:idle|uncached procs:0 seq(0,0,0)}
06-04 15:04:52.465 1021 1021 W System.err: at android.os.Parcel.createExceptionOrNull(Parcel.java:2439)
06-04 15:04:52.465 1021 1021 W System.err: at android.os.Parcel.createException(Parcel.java:2409)
06-04 15:04:52.465 1247 1247 W System.err: at android.app.ContextImpl.startServiceCommon(ContextImpl.java:1861)
06-04 15:04:52.465 1021 1021 W System.err: at android.os.Parcel.readException(Parcel.java:2392)
06-04 15:04:52.465 1247 1247 W System.err: at android.app.ContextImpl.startService(ContextImpl.java:1817)
06-04 15:04:52.465 1021 1021 W System.err: at android.os.Parcel.readException(Parcel.java:2334)
06-04 15:04:52.465 1247 1247 W System.err: at android.content.ContextWrapper.startService(ContextWrapper.java:774)
06-04 15:04:52.465 1247 1247 W System.err: at b.f.f.h.g.k.a(Unknown Source:20)
06-04 15:04:52.465 1021 1021 W System.err: at android.os.IUpdateEngine$Stub$Proxy.cancel(IUpdateEngine.java:480)
06-04 15:04:52.465 1247 1247 W System.err: at com.dangbei.screencast.provider.PartsInfoProvider.onCreate(:2)
06-04 15:04:52.465 1021 1021 W System.err: at android.os.UpdateEngine.cancel(UpdateEngine.java:381)
06-04 15:04:52.465 1247 1247 W System.err: at android.content.ContentProvider.attachInfo(ContentProvider.java:2404)
06-04 15:04:52.465 1021 1021 W System.err: at com.oranth.otalibrary.OTAManager.cancel(OTAManager.java:54)
06-04 15:04:52.465 1247 1247 W System.err: at android.content.ContentProvider.attachInfo(ContentProvider.java:2374)
06-04 15:04:52.465 1021 1021 W System.err: at com.dangbei.etna.update.ota.OtaUpdateHelper.cancelInstalling(OtaUpdateHelper.kt:134)
06-04 15:04:52.465 1021 1021 W System.err: at com.dangbei.etna.update.ota.OtaUpdateHelper.init(OtaUpdateHelper.kt:72)
06-04 15:04:52.465 1247 1247 W System.err: at android.app.ActivityThread.installProvider(ActivityThread.java:7437)
06-04 15:04:52.465 1021 1021 W System.err: at com.dangbei.etna.update.UpdateHelper.init(UpdateHelper.kt:60)
06-04 15:04:52.465 1247 1247 W System.err: at android.app.ActivityThread.installContentProviders(ActivityThread.java:6954)
06-04 15:04:52.465 1247 1247 W System.err: at android.app.ActivityThread.handleBindApplication(ActivityThread.java:6725)
06-04 15:04:52.465 1021 1021 W System.err: at com.dangbei.lerad.etna.haqu.EtnaApplication.init(EtnaApplication.kt:97)
06-04 15:04:52.465 1247 1247 W System.err: at android.app.ActivityThread.access$1500(ActivityThread.java:247)
06-04 15:04:52.465 1021 1021 W System.err: at com.dangbei.lerad.etna.haqu.EtnaApplication.onCreate(EtnaApplication.kt:59)
06-04 15:04:52.465 1247 1247 W System.err: at android.app.ActivityThread$H.handleMessage(ActivityThread.java:2053)
06-04 15:04:52.465 1247 1247 W System.err: at android.os.Handler.dispatchMessage(Handler.java:106)
06-04 15:04:52.465 1247 1247 W System.err: at android.os.Looper.loopOnce(Looper.java:201)
06-04 15:04:52.465 1247 1247 W System.err: at android.os.Looper.loop(Looper.java:288)
06-04 15:04:52.465 1247 1247 W System.err: at android.app.ActivityThread.main(ActivityThread.java:7854)
06-04 15:04:52.466 1247 1247 W System.err: at java.lang.reflect.Method.invoke(Native Method)
06-04 15:04:52.466 1247 1247 W System.err: at com.android.internal.os.RuntimeInit$MethodAndArgsCaller.run(RuntimeInit.java:548)
06-04 15:04:52.466 1247 1247 W System.err: at com.android.internal.os.ZygoteInit.main(ZygoteInit.java:1182)
06-04 15:04:52.470 1021 1021 W System.err: at android.app.Instrumentation.callApplicationOnCreate(Instrumentation.java:1211)
06-04 15:04:52.470 1021 1021 W System.err: at android.app.ActivityThread.handleBindApplication(ActivityThread.java:6740)
06-04 15:04:52.470 1021 1021 W System.err: at android.app.ActivityThread.access$1500(ActivityThread.java:247)
06-04 15:04:52.470 1021 1021 W System.err: at android.app.ActivityThread$H.handleMessage(ActivityThread.java:2053)
06-04 15:04:52.470 1021 1021 W System.err: at android.os.Handler.dispatchMessage(Handler.java:106)
06-04 15:04:52.470 1021 1021 W System.err: at android.os.Looper.loopOnce(Looper.java:201)
06-04 15:04:52.470 1021 1021 W System.err: at android.os.Looper.loop(Looper.java:288)
06-04 15:04:52.470 1021 1021 W System.err: at android.app.ActivityThread.main(ActivityThread.java:7854)
06-04 15:04:52.470 1021 1021 W System.err: at java.lang.reflect.Method.invoke(Native Method)
06-04 15:04:52.470 1021 1021 W System.err: at com.android.internal.os.RuntimeInit$MethodAndArgsCaller.run(RuntimeInit.java:548)
06-04 15:04:52.470 1021 1021 W System.err: at com.android.internal.os.ZygoteInit.main(ZygoteInit.java:1182)
06-04 15:04:52.473 379 379 I update_engine: [INFO:update_attempter_android.cc(365)] Attempting to reset state from UPDATE_STATUS_IDLE to UpdateStatus::IDLE
06-04 15:04:52.478 386 386 I : DVI mode selected: packets not configured
06-04 15:04:52.478 386 386 I : Error: set vsif failed
06-04 15:04:52.478 386 386 I : DVI mode selected: packets not configured
06-04 15:04:52.478 386 386 I : Error: set vsif failed
06-04 15:04:52.478 386 386 I : DVI mode selected: packets not configured
06-04 15:04:52.478 386 386 I : Error: set vsif failed
06-04 15:04:52.480 379 379 I update_engine: [INFO:update_attempter_android.cc(369)] Cleaning up reserved space for compressed APEX (if any)
06-04 15:04:52.482 379 379 I update_engine: [INFO:dynamic_partition_control_android.cc(1284)] ResetUpdate resetting update state and deleting snapshots.
06-04 15:04:52.489 476 813 W ActivityManager: Background start not allowed: service Intent { act=com.dangbei.screencast.STARTUP pkg=com.dangbei.screencast } to com.dangbei.screencast/.startup.StartupService from pid=1247 uid=10030 pkg=com.dangbei.screencast startFg?=false
06-04 15:04:52.490 1247 1247 W System.err: android.app.BackgroundServiceStartNotAllowedException: Not allowed to start service Intent { act=com.dangbei.screencast.STARTUP pkg=com.dangbei.screencast }: app is in background uid UidRecord{858932b u0a30 RCVR idle change:idle|uncached procs:0 seq(0,0,0)}
06-04 15:04:52.490 1247 1247 W System.err: at android.app.ContextImpl.startServiceCommon(ContextImpl.java:1861)
06-04 15:04:52.490 1247 1247 W System.err: at android.app.ContextImpl.startService(ContextImpl.java:1817)
