06-04 15:07:41.146 386 386 W hdr10p_Configure: 138 callbacks suppressed
06-04 15:07:41.146 386 386 I : DVI mode selected: packets not configured
06-04 15:07:41.146 386 386 W set_vsif_config: 138 callbacks suppressed
06-04 15:07:41.146 386 386 I : Error: set vsif failed
06-04 15:07:41.146 386 386 I : DVI mode selected: packets not configured
06-04 15:07:41.146 386 386 I : Error: set vsif failed
06-04 15:07:41.152 1080 1109 I OpenGLRenderer: Davey! duration=9223371847797ms; Flags=0, FrameTimelineVsyncId=5618, IntendedVsync=189053798493, Vsync=189053798493, InputEventId=0, HandleInputStart=189054675881, AnimationStart=189054684464, PerformTraversalsStart=189055144006, DrawStart=189062357964, FrameDeadline=189087131825, FrameInterval=189054662173, FrameStartTime=16666666, SyncQueued=189063126339, SyncStart=189067103298, IssueDrawCommandsStart=189068656714, SwapBuffers=189085756506, FrameCompleted=9223372036854775807, DequeueBufferDuration=69750, QueueBufferDuration=1143833, GpuCompleted=9223372036854775807, SwapBuffersCompleted=189088640548, DisplayPresentTime=0,
06-04 15:07:41.168 386 386 I : DVI mode selected: packets not configured
06-04 15:07:41.168 386 386 I : Error: set vsif failed
06-04 15:07:41.168 386 386 I : DVI mode selected: packets not configured
06-04 15:07:41.168 386 386 I : Error: set vsif failed
06-04 15:07:41.189 386 386 I : DVI mode selected: packets not configured
06-04 15:07:41.189 386 386 I : Error: set vsif failed
06-04 15:07:41.189 386 386 I : DVI mode selected: packets not configured
06-04 15:07:41.189 386 386 I : Error: set vsif failed
06-04 15:07:41.207 386 386 I : DVI mode selected: packets not configured
06-04 15:07:41.207 386 386 I : Error: set vsif failed
06-04 15:07:41.207 386 386 I : DVI mode selected: packets not configured
06-04 15:07:41.207 386 386 I : Error: set vsif failed
06-04 15:07:41.222 386 386 I : DVI mode selected: packets not configured
06-04 15:07:41.222 386 386 I : Error: set vsif failed
06-04 15:07:41.222 386 386 I : DVI mode selected: packets not configured
06-04 15:07:41.222 386 386 I : Error: set vsif failed
06-04 15:07:41.235 1080 1109 I OpenGLRenderer: Davey! duration=9223371847721ms; Flags=0, FrameTimelineVsyncId=5626, IntendedVsync=189120902956, Vsync=189120902956, InputEventId=0, HandleInputStart=189126859131, AnimationStart=189126864048, PerformTraversalsStart=189127168131, DrawStart=189128447131, FrameDeadline=189154236288, FrameInterval=189126844381, FrameStartTime=16666666, SyncQueued=189129084714, SyncStart=189141578506, IssueDrawCommandsStart=189143077006, SwapBuffers=189154872464, FrameCompleted=9223372036854775807, DequeueBufferDuration=1388250, QueueBufferDuration=2431375, GpuCompleted=9223372036854775807, SwapBuffersCompleted=189158412881, DisplayPresentTime=0,
06-04 15:07:41.252 1080 1109 I OpenGLRenderer: Davey! duration=9223371847702ms; Flags=0, FrameTimelineVsyncId=5628, IntendedVsync=189137573432, Vsync=189137573432, InputEventId=0, HandleInputStart=189143605881, AnimationStart=189143611006, PerformTraversalsStart=189143959131, DrawStart=189144257589, FrameDeadline=189170906764, FrameInterval=189143597214, FrameStartTime=16666666, SyncQueued=189144357589, SyncStart=189159004464, IssueDrawCommandsStart=189161197464, SwapBuffers=189171499048, FrameCompleted=9223372036854775807, DequeueBufferDuration=61792, QueueBufferDuration=2741000, GpuCompleted=9223372036854775807, SwapBuffersCompleted=189175266131, DisplayPresentTime=0,
06-04 15:07:41.266 1080 1109 I OpenGLRenderer: Davey! duration=9223371847687ms; Flags=0, FrameTimelineVsyncId=5630, IntendedVsync=189154240711, Vsync=189154240711, InputEventId=0, HandleInputStart=189161803798, AnimationStart=189161808464, PerformTraversalsStart=189162413339, DrawStart=189162626339, FrameDeadline=189187574043, FrameInterval=189161790256, FrameStartTime=16666666, SyncQueued=189162730089, SyncStart=189175989839, IssueDrawCommandsStart=189177359131, SwapBuffers=189186574465, FrameCompleted=9223372036854775807, DequeueBufferDuration=73709, QueueBufferDuration=1987792, GpuCompleted=9223372036854775807, SwapBuffersCompleted=189189993923, DisplayPresentTime=0,
06-04 15:07:41.326 476 520 W IorapForwardingService: No service published for: iorapd
06-04 15:07:41.751 1080 1780 I OpenGLRenderer: Davey! duration=9223371847204ms; Flags=0, FrameTimelineVsyncId=5688, IntendedVsync=189637135461, Vsync=189637135461, InputEventId=0, HandleInputStart=189644449548, AnimationStart=189644454840, PerformTraversalsStart=189645565256, DrawStart=189646170256, FrameDeadline=189670468793, FrameInterval=189644438423, FrameStartTime=16666666, SyncQueued=189646558048, SyncStart=189659440840, IssueDrawCommandsStart=189660865215, SwapBuffers=189673151798, FrameCompleted=9223372036854775807, DequeueBufferDuration=41500, QueueBufferDuration=1005792, GpuCompleted=9223372036854775807, SwapBuffersCompleted=189677605548, DisplayPresentTime=0,
06-04 15:07:41.857 2140 2207 D UtilLog : 日志批量上报 进行正常循环 !!!!!!本次有0次请求,共0条数据
06-04 15:07:42.329 476 520 W IorapForwardingService: No service published for: iorapd
06-04 15:07:42.634 654 654 E WifiHAL : wifi_get_link_stats: requestResponse Error:-5
06-04 15:07:42.637 476 608 E WifiVendorHal: getWifiLinkLayerStats_1_5_Internal(l.1191) failed {.code = ERROR_INVALID_ARGS, .description = }
06-04 15:07:43.332 476 520 W IorapForwardingService: No service published for: iorapd
06-04 15:07:44.136 1080 1780 I OpenGLRenderer: Davey! duration=9223371844817ms; Flags=0, FrameTimelineVsyncId=5694, IntendedVsync=192037132079, Vsync=192037132079, InputEventId=0, HandleInputStart=192037622758, AnimationStart=192037625341, PerformTraversalsStart=192037787424, DrawStart=192038562341, FrameDeadline=192070465411, FrameInterval=192037615633, FrameStartTime=16666666, SyncQueued=192039739299, SyncStart=192040176258, IssueDrawCommandsStart=192041476799, SwapBuffers=192057585549, FrameCompleted=9223372036854775807, DequeueBufferDuration=70875, QueueBufferDuration=2846708, GpuCompleted=9223372036854775807, SwapBuffersCompleted=192061937549, DisplayPresentTime=0,
06-04 15:07:44.170 1080 1109 I OpenGLRenderer: Davey! duration=9223371844795ms; Flags=0, FrameTimelineVsyncId=5695, IntendedVsync=192053798745, Vsync=192053798745, InputEventId=0, HandleInputStart=192054521883, AnimationStart=192054528883, PerformTraversalsStart=192055050591, DrawStart=192056239799, FrameDeadline=192087132077, FrameInterval=192054506216, FrameStartTime=16666666, SyncQueued=192056759549, SyncStart=192062535258, IssueDrawCommandsStart=192064868591, SwapBuffers=192083444799, FrameCompleted=9223372036854775807, DequeueBufferDuration=80125, QueueBufferDuration=1649542, GpuCompleted=9223372036854775807, SwapBuffersCompleted=192098756133, DisplayPresentTime=0,
06-04 15:07:44.186 1080 1109 I OpenGLRenderer: Davey! duration=9223371844758ms; Flags=0, FrameTimelineVsyncId=5697, IntendedVsync=192070910617, Vsync=192070910617, InputEventId=0, HandleInputStart=192071954716, AnimationStart=192071961549, PerformTraversalsStart=192072744383, DrawStart=192073519549, FrameDeadline=192104243949, FrameInterval=192071940258, FrameStartTime=16666666, SyncQueued=192073647008, SyncStart=192099132258, IssueDrawCommandsStart=192100623174, SwapBuffers=192112763591, FrameCompleted=9223372036854775807, DequeueBufferDuration=72583, QueueBufferDuration=2248042, GpuCompleted=9223372036854775807, SwapBuffersCompleted=192116523299, DisplayPresentTime=0,
06-04 15:07:44.204 1080 1109 I OpenGLRenderer: Davey! duration=9223371844752ms; Flags=0, FrameTimelineVsyncId=5698, IntendedVsync=192087577283, Vsync=192087577283, InputEventId=0, HandleInputStart=192101232883, AnimationStart=192101235174, PerformTraversalsStart=192101727591, DrawStart=192101966883, FrameDeadline=192120910615, FrameInterval=192101223341, FrameStartTime=16666666, SyncQueued=192102084924, SyncStart=192116943008, IssueDrawCommandsStart=192118081591, SwapBuffers=192130601633, FrameCompleted=9223372036854775807, DequeueBufferDuration=56000, QueueBufferDuration=2366708, GpuCompleted=9223372036854775807, SwapBuffersCompleted=192135029049, DisplayPresentTime=0,
06-04 15:07:44.234 1080 1109 I OpenGLRenderer: Davey! duration=9223371844730ms; Flags=0, FrameTimelineVsyncId=5702, IntendedVsync=192120910615, Vsync=192137577281, InputEventId=0, HandleInputStart=192144302674, AnimationStart=192144310258, PerformTraversalsStart=192144723508, DrawStart=192146004966, FrameDeadline=192154243947, FrameInterval=192144282633, FrameStartTime=16666666, SyncQueued=192146662841, SyncStart=192149729883, IssueDrawCommandsStart=192151529674, SwapBuffers=192160510258, FrameCompleted=9223372036854775807, DequeueBufferDuration=45916, QueueBufferDuration=1104541, GpuCompleted=9223372036854775807, SwapBuffersCompleted=192162239841, DisplayPresentTime=0,
06-04 15:07:44.254 1080 1109 I OpenGLRenderer: Davey! duration=9223371844693ms; Flags=0, FrameTimelineVsyncId=5706, IntendedVsync=192153900691, Vsync=192153900691, InputEventId=0, HandleInputStart=192154681091, AnimationStart=192154687758, PerformTraversalsStart=192155172883, DrawStart=192155415591, FrameDeadline=192187234023, FrameInterval=192154668049, FrameStartTime=16666666, SyncQueued=192155515591, SyncStart=192162561508, IssueDrawCommandsStart=192163689924, SwapBuffers=192168777966, FrameCompleted=9223372036854775807, DequeueBufferDuration=37625, QueueBufferDuration=8577042, GpuCompleted=9223372036854775807, SwapBuffersCompleted=192178221591, DisplayPresentTime=0,
06-04 15:07:44.268 1080 1109 I OpenGLRenderer: Davey! duration=9223371844677ms; Flags=0, FrameTimelineVsyncId=5708, IntendedVsync=192170520848, Vsync=192170520848, InputEventId=0, HandleInputStart=192171217466, AnimationStart=192171223716, PerformTraversalsStart=192171533841, DrawStart=192171753883, FrameDeadline=192203854180, FrameInterval=192171203424, FrameStartTime=16666666, SyncQueued=192171857674, SyncStart=192178760258, IssueDrawCommandsStart=192180398299, SwapBuffers=192189990633, FrameCompleted=9223372036854775807, DequeueBufferDuration=69750, QueueBufferDuration=1889166, GpuCompleted=9223372036854775807, SwapBuffersCompleted=192194694883, DisplayPresentTime=0,
06-04 15:07:44.336 476 520 W IorapForwardingService: No service published for: iorapd
06-04 15:07:44.533 1190 1190 D bbb : onStartCommand begin !!!!!!! data分区剩余 24982MB
06-04 15:07:44.537 1125 1125 D aaa : LedStatusService onStartCommand begin
06-04 15:07:44.542 1125 3159 D aaa : topPkg is -------------- :com.dangbei.haqusetting
06-04 15:07:44.734 1080 1109 I OpenGLRenderer: Davey! duration=9223371844214ms; Flags=0, FrameTimelineVsyncId=5764, IntendedVsync=192637136351, Vsync=192637136351, InputEventId=0, HandleInputStart=192637841508, AnimationStart=192637848424, PerformTraversalsStart=192639178174, DrawStart=192639996091, FrameDeadline=192670469683, FrameInterval=192637827674, FrameStartTime=16666666, SyncQueued=192640715633, SyncStart=192643438716, IssueDrawCommandsStart=192644667466, SwapBuffers=192653171841, FrameCompleted=9223372036854775807, DequeueBufferDuration=143208, QueueBufferDuration=978000, GpuCompleted=9223372036854775807, SwapBuffersCompleted=192665755424, DisplayPresentTime=0,
06-04 15:07:44.777 262 294 D hdmi-cec: receive invalid cec message!
06-04 15:07:44.777 262 294 D hdmi-cec: receive poll message [04], skip!
06-04 15:07:45.338 476 520 W IorapForwardingService: No service published for: iorapd
06-04 15:07:45.652 654 654 E WifiHAL : wifi_get_link_stats: requestResponse Error:-5
06-04 15:07:45.654 476 608 E WifiVendorHal: getWifiLinkLayerStats_1_5_Internal(l.1191) failed {.code = ERROR_INVALID_ARGS, .description = }
06-04 15:07:46.341 476 520 W IorapForwardingService: No service published for: iorapd
06-04 15:07:47.154 1080 1780 I OpenGLRenderer: Davey! duration=9223371841800ms; Flags=0, FrameTimelineVsyncId=5769, IntendedVsync=195053798204, Vsync=195053798204, InputEventId=0, HandleInputStart=195054469676, AnimationStart=195054475842, PerformTraversalsStart=195054705426, DrawStart=195055674509, FrameDeadline=195087131536, FrameInterval=195054458801, FrameStartTime=16666666, SyncQueued=195057033926, SyncStart=195057459967, IssueDrawCommandsStart=195058629259, SwapBuffers=195076646426, FrameCompleted=9223372036854775807, DequeueBufferDuration=64916, QueueBufferDuration=2529042, GpuCompleted=9223372036854775807, SwapBuffersCompleted=195080570092, DisplayPresentTime=0,
06-04 15:07:47.160 386 386 W hdr10p_Configure: 136 callbacks suppressed
06-04 15:07:47.160 386 386 I : DVI mode selected: packets not configured
06-04 15:07:47.160 386 386 W set_vsif_config: 136 callbacks suppressed
06-04 15:07:47.160 386 386 I : Error: set vsif failed
06-04 15:07:47.160 386 386 I : DVI mode selected: packets not configured
06-04 15:07:47.160 386 386 I : Error: set vsif failed
06-04 15:07:47.190 386 386 I : DVI mode selected: packets not configured
06-04 15:07:47.190 386 386 I : Error: set vsif failed
06-04 15:07:47.190 386 386 I : DVI mode selected: packets not configured
06-04 15:07:47.190 386 386 I : Error: set vsif failed
06-04 15:07:47.203 1080 1780 I OpenGLRenderer: Davey! duration=9223371841753ms; Flags=0, FrameTimelineVsyncId=5772, IntendedVsync=195087578827, Vsync=195087578827, InputEventId=0, HandleInputStart=195089087301, AnimationStart=195089095759, PerformTraversalsStart=195089903134, DrawStart=195092807259, FrameDeadline=195120912159, FrameInterval=195089064009, FrameStartTime=16666666, SyncQueued=195092932842, SyncStart=195107039551, IssueDrawCommandsStart=195108433551, SwapBuffers=195118202176, FrameCompleted=9223372036854775807, DequeueBufferDuration=70709, QueueBufferDuration=2555166, GpuCompleted=9223372036854775807, SwapBuffersCompleted=195122022592, DisplayPresentTime=0,
06-04 15:07:47.206 386 386 I : DVI mode selected: packets not configured
06-04 15:07:47.206 386 386 I : Error: set vsif failed
06-04 15:07:47.206 386 386 I : DVI mode selected: packets not configured
06-04 15:07:47.206 386 386 I : Error: set vsif failed
06-04 15:07:47.223 386 386 I : DVI mode selected: packets not configured
06-04 15:07:47.223 386 386 I : Error: set vsif failed
06-04 15:07:47.223 386 386 I : DVI mode selected: packets not configured
06-04 15:07:47.223 386 386 I : Error: set vsif failed
06-04 15:07:47.238 386 386 I : DVI mode selected: packets not configured
06-04 15:07:47.238 386 386 I : Error: set vsif failed
06-04 15:07:47.238 386 386 I : DVI mode selected: packets not configured
06-04 15:07:47.238 386 386 I : Error: set vsif failed
06-04 15:07:47.284 1080 1780 I OpenGLRenderer: Davey! duration=9223371841671ms; Flags=0, FrameTimelineVsyncId=5781, IntendedVsync=195170902156, Vsync=195170902156, InputEventId=0, HandleInputStart=195174774509, AnimationStart=195174778301, PerformTraversalsStart=195175969301, DrawStart=195176296676, FrameDeadline=195204235488, FrameInterval=195174762009, FrameStartTime=16666666, SyncQueued=195176399134, SyncStart=195189099301, IssueDrawCommandsStart=195192155426, SwapBuffers=195203511009, FrameCompleted=9223372036854775807, DequeueBufferDuration=52833, QueueBufferDuration=2197750, GpuCompleted=9223372036854775807, SwapBuffersCompleted=195207927051, DisplayPresentTime=0,
06-04 15:07:47.342 476 520 W IorapForwardingService: No service published for: iorapd
06-04 15:07:47.766 1080 2469 I OpenGLRenderer: Davey! duration=9223371841198ms; Flags=0, FrameTimelineVsyncId=5839, IntendedVsync=195653802169, Vsync=195653802169, InputEventId=0, HandleInputStart=195660429759, AnimationStart=195660432426, PerformTraversalsStart=195661378259, DrawStart=195661915176, FrameDeadline=195687135501, FrameInterval=195660422468, FrameStartTime=16666666, SyncQueued=195662237259, SyncStart=195664515426, IssueDrawCommandsStart=195665568426, SwapBuffers=195689667301, FrameCompleted=9223372036854775807, DequeueBufferDuration=8820250, QueueBufferDuration=981750, GpuCompleted=9223372036854775807, SwapBuffersCompleted=195701594301, DisplayPresentTime=0,
06-04 15:07:48.345 476 520 W IorapForwardingService: No service published for: iorapd
06-04 15:07:48.672 654 654 E WifiHAL : wifi_get_link_stats: requestResponse Error:-5
06-04 15:07:48.675 476 608 E WifiVendorHal: getWifiLinkLayerStats_1_5_Internal(l.1191) failed {.code = ERROR_INVALID_ARGS, .description = }
06-04 15:07:48.831 476 997 W ZramWriteback: Writeback device is not set
06-04 15:07:48.832 476 997 D ZramWriteback: wait to flush
06-04 15:07:49.348 476 520 W IorapForwardingService: No service published for: iorapd
06-04 15:07:50.154 1080 2469 I OpenGLRenderer: Davey! duration=9223371838800ms; Flags=0, FrameTimelineVsyncId=5845, IntendedVsync=198053797999, Vsync=198053797999, InputEventId=0, HandleInputStart=198054597385, AnimationStart=198054604177, PerformTraversalsStart=198054860844, DrawStart=198055905344, FrameDeadline=198087131331, FrameInterval=198054585635, FrameStartTime=16666666, SyncQueued=198057016260, SyncStart=198057323552, IssueDrawCommandsStart=198058228885, SwapBuffers=198065610427, FrameCompleted=9223372036854775807, DequeueBufferDuration=57666, QueueBufferDuration=2179541, GpuCompleted=9223372036854775807, SwapBuffersCompleted=198079906844, DisplayPresentTime=0,
06-04 15:07:50.170 1080 1109 I OpenGLRenderer: Davey! duration=9223371838777ms; Flags=0, FrameTimelineVsyncId=5846, IntendedVsync=198070464665, Vsync=198070464665, InputEventId=0, HandleInputStart=198071277260, AnimationStart=198071283635, PerformTraversalsStart=198071616219, DrawStart=198072768260, FrameDeadline=198103797997, FrameInterval=198071262052, FrameStartTime=16666666, SyncQueued=198073269594, SyncStart=198080494052, IssueDrawCommandsStart=198082637177, SwapBuffers=198100793427, FrameCompleted=9223372036854775807, DequeueBufferDuration=68917, QueueBufferDuration=1717917, GpuCompleted=9223372036854775807, SwapBuffersCompleted=198103370927, DisplayPresentTime=0,
06-04 15:07:50.252 1080 1780 I OpenGLRenderer: Davey! duration=9223371838703ms; Flags=0, FrameTimelineVsyncId=5854, IntendedVsync=198137570794, Vsync=198137570794, InputEventId=0, HandleInputStart=198140539760, AnimationStart=198140545552, PerformTraversalsStart=198140966260, DrawStart=198143500594, FrameDeadline=198170904126, FrameInterval=198140527802, FrameStartTime=16666666, SyncQueued=198144287302, SyncStart=198158427885, IssueDrawCommandsStart=198159970344, SwapBuffers=198167599510, FrameCompleted=9223372036854775807, DequeueBufferDuration=47083, QueueBufferDuration=1368416, GpuCompleted=9223372036854775807, SwapBuffersCompleted=198169759927, DisplayPresentTime=0,
06-04 15:07:50.268 1080 1780 I OpenGLRenderer: Davey! duration=9223371838691ms; Flags=0, FrameTimelineVsyncId=5856, IntendedVsync=198154243454, Vsync=198154243454, InputEventId=0, HandleInputStart=198160617344, AnimationStart=198160620052, PerformTraversalsStart=198160949802, DrawStart=198161138844, FrameDeadline=198187576786, FrameInterval=198160609302, FrameStartTime=16666666, SyncQueued=198161215385, SyncStart=198170131219, IssueDrawCommandsStart=198171641677, SwapBuffers=198190674469, FrameCompleted=9223372036854775807, DequeueBufferDuration=3486000, QueueBufferDuration=8842667, GpuCompleted=9223372036854775807, SwapBuffersCompleted=198200946760, DisplayPresentTime=0,
06-04 15:07:50.285 1080 1109 I OpenGLRenderer: Davey! duration=9223371838655ms; Flags=0, FrameTimelineVsyncId=5858, IntendedVsync=198170910706, Vsync=198170910706, InputEventId=0, HandleInputStart=198172137052, AnimationStart=198172142719, PerformTraversalsStart=198172553802, DrawStart=198172764094, FrameDeadline=198204244038, FrameInterval=198172126927, FrameStartTime=16666666, SyncQueued=198172857010, SyncStart=198201421385, IssueDrawCommandsStart=198203037844, SwapBuffers=198209670594, FrameCompleted=9223372036854775807, DequeueBufferDuration=43958, QueueBufferDuration=6817250, GpuCompleted=9223372036854775807, SwapBuffersCompleted=198217662594, DisplayPresentTime=0,
06-04 15:07:50.351 476 520 W IorapForwardingService: No service published for: iorapd
06-04 15:07:51.353 476 520 W IorapForwardingService: No service published for: iorapd
06-04 15:07:51.690 654 654 E WifiHAL : wifi_get_link_stats: requestResponse Error:-5
06-04 15:07:51.692 476 608 E WifiVendorHal: getWifiLinkLayerStats_1_5_Internal(l.1191) failed {.code = ERROR_INVALID_ARGS, .description = }
06-04 15:07:51.876 2140 2207 D UtilLog : 日志批量上报 进行正常循环 !!!!!!本次有0次请求,共0条数据
06-04 15:07:52.355 476 520 W IorapForwardingService: No service published for: iorapd
06-04 15:07:52.575 1125 1125 D aaa : LedStatusService onStartCommand begin
06-04 15:07:52.576 1125 3170 D aaa : topPkg is -------------- :com.dangbei.haqusetting
06-04 15:07:52.577 1190 1190 D bbb : onStartCommand begin !!!!!!! data分区剩余 24982MB
06-04 15:07:53.004 1021 1338 E ccc : cccccc sendCycleCheckBroadcast
06-04 15:07:53.005 1021 1338 W ContextImpl: Calling a method in the system process without a qualified user: android.app.ContextImpl.sendBroadcast:1173 android.content.ContextWrapper.sendBroadcast:479 com.dangbei.etna.setting.core.SettingHelper.sendCycleToProjector:250 com.dangbei.etna.setting.core.SettingHelper.sendCycleCheckBroadcast:219 com.dangbei.etna.setting.core.SettingHelper.startLoop$lambda-0:177
06-04 15:07:53.007 1021 1338 W ContextImpl: Calling a method in the system process without a qualified user: android.app.ContextImpl.sendBroadcast:1173 android.content.ContextWrapper.sendBroadcast:479 com.dangbei.etna.setting.core.SettingHelper.sendCycleToVoice:235 com.dangbei.etna.setting.core.SettingHelper.sendCycleCheckBroadcast:220 com.dangbei.etna.setting.core.SettingHelper.startLoop$lambda-0:177
06-04 15:07:53.010 476 572 E ActivityManager: Sending non-protected broadcast com.dangbei.etna.setting.action_cycle_check_broadcast from system 1021:com.dangbei.lerad.etna.haqu/1000 pkg com.dangbei.lerad.etna.haqu
06-04 15:07:53.010 476 572 E ActivityManager: java.lang.Throwable
06-04 15:07:53.010 476 572 E ActivityManager: at com.android.server.am.ActivityManagerService.checkBroadcastFromSystem(ActivityManagerService.java:12816)
06-04 15:07:53.010 476 572 E ActivityManager: at com.android.server.am.ActivityManagerService.broadcastIntentLocked(ActivityManagerService.java:13513)
06-04 15:07:53.010 476 572 E ActivityManager: at com.android.server.am.ActivityManagerService.broadcastIntentLocked(ActivityManagerService.java:12833)
06-04 15:07:53.010 476 572 E ActivityManager: at com.android.server.am.ActivityManagerService.broadcastIntentWithFeature(ActivityManagerService.java:13670)
06-04 15:07:53.010 476 572 E ActivityManager: at android.app.IActivityManager$Stub.onTransact(IActivityManager.java:2326)
06-04 15:07:53.010 476 572 E ActivityManager: at com.android.server.am.ActivityManagerService.onTransact(ActivityManagerService.java:2509)
06-04 15:07:53.010 476 572 E ActivityManager: at android.os.Binder.execTransactInternal(Binder.java:1179)
06-04 15:07:53.010 476 572 E ActivityManager: at android.os.Binder.execTransact(Binder.java:1143)
06-04 15:07:53.013 476 538 I DropBoxManagerService: add tag=system_server_wtf isTagEnabled=true flags=0x2
06-04 15:07:53.021 1343 1343 D RockyVoice: RestartReceiver onReceive
06-04 15:07:53.154 1080 1780 I OpenGLRenderer: Davey! duration=9223371835800ms; Flags=0, FrameTimelineVsyncId=5921, IntendedVsync=201053801333, Vsync=201053801333, InputEventId=0, HandleInputStart=201054427762, AnimationStart=201054430803, PerformTraversalsStart=201054622887, DrawStart=201055323220, FrameDeadline=201070467999, FrameInterval=201054420345, FrameStartTime=16666666, SyncQueued=201056394845, SyncStart=201056815887, IssueDrawCommandsStart=201058112095, SwapBuffers=201072246720, FrameCompleted=9223372036854775807, DequeueBufferDuration=67333, QueueBufferDuration=2391416, GpuCompleted=9223372036854775807, SwapBuffersCompleted=201076351595, DisplayPresentTime=0,
06-04 15:07:53.157 386 386 W hdr10p_Configure: 136 callbacks suppressed
06-04 15:07:53.157 386 386 I : DVI mode selected: packets not configured
06-04 15:07:53.157 386 386 W set_vsif_config: 136 callbacks suppressed
06-04 15:07:53.157 386 386 I : Error: set vsif failed
06-04 15:07:53.157 386 386 I : DVI mode selected: packets not configured
06-04 15:07:53.157 386 386 I : Error: set vsif failed
06-04 15:07:53.171 1080 2469 I OpenGLRenderer: Davey! duration=9223371835780ms; Flags=0, FrameTimelineVsyncId=5922, IntendedVsync=201070467999, Vsync=201070467999, InputEventId=0, HandleInputStart=201071284637, AnimationStart=201071289929, PerformTraversalsStart=201071642929, DrawStart=201072744429, FrameDeadline=201103801331, FrameInterval=201071274595, FrameStartTime=16666666, SyncQueued=201073339429, SyncStart=201076928845, IssueDrawCommandsStart=201079092512, SwapBuffers=201095882345, FrameCompleted=9223372036854775807, DequeueBufferDuration=91292, QueueBufferDuration=1448375, GpuCompleted=9223372036854775807, SwapBuffersCompleted=201098448804, DisplayPresentTime=0,
06-04 15:07:53.178 386 386 I : DVI mode selected: packets not configured
06-04 15:07:53.178 386 386 I : Error: set vsif failed
06-04 15:07:53.178 386 386 I : DVI mode selected: packets not configured
06-04 15:07:53.178 386 386 I : Error: set vsif failed
06-04 15:07:53.187 1080 1780 I OpenGLRenderer: Davey! duration=9223371835758ms; Flags=0, FrameTimelineVsyncId=5924, IntendedVsync=201087577454, Vsync=201087577454, InputEventId=0, HandleInputStart=201088710304, AnimationStart=201088715304, PerformTraversalsStart=201089202345, DrawStart=201089886137, FrameDeadline=201120910786, FrameInterval=201088695262, FrameStartTime=16666666, SyncQueued=201090012137, SyncStart=201098793720, IssueDrawCommandsStart=201100145554, SwapBuffers=201108392720, FrameCompleted=9223372036854775807, DequeueBufferDuration=58708, QueueBufferDuration=3767292, GpuCompleted=9223372036854775807, SwapBuffersCompleted=201113453845, DisplayPresentTime=0,
06-04 15:07:53.195 386 386 I : DVI mode selected: packets not configured
06-04 15:07:53.195 386 386 I : Error: set vsif failed
06-04 15:07:53.195 386 386 I : DVI mode selected: packets not configured
06-04 15:07:53.195 386 386 I : Error: set vsif failed
06-04 15:07:53.202 1080 1780 I OpenGLRenderer: Davey! duration=9223371835743ms; Flags=0, FrameTimelineVsyncId=5926, IntendedVsync=201104244120, Vsync=201104244120, InputEventId=0, HandleInputStart=201105242262, AnimationStart=201105248345, PerformTraversalsStart=201105986137, DrawStart=201106355804, FrameDeadline=201137577452, FrameInterval=201105224387, FrameStartTime=16666666, SyncQueued=201106507762, SyncStart=201113987804, IssueDrawCommandsStart=201115734470, SwapBuffers=201125427387, FrameCompleted=9223372036854775807, DequeueBufferDuration=82333, QueueBufferDuration=3421041, GpuCompleted=9223372036854775807, SwapBuffersCompleted=201130538179, DisplayPresentTime=0,
06-04 15:07:53.212 386 386 I : DVI mode selected: packets not configured
06-04 15:07:53.212 386 386 I : Error: set vsif failed
06-04 15:07:53.212 386 386 I : DVI mode selected: packets not configured
06-04 15:07:53.212 386 386 I : Error: set vsif failed
06-04 15:07:53.221 386 386 I : DVI mode selected: packets not configured
06-04 15:07:53.221 386 386 I : Error: set vsif failed
06-04 15:07:53.221 386 386 I : DVI mode selected: packets not configured
06-04 15:07:53.221 386 386 I : Error: set vsif failed
06-04 15:07:53.235 1080 2469 I OpenGLRenderer: Davey! duration=9223371835705ms; Flags=0, FrameTimelineVsyncId=5930, IntendedVsync=201137577452, Vsync=201137577452, InputEventId=0, HandleInputStart=201138151012, AnimationStart=201138155304, PerformTraversalsStart=201138404095, DrawStart=201139590137, FrameDeadline=201170910784, FrameInterval=201138140387, FrameStartTime=16666666, SyncQueued=201140465137, SyncStart=201152072179, IssueDrawCommandsStart=201152973720, SwapBuffers=201161234970, FrameCompleted=9223372036854775807, DequeueBufferDuration=41250, QueueBufferDuration=1479125, GpuCompleted=9223372036854775807, SwapBuffersCompleted=201170242179, DisplayPresentTime=0,
06-04 15:07:53.285 1080 2469 I OpenGLRenderer: Davey! duration=9223371835672ms; Flags=0, FrameTimelineVsyncId=5934, IntendedVsync=201170904551, Vsync=201170904551, InputEventId=0, HandleInputStart=201173314554, AnimationStart=201173320220, PerformTraversalsStart=201173839887, DrawStart=201174167054, FrameDeadline=201204237883, FrameInterval=201173301304, FrameStartTime=16666666, SyncQueued=201174267304, SyncStart=201186136762, IssueDrawCommandsStart=201187793554, SwapBuffers=201195471887, FrameCompleted=9223372036854775807, DequeueBufferDuration=61958, QueueBufferDuration=5427167, GpuCompleted=9223372036854775807, SwapBuffersCompleted=201201888054, DisplayPresentTime=0,
06-04 15:07:53.358 476 520 W IorapForwardingService: No service published for: iorapd
06-04 15:07:54.359 476 520 W IorapForwardingService: No service published for: iorapd
06-04 15:07:54.708 654 654 E WifiHAL : wifi_get_link_stats: requestResponse Error:-5
06-04 15:07:54.710 476 608 E WifiVendorHal: getWifiLinkLayerStats_1_5_Internal(l.1191) failed {.code = ERROR_INVALID_ARGS, .description = }
06-04 15:07:55.296 2865 2936 D nStackXCoAP: IsInSameNetwork:[276] :IsInSameNetwork exec
06-04 15:07:55.296 2865 2936 I nStackXDFinder: GetLocalInterfaceDetail:[461] :GetLocalInterfaceDetail in
06-04 15:07:55.296 2865 2936 E nStackXCoAP: IsInSameNetwork:[281] :IsInSameNetwork: not priority process
06-04 15:07:55.296 2865 2936 D nStackXCoAP: ParseServiceDiscover:[330] :new device join
06-04 15:07:55.296 2865 2936 I nStackXDFinder: NotifyDeviceListChanged:[540] :notify callback: device list changed callback is null
06-04 15:07:55.297 2865 2936 E nStackXDFinder: GetLocalIp:[401] :GetLocalIp exec
06-04 15:07:55.358 2865 2936 D nStackXCoAP: IsInSameNetwork:[276] :IsInSameNetwork exec
06-04 15:07:55.358 2865 2936 I nStackXDFinder: GetLocalInterfaceDetail:[461] :GetLocalInterfaceDetail in
06-04 15:07:55.358 2865 2936 E nStackXCoAP: IsInSameNetwork:[281] :IsInSameNetwork: not priority process
06-04 15:07:55.358 2865 2936 D nStackXCoAP: ParseServiceDiscover:[330] :new device join
06-04 15:07:55.358 2865 2936 E nStackXDFinder: GetLocalIp:[401] :GetLocalIp exec
06-04 15:07:55.362 476 520 W IorapForwardingService: No service published for: iorapd
06-04 15:07:55.558 2865 2936 D nStackXCoAP: IsInSameNetwork:[276] :IsInSameNetwork exec
06-04 15:07:55.558 2865 2936 I nStackXDFinder: GetLocalInterfaceDetail:[461] :GetLocalInterfaceDetail in
06-04 15:07:55.558 2865 2936 E nStackXCoAP: IsInSameNetwork:[281] :IsInSameNetwork: not priority process
06-04 15:07:55.558 2865 2936 D nStackXCoAP: ParseServiceDiscover:[330] :new device join
06-04 15:07:55.558 2865 2936 E nStackXDFinder: GetLocalIp:[401] :GetLocalIp exec
06-04 15:07:55.759 2865 2936 D nStackXCoAP: IsInSameNetwork:[276] :IsInSameNetwork exec
06-04 15:07:55.759 2865 2936 I nStackXDFinder: GetLocalInterfaceDetail:[461] :GetLocalInterfaceDetail in
06-04 15:07:55.759 2865 2936 E nStackXCoAP: IsInSameNetwork:[281] :IsInSameNetwork: not priority process
06-04 15:07:55.759 2865 2936 D nStackXCoAP: ParseServiceDiscover:[330] :new device join
06-04 15:07:55.759 2865 2936 E nStackXDFinder: GetLocalIp:[401] :GetLocalIp exec
06-04 15:07:56.171 1080 2469 I OpenGLRenderer: Davey! duration=9223371832783ms; Flags=0, FrameTimelineVsyncId=5998, IntendedVsync=204070463751, Vsync=204070463751, InputEventId=0, HandleInputStart=204071102138, AnimationStart=204071108013, PerformTraversalsStart=204071354805, DrawStart=204072439138, FrameDeadline=204087130417, FrameInterval=204071092347, FrameStartTime=16666666, SyncQueued=204073774597, SyncStart=204074141263, IssueDrawCommandsStart=204075294555, SwapBuffers=204092719430, FrameCompleted=9223372036854775807, DequeueBufferDuration=59041, QueueBufferDuration=2656250, GpuCompleted=9223372036854775807, SwapBuffersCompleted=204097417555, DisplayPresentTime=0,
06-04 15:07:56.236 1080 2469 I OpenGLRenderer: Davey! duration=9223371832720ms; Flags=0, FrameTimelineVsyncId=6001, IntendedVsync=204104234266, Vsync=204104234266, InputEventId=0, HandleInputStart=204106223097, AnimationStart=204106232055, PerformTraversalsStart=204107825597, DrawStart=204109548722, FrameDeadline=204137567598, FrameInterval=204106198805, FrameStartTime=16666666, SyncQueued=204109710930, SyncStart=204139884680, IssueDrawCommandsStart=204141727847, SwapBuffers=204154223180, FrameCompleted=9223372036854775807, DequeueBufferDuration=71625, QueueBufferDuration=2970666, GpuCompleted=9223372036854775807, SwapBuffersCompleted=204160059722, DisplayPresentTime=0,
06-04 15:07:56.252 1080 1780 I OpenGLRenderer: Davey! duration=9223371832717ms; Flags=0, FrameTimelineVsyncId=6002, IntendedVsync=204120900932, Vsync=204137567598, InputEventId=0, HandleInputStart=204142662638, AnimationStart=204142669263, PerformTraversalsStart=204143776222, DrawStart=204144204805, FrameDeadline=204154234264, FrameInterval=204142643055, FrameStartTime=16666666, SyncQueued=204144346638, SyncStart=204160497680, IssueDrawCommandsStart=204162211222, SwapBuffers=204172905388, FrameCompleted=9223372036854775807, DequeueBufferDuration=72250, QueueBufferDuration=1238125, GpuCompleted=9223372036854775807, SwapBuffersCompleted=204176258180, DisplayPresentTime=0,
06-04 15:07:56.270 1080 1780 I OpenGLRenderer: Davey! duration=9223371832685ms; Flags=0, FrameTimelineVsyncId=6005, IntendedVsync=204154234264, Vsync=204154234264, InputEventId=0, HandleInputStart=204163674763, AnimationStart=204163681222, PerformTraversalsStart=204164263347, DrawStart=204165686263, FrameDeadline=204187567596, FrameInterval=204163659222, FrameStartTime=16666666, SyncQueued=204166374722, SyncStart=204181191180, IssueDrawCommandsStart=204182482930, SwapBuffers=204194985138, FrameCompleted=9223372036854775807, DequeueBufferDuration=69625, QueueBufferDuration=1502167, GpuCompleted=9223372036854775807, SwapBuffersCompleted=204197157222, DisplayPresentTime=0,
06-04 15:07:56.278 2865 2936 D nStackXCoAP: IsInSameNetwork:[276] :IsInSameNetwork exec
06-04 15:07:56.278 2865 2936 I nStackXDFinder: GetLocalInterfaceDetail:[461] :GetLocalInterfaceDetail in
06-04 15:07:56.278 2865 2936 E nStackXCoAP: IsInSameNetwork:[281] :IsInSameNetwork: not priority process
06-04 15:07:56.278 2865 2936 D nStackXCoAP: ParseServiceDiscover:[330] :new device join
06-04 15:07:56.278 2865 2936 E nStackXDFinder: GetLocalIp:[401] :GetLocalIp exec
06-04 15:07:56.285 1080 2469 I OpenGLRenderer: Davey! duration=9223371832670ms; Flags=0, FrameTimelineVsyncId=6007, IntendedVsync=204170908801, Vsync=204170908801, InputEventId=0, HandleInputStart=204183028222, AnimationStart=204183032763, PerformTraversalsStart=204183505138, DrawStart=204183770347, FrameDeadline=204204242133, FrameInterval=204183017472, FrameStartTime=16666666, SyncQueued=204183873222, SyncStart=204197547180, IssueDrawCommandsStart=204198580263, SwapBuffers=204203992388, FrameCompleted=9223372036854775807, DequeueBufferDuration=37292, QueueBufferDuration=7648084, GpuCompleted=9223372036854775807, SwapBuffersCompleted=204212984888, DisplayPresentTime=0,
06-04 15:07:56.302 1080 2469 I OpenGLRenderer: Davey! duration=9223371832653ms; Flags=0, FrameTimelineVsyncId=6009, IntendedVsync=204187576264, Vsync=204187576264, InputEventId=0, HandleInputStart=204199049888, AnimationStart=204199051930, PerformTraversalsStart=204199411888, DrawStart=204199643847, FrameDeadline=204220909596, FrameInterval=204199040138, FrameStartTime=16666666, SyncQueued=204199738138, SyncStart=204213559805, IssueDrawCommandsStart=204215258763, SwapBuffers=204223889680, FrameCompleted=9223372036854775807, DequeueBufferDuration=76333, QueueBufferDuration=4669083, GpuCompleted=9223372036854775807, SwapBuffersCompleted=204229840513, DisplayPresentTime=0,
06-04 15:07:56.364 476 520 W IorapForwardingService: No service published for: iorapd
06-04 15:07:56.804 2865 2936 D nStackXCoAP: IsInSameNetwork:[276] :IsInSameNetwork exec
06-04 15:07:56.804 2865 2936 I nStackXDFinder: GetLocalInterfaceDetail:[461] :GetLocalInterfaceDetail in
06-04 15:07:56.804 2865 2936 E nStackXCoAP: IsInSameNetwork:[281] :IsInSameNetwork: not priority process
06-04 15:07:56.804 2865 2936 D nStackXCoAP: ParseServiceDiscover:[330] :new device join
06-04 15:07:56.805 2865 2936 E nStackXDFinder: GetLocalIp:[401] :GetLocalIp exec
06-04 15:07:57.367 476 520 W IorapForwardingService: No service published for: iorapd
06-04 15:07:57.405 2865 2936 D nStackXCoAP: IsInSameNetwork:[276] :IsInSameNetwork exec
06-04 15:07:57.405 2865 2936 I nStackXDFinder: GetLocalInterfaceDetail:[461] :GetLocalInterfaceDetail in
06-04 15:07:57.405 2865 2936 E nStackXCoAP: IsInSameNetwork:[281] :IsInSameNetwork: not priority process
06-04 15:07:57.405 2865 2936 D nStackXCoAP: ParseServiceDiscover:[330] :new device join
06-04 15:07:57.405 2865 2936 E nStackXDFinder: GetLocalIp:[401] :GetLocalIp exec
06-04 15:07:57.725 654 654 E WifiHAL : wifi_get_link_stats: requestResponse Error:-5
06-04 15:07:57.727 476 608 E WifiVendorHal: getWifiLinkLayerStats_1_5_Internal(l.1191) failed {.code = ERROR_INVALID_ARGS, .description = }
06-04 15:07:57.802 2865 2936 D nStackXCoAP: IsInSameNetwork:[276] :IsInSameNetwork exec
06-04 15:07:57.802 2865 2936 I nStackXDFinder: GetLocalInterfaceDetail:[461] :GetLocalInterfaceDetail in
06-04 15:07:57.802 2865 2936 E nStackXCoAP: IsInSameNetwork:[281] :IsInSameNetwork: not priority process
06-04 15:07:57.802 2865 2936 D nStackXCoAP: ParseServiceDiscover:[330] :new device join
06-04 15:07:57.803 2865 2936 E nStackXDFinder: GetLocalIp:[401] :GetLocalIp exec
06-04 15:07:58.323 2865 2936 D nStackXCoAP: IsInSameNetwork:[276] :IsInSameNetwork exec
06-04 15:07:58.323 2865 2936 I nStackXDFinder: GetLocalInterfaceDetail:[461] :GetLocalInterfaceDetail in
06-04 15:07:58.323 2865 2936 E nStackXCoAP: IsInSameNetwork:[281] :IsInSameNetwork: not priority process
06-04 15:07:58.323 2865 2936 D nStackXCoAP: ParseServiceDiscover:[330] :new device join
06-04 15:07:58.323 2865 2936 E nStackXDFinder: GetLocalIp:[401] :GetLocalIp exec
06-04 15:07:58.370 476 520 W IorapForwardingService: No service published for: iorapd
06-04 15:07:58.654 1080 3174 I dangbei ad sdk: ad manager report data::cache data size=0
06-04 15:07:58.656 1080 1080 I pool-78-thread-: type=1400 audit(0.0:1223): avc: denied { read } for name="address" dev="sysfs" ino=28000 scontext=u:r:system_app:s0 tcontext=u:object_r:sysfs:s0 tclass=file permissive=1
06-04 15:07:58.660 1080 1080 I pool-78-thread-: type=1400 audit(0.0:1224): avc: denied { open } for path="/sys/devices/platform/unisoc_wifi/net/wlan1/address" dev="sysfs" ino=28000 scontext=u:r:system_app:s0 tcontext=u:object_r:sysfs:s0 tclass=file permissive=1
06-04 15:07:58.660 1080 1080 I pool-78-thread-: type=1400 audit(0.0:1225): avc: denied { getattr } for path="/sys/devices/platform/unisoc_wifi/net/wlan1/address" dev="sysfs" ino=28000 scontext=u:r:system_app:s0 tcontext=u:object_r:sysfs:s0 tclass=file permissive=1
06-04 15:07:58.829 2865 2936 D nStackXCoAP: IsInSameNetwork:[276] :IsInSameNetwork exec
06-04 15:07:58.829 2865 2936 I nStackXDFinder: GetLocalInterfaceDetail:[461] :GetLocalInterfaceDetail in
06-04 15:07:58.829 2865 2936 E nStackXCoAP: IsInSameNetwork:[281] :IsInSameNetwork: not priority process
06-04 15:07:58.829 2865 2936 D nStackXCoAP: ParseServiceDiscover:[330] :new device join
06-04 15:07:58.829 2865 2936 E nStackXDFinder: GetLocalIp:[401] :GetLocalIp exec
06-04 15:07:59.171 1080 1780 I OpenGLRenderer: Davey! duration=9223371829783ms; Flags=0, FrameTimelineVsyncId=6073, IntendedVsync=207070464461, Vsync=207070464461, InputEventId=0, HandleInputStart=207071010931, AnimationStart=207071017306, PerformTraversalsStart=207071257765, DrawStart=207072872723, FrameDeadline=207087131127, FrameInterval=207070998723, FrameStartTime=16666666, SyncQueued=207076079265, SyncStart=207076679431, IssueDrawCommandsStart=207078317431, SwapBuffers=207096921098, FrameCompleted=9223372036854775807, DequeueBufferDuration=77958, QueueBufferDuration=1892792, GpuCompleted=9223372036854775807, SwapBuffersCompleted=207100159890, DisplayPresentTime=0,
06-04 15:07:59.180 386 386 W hdr10p_Configure: 136 callbacks suppressed
06-04 15:07:59.180 386 386 I : DVI mode selected: packets not configured
06-04 15:07:59.180 386 386 W set_vsif_config: 136 callbacks suppressed
06-04 15:07:59.180 386 386 I : Error: set vsif failed
06-04 15:07:59.180 386 386 I : DVI mode selected: packets not configured
06-04 15:07:59.180 386 386 I : Error: set vsif failed
06-04 15:07:59.203 1080 1780 I OpenGLRenderer: Davey! duration=9223371829763ms; Flags=0, FrameTimelineVsyncId=6074, IntendedVsync=207087131127, Vsync=207087131127, InputEventId=0, HandleInputStart=207087770598, AnimationStart=207087795265, PerformTraversalsStart=207088232306, DrawStart=207089055181, FrameDeadline=207120464459, FrameInterval=207087757890, FrameStartTime=16666666, SyncQueued=207096490681, SyncStart=207100539806, IssueDrawCommandsStart=207102392723, SwapBuffers=207121668306, FrameCompleted=9223372036854775807, DequeueBufferDuration=112667, QueueBufferDuration=1770250, GpuCompleted=9223372036854775807, SwapBuffersCompleted=207124586390, DisplayPresentTime=0,
06-04 15:07:59.206 386 386 I : DVI mode selected: packets not configured
06-04 15:07:59.206 386 386 I : Error: set vsif failed
06-04 15:07:59.206 386 386 I : DVI mode selected: packets not configured
06-04 15:07:59.206 386 386 I : Error: set vsif failed
06-04 15:07:59.222 1080 1780 I OpenGLRenderer: Davey! duration=9223371829733ms; Flags=0, FrameTimelineVsyncId=6076, IntendedVsync=207104234767, Vsync=207104234767, InputEventId=0, HandleInputStart=207105423181, AnimationStart=207105434681, PerformTraversalsStart=207106454306, DrawStart=207107626765, FrameDeadline=207137568099, FrameInterval=207105401598, FrameStartTime=16666666, SyncQueued=207107825015, SyncStart=207125005306, IssueDrawCommandsStart=207126351723, SwapBuffers=207135950681, FrameCompleted=9223372036854775807, DequeueBufferDuration=53583, QueueBufferDuration=1841125, GpuCompleted=9223372036854775807, SwapBuffersCompleted=207138886515, DisplayPresentTime=0,
06-04 15:07:59.225 386 386 I : DVI mode selected: packets not configured
06-04 15:07:59.225 386 386 I : Error: set vsif failed
06-04 15:07:59.225 386 386 I : DVI mode selected: packets not configured
06-04 15:07:59.225 386 386 I : Error: set vsif failed
06-04 15:07:59.234 1080 1780 I OpenGLRenderer: Davey! duration=9223371829722ms; Flags=0, FrameTimelineVsyncId=6077, IntendedVsync=207120901433, Vsync=207120901433, InputEventId=0, HandleInputStart=207126951973, AnimationStart=207126956306, PerformTraversalsStart=207127841098, DrawStart=207128266848, FrameDeadline=207154234765, FrameInterval=207126941265, FrameStartTime=16666666, SyncQueued=207128363140, SyncStart=207139441306, IssueDrawCommandsStart=207141457890, SwapBuffers=207151629265, FrameCompleted=9223372036854775807, DequeueBufferDuration=2439292, QueueBufferDuration=3016625, GpuCompleted=9223372036854775807, SwapBuffersCompleted=207156448640, DisplayPresentTime=0,
06-04 15:07:59.237 386 386 I : DVI mode selected: packets not configured
06-04 15:07:59.237 386 386 I : Error: set vsif failed
06-04 15:07:59.238 386 386 I : DVI mode selected: packets not configured
06-04 15:07:59.238 386 386 I : Error: set vsif failed
06-04 15:07:59.243 1080 3175 D dangbei ad sdk: HttpUtils.....::response={"msg":"no available advert","code":200}
06-04 15:07:59.255 386 386 I : DVI mode selected: packets not configured
06-04 15:07:59.255 386 386 I : Error: set vsif failed
06-04 15:07:59.255 386 386 I : DVI mode selected: packets not configured
06-04 15:07:59.255 386 386 I : Error: set vsif failed
06-04 15:07:59.285 1080 1780 I OpenGLRenderer: Davey! duration=9223371829669ms; Flags=0, FrameTimelineVsyncId=6083, IntendedVsync=207170910940, Vsync=207170910940, InputEventId=0, HandleInputStart=207178186765, AnimationStart=207178191181, PerformTraversalsStart=207178530806, DrawStart=207179918390, FrameDeadline=207204244272, FrameInterval=207178176640, FrameStartTime=16666666, SyncQueued=207180646515, SyncStart=207194887015, IssueDrawCommandsStart=207196105681, SwapBuffers=207208716556, FrameCompleted=9223372036854775807, DequeueBufferDuration=57667, QueueBufferDuration=1233459, GpuCompleted=9223372036854775807, SwapBuffersCompleted=207210714973, DisplayPresentTime=0,
06-04 15:07:59.301 1080 1780 I OpenGLRenderer: Davey! duration=9223371829653ms; Flags=0, FrameTimelineVsyncId=6085, IntendedVsync=207187578855, Vsync=207187578855, InputEventId=0, HandleInputStart=207196519056, AnimationStart=207196523515, PerformTraversalsStart=207196968098, DrawStart=207197218806, FrameDeadline=207220912187, FrameInterval=207196509056, FrameStartTime=16666666, SyncQueued=207197315848, SyncStart=207211019890, IssueDrawCommandsStart=207212395556, SwapBuffers=207219052098, FrameCompleted=9223372036854775807, DequeueBufferDuration=34250, QueueBufferDuration=7102375, GpuCompleted=9223372036854775807, SwapBuffersCompleted=207227202973, DisplayPresentTime=0,
06-04 15:07:59.316 1080 1780 I OpenGLRenderer: Davey! duration=9223371829636ms; Flags=0, FrameTimelineVsyncId=6087, IntendedVsync=207203851711, Vsync=207203851711, InputEventId=0, HandleInputStart=207212878598, AnimationStart=207212881348, PerformTraversalsStart=207213225265, DrawStart=207213450348, FrameDeadline=207237185043, FrameInterval=207212868015, FrameStartTime=16666666, SyncQueued=207213545931, SyncStart=207227718890, IssueDrawCommandsStart=207229300056, SwapBuffers=207234869640, FrameCompleted=9223372036854775807, DequeueBufferDuration=58458, QueueBufferDuration=8027792, GpuCompleted=9223372036854775807, SwapBuffersCompleted=207243821223, DisplayPresentTime=0,
06-04 15:07:59.354 2865 2936 D nStackXCoAP: IsInSameNetwork:[276] :IsInSameNetwork exec
06-04 15:07:59.354 2865 2936 I nStackXDFinder: GetLocalInterfaceDetail:[461] :GetLocalInterfaceDetail in
06-04 15:07:59.354 2865 2936 E nStackXCoAP: IsInSameNetwork:[281] :IsInSameNetwork: not priority process
06-04 15:07:59.354 2865 2936 D nStackXCoAP: ParseServiceDiscover:[330] :new device join
06-04 15:07:59.354 2865 2936 E nStackXDFinder: GetLocalIp:[401] :GetLocalIp exec
06-04 15:07:59.373 476 520 W IorapForwardingService: No service published for: iorapd
06-04 15:07:59.767 2865 2936 D nStackXCoAP: IsInSameNetwork:[276] :IsInSameNetwork exec
06-04 15:07:59.768 2865 2936 I nStackXDFinder: GetLocalInterfaceDetail:[461] :GetLocalInterfaceDetail in
06-04 15:07:59.768 2865 2936 E nStackXCoAP: IsInSameNetwork:[281] :IsInSameNetwork: not priority process
06-04 15:07:59.768 2865 2936 D nStackXCoAP: ParseServiceDiscover:[330] :new device join
06-04 15:07:59.768 2865 2936 E nStackXDFinder: GetLocalIp:[401] :GetLocalIp exec
06-04 15:07:59.785 1080 2469 I OpenGLRenderer: Davey! duration=9223371829165ms; Flags=0, FrameTimelineVsyncId=6143, IntendedVsync=207670469652, Vsync=207670469652, InputEventId=0, HandleInputStart=207671325723, AnimationStart=207671328098, PerformTraversalsStart=207672612015, DrawStart=207673132348, FrameDeadline=207703802984, FrameInterval=207671317973, FrameStartTime=16666666, SyncQueued=207673457015, SyncStart=207691900598, IssueDrawCommandsStart=207693732223, SwapBuffers=207703156307, FrameCompleted=9223372036854775807, DequeueBufferDuration=44250, QueueBufferDuration=1990750, GpuCompleted=9223372036854775807, SwapBuffersCompleted=207711692098, DisplayPresentTime=0,
06-04 15:07:59.805 262 294 D hdmi-cec: receive invalid cec message!
06-04 15:07:59.805 262 294 D hdmi-cec: receive poll message [04], skip!
06-04 15:08:00.375 476 520 W IorapForwardingService: No service published for: iorapd
06-04 15:08:00.578 1125 1125 D aaa : LedStatusService onStartCommand begin
06-04 15:08:00.580 1125 3187 D aaa : topPkg is -------------- :com.dangbei.haqusetting
06-04 15:08:00.581 1190 1190 D bbb : onStartCommand begin !!!!!!! data分区剩余 24982MB
06-04 15:08:00.743 654 654 E WifiHAL : wifi_get_link_stats: requestResponse Error:-5
06-04 15:08:00.746 476 608 E WifiVendorHal: getWifiLinkLayerStats_1_5_Internal(l.1191) failed {.code = ERROR_INVALID_ARGS, .description = }
06-04 15:08:01.377 476 520 W IorapForwardingService: No service published for: iorapd
06-04 15:08:01.877 2140 2207 D UtilLog : 日志批量上报 进行正常循环 !!!!!!本次有0次请求,共0条数据
06-04 15:08:02.171 1080 1780 I OpenGLRenderer: Davey! duration=9223371826783ms; Flags=0, FrameTimelineVsyncId=6149, IntendedVsync=210070468921, Vsync=210070468921, InputEventId=0, HandleInputStart=210076562433, AnimationStart=210076569516, PerformTraversalsStart=210076914058, DrawStart=210078079641, FrameDeadline=210103802253, FrameInterval=210076550641, FrameStartTime=16666666, SyncQueued=210079699849, SyncStart=210080349683, IssueDrawCommandsStart=210081812391, SwapBuffers=210096889724, FrameCompleted=9223372036854775807, DequeueBufferDuration=71959, QueueBufferDuration=2638458, GpuCompleted=9223372036854775807, SwapBuffersCompleted=210100985266, DisplayPresentTime=0,
06-04 15:08:02.204 1080 1780 I OpenGLRenderer: Davey! duration=9223371826755ms; Flags=0, FrameTimelineVsyncId=6150, IntendedVsync=210087135587, Vsync=210087135587, InputEventId=0, HandleInputStart=210087937599, AnimationStart=210087945058, PerformTraversalsStart=210088400724, DrawStart=210089262058, FrameDeadline=210120468919, FrameInterval=210087925058, FrameStartTime=16666666, SyncQueued=210089731599, SyncStart=210101477391, IssueDrawCommandsStart=210103696141, SwapBuffers=210122699808, FrameCompleted=9223372036854775807, DequeueBufferDuration=71750, QueueBufferDuration=1776666, GpuCompleted=9223372036854775807, SwapBuffersCompleted=210125601391, DisplayPresentTime=0,
