06-04 15:04:42.170 476 525 I SystemConfig: Reading permissions from /vendor/etc/permissions/android.hardware.wifi.direct.xml
06-04 15:04:42.171 476 476 I SystemServerTiming: StartPowerStatsService
06-04 15:04:42.171 476 476 I SystemServiceManager: Starting com.android.server.powerstats.PowerStatsService
06-04 15:04:42.172 476 525 I SystemConfig: Reading permissions from /vendor/etc/permissions/id.hardware.camera.xml
06-04 15:04:42.173 476 525 I SystemConfig: Reading permissions from /vendor/etc/permissions/android.hardware.camera.flash-autofocus.xml
06-04 15:04:42.174 181 181 E servicemanager: Could not find android.hardware.power.stats.IPowerStats/default in the VINTF manifest.
06-04 15:04:42.175 476 525 I SystemConfig: Reading permissions from /vendor/etc/permissions/android.hardware.usb.host.xml
06-04 15:04:42.176 476 525 I SystemConfig: Reading permissions from /vendor/etc/permissions/android.software.opengles.deqp.level.xml
06-04 15:04:42.178 476 525 I SystemConfig: Reading permissions from /vendor/etc/permissions/android.software.backup.xml
06-04 15:04:42.179 182 182 I hwservicemanager: getTransport: Cannot find entry android.hardware.power.stats@1.0::IPowerStats/default in either framework or device VINTF manifest.
06-04 15:04:42.180 476 525 I SystemConfig: Reading permissions from /vendor/etc/permissions/android.hardware.keystore.app_attest_key.xml
06-04 15:04:42.180 476 476 E PowerStatsService: Unable to get power.stats HAL service.
06-04 15:04:42.180 476 476 E PowerStatsService: nativeInit failed to connect to power.stats HAL
06-04 15:04:42.181 476 476 I SystemServerTiming: StartIStatsService
06-04 15:04:42.182 476 525 I SystemConfig: Reading permissions from /vendor/etc/permissions/android.hardware.camera.front.xml
06-04 15:04:42.182 182 182 I hwservicemanager: getTransport: Cannot find entry android.frameworks.stats@1.0::IStats/default in either framework or device VINTF manifest.
06-04 15:04:42.182 476 476 E HidlServiceManagement: Service android.frameworks.stats@1.0::IStats/default must be in VINTF manifest in order to register/get.
06-04 15:04:42.182 476 476 W system_server: Cannot register HIDL android.frameworks.stats@1.0::IStats: -2147483648
06-04 15:04:42.183 181 181 I servicemanager: Found android.frameworks.stats.IStats/default in framework VINTF manifest.
06-04 15:04:42.184 476 476 I SystemServerTiming: MemtrackProxyService
06-04 15:04:42.185 182 182 I hwservicemanager: getTransport: Cannot find entry android.hardware.memtrack@1.0::IMemtrack/default in either framework or device VINTF manifest.
06-04 15:04:42.186 181 181 E servicemanager: Could not find android.hardware.memtrack.IMemtrack/default in the VINTF manifest.
06-04 15:04:42.186 476 476 I Stability: Interface set with vintf stability wire protocol version 1 downgraded to system stability wire protocol version 1 stability
06-04 15:04:42.187 476 525 I SystemConfig: Reading permissions from /product/etc/sysconfig/preinstalled-packages-platform-handheld-product.xml
06-04 15:04:42.187 476 476 I SystemServerTiming: StartActivityManager
06-04 15:04:42.188 476 476 I SystemServiceManager: Starting com.android.server.wm.ActivityTaskManagerService$Lifecycle
06-04 15:04:42.189 476 525 I SystemConfig: Reading permissions from /product/etc/sysconfig/preinstalled-packages-platform-overlays.xml
06-04 15:04:42.188 515 515 I BootAnimation: type=1400 audit(0.0:293): avc: denied { search } for name="data" dev="mmcblk0p25" ino=85 scontext=u:r:bootanim:s0 tcontext=u:object_r:system_data_file:s0:c512,c768 tclass=dir permissive=1
06-04 15:04:42.194 182 182 I hwservicemanager: getTransport: Cannot find entry android.hardware.configstore@1.0::ISurfaceFlingerConfigs/default in either framework or device VINTF manifest.
06-04 15:04:42.194 476 525 I SystemConfig: Reading permissions from /product/etc/permissions/com.android.settings.intelligence.xml
06-04 15:04:42.199 476 525 I SystemConfig: Reading permissions from /product/etc/permissions/com.android.tv.xml
06-04 15:04:42.202 476 525 W SystemConfig: No directory /system_ext/etc/sysconfig, skipping
06-04 15:04:42.204 476 525 I SystemConfig: Reading permissions from /system_ext/etc/permissions/com.android.tv.settings.xml
06-04 15:04:42.204 476 476 I SystemServiceManager: Starting com.android.server.am.ActivityManagerService$Lifecycle
06-04 15:04:42.207 476 525 I SystemConfig: Reading permissions from /system_ext/etc/permissions/com.android.storagemanager.xml
06-04 15:04:42.210 476 525 I SystemConfig: Reading permissions from /system_ext/etc/permissions/com.android.carrierconfig.xml
06-04 15:04:42.213 476 525 I SystemConfig: Reading permissions from /system_ext/etc/permissions/com.softwinner.screenshot.xml
06-04 15:04:42.216 476 525 I SystemConfig: Reading permissions from /system_ext/etc/permissions/privapp-settingssetup.xml
06-04 15:04:42.219 476 525 I SystemConfig: Reading permissions from /system_ext/etc/permissions/provision-permissions.xml
06-04 15:04:42.221 476 476 I ActivityManager: Memory class: 256
06-04 15:04:42.222 476 525 I SystemConfig: Reading permissions from /system_ext/etc/permissions/com.android.systemui.xml
06-04 15:04:42.228 476 538 I Binder : Setting heavy hitter watcher config: false, 0, 0.0
06-04 15:04:42.229 476 525 I SystemConfig: Reading permissions from /system_ext/etc/permissions/com.android.provision.xml
06-04 15:04:42.231 515 528 D BootAnimation: BootAnimationShownTiming start time: 10170ms
06-04 15:04:42.236 476 525 I SystemConfig: Reading permissions from /apex/com.android.ipsec/etc/permissions/android.net.ipsec.ike.xml
06-04 15:04:42.245 476 525 W SystemConfig: Failed to read public libraries file /vendor/etc/public.libraries.txt
06-04 15:04:42.245 476 525 W SystemConfig: java.io.FileNotFoundException: /vendor/etc/public.libraries.txt: open failed: ENOENT (No such file or directory)
06-04 15:04:42.245 476 525 W SystemConfig: at libcore.io.IoBridge.open(IoBridge.java:575)
06-04 15:04:42.245 476 525 W SystemConfig: at java.io.FileInputStream.(FileInputStream.java:160)
06-04 15:04:42.245 476 525 W SystemConfig: at java.io.FileReader.(FileReader.java:72)
06-04 15:04:42.245 476 525 W SystemConfig: at com.android.server.SystemConfig.readPublicLibrariesListFile(SystemConfig.java:1601)
06-04 15:04:42.245 476 525 W SystemConfig: at com.android.server.SystemConfig.readPublicNativeLibrariesList(SystemConfig.java:1583)
06-04 15:04:42.245 476 525 W SystemConfig: at com.android.server.SystemConfig.(SystemConfig.java:484)
06-04 15:04:42.245 476 525 W SystemConfig: at com.android.server.SystemConfig.getInstance(SystemConfig.java:272)
06-04 15:04:42.245 476 525 W SystemConfig: at com.android.server.SystemServer$$ExternalSyntheticLambda7.run(Unknown Source:0)
06-04 15:04:42.245 476 525 W SystemConfig: at com.android.server.SystemServerInitThreadPool.lambda$submitTask$0$SystemServerInitThreadPool(SystemServerInitThreadPool.java:105)
06-04 15:04:42.245 476 525 W SystemConfig: at com.android.server.SystemServerInitThreadPool$$ExternalSyntheticLambda0.run(Unknown Source:6)
06-04 15:04:42.245 476 525 W SystemConfig: at java.util.concurrent.Executors$RunnableAdapter.call(Executors.java:462)
06-04 15:04:42.245 476 525 W SystemConfig: at java.util.concurrent.FutureTask.run(FutureTask.java:266)
06-04 15:04:42.245 476 525 W SystemConfig: at java.util.concurrent.ThreadPoolExecutor.runWorker(ThreadPoolExecutor.java:1167)
06-04 15:04:42.245 476 525 W SystemConfig: at java.util.concurrent.ThreadPoolExecutor$Worker.run(ThreadPoolExecutor.java:641)
06-04 15:04:42.245 476 525 W SystemConfig: at com.android.internal.util.ConcurrentUtils$1$1.run(ConcurrentUtils.java:65)
06-04 15:04:42.245 476 525 W SystemConfig: Caused by: android.system.ErrnoException: open failed: ENOENT (No such file or directory)
06-04 15:04:42.245 476 525 W SystemConfig: at libcore.io.Linux.open(Native Method)
06-04 15:04:42.245 476 525 W SystemConfig: at libcore.io.ForwardingOs.open(ForwardingOs.java:567)
06-04 15:04:42.245 476 525 W SystemConfig: at libcore.io.BlockGuardOs.open(BlockGuardOs.java:273)
06-04 15:04:42.245 476 525 W SystemConfig: at libcore.io.IoBridge.open(IoBridge.java:561)
06-04 15:04:42.245 476 525 W SystemConfig: ... 14 more
06-04 15:04:42.246 476 525 D SystemServerInitThreadPool: Finished executing ReadingSystemConfig
06-04 15:04:42.295 182 182 I hwservicemanager: getTransport: Cannot find entry android.hardware.graphics.mapper@4.0::IMapper/default in either framework or device VINTF manifest.
06-04 15:04:42.295 515 528 I Gralloc4: mapper 4.x is not supported
06-04 15:04:42.296 182 182 I hwservicemanager: getTransport: Cannot find entry android.hardware.graphics.mapper@3.0::IMapper/default in either framework or device VINTF manifest.
06-04 15:04:42.297 515 528 W Gralloc3: mapper 3.x is not supported
06-04 15:04:42.304 515 528 E gralloc : Arm Module v1.0
06-04 15:04:42.305 476 476 D BatteryStatsImpl: Reading daily items from /data/system/batterystats-daily.xml
06-04 15:04:42.305 182 182 I hwservicemanager: getTransport: Cannot find entry android.hardware.graphics.allocator@4.0::IAllocator/default in either framework or device VINTF manifest.
06-04 15:04:42.306 515 528 W Gralloc4: allocator 4.x is not supported
06-04 15:04:42.306 182 182 I hwservicemanager: getTransport: Cannot find entry android.hardware.graphics.allocator@3.0::IAllocator/default in either framework or device VINTF manifest.
06-04 15:04:42.306 515 528 W Gralloc3: allocator 3.x is not supported
06-04 15:04:42.311 257 394 I gralloc : alloc buffer:W:1920 H:1080 S:1920 PL[1920 1080] SZ:8294400 fmt:43 if:0 af:43 usg:20000b00 fg:00000004
06-04 15:04:42.312 515 528 E ion : ioctl c0044901 failed with code -1: Inappropriate ioctl for device
06-04 15:04:42.322 182 182 I hwservicemanager: getTransport: Cannot find entry android.hardware.power.stats@1.0::IPowerStats/default in either framework or device VINTF manifest.
06-04 15:04:42.324 476 545 E BatteryStatsService: Unable to load Power.Stats.HAL. Setting rail availability to false
06-04 15:04:42.325 476 545 E BluetoothAdapter: Bluetooth binder is null
06-04 15:04:42.326 476 545 I KernelCpuUidFreqTimeReader: mPerClusterTimesAvailable=false
06-04 15:04:42.341 476 545 W KernelCpuUidFreqTimeBpfMapReader: Failed to start tracking
06-04 15:04:42.342 476 545 W KernelCpuProcStringReader: File not found. It's normal if not implemented: /proc/uid_time_in_state
06-04 15:04:42.343 476 545 W KernelCpuUidActiveTimeBpfMapReader: Failed to start tracking
06-04 15:04:42.343 476 545 W KernelCpuProcStringReader: File not found. It's normal if not implemented: /proc/uid_concurrent_active_time
06-04 15:04:42.344 476 545 W KernelCpuUidClusterTimeBpfMapReader: Failed to start tracking
06-04 15:04:42.344 476 507 W Zygote : Class not found for preloading: android.view.SurfaceView$2
06-04 15:04:42.349 285 285 I SurfaceFlinger: Enter boot animation
06-04 15:04:42.351 258 291 E ion : ioctl c0044901 failed with code -1: Inappropriate ioctl for device
06-04 15:04:42.351 476 545 W KernelCpuProcStringReader: File not found. It's normal if not implemented: /proc/uid_concurrent_policy_time
06-04 15:04:42.354 476 545 E KernelCpuSpeedReader: Failed to read cpu-freq: /sys/devices/system/cpu/cpu0/cpufreq/stats/time_in_state: open failed: ENOENT (No such file or directory)
06-04 15:04:42.357 386 386 I : DVI mode selected: packets not configured
06-04 15:04:42.357 476 545 E system_server: Cannot read thread CPU times for PID 476
06-04 15:04:42.357 386 386 I : Error: set vsif failed
06-04 15:04:42.360 204 204 I Binder:204_2: type=1400 audit(0.0:294): avc: denied { read } for name="event_count" dev="sysfs" ino=22115 scontext=u:r:system_suspend:s0 tcontext=u:object_r:sysfs:s0 tclass=file permissive=1
06-04 15:04:42.360 204 204 I Binder:204_2: type=1400 audit(0.0:295): avc: denied { open } for path="/sys/devices/platform/soc@3000000/7040000.s_cir/wakeup/wakeup4/event_count" dev="sysfs" ino=22115 scontext=u:r:system_suspend:s0 tcontext=u:object_r:sysfs:s0 tclass=file permissive=1
06-04 15:04:42.360 204 204 I Binder:204_2: type=1400 audit(0.0:296): avc: denied { getattr } for path="/sys/devices/platform/soc@3000000/7040000.s_cir/wakeup/wakeup4/event_count" dev="sysfs" ino=22115 scontext=u:r:system_suspend:s0 tcontext=u:object_r:sysfs:s0 tclass=file permissive=1
06-04 15:04:42.375 476 545 W KernelMemoryBandwidthStats: No kernel memory bandwidth stats available
06-04 15:04:42.407 257 394 I gralloc : alloc buffer:W:1920 H:1080 S:1920 PL[1920 1080] SZ:8294400 fmt:43 if:0 af:43 usg:20000b00 fg:00000004
06-04 15:04:42.421 386 386 I : DVI mode selected: packets not configured
06-04 15:04:42.421 386 386 I : Error: set vsif failed
06-04 15:04:42.487 386 386 I : DVI mode selected: packets not configured
06-04 15:04:42.487 386 386 I : Error: set vsif failed
06-04 15:04:42.537 386 386 I : DVI mode selected: packets not configured
06-04 15:04:42.537 386 386 I : Error: set vsif failed
06-04 15:04:42.570 476 476 I IntentFirewall: Read new rules (A:0 B:0 S:0)
06-04 15:04:42.589 476 476 E libprocessgroup: Failed to open /dev/memcg/apps: Permission denied
06-04 15:04:42.592 476 476 D AppOps : AppOpsService published
06-04 15:04:42.594 476 476 I SystemServerTiming: StartDataLoaderManagerService
06-04 15:04:42.594 476 476 I SystemServiceManager: Starting com.android.server.pm.DataLoaderManagerService
06-04 15:04:42.596 476 507 I Zygote : ...preloaded 7337 classes in 1051ms.
06-04 15:04:42.597 476 506 I Zygote : Called ZygoteHooks.endPreload()
06-04 15:04:42.603 386 386 I : DVI mode selected: packets not configured
06-04 15:04:42.603 386 386 I : Error: set vsif failed
06-04 15:04:42.601 476 506 I Zygote : Installed AndroidKeyStoreProvider in 2ms.
06-04 15:04:42.602 476 476 I SystemServerTiming: StartIncrementalService
06-04 15:04:42.605 476 476 I incfs-mounts: [incfs] Loaded incremental-fs mount info: 0 instances, 0 mount points
06-04 15:04:42.607 476 476 I SystemServerTiming: StartPowerManager
06-04 15:04:42.607 476 476 I SystemServiceManager: Starting com.android.server.power.PowerManagerService
06-04 15:04:42.623 181 181 I servicemanager: Found android.hardware.power.IPower/default in device VINTF manifest.
06-04 15:04:42.626 476 506 I Zygote : Warmed up JCA providers in 25ms.
06-04 15:04:42.627 476 506 D Zygote : Zygote:ThreadPreadloadClass took 1084ms.
06-04 15:04:42.629 182 182 I hw-BpHwBinder: onLastStrongRef automatically unlinking death recipients
06-04 15:04:42.632 261 261 I AW_PowerHAL: Power setMode: INTERACTIVE to: 1
06-04 15:04:42.632 261 261 I AW_PowerHAL: not completed yet, ignore mode request other
06-04 15:04:42.632 261 261 I AW_PowerHAL: check: Mode 0 not Supported ,do nothing
06-04 15:04:42.636 476 476 I SystemServerTiming: StartThermalManager
06-04 15:04:42.636 476 476 I SystemServiceManager: Starting com.android.server.power.ThermalManagerService
06-04 15:04:42.638 476 476 I SystemServerTiming: StartHintManager
06-04 15:04:42.638 476 476 I SystemServiceManager: Starting com.android.server.power.hint.HintManagerService
06-04 15:04:42.639 476 476 E PowerHalController: getHintSessionPreferredRate failed: Status(-129, EX_TRANSACTION_FAILED): 'UNKNOWN_TRANSACTION: '
06-04 15:04:42.640 476 476 I SystemServerTiming: InitPowerManagement
06-04 15:04:42.642 476 476 I SystemServerTiming: StartRecoverySystemService
06-04 15:04:42.642 476 476 I SystemServiceManager: Starting com.android.server.recoverysystem.RecoverySystemService$Lifecycle
06-04 15:04:42.646 476 476 I PackageWatchdog: Syncing state, reason: added new observer
06-04 15:04:42.646 476 476 I PackageWatchdog: Not pruning observers, elapsed time: 0ms
06-04 15:04:42.646 476 476 I PackageWatchdog: Cancelling state sync, nothing to sync
06-04 15:04:42.646 476 537 I PackageWatchdog: Saving observer state to file
06-04 15:04:42.654 386 386 I : DVI mode selected: packets not configured
06-04 15:04:42.654 386 386 I : Error: set vsif failed
06-04 15:04:42.648 476 476 I SystemServerTiming: StartLightsService
06-04 15:04:42.648 476 476 I SystemServiceManager: Starting com.android.server.lights.LightsService
06-04 15:04:42.652 181 181 I servicemanager: Found android.hardware.light.ILights/default in device VINTF manifest.
06-04 15:04:42.654 260 260 I android.hardware.lights-service: Lights reporting supported lights size=1
06-04 15:04:42.657 476 476 I SystemServerTiming: StartSidekickService
06-04 15:04:42.657 476 476 I SystemServerTiming: StartDisplayManager
06-04 15:04:42.657 476 476 I SystemServiceManager: Starting com.android.server.display.DisplayManagerService
06-04 15:04:42.674 285 529 E HWComposer: getSupportedContentTypes: getSupportedContentTypes failed for display 0: Unsupported (8)
06-04 15:04:42.675 476 476 I SystemServerTiming: WaitForDisplay
06-04 15:04:42.675 476 476 I SystemServiceManager: Starting phase 100
06-04 15:04:42.675 476 476 I SystemServerTiming: OnBootPhase_100
06-04 15:04:42.690 476 521 I DisplayDeviceRepository: Display device added: DisplayDeviceInfo{"内置屏幕": uniqueId="local:0", 1920 x 1080, modeId 1, defaultModeId 1, supportedModes [{id=1, width=1920, height=1080, fps=60.000004, alternativeRefreshRates=[]}], colorMode 0, supportedColorModes [0], hdrCapabilities HdrCapabilities{mSupportedHdrTypes=[2, 3], mMaxLuminance=500.0, mMaxAverageLuminance=500.0, mMinLuminance=0.0}, allmSupported false, gameContentTypeSupported false, density 240, 0.16 x 0.16 dpi, appVsyncOff 1000000, presDeadline 16666666, touch INTERNAL, rotation 0, type INTERNAL, address {port=0}, deviceProductInfo null, state UNKNOWN, frameRateOverride , brightnessMinimum 0.0, brightnessMaximum 1.0, brightnessDefault 0.39763778, FLAG_DEFAULT_DISPLAY, FLAG_ROTATES_WITH_CONTENT, FLAG_SECURE, FLAG_SUPPORTS_PROTECTED_BUFFERS}
06-04 15:04:42.693 476 521 I LogicalDisplayMapper: Applying layout: [{addr: {port=0}, dispId: 0(ON)}], Previous layout: null
06-04 15:04:42.699 476 521 I LogicalDisplayMapper: Adding new display: 0: DisplayInfo{"内置屏幕", displayId 0", displayGroupId -1, FLAG_SECURE, FLAG_SUPPORTS_PROTECTED_BUFFERS, FLAG_TRUSTED, real 1920 x 1080, largest app 1920 x 1080, smallest app 1920 x 1080, appVsyncOff 1000000, presDeadline 16666666, mode 1, defaultMode 1, modes [{id=1, width=1920, height=1080, fps=60.000004, alternativeRefreshRates=[]}], hdrCapabilities HdrCapabilities{mSupportedHdrTypes=[2, 3], mMaxLuminance=500.0, mMaxAverageLuminance=500.0, mMinLuminance=0.0}, userDisabledHdrTypes [], minimalPostProcessingSupported false, rotation 0, state UNKNOWN, type INTERNAL, uniqueId "local:0", app 1920 x 1080, density 240 (0.16 x 0.16) dpi, layerStack 0, colorMode 0, supportedColorModes [0], address {port=0}, deviceProductInfo null, removeMode 0, refreshRateOverride 0.0, brightnessMinimum 0.0, brightnessMaximum 1.0, brightnessDefault 0.39763778}
06-04 15:04:42.700 476 521 I LogicalDisplayMapper: Setting new display group 0 for display 0, from previous group: null
06-04 15:04:42.701 476 476 I SystemServerTiming: StartDomainVerificationService
06-04 15:04:42.720 386 386 I : DVI mode selected: packets not configured
06-04 15:04:42.720 386 386 I : Error: set vsif failed
06-04 15:04:42.724 476 476 I SystemServerTiming: StartPackageManagerService
06-04 15:04:42.724 476 476 I Watchdog: Pausing HandlerChecker: main thread for reason: packagemanagermain. Pause count: 1
06-04 15:04:42.731 476 476 I PackageManagerTiming: create package manager
06-04 15:04:42.741 476 476 E PackageManager: /oem/delete.txt not exist
06-04 15:04:42.741 476 476 I PackageManagerTiming: createSubComponents
06-04 15:04:42.779 476 476 I PackageManagerTiming: addSharedUsers
06-04 15:04:42.786 386 386 I : DVI mode selected: packets not configured
06-04 15:04:42.786 386 386 I : Error: set vsif failed
06-04 15:04:42.785 476 476 I PackageManagerTiming: get system config
06-04 15:04:42.788 476 476 D PackageManager: Directories scanned as system partitions: [/system:0, /vendor:524288, /odm:4194304, /oem:262144, /product:1048576, /system/system_ext:2097152, /apex/com.android.wifi:8388608, /apex/com.android.vndk.v31:8388608, /apex/com.android.tzdata:8388608, /apex/com.android.tethering:8388608, /apex/com.android.sdkext:8388608, /apex/com.android.scheduling:8388608, /apex/com.android.runtime:8388608, /apex/com.android.resolv:8388608, /apex/com.android.permission:8388608, /apex/com.android.os.statsd:8388608, /apex/com.android.neuralnetworks:8388608, /apex/com.android.mediaprovider:8388608, /apex/com.android.media.swcodec:8388608, /apex/com.android.media:8388608, /apex/com.android.ipsec:8388608, /apex/com.android.i18n:8388608, /apex/com.android.extservices:8388608, /apex/com.android.conscrypt:8388608, /apex/com.android.art:8388608, /apex/com.android.appsearch:8388608, /apex/com.android.adbd:8388608]
06-04 15:04:42.794 476 476 D SELinuxMMAC: Using policy file /system/etc/selinux/plat_mac_permissions.xml
06-04 15:04:42.798 476 476 D SELinuxMMAC: Using policy file /system_ext/etc/selinux/system_ext_mac_permissions.xml
06-04 15:04:42.799 476 476 D SELinuxMMAC: Using policy file /vendor/etc/selinux/vendor_mac_permissions.xml
06-04 15:04:42.800 476 476 I PackageManagerTiming: loadFallbacks
06-04 15:04:42.803 476 476 D FallbackCategoryProvider: Found 1 fallback categories
06-04 15:04:42.803 476 476 I PackageManagerTiming: read user settings
06-04 15:04:42.836 386 386 I : DVI mode selected: packets not configured
06-04 15:04:42.836 386 386 I : Error: set vsif failed
06-04 15:04:42.886 386 386 I : DVI mode selected: packets not configured
06-04 15:04:42.886 386 386 I : Error: set vsif failed
06-04 15:04:42.895 476 517 D SystemServerInitThreadPool: Finished executing loadPreinstalledSystemFontMap
06-04 15:04:42.990 476 476 W android.permission.PermissionManager: Missing ActivityManager; assuming 1000 holds android.permission.SET_PREFERRED_APPLICATIONS
06-04 15:04:42.990 476 476 W android.permission.PermissionManager: Missing ActivityManager; assuming 1000 holds android.permission.SET_PREFERRED_APPLICATIONS
06-04 15:04:42.991 476 476 W android.permission.PermissionManager: Missing ActivityManager; assuming 1000 holds android.permission.SET_PREFERRED_APPLICATIONS
06-04 15:04:42.991 476 476 W android.permission.PermissionManager: Missing ActivityManager; assuming 1000 holds android.permission.SET_PREFERRED_APPLICATIONS
06-04 15:04:42.991 476 476 W android.permission.PermissionManager: Missing ActivityManager; assuming 1000 holds android.permission.SET_PREFERRED_APPLICATIONS
06-04 15:04:42.991 476 476 W android.permission.PermissionManager: Missing ActivityManager; assuming 1000 holds android.permission.SET_PREFERRED_APPLICATIONS
06-04 15:04:42.992 476 476 W android.permission.PermissionManager: Missing ActivityManager; assuming 1000 holds android.permission.SET_PREFERRED_APPLICATIONS
06-04 15:04:42.992 476 476 W android.permission.PermissionManager: Missing ActivityManager; assuming 1000 holds android.permission.SET_PREFERRED_APPLICATIONS
06-04 15:04:42.992 476 476 W android.permission.PermissionManager: Missing ActivityManager; assuming 1000 holds android.permission.SET_PREFERRED_APPLICATIONS
06-04 15:04:42.992 476 476 W android.permission.PermissionManager: Missing ActivityManager; assuming 1000 holds android.permission.SET_PREFERRED_APPLICATIONS
06-04 15:04:42.992 476 476 W android.permission.PermissionManager: Missing ActivityManager; assuming 1000 holds android.permission.SET_PREFERRED_APPLICATIONS
06-04 15:04:42.993 476 476 W android.permission.PermissionManager: Missing ActivityManager; assuming 1000 holds android.permission.SET_PREFERRED_APPLICATIONS
06-04 15:04:42.993 476 476 W android.permission.PermissionManager: Missing ActivityManager; assuming 1000 holds android.permission.SET_PREFERRED_APPLICATIONS
06-04 15:04:42.994 476 476 W android.permission.PermissionManager: Missing ActivityManager; assuming 1000 holds android.permission.SET_PREFERRED_APPLICATIONS
06-04 15:04:42.994 476 476 W android.permission.PermissionManager: Missing ActivityManager; assuming 1000 holds android.permission.SET_PREFERRED_APPLICATIONS
06-04 15:04:42.994 476 476 W android.permission.PermissionManager: Missing ActivityManager; assuming 1000 holds android.permission.SET_PREFERRED_APPLICATIONS
06-04 15:04:42.994 476 476 W android.permission.PermissionManager: Missing ActivityManager; assuming 1000 holds android.permission.SET_PREFERRED_APPLICATIONS
06-04 15:04:42.994 476 476 W android.permission.PermissionManager: Missing ActivityManager; assuming 1000 holds android.permission.SET_PREFERRED_APPLICATIONS
06-04 15:04:42.995 476 476 W android.permission.PermissionManager: Missing ActivityManager; assuming 1000 holds android.permission.SET_PREFERRED_APPLICATIONS
06-04 15:04:42.995 476 476 W android.permission.PermissionManager: Missing ActivityManager; assuming 1000 holds android.permission.SET_PREFERRED_APPLICATIONS
06-04 15:04:42.995 476 476 W android.permission.PermissionManager: Missing ActivityManager; assuming 1000 holds android.permission.SET_PREFERRED_APPLICATIONS
06-04 15:04:42.995 476 476 W android.permission.PermissionManager: Missing ActivityManager; assuming 1000 holds android.permission.SET_PREFERRED_APPLICATIONS
06-04 15:04:42.996 476 476 W android.permission.PermissionManager: Missing ActivityManager; assuming 1000 holds android.permission.SET_PREFERRED_APPLICATIONS
06-04 15:04:42.996 476 476 W android.permission.PermissionManager: Missing ActivityManager; assuming 1000 holds android.permission.SET_PREFERRED_APPLICATIONS
06-04 15:04:42.996 476 476 W android.permission.PermissionManager: Missing ActivityManager; assuming 1000 holds android.permission.SET_PREFERRED_APPLICATIONS
06-04 15:04:42.996 476 476 W android.permission.PermissionManager: Missing ActivityManager; assuming 1000 holds android.permission.SET_PREFERRED_APPLICATIONS
06-04 15:04:42.996 476 476 W android.permission.PermissionManager: Missing ActivityManager; assuming 1000 holds android.permission.SET_PREFERRED_APPLICATIONS
06-04 15:04:42.997 476 476 W android.permission.PermissionManager: Missing ActivityManager; assuming 1000 holds android.permission.SET_PREFERRED_APPLICATIONS
06-04 15:04:42.997 476 476 W android.permission.PermissionManager: Missing ActivityManager; assuming 1000 holds android.permission.SET_PREFERRED_APPLICATIONS
06-04 15:04:42.997 476 476 W android.permission.PermissionManager: Missing ActivityManager; assuming 1000 holds android.permission.SET_PREFERRED_APPLICATIONS
06-04 15:04:42.997 476 476 W android.permission.PermissionManager: Missing ActivityManager; assuming 1000 holds android.permission.SET_PREFERRED_APPLICATIONS
06-04 15:04:42.998 476 476 W android.permission.PermissionManager: Missing ActivityManager; assuming 1000 holds android.permission.SET_PREFERRED_APPLICATIONS
06-04 15:04:42.998 476 476 W android.permission.PermissionManager: Missing ActivityManager; assuming 1000 holds android.permission.SET_PREFERRED_APPLICATIONS
06-04 15:04:42.998 476 476 W android.permission.PermissionManager: Missing ActivityManager; assuming 1000 holds android.permission.SET_PREFERRED_APPLICATIONS
06-04 15:04:42.998 476 476 W android.permission.PermissionManager: Missing ActivityManager; assuming 1000 holds android.permission.SET_PREFERRED_APPLICATIONS
06-04 15:04:42.999 476 476 W android.permission.PermissionManager: Missing ActivityManager; assuming 1000 holds android.permission.SET_PREFERRED_APPLICATIONS
06-04 15:04:43.000 476 476 W android.permission.PermissionManager: Missing ActivityManager; assuming 1000 holds android.permission.SET_PREFERRED_APPLICATIONS
06-04 15:04:43.000 476 476 W android.permission.PermissionManager: Missing ActivityManager; assuming 1000 holds android.permission.SET_PREFERRED_APPLICATIONS
06-04 15:04:43.000 476 476 W android.permission.PermissionManager: Missing ActivityManager; assuming 1000 holds android.permission.SET_PREFERRED_APPLICATIONS
06-04 15:04:43.001 476 476 W android.permission.PermissionManager: Missing ActivityManager; assuming 1000 holds android.permission.SET_PREFERRED_APPLICATIONS
06-04 15:04:43.001 476 476 W android.permission.PermissionManager: Missing ActivityManager; assuming 1000 holds android.permission.SET_PREFERRED_APPLICATIONS
06-04 15:04:43.001 476 476 W android.permission.PermissionManager: Missing ActivityManager; assuming 1000 holds android.permission.SET_PREFERRED_APPLICATIONS
06-04 15:04:43.001 476 476 W android.permission.PermissionManager: Missing ActivityManager; assuming 1000 holds android.permission.SET_PREFERRED_APPLICATIONS
06-04 15:04:43.002 476 476 W android.permission.PermissionManager: Missing ActivityManager; assuming 1000 holds android.permission.SET_PREFERRED_APPLICATIONS
06-04 15:04:43.002 476 476 W android.permission.PermissionManager: Missing ActivityManager; assuming 1000 holds android.permission.SET_PREFERRED_APPLICATIONS
06-04 15:04:43.002 476 476 W android.permission.PermissionManager: Missing ActivityManager; assuming 1000 holds android.permission.SET_PREFERRED_APPLICATIONS
06-04 15:04:43.002 476 476 W android.permission.PermissionManager: Missing ActivityManager; assuming 1000 holds android.permission.SET_PREFERRED_APPLICATIONS
06-04 15:04:43.002 476 476 W android.permission.PermissionManager: Missing ActivityManager; assuming 1000 holds android.permission.SET_PREFERRED_APPLICATIONS
06-04 15:04:43.003 476 476 W android.permission.PermissionManager: Missing ActivityManager; assuming 1000 holds android.permission.SET_PREFERRED_APPLICATIONS
06-04 15:04:43.003 476 476 W android.permission.PermissionManager: Missing ActivityManager; assuming 1000 holds android.permission.SET_PREFERRED_APPLICATIONS
06-04 15:04:43.003 476 476 W android.permission.PermissionManager: Missing ActivityManager; assuming 1000 holds android.permission.SET_PREFERRED_APPLICATIONS
06-04 15:04:43.003 476 476 W android.permission.PermissionManager: Missing ActivityManager; assuming 1000 holds android.permission.SET_PREFERRED_APPLICATIONS
06-04 15:04:43.004 476 476 W android.permission.PermissionManager: Missing ActivityManager; assuming 1000 holds android.permission.SET_PREFERRED_APPLICATIONS
06-04 15:04:43.004 476 476 W android.permission.PermissionManager: Missing ActivityManager; assuming 1000 holds android.permission.SET_PREFERRED_APPLICATIONS
06-04 15:04:43.004 476 476 W android.permission.PermissionManager: Missing ActivityManager; assuming 1000 holds android.permission.SET_PREFERRED_APPLICATIONS
06-04 15:04:43.004 476 476 W android.permission.PermissionManager: Missing ActivityManager; assuming 1000 holds android.permission.SET_PREFERRED_APPLICATIONS
06-04 15:04:43.004 476 476 W android.permission.PermissionManager: Missing ActivityManager; assuming 1000 holds android.permission.SET_PREFERRED_APPLICATIONS
06-04 15:04:43.005 476 476 W android.permission.PermissionManager: Missing ActivityManager; assuming 1000 holds android.permission.SET_PREFERRED_APPLICATIONS
06-04 15:04:43.005 476 476 W android.permission.PermissionManager: Missing ActivityManager; assuming 1000 holds android.permission.SET_PREFERRED_APPLICATIONS
06-04 15:04:43.005 476 476 W android.permission.PermissionManager: Missing ActivityManager; assuming 1000 holds android.permission.SET_PREFERRED_APPLICATIONS
06-04 15:04:43.005 476 476 W android.permission.PermissionManager: Missing ActivityManager; assuming 1000 holds android.permission.SET_PREFERRED_APPLICATIONS
06-04 15:04:43.006 476 476 W android.permission.PermissionManager: Missing ActivityManager; assuming 1000 holds android.permission.SET_PREFERRED_APPLICATIONS
06-04 15:04:43.006 476 476 W android.permission.PermissionManager: Missing ActivityManager; assuming 1000 holds android.permission.SET_PREFERRED_APPLICATIONS
06-04 15:04:43.006 476 476 W android.permission.PermissionManager: Missing ActivityManager; assuming 1000 holds android.permission.SET_PREFERRED_APPLICATIONS
06-04 15:04:43.006 476 476 W android.permission.PermissionManager: Missing ActivityManager; assuming 1000 holds android.permission.SET_PREFERRED_APPLICATIONS
06-04 15:04:43.006 476 476 W android.permission.PermissionManager: Missing ActivityManager; assuming 1000 holds android.permission.SET_PREFERRED_APPLICATIONS
06-04 15:04:43.007 476 476 W android.permission.PermissionManager: Missing ActivityManager; assuming 1000 holds android.permission.SET_PREFERRED_APPLICATIONS
06-04 15:04:43.007 476 476 W android.permission.PermissionManager: Missing ActivityManager; assuming 1000 holds android.permission.SET_PREFERRED_APPLICATIONS
06-04 15:04:43.007 476 476 W android.permission.PermissionManager: Missing ActivityManager; assuming 1000 holds android.permission.SET_PREFERRED_APPLICATIONS
06-04 15:04:43.007 476 476 W android.permission.PermissionManager: Missing ActivityManager; assuming 1000 holds android.permission.SET_PREFERRED_APPLICATIONS
06-04 15:04:43.007 476 476 W android.permission.PermissionManager: Missing ActivityManager; assuming 1000 holds android.permission.SET_PREFERRED_APPLICATIONS
06-04 15:04:43.008 476 476 W android.permission.PermissionManager: Missing ActivityManager; assuming 1000 holds android.permission.SET_PREFERRED_APPLICATIONS
06-04 15:04:43.008 476 476 W android.permission.PermissionManager: Missing ActivityManager; assuming 1000 holds android.permission.SET_PREFERRED_APPLICATIONS
06-04 15:04:43.008 476 476 W android.permission.PermissionManager: Missing ActivityManager; assuming 1000 holds android.permission.SET_PREFERRED_APPLICATIONS
06-04 15:04:43.008 476 476 W android.permission.PermissionManager: Missing ActivityManager; assuming 1000 holds android.permission.SET_PREFERRED_APPLICATIONS
06-04 15:04:43.009 476 476 W android.permission.PermissionManager: Missing ActivityManager; assuming 1000 holds android.permission.SET_PREFERRED_APPLICATIONS
06-04 15:04:43.009 476 476 W android.permission.PermissionManager: Missing ActivityManager; assuming 1000 holds android.permission.SET_PREFERRED_APPLICATIONS
06-04 15:04:43.009 476 476 W android.permission.PermissionManager: Missing ActivityManager; assuming 1000 holds android.permission.SET_PREFERRED_APPLICATIONS
06-04 15:04:43.009 476 476 W android.permission.PermissionManager: Missing ActivityManager; assuming 1000 holds android.permission.SET_PREFERRED_APPLICATIONS
06-04 15:04:43.010 476 476 W android.permission.PermissionManager: Missing ActivityManager; assuming 1000 holds android.permission.SET_PREFERRED_APPLICATIONS
06-04 15:04:43.010 476 476 W android.permission.PermissionManager: Missing ActivityManager; assuming 1000 holds android.permission.SET_PREFERRED_APPLICATIONS
06-04 15:04:43.010 476 476 W android.permission.PermissionManager: Missing ActivityManager; assuming 1000 holds android.permission.SET_PREFERRED_APPLICATIONS
06-04 15:04:43.010 476 476 W android.permission.PermissionManager: Missing ActivityManager; assuming 1000 holds android.permission.SET_PREFERRED_APPLICATIONS
06-04 15:04:43.011 476 476 W android.permission.PermissionManager: Missing ActivityManager; assuming 1000 holds android.permission.SET_PREFERRED_APPLICATIONS
06-04 15:04:43.011 476 476 W android.permission.PermissionManager: Missing ActivityManager; assuming 1000 holds android.permission.SET_PREFERRED_APPLICATIONS
06-04 15:04:43.011 476 476 W android.permission.PermissionManager: Missing ActivityManager; assuming 1000 holds android.permission.SET_PREFERRED_APPLICATIONS
06-04 15:04:43.011 476 476 W android.permission.PermissionManager: Missing ActivityManager; assuming 1000 holds android.permission.SET_PREFERRED_APPLICATIONS
06-04 15:04:43.011 476 476 W android.permission.PermissionManager: Missing ActivityManager; assuming 1000 holds android.permission.SET_PREFERRED_APPLICATIONS
06-04 15:04:43.012 476 476 W android.permission.PermissionManager: Missing ActivityManager; assuming 1000 holds android.permission.SET_PREFERRED_APPLICATIONS
06-04 15:04:43.012 476 476 W android.permission.PermissionManager: Missing ActivityManager; assuming 1000 holds android.permission.SET_PREFERRED_APPLICATIONS
06-04 15:04:43.012 476 476 W android.permission.PermissionManager: Missing ActivityManager; assuming 1000 holds android.permission.SET_PREFERRED_APPLICATIONS
06-04 15:04:43.012 476 476 W android.permission.PermissionManager: Missing ActivityManager; assuming 1000 holds android.permission.SET_PREFERRED_APPLICATIONS
06-04 15:04:43.013 476 476 W android.permission.PermissionManager: Missing ActivityManager; assuming 1000 holds android.permission.SET_PREFERRED_APPLICATIONS
06-04 15:04:43.013 476 476 W android.permission.PermissionManager: Missing ActivityManager; assuming 1000 holds android.permission.SET_PREFERRED_APPLICATIONS
06-04 15:04:43.013 476 476 W android.permission.PermissionManager: Missing ActivityManager; assuming 1000 holds android.permission.SET_PREFERRED_APPLICATIONS
06-04 15:04:43.013 476 476 W android.permission.PermissionManager: Missing ActivityManager; assuming 1000 holds android.permission.SET_PREFERRED_APPLICATIONS
06-04 15:04:43.014 476 476 W android.permission.PermissionManager: Missing ActivityManager; assuming 1000 holds android.permission.SET_PREFERRED_APPLICATIONS
06-04 15:04:43.014 476 476 W android.permission.PermissionManager: Missing ActivityManager; assuming 1000 holds android.permission.SET_PREFERRED_APPLICATIONS
06-04 15:04:43.014 476 476 W android.permission.PermissionManager: Missing ActivityManager; assuming 1000 holds android.permission.SET_PREFERRED_APPLICATIONS
06-04 15:04:43.014 476 476 W android.permission.PermissionManager: Missing ActivityManager; assuming 1000 holds android.permission.SET_PREFERRED_APPLICATIONS
06-04 15:04:43.014 476 476 W android.permission.PermissionManager: Missing ActivityManager; assuming 1000 holds android.permission.SET_PREFERRED_APPLICATIONS
06-04 15:04:43.015 476 476 W android.permission.PermissionManager: Missing ActivityManager; assuming 1000 holds android.permission.SET_PREFERRED_APPLICATIONS
06-04 15:04:43.015 476 476 W android.permission.PermissionManager: Missing ActivityManager; assuming 1000 holds android.permission.SET_PREFERRED_APPLICATIONS
06-04 15:04:43.015 476 476 W android.permission.PermissionManager: Missing ActivityManager; assuming 1000 holds android.permission.SET_PREFERRED_APPLICATIONS
06-04 15:04:43.015 476 476 W android.permission.PermissionManager: Missing ActivityManager; assuming 1000 holds android.permission.SET_PREFERRED_APPLICATIONS
06-04 15:04:43.016 476 476 W android.permission.PermissionManager: Missing ActivityManager; assuming 1000 holds android.permission.SET_PREFERRED_APPLICATIONS
06-04 15:04:43.016 476 476 W android.permission.PermissionManager: Missing ActivityManager; assuming 1000 holds android.permission.SET_PREFERRED_APPLICATIONS
06-04 15:04:43.016 476 476 W android.permission.PermissionManager: Missing ActivityManager; assuming 1000 holds android.permission.SET_PREFERRED_APPLICATIONS
06-04 15:04:43.016 476 476 W android.permission.PermissionManager: Missing ActivityManager; assuming 1000 holds android.permission.SET_PREFERRED_APPLICATIONS
06-04 15:04:43.016 476 476 W android.permission.PermissionManager: Missing ActivityManager; assuming 1000 holds android.permission.SET_PREFERRED_APPLICATIONS
06-04 15:04:43.017 476 476 W android.permission.PermissionManager: Missing ActivityManager; assuming 1000 holds android.permission.SET_PREFERRED_APPLICATIONS
06-04 15:04:43.017 476 476 W android.permission.PermissionManager: Missing ActivityManager; assuming 1000 holds android.permission.SET_PREFERRED_APPLICATIONS
06-04 15:04:43.039 476 476 W PackageSettings: Missing permission state for package: com.android.cts.priv.ctsshim
06-04 15:04:43.039 476 476 W PackageSettings: Missing permission state for package: com.android.internal.systemui.navbar.gestural_wide_back
06-04 15:04:43.039 476 476 W PackageSettings: Missing permission state for package: com.softwinner.awlogsettings
06-04 15:04:43.039 476 476 W PackageSettings: Missing permission state for package: com.android.htmlviewer
06-04 15:04:43.039 476 476 W PackageSettings: Missing permission state for package: com.android.internal.systemui.onehanded.gestural
06-04 15:04:43.039 476 476 W PackageSettings: Missing permission state for package: com.android.simappdialog
06-04 15:04:43.039 476 476 W PackageSettings: Missing permission state for package: com.android.connectivity.resources
06-04 15:04:43.039 476 476 W PackageSettings: Missing permission state for package: com.android.modulemetadata
06-04 15:04:43.040 476 476 W PackageSettings: Missing permission state for package: com.google.android.apps.searchlite.overlay
06-04 15:04:43.040 476 476 W PackageSettings: Missing permission state for package: com.android.internal.systemui.navbar.threebutton
06-04 15:04:43.040 476 476 W PackageSettings: Missing permission state for package: com.google.android.networkstackconfig
06-04 15:04:43.040 476 476 W PackageSettings: Missing permission state for package: com.android.internal.systemui.navbar.gestural_extra_wide_back
06-04 15:04:43.040 476 476 W PackageSettings: Missing permission state for package: com.android.dreams.basic
06-04 15:04:43.041 476 476 W PackageSettings: Missing permission state for package: android.ext.shared
06-04 15:04:43.041 476 476 W PackageSettings: Missing permission state for package: com.google.android.networkstack.tetheringconfig
06-04 15:04:43.041 476 476 W PackageSettings: Missing permission state for package: com.android.wifi.resources
06-04 15:04:43.041 476 476 W PackageSettings: Missing permission state for package: com.android.theme.font.notoserifsource
06-04 15:04:43.041 476 476 W PackageSettings: Missing permission state for package: com.allwinnertech.packageoverride
06-04 15:04:43.041 476 476 W PackageSettings: Missing permission state for package: com.android.bookmarkprovider
06-04 15:04:43.041 476 476 W PackageSettings: Missing permission state for package: com.android.cts.ctsshim
06-04 15:04:43.041 476 476 W PackageSettings: Missing permission state for package: com.softwinner.theme.icon
06-04 15:04:43.042 476 476 W PackageSettings: Missing permission state for package: com.softwinner.theme.color
06-04 15:04:43.042 476 476 W PackageSettings: Missing permission state for package: com.android.internal.systemui.navbar.gestural
06-04 15:04:43.042 476 476 W PackageSettings: Missing permission state for package: com.android.internal.systemui.navbar.gestural_narrow_back
06-04 15:04:43.042 476 476 W PackageSettings: Missing permission state for package: android.auto_generated_rro_vendor__
06-04 15:04:43.044 476 476 W PackageSettings: Missing permission state for shared user: android.uid.log
06-04 15:04:43.044 476 476 W PackageSettings: Missing permission state for shared user: android.uid.nfc
06-04 15:04:43.044 476 476 W PackageSettings: Missing permission state for shared user: android.uid.uwb
06-04 15:04:43.054 476 476 D PackageManager: Keeping known cache 373fdcad41c3ba14bf5c571d71c30515f11b1ebe
06-04 15:04:43.056 476 476 D PackageManager: No files in app dir /system/system_ext/overlay
06-04 15:04:43.065 476 476 I PackageBackwardCompatibility: Loaded android.content.pm.AndroidTestBaseUpdater
06-04 15:04:43.067 476 476 D CompatibilityChangeReporter: Compat change id reported: 143539591; UID -1; state: ENABLED
06-04 15:04:43.083 476 476 D PackageManager: No files in app dir /oem/overlay
06-04 15:04:43.083 476 476 D PackageManager: No files in app dir /odm/overlay
06-04 15:04:43.091 476 476 W PackageManager: Failed to parse /system/framework/oat: Missing base APK in /system/framework/oat/arm
06-04 15:04:43.091 476 476 W PackageManager: Failed to parse /system/framework/arm: Missing base APK in /system/framework/arm
06-04 15:04:43.154 476 564 D PackageParsing: homlet: force set orientation: 0
06-04 15:04:43.156 476 564 D CompatibilityChangeReporter: Compat change id reported: 150232615; UID -1; state: ENABLED
06-04 15:04:43.173 476 476 W PackageManager: Failed to parse /system/priv-app/SettingsAssist: /system/priv-app/SettingsAssist/SettingsAssist.apk (at Binary XML file line #34): com.softwinner.settingsassist.Recovery: Targeting S+ (version 31 and above) requires that an explicit value for android:exported be defined when intent filters are present
06-04 15:04:43.215 476 476 D CompatibilityChangeReporter: Compat change id reported: 143539591; UID -1; state: DISABLED
06-04 15:04:43.215 476 476 D CompatibilityChangeReporter: Compat change id reported: 168782947; UID -1; state: ENABLED
06-04 15:04:43.227 476 476 D CompatibilityChangeReporter: Compat change id reported: 168782947; UID -1; state: DISABLED
06-04 15:04:43.240 476 476 W PackageManager: Provider ComponentInfo{com.dangbei.leard.leradlauncher/androidx.core.content.FileProvider} already defined; ignoring
06-04 15:04:43.294 242 242 W ServiceManager: Service statscompanion didn't start. Returning NULL
06-04 15:04:43.297 242 242 I statsd : Statsd starts to listen to socket.
06-04 15:04:43.387 476 476 D PackageManager: No files in app dir /vendor/priv-app
06-04 15:04:43.388 476 476 D PackageManager: No files in app dir /vendor/app
06-04 15:04:43.388 476 476 D PackageManager: No files in app dir /odm/priv-app
06-04 15:04:43.388 476 476 D PackageManager: No files in app dir /odm/app
06-04 15:04:43.389 476 476 D PackageManager: No files in app dir /oem/priv-app
06-04 15:04:43.389 476 476 D PackageManager: No files in app dir /oem/app
06-04 15:04:43.503 476 476 D PackageManager: No files in app dir /apex/com.android.vndk.v31/priv-app
06-04 15:04:43.503 476 476 D PackageManager: No files in app dir /apex/com.android.vndk.v31/app
06-04 15:04:43.504 476 476 D PackageManager: No files in app dir /apex/com.android.tzdata/priv-app
06-04 15:04:43.504 476 476 D PackageManager: No files in app dir /apex/com.android.tzdata/app
06-04 15:04:43.512 476 493 I system_server: Background young concurrent copying GC freed 200034(10MB) AllocSpace objects, 114(2784KB) LOS objects, 78% free, 6838KB/30MB, paused 305us total 254.886ms
06-04 15:04:43.520 476 476 D PackageManager: No files in app dir /apex/com.android.tethering/app
06-04 15:04:43.520 476 476 D PackageManager: No files in app dir /apex/com.android.sdkext/priv-app
06-04 15:04:43.520 476 476 D PackageManager: No files in app dir /apex/com.android.sdkext/app
06-04 15:04:43.520 476 476 D PackageManager: No files in app dir /apex/com.android.scheduling/priv-app
06-04 15:04:43.520 476 476 D PackageManager: No files in app dir /apex/com.android.scheduling/app
06-04 15:04:43.520 476 476 D PackageManager: No files in app dir /apex/com.android.runtime/priv-app
06-04 15:04:43.520 476 476 D PackageManager: No files in app dir /apex/com.android.runtime/app
06-04 15:04:43.521 476 476 D PackageManager: No files in app dir /apex/com.android.resolv/priv-app
06-04 15:04:43.521 476 476 D PackageManager: No files in app dir /apex/com.android.resolv/app
06-04 15:04:43.534 476 476 D PackageManager: No files in app dir /apex/com.android.permission/app
06-04 15:04:43.534 476 476 D PackageManager: No files in app dir /apex/com.android.os.statsd/priv-app
06-04 15:04:43.534 476 476 D PackageManager: No files in app dir /apex/com.android.os.statsd/app
06-04 15:04:43.534 476 476 D PackageManager: No files in app dir /apex/com.android.neuralnetworks/priv-app
06-04 15:04:43.534 476 476 D PackageManager: No files in app dir /apex/com.android.neuralnetworks/app
06-04 15:04:43.541 476 476 D PackageManager: No files in app dir /apex/com.android.mediaprovider/app
06-04 15:04:43.541 476 476 D PackageManager: No files in app dir /apex/com.android.media.swcodec/priv-app
06-04 15:04:43.541 476 476 D PackageManager: No files in app dir /apex/com.android.media.swcodec/app
06-04 15:04:43.541 476 476 D PackageManager: No files in app dir /apex/com.android.media/priv-app
06-04 15:04:43.541 476 476 D PackageManager: No files in app dir /apex/com.android.media/app
06-04 15:04:43.541 476 476 D PackageManager: No files in app dir /apex/com.android.ipsec/priv-app
06-04 15:04:43.542 476 476 D PackageManager: No files in app dir /apex/com.android.ipsec/app
06-04 15:04:43.542 476 476 D PackageManager: No files in app dir /apex/com.android.i18n/priv-app
06-04 15:04:43.542 476 476 D PackageManager: No files in app dir /apex/com.android.i18n/app
06-04 15:04:43.548 476 476 D PackageManager: No files in app dir /apex/com.android.extservices/app
06-04 15:04:43.548 476 476 D PackageManager: No files in app dir /apex/com.android.conscrypt/priv-app
06-04 15:04:43.548 476 476 D PackageManager: No files in app dir /apex/com.android.conscrypt/app
06-04 15:04:43.548 476 476 D PackageManager: No files in app dir /apex/com.android.art/priv-app
06-04 15:04:43.548 476 476 D PackageManager: No files in app dir /apex/com.android.art/app
06-04 15:04:43.548 476 476 D PackageManager: No files in app dir /apex/com.android.appsearch/priv-app
06-04 15:04:43.548 476 476 D PackageManager: No files in app dir /apex/com.android.appsearch/app
06-04 15:04:43.548 476 476 D PackageManager: No files in app dir /apex/com.android.adbd/priv-app
06-04 15:04:43.549 476 476 D PackageManager: No files in app dir /apex/com.android.adbd/app
06-04 15:04:43.556 476 476 I PackageManager: Finished scanning system apps. Time: 505 ms, packageCount: 112 , timePerPackage: 4 , cached: 112
06-04 15:04:43.556 476 476 D PackageManager: No files in app dir /data/app
06-04 15:04:43.557 476 476 I PackageManager: Finished scanning non-system apps. Time: 2 ms, packageCount: 0 , timePerPackage: 0 , cached: 0
06-04 15:04:43.558 476 476 W PackageManager: There should probably be exactly one storage manager; found 2: matches=[ResolveInfo{8172aee com.android.storagemanager/.deletionhelper.DeletionHelperActivity m=0x108000}, ResolveInfo{305fb8f com.android.tv.settings/.device.StorageResetActivity m=0x108000}]
06-04 15:04:43.559 476 476 E PackageManager: There should probably be exactly one setup wizard; found 2: matches=[ResolveInfo{bcbde1c com.dangbei.hqguide/.main.MainActivity p=1000 m=0x108000}, ResolveInfo{9224a25 com.softwinner.provision/.DefaultActivity p=1 m=0x108000}]
06-04 15:04:43.571 476 476 I PackageManager: Time to scan packages: 0.52 seconds
06-04 15:04:43.609 476 476 I PackageManager: Permission ownership changed. Updating all permissions.
