06-04 15:04:49.323 311 311 D XiriService: check file name: /data/data/com.dangbei.screencast/lib
06-04 15:04:49.324 311 311 D XiriService: check file name: /data/data/com.dangbei.screencast/lib
06-04 15:04:49.325 311 311 D XiriService: check file name: /data/data/com.dangbei.leard.leradlauncher/lib
06-04 15:04:49.325 311 311 D XiriService: check file name: /data/data/com.dangbei.leard.leradlauncher/lib
06-04 15:04:49.327 311 311 D XiriService: check file name: /data/data/com.dangbei.leard.leradlauncher/lib
06-04 15:04:49.328 1 1 I : Adding 1505444k swap on /dev/block/zram0. Priority:-2 extents:1 across:1505444k SS
06-04 15:04:49.328 1 1 I init : Command 'swapon_all /vendor/etc/fstab.nswap' action=ro.vendor.ramconfig=2 && sys.boot_completed=1 (/vendor/etc/init/hw/init.ram.rc:30) took 123ms and succeeded
06-04 15:04:49.328 1 1 I init : processing action (persist.vendor.adb.enabled=* && sys.boot_completed=1) from (/vendor/etc/init/hw/init.oranth.rc:55)
06-04 15:04:49.330 1 1 I init : processing action (sys.boot_completed=1) from (/system/etc/init/appsdisable.rc:1)
06-04 15:04:49.330 1 1 I init : starting service 'appsdisable'...
06-04 15:04:49.331 311 311 D XiriService: check file name: /data/data/com.android.providers.settings/lib
06-04 15:04:49.332 311 311 I xiriservice_All: type=1400 audit(0.0:362): avc: denied { search } for name="com.android.printspooler" dev="mmcblk0p25" ino=937 scontext=u:r:init:s0 tcontext=u:object_r:app_data_file:s0:c34,c256,c512,c768 tclass=dir permissive=1
06-04 15:04:49.332 311 311 D XiriService: check file name: /data/data/com.android.providers.settings/lib
06-04 15:04:49.332 311 311 D XiriService: check file name: /data/data/com.android.printspooler/lib
06-04 15:04:49.332 311 311 I xiriservice_All: type=1400 audit(0.0:363): avc: denied { read } for name="lib" dev="mmcblk0p25" ino=6528 scontext=u:r:init:s0 tcontext=u:object_r:app_data_file:s0:c34,c256,c512,c768 tclass=lnk_file permissive=1
06-04 15:04:49.334 311 311 D XiriService: check file name: /data/data/com.android.webview/lib
06-04 15:04:49.332 311 311 I xiriservice_All: type=1400 audit(0.0:364): avc: denied { search } for name="com.android.webview" dev="mmcblk0p25" ino=953 scontext=u:r:init:s0 tcontext=u:object_r:app_data_file:s0:c60,c256,c512,c768 tclass=dir permissive=1
06-04 15:04:49.332 311 311 I xiriservice_All: type=1400 audit(0.0:365): avc: denied { read } for name="lib" dev="mmcblk0p25" ino=6529 scontext=u:r:init:s0 tcontext=u:object_r:app_data_file:s0:c60,c256,c512,c768 tclass=lnk_file permissive=1
06-04 15:04:49.335 311 311 D XiriService: check file name: /data/data/com.android.webview/lib
06-04 15:04:49.335 311 311 D XiriService: check file name: /data/data/com.android.inputdevices/lib
06-04 15:04:49.336 311 311 D XiriService: check file name: /data/data/com.android.bips/lib
06-04 15:04:49.337 311 311 D XiriService: check file name: /data/data/com.android.bips/lib
06-04 15:04:49.337 311 311 D XiriService: check file name: /data/data/com.oranth.inputmacsn/lib
06-04 15:04:49.342 1 1 I init : processing action (sys.boot_completed=1 && sys.bootstat.first_boot_completed=0) from (/system/etc/init/bootstat.rc:77)
06-04 15:04:49.342 1 1 I init : starting service 'exec 17 (/system/bin/bootstat --record_boot_complete --record_boot_reason --record_time_since_factory_reset -l)'...
06-04 15:04:49.340 311 311 D XiriService: check file name: /data/data/com.oranth.inputmacsn/lib
06-04 15:04:49.341 311 311 D XiriService: check file name: /data/data/com.android.keychain/lib
06-04 15:04:49.341 311 311 D XiriService: check file name: /data/data/android.ext.services/lib
06-04 15:04:49.341 311 311 D XiriService: check file name: /data/data/android.ext.services/lib
06-04 15:04:49.342 311 311 D XiriService: check file name: /data/data/android.ext.services/lib
06-04 15:04:49.343 311 311 D XiriService: check file name: /data/data/com.android.localtransport/lib
06-04 15:04:49.345 311 311 D XiriService: check file name: /data/data/com.android.localtransport/lib
06-04 15:04:49.345 311 311 D XiriService: check file name: /data/data/com.android.packageinstaller/lib
06-04 15:04:49.346 311 311 D XiriService: check file name: /data/data/com.android.packageinstaller/lib
06-04 15:04:49.346 311 311 D XiriService: check file name: /data/data/com.android.packageinstaller/lib
06-04 15:04:49.348 311 311 D XiriService: check file name: /data/data/com.oranth.usbopenft/lib
06-04 15:04:49.348 1004 1004 I init : type=1400 audit(0.0:366): avc: denied { entrypoint } for path="/system/bin/appsdisable" dev="dm-0" ino=892 scontext=u:r:shell:s0 tcontext=u:object_r:system_file:s0 tclass=file permissive=1
06-04 15:04:49.354 311 311 D XiriService: check file name: /data/data/com.android.networkstack.tethering/lib
06-04 15:04:49.355 311 311 D XiriService: check file name: /data/data/com.android.networkstack.tethering/lib
06-04 15:04:49.355 311 311 D XiriService: check file name: /data/data/com.android.networkstack.tethering/lib
06-04 15:04:49.356 311 311 D XiriService: check file name: /data/data/com.dangbei.lerad.etna.haqu/lib
06-04 15:04:49.357 311 311 D XiriService: check file name: /data/data/com.dangbei.lerad.etna.haqu/lib
06-04 15:04:49.358 311 311 D XiriService: check file name: /data/data/com.dangbei.lerad.etna.haqu/lib
06-04 15:04:49.359 311 311 D XiriService: check file name: /data/data/com.oranth.powerwindow/lib
06-04 15:04:49.361 1 1 I init : processing action (sys.boot_completed=1) from (/system/etc/init/fix_traceing.rc:1)
06-04 15:04:49.361 1 1 I init : starting service 'fix_traceing'...
06-04 15:04:49.361 311 311 D XiriService: check file name: /data/data/com.oranth.powerwindow/lib
06-04 15:04:49.363 311 311 D XiriService: check file name: /data/data/com.android.networkstack.permissionconfig/lib
06-04 15:04:49.364 311 311 D XiriService: check file name: /data/data/com.android.networkstack.permissionconfig/lib
06-04 15:04:49.366 311 311 D XiriService: check file name: /data/data/com.dangbei.lerad.screensaver/lib
06-04 15:04:49.364 311 311 I xiriservice_All: type=1400 audit(0.0:367): avc: denied { search } for name="com.dangbei.lerad.screensaver" dev="mmcblk0p25" ino=1187 scontext=u:r:init:s0 tcontext=u:object_r:app_data_file:s0:c54,c256,c512,c768 tclass=dir permissive=1
06-04 15:04:49.364 311 311 I xiriservice_All: type=1400 audit(0.0:368): avc: denied { read } for name="lib" dev="mmcblk0p25" ino=6553 scontext=u:r:init:s0 tcontext=u:object_r:app_data_file:s0:c54,c256,c512,c768 tclass=lnk_file permissive=1
06-04 15:04:49.368 311 311 D XiriService: check file name: /data/data/com.dangbei.lerad.screensaver/lib
06-04 15:04:49.370 311 311 D XiriService: check file name: /data/data/com.android.wallpaperbackup/lib
06-04 15:04:49.370 311 311 D XiriService: check file name: /data/data/com.android.wallpaperbackup/lib
06-04 15:04:49.372 311 311 I xiriservice_All: type=1400 audit(0.0:369): avc: denied { search } for name="com.android.providers.media.module" dev="mmcblk0p25" ino=1259 scontext=u:r:init:s0 tcontext=u:object_r:privapp_data_file:s0:c74,c256,c512,c768 tclass=dir permissive=1
06-04 15:04:49.372 311 311 I xiriservice_All: type=1400 audit(0.0:370): avc: denied { read } for name="lib" dev="mmcblk0p25" ino=6557 scontext=u:r:init:s0 tcontext=u:object_r:privapp_data_file:s0:c74,c256,c512,c768 tclass=lnk_file permissive=1
06-04 15:04:49.374 311 311 D XiriService: check file name: /data/data/com.android.providers.media.module/lib
06-04 15:04:49.377 311 311 D XiriService: check file name: /data/data/com.android.providers.media.module/lib
06-04 15:04:49.403 311 311 D XiriService: check file name: /data/data/com.oranth.storage/lib
06-04 15:04:49.404 311 311 D XiriService: check file name: /data/data/com.oranth.storage/lib
06-04 15:04:49.407 311 311 D XiriService: check file name: /data/data/com.android.location.fused/lib
06-04 15:04:49.409 311 311 D XiriService: check file name: /data/data/com.android.location.fused/lib
06-04 15:04:49.414 311 311 D XiriService: check file name: /data/data/com.dangbei.haqusetting/lib
06-04 15:04:49.415 311 311 D XiriService: check file name: /data/data/com.dangbei.haqusetting/lib
06-04 15:04:49.417 311 311 D XiriService: check file name: /data/data/com.softwinner.miracastReceiver/lib
06-04 15:04:49.418 311 311 D XiriService: check file name: /data/data/com.softwinner.miracastReceiver/lib
06-04 15:04:49.419 311 311 D XiriService: check file name: /data/data/com.android.bluetooth/lib
06-04 15:04:49.416 311 311 I xiriservice_All: type=1400 audit(0.0:371): avc: denied { read } for name="lib" dev="mmcblk0p25" ino=6480 scontext=u:r:init:s0 tcontext=u:object_r:bluetooth_data_file:s0 tclass=lnk_file permissive=1
06-04 15:04:49.420 476 521 V PackageManager: reconcileAppsData finished 112 packages
06-04 15:04:49.421 311 311 D XiriService: check file name: /data/data/com.android.bluetooth/lib
06-04 15:04:49.421 476 521 I ActivityManager: User 0 state changed from RUNNING_LOCKED to RUNNING_UNLOCKING
06-04 15:04:49.422 476 521 D ActivityManager: Unlocking user 0 progress 20
06-04 15:04:49.428 1005 1005 I bootstat: Service started: /system/bin/bootstat --record_boot_complete --record_boot_reason --record_time_since_factory_reset -l
06-04 15:04:49.435 1005 1005 E bootstat: Failed to read /data/misc/bootstat/post_decrypt_time_elapsed: No such file or directory
06-04 15:04:49.435 1005 1005 E bootstat: Failed to parse boot time record: /data/misc/bootstat/post_decrypt_time_elapsed
06-04 15:04:49.442 476 608 D WifiNetworkFactory: Registering NetworkFactory
06-04 15:04:49.443 476 608 D UntrustedWifiNetworkFactory: Registering NetworkFactory
06-04 15:04:49.444 476 608 D OemPaidWifiNetworkFactory: Registering NetworkFactory
06-04 15:04:49.444 476 615 D ConnectivityService: Got NetworkProvider Messenger for WifiNetworkFactory
06-04 15:04:49.445 476 615 D ConnectivityService: Got NetworkProvider Messenger for UntrustedWifiNetworkFactory
06-04 15:04:49.445 476 615 D ConnectivityService: Got NetworkProvider Messenger for OemPaidWifiNetworkFactory
06-04 15:04:49.445 476 538 I SystemServerTimingAsync: ssm.UnlockingUser-0
06-04 15:04:49.445 476 538 I SystemServiceManager: Calling onUnlockingUser 0
06-04 15:04:49.447 476 521 D AW_CODE : rotation =0
06-04 15:04:49.449 1005 1005 W bootstat: LogBootEvents, atomInfo not defined for events:last_boot_time_utc,build_date,ro.boottime.init.cold_boot_wait,boot_reason,system_boot_reason,time_since_last_boot
06-04 15:04:49.452 476 538 D BluetoothManagerService: User 0 unlocked
06-04 15:04:49.452 476 538 D StorageManagerService: onUnlockUser 0
06-04 15:04:49.453 476 538 I StorageSessionController: On user unlock 0
06-04 15:04:49.453 476 538 I StorageSessionController: Initialialising...
06-04 15:04:49.454 186 186 I vold : onUserStarted: 0
06-04 15:04:49.455 476 520 D BluetoothManagerService: MESSAGE_USER_UNLOCKED
06-04 15:04:49.458 476 521 D AW_CODE : rotation =0
06-04 15:04:49.462 476 572 V StorageManagerService: Found primary storage at VolumeInfo{emulated;0}:
06-04 15:04:49.462 476 572 V StorageManagerService: type=EMULATED diskId=null partGuid= mountFlags=0 mountUserId=0
06-04 15:04:49.462 476 572 V StorageManagerService: state=UNMOUNTED
06-04 15:04:49.462 476 572 V StorageManagerService: fsType=null fsUuid=null fsLabel=null
06-04 15:04:49.462 476 572 V StorageManagerService: path=null internalPath=null
06-04 15:04:49.463 476 521 D ColorDisplayService: setUp: currentUser=0
06-04 15:04:49.468 476 521 D ColorDisplayService: onNightDisplayAutoModeChanged: autoMode=0
06-04 15:04:49.471 476 521 I ColorDisplayService: Turning off night display
06-04 15:04:49.472 476 521 D ColorDisplayService: Setting bright color reduction level: 50
06-04 15:04:49.478 476 518 I AdbDebuggingManager: Not connected to any wireless network. Not enabling adbwifi.
06-04 15:04:49.479 476 538 W TextServicesManagerService: no available spell checker services found
06-04 15:04:49.479 476 608 D WifiNetworkFactory: got request NetworkRequest [ REQUEST id=1, [ Capabilities: INTERNET&NOT_RESTRICTED&TRUSTED&NOT_VPN&NOT_VCN_MANAGED RequestorUid: 1000 RequestorPkg: android] ]
06-04 15:04:49.480 476 608 D WifiNetworkFactory: got request NetworkRequest [ REQUEST id=3, [ Transports: WIFI Capabilities: INTERNET&NOT_RESTRICTED&TRUSTED&NOT_VPN&NOT_VCN_MANAGED RequestorUid: 1000 RequestorPkg: android] ]
06-04 15:04:49.480 476 608 D WifiNetworkFactory: got request NetworkRequest [ REQUEST id=10, [ Capabilities: INTERNET&NOT_RESTRICTED&TRUSTED&NOT_VCN_MANAGED Uid: 1000 RequestorUid: 1000 RequestorPkg: android] ]
06-04 15:04:49.480 476 608 D WifiNetworkFactory: got request NetworkRequest [ REQUEST id=17, [ Capabilities: INTERNET&NOT_RESTRICTED&TRUSTED&NOT_VCN_MANAGED Uid: 1000 RequestorUid: 1000 RequestorPkg: android] ]
06-04 15:04:49.480 476 608 D WifiNetworkFactory: got request NetworkRequest [ REQUEST id=19, [ Capabilities: INTERNET&NOT_RESTRICTED&TRUSTED&NOT_VCN_MANAGED Uid: 1073 RequestorUid: 1073 RequestorPkg: com.android.networkstack] ]
06-04 15:04:49.481 476 608 D UntrustedWifiNetworkFactory: got request NetworkRequest [ REQUEST id=1, [ Capabilities: INTERNET&NOT_RESTRICTED&TRUSTED&NOT_VPN&NOT_VCN_MANAGED RequestorUid: 1000 RequestorPkg: android] ]
06-04 15:04:49.481 476 608 D UntrustedWifiNetworkFactory: got request NetworkRequest [ REQUEST id=3, [ Transports: WIFI Capabilities: INTERNET&NOT_RESTRICTED&TRUSTED&NOT_VPN&NOT_VCN_MANAGED RequestorUid: 1000 RequestorPkg: android] ]
06-04 15:04:49.481 476 608 D UntrustedWifiNetworkFactory: got request NetworkRequest [ REQUEST id=10, [ Capabilities: INTERNET&NOT_RESTRICTED&TRUSTED&NOT_VCN_MANAGED Uid: 1000 RequestorUid: 1000 RequestorPkg: android] ]
06-04 15:04:49.481 476 602 I StorageManagerService: Mounting volume VolumeInfo{emulated;0}:
06-04 15:04:49.481 476 602 I StorageManagerService: type=EMULATED diskId=null partGuid= mountFlags=PRIMARY|VISIBLE
06-04 15:04:49.481 476 602 I StorageManagerService: mountUserId=0 state=UNMOUNTED
06-04 15:04:49.481 476 602 I StorageManagerService: fsType=null fsUuid=null fsLabel=null
06-04 15:04:49.481 476 602 I StorageManagerService: path=null internalPath=null
06-04 15:04:49.481 476 608 D UntrustedWifiNetworkFactory: got request NetworkRequest [ REQUEST id=17, [ Capabilities: INTERNET&NOT_RESTRICTED&TRUSTED&NOT_VCN_MANAGED Uid: 1000 RequestorUid: 1000 RequestorPkg: android] ]
06-04 15:04:49.481 476 608 D UntrustedWifiNetworkFactory: got request NetworkRequest [ REQUEST id=19, [ Capabilities: INTERNET&NOT_RESTRICTED&TRUSTED&NOT_VCN_MANAGED Uid: 1073 RequestorUid: 1073 RequestorPkg: com.android.networkstack] ]
06-04 15:04:49.482 476 608 D OemPaidWifiNetworkFactory: got request NetworkRequest [ REQUEST id=1, [ Capabilities: INTERNET&NOT_RESTRICTED&TRUSTED&NOT_VPN&NOT_VCN_MANAGED RequestorUid: 1000 RequestorPkg: android] ]
06-04 15:04:49.482 476 608 D OemPaidWifiNetworkFactory: got request NetworkRequest [ REQUEST id=3, [ Transports: WIFI Capabilities: INTERNET&NOT_RESTRICTED&TRUSTED&NOT_VPN&NOT_VCN_MANAGED RequestorUid: 1000 RequestorPkg: android] ]
06-04 15:04:49.482 476 608 D OemPaidWifiNetworkFactory: got request NetworkRequest [ REQUEST id=10, [ Capabilities: INTERNET&NOT_RESTRICTED&TRUSTED&NOT_VCN_MANAGED Uid: 1000 RequestorUid: 1000 RequestorPkg: android] ]
06-04 15:04:49.482 476 608 D OemPaidWifiNetworkFactory: got request NetworkRequest [ REQUEST id=17, [ Capabilities: INTERNET&NOT_RESTRICTED&TRUSTED&NOT_VCN_MANAGED Uid: 1000 RequestorUid: 1000 RequestorPkg: android] ]
06-04 15:04:49.480 326 326 I rainbow_flow: type=1400 audit(0.0:372): avc: denied { ioctl } for path="/dev/spidev1.0" dev="tmpfs" ino=6194 ioctlcmd=0x6b00 scontext=u:r:init:s0 tcontext=u:object_r:device:s0 tclass=chr_file permissive=1
06-04 15:04:49.482 186 186 I vold : Mounting emulated fuse volume
06-04 15:04:49.488 476 518 W Looper : Slow dispatch took 686ms android.fg h=com.android.server.adb.AdbDebuggingManager$AdbDebuggingHandler c=null m=11
06-04 15:04:49.489 476 538 D WifiService: Handle user unlock 0
06-04 15:04:49.492 476 538 I WallpaperManagerService: on-unlock-user-0
06-04 15:04:49.499 476 637 I BackupManagerService: Starting service for user: 0
06-04 15:04:49.499 476 637 V BackupManagerService: [UserID:0] Starting with transport com.android.localtransport/.LocalTransport
06-04 15:04:49.500 324 324 I xiriservice_All: type=1400 audit(0.0:373): avc: denied { read } for scontext=u:r:init:s0 tcontext=u:r:init:s0 tclass=netlink_kobject_uevent_socket permissive=1
06-04 15:04:49.501 316 321 D XM_HIDREAD: add@ add@/devices/virtual/bdi/0:47
06-04 15:04:49.502 476 538 W VoiceInteractionManager: no available voice recognition services found for user 0
06-04 15:04:49.503 674 674 D SystemUIService: Starting Wifi now
06-04 15:04:49.504 476 637 D BackupManagerService: [UserID:0] Started thread backup-0
06-04 15:04:49.505 476 518 W Looper : Slow delivery took 692ms android.fg h=com.android.server.adb.AdbDebuggingManager$AdbDebuggingHandler c=null m=8
06-04 15:04:49.506 186 186 I vold : Bind mounting /data/media to /mnt/pass_through/0/emulated
06-04 15:04:49.509 476 992 I HibernationStateDiskStore: No hibernation file on disk for file /data/system_ce/0/hibernation/states
06-04 15:04:49.510 476 602 I StorageSessionController: On volume mount VolumeInfo{emulated;0}:
06-04 15:04:49.510 476 602 I StorageSessionController: type=EMULATED diskId=null partGuid= mountFlags=PRIMARY|VISIBLE
06-04 15:04:49.510 476 602 I StorageSessionController: mountUserId=0 state=CHECKING
06-04 15:04:49.510 476 602 I StorageSessionController: fsType=null fsUuid=null fsLabel=null
06-04 15:04:49.510 476 602 I StorageSessionController: path=/storage/emulated internalPath=/data/media
06-04 15:04:49.512 476 602 I StorageSessionController: Creating connection for user: 0
06-04 15:04:49.512 674 674 I ndroid.systemui: type=1400 audit(0.0:374): avc: denied { search } for name="com.android.systemui" dev="mmcblk0p25" ino=486 scontext=u:r:platform_app:s0:c512,c768 tcontext=u:object_r:app_data_file:s0:c512,c768 tclass=dir permissive=1 app=com.softwinner.screenshot
06-04 15:04:49.516 476 608 D WakeupConfigStoreData: WifiWake user data has been read
06-04 15:04:49.517 182 182 I hwservicemanager: Notifying android.hardware.wifi@1.5::IWifi/default they have clients: 1
06-04 15:04:49.518 654 654 I HidlLazyUtils: Process has 1 (of 1 available) client(s) in use after notification android.hardware.wifi@1.5::IWifi/default has clients: 1
06-04 15:04:49.524 476 519 D AutofillUI: destroySaveUiUiThread(): already destroyed
06-04 15:04:49.524 476 538 D AutofillManagerServiceImpl: Reset component for user 0:
06-04 15:04:49.525 476 538 D FieldClassificationStrategy: reset(): service is not bound. Do nothing.
06-04 15:04:49.525 476 538 W AppBindingService: [Default SMS app] u0 Target package not found
06-04 15:04:49.525 476 602 I StorageSessionController: Creating and starting session with id: emulated;0
06-04 15:04:49.527 476 602 I StorageUserConnection: Binding to the ExternalStorageService for user 0
06-04 15:04:49.528 476 538 I ActivityTaskManager: Loading recents for user 0 into memory.
06-04 15:04:49.528 476 608 D WifiConfigStore: Reading from user stores completed in 30 ms.
06-04 15:04:49.533 476 538 V PackageConfigPersister: loadPackages: empty list files from /data/system_ce/0/package_configs
06-04 15:04:49.534 476 538 W ActivityManager: UserLifecycleEvent 5 received without an active userJourneySession.
06-04 15:04:49.534 476 538 W ActivityManager: UserLifecycleEvent 6 received without an active userJourneySession.
06-04 15:04:49.534 476 538 I ActivityManager: User 0 state changed from RUNNING_UNLOCKING to RUNNING_UNLOCKED
06-04 15:04:49.535 476 538 D SystemServerTiming: SystemUserUnlock took to complete: 705ms
06-04 15:04:49.537 476 538 I ActivityManager: com.dangbei.lerad.etna.haqu is exempt from freezer
06-04 15:04:49.537 476 538 D CompatibilityChangeReporter: Compat change id reported: 135634846; UID 1000; state: DISABLED
06-04 15:04:49.542 476 476 W InputMethodUtils: Found no fallback locale. imis=[InputMethodInfo{com.sohu.inputmethod.sogou.tv/.SogouIME, settings: com.sohu.inputmethod.sogou.SogouIMESettingsLauncher}]
06-04 15:04:49.543 476 602 D CompatibilityChangeReporter: Compat change id reported: 135634846; UID 10074; state: DISABLED
06-04 15:04:49.544 674 674 I SharedPreferenc: type=1400 audit(0.0:375): avc: denied { open } for path="/data/user_de/0/com.android.systemui/shared_prefs/com.android.systemui.xml" dev="mmcblk0p25" ino=6674 scontext=u:r:platform_app:s0:c512,c768 tcontext=u:object_r:app_data_file:s0:c512,c768 tclass=file permissive=1 app=com.softwinner.screenshot
06-04 15:04:49.554 476 806 I WifiService: setWifiEnabled package=com.android.systemui uid=10061 enable=true
06-04 15:04:49.559 476 476 W InputMethodUtils: No software keyboard is found. imis=[InputMethodInfo{com.sohu.inputmethod.sogou.tv/.SogouIME, settings: com.sohu.inputmethod.sogou.SogouIMESettingsLauncher}] systemLocale=zh_CN fallbackLocale=null
06-04 15:04:49.560 476 476 W Looper : Slow dispatch took 101ms main h=android.os.Handler c=null m=5000
06-04 15:04:49.561 674 674 D Tonal : Tonal Palette - index: 4. Main color: ff1e447a
06-04 15:04:49.561 674 674 D Tonal : Colors: ff060d1a, ff0b162e, ff102343, ff17305c, ff1e447a, ff254a99, ff2d58b7, ff6180c3, ff6f8adc, ff889ce2, ffa5b0e9, ffced4f3, ffeaedfa
06-04 15:04:49.561 674 674 D Tonal : Gradients:
06-04 15:04:49.561 674 674 D Tonal : Normal GradientColors(ff1e447a, ff1e447a)
06-04 15:04:49.561 674 674 D Tonal : Dark GradientColors(ff17305c, ff17305c)
06-04 15:04:49.561 674 674 D Tonal : Extra dark: GradientColors(ff102343, ff102343)
06-04 15:04:49.561 674 674 D Tonal : Tonal Palette - index: 4. Main color: ff1e447a
06-04 15:04:49.561 674 674 D Tonal : Colors: ff060d1a, ff0b162e, ff102343, ff17305c, ff1e447a, ff254a99, ff2d58b7, ff6180c3, ff6f8adc, ff889ce2, ffa5b0e9, ffced4f3, ffeaedfa
06-04 15:04:49.561 674 674 D Tonal : Gradients:
06-04 15:04:49.561 674 674 D Tonal : Normal GradientColors(ff1e447a, ff1e447a)
06-04 15:04:49.561 674 674 D Tonal : Dark GradientColors(ff17305c, ff17305c)
06-04 15:04:49.561 674 674 D Tonal : Extra dark: GradientColors(ff102343, ff102343)
06-04 15:04:49.563 476 538 I ActivityManager: Posting BOOT_COMPLETED user #0
06-04 15:04:49.570 476 518 I AppWidgetServiceImpl: Processing of handleUserUnlocked u0 took 7 ms
06-04 15:04:49.570 476 518 W Looper : Drained
06-04 15:04:49.570 476 518 D AdbService: setAdbEnabled(true), mIsAdbUsbEnabled=true, mIsAdbWifiEnabled=true, transportType=1
06-04 15:04:49.571 476 476 I NotificationHistory: Attempted to unlock gone/disabled user 0
06-04 15:04:49.578 476 602 I StorageUserConnection: Bound to the ExternalStorageService for user 0
06-04 15:04:49.579 476 537 I UsageStatsService: User[0] Rollover scheduled @ 2025-06-05 14:21:55(1749104515795)
06-04 15:04:49.582 476 637 I SELinux : SELinux: Loaded file_contexts
06-04 15:04:49.582 476 537 I UsageStatsService: User[0] Flushing usage stats to disk
06-04 15:04:49.593 476 519 D AW_CODE : rotation =0
06-04 15:04:49.594 316 321 D XM_HIDREAD: add@ add@/class/hci_reg
06-04 15:04:49.594 316 321 D XM_HIDREAD: add@ add@/module/sunxi_hci
06-04 15:04:49.598 476 519 D AW_CODE : rotation =0
06-04 15:04:49.597 814 814 W ContextImpl: Calling a method in the system process without a qualified user: android.app.ContextImpl.startService:1816 android.content.ContextWrapper.startService:774 android.content.ContextWrapper.startService:774 com.android.tv.settings.users.UserSwitchListenerService$BootReceiver.onReceive:50 android.app.ActivityThread.handleReceiver:4308
06-04 15:04:49.604 666 666 D BluetoothOppFileProvider: Initialized
06-04 15:04:49.609 476 538 I SystemServerTimingAsync: ssm.UnlockedUser-0
06-04 15:04:49.610 476 538 I SystemServiceManager: Calling onUnlockedUser 0
06-04 15:04:49.609 244 244 D Zygote : Forked child process 1021
06-04 15:04:49.610 476 539 W ActivityManager: Slow operation: 74ms so far, now at startProcess: returned from zygote!
06-04 15:04:49.610 476 538 I LaunchParamsPersister: Didn't find launch param folder for user 0
06-04 15:04:49.614 476 1022 E TaskPersister: File error accessing recents directory (directory doesn't exist?).
06-04 15:04:49.620 1021 1021 I Zygote : seccomp disabled by setenforce 0
06-04 15:04:49.626 476 538 W ActivityManager: UserLifecycleEvent 6 received without an active userJourneySession.
06-04 15:04:49.633 476 637 E BackupPasswordManager: Unable to read backup pw version
06-04 15:04:49.634 476 637 E BackupPasswordManager: Unable to read saved backup pw hash
06-04 15:04:49.636 316 321 D XM_HIDREAD: add@ add@/devices/virtual/devlink/regulator.8--5101000.ehci0-controller
06-04 15:04:49.636 165 165 W sunxi-ehci: EHCI SUNXI driver
06-04 15:04:49.638 165 165 W : sunxi ehci0-controller don't init wakeup source
06-04 15:04:49.638 165 165 W [sunxi-ehci0]: probe, pdev->name: 5101000.ehci0-controller, sunxi_ehci: 0xffffffc008f81018, 0x:ffffffc012205000, irq_no:32
06-04 15:04:49.636 814 814 D FallbackHome: User unlocked and real home found; let's go!
06-04 15:04:49.636 1011 1011 I runin.sh: type=1400 audit(0.0:376): avc: denied { dac_read_search } for capability=2 scontext=u:r:shell:s0 tcontext=u:r:shell:s0 tclass=capability permissive=1
06-04 15:04:49.642 165 165 I sunxi-ehci 5101000.ehci0-controller: EHCI Host Controller
06-04 15:04:49.642 165 165 I sunxi-ehci 5101000.ehci0-controller: new USB bus registered, assigned bus number 1
06-04 15:04:49.642 165 165 I sunxi-ehci 5101000.ehci0-controller: irq 50, io mem 0x05101000
06-04 15:04:49.641 403 413 I adbd : jdwp connection from 1021
06-04 15:04:49.654 316 321 D XM_HIDREAD: add@ add@/devices/platform/soc@3000000/5101000.ehci0-controller/usb1
06-04 15:04:49.655 476 813 D CompatibilityChangeReporter: Compat change id reported: 135634846; UID 10021; state: DISABLED
06-04 15:04:49.655 476 813 D CompatibilityChangeReporter: Compat change id reported: 177438394; UID 10021; state: DISABLED
06-04 15:04:49.655 476 813 D CompatibilityChangeReporter: Compat change id reported: 135772972; UID 10021; state: DISABLED
06-04 15:04:49.655 476 813 D CompatibilityChangeReporter: Compat change id reported: 135754954; UID 10021; state: ENABLED
06-04 15:04:49.656 316 321 D XM_HIDREAD: add@ add@/devices/platform/soc@3000000/5101000.ehci0-controller/usb1/1-0:1.0
06-04 15:04:49.658 476 521 I ActivityStarter: ---START u0 {act=android.intent.action.MAIN cat=[android.intent.category.HOME] flg=0x10000100 cmp=com.dangbei.leard.leradlauncher/com.dangbei.launcher.home.LauncherActivity (has extras)} from uid 0
06-04 15:04:49.660 316 321 D XM_HIDREAD: add@ add@/devices/virtual/devlink/regulator.8--5200000.ehci1-controller
06-04 15:04:49.656 165 165 I sunxi-ehci 5101000.ehci0-controller: USB 2.0 started, EHCI 1.00
06-04 15:04:49.656 165 165 I usb1 : New USB device found, idVendor=1d6b, idProduct=0002, bcdDevice= 5.04
06-04 15:04:49.656 165 165 I usb1 : New USB device strings: Mfr=3, Product=2, SerialNumber=1
06-04 15:04:49.656 165 165 I usb1 : Product: EHCI Host Controller
06-04 15:04:49.656 165 165 I usb1 : Manufacturer: Linux 5.4.125+ ehci_hcd
06-04 15:04:49.656 165 165 I usb1 : SerialNumber: sunxi-ehci
06-04 15:04:49.659 165 165 I hub 1-0 : 1.0: USB hub found
06-04 15:04:49.660 165 165 I hub 1-0 : 1.0: 1 port detected
06-04 15:04:49.661 165 165 W : sunxi ehci1-controller don't init wakeup source
06-04 15:04:49.661 165 165 W [sunxi-ehci1]: probe, pdev->name: 5200000.ehci1-controller, sunxi_ehci: 0xffffffc008f816d8, 0x:ffffffc013485000, irq_no:34
06-04 15:04:49.662 165 165 I sunxi-ehci 5200000.ehci1-controller: EHCI Host Controller
06-04 15:04:49.662 165 165 I sunxi-ehci 5200000.ehci1-controller: new USB bus registered, assigned bus number 2
06-04 15:04:49.662 165 165 I sunxi-ehci 5200000.ehci1-controller: irq 52, io mem 0x05200000
06-04 15:04:49.660 674 674 I queued-work-loo: type=1400 audit(0.0:377): avc: denied { search } for name="com.android.systemui" dev="mmcblk0p25" ino=486 scontext=u:r:platform_app:s0:c512,c768 tcontext=u:object_r:app_data_file:s0:c512,c768 tclass=dir permissive=1 app=com.softwinner.screenshot
06-04 15:04:49.660 674 674 I queued-work-loo: type=1400 audit(0.0:378): avc: denied { write } for name="shared_prefs" dev="mmcblk0p25" ino=1628 scontext=u:r:platform_app:s0:c512,c768 tcontext=u:object_r:app_data_file:s0:c512,c768 tclass=dir permissive=1 app=com.softwinner.screenshot
06-04 15:04:49.660 674 674 I queued-work-loo: type=1400 audit(0.0:379): avc: denied { remove_name } for name="com.android.systemui.xml" dev="mmcblk0p25" ino=6674 scontext=u:r:platform_app:s0:c512,c768 tcontext=u:object_r:app_data_file:s0:c512,c768 tclass=dir permissive=1 app=com.softwinner.screenshot
06-04 15:04:49.660 674 674 I queued-work-loo: type=1400 audit(0.0:380): avc: denied { rename } for name="com.android.systemui.xml" dev="mmcblk0p25" ino=6674 scontext=u:r:platform_app:s0:c512,c768 tcontext=u:object_r:app_data_file:s0:c512,c768 tclass=file permissive=1 app=com.softwinner.screenshot
06-04 15:04:49.660 674 674 I queued-work-loo: type=1400 audit(0.0:381): avc: denied { add_name } for name="com.android.systemui.xml.bak" scontext=u:r:platform_app:s0:c512,c768 tcontext=u:object_r:app_data_file:s0:c512,c768 tclass=dir permissive=1 app=com.softwinner.screenshot
06-04 15:04:49.660 674 674 I queued-work-loo: type=1400 audit(0.0:382): avc: denied { create } for name="com.android.systemui.xml" scontext=u:r:platform_app:s0:c512,c768 tcontext=u:object_r:app_data_file:s0:c512,c768 tclass=file permissive=1 app=com.softwinner.screenshot
06-04 15:04:49.664 674 674 I queued-work-loo: type=1400 audit(0.0:383): avc: denied { open } for path="/data/user_de/0/com.android.systemui/shared_prefs/com.android.systemui.xml" dev="mmcblk0p25" ino=6581 scontext=u:r:platform_app:s0:c512,c768 tcontext=u:object_r:app_data_file:s0:c512,c768 tclass=file permissive=1 app=com.softwinner.screenshot
06-04 15:04:49.676 165 165 I sunxi-ehci 5200000.ehci1-controller: USB 2.0 started, EHCI 1.00
06-04 15:04:49.676 165 165 E debugfs : Directory 'sunxi-ehci' with parent 'ehci' already present!
06-04 15:04:49.677 476 539 W ActivityManager: Slow operation: 141ms so far, now at startProcess: done updating battery stats
06-04 15:04:49.678 476 539 W ActivityManager: Slow operation: 141ms so far, now at startProcess: building log message
06-04 15:04:49.678 476 539 I ActivityManager: app.processName = com.dangbei.lerad.etna.haqu
06-04 15:04:49.678 476 539 I ActivityManager: Start proc 1021:com.dangbei.lerad.etna.haqu/1000 for added application com.dangbei.lerad.etna.haqu
06-04 15:04:49.678 476 539 W ActivityManager: Slow operation: 141ms so far, now at startProcess: starting to update pids map
06-04 15:04:49.686 316 321 D XM_HIDREAD: add@ add@/devices/platform/soc@3000000/5200000.ehci1-controller/usb2
06-04 15:04:49.687 316 321 D XM_HIDREAD: add@ add@/devices/platform/soc@3000000/5200000.ehci1-controller/usb2/2-0:1.0
06-04 15:04:49.689 165 165 I usb2 : New USB device found, idVendor=1d6b, idProduct=0002, bcdDevice= 5.04
06-04 15:04:49.689 165 165 I usb2 : New USB device strings: Mfr=3, Product=2, SerialNumber=1
06-04 15:04:49.689 165 165 I usb2 : Product: EHCI Host Controller
06-04 15:04:49.689 165 165 I usb2 : Manufacturer: Linux 5.4.125+ ehci_hcd
06-04 15:04:49.689 165 165 I usb2 : SerialNumber: sunxi-ehci
06-04 15:04:49.690 954 954 W audit : audit_lost=1 audit_rate_limit=5 audit_backlog_limit=64
06-04 15:04:49.690 954 954 E audit : rate limit exceeded
06-04 15:04:49.691 165 165 I hub 2-0 : 1.0: USB hub found
06-04 15:04:49.695 165 165 I hub 2-0 : 1.0: 1 port detected
06-04 15:04:49.693 476 608 D WifiConfigStore: Writing to stores completed in 91 ms.
06-04 15:04:49.694 476 608 D WifiActiveModeWarden: Starting primary ClientModeManager in connect mode
06-04 15:04:49.697 476 521 D CompatibilityChangeReporter: Compat change id reported: 174042980; UID 1000; state: DISABLED
06-04 15:04:49.698 316 321 D XM_HIDREAD: add@ add@/devices/virtual/devlink/regulator.8--5310000.ehci2-controller
06-04 15:04:49.700 165 165 W : sunxi ehci2-controller don't init wakeup source
06-04 15:04:49.701 165 165 W [sunxi-ehci2]: probe, pdev->name: 5310000.ehci2-controller, sunxi_ehci: 0xffffffc008f81d98, 0x:ffffffc01348f000, irq_no:36
06-04 15:04:49.702 165 165 I sunxi-ehci 5310000.ehci2-controller: EHCI Host Controller
06-04 15:04:49.702 165 165 I sunxi-ehci 5310000.ehci2-controller: new USB bus registered, assigned bus number 3
06-04 15:04:49.702 165 165 I sunxi-ehci 5310000.ehci2-controller: irq 54, io mem 0x05310000
06-04 15:04:49.701 476 608 D WifiController: DisabledState.exit()
06-04 15:04:49.701 476 608 D WifiController: EnabledState.enter()
06-04 15:04:49.702 476 608 D WifiClientModeManager[unknown]: entering IdleState
06-04 15:04:49.702 476 521 D ActivityTaskManager: isHomeLauncher info= ActivityInfo{dac9260 com.dangbei.launcher.home.LauncherActivity}
06-04 15:04:49.704 654 654 D WifiHWInfo: Start to load wireless module hardware info table...
06-04 15:04:49.705 654 654 D WifiHWInfo: Entry [01], BUS: SDIO, ID: 0x024C8179, Name: rtl8189es.
06-04 15:04:49.705 654 654 D WifiHWInfo: Entry [02], BUS: SDIO, ID: 0x024CB723, Name: rtl8723bs_vq0.
06-04 15:04:49.705 654 654 D WifiHWInfo: Entry [03], BUS: SDIO, ID: 0x024CB703, Name: rtl8723cs.
06-04 15:04:49.705 654 654 D WifiHWInfo: Entry [04], BUS: SDIO, ID: 0x024CD723, Name: rtl8723ds.
06-04 15:04:49.705 654 654 D WifiHWInfo: Entry [05], BUS: SDIO, ID: 0x024CF179, Name: rtl8189fs.
06-04 15:04:49.705 654 654 D WifiHWInfo: Entry [06], BUS: SDIO, ID: 0x024CB822, Name: rtl88x2bs.
06-04 15:04:49.705 654 654 D WifiHWInfo: Entry [07], BUS: USB, ID: 0x0BDAD723, Name: rtl8723du.
06-04 15:04:49.706 654 654 D WifiHWInfo: Entry [08], BUS: USB, ID: 0x0BDA8179, Name: rtl8188etv.
06-04 15:04:49.706 654 654 D WifiHWInfo: Entry [09], BUS: USB, ID: 0x0BDA0179, Name: rtl8188eu.
06-04 15:04:49.706 654 654 D WifiHWInfo: Entry [10], BUS: USB, ID: 0x0BDA818B, Name: rtl8192eu.
06-04 15:04:49.706 654 654 D WifiHWInfo: Entry [11], BUS: USB, ID: 0x0BDAB720, Name: rtl8723bu.
06-04 15:04:49.706 654 654 D WifiHWInfo: Entry [12], BUS: USB, ID: 0x0BDAC82C, Name: rtl8822cu.
06-04 15:04:49.706 654 654 D WifiHWInfo: Entry [13], BUS: USB, ID: 0x0BDAF179, Name: rtl8188fu.
06-04 15:04:49.706 654 654 D WifiHWInfo: Entry [14], BUS: SDIO, ID: 0x02D0A9A6, Name: ap6212.
06-04 15:04:49.706 654 654 D WifiHWInfo: Entry [15], BUS: SDIO, ID: 0x02D04330, Name: ap6330.
06-04 15:04:49.706 654 654 D WifiHWInfo: Entry [16], BUS: SDIO, ID: 0x02D04356, Name: ap6356s.
06-04 15:04:49.706 654 654 D WifiHWInfo: Entry [17], BUS: SDIO, ID: 0x02D0A9BF, Name: ap6255.
06-04 15:04:49.706 654 654 D WifiHWInfo: Entry [18], BUS: SDIO, ID: 0x02D04334, Name: bcm43342.
06-04 15:04:49.706 654 654 D WifiHWInfo: Entry [19], BUS: SDIO, ID: 0x00202281, Name: xr819.
06-04 15:04:49.706 654 654 D WifiHWInfo: Entry [20], BUS: SDIO, ID: 0x0A9E2282, Name: xr829.
06-04 15:04:49.706 654 654 D WifiHWInfo: Entry [21], BUS: SDIO, ID: 0x0271050A, Name: qca6174a.
06-04 15:04:49.706 654 654 D WifiHWInfo: Entry [22], BUS: SDIO, ID: 0x30303030, Name: ssv6x5x.
06-04 15:04:49.706 654 654 D WifiHWInfo: Entry [23], BUS: SDIO, ID: 0x00000000, Name: uwe5621.
06-04 15:04:49.706 654 654 D WifiHWInfo: Entry [24], BUS: SDIO, ID: 0x54490145, Name: aic8800.
06-04 15:04:49.706 654 654 D WifiHWInfo: Entry [25], BUS: SDIO, ID: 0xC8A1C08D, Name: aic8800.
06-04 15:04:49.706 654 654 D WifiHWInfo: Entry [26], BUS: USB, ID: 0xA69C8800, Name: aic8800.
06-04 15:04:49.706 654 654 D WifiHWInfo: Entry [27], BUS: USB, ID: 0x007A8888, Name: atbm6023is.
06-04 15:04:49.706 654 654 D WifiHWInfo: Entry [28], BUS: SDIO, ID: 0x02E79086, Name: 9012p.
06-04 15:04:49.706 654 654 D WifiHWInfo: Entry [29], BUS: SDIO, ID: 0x007A6011, Name: atbm613x_wifi_sdio.
06-04 15:04:49.706 654 654 D WifiHWInfo: Entry [30], BUS: SDIO, ID: 0x024CC822, Name: 88x2cs.
06-04 15:04:49.706 654 654 D WifiHWInfo: Entry [31], BUS: SDIO, ID: 0x000018F0, Name: dummy.
06-04 15:04:49.706 654 654 W android.hardware.wifi@1.0-service-lazy: DRIVER_MODULE_TAG: sprdwl_ng : Success
06-04 15:04:49.706 654 654 I android.hardware.wifi@1.0-service-lazy: driver_module_path: /vendor/lib/modules/sprdwl_ng.ko
06-04 15:04:49.706 654 654 I android.hardware.wifi@1.0-service-lazy: driver_module_arg:
06-04 15:04:49.711 476 537 W Searchables: No global search activity found
06-04 15:04:49.716 165 165 I sunxi-ehci 5310000.ehci2-controller: USB 2.0 started, EHCI 1.00
06-04 15:04:49.716 165 165 E debugfs : Directory 'sunxi-ehci' with parent 'ehci' already present!
06-04 15:04:49.723 316 321 D XM_HIDREAD: add@ add@/devices/platform/soc@3000000/5310000.ehci2-controller/usb3
06-04 15:04:49.726 165 165 I usb3 : New USB device found, idVendor=1d6b, idProduct=0002, bcdDevice= 5.04
06-04 15:04:49.726 165 165 I usb3 : New USB device strings: Mfr=3, Product=2, SerialNumber=1
06-04 15:04:49.726 165 165 I usb3 : Product: EHCI Host Controller
06-04 15:04:49.726 165 165 I usb3 : Manufacturer: Linux 5.4.125+ ehci_hcd
06-04 15:04:49.726 165 165 I usb3 : SerialNumber: sunxi-ehci
06-04 15:04:49.726 674 949 V WallpaperService: Setting wallpaper dimming: 0.05
06-04 15:04:49.729 316 321 D XM_HIDREAD: add@ add@/devices/platform/soc@3000000/5310000.ehci2-controller/usb3/3-0:1.0
06-04 15:04:49.732 476 521 W System.err: java.io.IOException: Cannot run program "su": error=2, No such file or directory
06-04 15:04:49.733 165 165 I hub 3-0 : 1.0: USB hub found
06-04 15:04:49.735 165 165 I hub 3-0 : 1.0: 1 port detected
06-04 15:04:49.732 476 521 W System.err: at java.lang.ProcessBuilder.start(ProcessBuilder.java:1050)
06-04 15:04:49.734 476 521 W System.err: at java.lang.Runtime.exec(Runtime.java:694)
06-04 15:04:49.734 476 521 W System.err: at java.lang.Runtime.exec(Runtime.java:524)
06-04 15:04:49.734 476 521 W System.err: at java.lang.Runtime.exec(Runtime.java:421)
06-04 15:04:49.734 476 521 W System.err: at com.android.server.wm.ActivityRecord.executeCMD(ActivityRecord.java:5940)
06-04 15:04:49.734 476 521 W System.err: at com.android.server.wm.ActivityRecord.isHomeLauncher(ActivityRecord.java:2431)
06-04 15:04:49.734 476 521 W System.err: at com.android.server.wm.RootWindowContainer.startPowerModeLaunchIfNeeded(RootWindowContainer.java:3653)
06-04 15:04:49.734 476 521 W System.err: at com.android.server.wm.ActivityStarter.startActivityInner(ActivityStarter.java:1786)
06-04 15:04:49.734 476 521 W System.err: at com.android.server.wm.ActivityStarter.startActivityUnchecked(ActivityStarter.java:1579)
06-04 15:04:49.734 476 521 W System.err: at com.android.server.wm.ActivityStarter.executeRequest(ActivityStarter.java:1186)
06-04 15:04:49.734 476 521 W System.err: at com.android.server.wm.ActivityStarter.execute(ActivityStarter.java:667)
06-04 15:04:49.734 476 521 W System.err: at com.android.server.wm.ActivityStartController.startHomeActivity(ActivityStartController.java:177)
06-04 15:04:49.734 476 521 W System.err: at com.android.server.wm.RootWindowContainer.startHomeOnTaskDisplayArea(RootWindowContainer.java:1565)
06-04 15:04:49.734 476 521 W System.err: at com.android.server.wm.RootWindowContainer.lambda$startHomeOnEmptyDisplays$11$RootWindowContainer(RootWindowContainer.java:1485)
06-04 15:04:49.734 476 521 W System.err: at com.android.server.wm.RootWindowContainer$$ExternalSyntheticLambda22.accept(Unknown Source:6)
06-04 15:04:49.734 476 521 W System.err: at com.android.server.wm.TaskDisplayArea.forAllTaskDisplayAreas(TaskDisplayArea.java:529)
06-04 15:04:49.734 476 521 W System.err: at com.android.server.wm.DisplayArea.forAllTaskDisplayAreas(DisplayArea.java:369)
06-04 15:04:49.734 476 521 W System.err: at com.android.server.wm.DisplayArea.forAllTaskDisplayAreas(DisplayArea.java:369)
06-04 15:04:49.734 476 521 W System.err: at com.android.server.wm.DisplayArea.forAllTaskDisplayAreas(DisplayArea.java:369)
06-04 15:04:49.734 476 521 W System.err: at com.android.server.wm.DisplayArea.forAllTaskDisplayAreas(DisplayArea.java:369)
06-04 15:04:49.734 476 521 W System.err: at com.android.server.wm.DisplayArea.forAllTaskDisplayAreas(DisplayArea.java:369)
06-04 15:04:49.734 476 521 W System.err: at com.android.server.wm.WindowContainer.forAllTaskDisplayAreas(WindowContainer.java:1966)
06-04 15:04:49.734 476 521 W System.err: at com.android.server.wm.WindowContainer.forAllTaskDisplayAreas(WindowContainer.java:1977)
06-04 15:04:49.734 476 521 W System.err: at com.android.server.wm.RootWindowContainer.startHomeOnEmptyDisplays(RootWindowContainer.java:1483)
06-04 15:04:49.734 476 521 W System.err: at com.android.server.wm.ActivityTaskSupervisor$ActivityTaskSupervisorHandler.handleMessageInner(ActivityTaskSupervisor.java:2642)
06-04 15:04:49.734 476 521 W System.err: at com.android.server.wm.ActivityTaskSupervisor$ActivityTaskSupervisorHandler.handleMessage(ActivityTaskSupervisor.java:2548)
06-04 15:04:49.735 476 521 W System.err: at android.os.Handler.dispatchMessage(Handler.java:106)
06-04 15:04:49.735 476 521 W System.err: at android.os.Looper.loopOnce(Looper.java:201)
06-04 15:04:49.735 476 521 W System.err: at android.os.Looper.loop(Looper.java:288)
06-04 15:04:49.735 476 521 W System.err: at android.os.HandlerThread.run(HandlerThread.java:67)
06-04 15:04:49.735 476 521 W System.err: at com.android.server.ServiceThread.run(ServiceThread.java:44)
06-04 15:04:49.735 316 321 D XM_HIDREAD: add@ add@/bus/platform/drivers/unisoc_wifi
06-04 15:04:49.735 476 521 W System.err: Caused by: java.io.IOException: error=2, No such file or directory
06-04 15:04:49.735 476 521 W System.err: at java.lang.UNIXProcess.forkAndExec(Native Method)
06-04 15:04:49.735 476 521 W System.err: at java.lang.UNIXProcess.(UNIXProcess.java:133)
06-04 15:04:49.735 476 521 W System.err: at java.lang.ProcessImpl.start(ProcessImpl.java:141)
06-04 15:04:49.735 476 521 W System.err: at java.lang.ProcessBuilder.start(ProcessBuilder.java:1029)
06-04 15:04:49.735 316 321 D XM_HIDREAD: add@ add@/devices/platform/unisoc_wifi
06-04 15:04:49.735 476 521 W System.err: ... 30 more
06-04 15:04:49.736 261 261 I AW_PowerHAL: Power setMode: SUSTAINED_PERFORMANCE to: 1
06-04 15:04:49.738 654 654 I WCN : start_marlin [MARLIN_WIFI]
06-04 15:04:49.738 654 654 D : CPU: 1 PID: 654 Comm: wifi@1.0-servic Tainted: G O 5.4.125+ #3
06-04 15:04:49.738 654 654 D Hardware name: sun50iw9 (DT)
06-04 15:04:49.738 654 654 D Call trace:
06-04 15:04:49.738 654 654 D : dump_backtrace.cfi_jt+0x0/0x4
06-04 15:04:49.738 654 654 D : dump_stack+0xbc/0x104
06-04 15:04:49.738 654 654 D : marlin_set_power+0x2c/0x78c [uwe5621_bsp_sdio]
06-04 15:04:49.738 654 654 D : start_marlin+0xbc/0x14c [uwe5621_bsp_sdio]
06-04 15:04:49.738 654 654 D : sprdwl_probe+0x28/0x3f4 [sprdwl_ng]
06-04 15:04:49.738 654 654 D : platform_drv_probe+0xac/0xf0
06-04 15:04:49.738 654 654 D : really_probe+0x340/0x8f8
06-04 15:04:49.738 654 654 D : driver_probe_device+0x70/0x144
06-04 15:04:49.738 654 654 D : __device_attach_driver+0x14c/0x210
06-04 15:04:49.738 654 654 D : bus_for_each_drv+0x98/0x10c
06-04 15:04:49.738 654 654 D : __device_attach.llvm.14547616182355937686+0x108/0x1a8
06-04 15:04:49.738 654 654 D : bus_probe_device+0x3c/0xdc
06-04 15:04:49.738 654 654 D : device_add+0x950/0xb78
06-04 15:04:49.738 654 654 D : platform_device_add+0x90/0x260
06-04 15:04:49.738 654 654 D : init_module+0x48/0xfc4 [sprdwl_ng]
06-04 15:04:49.738 654 654 D : do_one_initcall+0xc4/0x238
06-04 15:04:49.738 654 654 D : do_init_module+0x58/0x2e0
06-04 15:04:49.738 654 654 D : load_module+0x31b8/0x3a40
06-04 15:04:49.738 654 654 D : __arm64_sys_finit_module+0xbc/0x120
06-04 15:04:49.738 654 654 D : el0_svc_common+0xb8/0x1cc
06-04 15:04:49.738 654 654 D : el0_svc_compat_handler+0x1c/0x28
06-04 15:04:49.738 654 654 D : el0_svc_compat+0x8/0x24
06-04 15:04:49.738 654 654 I WCN : marlin power state:1, subsys: [MARLIN_WIFI] power 1
06-04 15:04:49.738 654 654 I WCN : marlin have open, GNSS is closed
06-04 15:04:49.738 476 521 D CompatibilityChangeReporter: Compat change id reported: 168419799; UID 1000; state: DISABLED
06-04 15:04:49.740 316 321 D XM_HIDREAD: add@ add@/devices/platform/unisoc_wifi/wakeup/wakeup25
06-04 15:04:49.741 316 321 D XM_HIDREAD: add@ add@/devices/virtual/devlink/regulator.8--5311000.ehci3-controller
06-04 15:04:49.743 165 165 W : sunxi ehci3-controller don't init wakeup source
06-04 15:04:49.743 165 165 W [sunxi-ehci3]: probe, pdev->name: 5311000.ehci3-controller, sunxi_ehci: 0xffffffc008f82458, 0x:ffffffc013493000, irq_no:38
06-04 15:04:49.744 165 165 I sunxi-ehci 5311000.ehci3-controller: EHCI Host Controller
06-04 15:04:49.745 165 165 I sunxi-ehci 5311000.ehci3-controller: new USB bus registered, assigned bus number 4
06-04 15:04:49.745 165 165 I sunxi-ehci 5311000.ehci3-controller: irq 56, io mem 0x05311000
06-04 15:04:49.745 476 539 W ActivityManager: Slow operation: 209ms so far, now at startProcess: done updating pids map
06-04 15:04:49.745 476 539 W ActivityManager: Slow operation: 203ms so far, now at startProcess: asking zygote to start proc
06-04 15:04:49.746 476 539 D CompatibilityChangeReporter: Compat change id reported: 143937733; UID 10074; state: ENABLED
06-04 15:04:49.747 285 285 I BpBinder: onLastStrongRef automatically unlinking death recipients:
06-04 15:04:49.760 165 165 I sunxi-ehci 5311000.ehci3-controller: USB 2.0 started, EHCI 1.00
06-04 15:04:49.760 165 165 E debugfs : Directory 'sunxi-ehci' with parent 'ehci' already present!
06-04 15:04:49.769 316 321 D XM_HIDREAD: add@ add@/devices/platform/soc@3000000/5311000.ehci3-controller/usb4
06-04 15:04:49.772 165 165 I usb4 : New USB device found, idVendor=1d6b, idProduct=0002, bcdDevice= 5.04
06-04 15:04:49.772 165 165 I usb4 : New USB device strings: Mfr=3, Product=2, SerialNumber=1
06-04 15:04:49.772 165 165 I usb4 : Product: EHCI Host Controller
06-04 15:04:49.772 165 165 I usb4 : Manufacturer: Linux 5.4.125+ ehci_hcd
06-04 15:04:49.772 165 165 I usb4 : SerialNumber: sunxi-ehci
06-04 15:04:49.769 261 261 W AW_PowerHAL: Could not open nsi-bw: No such file or directory
06-04 15:04:49.770 261 261 I AW_PowerHAL: cur-mode:PERFORMANCE
06-04 15:04:49.770 244 244 D Zygote : Forked child process 1046
06-04 15:04:49.774 316 321 D XM_HIDREAD: add@ add@/devices/platform/soc@3000000/5311000.ehci3-controller/usb4/4-0:1.0
06-04 15:04:49.776 654 654 E sprdwl : __sprdwl_cmd_getbuf cant't get vif, ctx_id: 0
06-04 15:04:49.777 165 165 I hub 4-0 : 1.0: USB hub found
06-04 15:04:49.786 165 165 I hub 4-0 : 1.0: 1 port detected
06-04 15:04:49.784 476 539 W ActivityManager: Slow operation: 242ms so far, now at startProcess: returned from zygote!
06-04 15:04:49.786 476 660 D CompatibilityChangeReporter: Compat change id reported: 181136395; UID 1000; state: DISABLED
06-04 15:04:49.788 476 476 W Looper : Slow dispatch took 109ms main h=android.app.ActivityThread$H c=android.app.LoadedApk$ReceiverDispatcher$Args$$ExternalSyntheticLambda0@fb9fcaf m=0
06-04 15:04:49.790 476 476 V NotificationAssistants: disabling notification assistant for user 0: ComponentInfo{android.ext.services/android.ext.services.notification.Assistant}
06-04 15:04:49.790 476 476 D NotificationListeners: Removing active service ComponentInfo{android.ext.services/android.ext.services.notification.Assistant}
06-04 15:04:49.792 476 660 D CompatibilityChangeReporter: Compat change id reported: 174042936; UID 1000; state: DISABLED
06-04 15:04:49.792 1046 1046 I Zygote : seccomp disabled by setenforce 0
06-04 15:04:49.797 316 321 D XM_HIDREAD: add@ add@/bus/platform/drivers/sunxi-ehci
06-04 15:04:49.798 316 321 D XM_HIDREAD: add@ add@/module/ehci_sunxi
06-04 15:04:49.800 476 660 W ActivityManager: Slow operation: 53ms so far, now at attachApplicationLocked: after mServices.attachApplicationLocked
06-04 15:04:49.803 476 660 W ActivityManager: Slow operation: 57ms so far, now at attachApplicationLocked: after updateOomAdjLocked
06-04 15:04:49.811 1021 1021 D CompatibilityChangeReporter: Compat change id reported: 171979766; UID 1000; state: DISABLED
06-04 15:04:49.813 476 537 I ActivityManager: com.android.keychain is exempt from freezer
06-04 15:04:49.814 476 537 D CompatibilityChangeReporter: Compat change id reported: 135634846; UID 1000; state: DISABLED
06-04 15:04:49.815 182 182 I hwservicemanager: getTransport: Cannot find entry android.hardware.graphics.mapper@4.0::IMapper/default in either framework or device VINTF manifest.
06-04 15:04:49.816 476 521 I ActivityManager: com.dangbei.leard.leradlauncher is exempt from freezer
06-04 15:04:49.816 674 949 I Gralloc4: mapper 4.x is not supported
06-04 15:04:49.816 182 182 I hwservicemanager: getTransport: Cannot find entry android.hardware.graphics.mapper@3.0::IMapper/default in either framework or device VINTF manifest.
06-04 15:04:49.817 476 539 W ActivityManager: Slow operation: 275ms so far, now at startProcess: done updating battery stats
06-04 15:04:49.817 476 539 I Watchdog: Interesting Java process com.android.providers.media.module started. Pid 1046
06-04 15:04:49.817 476 539 W ActivityManager: Slow operation: 275ms so far, now at startProcess: building log message
06-04 15:04:49.817 476 539 I ActivityManager: app.processName = com.android.providers.media.module
06-04 15:04:49.817 476 539 I ActivityManager: Start proc 1046:com.android.providers.media.module/u0a74 for service {com.android.providers.media.module/com.android.providers.media.fuse.ExternalStorageServiceImpl}
06-04 15:04:49.818 476 539 W ActivityManager: Slow operation: 275ms so far, now at startProcess: starting to update pids map
06-04 15:04:49.818 476 539 W ActivityManager: Slow operation: 275ms so far, now at startProcess: done updating pids map
06-04 15:04:49.818 476 539 W ActivityManager: Slow operation: 163ms so far, now at startProcess: asking zygote to start proc
06-04 15:04:49.818 476 539 D CompatibilityChangeReporter: Compat change id reported: 143937733; UID 10021; state: ENABLED
06-04 15:04:49.825 476 1014 V BackupManagerConstants: getKeyValueBackupIntervalMilliseconds(...) returns 14400000
06-04 15:04:49.825 476 1014 V BackupManagerConstants: getKeyValueBackupFuzzMilliseconds(...) returns 600000
06-04 15:04:49.826 476 1014 V BackupManagerConstants: getKeyValueBackupRequiredNetworkType(...) returns 1
