06-04 15:06:08.051 1080 1109 I OpenGLRenderer: Davey! duration=9223371940907ms; Flags=0, FrameTimelineVsyncId=3280, IntendedVsync=95937565867, Vsync=95937565867, InputEventId=0, HandleInputStart=95940965962, AnimationStart=95940971587, PerformTraversalsStart=95942251212, DrawStart=95943870253, FrameDeadline=95970899199, FrameInterval=95940943128, FrameStartTime=16666666, SyncQueued=95947112503, SyncStart=95957040420, IssueDrawCommandsStart=95958304337, SwapBuffers=95970202045, FrameCompleted=9223372036854775807, DequeueBufferDuration=61125, QueueBufferDuration=2413000, GpuCompleted=9223372036854775807, SwapBuffersCompleted=95974351920, DisplayPresentTime=0,
06-04 15:06:08.070 1080 1109 I OpenGLRenderer: Davey! duration=9223371940885ms; Flags=0, FrameTimelineVsyncId=3282, IntendedVsync=95954231363, Vsync=95954231363, InputEventId=0, HandleInputStart=95958760837, AnimationStart=95958763712, PerformTraversalsStart=95959344503, DrawStart=95959629128, FrameDeadline=95987564695, FrameInterval=95958751128, FrameStartTime=16666666, SyncQueued=95959743420, SyncStart=95974823962, IssueDrawCommandsStart=95976718920, SwapBuffers=95984780420, FrameCompleted=9223372036854775807, DequeueBufferDuration=60833, QueueBufferDuration=3374958, GpuCompleted=9223372036854775807, SwapBuffersCompleted=95990104087, DisplayPresentTime=0,
06-04 15:06:08.085 1080 1109 I OpenGLRenderer: Davey! duration=9223371940871ms; Flags=0, FrameTimelineVsyncId=3284, IntendedVsync=95970514568, Vsync=95970514568, InputEventId=0, HandleInputStart=95977205587, AnimationStart=95977208753, PerformTraversalsStart=95977571128, DrawStart=95977843587, FrameDeadline=96003847900, FrameInterval=95977194503, FrameStartTime=16666666, SyncQueued=95977964128, SyncStart=95990617003, IssueDrawCommandsStart=95992241878, SwapBuffers=95998238337, FrameCompleted=9223372036854775807, DequeueBufferDuration=53333, QueueBufferDuration=6831333, GpuCompleted=9223372036854775807, SwapBuffersCompleted=96006059170, DisplayPresentTime=0,
06-04 15:06:08.107 476 520 W IorapForwardingService: No service published for: iorapd
06-04 15:06:08.319 2735 2744 I gbei.screencas: Background concurrent copying GC freed 91905(5560KB) AllocSpace objects, 50(1320KB) LOS objects, 49% free, 3580KB/7160KB, paused 287us total 163.613ms
06-04 15:06:08.407 2716 2716 W audit : audit_lost=569 audit_rate_limit=5 audit_backlog_limit=64
06-04 15:06:08.400 2641 2641 I Timer-1 : type=1400 audit(0.0:1080): avc: denied { read } for name="address" dev="sysfs" ino=28000 scontext=u:r:platform_app:s0:c512,c768 tcontext=u:object_r:sysfs:s0 tclass=file permissive=1 app=com.dangbei.screencast
06-04 15:06:08.407 2716 2716 E audit : rate limit exceeded
06-04 15:06:08.400 2641 2641 I Timer-1 : type=1400 audit(0.0:1081): avc: denied { open } for path="/sys/devices/platform/unisoc_wifi/net/wlan1/address" dev="sysfs" ino=28000 scontext=u:r:platform_app:s0:c512,c768 tcontext=u:object_r:sysfs:s0 tclass=file permissive=1 app=com.dangbei.screencast
06-04 15:06:08.423 2641 2707 I efs.config: No update is required, less than 8h since the last update
06-04 15:06:08.503 476 499 W TelephonyPermissions: reportAccessDeniedToReadIdentifiers:com.dangbei.screencast:getSerial:-1
06-04 15:06:08.567 1080 1780 I OpenGLRenderer: Davey! duration=9223371940412ms; Flags=0, FrameTimelineVsyncId=3340, IntendedVsync=96437136054, Vsync=96453802720, InputEventId=0, HandleInputStart=96459630379, AnimationStart=96459632629, PerformTraversalsStart=96461388045, DrawStart=96462128670, FrameDeadline=96470469386, FrameInterval=96459618629, FrameStartTime=16666666, SyncQueued=96462479129, SyncStart=96467982670, IssueDrawCommandsStart=96469743379, SwapBuffers=96487111045, FrameCompleted=9223372036854775807, DequeueBufferDuration=39833, QueueBufferDuration=2612959, GpuCompleted=9223372036854775807, SwapBuffersCompleted=96491316420, DisplayPresentTime=0,
06-04 15:06:08.562 1043 1043 E sprdwl : sprdwl_rx_rsp_process ctx_id 0 recv rsp[WIFI_CMD_TX_DATA] status[SPRDWL_CMD_STATUS_ERROR]
06-04 15:06:08.614 1043 1043 E sprdwl : sprdwl_rx_rsp_process ctx_id 0 recv rsp[WIFI_CMD_TX_DATA] status[SPRDWL_CMD_STATUS_ERROR]
06-04 15:06:08.637 2641 2716 V NFC : this device does not have NFC support
06-04 15:06:08.645 1043 1043 E sprdwl : sprdwl_rx_rsp_process ctx_id 0 recv rsp[WIFI_CMD_TX_DATA] status[SPRDWL_CMD_STATUS_ERROR]
06-04 15:06:08.660 1043 1043 E sprdwl : sprdwl_rx_rsp_process ctx_id 0 recv rsp[WIFI_CMD_TX_DATA] status[SPRDWL_CMD_STATUS_ERROR]
06-04 15:06:09.109 476 520 W IorapForwardingService: No service published for: iorapd
06-04 15:06:09.110 654 654 E WifiHAL : wifi_get_link_stats: requestResponse Error:-5
06-04 15:06:09.111 476 608 E WifiVendorHal: getWifiLinkLayerStats_1_5_Internal(l.1191) failed {.code = ERROR_INVALID_ARGS, .description = }
06-04 15:06:09.583 1043 1043 E sprdwl : sprdwl_rx_rsp_process ctx_id 0 recv rsp[WIFI_CMD_TX_DATA] status[SPRDWL_CMD_STATUS_ERROR]
06-04 15:06:10.112 476 520 W IorapForwardingService: No service published for: iorapd
06-04 15:06:10.423 2641 2641 E GuardService: startMainRunnable:
06-04 15:06:10.939 386 386 W hdr10p_Configure: 132 callbacks suppressed
06-04 15:06:10.939 386 386 I : DVI mode selected: packets not configured
06-04 15:06:10.939 386 386 W set_vsif_config: 132 callbacks suppressed
06-04 15:06:10.939 386 386 I : Error: set vsif failed
06-04 15:06:10.939 386 386 I : DVI mode selected: packets not configured
06-04 15:06:10.939 386 386 I : Error: set vsif failed
06-04 15:06:10.969 1080 1780 I OpenGLRenderer: Davey! duration=9223371938000ms; Flags=0, FrameTimelineVsyncId=3348, IntendedVsync=98853802992, Vsync=98853802992, InputEventId=0, HandleInputStart=98855202713, AnimationStart=98855207838, PerformTraversalsStart=98855627463, DrawStart=98858913046, FrameDeadline=98887136324, FrameInterval=98855186921, FrameStartTime=16666666, SyncQueued=98859766588, SyncStart=98860518046, IssueDrawCommandsStart=98862574380, SwapBuffers=98876723921, FrameCompleted=9223372036854775807, DequeueBufferDuration=97917, QueueBufferDuration=1772000, GpuCompleted=9223372036854775807, SwapBuffersCompleted=98894796546, DisplayPresentTime=0,
06-04 15:06:10.973 386 386 I : DVI mode selected: packets not configured
06-04 15:06:10.973 386 386 I : Error: set vsif failed
06-04 15:06:10.974 386 386 I : DVI mode selected: packets not configured
06-04 15:06:10.974 386 386 I : Error: set vsif failed
06-04 15:06:10.985 1080 1780 I OpenGLRenderer: Davey! duration=9223371937965ms; Flags=0, FrameTimelineVsyncId=3350, IntendedVsync=98870904165, Vsync=98870904165, InputEventId=0, HandleInputStart=98872655046, AnimationStart=98872661463, PerformTraversalsStart=98875022713, DrawStart=98876858296, FrameDeadline=98904237497, FrameInterval=98872640546, FrameStartTime=16666666, SyncQueued=98876977338, SyncStart=98895190546, IssueDrawCommandsStart=98896649380, SwapBuffers=98907941130, FrameCompleted=9223372036854775807, DequeueBufferDuration=66916, QueueBufferDuration=1724041, GpuCompleted=9223372036854775807, SwapBuffersCompleted=98912171421, DisplayPresentTime=0,
06-04 15:06:10.991 386 386 I : DVI mode selected: packets not configured
06-04 15:06:10.991 386 386 I : Error: set vsif failed
06-04 15:06:10.991 386 386 I : DVI mode selected: packets not configured
06-04 15:06:10.991 386 386 I : Error: set vsif failed
06-04 15:06:11.004 1080 1780 I OpenGLRenderer: Davey! duration=9223371937953ms; Flags=0, FrameTimelineVsyncId=3351, IntendedVsync=98887570831, Vsync=98887570831, InputEventId=0, HandleInputStart=98897449463, AnimationStart=98897453671, PerformTraversalsStart=98898080296, DrawStart=98898845130, FrameDeadline=98920904163, FrameInterval=98897441755, FrameStartTime=16666666, SyncQueued=98898961838, SyncStart=98912648296, IssueDrawCommandsStart=98914066130, SwapBuffers=98922815880, FrameCompleted=9223372036854775807, DequeueBufferDuration=68416, QueueBufferDuration=1585542, GpuCompleted=9223372036854775807, SwapBuffersCompleted=98927677338, DisplayPresentTime=0,
06-04 15:06:11.008 386 386 I : DVI mode selected: packets not configured
06-04 15:06:11.008 386 386 I : Error: set vsif failed
06-04 15:06:11.008 386 386 I : DVI mode selected: packets not configured
06-04 15:06:11.008 386 386 I : Error: set vsif failed
06-04 15:06:11.022 386 386 I : DVI mode selected: packets not configured
06-04 15:06:11.022 386 386 I : Error: set vsif failed
06-04 15:06:11.022 386 386 I : DVI mode selected: packets not configured
06-04 15:06:11.022 386 386 I : Error: set vsif failed
06-04 15:06:11.035 1080 1780 I OpenGLRenderer: Davey! duration=9223371937930ms; Flags=0, FrameTimelineVsyncId=3355, IntendedVsync=98920904163, Vsync=98920904163, InputEventId=0, HandleInputStart=98935605338, AnimationStart=98935611546, PerformTraversalsStart=98936576963, DrawStart=98937859046, FrameDeadline=98954237495, FrameInterval=98935594046, FrameStartTime=16666666, SyncQueued=98941085921, SyncStart=98944932713, IssueDrawCommandsStart=98946555880, SwapBuffers=98955765463, FrameCompleted=9223372036854775807, DequeueBufferDuration=54334, QueueBufferDuration=2512167, GpuCompleted=9223372036854775807, SwapBuffersCompleted=98959139588, DisplayPresentTime=0,
06-04 15:06:11.052 1080 1780 I OpenGLRenderer: Davey! duration=9223371937905ms; Flags=0, FrameTimelineVsyncId=3357, IntendedVsync=98937578537, Vsync=98937578537, InputEventId=0, HandleInputStart=98946986630, AnimationStart=98946991421, PerformTraversalsStart=98947471713, DrawStart=98947720921, FrameDeadline=98970911869, FrameInterval=98946977588, FrameStartTime=16666666, SyncQueued=98947811671, SyncStart=98959412005, IssueDrawCommandsStart=98960552005, SwapBuffers=98970261671, FrameCompleted=9223372036854775807, DequeueBufferDuration=45375, QueueBufferDuration=2420333, GpuCompleted=9223372036854775807, SwapBuffersCompleted=98975076630, DisplayPresentTime=0,
06-04 15:06:11.068 1080 1780 I OpenGLRenderer: Davey! duration=9223371937886ms; Flags=0, FrameTimelineVsyncId=3359, IntendedVsync=98954246559, Vsync=98954246559, InputEventId=0, HandleInputStart=98961075338, AnimationStart=98961078296, PerformTraversalsStart=98961593421, DrawStart=98961885421, FrameDeadline=98987579891, FrameInterval=98961067421, FrameStartTime=16666666, SyncQueued=98961980755, SyncStart=98975789463, IssueDrawCommandsStart=98976918255, SwapBuffers=98982467046, FrameCompleted=9223372036854775807, DequeueBufferDuration=54625, QueueBufferDuration=7189167, GpuCompleted=9223372036854775807, SwapBuffersCompleted=98990787296, DisplayPresentTime=0,
06-04 15:06:11.113 476 520 W IorapForwardingService: No service published for: iorapd
06-04 15:06:11.506 476 750 W TelephonyPermissions: reportAccessDeniedToReadIdentifiers:com.dangbei.screencast:getSerial:-1
06-04 15:06:11.552 476 750 I WifiService: releaseMulticastLock uid=10030
06-04 15:06:11.554 476 499 I WifiService: releaseMulticastLock uid=10030
06-04 15:06:11.578 2735 2735 D HiSight-SinkService: setDiscoverable true
06-04 15:06:11.580 1080 1514 D wenhc : getScreenInfo uri = content://com.dangbei.screencast.parts.info/screen_cast
06-04 15:06:11.584 2735 2735 D NearFieldManager: init.
06-04 15:06:11.584 2735 2735 D NearFieldManager: try check dmsdp
06-04 15:06:11.600 2735 2786 V NFC : this device does not have NFC support
06-04 15:06:11.600 2735 2735 D NearFieldManager: package not exist
06-04 15:06:11.606 476 499 D CompatibilityChangeReporter: Compat change id reported: 135634846; UID 10030; state: DISABLED
06-04 15:06:11.607 476 539 D CompatibilityChangeReporter: Compat change id reported: 143937733; UID 10030; state: DISABLED
06-04 15:06:11.607 2735 2735 D NearFieldManager: bind nearfield service true
06-04 15:06:11.609 2735 2735 D NearFieldManager: registerCallback true
06-04 15:06:11.610 2735 2735 D HiSight-Discovery: set deviceInfo type:46
06-04 15:06:11.610 2735 2735 D HiSight-Discovery: startAdvertise 1
06-04 15:06:11.626 244 244 D Zygote : Forked child process 2865
06-04 15:06:11.629 476 539 I ActivityManager: app.processName = com.huawei.connection
06-04 15:06:11.629 476 539 I ActivityManager: Start proc 2865:com.huawei.connection/u0a30 for service {com.dangbei.screencast/com.huawei.connection.service.NearFieldManagerService}
06-04 15:06:11.638 2865 2865 I Zygote : seccomp disabled by setenforce 0
06-04 15:06:11.659 403 413 I adbd : jdwp connection from 2865
06-04 15:06:11.680 2865 2865 D CompatibilityChangeReporter: Compat change id reported: 171979766; UID 10030; state: DISABLED
06-04 15:06:11.689 2865 2865 D ApplicationLoaders: Returning zygote-cached class loader: /system/framework/android.test.base.jar
06-04 15:06:11.689 2865 2865 D ApplicationLoaders: Returning zygote-cached class loader: /system/framework/android.hidl.manager-V1.0-java.jar
06-04 15:06:11.689 2865 2865 D ApplicationLoaders: Returning zygote-cached class loader: /system/framework/android.hidl.base-V1.0-java.jar
06-04 15:06:11.714 2865 2865 V GraphicsEnvironment: ANGLE Developer option for 'com.dangbei.screencast' set to: 'default'
06-04 15:06:11.714 2865 2865 V GraphicsEnvironment: Neither updatable production driver nor prerelease driver is supported.
06-04 15:06:11.716 2865 2865 D NetworkSecurityConfig: Using Network Security Config from resource network_security_config debugBuild: false
06-04 15:06:11.720 2865 2865 D NetworkSecurityConfig: Using Network Security Config from resource network_security_config debugBuild: false
06-04 15:06:11.723 2865 2865 I MultiDex: VM with version 2.1.0 has multidex support
06-04 15:06:11.724 2865 2865 I MultiDex: Installing application
06-04 15:06:11.724 2865 2865 I MultiDex: VM has multidex support, MultiDex support library is disabled.
06-04 15:06:11.767 2735 2735 D HiSight-SinkService: setDiscoverable true
06-04 15:06:11.768 2735 2735 D HiSight-Discovery: set deviceInfo type:46
06-04 15:06:11.768 2735 2735 D HiSight-Discovery: startAdvertise 1
06-04 15:06:11.769 1080 1514 D wenhc : getScreenInfo uri = content://com.dangbei.screencast.parts.info/screen_cast
06-04 15:06:11.802 1080 1514 D wenhc : getScreenInfo uri = content://com.dangbei.screencast.parts.info/screen_cast
06-04 15:06:11.807 2735 2735 D HiSight-SinkService: setDiscoverable true
06-04 15:06:11.809 2735 2735 D HiSight-Discovery: set deviceInfo type:46
06-04 15:06:11.810 2735 2735 D HiSight-Discovery: startAdvertise 1
06-04 15:06:11.810 2735 2735 E HuaweiCastService: onStartCommand in 0
06-04 15:06:11.824 2865 2865 I awei.connection: type=1400 audit(0.0:1083): avc: denied { search } for name="net" dev="sysfs" ino=10442 scontext=u:r:platform_app:s0:c512,c768 tcontext=u:object_r:sysfs_net:s0 tclass=dir permissive=1 app=com.dangbei.screencast
06-04 15:06:11.854 2865 2900 I crashsdk: version unique build id: 6230cced
06-04 15:06:11.856 2865 2865 I Thread-3: type=1400 audit(0.0:1084): avc: denied { read } for name="version" dev="proc" ino=4026532049 scontext=u:r:platform_app:s0:c512,c768 tcontext=u:object_r:proc_version:s0 tclass=file permissive=1 app=com.dangbei.screencast
06-04 15:06:11.856 2865 2865 I Thread-3: type=1400 audit(0.0:1085): avc: denied { open } for path="/proc/version" dev="proc" ino=4026532049 scontext=u:r:platform_app:s0:c512,c768 tcontext=u:object_r:proc_version:s0 tclass=file permissive=1 app=com.dangbei.screencast
06-04 15:06:11.856 2865 2865 I Thread-3: type=1400 audit(0.0:1086): avc: denied { getattr } for path="/proc/version" dev="proc" ino=4026532049 scontext=u:r:platform_app:s0:c512,c768 tcontext=u:object_r:proc_version:s0 tclass=file permissive=1 app=com.dangbei.screencast
06-04 15:06:11.862 2865 2901 D crashsdk: Native log stat thread 2901 setup, waiting
06-04 15:06:11.864 2865 2888 I crashsdk: begin hack android.os.Process
06-04 15:06:11.864 2865 2888 I crashsdk: end hack android.os.Process
06-04 15:06:11.876 2140 2207 D UtilLog : 日志批量上报 进行正常循环 !!!!!!本次有0次请求,共0条数据
06-04 15:06:11.889 2865 2865 I TDLog : setReportUncaughtExceptions: true
06-04 15:06:11.891 2865 2905 W efs.send_log: tryFileLock start!
06-04 15:06:11.894 2865 2865 E Application: onCreate:Version:v2.8.3/20830/883432e
06-04 15:06:11.901 2865 2888 I Matrix.AnrTracer: anrTrace, final mAnrBeatTime:400, mAnrBeatRate:400
06-04 15:06:11.909 2865 2888 E LaunchManager: Non main process !
06-04 15:06:11.909 2865 2888 W System.err: java.lang.NullPointerException: Attempt to invoke virtual method 'boolean com.efs.sdk.launch.LaunchConfigManager.enableTracer()' on a null object reference
06-04 15:06:11.910 2865 2888 W System.err: at com.umeng.umcrash.UMCrash.init(Unknown Source:403)
06-04 15:06:11.910 2865 2888 W System.err: at java.lang.reflect.Method.invoke(Native Method)
06-04 15:06:11.910 2865 2888 W System.err: at com.umeng.commonsdk.UMConfigure.init(Unknown Source:811)
06-04 15:06:11.910 2865 2888 W System.err: at b.f.f.b.a(:4)
06-04 15:06:11.910 2865 2888 W System.err: at h.o.a.run(Unknown Source:2)
06-04 15:06:11.915 2865 2905 I efs.config: --->>> 删除旧的配置文件 false
06-04 15:06:11.918 476 572 W ServiceManager: Permission failure: android.permission.HIGH_SAMPLING_RATE_SENSORS from uid=10030 pid=2865
06-04 15:06:11.928 2865 2918 I efs.base: lt=event`ev_ct=efs_core`ev_ac=pvuv`tm=2025-06-04 15:06:90`dn=fd1f5943-1a79-4d2e-a8ad-2dbcd9a01f5b`ps=com.huawei.connection`um_os=android`stime=1749020771593`pid=2865`fr=android`pkg=com.dangbei.screencast`vcode=20830`dsp_w=1920`uid=fd1f5943-1a79-4d2e-a8ad-2dbcd9a01f5b`rom=12`wid=fd1f5943-1a79-4d2e-a8ad-2dbcd9a01f5b`um_app_carrier=`um_access=wifi`um_app_channel=os`um_crash_sdk_version=1.4.0`ctime=1749020771`model=dbbox-a2`lang=zh`net=wifi`brand=dangbei`dsp_h=1080`um_network_type=0`ver=v2.8.3`build_model=DBBOX-A2`w_tm=1749020771`appid=5fc60c21094d637f3130af19`um_umid_header=ai8fdb5175dd58f6e557dc840fd5072087`sdk=31`tzone=Asia/Shanghai`sdk_ver=1.3.6.umeng
06-04 15:06:11.930 2865 2905 I efs.config: current config version (-1) is older than another (1735614866)
06-04 15:06:11.947 2865 2905 I efs.config: load config from storage and notify observer
06-04 15:06:11.948 2865 2889 I TDLog : TalkingData SDK init...
06-04 15:06:11.948 2865 2889 I TDLog : SDK_VERSION is: Android+TD+V5.0.7 gp Type:Native Build_Num:2141
06-04 15:06:11.948 2865 2889 I TDLog : App ID is: B9D7815EC975466AB1332111FCE62DF5
06-04 15:06:11.948 2865 2889 I TDLog : App Channel is: os
06-04 15:06:11.948 2865 2889 I TDLog : App Custom is:
06-04 15:06:11.948 2865 2889 I TDLog : SDK_OVC is: TDOVC+a3bb7754719798526508b6caad480dd7+SaaS
06-04 15:06:11.949 2865 2865 D NearFieldManagerService: NearFieldManagerService.
06-04 15:06:11.950 2865 2865 D NearFieldManagerService: onCreate, enter.
06-04 15:06:11.951 2865 2865 I NearFieldManagerService: onBind, enter.
06-04 15:06:11.951 2865 2865 D NearFieldManagerService: initService
06-04 15:06:11.951 2865 2865 D NearFieldManagerService: NearField starting...
06-04 15:06:11.954 2865 2865 D NearFieldUtils: checkSystemProperty in
06-04 15:06:11.954 2865 2865 D NearFieldUtils: checkSystemProperty: systemProperties:
06-04 15:06:11.955 2865 2865 E NearFieldUtils: validProperty: priority is null
06-04 15:06:11.962 2735 2735 D NearFieldManager: service connected.
06-04 15:06:11.964 2735 2735 D HiSight-Discovery: eventId: 4001
06-04 15:06:11.964 2735 2864 D HiSight-Discovery: msg 4001
06-04 15:06:11.964 2735 2864 D HiSight-Discovery: bind success, status Ready
06-04 15:06:11.964 2735 2864 D HiSight-Discovery: startAdvertise 2
06-04 15:06:11.964 2735 2864 D HiSight-Discovery: stopAdvertise.
06-04 15:06:11.965 2735 2864 D HiSight-Discovery: nearFieldStartListen deviceType 46
06-04 15:06:11.967 2865 2880 I NearFieldManagerImpl: setDeviceInfo, sDeviceId changes
06-04 15:06:11.970 2865 2880 I NearFieldManagerImpl: setDeviceInfo, sDeviceName changes
06-04 15:06:11.971 2865 2880 D NearFieldManagerImpl: setServiceData, sServiceData=[], serviceData=[32]
06-04 15:06:11.971 2735 2864 E NearFieldManager: setIdnNetworkPriority: networkPortPriority is empty
06-04 15:06:11.971 2735 2864 D NearFieldManager: StartListen moduleId: CastPlusDiscoveryModule
06-04 15:06:11.974 2865 2880 D NearFieldManagerImpl: startListen: moduleId: CastPlusDiscoveryModule
06-04 15:06:11.974 2865 2880 D NearFieldUtils: getPreferredIpAddress exec
06-04 15:06:11.975 2865 2880 D NearFieldUtils: getPreferredIpAddress by custom priority
06-04 15:06:11.975 2865 2880 D NearFieldUtils: getIpByInterfaceSetting customIdnNetworkPriority:[]
06-04 15:06:11.975 2865 2880 D NearFieldUtils: getPreferredIpAddress by default priority
06-04 15:06:12.001 2865 2865 I crashsdk: Catcher mask: 5000, 20480
06-04 15:06:12.002 2865 2865 I crashsdk: Catcher thread 2870
06-04 15:06:12.002 2865 2865 D crashsdk: Register ANR handler ...
06-04 15:06:12.004 2865 2865 D NearFieldManagerImpl: onReceive action get:android.net.conn.CONNECTIVITY_CHANGE
06-04 15:06:12.005 2865 2918 W efs.info.manager: network change: wifi
06-04 15:06:12.006 2865 2865 D NearFieldUtils: getPreferredIpAddress exec
06-04 15:06:12.006 2865 2865 D NearFieldUtils: getPreferredIpAddress by custom priority
06-04 15:06:12.006 2865 2865 D NearFieldUtils: getIpByInterfaceSetting customIdnNetworkPriority:[]
06-04 15:06:12.006 2865 2865 D NearFieldUtils: getPreferredIpAddress by default priority
06-04 15:06:12.046 2865 2880 D NearFieldUtils: to get wlan0 ip address
06-04 15:06:12.047 2865 2880 D NearFieldUtils: get wlan0 IP succeed.
06-04 15:06:12.048 2865 2880 D NearFieldManagerImpl: sDeviceType: 46
06-04 15:06:12.048 2865 2880 D NearFieldManagerImpl: registerDevice() is called.
06-04 15:06:12.050 2865 2880 E NearFieldManagerUtilsNative: Begin System.loadLibrary()
06-04 15:06:12.053 2865 2865 D NearFieldUtils: to get wlan0 ip address
06-04 15:06:12.054 2865 2865 D NearFieldUtils: get wlan0 IP succeed.
06-04 15:06:12.054 2865 2865 E NearFieldManagerImpl: notifyByPriority: interfaceNameInUse is null
06-04 15:06:12.054 2865 2865 D NearFieldManagerImpl: handleConnectivityAction: notified by default
06-04 15:06:12.069 2865 2880 I HicomNfTimerManager: epoll fd:124 create success
06-04 15:06:12.069 2865 2880 I HicomNfTimerManager: epoll add fd:129--->124 success
06-04 15:06:12.069 2865 2880 I HicomNfTimerManager: time fd:129 add to epoll success
06-04 15:06:12.075 2865 2865 D NearFieldUtils: to get wlan0 ip address
06-04 15:06:12.075 2865 2865 D NearFieldUtils: get wlan0 IP succeed.
06-04 15:06:12.075 2865 2865 I NearFieldManagerImpl: wlan Connected
06-04 15:06:12.084 2865 2865 I HicomNf_java_to_c: notifyNetworkStateChanged with maskStr, networkType: 0, networkState: 0, mask:
06-04 15:06:12.084 2865 2865 I HicomNfMainCtrlManager: NotifyNetworkStateChanged is called with networkState: 0
06-04 15:06:12.084 2865 2865 I HicomNfMainCtrlManager: P2P and USB are both disconnected
06-04 15:06:12.084 2865 2865 I HicomNfSecureManager: stop listening
06-04 15:06:12.084 2865 2865 I HicomNfSecureManager: StopListening, m_sessionInfoLock out, before calling NSTACKX_DMsgClose 2
06-04 15:06:12.084 2865 2865 I HicomNfSecureManager: StopListening, after calling NSTACKX_DMsgClose 2
06-04 15:06:12.084 2865 2880 D nStackXDFinder: NSTACKX_Init:[146] :nstack ctrl creat epollfd 128
06-04 15:06:12.085 2865 2880 I nStackXDFinder: InitDefaultInterfaceName:[779] :InitDefaultInterfaceName exec
06-04 15:06:12.085 2865 2880 D nStackXCoAP: CoapServerInit:[174] :CoapServerInit is called
06-04 15:06:12.085 2865 2880 E nStackXDFinder: GetLocalIp:[401] :GetLocalIp exec
06-04 15:06:12.085 2865 2880 E nStackXDFinder: GetLocalIp:[407] :GetLocalIp, ifInfo is null
06-04 15:06:12.085 2865 2880 I HicomNfMainCtrlManager: NSTACKX_RegisterDevice is called
06-04 15:06:12.085 2865 2936 I nStackXDFinder: UpdateLocalNetworkInterface:[472] :UpdateLocalNetworkInterface exec,initerfaceName:wlan0
06-04 15:06:12.085 2865 2936 E nStackXDFinder: GetLocalIp:[401] :GetLocalIp exec
06-04 15:06:12.085 2865 2880 D NearFieldManagerImpl: Register device success.
06-04 15:06:12.085 2865 2880 I NearFieldManagerImpl: serviceName is castPlus
06-04 15:06:12.086 2865 2936 E nStackXDFinder: GetLocalIp:[407] :GetLocalIp, ifInfo is null
06-04 15:06:12.086 2865 2936 I nStackXDFinder: UpdateLocalNetworkInterface:[498] :UpdateLocalNetworkInterface copy ip value in default process
06-04 15:06:12.086 2865 2936 E nStackXDFinder: GetLocalIp:[401] :GetLocalIp exec
06-04 15:06:12.086 2865 2936 D nStackXCoAP: CoapServerInit:[174] :CoapServerInit is called
06-04 15:06:12.086 2865 2936 E nStackXDFinder: GetLocalIp:[401] :GetLocalIp exec
06-04 15:06:12.086 2865 2880 D NearFieldManagerImpl: registerCapability() called with: capabilityBitmapNum = 1, capabilityBitmap = [8]
06-04 15:06:12.086 2865 2936 I nStackXUtil: BindToDevice:[352] :BindToDevice exec
06-04 15:06:12.086 2865 2936 I nStackXUtil: GetInterfaceByPriority:[279] :GetInterfaceByPriority exec
06-04 15:06:12.086 2865 2936 I nStackXUtil: GetInterfaceByDefault:[309] :GetInterfaceByDefault exec
06-04 15:06:12.086 2865 2936 I nStackXUtil: GetInterfaceByDefault:[316] :GetInterfaceByDefault, ndevice name: lo
06-04 15:06:12.086 2865 2936 I nStackXUtil: GetInterfaceByDefault:[316] :GetInterfaceByDefault, ndevice name: wlan0
06-04 15:06:12.086 2865 2880 I HicomNf_java_to_c: registerCapability, capabilityBitmapNum: 1
06-04 15:06:12.086 2865 2880 I HicomNfMainCtrlManager: RegisterCapability: 1, 8
06-04 15:06:12.086 2865 2880 D NearFieldManagerImpl: Register capability succeed with capabilityBitmapNum = 1, capabilityBitmap = [8]
06-04 15:06:12.086 2865 2880 D NearFieldManagerImpl: registerServiceData() called with: serviceData = 32
06-04 15:06:12.086 2865 2936 I nStackXUtil: BindToDevice:[374] :BindToDevice, Bind localAddr name: wlan0
06-04 15:06:12.086 2865 2936 E nStackXUtil: BindToDeviceInner:[188] :setsockopt fail, errno = 1
06-04 15:06:12.086 2865 2936 E nStackXCoAP: CoapGetContext:[250] :bind to device fail
06-04 15:06:12.087 2865 2880 D NearFieldManagerImpl: registerModule() called with: packageModuleName = com.huawei.connection+CastPlusDiscoveryModule
06-04 15:06:12.087 2865 2936 D nStackXCoAP: CoapInitResources:[744] :CoapInitResources g_wlanOrEthContext update
06-04 15:06:12.087 2865 2880 I HicomNf_java_to_c: registerModule, moduleName: com.huawei.connection+CastPlusDiscoveryModule
06-04 15:06:12.087 2865 2880 I HicomNfMainCtrlManager: Enter RegisterModule
06-04 15:06:12.087 2865 2880 I HicomNfRegManager: RegisterModule OK, add module name com.huawei.connection+CastPlusDiscoveryModule
06-04 15:06:12.087 2865 2936 I nStackXDFinder: RegisterServiceData:[728] :RegisterServiceData, serviceData=[32]
06-04 15:06:12.089 2735 2864 I Hisight-DeviceListManager: init DeviceListManager.
06-04 15:06:12.101 2865 2865 I HicomNf_java_to_c: notifyNetworkStateChanged with maskStr, networkType: 0, networkState: 1, mask: 255.255.254.0
06-04 15:06:12.102 2865 2865 I HicomNfMainCtrlManager: NotifyNetworkStateChanged is called with networkState: 1
06-04 15:06:12.102 2865 2865 I HicomNfSecureManager: StartListening, before calling NSTACKX_DMsgServer
06-04 15:06:12.102 2865 2865 I nStackXDMsg: NSTACKX_DMsgServer:[1335] :msgReceiver is not NULL
06-04 15:06:12.102 2735 2864 D Hisight-DeviceListManager: get old secret key
06-04 15:06:12.102 2865 2865 D nStackXDMsg: StartDMsgMainThread:[1274] :pthread_create
06-04 15:06:12.102 2865 2865 I HicomNfSecureManager: StartListening, after calling NSTACKX_DMsgServer
06-04 15:06:12.102 2865 2865 I HicomNfSecureManager: OnehopSecureCtrlManager: succeeded to StartListening with type 0
06-04 15:06:12.111 2735 2864 E Hisight-ConnectAuthCallBack: readSecureFile failed, no such file
06-04 15:06:12.111 2735 2864 W Hisight-DeviceListManager: deviceRecords is empty
06-04 15:06:12.111 2735 2864 W Hisight-DeviceListManager: occur error, clear all the list
06-04 15:06:12.112 2735 2864 D Hisight-HiChainAuthControl: start HiChainAuthControl
06-04 15:06:12.116 476 520 W IorapForwardingService: No service published for: iorapd
06-04 15:06:12.116 2735 2864 I ConnectAuthJNI: JNI_OnLoad begin load
06-04 15:06:12.116 2735 2864 I ConnectAuthJNI: RegisterNativeMethod begin
06-04 15:06:12.117 2735 2864 I ConnectAuthJNI: RegisterNativeMethod end
06-04 15:06:12.117 2735 2864 I ConnectAuthJNI: RegisterNativeMethod 1004 methodLen=10
06-04 15:06:12.117 2735 2864 I ConnectAuthJNI: RegisterNativeMethod 1007 RegisterNatives=0
06-04 15:06:12.117 2735 2864 I ConnectAuthJNI: InitArraylist 1013
06-04 15:06:12.117 2735 2864 I ConnectAuthJNI: InitConnectAuthStaticJNIMethod 1114 methodRet=0
06-04 15:06:12.117 2735 2864 E ConnectAuthJNI: JNI_OnLoad finish....1138
06-04 15:06:12.117 2735 2864 D Hisight-HiChainAuthControl: setupAuthIfNeeded, HiChainInstance hasn't been initialized
06-04 15:06:12.117 2735 2864 I ConnectAuthJNI: Java_com_huawei_hisight_security_ConnectAuthNative_nativeSetup 795 call HiChainNativeSetup
06-04 15:06:12.117 2735 2864 I ConnectAuthJNI: HiChainNativeSetup 565 registe_log
06-04 15:06:12.117 2735 2864 I ConnectAuthJNI: HksStorageRegisterFileCallbacks 245 register hks file callback status =0
06-04 15:06:12.117 2735 2864 I ConnectAuthJNI: HksRegisterGetDeviceIdCallback 268 register hks get hardware udid callback status =0
06-04 15:06:12.117 2735 2864 D ConnectAuthJNI: [HiChain] get_instance Begin get instance
06-04 15:06:12.118 2735 2864 I ConnectAuthJNI: [HKS] hks_service_key_info_init hks init : begin
06-04 15:06:12.118 2735 2864 I ConnectAuthJNI: FileRead 113 FileRead
06-04 15:06:12.118 2735 2864 I ConnectAuthJNI: FileRead 122 FileRead call readSecureFile begin
06-04 15:06:12.118 2735 2864 E Hisight-ConnectAuthCallBack: readSecureFile failed, no such file
06-04 15:06:12.118 2735 2864 W ConnectAuthJNI: FileRead 132 FileRead call readSecureFile byteArray is null
06-04 15:06:12.118 2735 2864 I ConnectAuthJNI: [HKS] hks_rkc_init RKC init:begin, is_key_info_exist=0
06-04 15:06:12.118 2735 2864 I ConnectAuthJNI: [HKS] hks_rkc_init_entropy the entropy is empty
06-04 15:06:12.119 2735 2864 I ConnectAuthJNI: FileSize 214 FileSize
06-04 15:06:12.119 2735 2864 I ConnectAuthJNI: FileSize 230 fileSize=258
06-04 15:06:12.119 2735 2864 I ConnectAuthJNI: FileRead 113 FileRead
06-04 15:06:12.119 2735 2864 I ConnectAuthJNI: FileRead 122 FileRead call readSecureFile begin
06-04 15:06:12.119 2735 2864 I ConnectAuthJNI: FileRead 135 FileRead call readSecureFile end
06-04 15:06:12.119 2735 2864 I ConnectAuthJNI: FileRead 150 fileBuff size 258, buf len 258
06-04 15:06:12.119 2735 2864 I ConnectAuthJNI: FileSize 214 FileSize
06-04 15:06:12.119 2735 2864 I ConnectAuthJNI: FileSize 230 fileSize=258
06-04 15:06:12.119 2735 2864 I ConnectAuthJNI: FileRead 113 FileRead
06-04 15:06:12.119 2735 2864 I ConnectAuthJNI: FileRead 122 FileRead call readSecureFile begin
06-04 15:06:12.119 2735 2864 I ConnectAuthJNI: FileRead 135 FileRead call readSecureFile end
06-04 15:06:12.119 2735 2864 I ConnectAuthJNI: FileRead 150 fileBuff size 258, buf len 258
06-04 15:06:12.120 2735 2864 I ConnectAuthJNI: [HKS] hks_rkc_load_ksf load ksf success
06-04 15:06:12.120 2735 2864 I ConnectAuthJNI: [HKS] hks_rkc_init root key component init success
06-04 15:06:12.120 2735 2864 I ConnectAuthJNI: [HKS] hks_rkc_init RKC init:end,rc=0
06-04 15:06:12.120 2735 2864 I ConnectAuthJNI: [HKS] hks_service_key_info_init hks init : end
06-04 15:06:12.120 2735 2864 I ConnectAuthJNI: GetHiChainProtocolParamsCallback 371 GetHiChainProtocolParamsCallback operation_code= 99
06-04 15:06:12.120 2735 2864 I ConnectAuthJNI: paramLen is ,=0
06-04 15:06:12.120 2735 2864 I ConnectAuthJNI: paramLen is ,=0
06-04 15:06:12.120 2735 2864 I ConnectAuthJNI: GetHiChainProtocolParamsCallback 402 GetHiChainProtocolParamsCallback end
06-04 15:06:12.120 2735 2864 I ConnectAuthJNI: [HiChain] get_instance Get instance success
06-04 15:06:12.120 2735 2864 I ConnectAuthJNI: Java_com_huawei_hisight_security_ConnectAuthNative_nativeGetHiChainInstance 598 get instance success
06-04 15:06:12.120 2735 2864 D Hisight-HiChainAuthControl: destroyAuth
06-04 15:06:12.120 2735 2864 I ConnectAuthJNI: Java_com_huawei_hisight_security_ConnectAuthNative_nativeDestroy 603 destroy
06-04 15:06:12.120 2735 2864 D Hisight-HiChainAuthControl: setupAuthIfNeeded, HiChainInstance hasn't been initialized
06-04 15:06:12.120 2735 2864 I ConnectAuthJNI: Java_com_huawei_hisight_security_ConnectAuthNative_nativeSetup 795 call HiChainNativeSetup
06-04 15:06:12.120 2735 2864 I ConnectAuthJNI: HiChainNativeSetup 565 registe_log
06-04 15:06:12.120 2735 2864 I ConnectAuthJNI: HksStorageRegisterFileCallbacks 245 register hks file callback status =0
06-04 15:06:12.120 2735 2864 I ConnectAuthJNI: HksRegisterGetDeviceIdCallback 268 register hks get hardware udid callback status =0
06-04 15:06:12.120 2735 2864 D ConnectAuthJNI: [HiChain] get_instance Begin get instance
06-04 15:06:12.120 2735 2864 I ConnectAuthJNI: [HKS] hks_service_key_info_init hks init : begin
06-04 15:06:12.120 2735 2864 I ConnectAuthJNI: [HKS] hks_service_key_info_init hks init : end
06-04 15:06:12.120 2735 2864 I ConnectAuthJNI: GetHiChainProtocolParamsCallback 371 GetHiChainProtocolParamsCallback operation_code= 99
06-04 15:06:12.120 2735 2864 I ConnectAuthJNI: paramLen is ,=0
06-04 15:06:12.120 2735 2864 I ConnectAuthJNI: paramLen is ,=0
06-04 15:06:12.120 2735 2864 I ConnectAuthJNI: GetHiChainProtocolParamsCallback 402 GetHiChainProtocolParamsCallback end
06-04 15:06:12.120 2735 2864 I ConnectAuthJNI: [HiChain] get_instance Get instance success
06-04 15:06:12.121 2735 2864 I ConnectAuthJNI: Java_com_huawei_hisight_security_ConnectAuthNative_nativeGetHiChainInstance 598 get instance success
06-04 15:06:12.121 2735 2864 W ConnectAuthJNI: GetListTrustPeers 899 trustPeerSize=0
06-04 15:06:12.121 2735 2864 D Hisight-HiChainAuthControl: destroyAuth
06-04 15:06:12.121 2735 2864 I ConnectAuthJNI: Java_com_huawei_hisight_security_ConnectAuthNative_nativeDestroy 603 destroy
06-04 15:06:12.121 2735 2864 D Hisight-HiChainAuthControl: setupAuthIfNeeded, HiChainInstance hasn't been initialized
06-04 15:06:12.121 2735 2864 I ConnectAuthJNI: Java_com_huawei_hisight_security_ConnectAuthNative_nativeSetup 795 call HiChainNativeSetup
06-04 15:06:12.121 2735 2864 I ConnectAuthJNI: HiChainNativeSetup 565 registe_log
06-04 15:06:12.121 2735 2864 I ConnectAuthJNI: HksStorageRegisterFileCallbacks 245 register hks file callback status =0
06-04 15:06:12.121 2735 2864 I ConnectAuthJNI: HksRegisterGetDeviceIdCallback 268 register hks get hardware udid callback status =0
06-04 15:06:12.121 2735 2864 D ConnectAuthJNI: [HiChain] get_instance Begin get instance
06-04 15:06:12.121 2735 2864 I ConnectAuthJNI: [HKS] hks_service_key_info_init hks init : begin
06-04 15:06:12.121 2735 2864 I ConnectAuthJNI: [HKS] hks_service_key_info_init hks init : end
06-04 15:06:12.121 2735 2864 I ConnectAuthJNI: GetHiChainProtocolParamsCallback 371 GetHiChainProtocolParamsCallback operation_code= 99
06-04 15:06:12.121 2735 2864 I ConnectAuthJNI: paramLen is ,=0
06-04 15:06:12.121 2735 2864 I ConnectAuthJNI: paramLen is ,=0
06-04 15:06:12.121 2735 2864 I ConnectAuthJNI: GetHiChainProtocolParamsCallback 402 GetHiChainProtocolParamsCallback end
06-04 15:06:12.121 2735 2864 I ConnectAuthJNI: [HiChain] get_instance Get instance success
06-04 15:06:12.121 2735 2864 I ConnectAuthJNI: Java_com_huawei_hisight_security_ConnectAuthNative_nativeGetHiChainInstance 598 get instance success
06-04 15:06:12.121 654 654 E WifiHAL : wifi_get_link_stats: requestResponse Error:-5
06-04 15:06:12.121 2735 2864 W ConnectAuthJNI: GetListTrustPeers 899 trustPeerSize=0
06-04 15:06:12.122 2735 2864 D Hisight-DeviceListManager: init trusted list size: 0
06-04 15:06:12.122 2735 2864 D HiSight-ConnectionManager: setAuthInfo, authMode: 1
06-04 15:06:12.122 476 608 E WifiVendorHal: getWifiLinkLayerStats_1_5_Internal(l.1191) failed {.code = ERROR_INVALID_ARGS, .description = }
06-04 15:06:12.570 2735 2809 E raop : JavaCallback init
06-04 15:06:13.058 1043 1043 E sprdwl : sprdwl_rx_rsp_process ctx_id 0 recv rsp[WIFI_CMD_TX_DATA] status[SPRDWL_CMD_STATUS_ERROR]
06-04 15:06:13.117 476 520 W IorapForwardingService: No service published for: iorapd
06-04 15:06:13.404 2641 2641 I efs-base: type=1400 audit(0.0:1087): avc: denied { rmdir } for name="1247" dev="mmcblk0p25" ino=6672 scontext=u:r:platform_app:s0:c512,c768 tcontext=u:object_r:app_data_file:s0:c512,c768 tclass=dir permissive=1 app=com.dangbei.screencast
06-04 15:06:13.410 2641 2721 I efs.base: lt=event`ev_ct=efs_core`ev_ac=log_lag`tm=2025-06-04 15:06:40`dn=fd1f5943-1a79-4d2e-a8ad-2dbcd9a01f5b`ps=com.dangbei.screencast:bg_guard`um_os=android`stime=1749020762996`pid=2641`fr=android`pkg=com.dangbei.screencast`vcode=20830`dsp_w=1920`uid=fd1f5943-1a79-4d2e-a8ad-2dbcd9a01f5b`rom=12`wid=fd1f5943-1a79-4d2e-a8ad-2dbcd9a01f5b`um_app_carrier=`um_access=wifi`um_app_channel=os`um_crash_sdk_version=1.4.0`ctime=1749020773`model=dbbox-a2`lang=zh`net=wifi`brand=dangbei`dsp_h=1080`um_network_type=0`ver=v2.8.3`cnt=0`build_model=DBBOX-A2`w_tm=1749020773`appid=5fc60c21094d637f3130af19`um_umid_header=ai8fdb5175dd58f6e557dc840fd5072087`sdk=31`tzone=Asia/Shanghai`sdk_ver=1.3.6.umeng
06-04 15:06:13.423 2641 2641 E GuardService: killMyselfRunnable:
06-04 15:06:13.423 2641 2641 I crashsdk: android_os_Process_sendSignal. PID: 2641 SIG: 9
06-04 15:06:13.424 2641 2641 I crashsdk: onKillProcess. SIG: 9
06-04 15:06:13.426 2641 2641 I crashsdk: Kill PID: 2641 (com.dangbei.screencast:bg_guard) by pid: 2641 (com.dangbei.screencast:bg_guard) tid: 2641 (main)
06-04 15:06:13.426 2641 2641 I crashsdk: SIG: 9, fg: false, exiting: false, main process: false, time: 20250604150613
06-04 15:06:13.426 2641 2641 I crashsdk: State in disk: 'b'
06-04 15:06:13.426 2641 2641 I crashsdk: at android.os.Process.sendSignal(Native Method)
06-04 15:06:13.426 2641 2641 I crashsdk: at android.os.Process.killProcess(Process.java:1153)
06-04 15:06:13.426 2641 2641 I crashsdk: at com.dangbei.screencast.startup.GuardService$a.run(:2)
06-04 15:06:13.426 2641 2641 I crashsdk: at android.os.Handler.handleCallback(Handler.java:938)
06-04 15:06:13.426 2641 2641 I crashsdk: at android.os.Handler.dispatchMessage(Handler.java:99)
06-04 15:06:13.426 2641 2641 I crashsdk: at android.os.Looper.loopOnce(Looper.java:201)
06-04 15:06:13.426 2641 2641 I crashsdk: at android.os.Looper.loop(Looper.java:288)
06-04 15:06:13.426 2641 2641 I crashsdk: at android.app.ActivityThread.main(ActivityThread.java:7854)
06-04 15:06:13.426 2641 2641 I crashsdk: at java.lang.reflect.Method.invoke(Native Method)
06-04 15:06:13.426 2641 2641 I crashsdk: at com.android.internal.os.RuntimeInit$MethodAndArgsCaller.run(RuntimeInit.java:548)
06-04 15:06:13.426 2641 2641 I crashsdk: at com.android.internal.os.ZygoteInit.main(ZygoteInit.java:1182)
06-04 15:06:13.432 2641 2641 I Process : Sending signal. PID: 2641 SIG: 9
06-04 15:06:13.491 2735 2789 W efs.send_log: tryFileLock sendlock sucess! processname: com.dangbei.screencast
06-04 15:06:13.492 476 750 I ActivityManager: Process com.dangbei.screencast:bg_guard (pid 2641) has died: prcp FGS
06-04 15:06:13.493 476 540 I libprocessgroup: Successfully killed process cgroup uid 10030 pid 2641 in 0ms
06-04 15:06:13.495 244 244 I Zygote : Process 2641 exited due to signal 9 (Killed)
06-04 15:06:13.498 1 1 I init : Untracked pid 2726 exited with status 0
06-04 15:06:13.797 2865 2874 I awei.connectio: Background concurrent copying GC freed 36711(3049KB) AllocSpace objects, 22(440KB) LOS objects, 49% free, 3227KB/6455KB, paused 250us total 149.726ms
06-04 15:06:13.937 1080 1109 I OpenGLRenderer: Davey! duration=9223371935017ms; Flags=0, FrameTimelineVsyncId=3423, IntendedVsync=101837137453, Vsync=101837137453, InputEventId=0, HandleInputStart=101840905381, AnimationStart=101840910756, PerformTraversalsStart=101841198506, DrawStart=101842326381, FrameDeadline=101853804119, FrameInterval=101840895048, FrameStartTime=16666666, SyncQueued=101843723465, SyncStart=101844319423, IssueDrawCommandsStart=101845606756, SwapBuffers=101856219548, FrameCompleted=9223372036854775807, DequeueBufferDuration=67042, QueueBufferDuration=2986542, GpuCompleted=9223372036854775807, SwapBuffersCompleted=101860567756, DisplayPresentTime=0,
06-04 15:06:13.955 1080 1109 I OpenGLRenderer: Davey! duration=9223371934996ms; Flags=0, FrameTimelineVsyncId=3424, IntendedVsync=101853804119, Vsync=101853804119, InputEventId=0, HandleInputStart=101854499756, AnimationStart=101854506173, PerformTraversalsStart=101854865590, DrawStart=101855618881, FrameDeadline=101887137451, FrameInterval=101854486756, FrameStartTime=16666666, SyncQueued=101856196465, SyncStart=101861082923, IssueDrawCommandsStart=101863785548, SwapBuffers=101880542631, FrameCompleted=9223372036854775807, DequeueBufferDuration=104042, QueueBufferDuration=2040625, GpuCompleted=9223372036854775807, SwapBuffersCompleted=101883444715, DisplayPresentTime=0,
06-04 15:06:13.971 1080 1109 I OpenGLRenderer: Davey! duration=9223371934977ms; Flags=0, FrameTimelineVsyncId=3426, IntendedVsync=101870470785, Vsync=101870470785, InputEventId=0, HandleInputStart=101871575006, AnimationStart=101871581840, PerformTraversalsStart=101873131006, DrawStart=101876455090, FrameDeadline=101903804117, FrameInterval=101871558006, FrameStartTime=16666666, SyncQueued=101876603965, SyncStart=101883898923, IssueDrawCommandsStart=101885555381, SwapBuffers=101898170673, FrameCompleted=9223372036854775807, DequeueBufferDuration=58041, QueueBufferDuration=2405417, GpuCompleted=9223372036854775807, SwapBuffersCompleted=101901676548, DisplayPresentTime=0,
06-04 15:06:13.986 1080 1109 I OpenGLRenderer: Davey! duration=9223371934960ms; Flags=0, FrameTimelineVsyncId=3428, IntendedVsync=101887578449, Vsync=101887578449, InputEventId=0, HandleInputStart=101891975256, AnimationStart=101891988548, PerformTraversalsStart=101895504715, DrawStart=101895781798, FrameDeadline=101920911781, FrameInterval=101891947465, FrameStartTime=16666666, SyncQueued=101895919256, SyncStart=101902162006, IssueDrawCommandsStart=101903463590, SwapBuffers=101916866756, FrameCompleted=9223372036854775807, DequeueBufferDuration=110958, QueueBufferDuration=1748458, GpuCompleted=9223372036854775807, SwapBuffersCompleted=101919412340, DisplayPresentTime=0,
06-04 15:06:14.021 1080 1780 I OpenGLRenderer: Davey! duration=9223371934923ms; Flags=0, FrameTimelineVsyncId=3432, IntendedVsync=101920911781, Vsync=101920911781, InputEventId=0, HandleInputStart=101926429673, AnimationStart=101926432965, PerformTraversalsStart=101926655840, DrawStart=101927876756, FrameDeadline=101954245113, FrameInterval=101926417923, FrameStartTime=16666666, SyncQueued=101928562340, SyncStart=101939214965, IssueDrawCommandsStart=101940424006, SwapBuffers=101947164381, FrameCompleted=9223372036854775807, DequeueBufferDuration=46250, QueueBufferDuration=3078500, GpuCompleted=9223372036854775807, SwapBuffersCompleted=101951104965, DisplayPresentTime=0,
06-04 15:06:14.036 1080 1780 I OpenGLRenderer: Davey! duration=9223371934907ms; Flags=0, FrameTimelineVsyncId=3434, IntendedVsync=101937578447, Vsync=101937578447, InputEventId=0, HandleInputStart=101941912548, AnimationStart=101941914506, PerformTraversalsStart=101942181840, DrawStart=101942367048, FrameDeadline=101970911779, FrameInterval=101941905548, FrameStartTime=16666666, SyncQueued=101942447423, SyncStart=101951749548, IssueDrawCommandsStart=101953959090, SwapBuffers=101967752215, FrameCompleted=9223372036854775807, DequeueBufferDuration=67625, QueueBufferDuration=1334125, GpuCompleted=9223372036854775807, SwapBuffersCompleted=101970234256, DisplayPresentTime=0,
06-04 15:06:14.119 476 520 W IorapForwardingService: No service published for: iorapd
06-04 15:06:14.376 2735 2735 I CrashSDKNormalH: type=1400 audit(0.0:1088): avc: denied { open } for path="/data/user/0/com.dangbei.screencast/crashsdk/tags/TSACNEERCS0IEBGNAD0MOC.st" dev="mmcblk0p25" ino=2192 scontext=u:r:platform_app:s0:c512,c768 tcontext=u:object_r:app_data_file:s0:c512,c768 tclass=file permissive=1 app=com.dangbei.screencast
06-04 15:06:14.376 2735 2735 I CrashSDKNormalH: type=1400 audit(0.0:1089): avc: denied { lock } for path="/data/user/0/com.dangbei.screencast/crashsdk/tags/TSACNEERCS0IEBGNAD0MOC.st" dev="mmcblk0p25" ino=2192 scontext=u:r:platform_app:s0:c512,c768 tcontext=u:object_r:app_data_file:s0:c512,c768 tclass=file permissive=1 app=com.dangbei.screencast
06-04 15:06:14.551 1080 2469 I OpenGLRenderer: Davey! duration=9223371934399ms; Flags=0, FrameTimelineVsyncId=3494, IntendedVsync=102437137022, Vsync=102437137022, InputEventId=0, HandleInputStart=102438140756, AnimationStart=102438146965, PerformTraversalsStart=102439845881, DrawStart=102440670215, FrameDeadline=102470470354, FrameInterval=102438127381, FrameStartTime=16666666, SyncQueued=102441099090, SyncStart=102459208506, IssueDrawCommandsStart=102460731465, SwapBuffers=102469810131, FrameCompleted=9223372036854775807, DequeueBufferDuration=49292, QueueBufferDuration=1172375, GpuCompleted=9223372036854775807, SwapBuffersCompleted=102477891215, DisplayPresentTime=0,
06-04 15:06:14.617 262 294 D hdmi-cec: receive invalid cec message!
06-04 15:06:14.617 262 294 D hdmi-cec: receive poll message [04], skip!
06-04 15:06:14.796 2735 2735 I MirrorHelper: type=1400 audit(0.0:1090): avc: denied { read } for name="address" dev="sysfs" ino=16906 scontext=u:r:platform_app:s0:c512,c768 tcontext=u:object_r:sysfs_net:s0 tclass=file permissive=1 app=com.dangbei.screencast
06-04 15:06:14.800 2735 2735 I MirrorHelper: type=1400 audit(0.0:1091): avc: denied { open } for path="/sys/devices/virtual/net/dummy0/address" dev="sysfs" ino=16906 scontext=u:r:platform_app:s0:c512,c768 tcontext=u:object_r:sysfs_net:s0 tclass=file permissive=1 app=com.dangbei.screencast
06-04 15:06:14.800 2735 2735 I MirrorHelper: type=1400 audit(0.0:1092): avc: denied { getattr } for path="/sys/devices/virtual/net/dummy0/address" dev="sysfs" ino=16906 scontext=u:r:platform_app:s0:c512,c768 tcontext=u:object_r:sysfs_net:s0 tclass=file permissive=1 app=com.dangbei.screencast
06-04 15:06:14.838 2735 2947 I PlatformDependent: Your platform does not provide complete low-level API for accessing direct buffers reliably. Unless explicitly requested, heap buffer will always be preferred to avoid potential system instability.
06-04 15:06:14.880 2735 2809 W VideoCapabilities: Unrecognized profile/level 0/3 for video/mpeg2
06-04 15:06:14.895 476 618 D NsdService: Register service
06-04 15:06:14.895 476 618 D NsdService: registerService: 6 name: 当贝投屏T1, type: _airplay._tcp, host: null, port: 35743, txtRecord: srcvers=220.68features=0x527FFFF7,0x1E'pi=2e388006-13ba-4041-9a67-25dd4a43d536Cpk=b07727d6f6cd6e08b58ede525ec3cdeaa252ad9f683feb212ef8a205246554e7vv=2 flags=0x4model=AppleTV2,1deviceid=b4:2f:03:16:18:c0
06-04 15:06:14.895 476 618 D NsdService: mdnssd [register, 6, 当贝投屏T1, _airplay._tcp, 35743, DnNyY3ZlcnM9MjIwLjY4GGZlYXR1cmVzPTB4NTI3RkZGRjcsMHgxRSdwaT0yZTM4ODAwNi0xM2JhLTQwNDEtOWE2Ny0yNWRkNGE0M2Q1MzZDcGs9YjA3NzI3ZDZmNmNkNmUwOGI1OGVkZTUyNWVjM2NkZWFhMjUyYWQ5ZjY4M2ZlYjIxMmVmOGEyMDUyNDY1NTRlNwR2dj0yCWZsYWdzPTB4NBBtb2RlbD1BcHBsZVRWMiwxGmRldmljZWlkPWI0OjJmOjAzOjE2OjE4OmMw]
06-04 15:06:14.897 476 618 D NsdService: Register 2 6
06-04 15:06:14.906 476 618 D NsdService: Register service
06-04 15:06:14.907 476 618 D NsdService: registerService: 7 name: b42f031618c0@当贝投屏T1, type: _raop._tcp, host: null, port: 34057, txtRecord: txtvers=1 am=AppleTV2,1ch=2
06-04 15:06:14.907 476 618 D NsdService: cn=0,1,2,3da=trueet=0,3,5ft=0x527FFFF7,0x1Emd=0,1,2Cpk=b07727d6f6cd6e08b58ede525ec3cdeaa252ad9f683feb212ef8a205246554e7pw=falsesf=0x4sr=44100ss=16sv=falsetp=UDPvn=65537 vs=220.68vv=2 rhd=5.6.0.0
06-04 15:06:14.907 476 618 D NsdService: mdnssd [register, 7, b42f031618c0@当贝投屏T1, _raop._tcp, 34057, CXR4dHZlcnM9MQ1hbT1BcHBsZVRWMiwxBGNoPTIKY249MCwxLDIsMwdkYT10cnVlCGV0PTAsMyw1EmZ0PTB4NTI3RkZGRjcsMHgxRQhtZD0wLDEsMkNwaz1iMDc3MjdkNmY2Y2Q2ZTA4YjU4ZWRlNTI1ZWMzY2RlYWEyNTJhZDlmNjgzZmViMjEyZWY4YTIwNTI0NjU1NGU3CHB3PWZhbHNlBnNmPTB4NAhzcj00NDEwMAVzcz0xNghzdj1mYWxzZQZ0cD1VRFAIdm49NjU1MzcJdnM9MjIwLjY4BHZ2PTILcmhkPTUuNi4wLjA=]
06-04 15:06:14.909 476 618 D NsdService: Register 3 7
06-04 15:06:14.964 2735 2744 I gbei.screencas: Background concurrent copying GC freed 47463(2902KB) AllocSpace objects, 8(160KB) LOS objects, 49% free, 5497KB/10MB, paused 148us total 121.604ms
06-04 15:06:15.121 476 520 W IorapForwardingService: No service published for: iorapd
06-04 15:06:15.135 654 654 E WifiHAL : wifi_get_link_stats: requestResponse Error:-5
06-04 15:06:15.138 476 608 E WifiVendorHal: getWifiLinkLayerStats_1_5_Internal(l.1191) failed {.code = ERROR_INVALID_ARGS, .description = }
06-04 15:06:15.350 476 618 D NsdService: Register service
06-04 15:06:15.350 476 618 D NsdService: registerService: 8 name: 当贝投屏T1, type: _db_cast_screen._tcp, host: null, port: 42699, txtRecord: au=1cV=20830mV=100h265=0maxR=4096-3152model=DBBOX-A2deviceid=20:02:FE:19:C1:FD
06-04 15:06:15.351 476 618 D NsdService: mdnssd [register, 8, 当贝投屏T1, _db_cast_screen._tcp, 42699, BGF1PTEIY1Y9MjA4MzAGbVY9MTAwBmgyNjU9MA5tYXhSPTQwOTYtMzE1Mg5tb2RlbD1EQkJPWC1BMhpkZXZpY2VpZD0yMDowMjpGRToxOTpDMTpGRA==]
06-04 15:06:15.353 476 618 D NsdService: Register 4 8
06-04 15:06:15.464 2735 2735 I queued-work-loo: type=1400 audit(0.0:1093): avc: denied { rename } for name="screencast.xml" dev="mmcblk0p25" ino=6786 scontext=u:r:platform_app:s0:c512,c768 tcontext=u:object_r:app_data_file:s0:c512,c768 tclass=file permissive=1 app=com.dangbei.screencast
06-04 15:06:15.464 2735 2735 I queued-work-loo: type=1400 audit(0.0:1094): avc: denied { create } for name="screencast.xml" scontext=u:r:platform_app:s0:c512,c768 tcontext=u:object_r:app_data_file:s0:c512,c768 tclass=file permissive=1 app=com.dangbei.screencast
06-04 15:06:15.468 2735 2735 I queued-work-loo: type=1400 audit(0.0:1095): avc: denied { setattr } for name="screencast.xml" dev="mmcblk0p25" ino=6806 scontext=u:r:platform_app:s0:c512,c768 tcontext=u:object_r:app_data_file:s0:c512,c768 tclass=file permissive=1 app=com.dangbei.screencast
06-04 15:06:15.468 2735 2735 I queued-work-loo: type=1400 audit(0.0:1096): avc: denied { unlink } for name="screencast.xml.bak" dev="mmcblk0p25" ino=6786 scontext=u:r:platform_app:s0:c512,c768 tcontext=u:object_r:app_data_file:s0:c512,c768 tclass=file permissive=1 app=com.dangbei.screencast
