06-04 15:04:49.826 476 1014 V BackupManagerConstants: getKeyValueBackupRequireCharging(...) returns true
06-04 15:04:49.826 476 1014 V KeyValueBackupJob: Scheduling k/v pass in 248 minutes
06-04 15:04:49.827 1021 1021 D ApplicationLoaders: Returning zygote-cached class loader: /system/framework/android.test.base.jar
06-04 15:04:49.828 1021 1021 D ApplicationLoaders: Returning zygote-cached class loader: /system/framework/android.hidl.manager-V1.0-java.jar
06-04 15:04:49.828 1021 1021 D ApplicationLoaders: Returning zygote-cached class loader: /system/framework/android.hidl.base-V1.0-java.jar
06-04 15:04:49.828 476 476 V NotificationAssistants: enabling notification assistant for 0: ComponentInfo{android.ext.services/android.ext.services.notification.Assistant}
06-04 15:04:49.829 476 476 V NotificationAssistants: binding: Intent { act=android.service.notification.NotificationAssistantService cmp=android.ext.services/.notification.Assistant (has extras) }
06-04 15:04:49.830 674 949 W Gralloc3: mapper 3.x is not supported
06-04 15:04:49.831 476 637 V BackupManagerService: [UserID:0] No ancestral data
06-04 15:04:49.834 316 321 D XM_HIDREAD: add@ add@/devices/virtual/devlink/regulator.8--5101400.ohci0-controller
06-04 15:04:49.836 244 244 D Zygote : Forked child process 1055
06-04 15:04:49.836 165 165 W sunxi-ohci: OHCI SUNXI driver
06-04 15:04:49.837 165 165 W : sunxi ohci0-controller don't init wakeup source
06-04 15:04:49.837 165 165 W [sunxi-ohci0]: probe, pdev->name: 5101400.ohci0-controller, sunxi_ohci: 0xffffffc008f81378
06-04 15:04:49.838 165 165 I sunxi-ohci 5101400.ohci0-controller: OHCI Host Controller
06-04 15:04:49.838 165 165 I sunxi-ohci 5101400.ohci0-controller: new USB bus registered, assigned bus number 5
06-04 15:04:49.838 165 165 I sunxi-ohci 5101400.ohci0-controller: irq 51, io mem 0x05101400
06-04 15:04:49.840 476 1014 D ConnectivityService: requestNetwork for uid/pid:1000/476 activeRequest: null callbackRequest: 22 [NetworkRequest [ REQUEST id=23, [ Capabilities: INTERNET&NOT_RESTRICTED&TRUSTED&NOT_VCN_MANAGED Uid: 1000 RequestorUid: 1000 RequestorPkg: android] ]] callback flags: 0 priority: 2147483647
06-04 15:04:49.843 476 615 D ConnectivityService: NetReassign [no changes]
06-04 15:04:49.844 476 539 W ActivityManager: Slow operation: 188ms so far, now at startProcess: returned from zygote!
06-04 15:04:49.844 476 651 D PPPOE : got request NetworkRequest [ REQUEST id=23, [ Capabilities: INTERNET&NOT_RESTRICTED&TRUSTED&NOT_VCN_MANAGED Uid: 1000 RequestorUid: 1000 RequestorPkg: android] ]
06-04 15:04:49.845 476 650 D Ethernet: got request NetworkRequest [ REQUEST id=23, [ Capabilities: INTERNET&NOT_RESTRICTED&TRUSTED&NOT_VCN_MANAGED Uid: 1000 RequestorUid: 1000 RequestorPkg: android] ]
06-04 15:04:49.845 476 539 W ActivityManager: Slow operation: 190ms so far, now at startProcess: done updating battery stats
06-04 15:04:49.845 476 539 W ActivityManager: Slow operation: 191ms so far, now at startProcess: building log message
06-04 15:04:49.845 476 539 I ActivityManager: app.processName = com.android.traceur
06-04 15:04:49.845 476 539 I ActivityManager: Start proc 1055:com.android.traceur/u0a21 for broadcast {com.android.traceur/com.android.traceur.Receiver}
06-04 15:04:49.845 476 650 D EthernetNetworkFactory: acceptRequest, request: NetworkRequest [ REQUEST id=23, [ Capabilities: INTERNET&NOT_RESTRICTED&TRUSTED&NOT_VCN_MANAGED Uid: 1000 RequestorUid: 1000 RequestorPkg: android] ]
06-04 15:04:49.845 476 650 I EthernetNetworkFactory: networkForRequest, request: NetworkRequest [ REQUEST id=23, [ Capabilities: INTERNET&NOT_RESTRICTED&TRUSTED&NOT_VCN_MANAGED Uid: 1000 RequestorUid: 1000 RequestorPkg: android] ], network: null
06-04 15:04:49.851 476 539 W ActivityManager: Slow operation: 196ms so far, now at startProcess: starting to update pids map
06-04 15:04:49.851 476 539 W ActivityManager: Slow operation: 197ms so far, now at startProcess: done updating pids map
06-04 15:04:49.853 674 674 D TvPipController: onTaskStackChanged()
06-04 15:04:49.853 403 413 I adbd : jdwp connection from 1046
06-04 15:04:49.855 1055 1055 I Zygote : seccomp disabled by setenforce 0
06-04 15:04:49.867 476 520 W IorapForwardingService: No service published for: iorapd
06-04 15:04:49.871 476 476 W Looper : Slow delivery took 271ms main h=android.app.ActivityThread$H c=android.app.LoadedApk$ReceiverDispatcher$Args$$ExternalSyntheticLambda0@e687bb4 m=0
06-04 15:04:49.879 244 244 D Zygote : Forked child process 1077
06-04 15:04:49.880 476 539 W ActivityManager: Slow operation: 68ms so far, now at startProcess: returned from zygote!
06-04 15:04:49.885 476 539 W ActivityManager: Slow operation: 73ms so far, now at startProcess: done updating battery stats
06-04 15:04:49.885 403 413 I adbd : jdwp connection from 1055
06-04 15:04:49.886 476 539 W ActivityManager: Slow operation: 73ms so far, now at startProcess: building log message
06-04 15:04:49.886 476 539 I ActivityManager: app.processName = com.android.keychain
06-04 15:04:49.886 476 539 I ActivityManager: Start proc 1077:com.android.keychain/1000 for service {com.android.keychain/com.android.keychain.KeyChainService}
06-04 15:04:49.886 476 539 W ActivityManager: Slow operation: 73ms so far, now at startProcess: starting to update pids map
06-04 15:04:49.886 476 539 W ActivityManager: Slow operation: 74ms so far, now at startProcess: done updating pids map
06-04 15:04:49.886 476 539 W ActivityManager: Slow operation: 71ms so far, now at startProcess: asking zygote to start proc
06-04 15:04:49.890 476 660 D CompatibilityChangeReporter: Compat change id reported: 168419799; UID 10074; state: DISABLED
06-04 15:04:49.891 1077 1077 I Zygote : seccomp disabled by setenforce 0
06-04 15:04:49.895 674 949 E gralloc : Arm Module v1.0
06-04 15:04:49.897 316 321 D XM_HIDREAD: add@ add@/devices/platform/soc@3000000/5101400.ohci0-controller/usb5
06-04 15:04:49.898 182 182 I hwservicemanager: getTransport: Cannot find entry android.hardware.graphics.allocator@4.0::IAllocator/default in either framework or device VINTF manifest.
06-04 15:04:49.899 674 949 W Gralloc4: allocator 4.x is not supported
06-04 15:04:49.899 182 182 I hwservicemanager: getTransport: Cannot find entry android.hardware.graphics.allocator@3.0::IAllocator/default in either framework or device VINTF manifest.
06-04 15:04:49.899 674 949 W Gralloc3: allocator 3.x is not supported
06-04 15:04:49.900 165 165 I usb5 : New USB device found, idVendor=1d6b, idProduct=0001, bcdDevice= 5.04
06-04 15:04:49.900 165 165 I usb5 : New USB device strings: Mfr=3, Product=2, SerialNumber=1
06-04 15:04:49.900 165 165 I usb5 : Product: OHCI Host Controller
06-04 15:04:49.900 165 165 I usb5 : Manufacturer: Linux 5.4.125+ ohci_hcd
06-04 15:04:49.900 165 165 I usb5 : SerialNumber: sunxi-ohci
06-04 15:04:49.908 316 321 D XM_HIDREAD: add@ add@/devices/platform/soc@3000000/5101400.ohci0-controller/usb5/5-0:1.0
06-04 15:04:49.910 257 257 I gralloc : alloc buffer:W:1920 H:1080 S:1920 PL[1920 1080] SZ:8294400 fmt:43 if:0 af:43 usg:20000b00 fg:00000004
06-04 15:04:49.911 674 949 E ion : ioctl c0044901 failed with code -1: Inappropriate ioctl for device
06-04 15:04:49.912 165 165 I hub 5-0 : 1.0: USB hub found
06-04 15:04:49.915 165 165 I hub 5-0 : 1.0: 1 port detected
06-04 15:04:49.912 476 637 I BackupManagerService: isBackupEnabled() => false due to absent settings file
06-04 15:04:49.913 476 637 D BackupManagerService: user:0 readBackupEnableState enabled:false
06-04 15:04:49.913 476 637 I BackupManagerService: [UserID:0] Backup enabled => false
06-04 15:04:49.913 244 244 D Zygote : Forked child process 1080
06-04 15:04:49.917 1046 1046 D CompatibilityChangeReporter: Compat change id reported: 171979766; UID 10074; state: DISABLED
06-04 15:04:49.918 316 321 D XM_HIDREAD: add@ add@/devices/virtual/devlink/regulator.8--5200400.ohci1-controller
06-04 15:04:49.919 476 539 W ActivityManager: Slow operation: 100ms so far, now at startProcess: returned from zygote!
06-04 15:04:49.921 476 539 W ActivityManager: Slow operation: 106ms so far, now at startProcess: done updating battery stats
06-04 15:04:49.921 476 539 W ActivityManager: Slow operation: 106ms so far, now at startProcess: building log message
06-04 15:04:49.921 476 539 I ActivityManager: app.processName = com.dangbei.leard.leradlauncher
06-04 15:04:49.921 476 539 I ActivityManager: Start proc 1080:com.dangbei.leard.leradlauncher/1000 for top-activity {com.dangbei.leard.leradlauncher/com.dangbei.launcher.home.LauncherActivity}
06-04 15:04:49.922 476 539 W ActivityManager: Slow operation: 107ms so far, now at startProcess: starting to update pids map
06-04 15:04:49.922 476 539 W ActivityManager: Slow operation: 107ms so far, now at startProcess: done updating pids map
06-04 15:04:49.924 1080 1080 I Zygote : seccomp disabled by setenforce 0
06-04 15:04:49.921 165 165 W : sunxi ohci1-controller don't init wakeup source
06-04 15:04:49.921 165 165 W [sunxi-ohci1]: probe, pdev->name: 5200400.ohci1-controller, sunxi_ohci: 0xffffffc008f81a38
06-04 15:04:49.922 165 165 I sunxi-ohci 5200400.ohci1-controller: OHCI Host Controller
06-04 15:04:49.922 165 165 I sunxi-ohci 5200400.ohci1-controller: new USB bus registered, assigned bus number 6
06-04 15:04:49.922 165 165 E debugfs : Directory 'sunxi-ohci' with parent 'ohci' already present!
06-04 15:04:49.937 165 165 I sunxi-ohci 5200400.ohci1-controller: irq 53, io mem 0x05200400
06-04 15:04:49.947 476 476 I AccountManagerService: User 0 is unlocked - opening CE database
06-04 15:04:49.950 476 813 D CompatibilityChangeReporter: Compat change id reported: 168419799; UID 10021; state: DISABLED
06-04 15:04:49.950 258 291 W sunxihwc: computeLayerMemoryFootprint: Unknown pixelformat(-1)
06-04 15:04:49.953 403 413 I adbd : jdwp connection from 1080
06-04 15:04:49.964 403 413 I adbd : jdwp connection from 1077
06-04 15:04:49.974 257 257 I gralloc : alloc buffer:W:1920 H:1080 S:1920 PL[1920 1080] SZ:8294400 fmt:43 if:0 af:43 usg:20000b00 fg:00000004
06-04 15:04:49.977 1055 1055 D CompatibilityChangeReporter: Compat change id reported: 171979766; UID 10021; state: ENABLED
06-04 15:04:50.002 165 165 I usb6 : New USB device found, idVendor=1d6b, idProduct=0001, bcdDevice= 5.04
06-04 15:04:50.002 165 165 I usb6 : New USB device strings: Mfr=3, Product=2, SerialNumber=1
06-04 15:04:50.002 165 165 I usb6 : Product: OHCI Host Controller
06-04 15:04:50.002 165 165 I usb6 : Manufacturer: Linux 5.4.125+ ohci_hcd
06-04 15:04:50.002 165 165 I usb6 : SerialNumber: sunxi-ohci
06-04 15:04:50.000 316 321 D XM_HIDREAD: add@ add@/devices/platform/soc@3000000/5200400.ohci1-controller/usb6
06-04 15:04:50.002 316 321 D XM_HIDREAD: add@ add@/devices/platform/soc@3000000/5200400.ohci1-controller/usb6/6-0:1.0
06-04 15:04:50.005 316 321 D XM_HIDREAD: add@ add@/devices/virtual/devlink/regulator.8--5310400.ohci2-controller
06-04 15:04:50.021 476 812 D AW_CODE : rotation =0
06-04 15:04:50.005 165 165 I hub 6-0 : 1.0: USB hub found
06-04 15:04:50.006 165 165 I hub 6-0 : 1.0: 1 port detected
06-04 15:04:50.008 165 165 W : sunxi ohci2-controller don't init wakeup source
06-04 15:04:50.008 165 165 W [sunxi-ohci2]: probe, pdev->name: 5310400.ohci2-controller, sunxi_ohci: 0xffffffc008f820f8
06-04 15:04:50.009 165 165 I sunxi-ohci 5310400.ohci2-controller: OHCI Host Controller
06-04 15:04:50.009 165 165 I sunxi-ohci 5310400.ohci2-controller: new USB bus registered, assigned bus number 7
06-04 15:04:50.009 165 165 E debugfs : Directory 'sunxi-ohci' with parent 'ohci' already present!
06-04 15:04:50.027 165 165 I sunxi-ohci 5310400.ohci2-controller: irq 55, io mem 0x05310400
06-04 15:04:50.025 476 812 D CompatibilityChangeReporter: Compat change id reported: 174042980; UID 1000; state: DISABLED
06-04 15:04:50.036 476 813 D CompatibilityChangeReporter: Compat change id reported: 168419799; UID 1000; state: DISABLED
06-04 15:04:50.035 1080 1080 D CompatibilityChangeReporter: Compat change id reported: 171979766; UID 1000; state: DISABLED
06-04 15:04:50.044 379 379 I update_engine: [INFO:cleanup_previous_update_action.cc(112)] Executing task 6
06-04 15:04:50.049 1080 1080 D ApplicationLoaders: Returning zygote-cached class loader: /system/framework/android.test.base.jar
06-04 15:04:50.049 1080 1080 D ApplicationLoaders: Returning zygote-cached class loader: /system/framework/android.hidl.manager-V1.0-java.jar
06-04 15:04:50.049 1080 1080 D ApplicationLoaders: Returning zygote-cached class loader: /system/framework/android.hidl.base-V1.0-java.jar
06-04 15:04:50.049 379 379 I update_engine: [INFO:cleanup_previous_update_action.cc(189)] Boot completed, waiting on markBootSuccessful()
06-04 15:04:50.050 1077 1077 D CompatibilityChangeReporter: Compat change id reported: 171979766; UID 1000; state: ENABLED
06-04 15:04:50.057 379 379 I update_engine: EnsureMetadataMounted does nothing in Android mode.
06-04 15:04:50.089 165 165 I usb7 : New USB device found, idVendor=1d6b, idProduct=0001, bcdDevice= 5.04
06-04 15:04:50.089 165 165 I usb7 : New USB device strings: Mfr=3, Product=2, SerialNumber=1
06-04 15:04:50.089 165 165 I usb7 : Product: OHCI Host Controller
06-04 15:04:50.089 165 165 I usb7 : Manufacturer: Linux 5.4.125+ ohci_hcd
06-04 15:04:50.089 165 165 I usb7 : SerialNumber: sunxi-ohci
06-04 15:04:50.091 165 165 I hub 7-0 : 1.0: USB hub found
06-04 15:04:50.091 165 165 I hub 7-0 : 1.0: 1 port detected
06-04 15:04:50.087 316 321 D XM_HIDREAD: add@ add@/devices/platform/soc@3000000/5310400.ohci2-controller/usb7
06-04 15:04:50.087 316 321 D XM_HIDREAD: add@ add@/devices/platform/soc@3000000/5310400.ohci2-controller/usb7/7-0:1.0
06-04 15:04:50.090 316 321 D XM_HIDREAD: add@ add@/devices/virtual/devlink/regulator.8--5311400.ohci3-controller
06-04 15:04:50.090 379 379 I update_engine: Read merge statistics file failed: No such file or directory
06-04 15:04:50.093 165 165 W : sunxi ohci3-controller don't init wakeup source
06-04 15:04:50.093 165 165 W [sunxi-ohci3]: probe, pdev->name: 5311400.ohci3-controller, sunxi_ohci: 0xffffffc008f827b8
06-04 15:04:50.094 165 165 I sunxi-ohci 5311400.ohci3-controller: OHCI Host Controller
06-04 15:04:50.094 165 165 I sunxi-ohci 5311400.ohci3-controller: new USB bus registered, assigned bus number 8
06-04 15:04:50.094 165 165 E debugfs : Directory 'sunxi-ohci' with parent 'ohci' already present!
06-04 15:04:50.106 165 165 I sunxi-ohci 5311400.ohci3-controller: irq 57, io mem 0x05311400
06-04 15:04:50.116 1046 1046 V GraphicsEnvironment: ANGLE Developer option for 'com.android.providers.media.module' set to: 'default'
06-04 15:04:50.116 1046 1046 V GraphicsEnvironment: Neither updatable production driver nor prerelease driver is supported.
06-04 15:04:50.118 1046 1046 D NetworkSecurityConfig: No Network Security Config specified, using platform default
06-04 15:04:50.118 1046 1046 D NetworkSecurityConfig: No Network Security Config specified, using platform default
06-04 15:04:50.126 476 476 W Looper : Slow dispatch took 254ms main h=android.app.ActivityThread$H c=android.app.LoadedApk$ReceiverDispatcher$Args$$ExternalSyntheticLambda0@2e18fb9 m=0
06-04 15:04:50.148 476 665 I SyncManager: Loaded persisted syncs: 0 periodic syncs, 0 oneshot syncs, 16 total system server jobs, JobStats: FirstLoad: 5/2/0 LastSave: -1/-1/-1
06-04 15:04:50.159 1021 1021 V GraphicsEnvironment: ANGLE Developer option for 'com.dangbei.lerad.etna.haqu' set to: 'default'
06-04 15:04:50.159 1021 1021 V GraphicsEnvironment: Neither updatable production driver nor prerelease driver is supported.
06-04 15:04:50.163 1021 1021 D NetworkSecurityConfig: Using Network Security Config from resource network_security_config debugBuild: false
06-04 15:04:50.167 316 321 D XM_HIDREAD: add@ add@/devices/platform/soc@3000000/5311400.ohci3-controller/usb8
06-04 15:04:50.169 165 165 I usb8 : New USB device found, idVendor=1d6b, idProduct=0001, bcdDevice= 5.04
06-04 15:04:50.169 165 165 I usb8 : New USB device strings: Mfr=3, Product=2, SerialNumber=1
06-04 15:04:50.169 165 165 I usb8 : Product: OHCI Host Controller
06-04 15:04:50.169 165 165 I usb8 : Manufacturer: Linux 5.4.125+ ohci_hcd
06-04 15:04:50.169 165 165 I usb8 : SerialNumber: sunxi-ohci
06-04 15:04:50.173 379 379 I update_engine: [INFO:cleanup_previous_update_action.cc(261)] Waiting for any previous merge request to complete. This can take up to several minutes.
06-04 15:04:50.174 316 321 D XM_HIDREAD: add@ add@/devices/platform/soc@3000000/5311400.ohci3-controller/usb8/8-0:1.0
06-04 15:04:50.176 316 321 D XM_HIDREAD: add@ add@/bus/platform/drivers/sunxi-ohci
06-04 15:04:50.176 316 321 D XM_HIDREAD: add@ add@/module/ohci_sunxi
06-04 15:04:50.178 165 165 I hub 8-0 : 1.0: USB hub found
06-04 15:04:50.178 165 165 I hub 8-0 : 1.0: 1 port detected
06-04 15:04:50.180 476 476 W NotificationHistory: Attempted to add notif for locked/gone/disabled user 0
06-04 15:04:50.180 1021 1021 D NetworkSecurityConfig: Using Network Security Config from resource network_security_config debugBuild: false
06-04 15:04:50.182 476 476 V NotificationAssistants: 0 notification assistant service connected: ComponentInfo{android.ext.services/android.ext.services.notification.Assistant}
06-04 15:04:50.187 476 476 W Looper : Drained
06-04 15:04:50.212 316 321 D XM_HIDREAD: add@ add@/bus/platform/drivers/otg manager
06-04 15:04:50.212 316 321 D XM_HIDREAD: add@ add@/module/sunxi_usbc
06-04 15:04:50.217 379 379 E update_engine: Read state file failed: No such file or directory
06-04 15:04:50.212 33 33 I usb 5-1 : new full-speed USB device number 2 using sunxi-ohci
06-04 15:04:50.226 379 379 E update_engine: Read state file failed: No such file or directory
06-04 15:04:50.226 1055 1055 V GraphicsEnvironment: ANGLE Developer option for 'com.android.traceur' set to: 'default'
06-04 15:04:50.227 1055 1055 V GraphicsEnvironment: Neither updatable production driver nor prerelease driver is supported.
06-04 15:04:50.229 379 379 I update_engine: CheckMergeState for snapshots returned: 0
06-04 15:04:50.230 1055 1055 D NetworkSecurityConfig: No Network Security Config specified, using platform default
06-04 15:04:50.230 1055 1055 D NetworkSecurityConfig: No Network Security Config specified, using platform default
06-04 15:04:50.213 165 165 D : get det_vbus is fail, -84
06-04 15:04:50.213 165 165 D : get id is fail, -84
06-04 15:04:50.241 379 379 I update_engine: ProcessUpdateState handling state: 0
06-04 15:04:50.243 1077 1077 V GraphicsEnvironment: ANGLE Developer option for 'com.android.keychain' set to: 'default'
06-04 15:04:50.246 1077 1077 V GraphicsEnvironment: Neither updatable production driver nor prerelease driver is supported.
06-04 15:04:50.247 379 379 I update_engine: [INFO:cleanup_previous_update_action.cc(287)] Can't find any snapshot to merge.
06-04 15:04:50.252 1077 1077 D NetworkSecurityConfig: No Network Security Config specified, using platform default
06-04 15:04:50.254 1077 1077 D NetworkSecurityConfig: No Network Security Config specified, using platform default
06-04 15:04:50.258 1080 1080 V GraphicsEnvironment: ANGLE Developer option for 'com.dangbei.leard.leradlauncher' set to: 'default'
06-04 15:04:50.258 1080 1080 V GraphicsEnvironment: Neither updatable production driver nor prerelease driver is supported.
06-04 15:04:50.260 1046 1046 V MediaProvider: Attached media from com.android.providers.media.module
06-04 15:04:50.261 1080 1080 D NetworkSecurityConfig: Using Network Security Config from resource network_permission_config debugBuild: false
06-04 15:04:50.264 379 379 E update_engine: Read state file failed: No such file or directory
06-04 15:04:50.266 1080 1080 D NetworkSecurityConfig: Using Network Security Config from resource network_permission_config debugBuild: false
06-04 15:04:50.266 379 379 I update_engine: [INFO:cleanup_previous_update_action.cc(130)] Stopping/suspending/completing CleanupPreviousUpdateAction
06-04 15:04:50.271 1055 1055 I Traceur : Received BOOT_COMPLETE
06-04 15:04:50.272 379 379 I update_engine: [INFO:cleanup_previous_update_action.cc(469)] Not reporting merge stats because state is None
06-04 15:04:50.276 1021 1021 I MultiDex: VM with version 2.1.0 has multidex support
06-04 15:04:50.276 1021 1021 I MultiDex: Installing application
06-04 15:04:50.276 1021 1021 I MultiDex: VM has multidex support, MultiDex support library is disabled.
06-04 15:04:50.284 379 379 I update_engine: [INFO:cleanup_previous_update_action.cc(130)] Stopping/suspending/completing CleanupPreviousUpdateAction
06-04 15:04:50.295 379 379 I update_engine: [INFO:action_processor.cc(116)] ActionProcessor: finished last action CleanupPreviousUpdateAction with code ErrorCode::kSuccess
06-04 15:04:50.297 476 812 D PackageManager: Instant App installer not found with android.intent.action.INSTALL_INSTANT_APP_PACKAGE
06-04 15:04:50.297 476 812 D PackageManager: Clear ephemeral installer activity
06-04 15:04:50.301 379 379 I update_engine: [INFO:update_attempter_android.cc(549)] Processing Done.
06-04 15:04:50.306 379 379 I update_engine: [INFO:update_attempter_android.cc(701)] Terminating cleanup previous update.
06-04 15:04:50.312 1119 1119 D VoHCI : VoHCI service version: v1.0.0
06-04 15:04:50.314 1119 1119 E VoHCI : Cannot get card id for name: VoHCILoopback
06-04 15:04:50.317 476 537 I system_server: Using smaps_rollup for pss collection
06-04 15:04:50.318 476 660 I ActivityManager: com.oranth.ledstatus is exempt from freezer
06-04 15:04:50.319 476 660 D CompatibilityChangeReporter: Compat change id reported: 135634846; UID 1000; state: DISABLED
06-04 15:04:50.321 1080 1080 I MultiDex: VM with version 2.1.0 has multidex support
06-04 15:04:50.321 1080 1080 I MultiDex: Installing application
06-04 15:04:50.321 1080 1080 I MultiDex: VM has multidex support, MultiDex support library is disabled.
06-04 15:04:50.352 244 244 D Zygote : Forked child process 1125
06-04 15:04:50.354 476 539 I ActivityManager: app.processName = com.oranth.ledstatus
06-04 15:04:50.354 476 539 I ActivityManager: Start proc 1125:com.oranth.ledstatus/1000 for broadcast {com.oranth.ledstatus/com.oranth.ledstatus.BootCompletedReceiver}
06-04 15:04:50.363 1125 1125 I Zygote : seccomp disabled by setenforce 0
06-04 15:04:50.368 1046 1046 I TranscodeHelper: Empty transcode compat stale
06-04 15:04:50.369 1046 1046 I TranscodeHelper: Parsed 0 packages from resource
06-04 15:04:50.370 1046 1046 I TranscodeHelper: Empty device config transcode compat manifest
06-04 15:04:50.373 1125 1125 I ranth.ledstatu: Late-enabling -Xcheck:jni
06-04 15:04:50.395 344 344 I WCN : WCND at cmd read:3
06-04 15:04:50.412 654 654 I WCN : get_board_ant_num [three_ant]
06-04 15:04:50.412 654 654 E : wifi ini path = /vendor/etc/wifi_56630001_3ant.ini
06-04 15:04:50.422 654 654 E sprdwl : __sprdwl_cmd_getbuf cant't get vif, ctx_id: 0
06-04 15:04:50.434 1046 1046 V MediaStore: Examining volume emulated;0 with name external_primary and state checking
06-04 15:04:50.447 33 33 I usb 5-1 : New USB device found, idVendor=046d, idProduct=c092, bcdDevice=52.00
06-04 15:04:50.447 33 33 I usb 5-1 : New USB device strings: Mfr=1, Product=2, SerialNumber=3
06-04 15:04:50.447 33 33 I usb 5-1 : Product: G102 LIGHTSYNC Gaming Mouse
06-04 15:04:50.447 33 33 I usb 5-1 : Manufacturer: Logitech
06-04 15:04:50.447 33 33 I usb 5-1 : SerialNumber: 205B36775633
06-04 15:04:50.447 316 321 D XM_HIDREAD: add@ add@/devices/platform/soc@3000000/5101400.ohci0-controller/usb5/5-1
06-04 15:04:50.451 1046 1046 D CompatibilityChangeReporter: Compat change id reported: 148180766; UID 10074; state: ENABLED
06-04 15:04:50.452 316 321 D XM_HIDREAD: add@ add@/devices/platform/soc@3000000/5101400.ohci0-controller/usb5/5-1/5-1:1.0
06-04 15:04:50.451 654 654 E sprdwl : __sprdwl_cmd_getbuf cant't get vif, ctx_id: 0
06-04 15:04:50.463 316 321 D XM_HIDREAD: add@ add@/devices/platform/soc@3000000/5101400.ohci0-controller/usb5/5-1/5-1:1.0/0003:046D:C092.0001
06-04 15:04:50.463 316 321 D XM_HIDREAD: add@ add@/devices/platform/soc@3000000/5101400.ohci0-controller/usb5/5-1/5-1:1.0/0003:046D:C092.0001/input/input2
06-04 15:04:50.467 33 33 I input : Logitech G102 LIGHTSYNC Gaming Mouse as /devices/platform/soc@3000000/5101400.ohci0-controller/usb5/5-1/5-1:1.0/0003:046D:C092.0001/input/input2
06-04 15:04:50.464 316 321 D XM_HIDREAD: add@ add@/devices/platform/soc@3000000/5101400.ohci0-controller/usb5/5-1/5-1:1.0/0003:046D:C092.0001/input/input2/event2
06-04 15:04:50.467 316 321 D XM_HIDREAD: add@ add@/devices/platform/soc@3000000/5101400.ohci0-controller/usb5/5-1/5-1:1.0/0003:046D:C092.0001/hidraw/hidraw0
06-04 15:04:50.467 316 321 D XM_HIDREAD: ready open:/dev/hidraw0
06-04 15:04:50.467 316 321 D XM_HIDREAD: open:/dev/hidraw0 resultFD:-1
06-04 15:04:50.467 316 321 E XM_HIDREAD: open hidraw error: No such file or directory, wait to retry...
06-04 15:04:50.469 33 33 I hid-generic 0003: 046D:C092.0001: input,hidraw0: USB HID v1.11 Mouse [Logitech G102 LIGHTSYNC Gaming Mouse] on usb-sunxi-ohci-1/input0
06-04 15:04:50.471 1046 1046 D PulledMetrics: Registering callback with StatsManager
06-04 15:04:50.479 33 33 I input : Logitech G102 LIGHTSYNC Gaming Mouse Keyboard as /devices/platform/soc@3000000/5101400.ohci0-controller/usb5/5-1/5-1:1.1/0003:046D:C092.0002/input/input3
06-04 15:04:50.481 33 33 I input : Logitech G102 LIGHTSYNC Gaming Mouse Consumer Control as /devices/platform/soc@3000000/5101400.ohci0-controller/usb5/5-1/5-1:1.1/0003:046D:C092.0002/input/input4
06-04 15:04:50.482 403 413 I adbd : jdwp connection from 1125
06-04 15:04:50.485 33 33 I input : Logitech G102 LIGHTSYNC Gaming Mouse System Control as /devices/platform/soc@3000000/5101400.ohci0-controller/usb5/5-1/5-1:1.1/0003:046D:C092.0002/input/input5
06-04 15:04:50.488 33 33 I hid-generic 0003: 046D:C092.0002: input,hiddev96,hidraw1: USB HID v1.11 Keyboard [Logitech G102 LIGHTSYNC Gaming Mouse] on usb-sunxi-ohci-1/input1
06-04 15:04:50.503 476 682 D UsbHostManager: USB device attached: vidpid 046d:c092 mfg/product/ver/serial Logitech/G102 LIGHTSYNC Gaming Mouse/52.00/205B36775633 hasAudio/HID/Storage: false/true/false
06-04 15:04:50.512 476 1015 I StorageUserConnection: Service: [ComponentInfo{com.android.providers.media.module/com.android.providers.media.fuse.ExternalStorageServiceImpl}] connected. User [0]
06-04 15:04:50.529 476 682 D UsbDeviceDescriptor: 1 configs
06-04 15:04:50.532 324 325 D DONGLE_SERVICE: check_smartctrl_hidraw_node, vid=1133, pid =49298
06-04 15:04:50.532 324 325 E DONGLE_SERVICE: not supported: /dev/hidraw0
06-04 15:04:50.534 476 597 D EventHub: No input device configuration file found for device 'Logitech G102 LIGHTSYNC Gaming Mouse'.
06-04 15:04:50.538 476 597 I EventHub: usingClockIoctl=true
06-04 15:04:50.538 476 597 I EventHub: New device: id=3, fd=310, path='/dev/input/event2', name='Logitech G102 LIGHTSYNC Gaming Mouse', classes=CURSOR | EXTERNAL, configuration='', keyLayout='', keyCharacterMap='', builtinKeyboard=false,
06-04 15:04:50.540 476 597 I InputReader: Device added: id=4, eventHubId=3, name='Logitech G102 LIGHTSYNC Gaming Mouse', descriptor='0c945141df4847607bfc33914f112e8b3a79788d',sources=0x00002002
06-04 15:04:50.545 1046 1137 I ExternalStorageServiceImpl: Starting session for id: emulated;0
06-04 15:04:50.550 476 682 D UsbHostManager: Added device UsbDevice[mName=/dev/bus/usb/005/002,mVendorId=1133,mProductId=49298,mClass=0,mSubclass=0,mProtocol=0,mManufacturerName=Logitech,mProductName=G102 LIGHTSYNC Gaming Mouse,mVersion=52.00,mSerialNumberReader=com.android.server.usb.UsbSerialReader@4021e5b, mHasAudioPlayback=false, mHasAudioCapture=false, mHasMidi=false, mHasVideoCapture=false, mHasVideoPlayback=false, mConfigurations=[
06-04 15:04:50.550 476 682 D UsbHostManager: UsbConfiguration[mId=1,mName=U152.00_B0010 ,mAttributes=160,mMaxPower=150,mInterfaces=[
06-04 15:04:50.550 476 682 D UsbHostManager: UsbInterface[mId=0,mAlternateSetting=0,mName=null,mClass=3,mSubclass=1,mProtocol=2,mEndpoints=[
06-04 15:04:50.550 476 682 D UsbHostManager: UsbEndpoint[mAddress=129,mAttributes=3,mMaxPacketSize=8,mInterval=1]]
06-04 15:04:50.550 476 682 D UsbHostManager: UsbInterface[mId=1,mAlternateSetting=0,mName=null,mClass=3,mSubclass=0,mProtocol=0,mEndpoints=[
06-04 15:04:50.550 476 682 D UsbHostManager: UsbEndpoint[mAddress=130,mAttributes=3,mMaxPacketSize=20,mInterval=1]]]]
06-04 15:04:50.553 1046 1128 V MediaProvider: onConfigure() for external.db
06-04 15:04:50.553 1046 1137 V FuseDaemonThread: Waiting 1000ms for FUSE start. Count 4
06-04 15:04:50.566 476 538 D CompatibilityChangeReporter: Compat change id reported: 135634846; UID 10018; state: DISABLED
06-04 15:04:50.567 316 321 E XM_HIDREAD: trying to reopen hidraw: /dev/hidraw0
06-04 15:04:50.567 316 321 D XM_HIDREAD: ready open:/dev/hidraw0
06-04 15:04:50.567 476 538 D CompatibilityChangeReporter: Compat change id reported: 177438394; UID 10018; state: DISABLED
06-04 15:04:50.568 476 538 D CompatibilityChangeReporter: Compat change id reported: 135772972; UID 10018; state: DISABLED
06-04 15:04:50.568 476 538 D CompatibilityChangeReporter: Compat change id reported: 135754954; UID 10018; state: ENABLED
06-04 15:04:50.569 476 539 D CompatibilityChangeReporter: Compat change id reported: 143937733; UID 10018; state: ENABLED
06-04 15:04:50.576 1046 1142 I FuseDaemonThread: Starting thread for emulated;0 ...
06-04 15:04:50.574 654 654 E sprdwl : sprdwl_get_fw_info, drv_version=1, fw_version=2, compat_ver=0
06-04 15:04:50.584 654 654 E sprdwl : chip_model:0x2355, chip_ver:0x0
06-04 15:04:50.581 1046 1142 I FuseDaemon: Starting fuse...
06-04 15:04:50.592 666 666 D GattService: Unlocked userId 0
06-04 15:04:50.598 654 654 E sprdwl : fw_ver:0, fw_std:0x5b, fw_capa:0x120f7f
06-04 15:04:50.600 476 597 D EventHub: No input device configuration file found for device 'Logitech G102 LIGHTSYNC Gaming Mouse Keyboard'.
06-04 15:04:50.602 324 325 D DONGLE_SERVICE: check_smartctrl_hidraw_node, vid=1133, pid =49298
06-04 15:04:50.602 316 321 D XM_HIDREAD: open:/dev/hidraw0 resultFD:8
06-04 15:04:50.602 316 321 D XM_HIDREAD: 1 ready ioctl hidrawFD 8
06-04 15:04:50.602 324 325 E DONGLE_SERVICE: not supported: /dev/hidraw1
06-04 15:04:50.602 316 321 D XM_HIDREAD: 2 ready ioctl hidrawFD 8
06-04 15:04:50.602 316 321 D XM_HIDREAD: 3 ready ioctl hidrawFD 8
06-04 15:04:50.602 316 321 D XM_HIDREAD: 4 ready ioctl hidrawFD 8
06-04 15:04:50.602 316 321 D XM_HIDREAD: ioctl hidrawFD HIDIOCGRDESC ret 0
06-04 15:04:50.602 316 321 D XM_HIDREAD: dinfo.vendor:1133,dinfo.product:49298
06-04 15:04:50.602 316 321 E XM_HIDREAD: : /dev/hidraw0
06-04 15:04:50.603 316 321 D XM_HIDREAD: add@ add@/devices/platform/soc@3000000/5101400.ohci0-controller/usb5/5-1/5-1:1.1
06-04 15:04:50.603 316 321 D XM_HIDREAD: add@ add@/devices/platform/soc@3000000/5101400.ohci0-controller/usb5/5-1/5-1:1.1/0003:046D:C092.0002
06-04 15:04:50.603 316 321 D XM_HIDREAD: add@ add@/devices/platform/soc@3000000/5101400.ohci0-controller/usb5/5-1/5-1:1.1/0003:046D:C092.0002/input/input3
06-04 15:04:50.603 316 321 D XM_HIDREAD: add@ add@/devices/platform/soc@3000000/5101400.ohci0-controller/usb5/5-1/5-1:1.1/0003:046D:C092.0002/input/input3/event3
06-04 15:04:50.603 316 321 D XM_HIDREAD: add@ add@/devices/platform/soc@3000000/5101400.ohci0-controller/usb5/5-1/5-1:1.1/0003:046D:C092.0002/input/input4
06-04 15:04:50.603 316 321 D XM_HIDREAD: add@ add@/devices/platform/soc@3000000/5101400.ohci0-controller/usb5/5-1/5-1:1.1/0003:046D:C092.0002/input/input4/event4
06-04 15:04:50.603 316 321 D XM_HIDREAD: add@ add@/devices/platform/soc@3000000/5101400.ohci0-controller/usb5/5-1/5-1:1.1/0003:046D:C092.0002/input/input5
06-04 15:04:50.603 316 321 D XM_HIDREAD: add@ add@/devices/platform/soc@3000000/5101400.ohci0-controller/usb5/5-1/5-1:1.1/0003:046D:C092.0002/input/input5/event5
06-04 15:04:50.603 316 321 D XM_HIDREAD: add@ add@/class/usbmisc
06-04 15:04:50.603 316 321 D XM_HIDREAD: add@ add@/devices/platform/soc@3000000/5101400.ohci0-controller/usb5/5-1/5-1:1.1/usbmisc/hiddev0
06-04 15:04:50.603 316 321 D XM_HIDREAD: add@ add@/devices/platform/soc@3000000/5101400.ohci0-controller/usb5/5-1/5-1:1.1/0003:046D:C092.0002/hidraw/hidraw1
06-04 15:04:50.603 316 321 D XM_HIDREAD: ready open:/dev/hidraw1
06-04 15:04:50.603 316 321 D XM_HIDREAD: open:/dev/hidraw1 resultFD:9
06-04 15:04:50.603 316 321 D XM_HIDREAD: 1 ready ioctl hidrawFD 9
06-04 15:04:50.603 316 321 D XM_HIDREAD: 2 ready ioctl hidrawFD 9
06-04 15:04:50.603 316 321 D XM_HIDREAD: 3 ready ioctl hidrawFD 9
06-04 15:04:50.603 316 321 D XM_HIDREAD: 4 ready ioctl hidrawFD 9
06-04 15:04:50.603 316 321 D XM_HIDREAD: ioctl hidrawFD HIDIOCGRDESC ret 0
06-04 15:04:50.603 316 321 D XM_HIDREAD: dinfo.vendor:1133,dinfo.product:49298
06-04 15:04:50.603 316 321 E XM_HIDREAD: : /dev/hidraw1
06-04 15:04:50.603 316 321 D XM_HIDREAD: add@ add@/devices/virtual/wakeup/wakeup26
06-04 15:04:50.607 244 244 D Zygote : Forked child process 1148
06-04 15:04:50.616 654 654 E sprdwl : mac_addr:b4:2f:03:16:18:c0
06-04 15:04:50.616 476 539 W ActivityManager: Slow operation: 54ms so far, now at startProcess: returned from zygote!
06-04 15:04:50.619 476 539 W ActivityManager: Slow operation: 57ms so far, now at startProcess: done updating battery stats
06-04 15:04:50.619 476 539 W ActivityManager: Slow operation: 57ms so far, now at startProcess: building log message
06-04 15:04:50.619 476 539 I ActivityManager: app.processName = android.process.media
06-04 15:04:50.619 476 539 I ActivityManager: Start proc 1148:android.process.media/u0a18 for broadcast {com.android.mtp/com.android.mtp.UsbIntentReceiver}
06-04 15:04:50.632 476 539 W ActivityManager: Slow operation: 57ms so far, now at startProcess: starting to update pids map
06-04 15:04:50.632 476 539 W ActivityManager: Slow operation: 70ms so far, now at startProcess: done updating pids map
06-04 15:04:50.636 654 654 E sprdwl : credit_capa:TX_WITH_CREDIT, extend_feature:0x43
06-04 15:04:50.645 316 321 D XM_HIDREAD: add@ add@/devices/virtual/wakeup/wakeup27
06-04 15:04:50.651 476 597 I EventHub: usingClockIoctl=true
06-04 15:04:50.651 476 597 I EventHub: New device: id=4, fd=313, path='/dev/input/event3', name='Logitech G102 LIGHTSYNC Gaming Mouse Keyboard', classes=KEYBOARD | ALPHAKEY | EXTERNAL, configuration='', keyLayout='/system/usr/keylayout/Generic.kl', keyCharacterMap='/system/usr/keychars/Generic.kcm', builtinKeyboard=false,
06-04 15:04:50.654 476 597 D EventHub: No input device configuration file found for device 'Logitech G102 LIGHTSYNC Gaming Mouse Consumer Control'.
06-04 15:04:50.663 316 321 D XM_HIDREAD: add@ add@/devices/virtual/wakeup/wakeup28
06-04 15:04:50.667 654 654 E sprdwl : ott support:1
06-04 15:04:50.668 476 597 W EventHub: Unable to disable kernel key repeat for /dev/input/event4: Function not implemented
06-04 15:04:50.669 476 597 I EventHub: usingClockIoctl=true
06-04 15:04:50.669 476 597 I EventHub: New device: id=5, fd=309, path='/dev/input/event4', name='Logitech G102 LIGHTSYNC Gaming Mouse Consumer Control', classes=KEYBOARD | DPAD | JOYSTICK | EXTERNAL, configuration='', keyLayout='/system/usr/keylayout/Generic.kl', keyCharacterMap='/system/usr/keychars/Generic.kcm', builtinKeyboard=false,
06-04 15:04:50.669 476 597 D EventHub: No input device configuration file found for device 'Logitech G102 LIGHTSYNC Gaming Mouse System Control'.
06-04 15:04:50.672 316 321 D XM_HIDREAD: add@ add@/devices/platform/unisoc_wifi/ieee80211/phy0
06-04 15:04:50.673 1148 1148 I Zygote : seccomp disabled by setenforce 0
06-04 15:04:50.674 316 321 D XM_HIDREAD: add@ add@/devices/platform/unisoc_wifi/ieee80211/phy0/rfkill2
06-04 15:04:50.684 316 321 D XM_HIDREAD: add@ add@/devices/virtual/wakeup/wakeup29
06-04 15:04:50.687 476 597 W EventHub: Unable to disable kernel key repeat for /dev/input/event5: Function not implemented
06-04 15:04:50.687 476 597 I EventHub: usingClockIoctl=true
06-04 15:04:50.687 476 597 I EventHub: New device: id=6, fd=315, path='/dev/input/event5', name='Logitech G102 LIGHTSYNC Gaming Mouse System Control', classes=KEYBOARD | EXTERNAL, configuration='', keyLayout='/system/usr/keylayout/Generic.kl', keyCharacterMap='/system/usr/keychars/Generic.kcm', builtinKeyboard=false,
06-04 15:04:50.684 316 316 I xm_hidread: type=1400 audit(0.0:397): avc: denied { read } for scontext=u:r:init:s0 tcontext=u:r:init:s0 tclass=netlink_kobject_uevent_socket permissive=1
06-04 15:04:50.688 476 597 I InputReader: Device added: id=4, eventHubId=6, name='Logitech G102 LIGHTSYNC Gaming Mouse System Control', descriptor='0c945141df4847607bfc33914f112e8b3a79788d',sources=0x00002103
06-04 15:04:50.678 654 654 E sprdwl : __sprdwl_cmd_getbuf cant't get vif, ctx_id: 0
06-04 15:04:50.688 476 597 I InputReader: Device added: id=4, eventHubId=5, name='Logitech G102 LIGHTSYNC Gaming Mouse Consumer Control', descriptor='0c945141df4847607bfc33914f112e8b3a79788d',sources=0x01002313
06-04 15:04:50.688 476 597 I InputReader: Device added: id=4, eventHubId=4, name='Logitech G102 LIGHTSYNC Gaming Mouse Keyboard', descriptor='0c945141df4847607bfc33914f112e8b3a79788d',sources=0x01002313
06-04 15:04:50.690 476 813 D CompatibilityChangeReporter: Compat change id reported: 149924527; UID 1000; state: ENABLED
06-04 15:04:50.697 476 750 D CompatibilityChangeReporter: Compat change id reported: 132649864; UID 1000; state: DISABLED
06-04 15:04:50.709 403 413 I adbd : jdwp connection from 1148
06-04 15:04:50.712 1046 1128 V MediaProvider: onOpen() for external.db
06-04 15:04:50.715 1046 1128 V MediaProvider: onOpen() finished for external.db
06-04 15:04:50.716 666 853 I bt_core_module: system/bt/btcore/src/module.cc:90 module_start_up: module_start_up Started module "controller_module"
06-04 15:04:50.716 666 853 I bt_btm_pm: system/bt/stack/acl/btm_pm.cc:392 btm_pm_reset: reset pm
06-04 15:04:50.720 666 853 I btm_acl : system/bt/stack/acl/btm_acl.cc:654 check_link_policy: hold not supported (settings: 0x000d)
06-04 15:04:50.720 666 853 I btm_acl : system/bt/stack/acl/btm_acl.cc:664 check_link_policy: park not supported (settings: 0x0005)
06-04 15:04:50.721 666 853 I bt_btm_sec: system/bt/stack/btm/btm_sec.cc:225 BTM_SecRegister: BTM_SecRegister p_cb_info->p_le_callback == 0x0xc7923785
06-04 15:04:50.721 666 853 I bt_btm_sec: system/bt/stack/btm/btm_sec.cc:240 BTM_SecRegister: BTM_SecRegister btm_cb.api.p_le_callback = 0x0xc7923785
06-04 15:04:50.730 316 321 D XM_HIDREAD: add@ add@/devices/platform/unisoc_wifi/net/wlan0
06-04 15:04:50.732 316 321 D XM_HIDREAD: add@ add@/devices/platform/unisoc_wifi/net/wlan0/queues/rx-0
06-04 15:04:50.733 316 321 D XM_HIDREAD: add@ add@/devices/platform/unisoc_wifi/net/wlan0/queues/tx-0
06-04 15:04:50.733 316 321 D XM_HIDREAD: add@ add@/devices/platform/unisoc_wifi/net/wlan1
06-04 15:04:50.733 316 321 D XM_HIDREAD: add@ add@/devices/platform/unisoc_wifi/net/wlan1/queues/rx-0
06-04 15:04:50.733 316 321 D XM_HIDREAD: add@ add@/devices/platform/unisoc_wifi/net/wlan1/queues/tx-0
06-04 15:04:50.738 476 812 D CompatibilityChangeReporter: Compat change id reported: 168419799; UID 10018; state: DISABLED
06-04 15:04:50.748 476 518 W PppoeNetworkFactory: interfaceLinkStateChanged
06-04 15:04:50.749 476 518 D PppoeNetworkFactory: updateInterface: mIface: mPhyIface:eth0 iface:wlan0 link:down
06-04 15:04:50.749 476 518 D PppoeNetworkFactory: not tracker interface
06-04 15:04:50.749 476 518 I EthernetTracker: interfaceLinkStateChanged, iface: wlan0, up: false
06-04 15:04:50.750 476 518 W PppoeNetworkFactory: interfaceLinkStateChanged
06-04 15:04:50.750 476 518 D PppoeNetworkFactory: updateInterface: mIface: mPhyIface:eth0 iface:wlan1 link:down
06-04 15:04:50.750 476 518 D PppoeNetworkFactory: not tracker interface
06-04 15:04:50.750 476 518 I EthernetTracker: interfaceLinkStateChanged, iface: wlan1, up: false
06-04 15:04:50.753 316 321 D XM_HIDREAD: add@ add@/module/sprdwl_ng
06-04 15:04:50.753 654 654 D wifi_hal-auto-detect: libwifi hal name: libwifi-hal-sprd.so
06-04 15:04:50.734 654 654 W unisoc_wifi wlan0: mixed HW and IP checksum settings.
06-04 15:04:50.735 654 654 W unisoc_wifi wlan1: mixed HW and IP checksum settings.
06-04 15:04:50.735 654 654 E unisoc_wifi wlan1: netif_napi_add() called with weight 128
06-04 15:04:50.732 326 326 I rainbow_flow: type=1400 audit(0.0:398): avc: denied { ioctl } for path="/dev/spidev1.0" dev="tmpfs" ino=6194 ioctlcmd=0x6b00 scontext=u:r:init:s0 tcontext=u:object_r:device:s0 tclass=chr_file permissive=1
06-04 15:04:50.755 666 978 I bluetooth: system/bt/stack/gatt/gatt_api.cc:1019 GATT_Register: Allocated name:GattClient uuid:7ce589c9-f97f-d488-f6eb-dd215b64a445 gatt_if:3 eatt_support:0
06-04 15:04:50.761 753 871 I Tethering: adding IpServer for: wlan0
06-04 15:04:50.760 654 654 I wifi@1.0-servic: type=1400 audit(0.0:399): avc: denied { read } for name="u:object_r:persist_vendor_debug_wifi_prop:s0" dev="tmpfs" ino=2909 scontext=u:r:hal_wifi_default:s0 tcontext=u:object_r:persist_vendor_debug_wifi_prop:s0 tclass=file permissive=1
06-04 15:04:50.760 654 654 I wifi@1.0-servic: type=1400 audit(0.0:400): avc: denied { open } for path="/dev/__properties__/u:object_r:persist_vendor_debug_wifi_prop:s0" dev="tmpfs" ino=2909 scontext=u:r:hal_wifi_default:s0 tcontext=u:object_r:persist_vendor_debug_wifi_prop:s0 tclass=file permissive=1
06-04 15:04:50.760 654 654 I wifi@1.0-servic: type=1400 audit(0.0:401): avc: denied { getattr } for path="/dev/__properties__/u:object_r:persist_vendor_debug_wifi_prop:s0" dev="tmpfs" ino=2909 scontext=u:r:hal_wifi_default:s0 tcontext=u:object_r:persist_vendor_debug_wifi_prop:s0 tclass=file permissive=1
06-04 15:04:50.767 654 654 W audit : audit_lost=14 audit_rate_limit=5 audit_backlog_limit=64
06-04 15:04:50.767 654 654 E audit : rate limit exceeded
06-04 15:04:50.769 666 978 I bt_stack: [INFO:ble_advertiser_hci_interface.cc(767)] Extended advertising will be in use
06-04 15:04:50.772 654 654 I android.hardware.wifi@1.0-service-lazy: Wifi HAL started
06-04 15:04:50.773 666 978 E bt_btif_storage: system/bt/btif/src/btif_storage.cc:632 btif_storage_get_adapter_property: btif_storage_get_adapter_property: Controller ready!
06-04 15:04:50.773 666 978 I bt_btif_storage: system/bt/btif/src/btif_storage.cc:661 btif_storage_get_adapter_property: btif_storage_get_adapter_property service_mask:0x20000000
06-04 15:04:50.773 666 978 I bt_stack: [INFO:btif_bqr.cc(229)] EnableBtQualityReport: is_enable: true
06-04 15:04:50.773 666 859 D AdapterProperties: BT_PROPERTY_LOCAL_LE_FEATURES: update from BT controller mNumOfAdvertisementInstancesSupported = 0 mRpaOffloadSupported = false mNumOfOffloadedIrkSupported = 0 mNumOfOffloadedScanFilterSupported = 0 mOffloadedScanResultStorageBytes= 0 mIsActivityAndEnergyReporting = false mVersSupported = 0 mTotNumOfTrackableAdv = 0 mIsExtendedScanSupported = false mIsDebugLogSupported = false mIsLe2MPhySupported = true mIsLeCodedPhySupported = true mIsLeExtendedAdvertisingSupported = true mIsLePeriodicAdvertisingSupported = true mLeMaximumAdvertisingDataLength = 1650 mDynamicAudioBufferSizeSupportedCodecsGroup1 = 0 mDynamicAudioBufferSizeSupportedCodecsGroup2 = 0
06-04 15:04:50.773 666 978 W bt_stack: [WARNING:btif_bqr.cc(237)] EnableBtQualityReport: Bluetooth Quality Report is disabled. bqr_prop_evtmask: , bqr_prop_interval_ms:
06-04 15:04:50.774 666 1172 I bt_osi_thread: system/bt/osi/src/thread.cc:209 run_thread: run_thread: thread id 1172, thread name btif_sock started
06-04 15:04:50.776 666 978 I bt_bte_conf: system/bt/main/bte_conf.cc:84 bte_load_did_conf: Device ID record 1 : primary
06-04 15:04:50.776 666 978 I bt_bte_conf: system/bt/main/bte_conf.cc:85 bte_load_did_conf: vendorId = 00e0
06-04 15:04:50.776 666 978 I bt_bte_conf: system/bt/main/bte_conf.cc:86 bte_load_did_conf: vendorIdSource = 0001
06-04 15:04:50.776 666 978 I bt_bte_conf: system/bt/main/bte_conf.cc:87 bte_load_did_conf: product = 1200
06-04 15:04:50.776 666 978 I bt_bte_conf: system/bt/main/bte_conf.cc:88 bte_load_did_conf: version = 1436
06-04 15:04:50.776 666 978 I bt_bte_conf: system/bt/main/bte_conf.cc:89 bte_load_did_conf: clientExecutableURL =
06-04 15:04:50.776 666 978 I bt_bte_conf: system/bt/main/bte_conf.cc:90 bte_load_did_conf: serviceDescription =
06-04 15:04:50.777 666 978 I bt_bte_conf: system/bt/main/bte_conf.cc:91 bte_load_did_conf: documentationURL =
06-04 15:04:50.777 666 978 I bt_bta_dm: system/bt/bta/dm/bta_dm_act.cc:3198 bta_dm_eir_update_uuid: EIR Adding UUID=0x1200 into extended inquiry response
06-04 15:04:50.777 666 978 I bt_bta_dm: system/bt/bta/dm/bta_dm_act.cc:2897 bta_dm_set_eir: Generating extended inquiry response packet EIR
06-04 15:04:50.777 666 978 I bt_bte_conf: system/bt/main/bte_conf.cc:47 bte_load_did_conf: bte_load_did_conf no section named DID2.
06-04 15:04:50.777 666 978 I bt_btif_core: system/bt/btif/src/btif_core.cc:312 btif_enable_bluetooth_evt: Bluetooth enable event completed
06-04 15:04:50.777 666 978 I bt_bta_dm: system/bt/bta/dm/bta_dm_act.cc:2897 bta_dm_set_eir: Generating extended inquiry response packet EIR
06-04 15:04:50.779 666 853 I bt_stack_manager: system/bt/btif/src/stack_manager.cc:311 event_start_up_stack: event_start_up_stack finished
06-04 15:04:50.792 476 812 W ActivityManager: Slow operation: 62ms so far, now at attachApplicationLocked: after mServices.attachApplicationLocked
06-04 15:04:50.796 476 812 W ActivityManager: Slow operation: 67ms so far, now at attachApplicationLocked: after sendPendingBroadcastsLocked
06-04 15:04:50.802 1148 1148 D CompatibilityChangeReporter: Compat change id reported: 171979766; UID 10018; state: ENABLED
06-04 15:04:50.803 476 476 W Looper : Slow dispatch took 240ms main h=android.app.ActivityThread$H c=android.app.LoadedApk$ReceiverDispatcher$Args$$ExternalSyntheticLambda0@8a4c741 m=0
06-04 15:04:50.803 476 476 W Looper : Slow delivery took 243ms main h=android.app.ActivityThread$H c=android.app.LoadedApk$ReceiverDispatcher$Args$$ExternalSyntheticLambda0@24d4e6 m=0
06-04 15:04:50.804 476 750 D CompatibilityChangeReporter: Compat change id reported: 168419799; UID 1000; state: DISABLED
06-04 15:04:50.811 476 476 W NotificationHistory: Attempted to add notif for locked/gone/disabled user 0
06-04 15:04:50.815 476 608 I WifiVendorHal: Vendor Hal started successfully
06-04 15:04:50.827 476 476 W Looper : Drained
06-04 15:04:50.828 476 518 W PppoeNetworkFactory: interfaceAdded
06-04 15:04:50.829 476 518 W PppoeNetworkFactory: interfaceAdded
06-04 15:04:50.831 476 476 D BluetoothManagerService: Bluetooth Adapter address changed to B4:2F:03:15:A3:36
06-04 15:04:50.832 476 476 D BluetoothManagerService: Stored Bluetoothaddress: B4:2F:03:15:A3:36
06-04 15:04:50.833 753 871 I Tethering: adding IpServer for: wlan1
06-04 15:04:50.833 666 859 D AdapterProperties: Name is: DBBOX-A2
06-04 15:04:50.838 476 476 D BluetoothManagerService: Bluetooth Adapter name changed to DBBOX-A2 by android
06-04 15:04:50.838 476 476 D BluetoothManagerService: Stored Bluetooth name: DBBOX-A2
06-04 15:04:50.847 666 859 D AdapterProperties: Scan Mode:20
06-04 15:04:50.847 666 859 D AdapterProperties: Discoverable Timeout:120
06-04 15:04:50.854 666 859 D AdapterProperties: Adding bonded device:E4:BB:D3:57:C0:7D
06-04 15:04:50.856 654 654 W android.hardware.wifi@1.0-service-lazy: No active wlan interfaces in use! Using default
06-04 15:04:50.856 654 654 E android.hardware.wifi@1.0-service-lazy: Unknown iface name: wlan0
06-04 15:04:50.856 654 654 E android.hardware.wifi@1.0-service-lazy: Unknown iface name: wlan0
06-04 15:04:50.860 1125 1125 D CompatibilityChangeReporter: Compat change id reported: 171979766; UID 1000; state: DISABLED
06-04 15:04:50.861 476 813 I WifiService: updateInterfaceIpState uid=1073
06-04 15:04:50.870 654 654 I WifiHAL : Initializing wifi
06-04 15:04:50.879 654 654 I ieee80211 phy0: sprdwl_vendor_get_support_feature
06-04 15:04:50.876 654 654 E WifiHAL : wifi_get_logger_supported_feature_set: Error -5 happened.
06-04 15:04:50.876 654 654 E WifiHAL : Failed to get supported logger feature set: -5
06-04 15:04:50.877 654 654 E WifiHAL : wifi_get_firmware_version: Error -5 happened.
06-04 15:04:50.877 654 654 E WifiHAL : Failed to get supported logger feature set: -5
06-04 15:04:50.878 654 654 E WifiHAL : get_firmware_bus_max_size_supported: requestResponse Error:-3
06-04 15:04:50.878 654 654 E WifiHAL : Failed to get supported bus size, error : -3
06-04 15:04:50.878 654 654 E WifiHAL : wifi_logger_ring_buffers_init: Ring buffer logging feature not supported 0
06-04 15:04:50.878 654 654 E WifiHAL : Wifi Logger Ring Initialization Failed
06-04 15:04:50.879 654 654 E WifiHAL : wifiGetCapabilities: Failed to send request, Error:-5
06-04 15:04:50.879 654 654 E WifiHAL : Failed to get wifi Capabilities, error: -5
06-04 15:04:50.879 654 654 I android.hardware.wifi@1.0-service-lazy: Adding interface handle for wlan1
06-04 15:04:50.879 654 654 I android.hardware.wifi@1.0-service-lazy: Adding interface handle for wlan0
06-04 15:04:50.879 654 654 W android.hardware.wifi@1.0-service-lazy: No active wlan interfaces in use! Using default
06-04 15:04:50.880 476 518 W PppoeNetworkFactory: interfaceLinkStateChanged
06-04 15:04:50.880 476 518 D PppoeNetworkFactory: updateInterface: mIface: mPhyIface:eth0 iface:wlan0 link:up
06-04 15:04:50.880 476 518 D PppoeNetworkFactory: not tracker interface
06-04 15:04:50.880 476 518 I EthernetTracker: interfaceLinkStateChanged, iface: wlan0, up: true
06-04 15:04:50.881 654 654 W android.hardware.wifi@1.0-service-lazy: No active wlan interfaces in use! Using default
06-04 15:04:50.882 476 520 W IorapForwardingService: No service published for: iorapd
06-04 15:04:50.882 654 654 E WifiHAL : wifi_get_driver_version: Error -5 happened.
06-04 15:04:50.882 654 654 E android.hardware.wifi@1.0-service-lazy: Failed to get driver version: INVALID_ARGS
06-04 15:04:50.882 654 654 I android.hardware.wifi@1.0-service-lazy: Configured chip in mode 3
06-04 15:04:50.882 654 654 W android.hardware.wifi@1.0-service-lazy: No active wlan interfaces in use! Using default
06-04 15:04:50.884 476 608 D HalDevMgr: updateRttController: no one is interested in RTT controllers
