06-04 15:04:39.733 285 389 W EventThread: Ignoring VSYNC request while display is disconnected
06-04 15:04:39.733 285 389 W EventThread: Ignoring VSYNC request while display is disconnected
06-04 15:04:39.733 258 291 D sunxihwc: getHdrCapabilities: getHdrCapabilities: support hdr10 and hlg
06-04 15:04:39.733 285 285 W HwcComposer: getPerFrameMetadataKeys failed with 8
06-04 15:04:39.734 258 384 W displayd: xxxxxxx: threadedStartup end
06-04 15:04:39.739 257 288 I gralloc : alloc buffer:W:1920 H:1080 S:1920 PL[1920 1080] SZ:8294400 fmt:1 if:0 af:1 usg:1b00 fg:00000004
06-04 15:04:39.740 258 387 I sunxihwc: pollThreadLoop: polling VsyncThread start
06-04 15:04:39.740 258 386 I sunxihwc: threadLoop: set CommitThread priority as HAL_PRIORITY_URGENT_DISPLAY
06-04 15:04:39.744 257 257 I gralloc : alloc buffer:W:1920 H:1080 S:1920 PL[1920 1080] SZ:8294400 fmt:1 if:0 af:1 usg:1b00 fg:00000004
06-04 15:04:39.745 285 285 I SurfaceFlinger: Dispatching display hotplug event displayId=0, connected=1
06-04 15:04:39.768 285 395 W SurfaceFlinger: Failed to set thread name on dispatch thread
06-04 15:04:39.806 380 380 E cutils-trace: Error opening trace file: No such file or directory (2)
06-04 15:04:39.815 376 376 I gatekeeperd: Starting gatekeeperd...
06-04 15:04:39.824 380 380 I usbd : Usb HAL found.
06-04 15:04:39.825 380 380 I usbd : peristent prop is adb
06-04 15:04:39.826 376 376 E cutils-trace: Error opening trace file: No such file or directory (2)
06-04 15:04:39.827 244 244 I zygote : Using memfd for future sealing
06-04 15:04:39.859 264 264 I android.hardware.usb.gadget@1.1-service.aw: setCurrentUsbFunctions None
06-04 15:04:39.859 264 264 I android.hardware.usb.gadget@1.1-service.aw: Gadget cannot be pulled down
06-04 15:04:39.860 264 264 I android.hardware.usb.gadget@1.1-service.aw: mMonitor not running
06-04 15:04:39.860 264 264 I android.hardware.usb.gadget@1.1-service.aw: Returned from tearDown gadget
06-04 15:04:39.880 326 326 I rainbow_flow: type=1400 audit(0.0:285): avc: denied { ioctl } for path="/dev/spidev1.0" dev="tmpfs" ino=6194 ioctlcmd=0x6b00 scontext=u:r:init:s0 tcontext=u:object_r:device:s0 tclass=chr_file permissive=1
06-04 15:04:39.924 379 379 I update_engine: [INFO:main.cc(55)] A/B Update Engine starting
06-04 15:04:39.931 350 350 D isomountservice: main isomount service is running.
06-04 15:04:39.936 379 379 E cutils-trace: Error opening trace file: No such file or directory (2)
06-04 15:04:39.940 350 350 I isomountservice: ServiceManager: 0xf3e23cc0
06-04 15:04:39.941 366 366 I android.hardware.media.omx@1.0-service: mediacodecservice starting
06-04 15:04:39.948 366 366 W android.hardware.media.omx@1.0-service: Could not read additional policy file '/vendor/etc/seccomp_policy/mediacodec.policy'
06-04 15:04:39.948 366 366 W android.hardware.media.omx@1.0-service: libminijail[366]: failed to get path of fd 4: No such file or directory
06-04 15:04:39.950 379 379 I update_engine: [INFO:boot_control_android.cc(69)] Loaded boot control hidl hal.
06-04 15:04:39.950 366 366 W android.hardware.media.omx@1.0-service: libminijail[366]: allowing syscall: clock_gettime
06-04 15:04:39.950 375 375 I mediaswcodec: media swcodec service starting
06-04 15:04:39.950 366 366 W android.hardware.media.omx@1.0-service: libminijail[366]: allowing syscall: connect
06-04 15:04:39.951 366 366 W android.hardware.media.omx@1.0-service: libminijail[366]: allowing syscall: fcntl64
06-04 15:04:39.951 366 366 W android.hardware.media.omx@1.0-service: libminijail[366]: allowing syscall: socket
06-04 15:04:39.951 366 366 W android.hardware.media.omx@1.0-service: libminijail[366]: allowing syscall: writev
06-04 15:04:39.951 366 366 W android.hardware.media.omx@1.0-service: libminijail[366]: compile_file: (59): syscall getrandom redefined here
06-04 15:04:39.953 403 403 I adbd : persist.adb.watchdog set to ''
06-04 15:04:39.954 375 375 W mediaswcodec: Could not read additional policy file '/vendor/etc/seccomp_policy/mediaswcodec.policy'
06-04 15:04:39.954 375 375 W mediaswcodec: libminijail[375]: failed to get path of fd 4: No such file or directory
06-04 15:04:39.955 375 375 W mediaswcodec: libminijail[375]: allowing syscall: clock_gettime
06-04 15:04:39.955 375 375 W mediaswcodec: libminijail[375]: allowing syscall: connect
06-04 15:04:39.955 375 375 W mediaswcodec: libminijail[375]: allowing syscall: fcntl64
06-04 15:04:39.955 375 375 W mediaswcodec: libminijail[375]: allowing syscall: socket
06-04 15:04:39.955 375 375 W mediaswcodec: libminijail[375]: allowing syscall: writev
06-04 15:04:39.956 375 375 W mediaswcodec: libminijail[375]: compile_file: (71): syscall futex redefined here
06-04 15:04:39.956 375 375 W mediaswcodec: libminijail[375]: compile_file: (15): previous definition here
06-04 15:04:39.957 375 375 W mediaswcodec: libminijail[375]: logging seccomp filter failures
06-04 15:04:39.958 379 379 I update_engine: [INFO:daemon_state_android.cc(44)] Booted in dev mode.
06-04 15:04:39.959 375 375 I CodecServiceRegistrant: Creating software Codec2 service...
06-04 15:04:39.961 264 264 I android.hardware.usb.gadget@1.1-service.aw: setCurrentUsbFunctions Adb
06-04 15:04:39.961 264 264 I android.hardware.usb.gadget@1.1-service.aw: Service started
06-04 15:04:39.961 264 264 I android.hardware.usb.gadget@1.1-service.aw: enable usbradio debug functions
06-04 15:04:39.961 264 264 I android.hardware.usb.gadget@1.1-service.aw: Usb Gadget setcurrent functions called successfully
06-04 15:04:39.964 375 375 E cutils-trace: Error opening trace file: No such file or directory (2)
06-04 15:04:39.964 403 403 I adbd : persist.sys.test_harness set to ''
06-04 15:04:39.964 403 403 I adbd : adb watchdog timeout set to 600 seconds
06-04 15:04:39.965 403 403 I adbd : Setup mdns on port= 5555
06-04 15:04:39.966 403 403 I adbd : adbd listening on tcp:5555
06-04 15:04:39.966 403 403 I adbd : adbd listening on vsock:5555
06-04 15:04:39.966 403 403 I adbd : adbd started
06-04 15:04:39.967 366 366 W android.hardware.media.omx@1.0-service: libminijail[366]: compile_file: (15): previous definition here
06-04 15:04:39.968 366 366 W android.hardware.media.omx@1.0-service: libminijail[366]: compile_file: /system/etc/seccomp_policy/crash_dump.arm.policy(1): syscall read redefined here
06-04 15:04:39.969 366 366 W android.hardware.media.omx@1.0-service: libminijail[366]: compile_file: (9): previous definition here
06-04 15:04:39.969 366 366 W android.hardware.media.omx@1.0-service: libminijail[366]: compile_file: /system/etc/seccomp_policy/crash_dump.arm.policy(2): syscall write redefined here
06-04 15:04:39.969 366 366 W android.hardware.media.omx@1.0-service: libminijail[366]: compile_file: (5): previous definition here
06-04 15:04:39.969 366 366 W android.hardware.media.omx@1.0-service: libminijail[366]: compile_file: /system/etc/seccomp_policy/crash_dump.arm.policy(3): syscall exit redefined here
06-04 15:04:39.969 366 366 W android.hardware.media.omx@1.0-service: libminijail[366]: compile_file: (40): previous definition here
06-04 15:04:39.969 366 366 W android.hardware.media.omx@1.0-service: libminijail[366]: compile_file: /system/etc/seccomp_policy/crash_dump.arm.policy(4): syscall rt_sigreturn redefined here
06-04 15:04:39.969 366 366 W android.hardware.media.omx@1.0-service: libminijail[366]: compile_file: (45): previous definition here
06-04 15:04:39.969 366 366 W android.hardware.media.omx@1.0-service: libminijail[366]: compile_file: /system/etc/seccomp_policy/crash_dump.arm.policy(6): syscall exit_group redefined here
06-04 15:04:39.969 366 366 W android.hardware.media.omx@1.0-service: libminijail[366]: compile_file: (44): previous definition here
06-04 15:04:39.969 366 366 W android.hardware.media.omx@1.0-service: libminijail[366]: compile_file: /system/etc/seccomp_policy/crash_dump.arm.policy(7): syscall clock_gettime redefined here
06-04 15:04:39.970 366 366 W android.hardware.media.omx@1.0-service: libminijail[366]: compile_file: (7): previous definition here
06-04 15:04:39.970 366 366 W android.hardware.media.omx@1.0-service: libminijail[366]: compile_file: /system/etc/seccomp_policy/crash_dump.arm.policy(8): syscall gettimeofday redefined here
06-04 15:04:39.970 366 366 W android.hardware.media.omx@1.0-service: libminijail[366]: compile_file: (47): previous definition here
06-04 15:04:39.970 366 366 W android.hardware.media.omx@1.0-service: libminijail[366]: compile_file: /system/etc/seccomp_policy/crash_dump.arm.policy(9): syscall futex redefined here
06-04 15:04:39.970 366 366 W android.hardware.media.omx@1.0-service: libminijail[366]: compile_file: (3): previous definition here
06-04 15:04:39.970 366 366 W android.hardware.media.omx@1.0-service: libminijail[366]: compile_file: /system/etc/seccomp_policy/crash_dump.arm.policy(10): syscall getrandom redefined here
06-04 15:04:39.971 366 366 W android.hardware.media.omx@1.0-service: libminijail[366]: compile_file: (15): previous definition here
06-04 15:04:39.971 375 375 I HidlServiceManagement: Registered android.hardware.media.c2@1.2::IComponentStore/software
06-04 15:04:39.971 366 366 W android.hardware.media.omx@1.0-service: libminijail[366]: compile_file: /system/etc/seccomp_policy/crash_dump.arm.policy(13): syscall ppoll redefined here
06-04 15:04:39.971 366 366 W android.hardware.media.omx@1.0-service: libminijail[366]: compile_file: (13): previous definition here
06-04 15:04:39.971 366 366 W android.hardware.media.omx@1.0-service: libminijail[366]: compile_file: /system/etc/seccomp_policy/crash_dump.arm.policy(14): syscall pipe2 redefined here
06-04 15:04:39.971 366 366 W android.hardware.media.omx@1.0-service: libminijail[366]: compile_file: (46): previous definition here
06-04 15:04:39.971 366 366 W android.hardware.media.omx@1.0-service: libminijail[366]: compile_file: /system/etc/seccomp_policy/crash_dump.arm.policy(15): syscall openat redefined here
06-04 15:04:39.971 366 366 W android.hardware.media.omx@1.0-service: libminijail[366]: compile_file: (30): previous definition here
06-04 15:04:39.971 366 366 W android.hardware.media.omx@1.0-service: libminijail[366]: compile_file: /system/etc/seccomp_policy/crash_dump.arm.policy(16): syscall dup redefined here
06-04 15:04:39.971 366 366 W android.hardware.media.omx@1.0-service: libminijail[366]: compile_file: (12): previous definition here
06-04 15:04:39.972 366 366 W android.hardware.media.omx@1.0-service: libminijail[366]: compile_file: /system/etc/seccomp_policy/crash_dump.arm.policy(17): syscall close redefined here
06-04 15:04:39.972 182 182 I hwservicemanager: getTransport: Cannot find entry android.hardware.media.c2@1.0::IComponentStore/default in either framework or device VINTF manifest.
06-04 15:04:39.972 366 366 W android.hardware.media.omx@1.0-service: libminijail[366]: compile_file: (10): previous definition here
06-04 15:04:39.972 366 366 W android.hardware.media.omx@1.0-service: libminijail[366]: compile_file: /system/etc/seccomp_policy/crash_dump.arm.policy(18): syscall lseek redefined here
06-04 15:04:39.972 366 366 W android.hardware.media.omx@1.0-service: libminijail[366]: compile_file: (50): previous definition here
06-04 15:04:39.972 366 366 W android.hardware.media.omx@1.0-service: libminijail[366]: compile_file: /system/etc/seccomp_policy/crash_dump.arm.policy(19): syscall getdents64 redefined here
06-04 15:04:39.972 366 366 W android.hardware.media.omx@1.0-service: libminijail[366]: compile_file: (58): previous definition here
06-04 15:04:39.972 366 366 W android.hardware.media.omx@1.0-service: libminijail[366]: compile_file: /system/etc/seccomp_policy/crash_dump.arm.policy(20): syscall faccessat redefined here
06-04 15:04:39.972 366 366 W android.hardware.media.omx@1.0-service: libminijail[366]: compile_file: (38): previous definition here
06-04 15:04:39.973 403 407 I adbd : Waiting for persist.adb.tls_server.enable=1
06-04 15:04:39.973 366 366 W android.hardware.media.omx@1.0-service: libminijail[366]: compile_file: /system/etc/seccomp_policy/crash_dump.arm.policy(25): syscall rt_sigprocmask redefined here
06-04 15:04:39.973 366 366 W android.hardware.media.omx@1.0-service: libminijail[366]: compile_file: (41): previous definition here
06-04 15:04:39.973 366 366 W android.hardware.media.omx@1.0-service: libminijail[366]: compile_file: /system/etc/seccomp_policy/crash_dump.arm.policy(28): syscall prctl redefined here
06-04 15:04:39.973 366 366 W android.hardware.media.omx@1.0-service: libminijail[366]: compile_file: (6): previous definition here
06-04 15:04:39.973 366 366 W android.hardware.media.omx@1.0-service: libminijail[366]: compile_file: /system/etc/seccomp_policy/crash_dump.arm.policy(29): syscall madvise redefined here
06-04 15:04:39.973 403 407 I adbd : persist.adb.tls_server.enable changed to 1
06-04 15:04:39.974 366 366 W android.hardware.media.omx@1.0-service: libminijail[366]: compile_file: (29): previous definition here
06-04 15:04:39.974 366 366 W android.hardware.media.omx@1.0-service: libminijail[366]: compile_file: /system/etc/seccomp_policy/crash_dump.arm.policy(30): syscall mprotect redefined here
06-04 15:04:39.974 366 366 W android.hardware.media.omx@1.0-service: libminijail[366]: compile_file: (28): previous definition here
06-04 15:04:39.974 366 366 W android.hardware.media.omx@1.0-service: libminijail[366]: compile_file: /system/etc/seccomp_policy/crash_dump.arm.policy(31): syscall munmap redefined here
06-04 15:04:39.974 366 366 W android.hardware.media.omx@1.0-service: libminijail[366]: compile_file: (27): previous definition here
06-04 15:04:39.974 366 366 W android.hardware.media.omx@1.0-service: libminijail[366]: compile_file: /system/etc/seccomp_policy/crash_dump.arm.policy(32): syscall getuid32 redefined here
06-04 15:04:39.974 366 366 W android.hardware.media.omx@1.0-service: libminijail[366]: compile_file: (34): previous definition here
06-04 15:04:39.974 366 366 W android.hardware.media.omx@1.0-service: libminijail[366]: compile_file: /system/etc/seccomp_policy/crash_dump.arm.policy(33): syscall fstat64 redefined here
06-04 15:04:39.975 366 366 W android.hardware.media.omx@1.0-service: libminijail[366]: compile_file: (35): previous definition here
06-04 15:04:39.975 366 366 W android.hardware.media.omx@1.0-service: libminijail[366]: compile_file: /system/etc/seccomp_policy/crash_dump.arm.policy(34): syscall mmap2 redefined here
06-04 15:04:39.976 375 375 I CodecServiceRegistrant: Preferred Codec2 store is defaulted to "software".
06-04 15:04:39.976 375 375 I CodecServiceRegistrant: Software Codec2 service created and registered.
06-04 15:04:39.977 351 351 I main_extractorservice: enable media.extractor memory limits
06-04 15:04:39.978 351 351 V MediaUtils: physMem: 2055442432
06-04 15:04:39.978 351 351 V MediaUtils: requested limit: 411088480
06-04 15:04:39.978 351 351 I libc : malloc_limit: Allocation limit enabled, max size 411088480 bytes
06-04 15:04:39.978 366 366 W android.hardware.media.omx@1.0-service: libminijail[366]: compile_file: (14): previous definition here
06-04 15:04:39.983 403 409 I adbd : opening control endpoint /dev/usb-ffs/adb/ep0
06-04 15:04:39.985 366 366 W android.hardware.media.omx@1.0-service: libminijail[366]: logging seccomp filter failures
06-04 15:04:39.988 409 409 I : read descriptors
06-04 15:04:39.988 409 409 I : read strings
06-04 15:04:39.984 324 324 I xiriservice_All: type=1400 audit(0.0:286): avc: denied { read } for scontext=u:r:init:s0 tcontext=u:r:init:s0 tclass=netlink_kobject_uevent_socket permissive=1
06-04 15:04:39.988 264 405 I android.hardware.usb.gadget@1.1-service.aw: GADGET pulled up
06-04 15:04:39.990 379 379 I update_engine: [INFO:update_attempter_android.cc(1082)] Scheduling CleanupPreviousUpdateAction.
06-04 15:04:39.990 403 409 I adbd : UsbFfsConnection constructed
06-04 15:04:39.997 403 407 I adbd : adbwifi started on port 42023
06-04 15:04:39.997 403 407 I adbd : TlsServer running on port 42023
06-04 15:04:39.998 403 407 I adbd : adb wifi started on port 42023
06-04 15:04:39.999 403 407 I adbd : Waiting for persist.adb.tls_server.enable=0
06-04 15:04:40.001 403 417 I adbd : UsbFfs-monitor thread spawned
06-04 15:04:40.004 379 379 I update_engine: [INFO:action_processor.cc(51)] ActionProcessor: starting CleanupPreviousUpdateAction
06-04 15:04:40.005 403 417 I adbd : USB event: FUNCTIONFS_BIND
06-04 15:04:40.007 351 351 W mediaextractor: Could not read additional policy file '/vendor/etc/seccomp_policy/mediaextractor.policy'
06-04 15:04:40.008 351 351 W mediaextractor: libminijail[351]: failed to get path of fd 4: No such file or directory
06-04 15:04:40.008 351 351 W mediaextractor: libminijail[351]: allowing syscall: clock_gettime
06-04 15:04:40.008 351 351 W mediaextractor: libminijail[351]: allowing syscall: connect
06-04 15:04:40.008 351 351 W mediaextractor: libminijail[351]: allowing syscall: fcntl64
06-04 15:04:40.008 351 351 W mediaextractor: libminijail[351]: allowing syscall: socket
06-04 15:04:40.008 351 351 W mediaextractor: libminijail[351]: allowing syscall: writev
06-04 15:04:40.009 379 379 I update_engine: [INFO:cleanup_previous_update_action.cc(149)] Starting/resuming CleanupPreviousUpdateAction
06-04 15:04:40.009 403 418 I adbd : Registering secure_connect service (adb-DZOH58251929088-H1HeqN)
06-04 15:04:40.011 351 351 W mediaextractor: libminijail[351]: compile_file: /apex/com.android.media/etc/seccomp_policy/crash_dump.arm.policy(1): syscall read redefined here
06-04 15:04:40.011 351 351 W mediaextractor: libminijail[351]: compile_file: (19): previous definition here
06-04 15:04:40.011 351 351 W mediaextractor: libminijail[351]: compile_file: /apex/com.android.media/etc/seccomp_policy/crash_dump.arm.policy(2): syscall write redefined here
06-04 15:04:40.011 351 351 W mediaextractor: libminijail[351]: compile_file: (6): previous definition here
06-04 15:04:40.012 351 351 W mediaextractor: libminijail[351]: compile_file: /apex/com.android.media/etc/seccomp_policy/crash_dump.arm.policy(3): syscall exit redefined here
06-04 15:04:40.012 351 351 W mediaextractor: libminijail[351]: compile_file: (27): previous definition here
06-04 15:04:40.012 351 351 W mediaextractor: libminijail[351]: compile_file: /apex/com.android.media/etc/seccomp_policy/crash_dump.arm.policy(4): syscall rt_sigreturn redefined here
06-04 15:04:40.012 351 351 W mediaextractor: libminijail[351]: compile_file: (29): previous definition here
06-04 15:04:40.012 351 351 W mediaextractor: libminijail[351]: compile_file: /apex/com.android.media/etc/seccomp_policy/crash_dump.arm.policy(6): syscall exit_group redefined here
06-04 15:04:40.012 351 351 W mediaextractor: libminijail[351]: compile_file: (28): previous definition here
06-04 15:04:40.012 351 351 W mediaextractor: libminijail[351]: compile_file: /apex/com.android.media/etc/seccomp_policy/crash_dump.arm.policy(7): syscall clock_gettime redefined here
06-04 15:04:40.012 351 351 W mediaextractor: libminijail[351]: compile_file: (20): previous definition here
06-04 15:04:40.012 351 351 W mediaextractor: libminijail[351]: compile_file: /apex/com.android.media/etc/seccomp_policy/crash_dump.arm.policy(9): syscall futex redefined here
06-04 15:04:40.012 351 351 W mediaextractor: libminijail[351]: compile_file: (4): previous definition here
06-04 15:04:40.013 351 351 W mediaextractor: libminijail[351]: compile_file: /apex/com.android.media/etc/seccomp_policy/crash_dump.arm.policy(10): syscall getrandom redefined here
06-04 15:04:40.013 351 351 W mediaextractor: libminijail[351]: compile_file: (43): previous definition here
06-04 15:04:40.013 351 351 W mediaextractor: libminijail[351]: compile_file: /apex/com.android.media/etc/seccomp_policy/crash_dump.arm.policy(12): syscall gettid redefined here
06-04 15:04:40.013 351 351 W mediaextractor: libminijail[351]: compile_file: (34): previous definition here
06-04 15:04:40.013 351 351 W mediaextractor: libminijail[351]: compile_file: /apex/com.android.media/etc/seccomp_policy/crash_dump.arm.policy(15): syscall openat redefined here
06-04 15:04:40.014 351 351 W mediaextractor: libminijail[351]: compile_file: (16): previous definition here
06-04 15:04:40.014 351 351 W mediaextractor: libminijail[351]: compile_file: /apex/com.android.media/etc/seccomp_policy/crash_dump.arm.policy(16): syscall dup redefined here
06-04 15:04:40.014 351 351 W mediaextractor: libminijail[351]: compile_file: (11): previous definition here
06-04 15:04:40.014 351 351 W mediaextractor: libminijail[351]: compile_file: /apex/com.android.media/etc/seccomp_policy/crash_dump.arm.policy(17): syscall close redefined here
06-04 15:04:40.014 351 351 W mediaextractor: libminijail[351]: compile_file: (9): previous definition here
06-04 15:04:40.014 351 351 W mediaextractor: libminijail[351]: compile_file: /apex/com.android.media/etc/seccomp_policy/crash_dump.arm.policy(18): syscall lseek redefined here
06-04 15:04:40.014 351 351 W mediaextractor: libminijail[351]: compile_file: (21): previous definition here
06-04 15:04:40.015 366 366 I cedarc : : register h265 decoder success!
06-04 15:04:40.015 366 366 E cedarc : : dlopen 'libawh265soft.so' fail: dlopen failed: library "libawh265soft.so" not found
06-04 15:04:40.015 351 351 W mediaextractor: libminijail[351]: compile_file: /apex/com.android.media/etc/seccomp_policy/crash_dump.arm.policy(20): syscall faccessat redefined here
06-04 15:04:40.015 351 351 W mediaextractor: libminijail[351]: compile_file: (30): previous definition here
06-04 15:04:40.016 351 351 W mediaextractor: libminijail[351]: compile_file: /apex/com.android.media/etc/seccomp_policy/crash_dump.arm.policy(25): syscall rt_sigprocmask redefined here
06-04 15:04:40.016 351 351 W mediaextractor: libminijail[351]: compile_file: (35): previous definition here
06-04 15:04:40.016 351 351 W mediaextractor: libminijail[351]: compile_file: /apex/com.android.media/etc/seccomp_policy/crash_dump.arm.policy(28): syscall prctl redefined here
06-04 15:04:40.016 351 351 W mediaextractor: libminijail[351]: compile_file: (5): previous definition here
06-04 15:04:40.016 351 351 W mediaextractor: libminijail[351]: compile_file: /apex/com.android.media/etc/seccomp_policy/crash_dump.arm.policy(29): syscall madvise redefined here
06-04 15:04:40.017 351 351 W mediaextractor: libminijail[351]: compile_file: (31): previous definition here
06-04 15:04:40.017 351 351 W mediaextractor: libminijail[351]: compile_file: /apex/com.android.media/etc/seccomp_policy/crash_dump.arm.policy(30): syscall mprotect redefined here
06-04 15:04:40.017 351 351 W mediaextractor: libminijail[351]: compile_file: (12): previous definition here
06-04 15:04:40.017 351 351 W mediaextractor: libminijail[351]: compile_file: /apex/com.android.media/etc/seccomp_policy/crash_dump.arm.policy(31): syscall munmap redefined here
06-04 15:04:40.017 351 351 W mediaextractor: libminijail[351]: compile_file: (10): previous definition here
06-04 15:04:40.017 351 351 W mediaextractor: libminijail[351]: compile_file: /apex/com.android.media/etc/seccomp_policy/crash_dump.arm.policy(32): syscall getuid32 redefined here
06-04 15:04:40.017 351 351 W mediaextractor: libminijail[351]: compile_file: (13): previous definition here
06-04 15:04:40.018 351 351 W mediaextractor: libminijail[351]: compile_file: /apex/com.android.media/etc/seccomp_policy/crash_dump.arm.policy(33): syscall fstat64 redefined here
06-04 15:04:40.018 351 351 W mediaextractor: libminijail[351]: compile_file: (25): previous definition here
06-04 15:04:40.018 351 351 W mediaextractor: libminijail[351]: compile_file: /apex/com.android.media/etc/seccomp_policy/crash_dump.arm.policy(34): syscall mmap2 redefined here
06-04 15:04:40.018 351 351 W mediaextractor: libminijail[351]: compile_file: (8): previous definition here
06-04 15:04:40.018 351 351 W mediaextractor: libminijail[351]: compile_file: /apex/com.android.media/etc/seccomp_policy/crash_dump.arm.policy(35): syscall geteuid32 redefined here
06-04 15:04:40.018 351 351 W mediaextractor: libminijail[351]: compile_file: (38): previous definition here
06-04 15:04:40.018 351 351 W mediaextractor: libminijail[351]: compile_file: /apex/com.android.media/etc/seccomp_policy/crash_dump.arm.policy(36): syscall getgid32 redefined here
06-04 15:04:40.018 351 351 W mediaextractor: libminijail[351]: compile_file: (39): previous definition here
06-04 15:04:40.018 351 351 W mediaextractor: libminijail[351]: compile_file: /apex/com.android.media/etc/seccomp_policy/crash_dump.arm.policy(37): syscall getegid32 redefined here
06-04 15:04:40.019 351 351 W mediaextractor: libminijail[351]: compile_file: (40): previous definition here
06-04 15:04:40.019 351 351 W mediaextractor: libminijail[351]: compile_file: /apex/com.android.media/etc/seccomp_policy/crash_dump.arm.policy(38): syscall getgroups32 redefined here
06-04 15:04:40.019 351 351 W mediaextractor: libminijail[351]: compile_file: (41): previous definition here
06-04 15:04:40.020 366 366 I cedarc : : register h264 decoder success!
06-04 15:04:40.021 351 351 W mediaextractor: libminijail[351]: logging seccomp filter failures
06-04 15:04:40.021 366 366 I cedarc : : register mjpeg decoder success!
06-04 15:04:40.021 379 379 I update_engine: [INFO:cleanup_previous_update_action.cc(124)] CleanupPreviousUpdateAction scheduled task ID 1 for WaitBootCompleted
06-04 15:04:40.022 366 366 I cedarc : : register mjpegplus decoder success!
06-04 15:04:40.022 366 366 I cedarc : : register mpeg2 decoder success!
06-04 15:04:40.023 366 366 W cedarc : : Invalid plugin, CedarPluginVDInit not found, lib:libawmpeg4base.so.
06-04 15:04:40.032 366 366 I cedarc : : register mpeg4Normal decoder success!
06-04 15:04:40.033 366 366 I cedarc : : register Mpeg4Vp6 decoder success!
06-04 15:04:40.034 366 366 I cedarc : : register mpeg4dx decoder success!
06-04 15:04:40.035 366 366 I cedarc : : register mpeg4H263 decoder success!
06-04 15:04:40.035 366 366 I cedarc : : register vp8 decoder success!
06-04 15:04:40.045 366 366 I cedarc : : register vc1 decoder success!
06-04 15:04:40.045 374 374 E cutils-trace: Error opening trace file: No such file or directory (2)
06-04 15:04:40.051 374 374 I HidlServiceManagement: Registered android.hardware.radio@1.6::IRadio/slot1
06-04 15:04:40.063 366 366 I SoftOMXPlugin: createOMXPlugin
06-04 15:04:40.063 362 362 E cutils-trace: Error opening trace file: No such file or directory (2)
06-04 15:04:40.064 366 366 D MediaCodecsXmlParser: parsing /vendor/etc/media_codecs.xml...
06-04 15:04:40.065 366 366 D MediaCodecsXmlParser: parsing /vendor/etc/media_codecs_google_audio.xml...
06-04 15:04:40.065 366 366 D MediaCodecsXmlParser: unable to open media codecs configuration xml file: /vendor/etc/media_codecs_google_audio.xml
06-04 15:04:40.068 366 366 D MediaCodecsXmlParser: parsing /vendor/etc/media_codecs_google_video.xml...
06-04 15:04:40.068 366 366 D MediaCodecsXmlParser: unable to open media codecs configuration xml file: /vendor/etc/media_codecs_google_video.xml
06-04 15:04:40.068 366 366 D MediaCodecsXmlParser: parsing /vendor/etc/media_codecs_performance.xml...
06-04 15:04:40.068 374 374 I HidlServiceManagement: Registered android.hardware.radio.config@1.3::IRadioConfig/default
06-04 15:04:40.080 262 262 I EventThread: type=1400 audit(0.0:287): avc: denied { search } for name="extcon" dev="sysfs" ino=18109 scontext=u:r:hal_tv_cec_default:s0 tcontext=u:object_r:sysfs_extcon:s0 tclass=dir permissive=1
06-04 15:04:40.081 366 366 D MediaCodecsXmlParser: MediaCodec: cannot update non-existing codec: OMX.google.h264.encoder at line 25 of /vendor/etc/media_codecs_performance.xml
06-04 15:04:40.082 366 366 D MediaCodecsXmlParser: MediaCodec: cannot update non-existing codec: OMX.google.h263.encoder at line 31 of /vendor/etc/media_codecs_performance.xml
06-04 15:04:40.082 366 366 D MediaCodecsXmlParser: MediaCodec: cannot update non-existing codec: OMX.google.mpeg4.encoder at line 34 of /vendor/etc/media_codecs_performance.xml
06-04 15:04:40.082 366 366 D MediaCodecsXmlParser: MediaCodec: cannot update non-existing codec: OMX.google.vp8.encoder at line 37 of /vendor/etc/media_codecs_performance.xml
06-04 15:04:40.082 366 366 D MediaCodecsXmlParser: MediaCodec: cannot update non-existing codec: OMX.allwinner.video.decoder.h263 at line 59 of /vendor/etc/media_codecs_performance.xml
06-04 15:04:40.082 366 366 D MediaCodecsXmlParser: MediaCodec: cannot update non-existing codec: OMX.google.mpeg4.decoder at line 80 of /vendor/etc/media_codecs_performance.xml
06-04 15:04:40.082 366 366 D MediaCodecsXmlParser: MediaCodec: cannot update non-existing codec: OMX.google.h264.decoder at line 83 of /vendor/etc/media_codecs_performance.xml
06-04 15:04:40.082 366 366 D MediaCodecsXmlParser: MediaCodec: cannot update non-existing codec: OMX.google.h263.decoder at line 89 of /vendor/etc/media_codecs_performance.xml
06-04 15:04:40.082 366 366 D MediaCodecsXmlParser: MediaCodec: cannot update non-existing codec: OMX.google.hevc.decoder at line 93 of /vendor/etc/media_codecs_performance.xml
06-04 15:04:40.082 366 366 D MediaCodecsXmlParser: MediaCodec: cannot update non-existing codec: OMX.google.vp8.decoder at line 101 of /vendor/etc/media_codecs_performance.xml
06-04 15:04:40.082 366 366 D MediaCodecsXmlParser: MediaCodec: cannot update non-existing codec: OMX.google.vp9.decoder at line 107 of /vendor/etc/media_codecs_performance.xml
06-04 15:04:40.083 366 366 I MediaCodecsXmlParser: Did not find media_codecs_shaping.xml in search path
06-04 15:04:40.084 366 366 E cutils-trace: Error opening trace file: No such file or directory (2)
06-04 15:04:40.097 374 374 I HidlServiceManagement: Registered android.hardware.radio@1.2::ISap/slot1
06-04 15:04:40.101 362 362 W storaged: health: invalid battery status
06-04 15:04:40.105 244 398 W zygote : Verification of android.app.appsearch.AppSearchBatchResult$Builder android.app.appsearch.AppSearchBatchResult$Builder.setResult(java.lang.Object, android.app.appsearch.AppSearchResult) took 212.941ms (216.02 bytecodes/s) (1176B approximate peak alloc)
06-04 15:04:40.114 366 366 I HidlServiceManagement: Registered android.hardware.media.omx@1.0::IOmx/default
06-04 15:04:40.114 366 366 I HidlServiceManagement: Removing namespace from process name android.hardware.media.omx@1.0-service to omx@1.0-service.
06-04 15:04:40.115 366 366 I android.hardware.media.omx@1.0-service: IOmx HAL service created.
06-04 15:04:40.116 366 366 I OmxStore: omx common prefix: 'OMX.'
06-04 15:04:40.116 366 366 D MediaCodecsXmlParser: parsing /vendor/etc/media_codecs.xml...
06-04 15:04:40.117 366 366 D MediaCodecsXmlParser: parsing /vendor/etc/media_codecs_google_audio.xml...
06-04 15:04:40.117 366 366 D MediaCodecsXmlParser: unable to open media codecs configuration xml file: /vendor/etc/media_codecs_google_audio.xml
06-04 15:04:40.119 366 366 D MediaCodecsXmlParser: parsing /vendor/etc/media_codecs_google_video.xml...
06-04 15:04:40.120 366 366 D MediaCodecsXmlParser: unable to open media codecs configuration xml file: /vendor/etc/media_codecs_google_video.xml
06-04 15:04:40.120 362 362 I ServiceManager: Waiting for service 'package_native' on '/dev/binder'...
06-04 15:04:40.128 366 366 D MediaCodecsXmlParser: parsing /vendor/etc/media_codecs_performance.xml...
06-04 15:04:40.129 366 366 D MediaCodecsXmlParser: MediaCodec: cannot update non-existing codec: OMX.google.h264.encoder at line 25 of /vendor/etc/media_codecs_performance.xml
06-04 15:04:40.129 366 366 D MediaCodecsXmlParser: MediaCodec: cannot update non-existing codec: OMX.google.h263.encoder at line 31 of /vendor/etc/media_codecs_performance.xml
06-04 15:04:40.129 366 366 D MediaCodecsXmlParser: MediaCodec: cannot update non-existing codec: OMX.google.mpeg4.encoder at line 34 of /vendor/etc/media_codecs_performance.xml
06-04 15:04:40.129 366 366 D MediaCodecsXmlParser: MediaCodec: cannot update non-existing codec: OMX.google.vp8.encoder at line 37 of /vendor/etc/media_codecs_performance.xml
06-04 15:04:40.129 366 366 D MediaCodecsXmlParser: MediaCodec: cannot update non-existing codec: OMX.allwinner.video.decoder.h263 at line 59 of /vendor/etc/media_codecs_performance.xml
06-04 15:04:40.129 366 366 D MediaCodecsXmlParser: MediaCodec: cannot update non-existing codec: OMX.google.mpeg4.decoder at line 80 of /vendor/etc/media_codecs_performance.xml
06-04 15:04:40.130 366 366 D MediaCodecsXmlParser: MediaCodec: cannot update non-existing codec: OMX.google.h264.decoder at line 83 of /vendor/etc/media_codecs_performance.xml
06-04 15:04:40.130 366 366 D MediaCodecsXmlParser: MediaCodec: cannot update non-existing codec: OMX.google.h263.decoder at line 89 of /vendor/etc/media_codecs_performance.xml
06-04 15:04:40.130 366 366 D MediaCodecsXmlParser: MediaCodec: cannot update non-existing codec: OMX.google.hevc.decoder at line 93 of /vendor/etc/media_codecs_performance.xml
06-04 15:04:40.130 366 366 D MediaCodecsXmlParser: MediaCodec: cannot update non-existing codec: OMX.google.vp8.decoder at line 101 of /vendor/etc/media_codecs_performance.xml
06-04 15:04:40.130 366 366 D MediaCodecsXmlParser: MediaCodec: cannot update non-existing codec: OMX.google.vp9.decoder at line 107 of /vendor/etc/media_codecs_performance.xml
06-04 15:04:40.130 366 366 I MediaCodecsXmlParser: Did not find media_codecs_shaping.xml in search path
06-04 15:04:40.130 366 366 E MediaCodecsXmlParser: Cannot find the role for a decoder of type video/divx
06-04 15:04:40.130 366 366 E MediaCodecsXmlParser: Cannot find the role for a decoder of type video/jpeg
06-04 15:04:40.130 366 366 E MediaCodecsXmlParser: Cannot find the role for a decoder of type video/mpeg1
06-04 15:04:40.130 366 366 E MediaCodecsXmlParser: Cannot find the role for a decoder of type video/x-ms-mpeg4v1
06-04 15:04:40.130 366 366 E MediaCodecsXmlParser: Cannot find the role for a decoder of type video/x-ms-mpeg4v2
06-04 15:04:40.130 366 366 E MediaCodecsXmlParser: Cannot find the role for a decoder of type video/rvg2
06-04 15:04:40.130 366 366 E MediaCodecsXmlParser: Cannot find the role for a decoder of type video/flv1
06-04 15:04:40.130 366 366 E MediaCodecsXmlParser: Cannot find the role for a decoder of type video/wvc1
06-04 15:04:40.130 366 366 E MediaCodecsXmlParser: Cannot find the role for a decoder of type video/x-vnd.on2.vp6
06-04 15:04:40.130 366 366 E MediaCodecsXmlParser: Cannot find the role for a decoder of type video/wmv1
06-04 15:04:40.130 366 366 E MediaCodecsXmlParser: Cannot find the role for a decoder of type video/wmv2
06-04 15:04:40.130 366 366 E MediaCodecsXmlParser: Cannot find the role for a decoder of type video/xvid
06-04 15:04:40.137 366 366 I HidlServiceManagement: Registered android.hardware.media.omx@1.0::IOmxStore/default
06-04 15:04:40.137 366 366 I HidlServiceManagement: Removing namespace from process name android.hardware.media.omx@1.0-service to omx@1.0-service.
06-04 15:04:40.175 352 352 V MediaUtils: physMem: 2055442432
06-04 15:04:40.180 346 346 D gpioservice: main gpio service is running.
06-04 15:04:40.181 346 346 I gpioservice: ServiceManager: 0xf786fcc0
06-04 15:04:40.181 346 346 D GpioService: GpioService created
06-04 15:04:40.182 181 181 E SELinux : avc: denied { add } for pid=346 uid=0 name=softwinner.gpio scontext=u:r:gpioservice:s0 tcontext=u:object_r:default_android_service:s0 tclass=service_manager permissive=1
06-04 15:04:40.185 355 355 D multiir : multi_ir open uinput dev
06-04 15:04:40.187 351 351 I MediaExtractorFactory: plugin directory not present (/system/lib/extractors)
06-04 15:04:40.187 351 351 I MediaExtractorFactory: plugin directory not present (/system_ext/lib/extractors)
06-04 15:04:40.188 316 321 D XM_HIDREAD: add@ add@/devices/virtual/input/input1
06-04 15:04:40.189 345 345 I cameraserver: ServiceManager: 0xf6071960
06-04 15:04:40.190 345 345 I CameraService: CameraService started (pid=345)
06-04 15:04:40.190 345 345 I CameraService: CameraService process starting
06-04 15:04:40.191 345 345 W BatteryNotifier: batterystats service unavailable!
06-04 15:04:40.191 345 345 W BatteryNotifier: batterystats service unavailable!
06-04 15:04:40.192 345 345 E cutils-trace: Error opening trace file: No such file or directory (2)
06-04 15:04:40.195 355 355 I input : sunxi-ir-uinput as /devices/virtual/input/input1
06-04 15:04:40.192 324 324 I xiriservice_All: type=1400 audit(0.0:288): avc: denied { read } for scontext=u:r:init:s0 tcontext=u:r:init:s0 tclass=netlink_kobject_uevent_socket permissive=1
06-04 15:04:40.192 316 321 D XM_HIDREAD: add@ add@/devices/virtual/input/input1/event1
06-04 15:04:40.196 345 345 I CameraProviderManager: Connecting to new camera provider: external/0, isRemote? 1
06-04 15:04:40.197 355 355 D multiir : uinputfd=4
06-04 15:04:40.198 345 345 I CameraProviderManager: Camera provider external/0 ready with 0 camera devices
06-04 15:04:40.199 345 430 W CameraProviderManager: addProviderLocked: Camera provider HAL with name 'external/0' already registered
06-04 15:04:40.199 352 352 V MediaUtils: requested limit: 134217728
06-04 15:04:40.199 345 345 I cameraserver: Waiting for activity service
06-04 15:04:40.203 352 352 I libc : malloc_limit: Allocation limit enabled, max size 134217728 bytes
06-04 15:04:40.204 352 352 D AudioPowerUsage: AudioPowerUsage
06-04 15:04:40.204 352 352 D AudioAnalytics: AudioAnalytics
06-04 15:04:40.205 352 352 D MediaMetricsService: MediaMetricsService
06-04 15:04:40.206 244 244 D Zygote : VMRuntime.setVerifierEnabled(false)
06-04 15:04:40.237 355 355 D multiir : uevent listen start
06-04 15:04:40.264 363 363 D systemmixservice: main SystemMix service is running.
06-04 15:04:40.266 363 363 I systemmixservice: ServiceManager: 0xe9ba7cb0
06-04 15:04:40.266 363 363 D SystemMixService: SystemMixService created
06-04 15:04:40.267 181 181 E SELinux : avc: denied { add } for pid=363 uid=0 name=softwinner.systemmix scontext=u:r:systemmix:s0 tcontext=u:object_r:default_android_service:s0 tclass=service_manager permissive=1
06-04 15:04:40.302 273 273 I ServiceManager: Waiting for service 'media.metrics' on '/dev/binder' successful after waiting 1148ms
06-04 15:04:40.302 273 273 I AudioFlinger: Using default 3000 mSec as standby time.
06-04 15:04:40.304 352 435 I ServiceManager: Waiting for service 'package_native' on '/dev/binder'...
06-04 15:04:40.304 355 355 D multiir : find target device, path=/dev/input/event0
06-04 15:04:40.305 355 440 D multiir : MultiirService create
06-04 15:04:40.307 181 181 E SELinux : avc: denied { add } for pid=355 uid=0 name=softwinner.multi_ir scontext=u:r:multi_ir:s0 tcontext=u:object_r:default_android_service:s0 tclass=service_manager permissive=1
06-04 15:04:40.344 273 273 E APM::HwModule: refreshSupportedDevices: invalid source devices for primary input
06-04 15:04:40.344 273 273 E APM::HwModule: refreshSupportedDevices: invalid source devices for fast input
06-04 15:04:40.350 273 273 D APM_EngineLoader: Loaded engine from libaudiopolicyenginedefault.so
06-04 15:04:40.350 273 273 D APM::AudioPolicyEngine/Base: loadAudioPolicyEngineConfig: No configuration found, using default matching phone experience.
06-04 15:04:40.368 273 273 W APM::AudioPolicyEngine/Base: loadAudioPolicyEngineConfig: No configuration of AUDIO_STREAM_ASSISTANT found, using default volume configuration
06-04 15:04:40.369 273 273 W APM::AudioPolicyEngine/Base: loadAudioPolicyEngineConfig: No configuration of AUDIO_STREAM_CALL_ASSISTANT found, using default volume configuration
06-04 15:04:40.399 249 249 V audio_hw_primary: init_audio_devices, line: 611
06-04 15:04:40.399 249 249 D audio_hw_primary: read card /sys/class/sound/card0/id
06-04 15:04:40.399 249 249 D audio_hw_primary: /sys/class/sound/card0/id, audiocodec, len: 11
06-04 15:04:40.399 249 249 D audio_hw_primary: linux name = audiocodec, android name = AUDIO_CODEC
06-04 15:04:40.399 249 249 D audio_hw_primary: find name map, card_id = audiocodec, card_name = AUDIO_CODEC
06-04 15:04:40.400 249 249 V audio_hw_primary: card: 0, name: AUDIO_CODEC, capture: 0, playback: 1
06-04 15:04:40.400 249 249 D audio_hw_primary: read card /sys/class/sound/card1/id
06-04 15:04:40.400 249 249 D audio_hw_primary: /sys/class/sound/card1/id, sndspdif, len: 9
06-04 15:04:40.400 249 249 D audio_hw_primary: linux name = sndspdif, android name = AUDIO_SPDIF
06-04 15:04:40.400 249 249 D audio_hw_primary: find name map, card_id = sndspdif, card_name = AUDIO_SPDIF
06-04 15:04:40.400 249 249 V audio_hw_primary: card: 1, name: AUDIO_SPDIF, capture: 1, playback: 1
06-04 15:04:40.401 249 249 D audio_hw_primary: read card /sys/class/sound/card2/id
06-04 15:04:40.401 249 249 D audio_hw_primary: /sys/class/sound/card2/id, ahubdam, len: 8
06-04 15:04:40.401 249 249 D audio_hw_primary: linux name = ahubdam, android name = AUDIO_DAM
06-04 15:04:40.401 249 249 D audio_hw_primary: find name map, card_id = ahubdam, card_name = AUDIO_DAM
06-04 15:04:40.402 249 249 V audio_hw_primary: card: 2, name: AUDIO_DAM, capture: 0, playback: 0
06-04 15:04:40.402 249 249 D audio_hw_primary: read card /sys/class/sound/card3/id
06-04 15:04:40.402 249 249 D audio_hw_primary: /sys/class/sound/card3/id, ahubhdmi, len: 9
06-04 15:04:40.402 249 249 D audio_hw_primary: linux name = ahubhdmi, android name = AUDIO_HDMI
06-04 15:04:40.402 249 249 D audio_hw_primary: find name map, card_id = ahubhdmi, card_name = AUDIO_HDMI
06-04 15:04:40.402 249 249 V audio_hw_primary: card: 3, name: AUDIO_HDMI, capture: 1, playback: 1
06-04 15:04:40.402 249 249 D audio_hw_primary: read card /sys/class/sound/card4/id
06-04 15:04:40.402 249 249 D audio_hw_primary: /sys/class/sound/card4/id, ahubi2s2, len: 9
06-04 15:04:40.402 249 249 D audio_hw_primary: linux name = ahubi2s2, android name = AUDIO_I2S2
06-04 15:04:40.403 249 249 D audio_hw_primary: find name map, card_id = ahubi2s2, card_name = AUDIO_I2S2
06-04 15:04:40.403 249 249 V audio_hw_primary: card: 4, name: AUDIO_I2S2, capture: 1, playback: 1
06-04 15:04:40.403 249 249 D audio_hw_primary: getCardNumbyName: name = AUDIO_CODEC , card = 0
06-04 15:04:40.403 249 249 D audio_hw_primary: getCardNumbyName: name = AUDIO_DAM , card = 2
06-04 15:04:40.403 249 249 D audio_hw_primary: getCardNumbyName: name = AUDIO_HDMI , card = 3
06-04 15:04:40.403 249 249 D audio_hw_primary: getCardNumbyName: name = AUDIO_I2S2 , card = 4
06-04 15:04:40.403 249 249 D audio_hw_primary: getCardNumbyName: name = AUDIO_SPDIF , card = 1
06-04 15:04:40.403 249 249 E audio_hw_primary: AUDIO_BT card does not exist
06-04 15:04:40.403 249 249 E audio_hw_primary: AUDIO_MIX card does not exist
06-04 15:04:40.403 249 249 V audio_hw_primary: init_audio_devices_active, line: 635
06-04 15:04:40.403 249 249 V audio_hw_primary: init_audio_devices_active: get property persist.vendor.audio.input.active: AUDIO_CODEC
06-04 15:04:40.404 1 1 I /system/bin/init: type=1107 audit(0.0:289): uid=0 auid=4294967295 ses=4294967295 subj=u:r:init:s0 msg='avc: denied { set } for property=persist.vendor.audio.input.active pid=249 uid=1041 gid=1005 scontext=u:r:hal_audio_default:s0 tcontext=u:object_r:vendor_default_prop:s0 tclass=property_service permissive=1'
06-04 15:04:40.414 249 249 V audio_hw_primary: set property persist.vendor.audio.input.active: AUDIO_CODEC ok
06-04 15:04:40.414 249 249 V audio_hw_primary: init_audio_devices_active: get property persist.vendor.audio.output.active: AUDIO_HDMI
06-04 15:04:40.421 249 249 V audio_hw_primary: set property persist.vendor.audio.output.active: AUDIO_HDMI ok
06-04 15:04:40.422 249 249 V audio_hw_primary: AUDIO_HDMI output device will be active
06-04 15:04:40.422 249 249 D audio_hw_primary: XX 2 0 2 0
06-04 15:04:40.425 249 249 W audio_route: Control 'External Speaker Switch' doesn't exist - skipping
06-04 15:04:40.425 249 249 W audio_route: Control 'Headphone Switch' doesn't exist - skipping
06-04 15:04:40.425 249 249 W audio_route: Control 'Earpiece Switch' doesn't exist - skipping
06-04 15:04:40.425 249 249 W audio_route: Control 'AIF1IN0R Mux' doesn't exist - skipping
06-04 15:04:40.426 249 249 W audio_route: Control 'AIF1IN0L Mux' doesn't exist - skipping
06-04 15:04:40.426 249 249 W audio_route: Control 'DACR Mixer AIF1DA0R Switch' doesn't exist - skipping
06-04 15:04:40.426 249 249 W audio_route: Control 'DACL Mixer AIF1DA0L Switch' doesn't exist - skipping
06-04 15:04:40.426 249 249 W audio_route: Control 'AIF1OUT0L Mux' doesn't exist - skipping
06-04 15:04:40.426 249 249 W audio_route: Control 'AIF1OUT0R Mux' doesn't exist - skipping
06-04 15:04:40.426 249 249 W audio_route: Control 'AIF1 AD0L Mixer ADCL Switch' doesn't exist - skipping
06-04 15:04:40.426 249 249 W audio_route: Control 'AIF1 AD0R Mixer ADCR Switch' doesn't exist - skipping
06-04 15:04:40.426 249 249 W audio_route: Control 'ADCR Mux' doesn't exist - skipping
06-04 15:04:40.426 249 249 W audio_route: Control 'ADCL Mux' doesn't exist - skipping
06-04 15:04:40.426 249 249 W audio_route: Control 'HP_R Mux' doesn't exist - skipping
06-04 15:04:40.426 249 249 W audio_route: Control 'HP_L Mux' doesn't exist - skipping
06-04 15:04:40.426 249 249 W audio_route: Control 'HP_R Mux' doesn't exist - skipping
06-04 15:04:40.426 249 249 W audio_route: Control 'HP_L Mux' doesn't exist - skipping
06-04 15:04:40.426 249 249 W audio_route: Control 'Right Output Mixer DACR Switch' doesn't exist - skipping
06-04 15:04:40.426 249 249 W audio_route: Control 'Left Output Mixer DACL Switch' doesn't exist - skipping
06-04 15:04:40.426 249 249 W audio_route: Control 'SPK_L Mux' doesn't exist - skipping
06-04 15:04:40.426 249 249 W audio_route: Control 'SPK_R Mux' doesn't exist - skipping
06-04 15:04:40.426 249 249 W audio_route: Control 'External Speaker Switch' doesn't exist - skipping
06-04 15:04:40.426 249 249 W audio_route: Control 'Headphone Switch' doesn't exist - skipping
06-04 15:04:40.426 249 249 W audio_route: Control 'AIF1IN0R Mux' doesn't exist - skipping
06-04 15:04:40.426 249 249 W audio_route: Control 'AIF1IN0L Mux' doesn't exist - skipping
06-04 15:04:40.426 249 249 W audio_route: Control 'DACR Mixer AIF1DA0R Switch' doesn't exist - skipping
06-04 15:04:40.426 249 249 W audio_route: Control 'DACL Mixer AIF1DA0L Switch' doesn't exist - skipping
06-04 15:04:40.426 249 249 W audio_route: Control 'Left Output Mixer DACR Switch' doesn't exist - skipping
06-04 15:04:40.426 249 249 W audio_route: Control 'Left Output Mixer DACL Switch' doesn't exist - skipping
06-04 15:04:40.426 249 249 W audio_route: Control 'SPK_L Mux' doesn't exist - skipping
06-04 15:04:40.426 249 249 W audio_route: Control 'External Speaker Switch' doesn't exist - skipping
06-04 15:04:40.426 249 249 W audio_route: unknown enum value string 0 for ctl LINEOUTL src LR
06-04 15:04:40.426 249 249 W audio_route: unknown enum value string 0 for ctl LINEOUTR src LR
06-04 15:04:40.427 249 249 W audio_route: Control 'DACR Mixer AIF1DA0R Switch' doesn't exist - skipping
06-04 15:04:40.427 249 249 W audio_route: Control 'DACL Mixer AIF1DA0L Switch' doesn't exist - skipping
06-04 15:04:40.427 249 249 W audio_route: Control 'AIF1 AD0L Mixer ADCL Switch' doesn't exist - skipping
06-04 15:04:40.427 249 249 W audio_route: Control 'AIF1 AD0R Mixer ADCR Switch' doesn't exist - skipping
06-04 15:04:40.427 249 249 W audio_route: Control 'Left Output Mixer DACL Switch' doesn't exist - skipping
06-04 15:04:40.427 249 249 W audio_route: Control 'Left Output Mixer DACR Switch' doesn't exist - skipping
06-04 15:04:40.427 249 249 W audio_route: Control 'Right Output Mixer DACL Switch' doesn't exist - skipping
06-04 15:04:40.427 249 249 W audio_route: Control 'Right Output Mixer DACR Switch' doesn't exist - skipping
06-04 15:04:40.427 249 249 W audio_route: Control 'Headphone Switch' doesn't exist - skipping
06-04 15:04:40.427 249 249 W audio_route: Control 'External Speaker Switch' doesn't exist - skipping
06-04 15:04:40.427 249 249 W audio_route: Control 'AIF1OUT0R Mux' doesn't exist - skipping
06-04 15:04:40.427 249 249 W audio_route: Control 'AIF1OUT0L Mux' doesn't exist - skipping
06-04 15:04:40.427 249 249 W audio_route: Control 'AIF1 AD0R Mixer ADCR Switch' doesn't exist - skipping
06-04 15:04:40.427 249 249 W audio_route: Control 'AIF1 AD0L Mixer ADCL Switch' doesn't exist - skipping
06-04 15:04:40.427 249 249 W audio_route: Control 'ADCR Mux' doesn't exist - skipping
06-04 15:04:40.427 249 249 W audio_route: Control 'ADCL Mux' doesn't exist - skipping
06-04 15:04:40.427 249 249 W audio_route: Control 'LADC input Mixer MIC1 boost Switch' doesn't exist - skipping
06-04 15:04:40.427 249 249 W audio_route: Control 'RADC input Mixer MIC1 boost Switch' doesn't exist - skipping
06-04 15:04:40.427 249 249 W audio_route: Control 'AIF1OUT0R Mux' doesn't exist - skipping
06-04 15:04:40.427 249 249 W audio_route: Control 'AIF1OUT0L Mux' doesn't exist - skipping
06-04 15:04:40.427 249 249 W audio_route: Control 'AIF1 AD0R Mixer ADCR Switch' doesn't exist - skipping
06-04 15:04:40.427 249 249 W audio_route: Control 'AIF1 AD0L Mixer ADCL Switch' doesn't exist - skipping
06-04 15:04:40.427 249 249 W audio_route: Control 'ADCR Mux' doesn't exist - skipping
06-04 15:04:40.427 249 249 W audio_route: Control 'ADCL Mux' doesn't exist - skipping
06-04 15:04:40.428 249 249 W audio_route: Control 'MIC2 SRC' doesn't exist - skipping
06-04 15:04:40.428 249 249 W audio_route: Control 'LADC input Mixer MIC2 boost Switch' doesn't exist - skipping
06-04 15:04:40.428 249 249 W audio_route: Control 'RADC input Mixer MIC2 boost Switch' doesn't exist - skipping
06-04 15:04:40.428 249 249 W audio_route: Control 'ADCL Mux' doesn't exist - skipping
06-04 15:04:40.428 249 249 W audio_route: Control 'ADCR Mux' doesn't exist - skipping
06-04 15:04:40.428 249 249 W audio_route: Control 'AIF1 AD0L Mixer ADCL Switch' doesn't exist - skipping
06-04 15:04:40.428 249 249 W audio_route: Control 'AIF1 AD0R Mixer ADCR Switch' doesn't exist - skipping
06-04 15:04:40.428 249 249 W audio_route: Control 'AIF1OUT0L Mux' doesn't exist - skipping
06-04 15:04:40.428 249 249 W audio_route: Control 'AIF1OUT0R Mux' doesn't exist - skipping
06-04 15:04:40.428 249 249 W audio_route: Control 'AIF2 ADC volume' doesn't exist - skipping
