06-04 15:05:32.836 654 654 E WifiHAL : wifi_get_link_stats: requestResponse Error:-5
06-04 15:05:32.840 476 608 E WifiVendorHal: getWifiLinkLayerStats_1_5_Internal(l.1191) failed {.code = ERROR_INVALID_ARGS, .description = }
06-04 15:05:32.874 250 975 E bt_upio : upio_set : /proc/bluetooth/sleep/btwrite(-1) incorrent
06-04 15:05:33.004 1021 1021 E dangbei111: cccccc 检查遥控器是否连接: Dangbei E4:BB:D3:57:C0:7D
06-04 15:05:33.005 1021 1021 E dangbei111: cccccc 检查遥控器是否连接: 蓝牙的结果 Dangbei E4:BB:D3:57:C0:7D false
06-04 15:05:33.005 1021 1021 E dangbei111: cccccc input中没有遥控器存在
06-04 15:05:33.005 1021 1021 E dangbei111: cccccc 蓝牙状态连接 不是连接状态 啥都不干
06-04 15:05:33.006 1021 1021 E dangbei111: cccccc 开始扫描
06-04 15:05:33.006 1021 1021 D BluetoothAdapter: isLeEnabled(): ON
06-04 15:05:33.007 1021 1021 E dangbei111: cccccc scan 得到的设备和状态 Dangbei E4:BB:D3:57:C0:7D 12
06-04 15:05:33.009 1021 1021 E dangbei111: cccccc 搜索到bond 确实含有 不在尝试连接 只做检查 Dangbei E4:BB:D3:57:C0:7D
06-04 15:05:33.009 1021 1021 E dangbei111 : cccccc 开启检查任务
06-04 15:05:33.011 1021 1021 E dangbei111: cccccc 搜索到bond Dangbei E4:BB:D3:57:C0:7D
06-04 15:05:33.020 476 520 W IorapForwardingService: No service published for: iorapd
06-04 15:05:33.498 1021 2574 E dangbei111: cccccc 检查遥控器是否连接: Dangbei E4:BB:D3:57:C0:7D
06-04 15:05:33.501 1021 2574 E dangbei111: cccccc 检查遥控器是否连接: 蓝牙的结果 Dangbei E4:BB:D3:57:C0:7D false
06-04 15:05:33.501 1021 2574 E dangbei111: cccccc input中没有遥控器存在
06-04 15:05:33.501 1021 2574 E dangbei111: cccccc 蓝牙状态连接 不是连接状态 啥都不干
06-04 15:05:33.502 1021 2574 E dangbei111: cccccc 开始扫描
06-04 15:05:33.502 1021 2574 D BluetoothAdapter: isLeEnabled(): ON
06-04 15:05:33.862 666 978 I bluetooth: system/bt/stack/gatt/connection_manager.cc:185 on_connection_complete: Le connection completed to device:e4:bb:d3:57:c0:7d
06-04 15:05:33.862 250 250 E bt_upio : upio_set : /proc/bluetooth/sleep/btwrite(-1) incorrent
06-04 15:05:33.862 666 978 I bt_btm_ble: system/bt/stack/btm/btm_ble.cc:1699 btm_ble_connected: Updating device record timestamp for existing ble connection
06-04 15:05:33.863 666 978 I bt_stack: [INFO:btsnoop.cc(338)] clear_l2cap_allowlist: Clearing acceptlist from l2cap channel. conn_handle=16 cid=4:4
06-04 15:05:33.864 666 978 W bt_btm_sec: system/bt/stack/btm/btm_sec.cc:3683 btm_sec_disconnected: Got uncommon disconnection reason:Connection Failed Establishment handle:0x0010
06-04 15:05:34.023 476 520 W IorapForwardingService: No service published for: iorapd
06-04 15:05:34.872 386 386 W hdr10p_Configure: 209 callbacks suppressed
06-04 15:05:34.872 386 386 I : DVI mode selected: packets not configured
06-04 15:05:34.872 386 386 W set_vsif_config: 209 callbacks suppressed
06-04 15:05:34.872 386 386 I : Error: set vsif failed
06-04 15:05:34.872 386 386 I : DVI mode selected: packets not configured
06-04 15:05:34.872 386 386 I : Error: set vsif failed
06-04 15:05:34.872 386 386 I : DVI mode selected: packets not configured
06-04 15:05:34.872 386 386 I : Error: set vsif failed
06-04 15:05:34.907 386 386 I : DVI mode selected: packets not configured
06-04 15:05:34.907 386 386 I : Error: set vsif failed
06-04 15:05:34.907 386 386 I : DVI mode selected: packets not configured
06-04 15:05:34.907 386 386 I : Error: set vsif failed
06-04 15:05:34.907 386 386 I : DVI mode selected: packets not configured
06-04 15:05:34.907 386 386 I : Error: set vsif failed
06-04 15:05:34.922 386 386 I : DVI mode selected: packets not configured
06-04 15:05:34.922 386 386 I : Error: set vsif failed
06-04 15:05:34.922 386 386 I : DVI mode selected: packets not configured
06-04 15:05:34.922 386 386 I : Error: set vsif failed
06-04 15:05:34.922 386 386 I : DVI mode selected: packets not configured
06-04 15:05:34.922 386 386 I : Error: set vsif failed
06-04 15:05:34.939 386 386 I : DVI mode selected: packets not configured
06-04 15:05:34.939 386 386 I : Error: set vsif failed
06-04 15:05:34.941 666 978 I bluetooth: system/bt/stack/gatt/connection_manager.cc:185 on_connection_complete: Le connection completed to device:e4:bb:d3:57:c0:7d
06-04 15:05:34.941 666 978 I bt_btm_ble: system/bt/stack/btm/btm_ble.cc:1699 btm_ble_connected: Updating device record timestamp for existing ble connection
06-04 15:05:34.942 666 978 I bt_stack: [INFO:btsnoop.cc(338)] clear_l2cap_allowlist: Clearing acceptlist from l2cap channel. conn_handle=16 cid=4:4
06-04 15:05:34.943 666 978 W bt_btm_sec: system/bt/stack/btm/btm_sec.cc:3683 btm_sec_disconnected: Got uncommon disconnection reason:Connection Failed Establishment handle:0x0010
06-04 15:05:34.963 2355 2421 D nStackXCoAP: IsInSameNetwork:[276] :IsInSameNetwork exec
06-04 15:05:34.963 2355 2421 I nStackXDFinder: GetLocalInterfaceDetail:[461] :GetLocalInterfaceDetail in
06-04 15:05:34.963 2355 2421 E nStackXCoAP: IsInSameNetwork:[281] :IsInSameNetwork: not priority process
06-04 15:05:34.963 2355 2421 D nStackXCoAP: ParseServiceDiscover:[330] :new device join
06-04 15:05:34.963 2355 2421 E nStackXDFinder: GetLocalIp:[401] :GetLocalIp exec
06-04 15:05:34.970 1080 2469 I OpenGLRenderer: Davey! duration=9223371973985ms; Flags=0, FrameTimelineVsyncId=2381, IntendedVsync=62854236128, Vsync=62854236128, InputEventId=0, HandleInputStart=62859690988, AnimationStart=62859696571, PerformTraversalsStart=62859981029, DrawStart=62861275029, FrameDeadline=62887569460, FrameInterval=62859677279, FrameStartTime=16666666, SyncQueued=62861945779, SyncStart=62877057404, IssueDrawCommandsStart=62877991904, SwapBuffers=62893884321, FrameCompleted=9223372036854775807, DequeueBufferDuration=42583, QueueBufferDuration=2194041, GpuCompleted=9223372036854775807, SwapBuffersCompleted=62897935321, DisplayPresentTime=0,
06-04 15:05:34.985 1080 1109 I OpenGLRenderer: Davey! duration=9223371973964ms; Flags=0, FrameTimelineVsyncId=2383, IntendedVsync=62870905486, Vsync=62870905486, InputEventId=0, HandleInputStart=62878498446, AnimationStart=62878503154, PerformTraversalsStart=62878946529, DrawStart=62879166154, FrameDeadline=62904238818, FrameInterval=62878490279, FrameStartTime=16666666, SyncQueued=62879255654, SyncStart=62898536946, IssueDrawCommandsStart=62900320821, SwapBuffers=62911795904, FrameCompleted=9223372036854775807, DequeueBufferDuration=98167, QueueBufferDuration=2001166, GpuCompleted=9223372036854775807, SwapBuffersCompleted=62915367696, DisplayPresentTime=0,
06-04 15:05:35.000 1080 1109 I OpenGLRenderer: Davey! duration=9223371973953ms; Flags=0, FrameTimelineVsyncId=2385, IntendedVsync=62887572490, Vsync=62887572490, InputEventId=0, HandleInputStart=62901056196, AnimationStart=62901061821, PerformTraversalsStart=62901554821, DrawStart=62901877696, FrameDeadline=62920905822, FrameInterval=62901042446, FrameStartTime=16666666, SyncQueued=62902027196, SyncStart=62915694738, IssueDrawCommandsStart=62916832404, SwapBuffers=62923504571, FrameCompleted=9223372036854775807, DequeueBufferDuration=45292, QueueBufferDuration=5203791, GpuCompleted=9223372036854775807, SwapBuffersCompleted=62930546071, DisplayPresentTime=0,
06-04 15:05:35.024 476 520 W IorapForwardingService: No service published for: iorapd
06-04 15:05:35.037 2355 2421 D nStackXCoAP: CoapMessageHandler:[133] :2.01
06-04 15:05:35.077 2355 2421 D nStackXCoAP: IsInSameNetwork:[276] :IsInSameNetwork exec
06-04 15:05:35.077 2355 2421 I nStackXDFinder: GetLocalInterfaceDetail:[461] :GetLocalInterfaceDetail in
06-04 15:05:35.077 2355 2421 E nStackXCoAP: IsInSameNetwork:[281] :IsInSameNetwork: not priority process
06-04 15:05:35.077 2355 2421 D nStackXCoAP: ParseServiceDiscover:[330] :new device join
06-04 15:05:35.077 2355 2421 E nStackXDFinder: GetLocalIp:[401] :GetLocalIp exec
06-04 15:05:35.100 2355 2421 D nStackXCoAP: CoapMessageHandler:[133] :2.01
06-04 15:05:35.335 403 2581 I adbd : host-13: read thread spawning
06-04 15:05:35.336 403 2582 I adbd : host-13: write thread spawning
06-04 15:05:35.337 403 403 I adbd : host-13: already offline
06-04 15:05:35.338 403 403 I adbd : Calling send_auth_request...
06-04 15:05:35.365 403 403 I adbd : adbd_auth: loading keys from /data/misc/adb/adb_keys
06-04 15:05:35.368 403 403 I adbd : adb client authorized
06-04 15:05:35.374 2355 2421 D nStackXCoAP: IsInSameNetwork:[276] :IsInSameNetwork exec
06-04 15:05:35.374 2355 2421 I nStackXDFinder: GetLocalInterfaceDetail:[461] :GetLocalInterfaceDetail in
06-04 15:05:35.374 2355 2421 E nStackXCoAP: IsInSameNetwork:[281] :IsInSameNetwork: not priority process
06-04 15:05:35.375 2355 2421 D nStackXCoAP: ParseServiceDiscover:[330] :new device join
06-04 15:05:35.375 2355 2421 E nStackXDFinder: GetLocalIp:[401] :GetLocalIp exec
06-04 15:05:35.391 2355 2421 D nStackXCoAP: CoapMessageHandler:[133] :2.01
06-04 15:05:35.605 2355 2421 D nStackXCoAP: IsInSameNetwork:[276] :IsInSameNetwork exec
06-04 15:05:35.605 2355 2421 I nStackXDFinder: GetLocalInterfaceDetail:[461] :GetLocalInterfaceDetail in
06-04 15:05:35.605 2355 2421 E nStackXCoAP: IsInSameNetwork:[281] :IsInSameNetwork: not priority process
06-04 15:05:35.605 2355 2421 D nStackXCoAP: ParseServiceDiscover:[330] :new device join
06-04 15:05:35.605 2355 2421 E nStackXDFinder: GetLocalIp:[401] :GetLocalIp exec
06-04 15:05:35.817 1125 1125 D aaa : LedStatusService onStartCommand begin
06-04 15:05:35.827 1190 1190 D bbb : onStartCommand begin !!!!!!! data分区剩余 24982MB
06-04 15:05:35.834 1125 2592 D aaa : topPkg is -------------- :com.dangbei.haqusetting
06-04 15:05:35.855 654 654 E WifiHAL : wifi_get_link_stats: requestResponse Error:-5
06-04 15:05:35.857 476 608 E WifiVendorHal: getWifiLinkLayerStats_1_5_Internal(l.1191) failed {.code = ERROR_INVALID_ARGS, .description = }
06-04 15:05:36.003 2355 2421 D nStackXCoAP: IsInSameNetwork:[276] :IsInSameNetwork exec
06-04 15:05:36.003 2355 2421 I nStackXDFinder: GetLocalInterfaceDetail:[461] :GetLocalInterfaceDetail in
06-04 15:05:36.003 2355 2421 E nStackXCoAP: IsInSameNetwork:[281] :IsInSameNetwork: not priority process
06-04 15:05:36.003 2355 2421 D nStackXCoAP: ParseServiceDiscover:[330] :new device join
06-04 15:05:36.003 2355 2421 E nStackXDFinder: GetLocalIp:[401] :GetLocalIp exec
06-04 15:05:36.025 476 520 W IorapForwardingService: No service published for: iorapd
06-04 15:05:36.378 2355 2421 D nStackXCoAP: CoapMessageHandler:[133] :2.01
06-04 15:05:36.381 2355 2421 D nStackXCoAP: CoapMessageHandler:[133] :2.01
06-04 15:05:36.511 2355 2421 D nStackXCoAP: IsInSameNetwork:[276] :IsInSameNetwork exec
06-04 15:05:36.511 2355 2421 I nStackXDFinder: GetLocalInterfaceDetail:[461] :GetLocalInterfaceDetail in
06-04 15:05:36.511 2355 2421 E nStackXCoAP: IsInSameNetwork:[281] :IsInSameNetwork: not priority process
06-04 15:05:36.511 2355 2421 D nStackXCoAP: ParseServiceDiscover:[330] :new device join
06-04 15:05:36.511 2355 2421 E nStackXDFinder: GetLocalIp:[401] :GetLocalIp exec
06-04 15:05:36.715 2355 2421 D nStackXCoAP: CoapMessageHandler:[133] :2.01
06-04 15:05:37.009 2355 2421 D nStackXCoAP: IsInSameNetwork:[276] :IsInSameNetwork exec
06-04 15:05:37.009 2355 2421 I nStackXDFinder: GetLocalInterfaceDetail:[461] :GetLocalInterfaceDetail in
06-04 15:05:37.009 2355 2421 E nStackXCoAP: IsInSameNetwork:[281] :IsInSameNetwork: not priority process
06-04 15:05:37.009 2355 2421 D nStackXCoAP: ParseServiceDiscover:[330] :new device join
06-04 15:05:37.009 2355 2421 E nStackXDFinder: GetLocalIp:[401] :GetLocalIp exec
06-04 15:05:37.028 476 520 W IorapForwardingService: No service published for: iorapd
06-04 15:05:37.121 2355 2421 D nStackXCoAP: CoapMessageHandler:[133] :2.01
06-04 15:05:37.558 2355 2421 D nStackXCoAP: IsInSameNetwork:[276] :IsInSameNetwork exec
06-04 15:05:37.558 2355 2421 I nStackXDFinder: GetLocalInterfaceDetail:[461] :GetLocalInterfaceDetail in
06-04 15:05:37.558 2355 2421 E nStackXCoAP: IsInSameNetwork:[281] :IsInSameNetwork: not priority process
06-04 15:05:37.558 2355 2421 D nStackXCoAP: ParseServiceDiscover:[330] :new device join
06-04 15:05:37.558 2355 2421 E nStackXDFinder: GetLocalIp:[401] :GetLocalIp exec
06-04 15:05:37.870 1080 1109 I OpenGLRenderer: Davey! duration=9223371971084ms; Flags=0, FrameTimelineVsyncId=2449, IntendedVsync=65770468102, Vsync=65770468102, InputEventId=0, HandleInputStart=65771192447, AnimationStart=65771199447, PerformTraversalsStart=65771457031, DrawStart=65772447739, FrameDeadline=65787134768, FrameInterval=65771183114, FrameStartTime=16666666, SyncQueued=65773451364, SyncStart=65773692822, IssueDrawCommandsStart=65774557364, SwapBuffers=65781617947, FrameCompleted=9223372036854775807, DequeueBufferDuration=49834, QueueBufferDuration=2697000, GpuCompleted=9223372036854775807, SwapBuffersCompleted=65796996364, DisplayPresentTime=0,
06-04 15:05:37.882 2355 2421 D nStackXCoAP: CoapMessageHandler:[133] :2.01
06-04 15:05:37.888 1080 1109 I OpenGLRenderer: Davey! duration=9223371971060ms; Flags=0, FrameTimelineVsyncId=2450, IntendedVsync=65787134768, Vsync=65787134768, InputEventId=0, HandleInputStart=65788104281, AnimationStart=65788111906, PerformTraversalsStart=65788448656, DrawStart=65789616822, FrameDeadline=65820468100, FrameInterval=65787988364, FrameStartTime=16666666, SyncQueued=65790118531, SyncStart=65797606447, IssueDrawCommandsStart=65799623114, SwapBuffers=65817453989, FrameCompleted=9223372036854775807, DequeueBufferDuration=75584, QueueBufferDuration=1765250, GpuCompleted=9223372036854775807, SwapBuffersCompleted=65820071864, DisplayPresentTime=0,
06-04 15:05:38.016 1021 2579 E dangbei111: cccccc 检查遥控器是否连接: Dangbei E4:BB:D3:57:C0:7D
06-04 15:05:38.019 1021 2579 E dangbei111: cccccc 检查遥控器是否连接: 蓝牙的结果 Dangbei E4:BB:D3:57:C0:7D false
06-04 15:05:38.020 1021 2579 E dangbei111: cccccc input中没有遥控器存在
06-04 15:05:38.020 1021 2579 E dangbei111: cccccc 蓝牙状态连接 不是连接状态 啥都不干
06-04 15:05:38.022 1021 2579 E dangbei111: cccccc 开始扫描
06-04 15:05:38.022 1021 2579 D BluetoothAdapter: isLeEnabled(): ON
06-04 15:05:38.029 476 520 W IorapForwardingService: No service published for: iorapd
06-04 15:05:38.038 2355 2421 D nStackXCoAP: IsInSameNetwork:[276] :IsInSameNetwork exec
06-04 15:05:38.038 2355 2421 I nStackXDFinder: GetLocalInterfaceDetail:[461] :GetLocalInterfaceDetail in
06-04 15:05:38.038 2355 2421 E nStackXCoAP: IsInSameNetwork:[281] :IsInSameNetwork: not priority process
06-04 15:05:38.038 2355 2421 D nStackXCoAP: ParseServiceDiscover:[330] :new device join
06-04 15:05:38.038 2355 2421 E nStackXDFinder: GetLocalIp:[401] :GetLocalIp exec
06-04 15:05:38.556 2355 2421 D nStackXCoAP: IsInSameNetwork:[276] :IsInSameNetwork exec
06-04 15:05:38.556 2355 2421 I nStackXDFinder: GetLocalInterfaceDetail:[461] :GetLocalInterfaceDetail in
06-04 15:05:38.556 2355 2421 E nStackXCoAP: IsInSameNetwork:[281] :IsInSameNetwork: not priority process
06-04 15:05:38.556 2355 2421 D nStackXCoAP: ParseServiceDiscover:[330] :new device join
06-04 15:05:38.556 2355 2421 E nStackXDFinder: GetLocalIp:[401] :GetLocalIp exec
06-04 15:05:38.614 2355 2421 D nStackXCoAP: CoapMessageHandler:[133] :2.01
06-04 15:05:38.708 2355 2421 D nStackXCoAP: CoapMessageHandler:[133] :2.01
06-04 15:05:38.869 654 654 E WifiHAL : wifi_get_link_stats: requestResponse Error:-5
06-04 15:05:38.871 476 608 E WifiVendorHal: getWifiLinkLayerStats_1_5_Internal(l.1191) failed {.code = ERROR_INVALID_ARGS, .description = }
06-04 15:05:39.032 476 520 W IorapForwardingService: No service published for: iorapd
06-04 15:05:39.055 2355 2421 D nStackXCoAP: IsInSameNetwork:[276] :IsInSameNetwork exec
06-04 15:05:39.055 2355 2421 I nStackXDFinder: GetLocalInterfaceDetail:[461] :GetLocalInterfaceDetail in
06-04 15:05:39.055 2355 2421 E nStackXCoAP: IsInSameNetwork:[281] :IsInSameNetwork: not priority process
06-04 15:05:39.055 2355 2421 D nStackXCoAP: ParseServiceDiscover:[330] :new device join
06-04 15:05:39.055 2355 2421 E nStackXDFinder: GetLocalIp:[401] :GetLocalIp exec
06-04 15:05:39.109 2355 2421 D nStackXCoAP: CoapMessageHandler:[133] :2.01
06-04 15:05:39.575 2355 2421 D nStackXCoAP: IsInSameNetwork:[276] :IsInSameNetwork exec
06-04 15:05:39.575 2355 2421 I nStackXDFinder: GetLocalInterfaceDetail:[461] :GetLocalInterfaceDetail in
06-04 15:05:39.575 2355 2421 E nStackXCoAP: IsInSameNetwork:[281] :IsInSameNetwork: not priority process
06-04 15:05:39.575 2355 2421 D nStackXCoAP: ParseServiceDiscover:[330] :new device join
06-04 15:05:39.575 2355 2421 E nStackXDFinder: GetLocalIp:[401] :GetLocalIp exec
06-04 15:05:39.613 2355 2421 D nStackXCoAP: CoapMessageHandler:[133] :2.01
06-04 15:05:39.889 386 386 W hdr10p_Configure: 215 callbacks suppressed
06-04 15:05:39.889 386 386 I : DVI mode selected: packets not configured
06-04 15:05:39.889 386 386 W set_vsif_config: 215 callbacks suppressed
06-04 15:05:39.889 386 386 I : Error: set vsif failed
06-04 15:05:39.889 386 386 I : DVI mode selected: packets not configured
06-04 15:05:39.889 386 386 I : Error: set vsif failed
06-04 15:05:39.889 386 386 I : DVI mode selected: packets not configured
06-04 15:05:39.889 386 386 I : Error: set vsif failed
06-04 15:05:39.905 386 386 I : DVI mode selected: packets not configured
06-04 15:05:39.905 386 386 I : Error: set vsif failed
06-04 15:05:39.906 386 386 I : DVI mode selected: packets not configured
06-04 15:05:39.906 386 386 I : Error: set vsif failed
06-04 15:05:39.906 386 386 I : DVI mode selected: packets not configured
06-04 15:05:39.906 386 386 I : Error: set vsif failed
06-04 15:05:39.923 386 386 I : DVI mode selected: packets not configured
06-04 15:05:39.923 386 386 I : Error: set vsif failed
06-04 15:05:39.923 386 386 I : DVI mode selected: packets not configured
06-04 15:05:39.923 386 386 I : Error: set vsif failed
06-04 15:05:39.923 386 386 I : DVI mode selected: packets not configured
06-04 15:05:39.923 386 386 I : Error: set vsif failed
06-04 15:05:39.938 386 386 I : DVI mode selected: packets not configured
06-04 15:05:39.938 386 386 I : Error: set vsif failed
06-04 15:05:40.033 476 520 W IorapForwardingService: No service published for: iorapd
06-04 15:05:40.902 1080 1780 I OpenGLRenderer: Davey! duration=9223371968051ms; Flags=0, FrameTimelineVsyncId=2591, IntendedVsync=68787128923, Vsync=68787128923, InputEventId=0, HandleInputStart=68788084699, AnimationStart=68788092949, PerformTraversalsStart=68788587782, DrawStart=68789881365, FrameDeadline=68820462255, FrameInterval=68788068449, FrameStartTime=16666666, SyncQueued=68790375240, SyncStart=68806497074, IssueDrawCommandsStart=68808609282, SwapBuffers=68821441782, FrameCompleted=9223372036854775807, DequeueBufferDuration=60083, QueueBufferDuration=2108584, GpuCompleted=9223372036854775807, SwapBuffersCompleted=68825181240, DisplayPresentTime=0,
06-04 15:05:40.920 1080 1780 I OpenGLRenderer: Davey! duration=9223371968036ms; Flags=0, FrameTimelineVsyncId=2592, IntendedVsync=68803795446, Vsync=68803795446, InputEventId=0, HandleInputStart=68809866074, AnimationStart=68809870365, PerformTraversalsStart=68810434157, DrawStart=68811079115, FrameDeadline=68837128778, FrameInterval=68809853199, FrameStartTime=16666666, SyncQueued=68811201657, SyncStart=68825552699, IssueDrawCommandsStart=68827242615, SwapBuffers=68837530199, FrameCompleted=9223372036854775807, DequeueBufferDuration=58208, QueueBufferDuration=1483875, GpuCompleted=9223372036854775807, SwapBuffersCompleted=68840399115, DisplayPresentTime=0,
06-04 15:05:40.935 1080 1780 I OpenGLRenderer: Davey! duration=9223371968021ms; Flags=0, FrameTimelineVsyncId=2594, IntendedVsync=68820461969, Vsync=68820461969, InputEventId=0, HandleInputStart=68827794907, AnimationStart=68827799699, PerformTraversalsStart=68828370615, DrawStart=68828642282, FrameDeadline=68853795301, FrameInterval=68827783907, FrameStartTime=16666666, SyncQueued=68828753699, SyncStart=68842062574, IssueDrawCommandsStart=68843884990, SwapBuffers=68856555699, FrameCompleted=9223372036854775807, DequeueBufferDuration=93833, QueueBufferDuration=1121083, GpuCompleted=9223372036854775807, SwapBuffersCompleted=68859795907, DisplayPresentTime=0,
06-04 15:05:41.036 476 520 W IorapForwardingService: No service published for: iorapd
06-04 15:05:41.608 250 975 E bt_upio : upio_set : /proc/bluetooth/sleep/btwrite(-1) incorrent
06-04 15:05:41.849 2140 2207 D UtilLog : 日志批量上报 进行正常循环 !!!!!!本次有0次请求,共0条数据
06-04 15:05:41.889 654 654 E WifiHAL : wifi_get_link_stats: requestResponse Error:-5
06-04 15:05:41.891 476 608 E WifiVendorHal: getWifiLinkLayerStats_1_5_Internal(l.1191) failed {.code = ERROR_INVALID_ARGS, .description = }
06-04 15:05:42.039 476 520 W IorapForwardingService: No service published for: iorapd
06-04 15:05:43.042 476 520 W IorapForwardingService: No service published for: iorapd
06-04 15:05:43.867 1125 1125 D aaa : LedStatusService onStartCommand begin
06-04 15:05:43.872 1125 2604 D aaa : topPkg is -------------- :com.dangbei.haqusetting
06-04 15:05:43.879 1190 1190 D bbb : onStartCommand begin !!!!!!! data分区剩余 24982MB
06-04 15:05:43.887 1080 1780 I OpenGLRenderer: Davey! duration=9223371965067ms; Flags=0, FrameTimelineVsyncId=2666, IntendedVsync=71787138229, Vsync=71787138229, InputEventId=0, HandleInputStart=71787952242, AnimationStart=71787958992, PerformTraversalsStart=71788409992, DrawStart=71789876825, FrameDeadline=71803804895, FrameInterval=71787939409, FrameStartTime=16666666, SyncQueued=71791684284, SyncStart=71792301367, IssueDrawCommandsStart=71793882200, SwapBuffers=71803543617, FrameCompleted=9223372036854775807, DequeueBufferDuration=82375, QueueBufferDuration=1588167, GpuCompleted=9223372036854775807, SwapBuffersCompleted=71811896659, DisplayPresentTime=0,
06-04 15:05:43.922 1080 2469 I OpenGLRenderer: Davey! duration=9223371965048ms; Flags=0, FrameTimelineVsyncId=2667, IntendedVsync=71803804895, Vsync=71803804895, InputEventId=0, HandleInputStart=71804871242, AnimationStart=71804876367, PerformTraversalsStart=71806805159, DrawStart=71809207242, FrameDeadline=71837138227, FrameInterval=71804858492, FrameStartTime=16666666, SyncQueued=71810173950, SyncStart=71812549409, IssueDrawCommandsStart=71814371034, SwapBuffers=71836146784, FrameCompleted=9223372036854775807, DequeueBufferDuration=78042, QueueBufferDuration=1590500, GpuCompleted=9223372036854775807, SwapBuffersCompleted=71846547325, DisplayPresentTime=0,
06-04 15:05:43.936 1080 2469 I OpenGLRenderer: Davey! duration=9223371965015ms; Flags=0, FrameTimelineVsyncId=2669, IntendedVsync=71820900745, Vsync=71820900745, InputEventId=0, HandleInputStart=71827383909, AnimationStart=71827389409, PerformTraversalsStart=71827759617, DrawStart=71828456284, FrameDeadline=71854234077, FrameInterval=71827370867, FrameStartTime=16666666, SyncQueued=71828558242, SyncStart=71846931575, IssueDrawCommandsStart=71848861825, SwapBuffers=71858054950, FrameCompleted=9223372036854775807, DequeueBufferDuration=66250, QueueBufferDuration=2442375, GpuCompleted=9223372036854775807, SwapBuffersCompleted=71862103450, DisplayPresentTime=0,
06-04 15:05:43.951 1080 2469 I OpenGLRenderer: Davey! duration=9223371965003ms; Flags=0, FrameTimelineVsyncId=2670, IntendedVsync=71837567411, Vsync=71837567411, InputEventId=0, HandleInputStart=71849615784, AnimationStart=71849623325, PerformTraversalsStart=71850264659, DrawStart=71850547034, FrameDeadline=71870900743, FrameInterval=71849601034, FrameStartTime=16666666, SyncQueued=71850702659, SyncStart=71864415450, IssueDrawCommandsStart=71866211075, SwapBuffers=71877492700, FrameCompleted=9223372036854775807, DequeueBufferDuration=76000, QueueBufferDuration=1869292, GpuCompleted=9223372036854775807, SwapBuffersCompleted=71880493450, DisplayPresentTime=0,
06-04 15:05:44.044 476 520 W IorapForwardingService: No service published for: iorapd
06-04 15:05:44.906 654 654 E WifiHAL : wifi_get_link_stats: requestResponse Error:-5
06-04 15:05:44.907 476 608 E WifiVendorHal: getWifiLinkLayerStats_1_5_Internal(l.1191) failed {.code = ERROR_INVALID_ARGS, .description = }
06-04 15:05:45.046 476 520 W IorapForwardingService: No service published for: iorapd
06-04 15:05:45.065 262 294 D hdmi-cec: receive invalid cec message!
06-04 15:05:45.066 262 294 D hdmi-cec: receive poll message [04], skip!
06-04 15:05:46.044 476 518 D CompatibilityChangeReporter: Compat change id reported: 168419799; UID 10073; state: DISABLED
06-04 15:05:46.047 476 520 W IorapForwardingService: No service published for: iorapd
06-04 15:05:46.054 1741 2096 I PermissionControllerServiceImpl: Updating user sensitive for user 0
06-04 15:05:46.888 1080 1109 I OpenGLRenderer: Davey! duration=9223371962067ms; Flags=0, FrameTimelineVsyncId=2741, IntendedVsync=74787131190, Vsync=74787131190, InputEventId=0, HandleInputStart=74787599160, AnimationStart=74787603077, PerformTraversalsStart=74787774952, DrawStart=74788529618, FrameDeadline=74803797856, FrameInterval=74787591493, FrameStartTime=16666666, SyncQueued=74789532202, SyncStart=74789770160, IssueDrawCommandsStart=74790633118, SwapBuffers=74809800618, FrameCompleted=9223372036854775807, DequeueBufferDuration=46125, QueueBufferDuration=2734750, GpuCompleted=9223372036854775807, SwapBuffersCompleted=74814031868, DisplayPresentTime=0,
06-04 15:05:46.893 386 386 W hdr10p_Configure: 228 callbacks suppressed
06-04 15:05:46.893 386 386 I : DVI mode selected: packets not configured
06-04 15:05:46.894 386 386 W set_vsif_config: 228 callbacks suppressed
06-04 15:05:46.894 386 386 I : Error: set vsif failed
06-04 15:05:46.894 386 386 I : DVI mode selected: packets not configured
06-04 15:05:46.894 386 386 I : Error: set vsif failed
06-04 15:05:46.903 1080 1109 I OpenGLRenderer: Davey! duration=9223371962042ms; Flags=0, FrameTimelineVsyncId=2742, IntendedVsync=74803797856, Vsync=74803797856, InputEventId=0, HandleInputStart=74804559868, AnimationStart=74804566743, PerformTraversalsStart=74804877243, DrawStart=74805857618, FrameDeadline=74837131188, FrameInterval=74804548535, FrameStartTime=16666666, SyncQueued=74806429118, SyncStart=74814590493, IssueDrawCommandsStart=74816989827, SwapBuffers=74835335077, FrameCompleted=9223372036854775807, DequeueBufferDuration=94000, QueueBufferDuration=1548292, GpuCompleted=9223372036854775807, SwapBuffersCompleted=74837749993, DisplayPresentTime=0,
06-04 15:05:46.917 386 386 I : DVI mode selected: packets not configured
06-04 15:05:46.917 386 386 I : Error: set vsif failed
06-04 15:05:46.917 386 386 I : DVI mode selected: packets not configured
06-04 15:05:46.917 386 386 I : Error: set vsif failed
06-04 15:05:46.940 386 386 I : DVI mode selected: packets not configured
06-04 15:05:46.940 386 386 I : Error: set vsif failed
06-04 15:05:46.940 386 386 I : DVI mode selected: packets not configured
06-04 15:05:46.940 386 386 I : Error: set vsif failed
06-04 15:05:46.957 386 386 I : DVI mode selected: packets not configured
06-04 15:05:46.957 386 386 I : Error: set vsif failed
06-04 15:05:46.958 386 386 I : DVI mode selected: packets not configured
06-04 15:05:46.958 386 386 I : Error: set vsif failed
06-04 15:05:46.973 386 386 I : DVI mode selected: packets not configured
06-04 15:05:46.973 386 386 I : Error: set vsif failed
06-04 15:05:46.973 386 386 I : DVI mode selected: packets not configured
06-04 15:05:46.973 386 386 I : Error: set vsif failed
06-04 15:05:46.984 1080 2469 I OpenGLRenderer: Davey! duration=9223371961968ms; Flags=0, FrameTimelineVsyncId=2749, IntendedVsync=74870910601, Vsync=74870910601, InputEventId=0, HandleInputStart=74878855160, AnimationStart=74878860077, PerformTraversalsStart=74879280327, DrawStart=74881001077, FrameDeadline=74904243933, FrameInterval=74878841202, FrameStartTime=16666666, SyncQueued=74881868702, SyncStart=74897274327, IssueDrawCommandsStart=74898315618, SwapBuffers=74911151160, FrameCompleted=9223372036854775807, DequeueBufferDuration=64167, QueueBufferDuration=1550541, GpuCompleted=9223372036854775807, SwapBuffersCompleted=74918342243, DisplayPresentTime=0,
06-04 15:05:47.002 1080 2469 I OpenGLRenderer: Davey! duration=9223371961947ms; Flags=0, FrameTimelineVsyncId=2751, IntendedVsync=74887572800, Vsync=74887572800, InputEventId=0, HandleInputStart=74898721327, AnimationStart=74898724410, PerformTraversalsStart=74899175868, DrawStart=74899383618, FrameDeadline=74920906132, FrameInterval=74898712452, FrameStartTime=16666666, SyncQueued=74899486660, SyncStart=74918694785, IssueDrawCommandsStart=74919852202, SwapBuffers=74926654618, FrameCompleted=9223372036854775807, DequeueBufferDuration=24250, QueueBufferDuration=6130208, GpuCompleted=9223372036854775807, SwapBuffersCompleted=74933920868, DisplayPresentTime=0,
06-04 15:05:47.019 1080 2469 I OpenGLRenderer: Davey! duration=9223371961938ms; Flags=0, FrameTimelineVsyncId=2753, IntendedVsync=74904239430, Vsync=74904239430, InputEventId=0, HandleInputStart=74920238202, AnimationStart=74920240327, PerformTraversalsStart=74920601535, DrawStart=74922514452, FrameDeadline=74937572762, FrameInterval=74920226702, FrameStartTime=16666666, SyncQueued=74922629993, SyncStart=74934433452, IssueDrawCommandsStart=74936085660, SwapBuffers=74945755493, FrameCompleted=9223372036854775807, DequeueBufferDuration=42792, QueueBufferDuration=3391708, GpuCompleted=9223372036854775807, SwapBuffersCompleted=74950216535, DisplayPresentTime=0,
06-04 15:05:47.050 476 520 W IorapForwardingService: No service published for: iorapd
06-04 15:05:47.501 1080 1780 I OpenGLRenderer: Davey! duration=9223371961454ms; Flags=0, FrameTimelineVsyncId=2811, IntendedVsync=75387135805, Vsync=75387135805, InputEventId=0, HandleInputStart=75394921452, AnimationStart=75394924369, PerformTraversalsStart=75396080619, DrawStart=75396718452, FrameDeadline=75420469137, FrameInterval=75394914327, FrameStartTime=16666666, SyncQueued=75397113327, SyncStart=75410379369, IssueDrawCommandsStart=75411419494, SwapBuffers=75416191410, FrameCompleted=9223372036854775807, DequeueBufferDuration=25750, QueueBufferDuration=1306750, GpuCompleted=9223372036854775807, SwapBuffersCompleted=75418374202, DisplayPresentTime=0,
06-04 15:05:47.919 654 654 E WifiHAL : wifi_get_link_stats: requestResponse Error:-5
06-04 15:05:47.922 476 608 E WifiVendorHal: getWifiLinkLayerStats_1_5_Internal(l.1191) failed {.code = ERROR_INVALID_ARGS, .description = }
06-04 15:05:48.053 476 520 W IorapForwardingService: No service published for: iorapd
06-04 15:05:48.823 476 997 W ZramWriteback: Writeback device is not set
06-04 15:05:48.823 476 997 D ZramWriteback: wait to flush
06-04 15:05:49.056 476 520 W IorapForwardingService: No service published for: iorapd
06-04 15:05:49.906 1080 1109 I OpenGLRenderer: Davey! duration=9223371959050ms; Flags=0, FrameTimelineVsyncId=2817, IntendedVsync=77803798191, Vsync=77803798191, InputEventId=0, HandleInputStart=77804433036, AnimationStart=77804438370, PerformTraversalsStart=77804688411, DrawStart=77805683536, FrameDeadline=77837131523, FrameInterval=77804422161, FrameStartTime=16666666, SyncQueued=77807021661, SyncStart=77807382870, IssueDrawCommandsStart=77808686495, SwapBuffers=77824974203, FrameCompleted=9223372036854775807, DequeueBufferDuration=62667, QueueBufferDuration=2642834, GpuCompleted=9223372036854775807, SwapBuffersCompleted=77829499161, DisplayPresentTime=0,
06-04 15:05:49.937 1080 1109 I OpenGLRenderer: Davey! duration=9223371959027ms; Flags=0, FrameTimelineVsyncId=2818, IntendedVsync=77820464857, Vsync=77820464857, InputEventId=0, HandleInputStart=77821220536, AnimationStart=77821225786, PerformTraversalsStart=77821554786, DrawStart=77822586495, FrameDeadline=77853798189, FrameInterval=77821210786, FrameStartTime=16666666, SyncQueued=77823056286, SyncStart=77830074161, IssueDrawCommandsStart=77832293911, SwapBuffers=77847257495, FrameCompleted=9223372036854775807, DequeueBufferDuration=60125, QueueBufferDuration=1839917, GpuCompleted=9223372036854775807, SwapBuffersCompleted=77858934703, DisplayPresentTime=0,
06-04 15:05:49.953 1080 1109 I OpenGLRenderer: Davey! duration=9223371958998ms; Flags=0, FrameTimelineVsyncId=2820, IntendedVsync=77837579687, Vsync=77837579687, InputEventId=0, HandleInputStart=77838538828, AnimationStart=77838546578, PerformTraversalsStart=77839296786, DrawStart=77840216953, FrameDeadline=77870913019, FrameInterval=77838524661, FrameStartTime=16666666, SyncQueued=77840446370, SyncStart=77859449495, IssueDrawCommandsStart=77861229745, SwapBuffers=77872944411, FrameCompleted=9223372036854775807, DequeueBufferDuration=62333, QueueBufferDuration=1547708, GpuCompleted=9223372036854775807, SwapBuffersCompleted=77875423036, DisplayPresentTime=0,
06-04 15:05:49.970 1080 1109 I OpenGLRenderer: Davey! duration=9223371958987ms; Flags=0, FrameTimelineVsyncId=2821, IntendedVsync=77854246353, Vsync=77854246353, InputEventId=0, HandleInputStart=77861815370, AnimationStart=77861820370, PerformTraversalsStart=77862379078, DrawStart=77862671870, FrameDeadline=77887579685, FrameInterval=77861804870, FrameStartTime=16666666, SyncQueued=77862791161, SyncStart=77875915745, IssueDrawCommandsStart=77877373953, SwapBuffers=77886296286, FrameCompleted=9223372036854775807, DequeueBufferDuration=53541, QueueBufferDuration=3516833, GpuCompleted=9223372036854775807, SwapBuffersCompleted=77891161786, DisplayPresentTime=0,
06-04 15:05:49.986 1080 1109 I OpenGLRenderer: Davey! duration=9223371958967ms; Flags=0, FrameTimelineVsyncId=2823, IntendedVsync=77870913019, Vsync=77870913019, InputEventId=0, HandleInputStart=77878802161, AnimationStart=77878807911, PerformTraversalsStart=77879141328, DrawStart=77880098620, FrameDeadline=77904246351, FrameInterval=77878789161, FrameStartTime=16666666, SyncQueued=77880712870, SyncStart=77896983036, IssueDrawCommandsStart=77898102911, SwapBuffers=77910690870, FrameCompleted=9223372036854775807, DequeueBufferDuration=64292, QueueBufferDuration=1213959, GpuCompleted=9223372036854775807, SwapBuffersCompleted=77913879995, DisplayPresentTime=0,
06-04 15:05:50.001 1080 1109 I OpenGLRenderer: Davey! duration=9223371958952ms; Flags=0, FrameTimelineVsyncId=2825, IntendedVsync=77887579685, Vsync=77887579685, InputEventId=0, HandleInputStart=77898614953, AnimationStart=77898617828, PerformTraversalsStart=77899062661, DrawStart=77899309995, FrameDeadline=77920913017, FrameInterval=77898609328, FrameStartTime=16666666, SyncQueued=77899395578, SyncStart=77914244203, IssueDrawCommandsStart=77915405245, SwapBuffers=77921414411, FrameCompleted=9223372036854775807, DequeueBufferDuration=35750, QueueBufferDuration=6959792, GpuCompleted=9223372036854775807, SwapBuffersCompleted=77929918911, DisplayPresentTime=0,
06-04 15:05:50.018 1080 1109 I OpenGLRenderer: Davey! duration=9223371958936ms; Flags=0, FrameTimelineVsyncId=2827, IntendedVsync=77904234377, Vsync=77904234377, InputEventId=0, HandleInputStart=77915873120, AnimationStart=77915877078, PerformTraversalsStart=77916273036, DrawStart=77916525661, FrameDeadline=77937567709, FrameInterval=77915863620, FrameStartTime=16666666, SyncQueued=77916622911, SyncStart=77930449911, IssueDrawCommandsStart=77931995786, SwapBuffers=77938226703, FrameCompleted=9223372036854775807, DequeueBufferDuration=53792, QueueBufferDuration=6863833, GpuCompleted=9223372036854775807, SwapBuffersCompleted=77946310328, DisplayPresentTime=0,
06-04 15:05:50.057 476 520 W IorapForwardingService: No service published for: iorapd
06-04 15:05:50.937 654 654 E WifiHAL : wifi_get_link_stats: requestResponse Error:-5
06-04 15:05:50.938 476 608 E WifiVendorHal: getWifiLinkLayerStats_1_5_Internal(l.1191) failed {.code = ERROR_INVALID_ARGS, .description = }
06-04 15:05:51.059 476 520 W IorapForwardingService: No service published for: iorapd
06-04 15:05:51.877 2140 2207 D UtilLog : 日志批量上报 进行正常循环 !!!!!!本次有0次请求,共0条数据
06-04 15:05:51.883 1190 1190 D bbb : onStartCommand begin !!!!!!! data分区剩余 24982MB
06-04 15:05:51.884 1125 1125 D aaa : LedStatusService onStartCommand begin
06-04 15:05:51.887 1125 2617 D aaa : topPkg is -------------- :com.dangbei.haqusetting
06-04 15:05:52.061 476 520 W IorapForwardingService: No service published for: iorapd
06-04 15:05:52.462 2140 2206 I TDLog : [APP] New data found, Submitting...
06-04 15:05:52.474 2140 2206 I TDLog : [APP] Failed to submit data!
06-04 15:05:52.887 1080 2469 I OpenGLRenderer: Davey! duration=9223371956050ms; Flags=0, FrameTimelineVsyncId=2893, IntendedVsync=80803797234, Vsync=80803797234, InputEventId=0, HandleInputStart=80804517704, AnimationStart=80804524288, PerformTraversalsStart=80804831038, DrawStart=80806058371, FrameDeadline=80820463900, FrameInterval=80804506329, FrameStartTime=16666666, SyncQueued=80807594121, SyncStart=80808128663, IssueDrawCommandsStart=80809420371, SwapBuffers=80817532663, FrameCompleted=9223372036854775807, DequeueBufferDuration=62916, QueueBufferDuration=2318000, GpuCompleted=9223372036854775807, SwapBuffersCompleted=80822841371, DisplayPresentTime=0,
06-04 15:05:52.900 386 386 W hdr10p_Configure: 138 callbacks suppressed
06-04 15:05:52.900 386 386 I : DVI mode selected: packets not configured
06-04 15:05:52.900 386 386 W set_vsif_config: 138 callbacks suppressed
06-04 15:05:52.900 386 386 I : Error: set vsif failed
06-04 15:05:52.900 386 386 I : DVI mode selected: packets not configured
06-04 15:05:52.900 386 386 I : Error: set vsif failed
06-04 15:05:52.919 1080 2469 I OpenGLRenderer: Davey! duration=9223371956032ms; Flags=0, FrameTimelineVsyncId=2894, IntendedVsync=80820463900, Vsync=80820463900, InputEventId=0, HandleInputStart=80821714204, AnimationStart=80821721704, PerformTraversalsStart=80822365496, DrawStart=80824443121, FrameDeadline=80853797232, FrameInterval=80821689621, FrameStartTime=16666666, SyncQueued=80825175454, SyncStart=80827220704, IssueDrawCommandsStart=80829480204, SwapBuffers=80841175288, FrameCompleted=9223372036854775807, DequeueBufferDuration=82334, QueueBufferDuration=2652000, GpuCompleted=9223372036854775807, SwapBuffersCompleted=80845032871, DisplayPresentTime=0,
06-04 15:05:52.923 386 386 I : DVI mode selected: packets not configured
06-04 15:05:52.923 386 386 I : Error: set vsif failed
06-04 15:05:52.923 386 386 I : DVI mode selected: packets not configured
06-04 15:05:52.923 386 386 I : Error: set vsif failed
06-04 15:05:52.939 1080 1780 I OpenGLRenderer: Davey! duration=9223371956011ms; Flags=0, FrameTimelineVsyncId=2896, IntendedVsync=80837569040, Vsync=80837569040, InputEventId=0, HandleInputStart=80838492121, AnimationStart=80838498496, PerformTraversalsStart=80839227871, DrawStart=80839836746, FrameDeadline=80870902372, FrameInterval=80838478580, FrameStartTime=16666666, SyncQueued=80839923121, SyncStart=80845572996, IssueDrawCommandsStart=80847116955, SwapBuffers=80855650121, FrameCompleted=9223372036854775807, DequeueBufferDuration=63375, QueueBufferDuration=1540375, GpuCompleted=9223372036854775807, SwapBuffersCompleted=80858376746, DisplayPresentTime=0,
06-04 15:05:52.941 386 386 I : DVI mode selected: packets not configured
06-04 15:05:52.941 386 386 I : Error: set vsif failed
06-04 15:05:52.942 386 386 I : DVI mode selected: packets not configured
06-04 15:05:52.942 386 386 I : Error: set vsif failed
06-04 15:05:52.954 1080 1780 I OpenGLRenderer: Davey! duration=9223371956000ms; Flags=0, FrameTimelineVsyncId=2898, IntendedVsync=80854235706, Vsync=80854235706, InputEventId=0, HandleInputStart=80855128746, AnimationStart=80855135663, PerformTraversalsStart=80855763288, DrawStart=80856107746, FrameDeadline=80887569038, FrameInterval=80855115663, FrameStartTime=16666666, SyncQueued=80858534705, SyncStart=80858909288, IssueDrawCommandsStart=80860982913, SwapBuffers=80871412288, FrameCompleted=9223372036854775807, DequeueBufferDuration=86500, QueueBufferDuration=2393834, GpuCompleted=9223372036854775807, SwapBuffersCompleted=80875634913, DisplayPresentTime=0,
06-04 15:05:52.957 386 386 I : DVI mode selected: packets not configured
06-04 15:05:52.957 386 386 I : Error: set vsif failed
06-04 15:05:52.957 386 386 I : DVI mode selected: packets not configured
06-04 15:05:52.957 386 386 I : Error: set vsif failed
06-04 15:05:52.972 386 386 I : DVI mode selected: packets not configured
06-04 15:05:52.972 386 386 I : Error: set vsif failed
06-04 15:05:52.972 386 386 I : DVI mode selected: packets not configured
06-04 15:05:52.972 386 386 I : Error: set vsif failed
06-04 15:05:52.986 1080 1109 I OpenGLRenderer: Davey! duration=9223371955960ms; Flags=0, FrameTimelineVsyncId=2902, IntendedVsync=80887569038, Vsync=80887569038, InputEventId=0, HandleInputStart=80888453788, AnimationStart=80888460955, PerformTraversalsStart=80888862580, DrawStart=80890271538, FrameDeadline=80920902370, FrameInterval=80888434455, FrameStartTime=16666666, SyncQueued=80891111830, SyncStart=80897806205, IssueDrawCommandsStart=80898890746, SwapBuffers=80908423121, FrameCompleted=9223372036854775807, DequeueBufferDuration=61416, QueueBufferDuration=1006084, GpuCompleted=9223372036854775807, SwapBuffersCompleted=80917541330, DisplayPresentTime=0,
06-04 15:05:53.002 1080 1109 I OpenGLRenderer: Davey! duration=9223371955939ms; Flags=0, FrameTimelineVsyncId=2904, IntendedVsync=80904241811, Vsync=80904241811, InputEventId=0, HandleInputStart=80905590121, AnimationStart=80905601580, PerformTraversalsStart=80906084205, DrawStart=80906354830, FrameDeadline=80937575143, FrameInterval=80905555788, FrameStartTime=16666666, SyncQueued=80906455496, SyncStart=80917873163, IssueDrawCommandsStart=80919183788, SwapBuffers=80930291413, FrameCompleted=9223372036854775807, DequeueBufferDuration=54667, QueueBufferDuration=2416125, GpuCompleted=9223372036854775807, SwapBuffersCompleted=80933980580, DisplayPresentTime=0,
06-04 15:05:53.018 1080 2469 I OpenGLRenderer: Davey! duration=9223371955921ms; Flags=0, FrameTimelineVsyncId=2906, IntendedVsync=80920909298, Vsync=80920909298, InputEventId=0, HandleInputStart=80921789371, AnimationStart=80921794580, PerformTraversalsStart=80923054038, DrawStart=80923323371, FrameDeadline=80954242630, FrameInterval=80921778246, FrameStartTime=16666666, SyncQueued=80923439955, SyncStart=80935365371, IssueDrawCommandsStart=80936842246, SwapBuffers=80943888163, FrameCompleted=9223372036854775807, DequeueBufferDuration=89542, QueueBufferDuration=5593459, GpuCompleted=9223372036854775807, SwapBuffersCompleted=80950591038, DisplayPresentTime=0,
06-04 15:05:53.066 476 520 W IorapForwardingService: No service published for: iorapd
06-04 15:05:53.951 654 654 E WifiHAL : wifi_get_link_stats: requestResponse Error:-5
06-04 15:05:53.954 476 608 E WifiVendorHal: getWifiLinkLayerStats_1_5_Internal(l.1191) failed {.code = ERROR_INVALID_ARGS, .description = }
06-04 15:05:54.068 476 520 W IorapForwardingService: No service published for: iorapd
06-04 15:05:55.071 476 520 W IorapForwardingService: No service published for: iorapd
06-04 15:05:55.277 1247 1499 I efs.base: wa upload succ, HttpResponse {succ=true, code=200, data='暂不支持该服务', extra={req_url=https://errlog.umeng.com/api/crashsdk/logcollect}}
06-04 15:05:55.906 1080 1109 I OpenGLRenderer: Davey! duration=9223371953050ms; Flags=0, FrameTimelineVsyncId=2969, IntendedVsync=83803801693, Vsync=83803801693, InputEventId=0, HandleInputStart=83804778206, AnimationStart=83804785498, PerformTraversalsStart=83805392623, DrawStart=83806613498, FrameDeadline=83837135025, FrameInterval=83804757164, FrameStartTime=16666666, SyncQueued=83808650998, SyncStart=83809126456, IssueDrawCommandsStart=83810593581, SwapBuffers=83832235331, FrameCompleted=9223372036854775807, DequeueBufferDuration=78875, QueueBufferDuration=2240958, GpuCompleted=9223372036854775807, SwapBuffersCompleted=83836330831, DisplayPresentTime=0,
06-04 15:05:55.937 1080 2469 I OpenGLRenderer: Davey! duration=9223371953020ms; Flags=0, FrameTimelineVsyncId=2970, IntendedVsync=83820468359, Vsync=83820468359, InputEventId=0, HandleInputStart=83821108164, AnimationStart=83821114706, PerformTraversalsStart=83821421248, DrawStart=83822413248, FrameDeadline=83853801691, FrameInterval=83821097164, FrameStartTime=16666666, SyncQueued=83822901331, SyncStart=83836803039, IssueDrawCommandsStart=83839449706, SwapBuffers=83855895664, FrameCompleted=9223372036854775807, DequeueBufferDuration=92083, QueueBufferDuration=1642417, GpuCompleted=9223372036854775807, SwapBuffersCompleted=83858699581, DisplayPresentTime=0,
06-04 15:05:55.954 1080 1109 I OpenGLRenderer: Davey! duration=9223371953002ms; Flags=0, FrameTimelineVsyncId=2972, IntendedVsync=83837574959, Vsync=83837574959, InputEventId=0, HandleInputStart=83842801456, AnimationStart=83842814248, PerformTraversalsStart=83843534373, DrawStart=83844712039, FrameDeadline=83870908291, FrameInterval=83842778206, FrameStartTime=16666666, SyncQueued=83844880289, SyncStart=83859114039, IssueDrawCommandsStart=83860805331, SwapBuffers=83870508789, FrameCompleted=9223372036854775807, DequeueBufferDuration=74125, QueueBufferDuration=1744958, GpuCompleted=9223372036854775807, SwapBuffersCompleted=83874805248, DisplayPresentTime=0,
06-04 15:05:55.969 1080 1109 I OpenGLRenderer: Davey! duration=9223371952987ms; Flags=0, FrameTimelineVsyncId=2973, IntendedVsync=83854241625, Vsync=83854241625, InputEventId=0, HandleInputStart=83861400831, AnimationStart=83861406914, PerformTraversalsStart=83861934539, DrawStart=83862260998, FrameDeadline=83887574957, FrameInterval=83861391248, FrameStartTime=16666666, SyncQueued=83862378623, SyncStart=83875544414, IssueDrawCommandsStart=83877561706, SwapBuffers=83889155789, FrameCompleted=9223372036854775807, DequeueBufferDuration=81709, QueueBufferDuration=2680250, GpuCompleted=9223372036854775807, SwapBuffersCompleted=83893539456, DisplayPresentTime=0,
06-04 15:05:56.001 1080 1109 I OpenGLRenderer: Davey! duration=9223371952952ms; Flags=0, FrameTimelineVsyncId=2977, IntendedVsync=83887574957, Vsync=83887574957, InputEventId=0, HandleInputStart=83896907373, AnimationStart=83896911706, PerformTraversalsStart=83897179748, DrawStart=83898314789, FrameDeadline=83920908289, FrameInterval=83896900789, FrameStartTime=16666666, SyncQueued=83898821956, SyncStart=83913763248, IssueDrawCommandsStart=83914701289, SwapBuffers=83922391289, FrameCompleted=9223372036854775807, DequeueBufferDuration=54500, QueueBufferDuration=942250, GpuCompleted=9223372036854775807, SwapBuffersCompleted=83933573248, DisplayPresentTime=0,
06-04 15:05:56.017 1080 1109 I OpenGLRenderer: Davey! duration=9223371952932ms; Flags=0, FrameTimelineVsyncId=2979, IntendedVsync=83904235775, Vsync=83904235775, InputEventId=0, HandleInputStart=83915086164, AnimationStart=83915089373, PerformTraversalsStart=83915438539, DrawStart=83915643914, FrameDeadline=83937569107, FrameInterval=83915078789, FrameStartTime=16666666, SyncQueued=83915719331, SyncStart=83933916289, IssueDrawCommandsStart=83935091414, SwapBuffers=83944280498, FrameCompleted=9223372036854775807, DequeueBufferDuration=34625, QueueBufferDuration=4184209, GpuCompleted=9223372036854775807, SwapBuffersCompleted=83949692206, DisplayPresentTime=0,
06-04 15:05:56.034 1080 1109 I OpenGLRenderer: Davey! duration=9223371952919ms; Flags=0, FrameTimelineVsyncId=2981, IntendedVsync=83920901867, Vsync=83920901867, InputEventId=0, HandleInputStart=83935571331, AnimationStart=83935573831, PerformTraversalsStart=83935904373, DrawStart=83936123873, FrameDeadline=83954235199, FrameInterval=83935565081, FrameStartTime=16666666, SyncQueued=83936188081, SyncStart=83950071414, IssueDrawCommandsStart=83951429331, SwapBuffers=83959005623, FrameCompleted=9223372036854775807, DequeueBufferDuration=52250, QueueBufferDuration=6024333, GpuCompleted=9223372036854775807, SwapBuffersCompleted=83966326289, DisplayPresentTime=0,
06-04 15:05:56.073 476 520 W IorapForwardingService: No service published for: iorapd
06-04 15:05:56.517 1080 2469 I OpenGLRenderer: Davey! duration=9223371952441ms; Flags=0, FrameTimelineVsyncId=3039, IntendedVsync=84403801852, Vsync=84403801852, InputEventId=0, HandleInputStart=84404610123, AnimationStart=84404615790, PerformTraversalsStart=84406123540, DrawStart=84408497415, FrameDeadline=84437135184, FrameInterval=84404595331, FrameStartTime=16666666, SyncQueued=84409016706, SyncStart=84418022040, IssueDrawCommandsStart=84419196540, SwapBuffers=84436989165, FrameCompleted=9223372036854775807, DequeueBufferDuration=5931625, QueueBufferDuration=1379500, GpuCompleted=9223372036854775807, SwapBuffersCompleted=84439945998, DisplayPresentTime=0,
06-04 15:05:56.974 654 654 E WifiHAL : wifi_get_link_stats: requestResponse Error:-5
06-04 15:05:56.977 476 608 E WifiVendorHal: getWifiLinkLayerStats_1_5_Internal(l.1191) failed {.code = ERROR_INVALID_ARGS, .description = }
06-04 15:05:57.076 476 520 W IorapForwardingService: No service published for: iorapd
06-04 15:05:58.079 476 520 W IorapForwardingService: No service published for: iorapd
06-04 15:05:58.921 1080 1109 I OpenGLRenderer: Davey! duration=9223371950033ms; Flags=0, FrameTimelineVsyncId=3045, IntendedVsync=86820465528, Vsync=86820465528, InputEventId=0, HandleInputStart=86820992082, AnimationStart=86820997207, PerformTraversalsStart=86821243374, DrawStart=86822271082, FrameDeadline=86853798860, FrameInterval=86820981832, FrameStartTime=16666666, SyncQueued=86823617082, SyncStart=86824099082, IssueDrawCommandsStart=86825304957, SwapBuffers=86841633999, FrameCompleted=9223372036854775807, DequeueBufferDuration=67833, QueueBufferDuration=2870417, GpuCompleted=9223372036854775807, SwapBuffersCompleted=86846549791, DisplayPresentTime=0,
06-04 15:05:58.925 386 386 W hdr10p_Configure: 138 callbacks suppressed
06-04 15:05:58.925 386 386 I : DVI mode selected: packets not configured
06-04 15:05:58.925 386 386 W set_vsif_config: 138 callbacks suppressed
06-04 15:05:58.925 386 386 I : Error: set vsif failed
06-04 15:05:58.926 386 386 I : DVI mode selected: packets not configured
06-04 15:05:58.926 386 386 I : Error: set vsif failed
06-04 15:05:58.955 386 386 I : DVI mode selected: packets not configured
06-04 15:05:58.955 386 386 I : Error: set vsif failed
06-04 15:05:58.955 386 386 I : DVI mode selected: packets not configured
06-04 15:05:58.955 386 386 I : Error: set vsif failed
06-04 15:05:58.974 386 386 I : DVI mode selected: packets not configured
06-04 15:05:58.974 386 386 I : Error: set vsif failed
06-04 15:05:58.974 386 386 I : DVI mode selected: packets not configured
06-04 15:05:58.974 386 386 I : Error: set vsif failed
