06-04 15:04:46.475 366 366 W omx_vdec: <__AwOmxVdecGetExtensionIndex:1737>: GetExtensionIndex OMX.google.android.index.describeColorFormat2, err [0x80001001].
06-04 15:04:46.475 366 366 E omx_vdec: : erro: pParamData->nIndex > m_sPortFormatType.nIndex
06-04 15:04:46.475 366 366 W omx_vdec: <__AwOmxVdecGetExtensionIndex:1737>: GetExtensionIndex OMX.google.android.index.describeColorFormat, err [0x80001001].
06-04 15:04:46.475 366 366 W omx_vdec: <__AwOmxVdecGetExtensionIndex:1737>: GetExtensionIndex OMX.google.android.index.describeColorFormat2, err [0x80001001].
06-04 15:04:46.475 366 366 E omx_vdec: : erro: pParamData->nIndex > m_sPortFormatType.nIndex
06-04 15:04:46.475 366 366 W omx_vdec: <__AwOmxVdecGetExtensionIndex:1737>: GetExtensionIndex OMX.google.android.index.describeColorFormat, err [0x80001001].
06-04 15:04:46.475 366 366 W omx_vdec: <__AwOmxVdecGetExtensionIndex:1737>: GetExtensionIndex OMX.google.android.index.describeColorFormat2, err [0x80001001].
06-04 15:04:46.475 366 366 E omx_vdec: : erro: pParamData->nIndex > m_sPortFormatType.nIndex
06-04 15:04:46.476 366 366 W omx_vdec: <__AwOmxVdecGetExtensionIndex:1737>: GetExtensionIndex OMX.google.android.index.describeColorFormat, err [0x80001001].
06-04 15:04:46.476 366 366 W omx_vdec: <__AwOmxVdecGetExtensionIndex:1737>: GetExtensionIndex OMX.google.android.index.describeColorFormat2, err [0x80001001].
06-04 15:04:46.476 366 366 E omx_vdec: : erro: pParamData->nIndex > m_sPortFormatType.nIndex
06-04 15:04:46.476 366 366 W omx_vdec: <__AwOmxVdecGetExtensionIndex:1737>: GetExtensionIndex OMX.google.android.index.describeColorFormat, err [0x80001001].
06-04 15:04:46.476 366 366 W omx_vdec: <__AwOmxVdecGetExtensionIndex:1737>: GetExtensionIndex OMX.google.android.index.describeColorFormat2, err [0x80001001].
06-04 15:04:46.476 366 366 E omx_vdec: : erro: pParamData->nIndex > m_sPortFormatType.nIndex
06-04 15:04:46.476 366 366 W omx_vdec: <__AwOmxVdecGetExtensionIndex:1737>: GetExtensionIndex OMX.google.android.index.describeColorFormat, err [0x80001001].
06-04 15:04:46.476 366 366 W omx_vdec: <__AwOmxVdecGetExtensionIndex:1737>: GetExtensionIndex OMX.google.android.index.describeColorFormat2, err [0x80001001].
06-04 15:04:46.476 366 366 E omx_vdec: : erro: pParamData->nIndex > m_sPortFormatType.nIndex
06-04 15:04:46.477 366 366 W omx_vdec: <__AwOmxVdecGetExtensionIndex:1737>: GetExtensionIndex OMX.google.android.index.describeColorFormat, err [0x80001001].
06-04 15:04:46.477 366 366 W omx_vdec: <__AwOmxVdecGetExtensionIndex:1737>: GetExtensionIndex OMX.google.android.index.describeColorFormat2, err [0x80001001].
06-04 15:04:46.477 366 366 E omx_vdec: : erro: pParamData->nIndex > m_sPortFormatType.nIndex
06-04 15:04:46.477 366 366 W omx_vdec: <__AwOmxVdecGetExtensionIndex:1737>: GetExtensionIndex OMX.google.android.index.describeColorFormat, err [0x80001001].
06-04 15:04:46.477 366 366 W omx_vdec: <__AwOmxVdecGetExtensionIndex:1737>: GetExtensionIndex OMX.google.android.index.describeColorFormat2, err [0x80001001].
06-04 15:04:46.477 353 471 W ACodec : [OMX.allwinner.video.decoder.vp9] stopping checking formats after 32: COLOR_FormatYUV420Planar(13)
06-04 15:04:46.477 366 366 W omx_vdec: <__AwOmxVdecGetExtensionIndex:1737>: GetExtensionIndex OMX.google.android.index.configureVideoTunnelMode, err [0x80001001].
06-04 15:04:46.477 366 366 E OMXNodeInstance: getExtensionIndex(0xe93f7000:allwinner.decoder.vp9, OMX.google.android.index.configureVideoTunnelMode) ERROR: Undefined(0x80001001)
06-04 15:04:46.477 353 471 D MediaCodecInfo: detail feature-tunneled-playback wasn't present to remove
06-04 15:04:46.477 366 366 W omx_vdec: <__AwOmxVdecGetExtensionIndex:1737>: GetExtensionIndex OMX.google.android.index.storeANWBufferInMetadata, err [0x80001001].
06-04 15:04:46.477 366 366 W omx_vdec_aw: <__anSetExtPara:3011>: Setparameter: unknown param 2131755011
06-04 15:04:46.477 366 366 W OMXNodeInstance: [0xe93f7000:allwinner.decoder.vp9] component does not support metadata mode; using fallback
06-04 15:04:46.478 366 741 W libc : invalid pthread_t (0) passed to pthread_join
06-04 15:04:46.478 366 741 W libc : invalid pthread_t (0) passed to pthread_join
06-04 15:04:46.478 366 741 W libc : invalid pthread_t (0) passed to pthread_join
06-04 15:04:46.480 353 471 I OMXClient: IOmx service obtained
06-04 15:04:46.481 366 366 I OMXStore: makeComponentInstance(OMX.allwinner.video.decoder.vp9.secure) in android.hardwar process
06-04 15:04:46.482 366 366 E omx_vdec: : This platform does not support secure video playback
06-04 15:04:46.482 366 366 E omx_sem : : handle is null
06-04 15:04:46.482 366 366 E omx_sem : : handle is null
06-04 15:04:46.482 366 366 E omx_sem : : handle is null
06-04 15:04:46.482 366 366 E omx_sem : : handle is null
06-04 15:04:46.482 366 366 E omx_sem : : handle is null
06-04 15:04:46.482 366 366 W omx_vdec_aw: : pdec is null
06-04 15:04:46.482 366 366 E android.hardware.media.omx@1.0-service: Failed to allocate omx component 'OMX.allwinner.video.decoder.vp9.secure' err=InvalidComponentName(0x80001002)
06-04 15:04:46.482 666 666 V GraphicsEnvironment: ANGLE Developer option for 'com.android.bluetooth' set to: 'default'
06-04 15:04:46.482 666 666 V GraphicsEnvironment: Neither updatable production driver nor prerelease driver is supported.
06-04 15:04:46.483 476 476 W LocationManagerService: no network location provider found
06-04 15:04:46.483 353 471 W OmxInfoBuilder: Fail to add media type video/x-vnd.on2.vp9 to codec OMX.allwinner.video.decoder.vp9.secure
06-04 15:04:46.484 353 471 I OMXClient: IOmx service obtained
06-04 15:04:46.485 366 366 I OMXStore: makeComponentInstance(OMX.allwinner.video.encoder.avc) in android.hardwar process
06-04 15:04:46.485 666 666 D NetworkSecurityConfig: No Network Security Config specified, using platform default
06-04 15:04:46.486 666 666 D NetworkSecurityConfig: No Network Security Config specified, using platform default
06-04 15:04:46.487 476 476 I ServiceWatcher: [fused] chose new implementation 1000/com.android.location.fused/.FusedLocationService@0
06-04 15:04:46.495 366 366 D : enable_cedar_hw_clk,516
06-04 15:04:46.490 181 181 E servicemanager: Could not find android.hardware.gnss.IGnss/default in the VINTF manifest.
06-04 15:04:46.491 476 476 D GnssLocationProviderJni: Trying IGnss_V2_1::getService()
06-04 15:04:46.491 366 366 W cedarc : : cannot open /dev/sunxi_soc_info, it maybe ok!
06-04 15:04:46.492 366 366 I cedarc : : *** ic_version = 0x3301000012011,
06-04 15:04:46.493 366 366 E OMXNodeInstance: getParameter(0xe93f5000:allwinner.encoder.avc, ParamVideoProfileLevelQuerySupported(0x600000f)) ERROR: BadParameter(0x80001005)
06-04 15:04:46.494 353 471 W OMXUtils: do not know color format 0x7f000789 = 2130708361
06-04 15:04:46.494 353 471 W OMXUtils: do not know color format 0x7f000001 = 2130706433
06-04 15:04:46.494 366 366 E omx_venc: <__AwOmxVencGetParameter:882>: get_parameter erro: pParamData->nIndex > m_sInPortFormatType.nIndex, param index 3. impl in->index 2.
06-04 15:04:46.495 366 366 E OMXNodeInstance: getConfig(0xe93f5000:allwinner.encoder.avc, ConfigAndroidIntraRefresh(0x6f60000a)) ERROR: UnsupportedIndex(0x8000101a)
06-04 15:04:46.495 182 182 I hwservicemanager: getTransport: Cannot find entry android.hardware.gnss@2.1::IGnss/default in either framework or device VINTF manifest.
06-04 15:04:46.495 366 366 E omx_venc: : get_parameter: unknown param 0xe9589c80
06-04 15:04:46.495 366 366 E omx_venc: 
06-04 15:04:46.495 366 366 E OMXNodeInstance: getParameter(0xe93f5000:allwinner.encoder.avc, ParamVideoIntraRefresh(0x6000006)) ERROR: UnsupportedIndex(0x8000101a)
06-04 15:04:46.495 353 471 D MediaCodecInfo: detail feature-frame-parsing wasn't present to remove
06-04 15:04:46.496 366 366 I cedarc : : not malloc locks
06-04 15:04:46.498 476 476 D GnssLocationProviderJni: gnssHal 2.1 was null, trying 2.0
06-04 15:04:46.500 366 366 D : disable_cedar_hw_clk,546
06-04 15:04:46.500 182 182 I hwservicemanager: getTransport: Cannot find entry android.hardware.gnss@2.0::IGnss/default in either framework or device VINTF manifest.
06-04 15:04:46.500 476 476 D GnssLocationProviderJni: gnssHal 2.0 was null, trying 1.1
06-04 15:04:46.501 182 182 I hwservicemanager: getTransport: Cannot find entry android.hardware.gnss@1.1::IGnss/default in either framework or device VINTF manifest.
06-04 15:04:46.501 476 476 D GnssLocationProviderJni: gnssHal 1.1 was null, trying 1.0
06-04 15:04:46.501 182 182 I hwservicemanager: getTransport: Cannot find entry android.hardware.gnss@1.0::IGnss/default in either framework or device VINTF manifest.
06-04 15:04:46.502 476 518 D CompatibilityChangeReporter: Compat change id reported: 168419799; UID 1000; state: DISABLED
06-04 15:04:46.504 353 471 I Codec2Client: Available Codec2 services: "software"
06-04 15:04:46.506 375 414 V C2Store : in init
06-04 15:04:46.507 375 414 V C2Store : loading dll
06-04 15:04:46.507 476 476 E LocationManagerService: no geocoder provider found
06-04 15:04:46.507 476 476 E ActivityRecognitionHardware: activity_recognition HAL is deprecated. is_supported is effectively a no-op
06-04 15:04:46.508 476 476 E LocationManagerService: unable to bind ActivityRecognitionProxy
06-04 15:04:46.508 476 476 I WallpaperManagerService: switch-user-0
06-04 15:04:46.508 476 476 V WallpaperManagerService: bindWallpaperComponentLocked: componentName=ComponentInfo{com.android.systemui/com.android.systemui.ImageWallpaper}
06-04 15:04:46.515 476 476 D SoundTriggerService: onBootPhase: 600 : false
06-04 15:04:46.518 205 205 I keystore2: keystore2::authorization: on_lock_screen_event(LockScreenEvent(0), user_id=0, password.is_some()=false, unlocking_sids=Some([]))
06-04 15:04:46.534 375 414 V C2Store : in ~ComponentModule
06-04 15:04:46.534 375 414 V C2Store : unloading dll
06-04 15:04:46.534 375 414 V C2Store : in init
06-04 15:04:46.534 476 476 W AlarmManager: Unrecognized alarm listener com.android.server.stats.StatsCompanionService$AnomalyAlarmListener@4e42e27
06-04 15:04:46.534 375 414 V C2Store : loading dll
06-04 15:04:46.534 476 476 W AlarmManager: Unrecognized alarm listener com.android.server.stats.StatsCompanionService$PullingAlarmListener@461b8d4
06-04 15:04:46.534 476 476 W AlarmManager: Unrecognized alarm listener com.android.server.stats.StatsCompanionService$PeriodicAlarmListener@be47a7d
06-04 15:04:46.551 375 414 V C2Store : in ~ComponentModule
06-04 15:04:46.551 375 414 V C2Store : unloading dll
06-04 15:04:46.551 375 414 V C2Store : in init
06-04 15:04:46.551 375 414 V C2Store : loading dll
06-04 15:04:46.557 476 476 I StatsCompanionService: Told statsd that StatsCompanionService is alive.
06-04 15:04:46.560 476 537 D StatsPullAtomService: Registering NetworkStats pullers with statsd
06-04 15:04:46.561 476 476 I SystemServerTiming: StartNetworkStack
06-04 15:04:46.565 476 476 D ConnectivityModuleConnector: Starting networking module android.net.INetworkStackConnector
06-04 15:04:46.566 476 476 D ConnectivityModuleConnector: Starting networking module in network_stack process
06-04 15:04:46.568 476 537 W BestClock: java.time.DateTimeException: Missing NTP fix
06-04 15:04:46.569 375 414 V C2Store : in ~ComponentModule
06-04 15:04:46.569 375 414 V C2Store : unloading dll
06-04 15:04:46.569 375 414 V C2Store : in init
06-04 15:04:46.569 375 414 V C2Store : loading dll
06-04 15:04:46.577 476 476 D CompatibilityChangeReporter: Compat change id reported: 135634846; UID 1073; state: DISABLED
06-04 15:04:46.578 476 476 D ConnectivityModuleConnector: Networking module service start requested
06-04 15:04:46.579 476 476 I SystemServerTiming: StartTethering
06-04 15:04:46.579 476 476 D ConnectivityModuleConnector: Starting networking module android.net.ITetheringConnector
06-04 15:04:46.579 476 476 D ConnectivityModuleConnector: Starting networking module in network_stack process
06-04 15:04:46.589 375 414 V C2Store : in ~ComponentModule
06-04 15:04:46.589 375 414 V C2Store : unloading dll
06-04 15:04:46.589 375 414 V C2Store : in init
06-04 15:04:46.590 476 476 D ConnectivityModuleConnector: Networking module service start requested
06-04 15:04:46.590 375 414 V C2Store : loading dll
06-04 15:04:46.592 262 262 I EventThread: type=1400 audit(0.0:326): avc: denied { search } for name="extcon" dev="sysfs" ino=18109 scontext=u:r:hal_tv_cec_default:s0 tcontext=u:object_r:sysfs_extcon:s0 tclass=dir permissive=1
06-04 15:04:46.594 476 476 I SystemServerTiming: MakeCountryDetectionServiceReady
06-04 15:04:46.594 244 244 D Zygote : Forked child process 753
06-04 15:04:46.595 476 476 I SystemServerTiming: MakeNetworkTimeUpdateReady
06-04 15:04:46.596 476 539 I ActivityManager: app.processName = com.android.networkstack.process
06-04 15:04:46.596 476 539 I ActivityManager: Start proc 753:com.android.networkstack.process/1073 for service {com.android.networkstack/com.android.server.NetworkStackService}
06-04 15:04:46.605 375 414 V C2Store : in ~ComponentModule
06-04 15:04:46.605 375 414 V C2Store : unloading dll
06-04 15:04:46.605 375 414 V C2Store : in init
06-04 15:04:46.605 375 414 V C2Store : loading dll
06-04 15:04:46.605 753 753 I Zygote : seccomp disabled by setenforce 0
06-04 15:04:46.615 375 414 V C2Store : in ~ComponentModule
06-04 15:04:46.616 375 414 V C2Store : unloading dll
06-04 15:04:46.616 375 414 V C2Store : in init
06-04 15:04:46.616 375 414 V C2Store : loading dll
06-04 15:04:46.616 476 537 W BestClock: java.time.DateTimeException: Missing NTP fix
06-04 15:04:46.625 476 537 W BestClock: java.time.DateTimeException: Missing NTP fix
06-04 15:04:46.626 476 476 D ConnectivityService: requestNetwork for uid/pid:1000/476 activeRequest: null callbackRequest: 16 [NetworkRequest [ REQUEST id=17, [ Capabilities: INTERNET&NOT_RESTRICTED&TRUSTED&NOT_VCN_MANAGED Uid: 1000 RequestorUid: 1000 RequestorPkg: android] ]] callback flags: 0 priority: 2147483647
06-04 15:04:46.626 476 606 W BestClock: java.time.DateTimeException: Missing NTP fix
06-04 15:04:46.627 476 615 D ConnectivityService: NetReassign [no changes]
06-04 15:04:46.628 476 651 D PPPOE : got request NetworkRequest [ REQUEST id=17, [ Capabilities: INTERNET&NOT_RESTRICTED&TRUSTED&NOT_VCN_MANAGED Uid: 1000 RequestorUid: 1000 RequestorPkg: android] ]
06-04 15:04:46.628 476 606 W BestClock: java.time.DateTimeException: Missing NTP fix
06-04 15:04:46.628 375 414 V C2Store : in ~ComponentModule
06-04 15:04:46.628 375 414 V C2Store : unloading dll
06-04 15:04:46.628 375 414 V C2Store : in init
06-04 15:04:46.628 375 414 V C2Store : loading dll
06-04 15:04:46.629 476 476 I SystemServerTiming: MakeInputManagerServiceReady
06-04 15:04:46.632 476 493 I system_server: Background young concurrent copying GC freed 83035(4360KB) AllocSpace objects, 15(492KB) LOS objects, 27% free, 9675KB/12MB, paused 3.297ms total 297.331ms
06-04 15:04:46.634 476 476 I SystemServerTiming: MakeTelephonyRegistryReady
06-04 15:04:46.635 476 597 I InputReader: Reconfiguring input devices, changes=DEVICE_ALIAS |
06-04 15:04:46.637 476 476 I SystemServerTiming: MakeMediaRouterServiceReady
06-04 15:04:46.637 476 476 I SystemServerTiming: MakeMmsServiceReady
06-04 15:04:46.637 476 476 I MmsServiceBroker: Delay connecting to MmsService until an API is called
06-04 15:04:46.637 476 476 I SystemServerTiming: IncidentDaemonReady
06-04 15:04:46.639 476 476 I SystemServerTiming: MakeIncrementalServiceReady
06-04 15:04:46.640 476 476 I SystemServerTiming: getCurrentUser
06-04 15:04:46.640 476 476 I ActivityManager: Current user:0
06-04 15:04:46.640 476 476 I SystemServerTiming: ActivityManagerStartApps
06-04 15:04:46.641 476 597 I InputReader: Reconfiguring input devices, changes=KEYBOARD_LAYOUTS |
06-04 15:04:46.642 476 476 I SystemServerTiming: ssm.StartUser-0
06-04 15:04:46.642 476 476 I SystemServiceManager: Calling onStartUser 0
06-04 15:04:46.642 375 414 V C2Store : in ~ComponentModule
06-04 15:04:46.642 375 414 V C2Store : unloading dll
06-04 15:04:46.642 375 414 V C2Store : in init
06-04 15:04:46.642 375 414 V C2Store : loading dll
06-04 15:04:46.648 326 326 I rainbow_flow: type=1400 audit(0.0:327): avc: denied { ioctl } for path="/dev/spidev1.0" dev="tmpfs" ino=6194 ioctlcmd=0x6b00 scontext=u:r:init:s0 tcontext=u:object_r:device:s0 tclass=chr_file permissive=1
06-04 15:04:46.652 403 413 I adbd : jdwp connection from 753
06-04 15:04:46.655 476 476 V StorageManagerService: Package com.dangbei.lerad.leradwatcher has legacy storage
06-04 15:04:46.655 476 476 V StorageManagerService: Package com.android.cts.priv.ctsshim does not have legacy storage
06-04 15:04:46.655 476 476 V StorageManagerService: Package com.android.dynsystem does not have legacy storage
06-04 15:04:46.655 476 476 V StorageManagerService: Package com.dangbei.lerad.rocky does not have legacy storage
06-04 15:04:46.655 476 476 V StorageManagerService: Package com.android.providers.calendar does not have legacy storage
06-04 15:04:46.655 476 476 V StorageManagerService: Package com.android.tv.settings does not have legacy storage
06-04 15:04:46.655 476 476 V StorageManagerService: Package com.android.providers.media does not have legacy storage
06-04 15:04:46.655 476 476 V StorageManagerService: Package com.oranth.factory does not have legacy storage
06-04 15:04:46.655 476 476 V StorageManagerService: Package com.android.internal.systemui.navbar.gestural_wide_back does not have legacy storage
06-04 15:04:46.655 476 476 V StorageManagerService: Package com.dangbei.zhushou.os does not have legacy storage
06-04 15:04:46.656 476 476 V StorageManagerService: Package com.android.wallpapercropper does not have legacy storage
06-04 15:04:46.656 476 476 V StorageManagerService: Package com.softwinner.provision does not have legacy storage
06-04 15:04:46.656 476 476 V StorageManagerService: Package com.softwinner.awlogsettings does not have legacy storage
06-04 15:04:46.656 476 476 V StorageManagerService: Package com.android.documentsui does not have legacy storage
06-04 15:04:46.656 375 414 I mediaswcodec: missing struct descriptor #Param::CoreIndex(--004) for field values of struct #Param::CoreIndex(F-12004)
06-04 15:04:46.656 375 414 I mediaswcodec: missing struct descriptor #Param::CoreIndex(--1812) for field values of struct #Param::CoreIndex(F-11812)
06-04 15:04:46.657 476 476 V StorageManagerService: Package com.sohu.inputmethod.sogou.tv has legacy storage
06-04 15:04:46.657 476 476 V StorageManagerService: Package com.android.externalstorage does not have legacy storage
06-04 15:04:46.657 476 476 V StorageManagerService: Package com.android.htmlviewer does not have legacy storage
06-04 15:04:46.657 476 476 V StorageManagerService: Package com.android.companiondevicemanager does not have legacy storage
06-04 15:04:46.658 476 476 V StorageManagerService: Package com.android.mms.service does not have legacy storage
06-04 15:04:46.658 476 476 V StorageManagerService: Package com.android.providers.downloads does not have legacy storage
06-04 15:04:46.658 476 476 V StorageManagerService: Package com.android.providers.tv does not have legacy storage
06-04 15:04:46.658 476 476 V StorageManagerService: Package com.android.internal.systemui.onehanded.gestural does not have legacy storage
06-04 15:04:46.658 476 476 V StorageManagerService: Package com.oranth.ledstatus does not have legacy storage
06-04 15:04:46.658 476 476 V StorageManagerService: Package com.dangbei.lerad.videoposter has legacy storage
06-04 15:04:46.659 476 476 V StorageManagerService: Package com.android.providers.downloads.ui does not have legacy storage
06-04 15:04:46.659 476 476 V StorageManagerService: Package com.android.pacprocessor does not have legacy storage
06-04 15:04:46.659 476 476 V StorageManagerService: Package com.android.simappdialog does not have legacy storage
06-04 15:04:46.659 476 476 V StorageManagerService: Package com.android.networkstack does not have legacy storage
06-04 15:04:46.659 476 476 V StorageManagerService: Package com.android.connectivity.resources does not have legacy storage
06-04 15:04:46.660 476 476 V StorageManagerService: Package com.android.modulemetadata does not have legacy storage
06-04 15:04:46.660 476 476 V StorageManagerService: Package com.android.certinstaller does not have legacy storage
06-04 15:04:46.660 476 476 V StorageManagerService: Package com.android.carrierconfig does not have legacy storage
06-04 15:04:46.660 476 476 V StorageManagerService: Package com.google.android.apps.searchlite.overlay does not have legacy storage
06-04 15:04:46.660 476 476 V StorageManagerService: Package com.android.internal.systemui.navbar.threebutton does not have legacy storage
06-04 15:04:46.660 476 476 V StorageManagerService: Package android does not have legacy storage
06-04 15:04:46.660 476 476 V StorageManagerService: Package com.google.android.networkstackconfig does not have legacy storage
06-04 15:04:46.660 476 476 V StorageManagerService: Package com.softwinner.settingssetup does not have legacy storage
06-04 15:04:46.660 476 476 V StorageManagerService: Package com.android.egg does not have legacy storage
06-04 15:04:46.660 476 537 W BestClock: java.time.DateTimeException: Missing NTP fix
06-04 15:04:46.661 476 476 V StorageManagerService: Package com.android.mtp does not have legacy storage
06-04 15:04:46.661 476 476 V StorageManagerService: Package com.android.backupconfirm does not have legacy storage
06-04 15:04:46.661 476 476 V StorageManagerService: Package com.softwinner.timerswitch does not have legacy storage
06-04 15:04:46.661 476 476 V StorageManagerService: Package com.android.statementservice does not have legacy storage
06-04 15:04:46.661 476 476 V StorageManagerService: Package com.dangbei.screencast has legacy storage
06-04 15:04:46.662 476 476 V StorageManagerService: Package com.android.settings.intelligence does not have legacy storage
06-04 15:04:46.662 476 476 V StorageManagerService: Package com.android.internal.systemui.navbar.gestural_extra_wide_back does not have legacy storage
06-04 15:04:46.662 476 476 V StorageManagerService: Package com.dangbei.leard.leradlauncher does not have legacy storage
06-04 15:04:46.662 476 476 V StorageManagerService: Package com.android.providers.settings does not have legacy storage
06-04 15:04:46.662 476 476 V StorageManagerService: Package com.android.sharedstoragebackup does not have legacy storage
06-04 15:04:46.662 476 476 V StorageManagerService: Package com.android.printspooler does not have legacy storage
06-04 15:04:46.662 476 476 V StorageManagerService: Package com.android.dreams.basic does not have legacy storage
06-04 15:04:46.663 375 414 V C2Store : in ~ComponentModule
06-04 15:04:46.663 476 476 V StorageManagerService: Package com.android.webview does not have legacy storage
06-04 15:04:46.664 375 414 V C2Store : unloading dll
06-04 15:04:46.664 476 476 V StorageManagerService: Package com.android.se does not have legacy storage
06-04 15:04:46.664 476 476 V StorageManagerService: Package com.android.tv does not have legacy storage
06-04 15:04:46.664 375 414 V C2Store : in init
06-04 15:04:46.664 375 414 V C2Store : loading dll
06-04 15:04:46.664 476 476 V StorageManagerService: Package com.android.inputdevices does not have legacy storage
06-04 15:04:46.665 476 476 V StorageManagerService: Package com.android.bips does not have legacy storage
06-04 15:04:46.665 476 476 V StorageManagerService: Package com.oranth.inputmacsn does not have legacy storage
06-04 15:04:46.665 476 476 V StorageManagerService: Package com.android.musicfx does not have legacy storage
06-04 15:04:46.665 476 476 V StorageManagerService: Package com.dangbei.hqguide does not have legacy storage
06-04 15:04:46.665 476 476 V StorageManagerService: Package android.ext.shared does not have legacy storage
06-04 15:04:46.668 476 572 D CompatibilityChangeReporter: Compat change id reported: 168419799; UID 1073; state: DISABLED
06-04 15:04:46.671 476 537 W BestClock: java.time.DateTimeException: Missing NTP fix
06-04 15:04:46.672 476 476 V StorageManagerService: Package com.android.onetimeinitializer does not have legacy storage
06-04 15:04:46.672 476 476 V StorageManagerService: Package com.android.keychain does not have legacy storage
06-04 15:04:46.673 476 476 V StorageManagerService: Package com.android.printservice.recommendation does not have legacy storage
06-04 15:04:46.673 476 476 V StorageManagerService: Package com.google.android.networkstack.tetheringconfig does not have legacy storage
06-04 15:04:46.673 476 476 V StorageManagerService: Package android.ext.services does not have legacy storage
06-04 15:04:46.673 476 476 V StorageManagerService: Package com.android.wifi.resources does not have legacy storage
06-04 15:04:46.674 476 476 V StorageManagerService: Package com.android.localtransport does not have legacy storage
06-04 15:04:46.674 476 476 V StorageManagerService: Package com.android.packageinstaller does not have legacy storage
06-04 15:04:46.674 476 476 V StorageManagerService: Package com.android.theme.font.notoserifsource does not have legacy storage
06-04 15:04:46.674 476 476 V StorageManagerService: Package com.android.proxyhandler does not have legacy storage
06-04 15:04:46.675 375 414 V C2Store : in ~ComponentModule
06-04 15:04:46.675 375 414 V C2Store : unloading dll
06-04 15:04:46.675 375 414 V C2Store : in init
06-04 15:04:46.675 375 414 V C2Store : loading dll
06-04 15:04:46.676 476 476 V StorageManagerService: Package com.softwinner.screenshot does not have legacy storage
06-04 15:04:46.676 476 476 V StorageManagerService: Package com.android.managedprovisioning does not have legacy storage
06-04 15:04:46.676 476 476 V StorageManagerService: Package com.oranth.usbopenft does not have legacy storage
06-04 15:04:46.676 476 572 D CompatibilityChangeReporter: Compat change id reported: 168419799; UID 1073; state: DISABLED
06-04 15:04:46.676 476 476 V StorageManagerService: Package com.android.networkstack.tethering does not have legacy storage
06-04 15:04:46.679 476 606 W BestClock: java.time.DateTimeException: Missing NTP fix
06-04 15:04:46.680 476 606 W BestClock: java.time.DateTimeException: Missing NTP fix
06-04 15:04:46.680 476 476 V StorageManagerService: Package com.android.soundpicker does not have legacy storage
06-04 15:04:46.682 476 476 V StorageManagerService: Package com.dangbei.lerad.etna.haqu does not have legacy storage
06-04 15:04:46.682 476 476 V StorageManagerService: Package com.allwinnertech.packageoverride does not have legacy storage
06-04 15:04:46.683 476 476 V StorageManagerService: Package com.android.smspush does not have legacy storage
06-04 15:04:46.683 476 476 V StorageManagerService: Package com.android.wallpaper.livepicker does not have legacy storage
06-04 15:04:46.683 476 476 V StorageManagerService: Package com.tv.filemanager.os has legacy storage
06-04 15:04:46.683 476 476 V StorageManagerService: Package com.oranth.powerwindow does not have legacy storage
06-04 15:04:46.683 476 476 V StorageManagerService: Package com.android.storagemanager does not have legacy storage
06-04 15:04:46.683 476 476 V StorageManagerService: Package com.android.bookmarkprovider does not have legacy storage
06-04 15:04:46.683 476 476 V StorageManagerService: Package com.android.networkstack.permissionconfig does not have legacy storage
06-04 15:04:46.683 476 476 V StorageManagerService: Package com.android.cts.ctsshim does not have legacy storage
06-04 15:04:46.683 476 476 V StorageManagerService: Package com.dangbei.lerad.screensaver does not have legacy storage
06-04 15:04:46.683 375 414 V C2Store : in ~ComponentModule
06-04 15:04:46.683 375 414 V C2Store : unloading dll
06-04 15:04:46.683 476 476 V StorageManagerService: Package com.android.remoteprovisioner does not have legacy storage
06-04 15:04:46.683 476 476 V StorageManagerService: Package com.softwinner.theme.icon does not have legacy storage
06-04 15:04:46.683 375 414 V C2Store : in init
06-04 15:04:46.683 375 414 V C2Store : loading dll
06-04 15:04:46.683 476 476 V StorageManagerService: Package com.android.wallpaper does not have legacy storage
06-04 15:04:46.684 476 476 V StorageManagerService: Package com.android.vpndialogs does not have legacy storage
06-04 15:04:46.684 476 476 V StorageManagerService: Package com.android.music does not have legacy storage
06-04 15:04:46.684 476 476 V StorageManagerService: Package com.android.shell does not have legacy storage
06-04 15:04:46.684 476 476 V StorageManagerService: Package com.android.wallpaperbackup does not have legacy storage
06-04 15:04:46.684 476 476 V StorageManagerService: Package com.android.providers.blockednumber does not have legacy storage
06-04 15:04:46.684 476 476 V StorageManagerService: Package com.android.providers.userdictionary does not have legacy storage
06-04 15:04:46.684 476 476 V StorageManagerService: Package com.android.providers.media.module does not have legacy storage
06-04 15:04:46.684 476 476 V StorageManagerService: Package com.softwinner.theme.color does not have legacy storage
06-04 15:04:46.684 476 476 V StorageManagerService: Package com.oranth.storage does not have legacy storage
06-04 15:04:46.684 476 476 V StorageManagerService: Package com.android.hotspot2.osulogin does not have legacy storage
06-04 15:04:46.684 476 476 V StorageManagerService: Package com.android.internal.systemui.navbar.gestural does not have legacy storage
06-04 15:04:46.684 476 476 V StorageManagerService: Package com.android.location.fused does not have legacy storage
06-04 15:04:46.684 476 476 V StorageManagerService: Package com.android.systemui does not have legacy storage
06-04 15:04:46.684 476 476 V StorageManagerService: Package com.dangbei.haqusetting does not have legacy storage
06-04 15:04:46.685 476 476 V StorageManagerService: Package com.android.bluetoothmidiservice does not have legacy storage
06-04 15:04:46.685 476 476 V StorageManagerService: Package com.softwinner.awmanager does not have legacy storage
06-04 15:04:46.685 476 476 V StorageManagerService: Package com.android.permissioncontroller does not have legacy storage
06-04 15:04:46.685 476 476 V StorageManagerService: Package com.softwinner.miracastReceiver does not have legacy storage
06-04 15:04:46.685 476 476 V StorageManagerService: Package com.android.traceur does not have legacy storage
06-04 15:04:46.685 476 476 V StorageManagerService: Package com.android.bluetooth does not have legacy storage
06-04 15:04:46.685 476 476 V StorageManagerService: Package com.android.providers.contacts does not have legacy storage
06-04 15:04:46.685 476 476 V StorageManagerService: Package com.android.captiveportallogin does not have legacy storage
06-04 15:04:46.685 476 476 V StorageManagerService: Package com.android.internal.systemui.navbar.gestural_narrow_back does not have legacy storage
06-04 15:04:46.685 476 476 V StorageManagerService: Package android.auto_generated_rro_vendor__ does not have legacy storage
06-04 15:04:46.686 666 666 V AdapterServiceConfig: Adding HeadsetService
06-04 15:04:46.686 666 666 V AdapterServiceConfig: Adding A2dpService
06-04 15:04:46.686 666 666 V AdapterServiceConfig: Adding HidHostService
06-04 15:04:46.686 666 666 V AdapterServiceConfig: Adding PanService
06-04 15:04:46.686 666 666 V AdapterServiceConfig: Adding GattService
06-04 15:04:46.687 666 666 V AdapterServiceConfig: Adding BluetoothMapService
06-04 15:04:46.687 666 666 V AdapterServiceConfig: Adding AvrcpTargetService
06-04 15:04:46.687 666 666 V AdapterServiceConfig: Adding HidDeviceService
06-04 15:04:46.687 666 666 V AdapterServiceConfig: Adding BluetoothOppService
06-04 15:04:46.687 666 666 V AdapterServiceConfig: Adding BluetoothPbapService
06-04 15:04:46.687 753 753 D CompatibilityChangeReporter: Compat change id reported: 171979766; UID 1073; state: ENABLED
06-04 15:04:46.691 375 414 V C2Store : in ~ComponentModule
06-04 15:04:46.691 476 476 W VoiceInteractionManager: no available voice recognition services found for user 0
06-04 15:04:46.691 244 244 W Zygote : forkRepeatedly terminated due to non-simple command
06-04 15:04:46.692 244 244 D Zygote : mbuffer starts with 14, nice name is webview_zygote, mEnd = 401, mNext = 159, mLinesLeft = 6, mFd = 4
06-04 15:04:46.692 476 476 W AppBindingService: [Default SMS app] u0 Target package not found
06-04 15:04:46.693 375 414 V C2Store : unloading dll
06-04 15:04:46.694 375 414 V C2Store : in init
06-04 15:04:46.694 375 414 V C2Store : loading dll
06-04 15:04:46.694 476 476 V GameManagerService: Settings file doesn't exists, skip reading
06-04 15:04:46.695 476 476 I SystemServerTiming: startPersistentApps
06-04 15:04:46.697 476 476 D CompatibilityChangeReporter: Compat change id reported: 135634846; UID 1068; state: DISABLED
06-04 15:04:46.699 476 476 I SystemServerTiming: startHomeOnAllDisplays
06-04 15:04:46.701 476 476 I ActivityStarter: ---START u0 {act=android.intent.action.MAIN cat=[android.intent.category.HOME] flg=0x10000100 cmp=com.android.tv.settings/.system.FallbackHome (has extras)} from uid 0
06-04 15:04:46.702 375 414 V C2Store : in ~ComponentModule
06-04 15:04:46.702 375 414 V C2Store : unloading dll
06-04 15:04:46.702 375 414 V C2Store : in init
06-04 15:04:46.702 375 414 V C2Store : loading dll
06-04 15:04:46.706 476 537 W BestClock: java.time.DateTimeException: Missing NTP fix
06-04 15:04:46.710 476 537 W BestClock: java.time.DateTimeException: Missing NTP fix
06-04 15:04:46.711 712 712 I WebViewLoader-: System.exit called, status: 0
06-04 15:04:46.711 712 712 I AndroidRuntime: VM exiting with result code 0, cleanup skipped.
06-04 15:04:46.723 244 244 D Zygote : Forked child process 777
06-04 15:04:46.724 674 674 I ndroid.systemui: type=1400 audit(0.0:328): avc: denied { search } for name="com.android.systemui" dev="mmcblk0p25" ino=486 scontext=u:r:platform_app:s0:c512,c768 tcontext=u:object_r:app_data_file:s0:c512,c768 tclass=dir permissive=1 app=com.softwinner.screenshot
06-04 15:04:46.728 476 711 W ZygoteProcess: Got error connecting to zygote, retrying. msg= Connection refused
06-04 15:04:46.730 674 674 V GraphicsEnvironment: ANGLE Developer option for 'com.android.systemui' set to: 'default'
06-04 15:04:46.731 674 674 V GraphicsEnvironment: Neither updatable production driver nor prerelease driver is supported.
06-04 15:04:46.737 777 777 I Zygote : seccomp disabled by setenforce 0
06-04 15:04:46.741 674 674 D NetworkSecurityConfig: No Network Security Config specified, using platform default
06-04 15:04:46.742 476 537 W BestClock: java.time.DateTimeException: Missing NTP fix
06-04 15:04:46.745 476 537 W BestClock: java.time.DateTimeException: Missing NTP fix
06-04 15:04:46.746 375 414 V C2Store : in ~ComponentModule
06-04 15:04:46.746 375 414 V C2Store : unloading dll
06-04 15:04:46.746 375 414 V C2Store : in init
06-04 15:04:46.746 375 414 V C2Store : loading dll
06-04 15:04:46.747 674 674 D NetworkSecurityConfig: No Network Security Config specified, using platform default
06-04 15:04:46.754 244 244 D Zygote : Forked child process 787
06-04 15:04:46.756 244 244 I Zygote : Process 712 exited cleanly (0)
06-04 15:04:46.757 375 414 V C2Store : in ~ComponentModule
06-04 15:04:46.757 375 414 V C2Store : unloading dll
06-04 15:04:46.757 375 414 V C2Store : in init
06-04 15:04:46.757 375 414 V C2Store : loading dll
06-04 15:04:46.757 777 777 I WebViewZygoteInit: Starting WebViewZygoteInit
06-04 15:04:46.758 476 539 W ActivityManager: Slow operation: 62ms so far, now at startProcess: returned from zygote!
06-04 15:04:46.760 777 777 I Zygote : seccomp disabled by setenforce 0
06-04 15:04:46.764 787 787 I Zygote : seccomp disabled by setenforce 0
06-04 15:04:46.768 375 414 V C2Store : in ~ComponentModule
06-04 15:04:46.768 375 414 V C2Store : unloading dll
06-04 15:04:46.768 375 414 V C2Store : in init
06-04 15:04:46.768 375 414 V C2Store : loading dll
06-04 15:04:46.770 753 753 V GraphicsEnvironment: ANGLE Developer option for 'com.android.networkstack' set to: 'default'
06-04 15:04:46.770 753 753 V GraphicsEnvironment: Neither updatable production driver nor prerelease driver is supported.
06-04 15:04:46.772 753 753 D NetworkSecurityConfig: No Network Security Config specified, using platform default
06-04 15:04:46.772 674 674 V SystemUIService: SystemUIApplication constructed.
06-04 15:04:46.775 753 753 D NetworkSecurityConfig: No Network Security Config specified, using platform default
06-04 15:04:46.781 476 537 W BestClock: java.time.DateTimeException: Missing NTP fix
06-04 15:04:46.786 375 414 V C2Store : in ~ComponentModule
06-04 15:04:46.786 375 414 V C2Store : unloading dll
06-04 15:04:46.786 375 414 V C2Store : in init
06-04 15:04:46.786 375 414 V C2Store : loading dll
06-04 15:04:46.790 476 537 W BestClock: java.time.DateTimeException: Missing NTP fix
06-04 15:04:46.791 403 413 I adbd : jdwp connection from 787
06-04 15:04:46.792 777 777 I WebViewZygoteInit: Beginning application preload for com.android.webview
06-04 15:04:46.802 375 414 I mediaswcodec: missing struct descriptor #Param::CoreIndex(--004) for field values of struct #Param::CoreIndex(F-12004)
06-04 15:04:46.804 777 777 D nativeloader: classloader namespace configured for unbundled product apk. library_path=/product/app/webview/lib/arm:/product/app/webview/webview.apk!/lib/armeabi-v7a:/product/lib:/system/product/lib
06-04 15:04:46.804 375 414 D C2SoftHevcEnc: Given level 6000 does not cover current configuration: adjusting to 6001
06-04 15:04:46.810 375 414 V C2Store : in ~ComponentModule
06-04 15:04:46.810 375 414 V C2Store : unloading dll
06-04 15:04:46.810 375 414 V C2Store : in init
06-04 15:04:46.810 375 414 V C2Store : loading dll
06-04 15:04:46.821 375 414 V C2Store : in ~ComponentModule
06-04 15:04:46.821 375 414 V C2Store : unloading dll
06-04 15:04:46.822 375 414 V C2Store : in init
06-04 15:04:46.822 375 414 V C2Store : loading dll
06-04 15:04:46.824 674 674 I ndroid.systemui: type=1400 audit(0.0:329): avc: denied { search } for name="com.android.systemui" dev="mmcblk0p25" ino=486 scontext=u:r:platform_app:s0:c512,c768 tcontext=u:object_r:app_data_file:s0:c512,c768 tclass=dir permissive=1 app=com.softwinner.screenshot
06-04 15:04:46.825 476 476 D CompatibilityChangeReporter: Compat change id reported: 174042980; UID 1000; state: DISABLED
06-04 15:04:46.824 674 674 I ndroid.systemui: type=1400 audit(0.0:330): avc: denied { getattr } for path="/data/user_de/0/com.android.systemui/cache" dev="mmcblk0p25" ino=487 scontext=u:r:platform_app:s0:c512,c768 tcontext=u:object_r:app_data_file:s0:c512,c768 tclass=dir permissive=1 app=com.softwinner.screenshot
06-04 15:04:46.827 476 499 W StorageManagerService: No primary storage defined yet; hacking together a stub
06-04 15:04:46.831 476 537 W BestClock: java.time.DateTimeException: Missing NTP fix
06-04 15:04:46.834 476 520 W IorapForwardingService: No service published for: iorapd
06-04 15:04:46.837 476 537 W BestClock: java.time.DateTimeException: Missing NTP fix
06-04 15:04:46.840 375 414 V C2Store : in ~ComponentModule
06-04 15:04:46.840 375 414 V C2Store : unloading dll
06-04 15:04:46.840 375 414 V C2Store : in init
06-04 15:04:46.840 375 414 V C2Store : loading dll
06-04 15:04:46.847 476 476 D libcheckfile: checkfile_init
06-04 15:04:46.848 476 476 D ActivityTaskManager: isHomeLauncher info= ActivityInfo{9e80af2 com.android.tv.settings.system.FallbackHome}
06-04 15:04:46.848 375 414 V C2Store : in ~ComponentModule
06-04 15:04:46.848 375 414 V C2Store : unloading dll
06-04 15:04:46.848 375 414 V C2Store : in init
06-04 15:04:46.848 375 414 V C2Store : loading dll
06-04 15:04:46.856 476 476 W System.err: java.io.IOException: Cannot run program "su": error=2, No such file or directory
06-04 15:04:46.860 375 414 V C2Store : in ~ComponentModule
06-04 15:04:46.860 375 414 V C2Store : unloading dll
06-04 15:04:46.861 375 414 V C2Store : in init
06-04 15:04:46.861 375 414 V C2Store : loading dll
06-04 15:04:46.864 666 666 E droid.bluetoot: [0604/150446.863815:ERROR:hal_version_manager.h(125)] HalVersionManager No supported HAL version
06-04 15:04:46.864 326 326 I rainbow_flow: type=1400 audit(0.0:331): avc: denied { ioctl } for path="/dev/spidev1.0" dev="tmpfs" ino=6194 ioctlcmd=0x6b00 scontext=u:r:init:s0 tcontext=u:object_r:device:s0 tclass=chr_file permissive=1
06-04 15:04:46.866 476 476 W System.err: at java.lang.ProcessBuilder.start(ProcessBuilder.java:1050)
06-04 15:04:46.866 476 476 W System.err: at java.lang.Runtime.exec(Runtime.java:694)
06-04 15:04:46.866 476 476 W System.err: at java.lang.Runtime.exec(Runtime.java:524)
06-04 15:04:46.866 476 476 W System.err: at java.lang.Runtime.exec(Runtime.java:421)
06-04 15:04:46.867 476 476 W System.err: at com.android.server.wm.ActivityRecord.executeCMD(ActivityRecord.java:5940)
06-04 15:04:46.867 476 476 W System.err: at com.android.server.wm.ActivityRecord.isHomeLauncher(ActivityRecord.java:2431)
06-04 15:04:46.867 476 476 W System.err: at com.android.server.wm.RootWindowContainer.startPowerModeLaunchIfNeeded(RootWindowContainer.java:3653)
06-04 15:04:46.867 476 476 W System.err: at com.android.server.wm.ActivityStarter.startActivityInner(ActivityStarter.java:1786)
06-04 15:04:46.867 476 476 W System.err: at com.android.server.wm.ActivityStarter.startActivityUnchecked(ActivityStarter.java:1579)
06-04 15:04:46.867 476 476 W System.err: at com.android.server.wm.ActivityStarter.executeRequest(ActivityStarter.java:1186)
06-04 15:04:46.867 476 476 W System.err: at com.android.server.wm.ActivityStarter.execute(ActivityStarter.java:667)
06-04 15:04:46.867 476 476 W System.err: at com.android.server.wm.ActivityStartController.startHomeActivity(ActivityStartController.java:177)
06-04 15:04:46.867 476 476 W System.err: at com.android.server.wm.RootWindowContainer.startHomeOnTaskDisplayArea(RootWindowContainer.java:1565)
06-04 15:04:46.867 476 476 W System.err: at com.android.server.wm.RootWindowContainer.lambda$startHomeOnDisplay$12$RootWindowContainer(RootWindowContainer.java:1506)
06-04 15:04:46.867 476 476 W System.err: at com.android.server.wm.RootWindowContainer$$ExternalSyntheticLambda10.apply(Unknown Source:16)
06-04 15:04:46.867 476 476 W System.err: at com.android.server.wm.TaskDisplayArea.reduceOnAllTaskDisplayAreas(TaskDisplayArea.java:543)
06-04 15:04:46.867 476 476 W System.err: at com.android.server.wm.DisplayArea.reduceOnAllTaskDisplayAreas(DisplayArea.java:392)
06-04 15:04:46.867 476 476 W System.err: at com.android.server.wm.DisplayArea.reduceOnAllTaskDisplayAreas(DisplayArea.java:392)
06-04 15:04:46.867 476 476 W System.err: at com.android.server.wm.DisplayArea.reduceOnAllTaskDisplayAreas(DisplayArea.java:392)
06-04 15:04:46.867 476 476 W System.err: at com.android.server.wm.DisplayArea.reduceOnAllTaskDisplayAreas(DisplayArea.java:392)
06-04 15:04:46.867 476 476 W System.err: at com.android.server.wm.DisplayArea.reduceOnAllTaskDisplayAreas(DisplayArea.java:392)
06-04 15:04:46.867 476 476 W System.err: at com.android.server.wm.WindowContainer.reduceOnAllTaskDisplayAreas(WindowContainer.java:2018)
06-04 15:04:46.867 476 476 W System.err: at com.android.server.wm.RootWindowContainer.startHomeOnDisplay(RootWindowContainer.java:1505)
06-04 15:04:46.867 476 476 W System.err: at com.android.server.wm.RootWindowContainer.startHomeOnDisplay(RootWindowContainer.java:1492)
06-04 15:04:46.867 476 476 W System.err: at com.android.server.wm.RootWindowContainer.startHomeOnAllDisplays(RootWindowContainer.java:1477)
06-04 15:04:46.867 476 476 W System.err: at com.android.server.wm.ActivityTaskManagerService$LocalService.startHomeOnAllDisplays(ActivityTaskManagerService.java:5728)
06-04 15:04:46.867 476 476 W System.err: at com.android.server.am.ActivityManagerService.systemReady(ActivityManagerService.java:7748)
06-04 15:04:46.867 476 476 W System.err: at com.android.server.SystemServer.startOtherServices(SystemServer.java:2798)
06-04 15:04:46.867 476 476 W System.err: at com.android.server.SystemServer.run(SystemServer.java:928)
06-04 15:04:46.867 476 476 W System.err: at com.android.server.SystemServer.main(SystemServer.java:628)
06-04 15:04:46.867 476 476 W System.err: at java.lang.reflect.Method.invoke(Native Method)
06-04 15:04:46.867 476 476 W System.err: at com.android.internal.os.RuntimeInit$MethodAndArgsCaller.run(RuntimeInit.java:548)
06-04 15:04:46.867 476 476 W System.err: at com.android.internal.os.ZygoteInit.main(ZygoteInit.java:1160)
06-04 15:04:46.868 476 476 W System.err: Caused by: java.io.IOException: error=2, No such file or directory
06-04 15:04:46.868 476 476 W System.err: at java.lang.UNIXProcess.forkAndExec(Native Method)
06-04 15:04:46.868 476 476 W System.err: at java.lang.UNIXProcess.(UNIXProcess.java:133)
06-04 15:04:46.868 476 476 W System.err: at java.lang.ProcessImpl.start(ProcessImpl.java:141)
06-04 15:04:46.868 476 476 W System.err: at java.lang.ProcessBuilder.start(ProcessBuilder.java:1029)
06-04 15:04:46.868 476 476 W System.err: ... 32 more
06-04 15:04:46.868 261 261 I AW_PowerHAL: Power setMode: SUSTAINED_PERFORMANCE to: 1
06-04 15:04:46.869 261 261 W AW_PowerHAL: Could not open nsi-bw: No such file or directory
06-04 15:04:46.869 261 261 I AW_PowerHAL: cur-mode:PERFORMANCE
06-04 15:04:46.873 666 666 I droid.bluetoot: [0604/150446.873559:INFO:btif_config_cache.cc(61)] BtifConfigCache, capacity: 10000
06-04 15:04:46.876 476 476 I SystemServerTiming: showSystemReadyErrorDialogs
06-04 15:04:46.876 476 476 I system_server: getFrameworkHalManifest: Reading VINTF information.
06-04 15:04:46.879 476 537 W BestClock: java.time.DateTimeException: Missing NTP fix
06-04 15:04:46.880 476 476 I system_server: getDeviceHalManifest: Reading VINTF information.
06-04 15:04:46.881 375 414 V C2Store : in ~ComponentModule
06-04 15:04:46.882 375 414 V C2Store : unloading dll
06-04 15:04:46.882 375 414 V C2Store : in init
06-04 15:04:46.882 375 414 V C2Store : loading dll
06-04 15:04:46.885 476 537 W BestClock: java.time.DateTimeException: Missing NTP fix
06-04 15:04:46.887 476 476 I system_server: getDeviceHalManifest: Successfully processed VINTF information
06-04 15:04:46.887 476 476 I system_server: getFrameworkHalManifest: Successfully processed VINTF information
06-04 15:04:46.887 476 476 I system_server: getFrameworkCompatibilityMatrix: Reading VINTF information.
06-04 15:04:46.890 375 414 V C2Store : in ~ComponentModule
06-04 15:04:46.890 375 414 V C2Store : unloading dll
06-04 15:04:46.891 375 414 V C2Store : in init
06-04 15:04:46.891 375 414 V C2Store : loading dll
06-04 15:04:46.901 375 414 V C2Store : in ~ComponentModule
06-04 15:04:46.901 375 414 V C2Store : unloading dll
06-04 15:04:46.901 375 414 V C2Store : in init
06-04 15:04:46.901 375 414 V C2Store : loading dll
06-04 15:04:46.906 375 414 V C2Store : in ~ComponentModule
06-04 15:04:46.906 375 414 V C2Store : unloading dll
06-04 15:04:46.906 375 414 V C2Store : in init
06-04 15:04:46.906 375 414 V C2Store : loading dll
06-04 15:04:46.914 476 537 W BestClock: java.time.DateTimeException: Missing NTP fix
06-04 15:04:46.918 476 537 W BestClock: java.time.DateTimeException: Missing NTP fix
06-04 15:04:46.923 375 414 V C2Store : in ~ComponentModule
06-04 15:04:46.923 375 414 V C2Store : unloading dll
06-04 15:04:46.923 375 414 V C2Store : in init
06-04 15:04:46.923 375 414 V C2Store : loading dll
06-04 15:04:46.926 777 777 I WebViewZygoteInit: Application preload done
06-04 15:04:46.932 666 666 I BluetoothServiceJni: hal_util_load_bt_library: loaded Bluetooth library successfully
06-04 15:04:46.932 375 414 I C2SoftVp8Enc: setting temporal layering 0 + 0
06-04 15:04:46.934 375 414 V C2Store : in ~ComponentModule
06-04 15:04:46.934 375 414 V C2Store : unloading dll
06-04 15:04:46.934 375 414 V C2Store : in init
06-04 15:04:46.934 375 414 V C2Store : loading dll
06-04 15:04:46.935 666 666 D BluetoothAdapterService: onCreate()
06-04 15:04:46.940 375 414 V C2Store : in ~ComponentModule
06-04 15:04:46.940 375 414 V C2Store : unloading dll
06-04 15:04:46.941 375 414 V C2Store : in init
06-04 15:04:46.941 375 414 V C2Store : loading dll
06-04 15:04:46.946 375 414 I C2SoftVp9Enc: setting temporal layering 0 + 0
06-04 15:04:46.949 375 414 V C2Store : in ~ComponentModule
06-04 15:04:46.949 375 414 V C2Store : unloading dll
06-04 15:04:46.951 353 471 D MediaCodecsXmlParser: parsing /apex/com.android.media.swcodec/etc/media_codecs.xml...
06-04 15:04:46.952 353 471 D MediaCodecsXmlParser: disabling c2.android.gsm.decoder
06-04 15:04:46.953 353 471 D MediaCodecsXmlParser: disabling c2.android.mpeg2.decoder
06-04 15:04:46.955 353 471 I MediaCodecsXmlParser: Did not find media_codecs_performance.xml in search path
06-04 15:04:46.955 353 471 I MediaCodecsXmlParser: Did not find media_codecs_c2.xml in search path
06-04 15:04:46.955 353 471 I MediaCodecsXmlParser: Did not find media_codecs_performance_c2.xml in search path
06-04 15:04:46.955 353 471 D MediaCodecsXmlParser: parsing /vendor/etc/media_codecs.xml...
06-04 15:04:46.956 353 471 D MediaCodecsXmlParser: parsing /vendor/etc/media_codecs_google_audio.xml...
06-04 15:04:46.956 353 471 D MediaCodecsXmlParser: unable to open media codecs configuration xml file: /vendor/etc/media_codecs_google_audio.xml
06-04 15:04:46.956 353 471 D MediaCodecsXmlParser: Setting: updating existing setting at line 97 of /vendor/etc/media_codecs.xml
06-04 15:04:46.957 476 537 W BestClock: java.time.DateTimeException: Missing NTP fix
06-04 15:04:46.958 353 471 D MediaCodecsXmlParser: parsing /vendor/etc/media_codecs_google_video.xml...
06-04 15:04:46.959 353 471 D MediaCodecsXmlParser: unable to open media codecs configuration xml file: /vendor/etc/media_codecs_google_video.xml
06-04 15:04:46.959 353 471 D MediaCodecsXmlParser: parsing /vendor/etc/media_codecs_performance.xml...
06-04 15:04:46.959 353 471 D MediaCodecsXmlParser: MediaCodec: cannot update non-existing codec: OMX.google.h264.encoder at line 25 of /vendor/etc/media_codecs_performance.xml
