06-04 15:06:35.102 1080 2469 I OpenGLRenderer: Davey! duration=9223371913853ms; Flags=0, FrameTimelineVsyncId=3960, IntendedVsync=122987557852, Vsync=122987557852, InputEventId=0, HandleInputStart=122993206891, AnimationStart=122993211808, PerformTraversalsStart=122993535975, DrawStart=122993793225, FrameDeadline=123020891184, FrameInterval=122993197475, FrameStartTime=16666666, SyncQueued=122993892933, SyncStart=123007914100, IssueDrawCommandsStart=123009082100, SwapBuffers=123014309766, FrameCompleted=9223372036854775807, DequeueBufferDuration=33042, QueueBufferDuration=8146709, GpuCompleted=9223372036854775807, SwapBuffersCompleted=123023520308, DisplayPresentTime=0,
06-04 15:06:35.117 1080 2469 I OpenGLRenderer: Davey! duration=9223371913836ms; Flags=0, FrameTimelineVsyncId=3961, IntendedVsync=123004222463, Vsync=123004222463, InputEventId=0, HandleInputStart=123009525641, AnimationStart=123009527558, PerformTraversalsStart=123009857683, DrawStart=123010070141, FrameDeadline=123037555795, FrameInterval=123009514808, FrameStartTime=16666666, SyncQueued=123010163100, SyncStart=123024529600, IssueDrawCommandsStart=123026450058, SwapBuffers=123032545600, FrameCompleted=9223372036854775807, DequeueBufferDuration=53958, QueueBufferDuration=6238792, GpuCompleted=9223372036854775807, SwapBuffersCompleted=123039976225, DisplayPresentTime=0,
06-04 15:06:35.125 2865 2936 D nStackXCoAP: CoapMessageHandler:[133] :2.01
06-04 15:06:35.172 476 520 W IorapForwardingService: No service published for: iorapd
06-04 15:06:35.180 2865 2936 D nStackXCoAP: IsInSameNetwork:[276] :IsInSameNetwork exec
06-04 15:06:35.180 2865 2936 I nStackXDFinder: GetLocalInterfaceDetail:[461] :GetLocalInterfaceDetail in
06-04 15:06:35.180 2865 2936 E nStackXCoAP: IsInSameNetwork:[281] :IsInSameNetwork: not priority process
06-04 15:06:35.183 2865 2936 D nStackXCoAP: ParseServiceDiscover:[330] :new device join
06-04 15:06:35.183 2865 2936 E nStackXDFinder: GetLocalIp:[401] :GetLocalIp exec
06-04 15:06:35.188 2865 2936 D nStackXCoAP: IsInSameNetwork:[276] :IsInSameNetwork exec
06-04 15:06:35.188 2865 2936 I nStackXDFinder: GetLocalInterfaceDetail:[461] :GetLocalInterfaceDetail in
06-04 15:06:35.188 2865 2936 E nStackXCoAP: IsInSameNetwork:[281] :IsInSameNetwork: not priority process
06-04 15:06:35.188 2865 2936 D nStackXCoAP: ParseServiceDiscover:[330] :new device join
06-04 15:06:35.188 2865 2936 E nStackXDFinder: GetLocalIp:[401] :GetLocalIp exec
06-04 15:06:35.218 1080 2469 I OpenGLRenderer: Davey! duration=9223371913745ms; Flags=0, FrameTimelineVsyncId=3973, IntendedVsync=123103538111, Vsync=123103538111, InputEventId=0, HandleInputStart=123114196266, AnimationStart=123114200100, PerformTraversalsStart=123114702016, DrawStart=123114914641, FrameDeadline=123136871443, FrameInterval=123114186433, FrameStartTime=16666666, SyncQueued=123115010225, SyncStart=123120442600, IssueDrawCommandsStart=123124585183, SwapBuffers=123133784141, FrameCompleted=9223372036854775807, DequeueBufferDuration=863167, QueueBufferDuration=1093500, GpuCompleted=9223372036854775807, SwapBuffersCompleted=123135826766, DisplayPresentTime=0,
06-04 15:06:35.599 2865 2936 D nStackXCoAP: IsInSameNetwork:[276] :IsInSameNetwork exec
06-04 15:06:35.599 2865 2936 I nStackXDFinder: GetLocalInterfaceDetail:[461] :GetLocalInterfaceDetail in
06-04 15:06:35.601 2865 2936 E nStackXCoAP: IsInSameNetwork:[281] :IsInSameNetwork: not priority process
06-04 15:06:35.601 2865 2936 D nStackXCoAP: ParseServiceDiscover:[330] :new device join
06-04 15:06:35.601 2865 2936 E nStackXDFinder: GetLocalIp:[401] :GetLocalIp exec
06-04 15:06:35.603 1080 2469 I OpenGLRenderer: Davey! duration=9223371913364ms; Flags=0, FrameTimelineVsyncId=4019, IntendedVsync=123487134912, Vsync=123487134912, InputEventId=0, HandleInputStart=123493355517, AnimationStart=123493358725, PerformTraversalsStart=123494320725, DrawStart=123494854767, FrameDeadline=123520468244, FrameInterval=123493348308, FrameStartTime=16666666, SyncQueued=123495162308, SyncStart=123497864308, IssueDrawCommandsStart=123499270433, SwapBuffers=123516667100, FrameCompleted=9223372036854775807, DequeueBufferDuration=8326750, QueueBufferDuration=1632208, GpuCompleted=9223372036854775807, SwapBuffersCompleted=123519738517, DisplayPresentTime=0,
06-04 15:06:36.174 476 520 W IorapForwardingService: No service published for: iorapd
06-04 15:06:36.263 654 654 E WifiHAL : wifi_get_link_stats: requestResponse Error:-5
06-04 15:06:36.266 476 608 E WifiVendorHal: getWifiLinkLayerStats_1_5_Internal(l.1191) failed {.code = ERROR_INVALID_ARGS, .description = }
06-04 15:06:37.177 476 520 W IorapForwardingService: No service published for: iorapd
06-04 15:06:37.987 1080 2469 I OpenGLRenderer: Davey! duration=9223371910950ms; Flags=0, FrameTimelineVsyncId=4025, IntendedVsync=125903797297, Vsync=125903797297, InputEventId=0, HandleInputStart=125904599059, AnimationStart=125904604226, PerformTraversalsStart=125904878143, DrawStart=125905922226, FrameDeadline=125937130629, FrameInterval=125904589518, FrameStartTime=16666666, SyncQueued=125907189643, SyncStart=125907506268, IssueDrawCommandsStart=125908656851, SwapBuffers=125917600518, FrameCompleted=9223372036854775807, DequeueBufferDuration=66500, QueueBufferDuration=2359875, GpuCompleted=9223372036854775807, SwapBuffersCompleted=125921721643, DisplayPresentTime=0,
06-04 15:06:38.021 1080 2469 I OpenGLRenderer: Davey! duration=9223371910933ms; Flags=0, FrameTimelineVsyncId=4026, IntendedVsync=125920463963, Vsync=125920463963, InputEventId=0, HandleInputStart=125921630643, AnimationStart=125921638559, PerformTraversalsStart=125922157726, DrawStart=125925339018, FrameDeadline=125953797295, FrameInterval=125921607601, FrameStartTime=16666666, SyncQueued=125926152934, SyncStart=125926819934, IssueDrawCommandsStart=125928757809, SwapBuffers=125940900143, FrameCompleted=9223372036854775807, DequeueBufferDuration=86292, QueueBufferDuration=1302500, GpuCompleted=9223372036854775807, SwapBuffersCompleted=125943013893, DisplayPresentTime=0,
06-04 15:06:38.037 1080 1780 I OpenGLRenderer: Davey! duration=9223371910913ms; Flags=0, FrameTimelineVsyncId=4029, IntendedVsync=125937566395, Vsync=125937566395, InputEventId=0, HandleInputStart=125938656893, AnimationStart=125938661643, PerformTraversalsStart=125939174684, DrawStart=125939902309, FrameDeadline=125970899727, FrameInterval=125938646143, FrameStartTime=16666666, SyncQueued=125939996643, SyncStart=125943317351, IssueDrawCommandsStart=125944624643, SwapBuffers=125955086893, FrameCompleted=9223372036854775807, DequeueBufferDuration=58583, QueueBufferDuration=3030958, GpuCompleted=9223372036854775807, SwapBuffersCompleted=125960912268, DisplayPresentTime=0,
06-04 15:06:38.053 1080 1780 I OpenGLRenderer: Davey! duration=9223371910895ms; Flags=0, FrameTimelineVsyncId=4031, IntendedVsync=125954233061, Vsync=125954233061, InputEventId=0, HandleInputStart=125955305976, AnimationStart=125955315684, PerformTraversalsStart=125956591309, DrawStart=125957077476, FrameDeadline=125987566393, FrameInterval=125955285143, FrameStartTime=16666666, SyncQueued=125957233893, SyncStart=125961844059, IssueDrawCommandsStart=125963559851, SwapBuffers=125977240059, FrameCompleted=9223372036854775807, DequeueBufferDuration=54834, QueueBufferDuration=1601167, GpuCompleted=9223372036854775807, SwapBuffersCompleted=125980197934, DisplayPresentTime=0,
06-04 15:06:38.085 1080 1780 I OpenGLRenderer: Davey! duration=9223371910859ms; Flags=0, FrameTimelineVsyncId=4035, IntendedVsync=125987566393, Vsync=125987566393, InputEventId=0, HandleInputStart=125988806143, AnimationStart=125988813518, PerformTraversalsStart=125989215976, DrawStart=125991106809, FrameDeadline=126020899725, FrameInterval=125988792268, FrameStartTime=16666666, SyncQueued=125992403726, SyncStart=126000427809, IssueDrawCommandsStart=126001381851, SwapBuffers=126012656768, FrameCompleted=9223372036854775807, DequeueBufferDuration=57792, QueueBufferDuration=1335709, GpuCompleted=9223372036854775807, SwapBuffersCompleted=126018189726, DisplayPresentTime=0,
06-04 15:06:38.101 1080 2469 I OpenGLRenderer: Davey! duration=9223371910837ms; Flags=0, FrameTimelineVsyncId=4037, IntendedVsync=126004246592, Vsync=126004246592, InputEventId=0, HandleInputStart=126005160059, AnimationStart=126005166559, PerformTraversalsStart=126005573309, DrawStart=126005825226, FrameDeadline=126037579924, FrameInterval=126005148976, FrameStartTime=16666666, SyncQueued=126005930309, SyncStart=126018541851, IssueDrawCommandsStart=126019647893, SwapBuffers=126027982268, FrameCompleted=9223372036854775807, DequeueBufferDuration=32459, QueueBufferDuration=5648333, GpuCompleted=9223372036854775807, SwapBuffersCompleted=126034942768, DisplayPresentTime=0,
06-04 15:06:38.119 1080 1780 I OpenGLRenderer: Davey! duration=9223371910821ms; Flags=0, FrameTimelineVsyncId=4039, IntendedVsync=126020914451, Vsync=126020914451, InputEventId=0, HandleInputStart=126021605768, AnimationStart=126021609309, PerformTraversalsStart=126022232309, DrawStart=126022566059, FrameDeadline=126054247783, FrameInterval=126021596309, FrameStartTime=16666666, SyncQueued=126022708018, SyncStart=126035411059, IssueDrawCommandsStart=126036754934, SwapBuffers=126043189684, FrameCompleted=9223372036854775807, DequeueBufferDuration=46208, QueueBufferDuration=6972000, GpuCompleted=9223372036854775807, SwapBuffersCompleted=126051527309, DisplayPresentTime=0,
06-04 15:06:38.180 476 520 W IorapForwardingService: No service published for: iorapd
06-04 15:06:38.616 1080 1780 I OpenGLRenderer: Davey! duration=9223371910332ms; Flags=0, FrameTimelineVsyncId=4096, IntendedVsync=126503802506, Vsync=126503802506, InputEventId=0, HandleInputStart=126510509351, AnimationStart=126510512435, PerformTraversalsStart=126511453643, DrawStart=126511976976, FrameDeadline=126537135838, FrameInterval=126510503310, FrameStartTime=16666666, SyncQueued=126512371351, SyncStart=126530550435, IssueDrawCommandsStart=126531899476, SwapBuffers=126541723560, FrameCompleted=9223372036854775807, DequeueBufferDuration=40459, QueueBufferDuration=891208, GpuCompleted=9223372036854775807, SwapBuffersCompleted=126553403351, DisplayPresentTime=0,
06-04 15:06:38.628 2865 2936 D nStackXCoAP: CoapMessageHandler:[133] :2.01
06-04 15:06:39.182 476 520 W IorapForwardingService: No service published for: iorapd
06-04 15:06:39.284 654 654 E WifiHAL : wifi_get_link_stats: requestResponse Error:-5
06-04 15:06:39.286 476 608 E WifiVendorHal: getWifiLinkLayerStats_1_5_Internal(l.1191) failed {.code = ERROR_INVALID_ARGS, .description = }
06-04 15:06:39.922 2865 2936 D nStackXCoAP: CoapMessageHandler:[133] :2.01
06-04 15:06:40.154 1190 1190 D bbb : onStartCommand begin !!!!!!! data分区剩余 24982MB
06-04 15:06:40.158 1125 1125 D aaa : LedStatusService onStartCommand begin
06-04 15:06:40.164 1125 3037 D aaa : topPkg is -------------- :com.dangbei.haqusetting
06-04 15:06:40.183 476 520 W IorapForwardingService: No service published for: iorapd
06-04 15:06:41.005 1080 2469 I OpenGLRenderer: Davey! duration=9223371907950ms; Flags=0, FrameTimelineVsyncId=4102, IntendedVsync=128903798716, Vsync=128903798716, InputEventId=0, HandleInputStart=128904583852, AnimationStart=128904590644, PerformTraversalsStart=128904832811, DrawStart=128905838269, FrameDeadline=128937132048, FrameInterval=128904574811, FrameStartTime=16666666, SyncQueued=128907137519, SyncStart=128907505811, IssueDrawCommandsStart=128908737686, SwapBuffers=128931325061, FrameCompleted=9223372036854775807, DequeueBufferDuration=57125, QueueBufferDuration=2825958, GpuCompleted=9223372036854775807, SwapBuffersCompleted=128936382352, DisplayPresentTime=0,
06-04 15:06:41.015 386 386 W hdr10p_Configure: 136 callbacks suppressed
06-04 15:06:41.015 386 386 I : DVI mode selected: packets not configured
06-04 15:06:41.015 386 386 W set_vsif_config: 136 callbacks suppressed
06-04 15:06:41.015 386 386 I : Error: set vsif failed
06-04 15:06:41.015 386 386 I : DVI mode selected: packets not configured
06-04 15:06:41.015 386 386 I : Error: set vsif failed
06-04 15:06:41.039 386 386 I : DVI mode selected: packets not configured
06-04 15:06:41.039 386 386 I : Error: set vsif failed
06-04 15:06:41.039 386 386 I : DVI mode selected: packets not configured
06-04 15:06:41.039 386 386 I : Error: set vsif failed
06-04 15:06:41.040 1080 1780 I OpenGLRenderer: Davey! duration=9223371907920ms; Flags=0, FrameTimelineVsyncId=4103, IntendedVsync=128920465382, Vsync=128920465382, InputEventId=0, HandleInputStart=128921283852, AnimationStart=128921290269, PerformTraversalsStart=128921597311, DrawStart=128922371936, FrameDeadline=128953798714, FrameInterval=128921270977, FrameStartTime=16666666, SyncQueued=128922852727, SyncStart=128936797602, IssueDrawCommandsStart=128939028477, SwapBuffers=128956487269, FrameCompleted=9223372036854775807, DequeueBufferDuration=78958, QueueBufferDuration=2058000, GpuCompleted=9223372036854775807, SwapBuffersCompleted=128960224144, DisplayPresentTime=0,
06-04 15:06:41.053 1080 2469 I OpenGLRenderer: Davey! duration=9223371907898ms; Flags=0, FrameTimelineVsyncId=4105, IntendedVsync=128937572096, Vsync=128937572096, InputEventId=0, HandleInputStart=128940846602, AnimationStart=128940855977, PerformTraversalsStart=128941379977, DrawStart=128942144436, FrameDeadline=128970905428, FrameInterval=128940831727, FrameStartTime=16666666, SyncQueued=128942394394, SyncStart=128960715352, IssueDrawCommandsStart=128962325227, SwapBuffers=128974766852, FrameCompleted=9223372036854775807, DequeueBufferDuration=63959, QueueBufferDuration=3701167, GpuCompleted=9223372036854775807, SwapBuffersCompleted=128979805269, DisplayPresentTime=0,
06-04 15:06:41.057 386 386 I : DVI mode selected: packets not configured
06-04 15:06:41.058 386 386 I : Error: set vsif failed
06-04 15:06:41.058 386 386 I : DVI mode selected: packets not configured
06-04 15:06:41.058 386 386 I : Error: set vsif failed
06-04 15:06:41.071 1080 2469 I OpenGLRenderer: Davey! duration=9223371907883ms; Flags=0, FrameTimelineVsyncId=4106, IntendedVsync=128954238762, Vsync=128954238762, InputEventId=0, HandleInputStart=128963225144, AnimationStart=128963230769, PerformTraversalsStart=128963806519, DrawStart=128964236269, FrameDeadline=128987572094, FrameInterval=128963214477, FrameStartTime=16666666, SyncQueued=128964377186, SyncStart=128981300936, IssueDrawCommandsStart=128983004769, SwapBuffers=128994580936, FrameCompleted=9223372036854775807, DequeueBufferDuration=69666, QueueBufferDuration=1559459, GpuCompleted=9223372036854775807, SwapBuffersCompleted=128996960811, DisplayPresentTime=0,
06-04 15:06:41.077 386 386 I : DVI mode selected: packets not configured
06-04 15:06:41.077 386 386 I : Error: set vsif failed
06-04 15:06:41.077 386 386 I : DVI mode selected: packets not configured
06-04 15:06:41.077 386 386 I : Error: set vsif failed
06-04 15:06:41.088 386 386 I : DVI mode selected: packets not configured
06-04 15:06:41.088 386 386 I : Error: set vsif failed
06-04 15:06:41.088 386 386 I : DVI mode selected: packets not configured
06-04 15:06:41.088 386 386 I : Error: set vsif failed
06-04 15:06:41.101 1080 2469 I OpenGLRenderer: Davey! duration=9223371907865ms; Flags=0, FrameTimelineVsyncId=4110, IntendedVsync=128987572094, Vsync=129004238760, InputEventId=0, HandleInputStart=129006996686, AnimationStart=129007004352, PerformTraversalsStart=129007668686, DrawStart=129010407227, FrameDeadline=129020905426, FrameInterval=129006975227, FrameStartTime=16666666, SyncQueued=129011089727, SyncStart=129013041144, IssueDrawCommandsStart=129014445144, SwapBuffers=129020733561, FrameCompleted=9223372036854775807, DequeueBufferDuration=58875, QueueBufferDuration=2638333, GpuCompleted=9223372036854775807, SwapBuffersCompleted=129025225686, DisplayPresentTime=0,
06-04 15:06:41.118 1080 2469 I OpenGLRenderer: Davey! duration=9223371907830ms; Flags=0, FrameTimelineVsyncId=4114, IntendedVsync=129020908906, Vsync=129020908906, InputEventId=0, HandleInputStart=129021674602, AnimationStart=129021678394, PerformTraversalsStart=129022009352, DrawStart=129022215769, FrameDeadline=129054242238, FrameInterval=129021662811, FrameStartTime=16666666, SyncQueued=129022314602, SyncStart=129025526311, IssueDrawCommandsStart=129026525977, SwapBuffers=129031750727, FrameCompleted=9223372036854775807, DequeueBufferDuration=49833, QueueBufferDuration=6499792, GpuCompleted=9223372036854775807, SwapBuffersCompleted=129039486936, DisplayPresentTime=0,
06-04 15:06:41.136 1080 2469 I OpenGLRenderer: Davey! duration=9223371907815ms; Flags=0, FrameTimelineVsyncId=4116, IntendedVsync=129037189396, Vsync=129037189396, InputEventId=0, HandleInputStart=129037847311, AnimationStart=129037854394, PerformTraversalsStart=129038161311, DrawStart=129038359394, FrameDeadline=129070522728, FrameInterval=129037834144, FrameStartTime=16666666, SyncQueued=129038448769, SyncStart=129040972477, IssueDrawCommandsStart=129042088144, SwapBuffers=129047820311, FrameCompleted=9223372036854775807, DequeueBufferDuration=58666, QueueBufferDuration=7666208, GpuCompleted=9223372036854775807, SwapBuffersCompleted=129056582811, DisplayPresentTime=0,
06-04 15:06:41.186 476 520 W IorapForwardingService: No service published for: iorapd
06-04 15:06:41.877 2140 2207 D UtilLog : 日志批量上报 进行正常循环 !!!!!!本次有0次请求,共0条数据
06-04 15:06:42.189 476 520 W IorapForwardingService: No service published for: iorapd
06-04 15:06:42.304 654 654 E WifiHAL : wifi_get_link_stats: requestResponse Error:-5
06-04 15:06:42.306 476 608 E WifiVendorHal: getWifiLinkLayerStats_1_5_Internal(l.1191) failed {.code = ERROR_INVALID_ARGS, .description = }
06-04 15:06:43.191 476 520 W IorapForwardingService: No service published for: iorapd
06-04 15:06:43.441 2865 2936 D nStackXCoAP: CoapMessageHandler:[133] :2.01
06-04 15:06:43.446 2865 2936 D nStackXCoAP: CoapMessageHandler:[133] :2.01
06-04 15:06:44.004 1080 1780 I OpenGLRenderer: Davey! duration=9223371904950ms; Flags=0, FrameTimelineVsyncId=4177, IntendedVsync=131903803091, Vsync=131903803091, InputEventId=0, HandleInputStart=131904615979, AnimationStart=131904622354, PerformTraversalsStart=131904868396, DrawStart=131905930021, FrameDeadline=131937136423, FrameInterval=131904605729, FrameStartTime=16666666, SyncQueued=131907369062, SyncStart=131907776104, IssueDrawCommandsStart=131909243479, SwapBuffers=131929912979, FrameCompleted=9223372036854775807, DequeueBufferDuration=60250, QueueBufferDuration=2611416, GpuCompleted=9223372036854775807, SwapBuffersCompleted=131934409021, DisplayPresentTime=0,
06-04 15:06:44.036 1080 1780 I OpenGLRenderer: Davey! duration=9223371904922ms; Flags=0, FrameTimelineVsyncId=4178, IntendedVsync=131920469757, Vsync=131920469757, InputEventId=0, HandleInputStart=131921430146, AnimationStart=131921437896, PerformTraversalsStart=131921848854, DrawStart=131923091104, FrameDeadline=131953803089, FrameInterval=131921416562, FrameStartTime=16666666, SyncQueued=131923609646, SyncStart=131934935229, IssueDrawCommandsStart=131936740521, SwapBuffers=131954601354, FrameCompleted=9223372036854775807, DequeueBufferDuration=57208, QueueBufferDuration=1887834, GpuCompleted=9223372036854775807, SwapBuffersCompleted=131957697146, DisplayPresentTime=0,
06-04 15:06:44.053 1080 1780 I OpenGLRenderer: Davey! duration=9223371904898ms; Flags=0, FrameTimelineVsyncId=4180, IntendedVsync=131937573690, Vsync=131937573690, InputEventId=0, HandleInputStart=131938320604, AnimationStart=131938327604, PerformTraversalsStart=131938814104, DrawStart=131939692146, FrameDeadline=131970907022, FrameInterval=131938306562, FrameStartTime=16666666, SyncQueued=131939840812, SyncStart=131958115562, IssueDrawCommandsStart=131959597146, SwapBuffers=131970808729, FrameCompleted=9223372036854775807, DequeueBufferDuration=61708, QueueBufferDuration=1701959, GpuCompleted=9223372036854775807, SwapBuffersCompleted=131975099521, DisplayPresentTime=0,
06-04 15:06:44.069 1080 1780 I OpenGLRenderer: Davey! duration=9223371904886ms; Flags=0, FrameTimelineVsyncId=4181, IntendedVsync=131954240356, Vsync=131954240356, InputEventId=0, HandleInputStart=131960582812, AnimationStart=131960587771, PerformTraversalsStart=131961116896, DrawStart=131961413062, FrameDeadline=131987573688, FrameInterval=131960572312, FrameStartTime=16666666, SyncQueued=131961519187, SyncStart=131975722479, IssueDrawCommandsStart=131977319937, SwapBuffers=131987812312, FrameCompleted=9223372036854775807, DequeueBufferDuration=69834, QueueBufferDuration=1656375, GpuCompleted=9223372036854775807, SwapBuffersCompleted=131990750729, DisplayPresentTime=0,
06-04 15:06:44.100 1080 2469 I OpenGLRenderer: Davey! duration=9223371904858ms; Flags=0, FrameTimelineVsyncId=4185, IntendedVsync=131987573688, Vsync=131987573688, InputEventId=0, HandleInputStart=131998516479, AnimationStart=131998519062, PerformTraversalsStart=131998820187, DrawStart=131999770937, FrameDeadline=132020907020, FrameInterval=131998506312, FrameStartTime=16666666, SyncQueued=132000467271, SyncStart=132008876146, IssueDrawCommandsStart=132010626687, SwapBuffers=132020671021, FrameCompleted=9223372036854775807, DequeueBufferDuration=50750, QueueBufferDuration=3619041, GpuCompleted=9223372036854775807, SwapBuffersCompleted=132026478979, DisplayPresentTime=0,
06-04 15:06:44.118 1080 2469 I OpenGLRenderer: Davey! duration=9223371904835ms; Flags=0, FrameTimelineVsyncId=4187, IntendedVsync=132004244199, Vsync=132004244199, InputEventId=0, HandleInputStart=132011140771, AnimationStart=132011145437, PerformTraversalsStart=132011544479, DrawStart=132011800979, FrameDeadline=132037577531, FrameInterval=132011131771, FrameStartTime=16666666, SyncQueued=132011894146, SyncStart=132027107312, IssueDrawCommandsStart=132028717229, SwapBuffers=132035952979, FrameCompleted=9223372036854775807, DequeueBufferDuration=65375, QueueBufferDuration=3966333, GpuCompleted=9223372036854775807, SwapBuffersCompleted=132040660854, DisplayPresentTime=0,
06-04 15:06:44.134 1080 2469 I OpenGLRenderer: Davey! duration=9223371904823ms; Flags=0, FrameTimelineVsyncId=4189, IntendedVsync=132020911934, Vsync=132020911934, InputEventId=0, HandleInputStart=132029310479, AnimationStart=132029317771, PerformTraversalsStart=132030082312, DrawStart=132030303354, FrameDeadline=132054245266, FrameInterval=132029299312, FrameStartTime=16666666, SyncQueued=132030405146, SyncStart=132041184271, IssueDrawCommandsStart=132042196687, SwapBuffers=132048218729, FrameCompleted=9223372036854775807, DequeueBufferDuration=55709, QueueBufferDuration=7233875, GpuCompleted=9223372036854775807, SwapBuffersCompleted=132056713729, DisplayPresentTime=0,
06-04 15:06:44.193 476 520 W IorapForwardingService: No service published for: iorapd
06-04 15:06:44.618 1080 2469 I OpenGLRenderer: Davey! duration=9223371904337ms; Flags=0, FrameTimelineVsyncId=4247, IntendedVsync=132503803090, Vsync=132503803090, InputEventId=0, HandleInputStart=132511931396, AnimationStart=132511934396, PerformTraversalsStart=132513270271, DrawStart=132513901479, FrameDeadline=132537136422, FrameInterval=132511924354, FrameStartTime=16666666, SyncQueued=132514273396, SyncStart=132527319937, IssueDrawCommandsStart=132529139479, SwapBuffers=132539845354, FrameCompleted=9223372036854775807, DequeueBufferDuration=44542, QueueBufferDuration=1278791, GpuCompleted=9223372036854775807, SwapBuffersCompleted=132545895604, DisplayPresentTime=0,
06-04 15:06:44.671 262 294 D hdmi-cec: receive invalid cec message!
06-04 15:06:44.671 262 294 D hdmi-cec: receive poll message [04], skip!
06-04 15:06:45.194 476 520 W IorapForwardingService: No service published for: iorapd
06-04 15:06:45.324 654 654 E WifiHAL : wifi_get_link_stats: requestResponse Error:-5
06-04 15:06:45.326 476 608 E WifiVendorHal: getWifiLinkLayerStats_1_5_Internal(l.1191) failed {.code = ERROR_INVALID_ARGS, .description = }
06-04 15:06:46.197 476 520 W IorapForwardingService: No service published for: iorapd
06-04 15:06:47.023 386 386 W hdr10p_Configure: 136 callbacks suppressed
06-04 15:06:47.023 386 386 I : DVI mode selected: packets not configured
06-04 15:06:47.023 386 386 W set_vsif_config: 136 callbacks suppressed
06-04 15:06:47.023 386 386 I : Error: set vsif failed
06-04 15:06:47.023 386 386 I : DVI mode selected: packets not configured
06-04 15:06:47.023 386 386 I : Error: set vsif failed
06-04 15:06:47.021 1080 2469 I OpenGLRenderer: Davey! duration=9223371901933ms; Flags=0, FrameTimelineVsyncId=4253, IntendedVsync=134920469259, Vsync=134920469259, InputEventId=0, HandleInputStart=134921390397, AnimationStart=134921397730, PerformTraversalsStart=134921684605, DrawStart=134922880355, FrameDeadline=134953802591, FrameInterval=134921378272, FrameStartTime=16666666, SyncQueued=134924515939, SyncStart=134924998064, IssueDrawCommandsStart=134926284397, SwapBuffers=134936921272, FrameCompleted=9223372036854775807, DequeueBufferDuration=61250, QueueBufferDuration=2798750, GpuCompleted=9223372036854775807, SwapBuffersCompleted=134941751897, DisplayPresentTime=0,
06-04 15:06:47.037 1080 2469 I OpenGLRenderer: Davey! duration=9223371901917ms; Flags=0, FrameTimelineVsyncId=4254, IntendedVsync=134937135925, Vsync=134937135925, InputEventId=0, HandleInputStart=134937957855, AnimationStart=134937962647, PerformTraversalsStart=134938359647, DrawStart=134940848064, FrameDeadline=134970469257, FrameInterval=134937937897, FrameStartTime=16666666, SyncQueued=134941878189, SyncStart=134942351980, IssueDrawCommandsStart=134944545855, SwapBuffers=134960839064, FrameCompleted=9223372036854775807, DequeueBufferDuration=73416, QueueBufferDuration=1455375, GpuCompleted=9223372036854775807, SwapBuffersCompleted=134966281855, DisplayPresentTime=0,
06-04 15:06:47.046 386 386 I : DVI mode selected: packets not configured
06-04 15:06:47.046 386 386 I : Error: set vsif failed
06-04 15:06:47.046 386 386 I : DVI mode selected: packets not configured
06-04 15:06:47.046 386 386 I : Error: set vsif failed
06-04 15:06:47.053 1080 2469 I OpenGLRenderer: Davey! duration=9223371901891ms; Flags=0, FrameTimelineVsyncId=4256, IntendedVsync=134954243891, Vsync=134954243891, InputEventId=0, HandleInputStart=134955347064, AnimationStart=134955353647, PerformTraversalsStart=134956356105, DrawStart=134957611230, FrameDeadline=134987577223, FrameInterval=134955328397, FrameStartTime=16666666, SyncQueued=134957771605, SyncStart=134966686480, IssueDrawCommandsStart=134968071939, SwapBuffers=134982497189, FrameCompleted=9223372036854775807, DequeueBufferDuration=52500, QueueBufferDuration=2926958, GpuCompleted=9223372036854775807, SwapBuffersCompleted=134986573480, DisplayPresentTime=0,
06-04 15:06:47.066 386 386 I : DVI mode selected: packets not configured
06-04 15:06:47.066 386 386 I : Error: set vsif failed
06-04 15:06:47.066 386 386 I : DVI mode selected: packets not configured
06-04 15:06:47.066 386 386 I : Error: set vsif failed
06-04 15:06:47.070 1080 2469 I OpenGLRenderer: Davey! duration=9223371901869ms; Flags=0, FrameTimelineVsyncId=4258, IntendedVsync=134970910557, Vsync=134970910557, InputEventId=0, HandleInputStart=134971783647, AnimationStart=134971789105, PerformTraversalsStart=134972469272, DrawStart=134972819105, FrameDeadline=135004243889, FrameInterval=134971766814, FrameStartTime=16666666, SyncQueued=134972942730, SyncStart=134987451980, IssueDrawCommandsStart=134989663022, SwapBuffers=134999418814, FrameCompleted=9223372036854775807, DequeueBufferDuration=80625, QueueBufferDuration=2024458, GpuCompleted=9223372036854775807, SwapBuffersCompleted=135002637730, DisplayPresentTime=0,
06-04 15:06:47.082 386 386 I : DVI mode selected: packets not configured
06-04 15:06:47.082 386 386 I : Error: set vsif failed
06-04 15:06:47.082 386 386 I : DVI mode selected: packets not configured
06-04 15:06:47.082 386 386 I : Error: set vsif failed
06-04 15:06:47.089 386 386 I : DVI mode selected: packets not configured
06-04 15:06:47.089 386 386 I : Error: set vsif failed
06-04 15:06:47.089 386 386 I : DVI mode selected: packets not configured
06-04 15:06:47.089 386 386 I : Error: set vsif failed
06-04 15:06:47.103 1080 1780 I OpenGLRenderer: Davey! duration=9223371901840ms; Flags=0, FrameTimelineVsyncId=4262, IntendedVsync=135004243889, Vsync=135004243889, InputEventId=0, HandleInputStart=135010083730, AnimationStart=135010091939, PerformTraversalsStart=135010429897, DrawStart=135011589772, FrameDeadline=135037577221, FrameInterval=135010068355, FrameStartTime=16666666, SyncQueued=135012283022, SyncStart=135022811105, IssueDrawCommandsStart=135024370064, SwapBuffers=135034564064, FrameCompleted=9223372036854775807, DequeueBufferDuration=66292, QueueBufferDuration=1397584, GpuCompleted=9223372036854775807, SwapBuffersCompleted=135036646605, DisplayPresentTime=0,
06-04 15:06:47.118 1080 2469 I OpenGLRenderer: Davey! duration=9223371901823ms; Flags=0, FrameTimelineVsyncId=4264, IntendedVsync=135020909442, Vsync=135020909442, InputEventId=0, HandleInputStart=135025962939, AnimationStart=135025969064, PerformTraversalsStart=135026288480, DrawStart=135026497564, FrameDeadline=135054242774, FrameInterval=135025952189, FrameStartTime=16666666, SyncQueued=135026583647, SyncStart=135036919230, IssueDrawCommandsStart=135038509105, SwapBuffers=135049926397, FrameCompleted=9223372036854775807, DequeueBufferDuration=64084, QueueBufferDuration=1193875, GpuCompleted=9223372036854775807, SwapBuffersCompleted=135051961564, DisplayPresentTime=0,
06-04 15:06:47.135 1080 1780 I OpenGLRenderer: Davey! duration=9223371901805ms; Flags=0, FrameTimelineVsyncId=4266, IntendedVsync=135037576780, Vsync=135037576780, InputEventId=0, HandleInputStart=135039239522, AnimationStart=135039244522, PerformTraversalsStart=135039903814, DrawStart=135040249064, FrameDeadline=135070910112, FrameInterval=135039229480, FrameStartTime=16666666, SyncQueued=135040369272, SyncStart=135052420855, IssueDrawCommandsStart=135053493480, SwapBuffers=135063955314, FrameCompleted=9223372036854775807, DequeueBufferDuration=42625, QueueBufferDuration=3278042, GpuCompleted=9223372036854775807, SwapBuffersCompleted=135068493064, DisplayPresentTime=0,
06-04 15:06:47.199 476 520 W IorapForwardingService: No service published for: iorapd
06-04 15:06:48.196 1190 1190 D bbb : onStartCommand begin !!!!!!! data分区剩余 24982MB
06-04 15:06:48.198 1125 1125 D aaa : LedStatusService onStartCommand begin
06-04 15:06:48.200 1125 3051 D aaa : topPkg is -------------- :com.dangbei.haqusetting
06-04 15:06:48.205 476 520 W IorapForwardingService: No service published for: iorapd
06-04 15:06:48.343 654 654 E WifiHAL : wifi_get_link_stats: requestResponse Error:-5
06-04 15:06:48.346 476 608 E WifiVendorHal: getWifiLinkLayerStats_1_5_Internal(l.1191) failed {.code = ERROR_INVALID_ARGS, .description = }
06-04 15:06:48.827 476 997 W ZramWriteback: Writeback device is not set
06-04 15:06:48.827 476 997 D ZramWriteback: wait to flush
06-04 15:06:49.206 476 520 W IorapForwardingService: No service published for: iorapd
06-04 15:06:49.439 2865 2936 D nStackXCoAP: IsInSameNetwork:[276] :IsInSameNetwork exec
06-04 15:06:49.439 2865 2936 I nStackXDFinder: GetLocalInterfaceDetail:[461] :GetLocalInterfaceDetail in
06-04 15:06:49.439 2865 2936 E nStackXCoAP: IsInSameNetwork:[281] :IsInSameNetwork: not priority process
06-04 15:06:49.439 2865 2936 D nStackXCoAP: ParseServiceDiscover:[330] :new device join
06-04 15:06:49.440 2865 2936 I nStackXDFinder: NotifyDeviceListChanged:[540] :notify callback: device list changed callback is null
06-04 15:06:49.441 2865 2936 E nStackXDFinder: GetLocalIp:[401] :GetLocalIp exec
06-04 15:06:49.579 2865 2936 D nStackXCoAP: IsInSameNetwork:[276] :IsInSameNetwork exec
06-04 15:06:49.579 2865 2936 I nStackXDFinder: GetLocalInterfaceDetail:[461] :GetLocalInterfaceDetail in
06-04 15:06:49.579 2865 2936 E nStackXCoAP: IsInSameNetwork:[281] :IsInSameNetwork: not priority process
06-04 15:06:49.579 2865 2936 D nStackXCoAP: ParseServiceDiscover:[330] :new device join
06-04 15:06:49.579 2865 2936 E nStackXDFinder: GetLocalIp:[401] :GetLocalIp exec
06-04 15:06:49.629 2865 2936 D nStackXCoAP: CoapMessageHandler:[133] :2.01
06-04 15:06:49.699 2865 2936 D nStackXCoAP: CoapMessageHandler:[133] :2.01
06-04 15:06:49.823 2865 2936 D nStackXCoAP: IsInSameNetwork:[276] :IsInSameNetwork exec
06-04 15:06:49.823 2865 2936 I nStackXDFinder: GetLocalInterfaceDetail:[461] :GetLocalInterfaceDetail in
06-04 15:06:49.824 2865 2936 E nStackXCoAP: IsInSameNetwork:[281] :IsInSameNetwork: not priority process
06-04 15:06:49.824 2865 2936 D nStackXCoAP: ParseServiceDiscover:[330] :new device join
06-04 15:06:49.824 2865 2936 E nStackXDFinder: GetLocalIp:[401] :GetLocalIp exec
06-04 15:06:50.021 1080 1109 I OpenGLRenderer: Davey! duration=9223371898933ms; Flags=0, FrameTimelineVsyncId=4329, IntendedVsync=137920464844, Vsync=137920464844, InputEventId=0, HandleInputStart=137921102898, AnimationStart=137921108398, PerformTraversalsStart=137921365023, DrawStart=137922347523, FrameDeadline=137953798176, FrameInterval=137921092565, FrameStartTime=16666666, SyncQueued=137923817940, SyncStart=137924382607, IssueDrawCommandsStart=137925591648, SwapBuffers=137945935607, FrameCompleted=9223372036854775807, DequeueBufferDuration=63042, QueueBufferDuration=2435750, GpuCompleted=9223372036854775807, SwapBuffersCompleted=137949917523, DisplayPresentTime=0,
06-04 15:06:50.022 2865 2936 D nStackXCoAP: IsInSameNetwork:[276] :IsInSameNetwork exec
06-04 15:06:50.022 2865 2936 I nStackXDFinder: GetLocalInterfaceDetail:[461] :GetLocalInterfaceDetail in
06-04 15:06:50.022 2865 2936 E nStackXCoAP: IsInSameNetwork:[281] :IsInSameNetwork: not priority process
06-04 15:06:50.022 2865 2936 D nStackXCoAP: ParseServiceDiscover:[330] :new device join
06-04 15:06:50.023 2865 2936 E nStackXDFinder: GetLocalIp:[401] :GetLocalIp exec
06-04 15:06:50.053 1080 1109 I OpenGLRenderer: Davey! duration=9223371898912ms; Flags=0, FrameTimelineVsyncId=4330, IntendedVsync=137937131510, Vsync=137937131510, InputEventId=0, HandleInputStart=137937882273, AnimationStart=137937888482, PerformTraversalsStart=137938201148, DrawStart=137939234190, FrameDeadline=137970464842, FrameInterval=137937869607, FrameStartTime=16666666, SyncQueued=137944838523, SyncStart=137950445065, IssueDrawCommandsStart=137953018732, SwapBuffers=137973677773, FrameCompleted=9223372036854775807, DequeueBufferDuration=52000, QueueBufferDuration=1800458, GpuCompleted=9223372036854775807, SwapBuffersCompleted=137986526732, DisplayPresentTime=0,
06-04 15:06:50.070 1080 2469 I OpenGLRenderer: Davey! duration=9223371898875ms; Flags=0, FrameTimelineVsyncId=4332, IntendedVsync=137954237151, Vsync=137954237151, InputEventId=0, HandleInputStart=137956476857, AnimationStart=137956484357, PerformTraversalsStart=137959175357, DrawStart=137961932898, FrameDeadline=137987570483, FrameInterval=137956457023, FrameStartTime=16666666, SyncQueued=137962084565, SyncStart=137986848065, IssueDrawCommandsStart=137988351857, SwapBuffers=137999891732, FrameCompleted=9223372036854775807, DequeueBufferDuration=79833, QueueBufferDuration=2106500, GpuCompleted=9223372036854775807, SwapBuffersCompleted=138003520232, DisplayPresentTime=0,
06-04 15:06:50.136 1080 2469 I OpenGLRenderer: Davey! duration=9223371898820ms; Flags=0, FrameTimelineVsyncId=4339, IntendedVsync=138020902312, Vsync=138020902312, InputEventId=0, HandleInputStart=138022247732, AnimationStart=138022253065, PerformTraversalsStart=138022760523, DrawStart=138023884273, FrameDeadline=138054235644, FrameInterval=138022233898, FrameStartTime=16666666, SyncQueued=138024994732, SyncStart=138038832148, IssueDrawCommandsStart=138040287523, SwapBuffers=138053329898, FrameCompleted=9223372036854775807, DequeueBufferDuration=3078625, QueueBufferDuration=1522541, GpuCompleted=9223372036854775807, SwapBuffersCompleted=138055701190, DisplayPresentTime=0,
06-04 15:06:50.153 1080 2469 I OpenGLRenderer: Davey! duration=9223371898802ms; Flags=0, FrameTimelineVsyncId=4341, IntendedVsync=138037568947, Vsync=138037568947, InputEventId=0, HandleInputStart=138040870232, AnimationStart=138040873190, PerformTraversalsStart=138041240732, DrawStart=138041413773, FrameDeadline=138070902279, FrameInterval=138040862398, FrameStartTime=16666666, SyncQueued=138041488815, SyncStart=138056203398, IssueDrawCommandsStart=138059479440, SwapBuffers=138070161398, FrameCompleted=9223372036854775807, DequeueBufferDuration=51167, QueueBufferDuration=3735167, GpuCompleted=9223372036854775807, SwapBuffersCompleted=138075577482, DisplayPresentTime=0,
06-04 15:06:50.169 1080 2469 I OpenGLRenderer: Davey! duration=9223371898784ms; Flags=0, FrameTimelineVsyncId=4343, IntendedVsync=138054235582, Vsync=138054235582, InputEventId=0, HandleInputStart=138059911482, AnimationStart=138059913690, PerformTraversalsStart=138060349023, DrawStart=138060588565, FrameDeadline=138087568914, FrameInterval=138059902898, FrameStartTime=16666666, SyncQueued=138060707690, SyncStart=138076444273, IssueDrawCommandsStart=138077392607, SwapBuffers=138083449190, FrameCompleted=9223372036854775807, DequeueBufferDuration=42792, QueueBufferDuration=3552459, GpuCompleted=9223372036854775807, SwapBuffersCompleted=138088368815, DisplayPresentTime=0,
06-04 15:06:50.171 2865 2936 D nStackXCoAP: CoapMessageHandler:[133] :2.01
06-04 15:06:50.174 2865 2936 D nStackXCoAP: CoapMessageHandler:[133] :2.01
06-04 15:06:50.208 476 520 W IorapForwardingService: No service published for: iorapd
06-04 15:06:50.426 2865 2936 D nStackXCoAP: IsInSameNetwork:[276] :IsInSameNetwork exec
06-04 15:06:50.426 2865 2936 I nStackXDFinder: GetLocalInterfaceDetail:[461] :GetLocalInterfaceDetail in
06-04 15:06:50.426 2865 2936 E nStackXCoAP: IsInSameNetwork:[281] :IsInSameNetwork: not priority process
06-04 15:06:50.426 2865 2936 D nStackXCoAP: ParseServiceDiscover:[330] :new device join
06-04 15:06:50.426 2865 2936 E nStackXDFinder: GetLocalIp:[401] :GetLocalIp exec
06-04 15:06:50.616 2865 2936 D nStackXCoAP: CoapMessageHandler:[133] :2.01
06-04 15:06:51.046 2865 2936 D nStackXCoAP: IsInSameNetwork:[276] :IsInSameNetwork exec
06-04 15:06:51.046 2865 2936 I nStackXDFinder: GetLocalInterfaceDetail:[461] :GetLocalInterfaceDetail in
06-04 15:06:51.046 2865 2936 E nStackXCoAP: IsInSameNetwork:[281] :IsInSameNetwork: not priority process
06-04 15:06:51.046 2865 2936 D nStackXCoAP: ParseServiceDiscover:[330] :new device join
06-04 15:06:51.047 2865 2936 E nStackXDFinder: GetLocalIp:[401] :GetLocalIp exec
06-04 15:06:51.211 476 520 W IorapForwardingService: No service published for: iorapd
06-04 15:06:51.363 654 654 E WifiHAL : wifi_get_link_stats: requestResponse Error:-5
06-04 15:06:51.365 476 608 E WifiVendorHal: getWifiLinkLayerStats_1_5_Internal(l.1191) failed {.code = ERROR_INVALID_ARGS, .description = }
06-04 15:06:51.452 2865 2936 D nStackXCoAP: IsInSameNetwork:[276] :IsInSameNetwork exec
06-04 15:06:51.452 2865 2936 I nStackXDFinder: GetLocalInterfaceDetail:[461] :GetLocalInterfaceDetail in
06-04 15:06:51.453 2865 2936 E nStackXCoAP: IsInSameNetwork:[281] :IsInSameNetwork: not priority process
06-04 15:06:51.453 2865 2936 D nStackXCoAP: ParseServiceDiscover:[330] :new device join
06-04 15:06:51.453 2865 2936 E nStackXDFinder: GetLocalIp:[401] :GetLocalIp exec
06-04 15:06:51.717 2865 2936 D nStackXCoAP: CoapMessageHandler:[133] :2.01
06-04 15:06:51.718 2865 2936 D nStackXCoAP: CoapMessageHandler:[133] :2.01
06-04 15:06:51.854 2140 2207 D UtilLog : 日志批量上报 进行正常循环 !!!!!!本次有0次请求,共0条数据
06-04 15:06:51.977 2865 2936 D nStackXCoAP: IsInSameNetwork:[276] :IsInSameNetwork exec
06-04 15:06:51.978 2865 2936 I nStackXDFinder: GetLocalInterfaceDetail:[461] :GetLocalInterfaceDetail in
06-04 15:06:51.978 2865 2936 E nStackXCoAP: IsInSameNetwork:[281] :IsInSameNetwork: not priority process
06-04 15:06:51.978 2865 2936 D nStackXCoAP: ParseServiceDiscover:[330] :new device join
06-04 15:06:51.978 2865 2936 E nStackXDFinder: GetLocalIp:[401] :GetLocalIp exec
06-04 15:06:52.179 2865 2936 D nStackXCoAP: CoapMessageHandler:[133] :2.01
06-04 15:06:52.213 476 520 W IorapForwardingService: No service published for: iorapd
06-04 15:06:52.471 2865 2936 D nStackXCoAP: IsInSameNetwork:[276] :IsInSameNetwork exec
06-04 15:06:52.472 2865 2936 I nStackXDFinder: GetLocalInterfaceDetail:[461] :GetLocalInterfaceDetail in
06-04 15:06:52.472 2865 2936 E nStackXCoAP: IsInSameNetwork:[281] :IsInSameNetwork: not priority process
06-04 15:06:52.472 2865 2936 D nStackXCoAP: ParseServiceDiscover:[330] :new device join
06-04 15:06:52.472 2865 2936 E nStackXDFinder: GetLocalIp:[401] :GetLocalIp exec
06-04 15:06:52.702 2865 2936 D nStackXCoAP: CoapMessageHandler:[133] :2.01
06-04 15:06:52.988 2865 2936 D nStackXCoAP: IsInSameNetwork:[276] :IsInSameNetwork exec
06-04 15:06:52.988 2865 2936 I nStackXDFinder: GetLocalInterfaceDetail:[461] :GetLocalInterfaceDetail in
06-04 15:06:52.988 2865 2936 E nStackXCoAP: IsInSameNetwork:[281] :IsInSameNetwork: not priority process
06-04 15:06:52.988 2865 2936 D nStackXCoAP: ParseServiceDiscover:[330] :new device join
06-04 15:06:52.989 2865 2936 E nStackXDFinder: GetLocalIp:[401] :GetLocalIp exec
06-04 15:06:53.009 2865 2936 D nStackXCoAP: CoapMessageHandler:[133] :2.01
06-04 15:06:53.040 386 386 W hdr10p_Configure: 136 callbacks suppressed
06-04 15:06:53.040 386 386 I : DVI mode selected: packets not configured
06-04 15:06:53.040 386 386 W set_vsif_config: 136 callbacks suppressed
06-04 15:06:53.040 386 386 I : Error: set vsif failed
06-04 15:06:53.040 386 386 I : DVI mode selected: packets not configured
06-04 15:06:53.040 386 386 I : Error: set vsif failed
06-04 15:06:53.037 1080 1109 I OpenGLRenderer: Davey! duration=9223371895917ms; Flags=0, FrameTimelineVsyncId=4405, IntendedVsync=140937133679, Vsync=140937133679, InputEventId=0, HandleInputStart=140937876650, AnimationStart=140937882441, PerformTraversalsStart=140938210858, DrawStart=140939538108, FrameDeadline=140953800345, FrameInterval=140937864400, FrameStartTime=16666666, SyncQueued=140941302441, SyncStart=140941919150, IssueDrawCommandsStart=140943235733, SwapBuffers=140956344900, FrameCompleted=9223372036854775807, DequeueBufferDuration=71500, QueueBufferDuration=2810959, GpuCompleted=9223372036854775807, SwapBuffersCompleted=140960730442, DisplayPresentTime=0,
06-04 15:06:53.055 1080 1780 I OpenGLRenderer: Davey! duration=9223371895896ms; Flags=0, FrameTimelineVsyncId=4406, IntendedVsync=140953800345, Vsync=140953800345, InputEventId=0, HandleInputStart=140954377525, AnimationStart=140954381983, PerformTraversalsStart=140954703192, DrawStart=140955700733, FrameDeadline=140987133677, FrameInterval=140954366108, FrameStartTime=16666666, SyncQueued=140956336150, SyncStart=140961195275, IssueDrawCommandsStart=140963498817, SwapBuffers=140980234775, FrameCompleted=9223372036854775807, DequeueBufferDuration=97583, QueueBufferDuration=1424334, GpuCompleted=9223372036854775807, SwapBuffersCompleted=140982542192, DisplayPresentTime=0,
06-04 15:06:53.062 386 386 I : DVI mode selected: packets not configured
06-04 15:06:53.062 386 386 I : Error: set vsif failed
06-04 15:06:53.062 386 386 I : DVI mode selected: packets not configured
06-04 15:06:53.062 386 386 I : Error: set vsif failed
06-04 15:06:53.069 1080 1780 I OpenGLRenderer: Davey! duration=9223371895874ms; Flags=0, FrameTimelineVsyncId=4408, IntendedVsync=140970910833, Vsync=140970910833, InputEventId=0, HandleInputStart=140971839650, AnimationStart=140971845900, PerformTraversalsStart=140972466317, DrawStart=140973179275, FrameDeadline=141004244165, FrameInterval=140971821400, FrameStartTime=16666666, SyncQueued=140973292900, SyncStart=140982921608, IssueDrawCommandsStart=140984463692, SwapBuffers=140995778067, FrameCompleted=9223372036854775807, DequeueBufferDuration=77958, QueueBufferDuration=3727958, GpuCompleted=9223372036854775807, SwapBuffersCompleted=141000789942, DisplayPresentTime=0,
06-04 15:06:53.079 386 386 I : DVI mode selected: packets not configured
06-04 15:06:53.079 386 386 I : Error: set vsif failed
06-04 15:06:53.079 386 386 I : DVI mode selected: packets not configured
06-04 15:06:53.079 386 386 I : Error: set vsif failed
06-04 15:06:53.085 1080 1780 I OpenGLRenderer: Davey! duration=9223371895855ms; Flags=0, FrameTimelineVsyncId=4410, IntendedVsync=140987577499, Vsync=140987577499, InputEventId=0, HandleInputStart=140988661358, AnimationStart=140988669150, PerformTraversalsStart=140989315525, DrawStart=140989729067, FrameDeadline=141020910831, FrameInterval=140988649692, FrameStartTime=16666666, SyncQueued=140989895233, SyncStart=141001287317, IssueDrawCommandsStart=141003236983, SwapBuffers=141010919858, FrameCompleted=9223372036854775807, DequeueBufferDuration=43333, QueueBufferDuration=2554959, GpuCompleted=9223372036854775807, SwapBuffersCompleted=141014602525, DisplayPresentTime=0,
06-04 15:06:53.096 386 386 I : DVI mode selected: packets not configured
06-04 15:06:53.096 386 386 I : Error: set vsif failed
06-04 15:06:53.096 386 386 I : DVI mode selected: packets not configured
06-04 15:06:53.096 386 386 I : Error: set vsif failed
06-04 15:06:53.105 386 386 I : DVI mode selected: packets not configured
06-04 15:06:53.105 386 386 I : Error: set vsif failed
06-04 15:06:53.106 386 386 I : DVI mode selected: packets not configured
06-04 15:06:53.106 386 386 I : Error: set vsif failed
06-04 15:06:53.119 1080 1780 I OpenGLRenderer: Davey! duration=9223371895821ms; Flags=0, FrameTimelineVsyncId=4414, IntendedVsync=141020910831, Vsync=141020910831, InputEventId=0, HandleInputStart=141022183775, AnimationStart=141022188733, PerformTraversalsStart=141022437733, DrawStart=141023515025, FrameDeadline=141054244163, FrameInterval=141022172483, FrameStartTime=16666666, SyncQueued=141024241733, SyncStart=141036835400, IssueDrawCommandsStart=141038273900, SwapBuffers=141050169317, FrameCompleted=9223372036854775807, DequeueBufferDuration=74291, QueueBufferDuration=1355125, GpuCompleted=9223372036854775807, SwapBuffersCompleted=141052281192, DisplayPresentTime=0,
06-04 15:06:53.136 1080 2469 I OpenGLRenderer: Davey! duration=9223371895804ms; Flags=0, FrameTimelineVsyncId=4416, IntendedVsync=141037578536, Vsync=141037578536, InputEventId=0, HandleInputStart=141038747983, AnimationStart=141038752400, PerformTraversalsStart=141039160233, DrawStart=141039389525, FrameDeadline=141070911868, FrameInterval=141038739067, FrameStartTime=16666666, SyncQueued=141039482567, SyncStart=141052602233, IssueDrawCommandsStart=141053436233, SwapBuffers=141059912275, FrameCompleted=9223372036854775807, DequeueBufferDuration=31875, QueueBufferDuration=6742000, GpuCompleted=9223372036854775807, SwapBuffersCompleted=141067938442, DisplayPresentTime=0,
06-04 15:06:53.152 1080 2469 I OpenGLRenderer: Davey! duration=9223371895788ms; Flags=0, FrameTimelineVsyncId=4418, IntendedVsync=141054245566, Vsync=141054245566, InputEventId=0, HandleInputStart=141055114233, AnimationStart=141055120150, PerformTraversalsStart=141055848608, DrawStart=141056107692, FrameDeadline=141087578898, FrameInterval=141055096442, FrameStartTime=16666666, SyncQueued=141056214983, SyncStart=141068482817, IssueDrawCommandsStart=141069960983, SwapBuffers=141079158150, FrameCompleted=9223372036854775807, DequeueBufferDuration=40583, QueueBufferDuration=4091666, GpuCompleted=9223372036854775807, SwapBuffersCompleted=141084297900, DisplayPresentTime=0,
06-04 15:06:53.191 1080 1514 E hq : LookupControler:::没有焦点
06-04 15:06:53.216 476 520 W IorapForwardingService: No service published for: iorapd
06-04 15:06:53.493 1080 1080 E hq : LookupControler:::没有焦点
06-04 15:06:53.603 2865 2936 D nStackXCoAP: IsInSameNetwork:[276] :IsInSameNetwork exec
06-04 15:06:53.603 2865 2936 I nStackXDFinder: GetLocalInterfaceDetail:[461] :GetLocalInterfaceDetail in
06-04 15:06:53.603 2865 2936 E nStackXCoAP: IsInSameNetwork:[281] :IsInSameNetwork: not priority process
06-04 15:06:53.603 2865 2936 D nStackXCoAP: ParseServiceDiscover:[330] :new device join
06-04 15:06:53.604 2865 2936 E nStackXDFinder: GetLocalIp:[401] :GetLocalIp exec
06-04 15:06:53.638 1080 2469 I OpenGLRenderer: Davey! duration=9223371895315ms; Flags=0, FrameTimelineVsyncId=4476, IntendedVsync=141537134979, Vsync=141537134979, InputEventId=0, HandleInputStart=141538557775, AnimationStart=141538565483, PerformTraversalsStart=141541144983, DrawStart=141542000067, FrameDeadline=141570468311, FrameInterval=141538537025, FrameStartTime=16666666, SyncQueued=141543286817, SyncStart=141545407150, IssueDrawCommandsStart=141547386692, SwapBuffers=141561857108, FrameCompleted=9223372036854775807, DequeueBufferDuration=65083, QueueBufferDuration=1887292, GpuCompleted=9223372036854775807, SwapBuffersCompleted=141564770775, DisplayPresentTime=0,
06-04 15:06:53.794 1080 1080 E hq : LookupControler:::没有焦点
06-04 15:06:54.095 1080 1080 E hq : LookupControler:::没有焦点
06-04 15:06:54.219 476 520 W IorapForwardingService: No service published for: iorapd
06-04 15:06:54.246 2865 2936 D nStackXCoAP: CoapMessageHandler:[133] :2.01
06-04 15:06:54.318 2865 2936 D nStackXCoAP: IsInSameNetwork:[276] :IsInSameNetwork exec
06-04 15:06:54.318 2865 2936 I nStackXDFinder: GetLocalInterfaceDetail:[461] :GetLocalInterfaceDetail in
06-04 15:06:54.318 2865 2936 E nStackXCoAP: IsInSameNetwork:[281] :IsInSameNetwork: not priority process
06-04 15:06:54.318 2865 2936 D nStackXCoAP: ParseServiceDiscover:[330] :new device join
06-04 15:06:54.318 2865 2936 E nStackXDFinder: GetLocalIp:[401] :GetLocalIp exec
06-04 15:06:54.381 654 654 E WifiHAL : wifi_get_link_stats: requestResponse Error:-5
06-04 15:06:54.383 476 608 E WifiVendorHal: getWifiLinkLayerStats_1_5_Internal(l.1191) failed {.code = ERROR_INVALID_ARGS, .description = }
06-04 15:06:54.396 1080 1080 E hq : LookupControler:::没有焦点
06-04 15:06:54.503 2865 2936 D nStackXCoAP: CoapMessageHandler:[133] :2.01
06-04 15:06:54.697 1080 1080 E hq : LookupControler:::没有焦点
06-04 15:06:54.997 1080 1080 E hq : LookupControler:::没有焦点
06-04 15:06:55.221 476 520 W IorapForwardingService: No service published for: iorapd
