06-04 15:04:44.869 476 476 I SystemServiceManager: Starting com.android.server.StorageManagerService$Lifecycle
06-04 15:04:44.871 476 521 I InputManager-JNI: Viewport [0] to add: local:0, isActive: false
06-04 15:04:44.872 476 597 I InputReader: Reconfiguring input devices, changes=DISPLAY_INFO |
06-04 15:04:44.874 1 1 I init : processing action (sys.sysctl.extra_free_kbytes=*) from (/system/etc/init/hw/init.rc:1139)
06-04 15:04:44.877 349 370 D installd: Found quota mount /dev/block/by-name/userdata at /data
06-04 15:04:44.877 349 370 D installd: Found quota mount /dev/block/by-name/userdata at /data/user/0
06-04 15:04:44.880 311 311 D XiriService: check file name: /data/data/com.android.cts.priv.ctsshim/lib
06-04 15:04:44.880 311 311 D XiriService: check file name: /data/data/com.android.cts.priv.ctsshim/lib
06-04 15:04:44.880 311 311 D XiriService: check file name: /data/data/com.android.cts.priv.ctsshim/lib
06-04 15:04:44.880 311 311 D XiriService: check file name: /data/data/com.android.cts.priv.ctsshim/lib
06-04 15:04:44.881 311 311 D XiriService: check file name: /data/data/com.android.dynsystem/lib
06-04 15:04:44.881 311 311 D XiriService: check file name: /data/data/com.android.dynsystem/lib
06-04 15:04:44.882 311 311 D XiriService: check file name: /data/data/com.android.dynsystem/lib
06-04 15:04:44.883 311 311 D XiriService: check file name: /data/data/com.android.dynsystem/lib
06-04 15:04:44.884 476 602 D StorageManagerService: Thinking about init, mBootCompleted=false, mDaemonConnected=true
06-04 15:04:44.884 476 602 D StorageManagerService: Thinking about reset, mBootCompleted=false, mDaemonConnected=true
06-04 15:04:44.891 311 311 D XiriService: check file name: /data/data/com.android.dynsystem/lib
06-04 15:04:44.891 311 311 D XiriService: check file name: /data/data/com.android.dynsystem/lib
06-04 15:04:44.892 311 311 D XiriService: check file name: /data/data/com.android.dynsystem/lib
06-04 15:04:44.892 311 311 D XiriService: check file name: /data/data/com.android.dynsystem/lib
06-04 15:04:44.892 476 602 D StorageManagerService: Thinking about init, mBootCompleted=false, mDaemonConnected=true
06-04 15:04:44.892 311 311 D XiriService: check file name: /data/data/com.dangbei.lerad.rocky/lib
06-04 15:04:44.893 476 602 D StorageManagerService: Thinking about reset, mBootCompleted=false, mDaemonConnected=true
06-04 15:04:44.893 311 311 D XiriService: check file name: /data/data/com.dangbei.lerad.rocky/lib
06-04 15:04:44.893 311 311 D XiriService: check file name: /data/data/com.dangbei.lerad.rocky/lib
06-04 15:04:44.893 476 476 I SystemServerTiming: StartStorageStatsService
06-04 15:04:44.893 476 476 I SystemServiceManager: Starting com.android.server.usage.StorageStatsService$Lifecycle
06-04 15:04:44.896 349 583 D installd: Found quota mount /dev/block/by-name/userdata at /data
06-04 15:04:44.896 349 583 D installd: Found quota mount /dev/block/by-name/userdata at /data/user/0
06-04 15:04:44.900 349 583 D installd: Found quota mount /dev/block/by-name/userdata at /data
06-04 15:04:44.900 349 583 D installd: Found quota mount /dev/block/by-name/userdata at /data/user/0
06-04 15:04:44.902 476 476 I SystemServerTiming: StartUiModeManager
06-04 15:04:44.903 476 476 I SystemServiceManager: Starting com.android.server.UiModeManagerService
06-04 15:04:44.903 311 311 D XiriService: check file name: /data/data/com.dangbei.lerad.rocky/lib
06-04 15:04:44.903 311 311 D XiriService: check file name: /data/data/com.dangbei.lerad.rocky/lib
06-04 15:04:44.904 311 311 D XiriService: check file name: /data/data/com.dangbei.lerad.rocky/lib
06-04 15:04:44.904 311 311 D XiriService: check file name: /data/data/com.dangbei.lerad.rocky/lib
06-04 15:04:44.909 476 517 I SystemServerTimingAsync: InitThreadPoolExec:UiModeManager.onStart
06-04 15:04:44.909 476 517 D SystemServerInitThreadPool: Started executing UiModeManager.onStart
06-04 15:04:44.911 311 311 D XiriService: check file name: /data/data/com.android.tv.settings/lib
06-04 15:04:44.911 476 476 I SystemServerTiming: UpdatePackagesIfNeeded
06-04 15:04:44.911 311 311 D XiriService: check file name: /data/data/com.android.tv.settings/lib
06-04 15:04:44.911 476 476 I Watchdog: Pausing HandlerChecker: main thread for reason: dexopt. Pause count: 1
06-04 15:04:44.911 476 476 I Watchdog: Resuming HandlerChecker: main thread for reason: dexopt. Pause count: 0
06-04 15:04:44.911 476 476 I SystemServerTiming: PerformFstrimIfNeeded
06-04 15:04:44.912 476 476 I SystemServerTiming: StartLockSettingsService
06-04 15:04:44.912 476 476 I SystemServiceManager: Starting com.android.server.locksettings.LockSettingsService$Lifecycle
06-04 15:04:44.917 311 311 D XiriService: check file name: /data/data/com.android.tv.settings/lib
06-04 15:04:44.917 476 517 D SystemServerInitThreadPool: Finished executing UiModeManager.onStart
06-04 15:04:44.918 311 311 D XiriService: check file name: /data/data/com.android.tv.settings/lib
06-04 15:04:44.924 311 311 D XiriService: check file name: /data/data/com.android.tv.settings/lib
06-04 15:04:44.924 311 311 D XiriService: check file name: /data/data/com.android.tv.settings/lib
06-04 15:04:44.924 311 311 D XiriService: check file name: /data/data/com.android.tv.settings/lib
06-04 15:04:44.924 311 311 D XiriService: check file name: /data/data/com.android.tv.settings/lib
06-04 15:04:44.933 311 311 D XiriService: check file name: /data/data/com.oranth.factory/lib
06-04 15:04:44.933 311 311 D XiriService: check file name: /data/data/com.oranth.factory/lib
06-04 15:04:44.934 311 311 D XiriService: check file name: /data/data/com.oranth.factory/lib
06-04 15:04:44.934 311 311 D XiriService: check file name: /data/data/com.oranth.factory/lib
06-04 15:04:44.941 311 311 D XiriService: check file name: /data/data/com.oranth.factory/lib
06-04 15:04:44.941 311 311 D XiriService: check file name: /data/data/com.oranth.factory/lib
06-04 15:04:44.941 311 311 D XiriService: check file name: /data/data/com.oranth.factory/lib
06-04 15:04:44.941 311 311 D XiriService: check file name: /data/data/com.oranth.factory/lib
06-04 15:04:44.942 476 476 I SystemServerTiming: StartPersistentDataBlock
06-04 15:04:44.942 476 476 I SystemServiceManager: Starting com.android.server.PersistentDataBlockService
06-04 15:04:44.943 476 476 I SystemServerTiming: StartTestHarnessMode
06-04 15:04:44.943 476 476 I SystemServiceManager: Starting com.android.server.testharness.TestHarnessModeService
06-04 15:04:44.943 476 578 I SystemServerTimingAsync: InitThreadPoolExec:PersistentDataBlockService.onStart
06-04 15:04:44.943 476 578 D SystemServerInitThreadPool: Started executing PersistentDataBlockService.onStart
06-04 15:04:44.944 476 476 I SystemServerTiming: StartOemLockService
06-04 15:04:44.944 476 476 I SystemServiceManager: Starting com.android.server.oemlock.OemLockService
06-04 15:04:44.945 182 182 I hwservicemanager: getTransport: Cannot find entry android.hardware.oemlock@1.0::IOemLock/default in either framework or device VINTF manifest.
06-04 15:04:44.945 476 476 I OemLock : OemLock HAL not present on device
06-04 15:04:44.945 476 476 I OemLock : Using persistent data block based lock
06-04 15:04:44.946 476 476 I SystemServerTiming: StartDeviceIdleController
06-04 15:04:44.947 476 476 I SystemServiceManager: Starting com.android.server.DeviceIdleController
06-04 15:04:44.951 311 311 D XiriService: check file name: /data/data/com.dangbei.zhushou.os/lib
06-04 15:04:44.951 311 311 D XiriService: check file name: /data/data/com.dangbei.zhushou.os/lib
06-04 15:04:44.952 311 311 D XiriService: check file name: /data/data/com.dangbei.zhushou.os/lib
06-04 15:04:44.952 311 311 D XiriService: check file name: /data/data/com.dangbei.zhushou.os/lib
06-04 15:04:44.953 476 476 I SystemServerTiming: StartDevicePolicyManager
06-04 15:04:44.954 476 476 I SystemServiceManager: Starting com.android.server.devicepolicy.DevicePolicyManagerService$Lifecycle
06-04 15:04:44.960 311 311 D XiriService: check file name: /data/data/com.dangbei.zhushou.os/lib
06-04 15:04:44.960 311 311 D XiriService: check file name: /data/data/com.dangbei.zhushou.os/lib
06-04 15:04:44.961 311 311 D XiriService: check file name: /data/data/com.dangbei.zhushou.os/lib
06-04 15:04:44.961 476 578 D SystemServerInitThreadPool: Finished executing PersistentDataBlockService.onStart
06-04 15:04:44.961 311 311 D XiriService: check file name: /data/data/com.dangbei.zhushou.os/lib
06-04 15:04:44.965 476 476 I SystemServerTiming: StartStatusBarManagerService
06-04 15:04:44.966 476 476 D SystemServer: MusicRecognitionManagerService not defined by OEM or disabled by flag
06-04 15:04:44.967 476 476 D SystemServer: ContentCaptureService disabled because resource is not overlaid
06-04 15:04:44.967 476 476 D SystemServer: AttentionService is not configured on this device
06-04 15:04:44.968 476 476 D SystemServer: RotationResolverService is not configured on this device
06-04 15:04:44.968 476 476 D SystemServer: SystemCaptionsManagerService disabled because resource is not overlaid
06-04 15:04:44.968 476 476 I SystemServerTiming: StartTextToSpeechManagerService
06-04 15:04:44.968 476 476 I SystemServiceManager: Starting com.android.server.texttospeech.TextToSpeechManagerService
06-04 15:04:44.970 476 476 I SystemServerTiming: StartSpeechRecognitionManagerService
06-04 15:04:44.972 476 476 I SystemServiceManager: Starting com.android.server.speech.SpeechRecognitionManagerService
06-04 15:04:44.975 476 476 D SystemServer: AppPredictionService not defined by OEM
06-04 15:04:44.975 476 476 D SystemServer: ContentSuggestionsService not defined by OEM
06-04 15:04:44.975 476 476 I SystemServerTiming: StartSearchUiService
06-04 15:04:44.975 476 476 I SystemServiceManager: Starting com.android.server.searchui.SearchUiManagerService
06-04 15:04:44.981 476 476 I SystemServerTiming: StartSmartspaceService
06-04 15:04:44.981 476 476 I SystemServiceManager: Starting com.android.server.smartspace.SmartspaceManagerService
06-04 15:04:44.984 476 476 I SystemServerTiming: InitConnectivityModuleConnector
06-04 15:04:44.984 476 476 D ConnectivityModuleConnector: Network stack init
06-04 15:04:44.988 311 311 I xiriservice_All: type=1400 audit(0.0:306): avc: denied { search } for name="com.sohu.inputmethod.sogou.tv" dev="mmcblk0p25" ino=1409 scontext=u:r:init:s0 tcontext=u:object_r:app_data_file:s0:c47,c256,c512,c768 tclass=dir permissive=1
06-04 15:04:44.988 311 311 D XiriService: check file name: /data/data/com.sohu.inputmethod.sogou.tv/lib
06-04 15:04:44.989 476 476 I SystemServerTiming: InitNetworkStackClient
06-04 15:04:44.989 311 311 D XiriService: check file name: /data/data/com.sohu.inputmethod.sogou.tv/lib
06-04 15:04:44.989 311 311 D XiriService: check file name: /data/data/com.sohu.inputmethod.sogou.tv/lib
06-04 15:04:44.988 311 311 I xiriservice_All: type=1400 audit(0.0:307): avc: denied { read } for name="lib" dev="mmcblk0p25" ino=6430 scontext=u:r:init:s0 tcontext=u:object_r:app_data_file:s0:c47,c256,c512,c768 tclass=lnk_file permissive=1
06-04 15:04:44.991 476 476 I SystemServerTiming: StartNetworkManagementService
06-04 15:04:44.997 476 476 I SystemServerTiming: StartIpSecService
06-04 15:04:44.998 311 311 D XiriService: check file name: /data/data/com.sohu.inputmethod.sogou.tv/lib
06-04 15:04:44.998 311 311 D XiriService: check file name: /data/data/com.sohu.inputmethod.sogou.tv/lib
06-04 15:04:44.998 311 311 D XiriService: check file name: /data/data/com.sohu.inputmethod.sogou.tv/lib
06-04 15:04:44.999 311 311 D XiriService: check file name: /data/data/com.sohu.inputmethod.sogou.tv/lib
06-04 15:04:45.003 476 476 I SystemServerTiming: StartTextServicesManager
06-04 15:04:45.003 476 476 I SystemServiceManager: Starting com.android.server.textservices.TextServicesManagerService$Lifecycle
06-04 15:04:45.003 476 517 I SystemServerTimingAsync: InitThreadPoolExec:START_FONT_MANAGER_SERVICE
06-04 15:04:45.003 476 517 D SystemServerInitThreadPool: Started executing START_FONT_MANAGER_SERVICE
06-04 15:04:45.003 476 517 I SystemServerTimingAsync: START_FONT_MANAGER_SERVICE
06-04 15:04:45.005 476 476 I SystemServerTiming: StartTextClassificationManagerService
06-04 15:04:45.005 476 476 I SystemServiceManager: Starting com.android.server.textclassifier.TextClassificationManagerService$Lifecycle
06-04 15:04:45.010 476 476 I SystemServerTiming: StartNetworkScoreService
06-04 15:04:45.010 476 476 I SystemServiceManager: Starting com.android.server.NetworkScoreService$Lifecycle
06-04 15:04:45.012 476 476 I NetworkScoreService: Registering network_score
06-04 15:04:45.013 476 476 I SystemServerTiming: StartNetworkStatsService
06-04 15:04:45.018 476 476 I SystemServerTiming: StartNetworkPolicyManagerService
06-04 15:04:45.026 476 476 I SystemServerTiming: StartWifi
06-04 15:04:45.043 311 311 D XiriService: check file name: /data/data/com.oranth.ledstatus/lib
06-04 15:04:45.043 311 311 D XiriService: check file name: /data/data/com.oranth.ledstatus/lib
06-04 15:04:45.044 311 311 D XiriService: check file name: /data/data/com.oranth.ledstatus/lib
06-04 15:04:45.044 311 311 D XiriService: check file name: /data/data/com.oranth.ledstatus/lib
06-04 15:04:45.051 311 311 D XiriService: check file name: /data/data/com.oranth.ledstatus/lib
06-04 15:04:45.051 311 311 D XiriService: check file name: /data/data/com.oranth.ledstatus/lib
06-04 15:04:45.052 311 311 D XiriService: check file name: /data/data/com.oranth.ledstatus/lib
06-04 15:04:45.052 311 311 D XiriService: check file name: /data/data/com.oranth.ledstatus/lib
06-04 15:04:45.055 311 311 D XiriService: check file name: /data/data/com.dangbei.lerad.videoposter/lib
06-04 15:04:45.059 476 476 I SystemServiceManager: Starting com.android.server.wifi.WifiService
06-04 15:04:45.062 311 311 D XiriService: check file name: /data/data/com.dangbei.lerad.videoposter/lib
06-04 15:04:45.062 311 311 D XiriService: check file name: /data/data/com.dangbei.lerad.videoposter/lib
06-04 15:04:45.062 311 311 D XiriService: check file name: /data/data/com.dangbei.lerad.videoposter/lib
06-04 15:04:45.062 311 311 D XiriService: check file name: /data/data/com.dangbei.lerad.videoposter/lib
06-04 15:04:45.079 476 476 I WifiContext: Found Wifi Resources APK at: com.android.wifi.resources
06-04 15:04:45.085 311 311 D XiriService: check file name: /data/data/com.android.networkstack/lib
06-04 15:04:45.086 311 311 D XiriService: check file name: /data/data/com.android.networkstack/lib
06-04 15:04:45.086 311 311 D XiriService: check file name: /data/data/com.android.networkstack/lib
06-04 15:04:45.086 311 311 D XiriService: check file name: /data/data/com.android.networkstack/lib
06-04 15:04:45.084 311 311 I xiriservice_All: type=1400 audit(0.0:308): avc: denied { read } for name="lib" dev="mmcblk0p25" ino=6436 scontext=u:r:init:s0 tcontext=u:object_r:radio_data_file:s0 tclass=lnk_file permissive=1
06-04 15:04:45.094 311 311 D XiriService: check file name: /data/data/com.android.networkstack/lib
06-04 15:04:45.095 311 311 D XiriService: check file name: /data/data/com.android.networkstack/lib
06-04 15:04:45.095 311 311 D XiriService: check file name: /data/data/com.android.networkstack/lib
06-04 15:04:45.096 311 311 D XiriService: check file name: /data/data/com.android.networkstack/lib
06-04 15:04:45.099 476 476 V NetworkScoreManager: registerNetworkScoreCallback: callback=com.android.server.wifi.WifiNetworkScoreCache@7f4bbf7, executor=com.android.wifi.x.android.os.HandlerExecutor@c837a64
06-04 15:04:45.121 476 476 D ScanMetrics: Settings package: com.android.tv.settings
06-04 15:04:45.121 476 476 E ScanMetrics: Can't get GMS uid
06-04 15:04:45.136 244 244 W Zygote : Class not found for preloading: android.view.SurfaceView$2
06-04 15:04:45.143 476 476 I WifiCoexManager: Default coex algorithm is disabled.
06-04 15:04:45.193 476 476 D WifiOpenNetworkNotifier: Settings toggle enabled=true
06-04 15:04:45.200 476 476 D WifiNl80211Manager: registerCountryCodeEventListener called
06-04 15:04:45.200 365 365 I wificond: New wificond event callback registered
06-04 15:04:45.200 476 476 D WifiCountryCode: Default country code from system property ro.boot.wificountrycode is CN
06-04 15:04:45.206 311 311 D XiriService: check file name: /data/data/com.dangbei.screencast/lib
06-04 15:04:45.206 311 311 D XiriService: check file name: /data/data/com.dangbei.screencast/lib
06-04 15:04:45.207 311 311 D XiriService: check file name: /data/data/com.dangbei.screencast/lib
06-04 15:04:45.207 311 311 D XiriService: check file name: /data/data/com.dangbei.screencast/lib
06-04 15:04:45.208 476 476 D WakeupController: WifiWake enabled
06-04 15:04:45.212 476 476 V HistoricalRegistry: Interaction before persistence initialized
06-04 15:04:45.219 311 311 D XiriService: check file name: /data/data/com.dangbei.screencast/lib
06-04 15:04:45.221 476 476 I WifiService: Registering wifi
06-04 15:04:45.225 476 476 I SystemServerTiming: StartWifiScanning
06-04 15:04:45.225 476 476 I SystemServiceManager: Starting com.android.server.wifi.scanner.WifiScanningService
06-04 15:04:45.226 476 476 I WifiScanningService: Creating wifiscanner
06-04 15:04:45.234 311 311 D XiriService: check file name: /data/data/com.dangbei.leard.leradlauncher/lib
06-04 15:04:45.234 311 311 D XiriService: check file name: /data/data/com.dangbei.leard.leradlauncher/lib
06-04 15:04:45.234 311 311 D XiriService: check file name: /data/data/com.dangbei.leard.leradlauncher/lib
06-04 15:04:45.234 311 311 D XiriService: check file name: /data/data/com.dangbei.leard.leradlauncher/lib
06-04 15:04:45.235 476 476 I WifiScanningService: Publishing wifiscanner
06-04 15:04:45.237 476 476 I SystemServerTiming: StartWifiP2P
06-04 15:04:45.237 476 476 I SystemServiceManager: Starting com.android.server.wifi.p2p.WifiP2pService
06-04 15:04:45.242 311 311 D XiriService: check file name: /data/data/com.dangbei.leard.leradlauncher/lib
06-04 15:04:45.242 311 311 D XiriService: check file name: /data/data/com.dangbei.leard.leradlauncher/lib
06-04 15:04:45.243 311 311 D XiriService: check file name: /data/data/com.dangbei.leard.leradlauncher/lib
06-04 15:04:45.243 311 311 D XiriService: check file name: /data/data/com.dangbei.leard.leradlauncher/lib
06-04 15:04:45.245 476 476 I WifiP2pService: Registering wifip2p
06-04 15:04:45.247 476 476 I SystemServerTiming: StartEthernet
06-04 15:04:45.248 476 476 I SystemServiceManager: Starting com.android.server.ethernet.EthernetService
06-04 15:04:45.249 476 476 I EthernetService: Registering service ethernet
06-04 15:04:45.251 476 476 I SystemServerTiming: StartPacProxyService
06-04 15:04:45.256 476 476 I SystemServerTiming: StartPppoe
06-04 15:04:45.257 476 476 I SystemServiceManager: Starting com.android.server.pppoe.PppoeService
06-04 15:04:45.258 311 311 D XiriService: check file name: /data/data/com.android.printspooler/lib
06-04 15:04:45.256 311 311 I xiriservice_All: type=1400 audit(0.0:309): avc: denied { search } for name="com.android.printspooler" dev="mmcblk0p25" ino=937 scontext=u:r:init:s0 tcontext=u:object_r:app_data_file:s0:c34,c256,c512,c768 tclass=dir permissive=1
06-04 15:04:45.256 311 311 I xiriservice_All: type=1400 audit(0.0:310): avc: denied { read } for name="lib" dev="mmcblk0p25" ino=6442 scontext=u:r:init:s0 tcontext=u:object_r:app_data_file:s0:c34,c256,c512,c768 tclass=lnk_file permissive=1
06-04 15:04:45.259 476 476 I PppoeServiceImpl: Creating PppoeServiceImpl
06-04 15:04:45.268 311 311 D XiriService: check file name: /data/data/com.android.printspooler/lib
06-04 15:04:45.274 476 476 I PppoeService: Registering service pppoe
06-04 15:04:45.276 476 476 I SystemServerTiming: StartConnectivityService
06-04 15:04:45.277 311 311 D XiriService: check file name: /data/data/com.android.webview/lib
06-04 15:04:45.276 311 311 I xiriservice_All: type=1400 audit(0.0:311): avc: denied { search } for name="com.android.webview" dev="mmcblk0p25" ino=953 scontext=u:r:init:s0 tcontext=u:object_r:app_data_file:s0:c60,c256,c512,c768 tclass=dir permissive=1
06-04 15:04:45.276 311 311 I xiriservice_All: type=1400 audit(0.0:312): avc: denied { read } for name="lib" dev="mmcblk0p25" ino=6444 scontext=u:r:init:s0 tcontext=u:object_r:app_data_file:s0:c60,c256,c512,c768 tclass=lnk_file permissive=1
06-04 15:04:45.286 311 311 D XiriService: check file name: /data/data/com.android.webview/lib
06-04 15:04:45.286 311 311 D XiriService: check file name: /data/data/com.android.webview/lib
06-04 15:04:45.286 311 311 D XiriService: check file name: /data/data/com.android.webview/lib
06-04 15:04:45.287 311 311 D XiriService: check file name: /data/data/com.android.webview/lib
06-04 15:04:45.302 476 476 I SystemServiceManager: Starting com.android.server.ConnectivityServiceInitializer
06-04 15:04:45.303 311 311 D XiriService: check file name: /data/data/com.android.bips/lib
06-04 15:04:45.300 311 311 I xiriservice_All: type=1400 audit(0.0:313): avc: denied { search } for name="com.android.bips" dev="mmcblk0p25" ino=977 scontext=u:r:init:s0 tcontext=u:object_r:privapp_data_file:s0:c512,c768 tclass=dir permissive=1
06-04 15:04:45.303 311 311 D XiriService: check file name: /data/data/com.android.bips/lib
06-04 15:04:45.304 311 311 D XiriService: check file name: /data/data/com.android.bips/lib
06-04 15:04:45.305 311 311 D XiriService: check file name: /data/data/com.android.bips/lib
06-04 15:04:45.312 311 311 D XiriService: check file name: /data/data/com.android.bips/lib
06-04 15:04:45.312 311 311 D XiriService: check file name: /data/data/com.android.bips/lib
06-04 15:04:45.313 311 311 D XiriService: check file name: /data/data/com.android.bips/lib
06-04 15:04:45.313 311 311 D XiriService: check file name: /data/data/com.android.bips/lib
06-04 15:04:45.314 311 311 D XiriService: check file name: /data/data/com.oranth.inputmacsn/lib
06-04 15:04:45.312 311 311 I xiriservice_All: type=1400 audit(0.0:314): avc: denied { search } for name="com.oranth.inputmacsn" dev="mmcblk0p25" ino=985 scontext=u:r:init:s0 tcontext=u:object_r:system_app_data_file:s0 tclass=dir permissive=1
06-04 15:04:45.321 311 311 D XiriService: check file name: /data/data/com.oranth.inputmacsn/lib
06-04 15:04:45.321 311 311 D XiriService: check file name: /data/data/com.oranth.inputmacsn/lib
06-04 15:04:45.322 311 311 D XiriService: check file name: /data/data/com.oranth.inputmacsn/lib
06-04 15:04:45.322 311 311 D XiriService: check file name: /data/data/com.oranth.inputmacsn/lib
06-04 15:04:45.327 476 476 D ConnectivityService: ConnectivityService starting up
06-04 15:04:45.334 476 476 D pppoeNRI:: uid/pid:1000/476 activeRequest: null callbackRequest: 5 [NetworkRequest [ REQUEST id=5, [ Transports: PPPOE Capabilities: INTERNET&NOT_RESTRICTED&TRUSTED&NOT_VPN&NOT_VCN_MANAGED RequestorUid: 1000 RequestorPkg: android] ]] callback flags: 1 priority: 2147483647
06-04 15:04:45.343 311 311 D XiriService: check file name: /data/data/com.android.keychain/lib
06-04 15:04:45.345 476 476 E TAG : Exception = android.content.pm.PackageManager$NameNotFoundException: android.telephony.cts
06-04 15:04:45.345 476 476 E TAG : Exception = android.content.pm.PackageManager$NameNotFoundException: android.net.cts
06-04 15:04:45.351 311 311 D XiriService: check file name: /data/data/com.android.keychain/lib
06-04 15:04:45.352 311 311 D XiriService: check file name: /data/data/com.android.keychain/lib
06-04 15:04:45.352 311 311 D XiriService: check file name: /data/data/com.android.keychain/lib
06-04 15:04:45.352 311 311 D XiriService: check file name: /data/data/com.android.keychain/lib
06-04 15:04:45.365 476 517 D SystemServerInitThreadPool: Finished executing START_FONT_MANAGER_SERVICE
06-04 15:04:45.373 311 311 D XiriService: check file name: /data/data/com.android.localtransport/lib
06-04 15:04:45.373 311 311 D XiriService: check file name: /data/data/com.android.localtransport/lib
06-04 15:04:45.373 311 311 D XiriService: check file name: /data/data/com.android.localtransport/lib
06-04 15:04:45.373 311 311 D XiriService: check file name: /data/data/com.android.localtransport/lib
06-04 15:04:45.373 244 244 I Zygote : ...preloaded 7337 classes in 930ms.
06-04 15:04:45.377 476 476 D CompatibilityChangeReporter: Compat change id reported: 182478738; UID 1000; state: ENABLED
06-04 15:04:45.380 244 244 D ApplicationLoaders: Created zygote-cached class loader: /system/framework/android.hidl.base-V1.0-java.jar
06-04 15:04:45.380 311 311 D XiriService: check file name: /data/data/com.android.localtransport/lib
06-04 15:04:45.380 311 311 D XiriService: check file name: /data/data/com.android.localtransport/lib
06-04 15:04:45.381 311 311 D XiriService: check file name: /data/data/com.android.localtransport/lib
06-04 15:04:45.382 311 311 D XiriService: check file name: /data/data/com.android.packageinstaller/lib
06-04 15:04:45.383 311 311 D XiriService: check file name: /data/data/com.android.packageinstaller/lib
06-04 15:04:45.383 311 311 D XiriService: check file name: /data/data/com.android.packageinstaller/lib
06-04 15:04:45.383 311 311 D XiriService: check file name: /data/data/com.android.packageinstaller/lib
06-04 15:04:45.385 244 244 D ApplicationLoaders: Created zygote-cached class loader: /system/framework/android.hidl.manager-V1.0-java.jar
06-04 15:04:45.387 476 476 I ConnectivityServiceInitializer: Registering connectivity
06-04 15:04:45.389 476 476 I SystemServerTiming: StartVpnManagerService
06-04 15:04:45.390 244 244 D ApplicationLoaders: Created zygote-cached class loader: /system/framework/android.test.base.jar
06-04 15:04:45.390 311 311 D XiriService: check file name: /data/data/com.android.packageinstaller/lib
06-04 15:04:45.390 244 244 I Zygote : Preloading resources...
06-04 15:04:45.390 311 311 D XiriService: check file name: /data/data/com.android.packageinstaller/lib
06-04 15:04:45.390 311 311 D XiriService: check file name: /data/data/com.android.packageinstaller/lib
06-04 15:04:45.390 311 311 D XiriService: check file name: /data/data/com.android.packageinstaller/lib
06-04 15:04:45.393 476 476 D VpnManagerService: VpnManagerService starting up
06-04 15:04:45.394 476 476 I SystemServerTiming: StartVcnManagementService
06-04 15:04:45.399 476 476 I SystemServerTiming: StartNsdService
06-04 15:04:45.400 476 476 D NsdService: Network service discovery is enabled
06-04 15:04:45.403 476 476 I SystemServerTiming: StartSystemUpdateManagerService
06-04 15:04:45.404 476 476 I SystemUpdateManagerService: No existing info file /data/system/system-update-info.xml
06-04 15:04:45.405 476 476 I SystemServerTiming: StartUpdateLockService
06-04 15:04:45.406 311 311 D XiriService: check file name: /data/data/com.oranth.usbopenft/lib
06-04 15:04:45.406 311 311 D XiriService: check file name: /data/data/com.oranth.usbopenft/lib
06-04 15:04:45.406 311 311 D XiriService: check file name: /data/data/com.oranth.usbopenft/lib
06-04 15:04:45.406 311 311 D XiriService: check file name: /data/data/com.oranth.usbopenft/lib
06-04 15:04:45.407 476 476 I SystemServerTiming: StartNotificationManager
06-04 15:04:45.407 476 476 I SystemServiceManager: Starting com.android.server.notification.NotificationManagerService
06-04 15:04:45.408 244 244 W Resources: Preloaded drawable resource #0x1080286 (android:drawable/dialog_background_material) that varies with configuration!!
06-04 15:04:45.417 311 311 D XiriService: check file name: /data/data/com.oranth.usbopenft/lib
06-04 15:04:45.418 311 311 D XiriService: check file name: /data/data/com.android.networkstack.tethering/lib
06-04 15:04:45.418 311 311 D XiriService: check file name: /data/data/com.android.networkstack.tethering/lib
06-04 15:04:45.418 311 311 D XiriService: check file name: /data/data/com.android.networkstack.tethering/lib
06-04 15:04:45.418 311 311 D XiriService: check file name: /data/data/com.android.networkstack.tethering/lib
06-04 15:04:45.424 476 476 D ConditionProviders.SCP: new ScheduleConditionProvider()
06-04 15:04:45.427 311 311 D XiriService: check file name: /data/data/com.android.networkstack.tethering/lib
06-04 15:04:45.434 311 311 D XiriService: check file name: /data/data/com.dangbei.lerad.etna.haqu/lib
06-04 15:04:45.434 311 311 D XiriService: check file name: /data/data/com.dangbei.lerad.etna.haqu/lib
06-04 15:04:45.435 311 311 D XiriService: check file name: /data/data/com.dangbei.lerad.etna.haqu/lib
06-04 15:04:45.435 311 311 D XiriService: check file name: /data/data/com.dangbei.lerad.etna.haqu/lib
06-04 15:04:45.441 311 311 D XiriService: check file name: /data/data/com.dangbei.lerad.etna.haqu/lib
06-04 15:04:45.441 311 311 D XiriService: check file name: /data/data/com.dangbei.lerad.etna.haqu/lib
06-04 15:04:45.442 311 311 D XiriService: check file name: /data/data/com.dangbei.lerad.etna.haqu/lib
06-04 15:04:45.442 311 311 D XiriService: check file name: /data/data/com.dangbei.lerad.etna.haqu/lib
06-04 15:04:45.444 476 476 I NotificationAssistants: Read notification assistant permissions from xml
06-04 15:04:45.445 476 476 I ConditionProviders: Read condition provider permissions from xml
06-04 15:04:45.445 476 476 I ConditionProviders: Read condition provider permissions from xml
06-04 15:04:45.445 476 476 D NotificationAssistants: Approving default notification assistant for user 0
06-04 15:04:45.446 476 476 I ConditionProviders: Allowing condition provider android.ext.services/android.ext.services.notification.Assistant (userSet: true)
06-04 15:04:45.448 476 476 D CompatibilityChangeReporter: Compat change id reported: 147600208; UID 1000; state: ENABLED
06-04 15:04:45.450 244 244 I Zygote : ...preloaded 64 resources in 59ms.
06-04 15:04:45.451 476 476 D CompatibilityChangeReporter: Compat change id reported: 157233955; UID 1000; state: ENABLED
06-04 15:04:45.460 476 476 I SystemServerTiming: StartDeviceMonitor
06-04 15:04:45.460 476 476 I SystemServiceManager: Starting com.android.server.storage.DeviceStorageMonitorService
06-04 15:04:45.461 244 244 I Zygote : ...preloaded 41 resources in 11ms.
06-04 15:04:45.462 476 476 I SystemServerTiming: StartLocationManagerService
06-04 15:04:45.462 476 476 I SystemServiceManager: Starting com.android.server.location.LocationManagerService$Lifecycle
06-04 15:04:45.471 311 311 D XiriService: check file name: /data/data/com.oranth.powerwindow/lib
06-04 15:04:45.471 311 311 D XiriService: check file name: /data/data/com.oranth.powerwindow/lib
06-04 15:04:45.472 311 311 D XiriService: check file name: /data/data/com.oranth.powerwindow/lib
06-04 15:04:45.472 311 311 D XiriService: check file name: /data/data/com.oranth.powerwindow/lib
06-04 15:04:45.476 476 476 I SystemServerTiming: StartCountryDetectorService
06-04 15:04:45.477 476 476 I SystemServerTiming: StartTimeDetectorService
06-04 15:04:45.478 476 476 I SystemServiceManager: Starting com.android.server.timedetector.TimeDetectorService$Lifecycle
06-04 15:04:45.478 311 311 D XiriService: check file name: /data/data/com.oranth.powerwindow/lib
06-04 15:04:45.478 311 311 D XiriService: check file name: /data/data/com.oranth.powerwindow/lib
06-04 15:04:45.478 311 311 D XiriService: check file name: /data/data/com.oranth.powerwindow/lib
06-04 15:04:45.478 311 311 D XiriService: check file name: /data/data/com.oranth.powerwindow/lib
06-04 15:04:45.481 476 476 I SystemServerTiming: StartTimeZoneDetectorService
06-04 15:04:45.481 476 476 I SystemServiceManager: Starting com.android.server.timezonedetector.TimeZoneDetectorService$Lifecycle
06-04 15:04:45.484 476 476 I SystemServerTiming: StartLocationTimeZoneManagerService
06-04 15:04:45.484 476 476 I SystemServiceManager: Starting com.android.server.timezonedetector.location.LocationTimeZoneManagerService$Lifecycle
06-04 15:04:45.485 476 476 I SystemServerTiming: StartSearchManagerService
06-04 15:04:45.485 476 476 I SystemServiceManager: Starting com.android.server.search.SearchManagerService$Lifecycle
06-04 15:04:45.487 476 476 I SystemServerTiming: StartWallpaperManagerService
06-04 15:04:45.487 476 476 I SystemServiceManager: Starting com.android.server.wallpaper.WallpaperManagerService$Lifecycle
06-04 15:04:45.489 244 244 D libEGL : loaded /vendor/lib/egl/libGLES_mali.so
06-04 15:04:45.489 476 476 I SystemServerTiming: StartAudioService
06-04 15:04:45.489 476 476 I SystemServiceManager: Starting com.android.server.audio.AudioService$Lifecycle
06-04 15:04:45.494 311 311 D XiriService: check file name: /data/data/com.android.networkstack.permissionconfig/lib
06-04 15:04:45.494 311 311 D XiriService: check file name: /data/data/com.android.networkstack.permissionconfig/lib
06-04 15:04:45.495 311 311 D XiriService: check file name: /data/data/com.android.networkstack.permissionconfig/lib
06-04 15:04:45.495 311 311 D XiriService: check file name: /data/data/com.android.networkstack.permissionconfig/lib
06-04 15:04:45.503 311 311 D XiriService: check file name: /data/data/com.android.networkstack.permissionconfig/lib
06-04 15:04:45.503 311 311 D XiriService: check file name: /data/data/com.android.networkstack.permissionconfig/lib
06-04 15:04:45.504 311 311 D XiriService: check file name: /data/data/com.android.networkstack.permissionconfig/lib
06-04 15:04:45.504 311 311 D XiriService: check file name: /data/data/com.android.networkstack.permissionconfig/lib
06-04 15:04:45.506 476 476 I android_os_HwBinder: HwBinder: Starting thread pool for getting: android.hidl.manager@1.0::IServiceManager/default
06-04 15:04:45.511 311 311 D XiriService: check file name: /data/data/com.dangbei.lerad.screensaver/lib
06-04 15:04:45.508 311 311 I xiriservice_All: type=1400 audit(0.0:315): avc: denied { search } for name="com.dangbei.lerad.screensaver" dev="mmcblk0p25" ino=1187 scontext=u:r:init:s0 tcontext=u:object_r:app_data_file:s0:c54,c256,c512,c768 tclass=dir permissive=1
06-04 15:04:45.512 311 311 D XiriService: check file name: /data/data/com.dangbei.lerad.screensaver/lib
06-04 15:04:45.512 311 311 D XiriService: check file name: /data/data/com.dangbei.lerad.screensaver/lib
06-04 15:04:45.512 311 311 D XiriService: check file name: /data/data/com.dangbei.lerad.screensaver/lib
06-04 15:04:45.508 311 311 I xiriservice_All: type=1400 audit(0.0:316): avc: denied { read } for name="lib" dev="mmcblk0p25" ino=6118 scontext=u:r:init:s0 tcontext=u:object_r:app_data_file:s0:c54,c256,c512,c768 tclass=lnk_file permissive=1
06-04 15:04:45.512 311 311 I xiriservice_All: type=1400 audit(0.0:317): avc: denied { read } for name="lib" dev="mmcblk0p25" ino=6466 scontext=u:r:init:s0 tcontext=u:object_r:app_data_file:s0 tclass=lnk_file permissive=1
06-04 15:04:45.513 273 449 W AudioFlinger: no wake lock to update, system not ready yet
06-04 15:04:45.518 273 273 D PermissionCache: checking android.permission.MODIFY_AUDIO_ROUTING for uid=1000 => granted (1114 us)
06-04 15:04:45.520 311 311 D XiriService: check file name: /data/data/com.dangbei.lerad.screensaver/lib
06-04 15:04:45.521 311 311 D XiriService: check file name: /data/data/com.dangbei.lerad.screensaver/lib
06-04 15:04:45.521 311 311 D XiriService: check file name: /data/data/com.dangbei.lerad.screensaver/lib
06-04 15:04:45.521 311 311 D XiriService: check file name: /data/data/com.dangbei.lerad.screensaver/lib
06-04 15:04:45.537 273 628 D PermissionCache: checking android.permission.MODIFY_AUDIO_SETTINGS for uid=1000 => granted (163 us)
06-04 15:04:45.542 273 628 D AudioFlinger: isLowRamDevice:false totalMemory:2055442432 mClientSharedHeapSize:4194304
06-04 15:04:45.544 476 476 I SystemServerTiming: StartSoundTriggerMiddlewareService
06-04 15:04:45.544 476 476 I SystemServiceManager: Starting com.android.server.soundtrigger_middleware.SoundTriggerMiddlewareService$Lifecycle
06-04 15:04:45.546 476 476 D SoundTriggerMiddlewareService: Connecting to default ISoundTriggerHw
06-04 15:04:45.547 182 182 I hwservicemanager: getTransport: Cannot find entry android.hardware.soundtrigger@2.0::ISoundTriggerHw/default in either framework or device VINTF manifest.
06-04 15:04:45.552 476 476 E SoundTriggerMiddlewareImpl: Failed to add a SoundTriggerModule instance
06-04 15:04:45.552 476 476 E SoundTriggerMiddlewareImpl: java.util.NoSuchElementException
06-04 15:04:45.552 476 476 E SoundTriggerMiddlewareImpl: at android.os.HwBinder.getService(Native Method)
06-04 15:04:45.552 476 476 E SoundTriggerMiddlewareImpl: at android.hardware.soundtrigger.V2_0.ISoundTriggerHw.getService(ISoundTriggerHw.java:57)
06-04 15:04:45.552 476 476 E SoundTriggerMiddlewareImpl: at android.hardware.soundtrigger.V2_0.ISoundTriggerHw.getService(ISoundTriggerHw.java:64)
06-04 15:04:45.552 476 476 E SoundTriggerMiddlewareImpl: at com.android.server.soundtrigger_middleware.SoundTriggerMiddlewareService$Lifecycle.lambda$onStart$0(SoundTriggerMiddlewareService.java:238)
06-04 15:04:45.552 476 476 E SoundTriggerMiddlewareImpl: at com.android.server.soundtrigger_middleware.SoundTriggerMiddlewareService$Lifecycle$$ExternalSyntheticLambda0.create(Unknown Source:0)
06-04 15:04:45.552 476 476 E SoundTriggerMiddlewareImpl: at com.android.server.soundtrigger_middleware.SoundTriggerModule.attachToHal(SoundTriggerModule.java:222)
06-04 15:04:45.552 476 476 E SoundTriggerMiddlewareImpl: at com.android.server.soundtrigger_middleware.SoundTriggerModule.(SoundTriggerModule.java:112)
06-04 15:04:45.552 476 476 E SoundTriggerMiddlewareImpl: at com.android.server.soundtrigger_middleware.SoundTriggerMiddlewareImpl.(SoundTriggerMiddlewareImpl.java:89)
06-04 15:04:45.552 476 476 E SoundTriggerMiddlewareImpl: at com.android.server.soundtrigger_middleware.SoundTriggerMiddlewareService$Lifecycle.onStart(SoundTriggerMiddlewareService.java:244)
06-04 15:04:45.552 476 476 E SoundTriggerMiddlewareImpl: at com.android.server.SystemServiceManager.startService(SystemServiceManager.java:205)
06-04 15:04:45.552 476 476 E SoundTriggerMiddlewareImpl: at com.android.server.SystemServiceManager.startService(SystemServiceManager.java:192)
06-04 15:04:45.552 476 476 E SoundTriggerMiddlewareImpl: at com.android.server.SystemServer.startOtherServices(SystemServer.java:2161)
06-04 15:04:45.552 476 476 E SoundTriggerMiddlewareImpl: at com.android.server.SystemServer.run(SystemServer.java:928)
06-04 15:04:45.552 476 476 E SoundTriggerMiddlewareImpl: at com.android.server.SystemServer.main(SystemServer.java:628)
06-04 15:04:45.552 476 476 E SoundTriggerMiddlewareImpl: at java.lang.reflect.Method.invoke(Native Method)
06-04 15:04:45.552 476 476 E SoundTriggerMiddlewareImpl: at com.android.internal.os.RuntimeInit$MethodAndArgsCaller.run(RuntimeInit.java:548)
06-04 15:04:45.552 476 476 E SoundTriggerMiddlewareImpl: at com.android.internal.os.ZygoteInit.main(ZygoteInit.java:1160)
06-04 15:04:45.554 476 476 I SystemServerTiming: StartDockObserver
06-04 15:04:45.555 476 476 I SystemServiceManager: Starting com.android.server.DockObserver
06-04 15:04:45.555 476 476 W DockObserver: This kernel does not have dock station support
06-04 15:04:45.556 311 311 D XiriService: check file name: /data/data/com.android.wallpaperbackup/lib
06-04 15:04:45.556 476 476 I SystemServerTiming: StartWiredAccessoryManager
06-04 15:04:45.557 311 311 D XiriService: check file name: /data/data/com.android.wallpaperbackup/lib
06-04 15:04:45.557 311 311 D XiriService: check file name: /data/data/com.android.wallpaperbackup/lib
06-04 15:04:45.557 311 311 D XiriService: check file name: /data/data/com.android.wallpaperbackup/lib
06-04 15:04:45.556 311 311 I xiriservice_All: type=1400 audit(0.0:318): avc: denied { read } for name="lib" dev="mmcblk0p25" ino=6468 scontext=u:r:init:s0 tcontext=u:object_r:system_app_data_file:s0 tclass=lnk_file permissive=1
06-04 15:04:45.558 476 476 I SystemServer: Audio device manager Observer
06-04 15:04:45.559 476 476 E Environment: Path requests must specify a user by using UserEnvironment
06-04 15:04:45.559 476 476 E Environment: java.lang.Throwable
06-04 15:04:45.559 476 476 E Environment: at android.os.Environment.throwIfUserRequired(Environment.java:1449)
06-04 15:04:45.559 476 476 E Environment: at android.os.Environment.getExternalStorageDirectory(Environment.java:707)
06-04 15:04:45.559 476 476 E Environment: at com.android.server.SystemServer.startOtherServices(SystemServer.java:2192)
06-04 15:04:45.559 476 476 E Environment: at com.android.server.SystemServer.run(SystemServer.java:928)
06-04 15:04:45.559 476 476 E Environment: at com.android.server.SystemServer.main(SystemServer.java:628)
06-04 15:04:45.559 476 476 E Environment: at java.lang.reflect.Method.invoke(Native Method)
06-04 15:04:45.559 476 476 E Environment: at com.android.internal.os.RuntimeInit$MethodAndArgsCaller.run(RuntimeInit.java:548)
06-04 15:04:45.559 476 476 E Environment: at com.android.internal.os.ZygoteInit.main(ZygoteInit.java:1160)
06-04 15:04:45.559 273 628 I CaptureStateNotifier: Registering a listener
06-04 15:04:45.561 476 476 W StorageManagerService: No primary storage defined yet; hacking together a stub
06-04 15:04:45.563 476 538 I DropBoxManagerService: add tag=system_server_wtf isTagEnabled=true flags=0x2
06-04 15:04:45.564 476 630 I SoundTriggerMiddlewareLogging: setCaptureState[this=com.android.server.soundtrigger_middleware.SoundTriggerMiddlewareImpl@9a4b935, client=null](false)
06-04 15:04:45.566 311 311 D XiriService: check file name: /data/data/com.android.wallpaperbackup/lib
06-04 15:04:45.566 311 311 D XiriService: check file name: /data/data/com.android.wallpaperbackup/lib
06-04 15:04:45.566 311 311 D XiriService: check file name: /data/data/com.android.wallpaperbackup/lib
06-04 15:04:45.566 311 311 D XiriService: check file name: /data/data/com.android.wallpaperbackup/lib
06-04 15:04:45.581 311 311 D XiriService: check file name: /data/data/com.android.providers.media.module/lib
06-04 15:04:45.580 311 311 I xiriservice_All: type=1400 audit(0.0:319): avc: denied { search } for name="com.android.providers.media.module" dev="mmcblk0p25" ino=1259 scontext=u:r:init:s0 tcontext=u:object_r:privapp_data_file:s0:c74,c256,c512,c768 tclass=dir permissive=1
06-04 15:04:45.580 311 311 I xiriservice_All: type=1400 audit(0.0:320): avc: denied { read } for name="lib" dev="mmcblk0p25" ino=6470 scontext=u:r:init:s0 tcontext=u:object_r:privapp_data_file:s0:c74,c256,c512,c768 tclass=lnk_file permissive=1
06-04 15:04:45.583 311 311 D XiriService: check file name: /data/data/com.android.providers.media.module/lib
06-04 15:04:45.585 476 476 W system_server: ClassLoaderContext parent mismatch. (PCL[] | PCL[];PCL[/system/framework/com.android.location.provider.jar*3633238673:/system/framework/services.jar*324275400:/system/framework/services.jar!classes2.dex*4169108402:/system/framework/ethernet-service.jar*655162001:/system/framework/pppoe-service.jar*2082030846:/apex/com.android.appsearch/javalib/service-appsearch.jar*4100577803:/apex/com.android.media/javalib/service-media-s.jar*3881732923:/apex/com.android.permission/javalib/service-permission.jar*62506796])
06-04 15:04:45.589 244 244 I Zygote : Preloading shared libraries...
06-04 15:04:45.591 311 311 D XiriService: check file name: /data/data/com.android.providers.media.module/lib
06-04 15:04:45.591 311 311 D XiriService: check file name: /data/data/com.android.providers.media.module/lib
06-04 15:04:45.591 311 311 D XiriService: check file name: /data/data/com.android.providers.media.module/lib
06-04 15:04:45.591 311 311 D XiriService: check file name: /data/data/com.android.providers.media.module/lib
06-04 15:04:45.595 476 476 D DisplayOutputManager: ro.build.characteristics=homlet
06-04 15:04:45.597 181 181 E SELinux : avc: denied { find } for pid=476 uid=1000 name=vendor.display.output.IDisplayOutputManager/default scontext=u:r:system_server:s0 tcontext=u:object_r:hal_awdisplayoutput_service:s0 tclass=service_manager permissive=1
06-04 15:04:45.597 181 181 I servicemanager: Found vendor.display.output.IDisplayOutputManager/default in device VINTF manifest.
06-04 15:04:45.598 244 244 I Zygote : Called ZygoteHooks.endPreload()
06-04 15:04:45.599 244 244 I Zygote : Installed AndroidKeyStoreProvider in 0ms.
06-04 15:04:45.599 476 476 D HomletDisplayOutputManager: get IDisplayOutputManager service success
06-04 15:04:45.600 476 476 D AudioManagerEx: AudioManagerEx
06-04 15:04:45.600 311 311 D XiriService: check file name: /data/data/com.oranth.storage/lib
06-04 15:04:45.600 476 476 D AudioDeviceManagerObserver: AudioDeviceManagerObserver construct
06-04 15:04:45.600 311 311 D XiriService: check file name: /data/data/com.oranth.storage/lib
06-04 15:04:45.600 311 311 D XiriService: check file name: /data/data/com.oranth.storage/lib
06-04 15:04:45.601 476 476 I SystemServerTiming: StartMidiManager
06-04 15:04:45.601 476 476 I SystemServiceManager: Starting com.android.server.midi.MidiService$Lifecycle
06-04 15:04:45.603 476 476 I SystemServerTiming: StartAdbService
06-04 15:04:45.603 476 476 I SystemServiceManager: Starting com.android.server.adb.AdbService$Lifecycle
06-04 15:04:45.606 476 476 I SystemServerTiming: StartUsbService
06-04 15:04:45.606 476 476 I SystemServiceManager: Starting com.android.server.usb.UsbService$Lifecycle
06-04 15:04:45.606 476 578 I SystemServerTimingAsync: InitThreadPoolExec:UsbService$Lifecycle#onStart
06-04 15:04:45.606 476 578 D SystemServerInitThreadPool: Started executing UsbService$Lifecycle#onStart
06-04 15:04:45.607 476 476 I SystemServerTiming: StartSerialService
06-04 15:04:45.608 311 311 D XiriService: check file name: /data/data/com.oranth.storage/lib
06-04 15:04:45.608 311 311 D XiriService: check file name: /data/data/com.oranth.storage/lib
06-04 15:04:45.609 311 311 D XiriService: check file name: /data/data/com.oranth.storage/lib
06-04 15:04:45.611 476 578 E UsbDeviceManager: failed to write to /sys/class/android_usb/android0/f_rndis/ethaddr
06-04 15:04:45.612 476 476 I SystemServerTiming: StartHardwarePropertiesManagerService
06-04 15:04:45.615 182 182 I hwservicemanager: getTransport: Cannot find entry android.hardware.thermal@1.0::IThermal/default in either framework or device VINTF manifest.
06-04 15:04:45.615 476 476 E HardwarePropertiesManagerService-JNI: Unable to get Thermal service.
06-04 15:04:45.615 476 578 I android_os_HwBinder: HwBinder: Starting thread pool for getting: android.hardware.usb.gadget@1.0::IUsbGadget/default
06-04 15:04:45.616 244 244 I Zygote : Warmed up JCA providers in 17ms.
06-04 15:04:45.616 244 244 D Zygote : end preload
06-04 15:04:45.617 476 525 D SystemServerInitThreadPool: Finished executing SecondaryZygotePreload
06-04 15:04:45.621 578 578 I : read descriptors
06-04 15:04:45.621 578 578 I : read strings
06-04 15:04:45.622 578 578 I : read descriptors
06-04 15:04:45.622 578 578 I : read strings
06-04 15:04:45.624 476 578 W StorageManagerService: No primary storage defined yet; hacking together a stub
06-04 15:04:45.625 476 476 I SystemServerTiming: StartTwilightService
06-04 15:04:45.625 476 476 I SystemServiceManager: Starting com.android.server.twilight.TwilightService
06-04 15:04:45.625 476 476 I SystemServerTiming: StartColorDisplay
06-04 15:04:45.626 476 476 I SystemServiceManager: Starting com.android.server.display.color.ColorDisplayService
06-04 15:04:45.626 311 311 D XiriService: check file name: /data/data/com.dangbei.haqusetting/lib
06-04 15:04:45.626 311 311 D XiriService: check file name: /data/data/com.dangbei.haqusetting/lib
06-04 15:04:45.627 311 311 D XiriService: check file name: /data/data/com.dangbei.haqusetting/lib
06-04 15:04:45.628 476 578 I android_os_HwBinder: HwBinder: Starting thread pool for getting: android.hidl.manager@1.0::IServiceManager/default
06-04 15:04:45.629 476 476 I SystemServerTiming: StartJobScheduler
06-04 15:04:45.631 476 555 I UsbDeviceManager: Usb gadget hal service started android.hardware.usb.gadget@1.0::IUsbGadget default
06-04 15:04:45.631 476 578 I android_os_HwBinder: HwBinder: Starting thread pool for getting: android.hardware.usb.gadget@1.0::IUsbGadget/default
06-04 15:04:45.632 476 476 I SystemServiceManager: Starting com.android.server.job.JobSchedulerService
06-04 15:04:45.633 311 311 D XiriService: check file name: /data/data/com.dangbei.haqusetting/lib
06-04 15:04:45.633 311 311 D XiriService: check file name: /data/data/com.dangbei.haqusetting/lib
06-04 15:04:45.633 311 311 D XiriService: check file name: /data/data/com.dangbei.haqusetting/lib
06-04 15:04:45.633 311 311 D XiriService: check file name: /data/data/com.dangbei.haqusetting/lib
06-04 15:04:45.638 476 518 I android_os_HwBinder: HwBinder: Starting thread pool for getting: android.hardware.usb.gadget@1.0::IUsbGadget/default
06-04 15:04:45.638 476 518 E UsbDeviceManager: prcessing MSG_GET_CURRENT_USB_FUNCTIONS
06-04 15:04:45.638 476 518 E UsbDeviceManager: updating mCurrentFunctions
06-04 15:04:45.638 476 518 E UsbDeviceManager: mCurrentFunctions:0applied:1
06-04 15:04:45.642 476 578 I android_os_HwBinder: HwBinder: Starting thread pool for getting: android.hidl.manager@1.0::IServiceManager/default
06-04 15:04:45.644 476 476 D JobStore: Start tag: job-info
06-04 15:04:45.645 476 633 I UsbPortManager: Usb hal service started android.hardware.usb@1.0::IUsb default
06-04 15:04:45.648 476 578 I android_os_HwBinder: HwBinder: Starting thread pool for getting: android.hardware.usb@1.0::IUsb/default
06-04 15:04:45.649 311 311 D XiriService: check file name: /data/data/com.softwinner.miracastReceiver/lib
06-04 15:04:45.649 311 311 D XiriService: check file name: /data/data/com.softwinner.miracastReceiver/lib
06-04 15:04:45.650 311 311 D XiriService: check file name: /data/data/com.softwinner.miracastReceiver/lib
06-04 15:04:45.650 311 311 D XiriService: check file name: /data/data/com.softwinner.miracastReceiver/lib
06-04 15:04:45.653 476 476 I JobStore: Read 5 jobs
06-04 15:04:45.658 264 264 I android.hardware.usb@1.0-service: registering callback
06-04 15:04:45.658 311 311 D XiriService: check file name: /data/data/com.softwinner.miracastReceiver/lib
06-04 15:04:45.658 311 311 D XiriService: check file name: /data/data/com.softwinner.miracastReceiver/lib
06-04 15:04:45.658 311 311 D XiriService: check file name: /data/data/com.softwinner.miracastReceiver/lib
