06-04 15:05:08.362 1247 2354 I ConnectAuthJNI: [HKS] hks_service_key_info_init hks init : begin
06-04 15:05:08.362 1247 2354 I ConnectAuthJNI: [HKS] hks_service_key_info_init hks init : end
06-04 15:05:08.362 1247 2354 I ConnectAuthJNI: GetHiChainProtocolParamsCallback 371 GetHiChainProtocolParamsCallback operation_code= 99
06-04 15:05:08.362 1247 2354 I ConnectAuthJNI: paramLen is ,=0
06-04 15:05:08.362 1247 2354 I ConnectAuthJNI: paramLen is ,=0
06-04 15:05:08.362 1247 2354 I ConnectAuthJNI: GetHiChainProtocolParamsCallback 402 GetHiChainProtocolParamsCallback end
06-04 15:05:08.362 1247 2354 I ConnectAuthJNI: [HiChain] get_instance Get instance success
06-04 15:05:08.362 1247 2354 I ConnectAuthJNI: Java_com_huawei_hisight_security_ConnectAuthNative_nativeGetHiChainInstance 598 get instance success
06-04 15:05:08.362 1247 2354 W ConnectAuthJNI: GetListTrustPeers 899 trustPeerSize=0
06-04 15:05:08.363 1247 2354 D Hisight-DeviceListManager: init trusted list size: 0
06-04 15:05:08.364 1247 2354 D HiSight-ConnectionManager: setAuthInfo, authMode: 1
06-04 15:05:08.366 753 763 I rkstack.proces: Background young concurrent copying GC freed 59680(2374KB) AllocSpace objects, 2(120KB) LOS objects, 21% free, 4525KB/5754KB, paused 283us total 246.838ms
06-04 15:05:08.567 1247 2250 E raop : JavaCallback init
06-04 15:05:08.675 654 654 E WifiHAL : wifi_get_link_stats: requestResponse Error:-5
06-04 15:05:08.677 476 608 E WifiVendorHal: getWifiLinkLayerStats_1_5_Internal(l.1191) failed {.code = ERROR_INVALID_ARGS, .description = }
06-04 15:05:08.821 1 1 I init : processing action (debug.launcher3.exit=1) from (/vendor/etc/init/init.scheduler.rc:1)
06-04 15:05:08.964 476 520 W IorapForwardingService: No service published for: iorapd
06-04 15:05:09.280 1247 1468 I crashsdk: crashsdk uploading logs
06-04 15:05:09.280 1247 1247 I CrashSDKBkgdHan: type=1400 audit(0.0:999): avc: denied { read } for name="logs" dev="mmcblk0p25" ino=2071 scontext=u:r:platform_app:s0:c512,c768 tcontext=u:object_r:app_data_file:s0:c512,c768 tclass=dir permissive=1 app=com.dangbei.screencast
06-04 15:05:09.280 1247 1247 I CrashSDKBkgdHan: type=1400 audit(0.0:1000): avc: denied { open } for path="/data/user/0/com.dangbei.screencast/crashsdk/logs" dev="mmcblk0p25" ino=2071 scontext=u:r:platform_app:s0:c512,c768 tcontext=u:object_r:app_data_file:s0:c512,c768 tclass=dir permissive=1 app=com.dangbei.screencast
06-04 15:05:09.667 2355 2421 D nStackXCoAP: IsInSameNetwork:[276] :IsInSameNetwork exec
06-04 15:05:09.667 2355 2421 I nStackXDFinder: GetLocalInterfaceDetail:[461] :GetLocalInterfaceDetail in
06-04 15:05:09.667 2355 2421 E nStackXCoAP: IsInSameNetwork:[281] :IsInSameNetwork: not priority process
06-04 15:05:09.667 2355 2421 D nStackXCoAP: ParseServiceDiscover:[330] :new device join
06-04 15:05:09.668 2355 2421 I nStackXDFinder: NotifyDeviceListChanged:[540] :notify callback: device list changed callback is null
06-04 15:05:09.668 2355 2421 E nStackXDFinder: GetLocalIp:[401] :GetLocalIp exec
06-04 15:05:09.670 2355 2421 D nStackXCoAP: IsInSameNetwork:[276] :IsInSameNetwork exec
06-04 15:05:09.671 2355 2421 I nStackXDFinder: GetLocalInterfaceDetail:[461] :GetLocalInterfaceDetail in
06-04 15:05:09.671 2355 2421 E nStackXCoAP: IsInSameNetwork:[281] :IsInSameNetwork: not priority process
06-04 15:05:09.671 2355 2421 D nStackXCoAP: ParseServiceDiscover:[330] :new device join
06-04 15:05:09.671 2355 2421 E nStackXDFinder: GetLocalIp:[401] :GetLocalIp exec
06-04 15:05:09.766 2355 2421 D nStackXCoAP: IsInSameNetwork:[276] :IsInSameNetwork exec
06-04 15:05:09.766 2355 2421 I nStackXDFinder: GetLocalInterfaceDetail:[461] :GetLocalInterfaceDetail in
06-04 15:05:09.766 2355 2421 E nStackXCoAP: IsInSameNetwork:[281] :IsInSameNetwork: not priority process
06-04 15:05:09.766 2355 2421 D nStackXCoAP: ParseServiceDiscover:[330] :new device join
06-04 15:05:09.766 2355 2421 E nStackXDFinder: GetLocalIp:[401] :GetLocalIp exec
06-04 15:05:09.783 2355 2364 I awei.connectio: Background concurrent copying GC freed 36755(3058KB) AllocSpace objects, 26(648KB) LOS objects, 49% free, 3228KB/6456KB, paused 170us total 138.420ms
06-04 15:05:09.803 2355 2421 D nStackXCoAP: CoapMessageHandler:[133] :2.01
06-04 15:05:09.803 2355 2421 D nStackXCoAP: CoapMessageHandler:[133] :2.01
06-04 15:05:09.863 2355 2421 D nStackXCoAP: CoapMessageHandler:[133] :2.01
06-04 15:05:09.967 476 520 W IorapForwardingService: No service published for: iorapd
06-04 15:05:09.992 2355 2421 D nStackXCoAP: IsInSameNetwork:[276] :IsInSameNetwork exec
06-04 15:05:09.992 2355 2421 I nStackXDFinder: GetLocalInterfaceDetail:[461] :GetLocalInterfaceDetail in
06-04 15:05:09.992 2355 2421 E nStackXCoAP: IsInSameNetwork:[281] :IsInSameNetwork: not priority process
06-04 15:05:09.992 2355 2421 D nStackXCoAP: ParseServiceDiscover:[330] :new device join
06-04 15:05:09.993 2355 2421 E nStackXDFinder: GetLocalIp:[401] :GetLocalIp exec
06-04 15:05:10.060 2355 2421 D nStackXCoAP: CoapMessageHandler:[133] :2.01
06-04 15:05:10.191 666 978 I bluetooth: system/bt/stack/gatt/connection_manager.cc:185 on_connection_complete: Le connection completed to device:e4:bb:d3:57:c0:7d
06-04 15:05:10.191 666 978 I bt_btm_ble: system/bt/stack/btm/btm_ble.cc:1699 btm_ble_connected: Updating device record timestamp for existing ble connection
06-04 15:05:10.193 666 978 I bt_stack: [INFO:btsnoop.cc(338)] clear_l2cap_allowlist: Clearing acceptlist from l2cap channel. conn_handle=16 cid=4:4
06-04 15:05:10.193 666 978 W bt_btm_sec: system/bt/stack/btm/btm_sec.cc:3683 btm_sec_disconnected: Got uncommon disconnection reason:Connection Failed Establishment handle:0x0010
06-04 15:05:10.518 2355 2421 D nStackXCoAP: IsInSameNetwork:[276] :IsInSameNetwork exec
06-04 15:05:10.518 2355 2421 I nStackXDFinder: GetLocalInterfaceDetail:[461] :GetLocalInterfaceDetail in
06-04 15:05:10.518 2355 2421 E nStackXCoAP: IsInSameNetwork:[281] :IsInSameNetwork: not priority process
06-04 15:05:10.518 2355 2421 D nStackXCoAP: ParseServiceDiscover:[330] :new device join
06-04 15:05:10.518 2355 2421 E nStackXDFinder: GetLocalIp:[401] :GetLocalIp exec
06-04 15:05:10.620 1247 2431 I PlatformDependent: Your platform does not provide complete low-level API for accessing direct buffers reliably. Unless explicitly requested, heap buffer will always be preferred to avoid potential system instability.
06-04 15:05:10.651 1247 2250 W VideoCapabilities: Unrecognized profile/level 0/3 for video/mpeg2
06-04 15:05:10.672 476 618 D NsdService: Register service
06-04 15:05:10.673 476 618 D NsdService: registerService: 3 name: 当贝投屏T1, type: _airplay._tcp, host: null, port: 37501, txtRecord: srcvers=220.68features=0x527FFFF7,0x1E'pi=2e388006-13ba-4041-9a67-25dd4a43d536Cpk=b07727d6f6cd6e08b58ede525ec3cdeaa252ad9f683feb212ef8a205246554e7vv=2 flags=0x4model=AppleTV2,1deviceid=b4:2f:03:16:18:c0
06-04 15:05:10.673 476 618 D NsdService: mdnssd [register, 3, 当贝投屏T1, _airplay._tcp, 37501, DnNyY3ZlcnM9MjIwLjY4GGZlYXR1cmVzPTB4NTI3RkZGRjcsMHgxRSdwaT0yZTM4ODAwNi0xM2JhLTQwNDEtOWE2Ny0yNWRkNGE0M2Q1MzZDcGs9YjA3NzI3ZDZmNmNkNmUwOGI1OGVkZTUyNWVjM2NkZWFhMjUyYWQ5ZjY4M2ZlYjIxMmVmOGEyMDUyNDY1NTRlNwR2dj0yCWZsYWdzPTB4NBBtb2RlbD1BcHBsZVRWMiwxGmRldmljZWlkPWI0OjJmOjAzOjE2OjE4OmMw]
06-04 15:05:10.674 476 618 D NsdService: Register 2 3
06-04 15:05:10.683 476 618 D NsdService: Register service
06-04 15:05:10.684 476 618 D NsdService: registerService: 4 name: b42f031618c0@当贝投屏T1, type: _raop._tcp, host: null, port: 39729, txtRecord: txtvers=1 am=AppleTV2,1ch=2
06-04 15:05:10.684 476 618 D NsdService: cn=0,1,2,3da=trueet=0,3,5ft=0x527FFFF7,0x1Emd=0,1,2Cpk=b07727d6f6cd6e08b58ede525ec3cdeaa252ad9f683feb212ef8a205246554e7pw=falsesf=0x4sr=44100ss=16sv=falsetp=UDPvn=65537 vs=220.68vv=2 rhd=5.6.0.0
06-04 15:05:10.684 476 618 D NsdService: mdnssd [register, 4, b42f031618c0@当贝投屏T1, _raop._tcp, 39729, CXR4dHZlcnM9MQ1hbT1BcHBsZVRWMiwxBGNoPTIKY249MCwxLDIsMwdkYT10cnVlCGV0PTAsMyw1EmZ0PTB4NTI3RkZGRjcsMHgxRQhtZD0wLDEsMkNwaz1iMDc3MjdkNmY2Y2Q2ZTA4YjU4ZWRlNTI1ZWMzY2RlYWEyNTJhZDlmNjgzZmViMjEyZWY4YTIwNTI0NjU1NGU3CHB3PWZhbHNlBnNmPTB4NAhzcj00NDEwMAVzcz0xNghzdj1mYWxzZQZ0cD1VRFAIdm49NjU1MzcJdnM9MjIwLjY4BHZ2PTILcmhkPTUuNi4wLjA=]
06-04 15:05:10.685 476 618 D NsdService: Register 3 4
06-04 15:05:10.767 2355 2421 D nStackXCoAP: CoapMessageHandler:[133] :2.01
06-04 15:05:10.802 1080 1780 I OpenGLRenderer: Davey! duration=9223371998133ms; Flags=0, FrameTimelineVsyncId=1133, IntendedVsync=38720965456, Vsync=38720965456, InputEventId=0, HandleInputStart=38721514893, AnimationStart=38721518768, PerformTraversalsStart=38722217559, DrawStart=38723034101, FrameDeadline=38737632122, FrameInterval=38721506351, FrameStartTime=16666666, SyncQueued=38724092976, SyncStart=38724365726, IssueDrawCommandsStart=38725276309, SwapBuffers=38733261518, FrameCompleted=9223372036854775807, DequeueBufferDuration=44875, QueueBufferDuration=2161250, GpuCompleted=9223372036854775807, SwapBuffersCompleted=38736757226, DisplayPresentTime=0,
06-04 15:05:10.836 1080 1780 I OpenGLRenderer: Davey! duration=9223371998116ms; Flags=0, FrameTimelineVsyncId=1135, IntendedVsync=38737634259, Vsync=38737634259, InputEventId=0, HandleInputStart=38738670184, AnimationStart=38738679143, PerformTraversalsStart=38740890726, DrawStart=38743149226, FrameDeadline=38770967591, FrameInterval=38738658018, FrameStartTime=16666666, SyncQueued=38743686351, SyncStart=38744214393, IssueDrawCommandsStart=38745677851, SwapBuffers=38757413768, FrameCompleted=9223372036854775807, DequeueBufferDuration=69542, QueueBufferDuration=1267209, GpuCompleted=9223372036854775807, SwapBuffersCompleted=38759661393, DisplayPresentTime=0,
06-04 15:05:10.854 1080 1780 I OpenGLRenderer: Davey! duration=9223371998097ms; Flags=0, FrameTimelineVsyncId=1136, IntendedVsync=38754303062, Vsync=38754303062, InputEventId=0, HandleInputStart=38755053309, AnimationStart=38755058101, PerformTraversalsStart=38756958976, DrawStart=38757284934, FrameDeadline=38787636394, FrameInterval=38755040726, FrameStartTime=16666666, SyncQueued=38757363518, SyncStart=38759971976, IssueDrawCommandsStart=38761377351, SwapBuffers=38771515393, FrameCompleted=9223372036854775807, DequeueBufferDuration=52584, QueueBufferDuration=3418792, GpuCompleted=9223372036854775807, SwapBuffersCompleted=38776523934, DisplayPresentTime=0,
06-04 15:05:10.869 1080 1780 I OpenGLRenderer: Davey! duration=9223371998083ms; Flags=0, FrameTimelineVsyncId=1138, IntendedVsync=38770971865, Vsync=38770971865, InputEventId=0, HandleInputStart=38771978018, AnimationStart=38771984851, PerformTraversalsStart=38776193101, DrawStart=38776759518, FrameDeadline=38804305197, FrameInterval=38771964434, FrameStartTime=16666666, SyncQueued=38776850643, SyncStart=38777150143, IssueDrawCommandsStart=38778206518, SwapBuffers=38786731976, FrameCompleted=9223372036854775807, DequeueBufferDuration=40584, QueueBufferDuration=2402250, GpuCompleted=9223372036854775807, SwapBuffersCompleted=38790303726, DisplayPresentTime=0,
06-04 15:05:10.884 1080 1780 I OpenGLRenderer: Davey! duration=9223371998066ms; Flags=0, FrameTimelineVsyncId=1140, IntendedVsync=38787640668, Vsync=38787640668, InputEventId=0, HandleInputStart=38788576851, AnimationStart=38788583893, PerformTraversalsStart=38793594059, DrawStart=38794976476, FrameDeadline=38820974000, FrameInterval=38788563434, FrameStartTime=16666666, SyncQueued=38795928059, SyncStart=38796292268, IssueDrawCommandsStart=38797235934, SwapBuffers=38808689893, FrameCompleted=9223372036854775807, DequeueBufferDuration=52500, QueueBufferDuration=1029500, GpuCompleted=9223372036854775807, SwapBuffersCompleted=38813729976, DisplayPresentTime=0,
06-04 15:05:10.900 1080 1780 I OpenGLRenderer: Davey! duration=9223371998043ms; Flags=0, FrameTimelineVsyncId=1142, IntendedVsync=38803741942, Vsync=38803741942, InputEventId=0, HandleInputStart=38804631059, AnimationStart=38804638976, PerformTraversalsStart=38806044934, DrawStart=38806412434, FrameDeadline=38837075274, FrameInterval=38804617393, FrameStartTime=16666666, SyncQueued=38806516768, SyncStart=38814071226, IssueDrawCommandsStart=38815410476, SwapBuffers=38825466601, FrameCompleted=9223372036854775807, DequeueBufferDuration=52458, QueueBufferDuration=2484000, GpuCompleted=9223372036854775807, SwapBuffersCompleted=38828659351, DisplayPresentTime=0,
06-04 15:05:10.901 2355 2421 D nStackXCoAP: IsInSameNetwork:[276] :IsInSameNetwork exec
06-04 15:05:10.901 2355 2421 I nStackXDFinder: GetLocalInterfaceDetail:[461] :GetLocalInterfaceDetail in
06-04 15:05:10.901 2355 2421 E nStackXCoAP: IsInSameNetwork:[281] :IsInSameNetwork: not priority process
06-04 15:05:10.901 2355 2421 D nStackXCoAP: ParseServiceDiscover:[330] :new device join
06-04 15:05:10.901 2355 2421 E nStackXDFinder: GetLocalIp:[401] :GetLocalIp exec
06-04 15:05:10.918 1080 1780 I OpenGLRenderer: Davey! duration=9223371998027ms; Flags=0, FrameTimelineVsyncId=1144, IntendedVsync=38820405678, Vsync=38820405678, InputEventId=0, HandleInputStart=38821277268, AnimationStart=38821281309, PerformTraversalsStart=38822175976, DrawStart=38822395226, FrameDeadline=38853739010, FrameInterval=38821261893, FrameStartTime=16666666, SyncQueued=38822492143, SyncStart=38828966059, IssueDrawCommandsStart=38829986393, SwapBuffers=38834613726, FrameCompleted=9223372036854775807, DequeueBufferDuration=43458, QueueBufferDuration=8909959, GpuCompleted=9223372036854775807, SwapBuffersCompleted=38844327184, DisplayPresentTime=0,
06-04 15:05:10.970 476 520 W IorapForwardingService: No service published for: iorapd
06-04 15:05:11.001 2355 2421 D nStackXCoAP: CoapMessageHandler:[133] :2.01
06-04 15:05:11.142 476 618 D NsdService: Register service
06-04 15:05:11.142 476 618 D NsdService: registerService: 5 name: 当贝投屏T1, type: _db_cast_screen._tcp, host: null, port: 41987, txtRecord: au=1cV=20830mV=100h265=0maxR=4096-3152model=DBBOX-A2deviceid=20:02:FE:19:C1:FD
06-04 15:05:11.143 476 618 D NsdService: mdnssd [register, 5, 当贝投屏T1, _db_cast_screen._tcp, 41987, BGF1PTEIY1Y9MjA4MzAGbVY9MTAwBmgyNjU9MA5tYXhSPTQwOTYtMzE1Mg5tb2RlbD1EQkJPWC1BMhpkZXZpY2VpZD0yMDowMjpGRToxOTpDMTpGRA==]
06-04 15:05:11.144 476 618 D NsdService: Register 4 5
06-04 15:05:11.215 476 476 W NotificationHistory: Attempted to add notif for locked/gone/disabled user 0
06-04 15:05:11.219 674 674 V TvNotificationHandler: Notification not added because it isn't relevant for tv
06-04 15:05:11.403 476 618 D NsdService: Native daemon message SERVICE_REGISTERED: 606 4 "b42f031618c0@当贝投屏T1"
06-04 15:05:11.404 476 618 D NsdService: Native daemon message SERVICE_REGISTERED: 606 3 "当贝投屏T1"
06-04 15:05:11.438 2355 2421 D nStackXCoAP: IsInSameNetwork:[276] :IsInSameNetwork exec
06-04 15:05:11.438 2355 2421 I nStackXDFinder: GetLocalInterfaceDetail:[461] :GetLocalInterfaceDetail in
06-04 15:05:11.438 2355 2421 E nStackXCoAP: IsInSameNetwork:[281] :IsInSameNetwork: not priority process
06-04 15:05:11.438 2355 2421 D nStackXCoAP: ParseServiceDiscover:[330] :new device join
06-04 15:05:11.439 2355 2421 E nStackXDFinder: GetLocalIp:[401] :GetLocalIp exec
06-04 15:05:11.505 2140 2179 D UtilLog : 日志批量上报 进行正常循环 !!!!!!本次有0次请求,共0条数据
06-04 15:05:11.593 1247 2256 E accept : myIp:192.168.3.141
06-04 15:05:11.597 1247 2256 E accept : connect error
06-04 15:05:11.606 1247 2256 I UpnpServiceImpl: >>> Starting UPnP service...
06-04 15:05:11.607 1247 2256 I UpnpServiceImpl: Using configuration: org.fourthline.cling.android.AndroidUpnpServiceConfiguration
06-04 15:05:11.612 1247 2256 I Router : Creating Router: org.fourthline.cling.android.AndroidRouter
06-04 15:05:11.615 1247 2256 W Router : enable lock:org.fourthline.cling.android.AndroidRouter@98cd8fd_java.util.concurrent.locks.ReentrantReadWriteLock$WriteLock@bc3a9f2[Unlocked]
06-04 15:05:11.630 1247 2256 W tworkAddressFactoryImpl: Network interface may not be multicast capable: dummy0
06-04 15:05:11.634 1247 2256 I MulticastReceiver: Creating wildcard socket (for receiving multicast datagrams) on port: 1900
06-04 15:05:11.636 1247 2256 I MulticastReceiver: Joining multicast group: /239.255.255.250:1900 on network interface: wlan0
06-04 15:05:11.639 2355 2421 D nStackXCoAP: CoapMessageHandler:[133] :2.01
06-04 15:05:11.644 2440 2440 I Thread-2: type=1400 audit(0.0:1001): avc: denied { execute } for name="am" dev="dm-1" ino=1160 scontext=u:r:system_app:s0 tcontext=u:object_r:vendor_file:s0 tclass=file permissive=1
06-04 15:05:11.644 2440 2440 I Thread-2: type=1400 audit(0.0:1002): avc: denied { read open } for path="/vendor/xbin/am" dev="dm-1" ino=1160 scontext=u:r:system_app:s0 tcontext=u:object_r:vendor_file:s0 tclass=file permissive=1
06-04 15:05:11.644 2440 2440 I Thread-2: type=1400 audit(0.0:1003): avc: denied { execute_no_trans } for path="/vendor/xbin/am" dev="dm-1" ino=1160 scontext=u:r:system_app:s0 tcontext=u:object_r:vendor_file:s0 tclass=file permissive=1
06-04 15:05:11.669 1247 2256 E accept : Adding connector try: 192.168.3.141/192.168.3.141:38963
06-04 15:05:11.673 1247 2256 E accept : Adding connector result: 192.168.3.141/192.168.3.141:38963
06-04 15:05:11.691 654 654 E WifiHAL : wifi_get_link_stats: requestResponse Error:-5
06-04 15:05:11.694 476 608 E WifiVendorHal: getWifiLinkLayerStats_1_5_Internal(l.1191) failed {.code = ERROR_INVALID_ARGS, .description = }
06-04 15:05:11.717 1125 1125 D aaa : LedStatusService onStartCommand begin
06-04 15:05:11.722 1190 1190 D bbb : onStartCommand begin !!!!!!! data分区剩余 24982MB
06-04 15:05:11.729 1125 2448 D aaa : topPkg is -------------- :com.dangbei.leard.leradlauncher
06-04 15:05:11.737 1125 2448 D aaa : WiFi is connect
06-04 15:05:11.799 476 618 D NsdService: Native daemon message SERVICE_REGISTERED: 606 5 "当贝投屏T1"
06-04 15:05:11.808 1247 2256 I JettyServletContainer: Registering UPnP servlet under context path: /upnp
06-04 15:05:11.813 1247 2256 I DatagramIO: Creating bound socket (for datagram input/output) on: 192.168.3.141/192.168.3.141
06-04 15:05:11.814 1247 2449 E JettyServletContainer: gogogo
06-04 15:05:11.814 1247 2449 I JettyServletContainer: Starting Jetty server...
06-04 15:05:11.816 1247 2449 W System.err: 2025-06-04 15:05:11.815:INFO:lcaf.p:jetty-8.y.z-SNAPSHOT
06-04 15:05:11.820 1247 2256 I Router : WiFi multicast lock acquired
06-04 15:05:11.821 476 750 I WifiService: acquireMulticastLock uid=10030
06-04 15:05:11.823 1247 2256 I Router : WiFi lock acquired
06-04 15:05:11.826 476 2424 I WifiService: acquireWifiLock uid=10030 lockMode=3
06-04 15:05:11.832 1247 2256 W Router : enable unlock:org.fourthline.cling.android.AndroidRouter@98cd8fd
06-04 15:05:11.834 1247 2256 I UpnpServiceImpl: <<< UPnP service started successfully
06-04 15:05:11.877 2140 2207 D UtilLog : 日志批量上报 进行正常循环 !!!!!!本次有0次请求,共0条数据
06-04 15:05:11.886 1247 2449 W System.err: 2025-06-04 15:05:11.885:INFO:lcaf.a:Started @192.168.3.141:38963
06-04 15:05:11.887 1247 1272 I gbei.screencas: Background concurrent copying GC freed 34225(1900KB) AllocSpace objects, 12(1336KB) LOS objects, 49% free, 6761KB/13MB, paused 357us total 111.314ms
06-04 15:05:11.926 2355 2421 D nStackXCoAP: IsInSameNetwork:[276] :IsInSameNetwork exec
06-04 15:05:11.926 2355 2421 I nStackXDFinder: GetLocalInterfaceDetail:[461] :GetLocalInterfaceDetail in
06-04 15:05:11.926 2355 2421 E nStackXCoAP: IsInSameNetwork:[281] :IsInSameNetwork: not priority process
06-04 15:05:11.926 2355 2421 D nStackXCoAP: ParseServiceDiscover:[330] :new device join
06-04 15:05:11.926 2355 2421 E nStackXDFinder: GetLocalIp:[401] :GetLocalIp exec
06-04 15:05:11.930 1247 2256 E g : channel :os
06-04 15:05:11.940 2355 2421 D nStackXCoAP: CoapMessageHandler:[133] :2.01
06-04 15:05:11.972 476 520 W IorapForwardingService: No service published for: iorapd
06-04 15:05:12.443 2355 2421 D nStackXCoAP: IsInSameNetwork:[276] :IsInSameNetwork exec
06-04 15:05:12.443 2355 2421 I nStackXDFinder: GetLocalInterfaceDetail:[461] :GetLocalInterfaceDetail in
06-04 15:05:12.443 2355 2421 E nStackXCoAP: IsInSameNetwork:[281] :IsInSameNetwork: not priority process
06-04 15:05:12.443 2355 2421 D nStackXCoAP: ParseServiceDiscover:[330] :new device join
06-04 15:05:12.443 2355 2421 E nStackXDFinder: GetLocalIp:[401] :GetLocalIp exec
06-04 15:05:12.461 2355 2421 D nStackXCoAP: CoapMessageHandler:[133] :2.01
06-04 15:05:12.504 476 754 D SntpClient: request time failed: java.net.SocketTimeoutException: Poll timed out
06-04 15:05:12.608 666 978 I bluetooth: system/bt/stack/gatt/connection_manager.cc:185 on_connection_complete: Le connection completed to device:e4:bb:d3:57:c0:7d
06-04 15:05:12.608 666 978 I bt_btm_ble: system/bt/stack/btm/btm_ble.cc:1699 btm_ble_connected: Updating device record timestamp for existing ble connection
06-04 15:05:12.608 666 978 I bt_stack: [INFO:btsnoop.cc(338)] clear_l2cap_allowlist: Clearing acceptlist from l2cap channel. conn_handle=16 cid=4:4
06-04 15:05:12.609 666 978 W bt_btm_sec: system/bt/stack/btm/btm_sec.cc:3683 btm_sec_disconnected: Got uncommon disconnection reason:Connection Failed Establishment handle:0x0010
06-04 15:05:12.671 476 476 W NotificationHistory: Attempted to add notif for locked/gone/disabled user 0
06-04 15:05:12.674 674 674 V TvNotificationHandler: Notification not added because it isn't relevant for tv
06-04 15:05:12.940 2355 2355 I Timer-1 : type=1400 audit(0.0:1004): avc: denied { search } for name="net" dev="sysfs" ino=10442 scontext=u:r:platform_app:s0:c512,c768 tcontext=u:object_r:sysfs_net:s0 tclass=dir permissive=1 app=com.dangbei.screencast
06-04 15:05:12.973 476 520 W IorapForwardingService: No service published for: iorapd
06-04 15:05:13.014 476 750 W TelephonyPermissions: reportAccessDeniedToReadIdentifiers:com.dangbei.screencast:getSerial:-1
06-04 15:05:13.045 2355 2421 D nStackXCoAP: IsInSameNetwork:[276] :IsInSameNetwork exec
06-04 15:05:13.045 2355 2421 I nStackXDFinder: GetLocalInterfaceDetail:[461] :GetLocalInterfaceDetail in
06-04 15:05:13.045 2355 2421 E nStackXCoAP: IsInSameNetwork:[281] :IsInSameNetwork: not priority process
06-04 15:05:13.045 2355 2421 D nStackXCoAP: ParseServiceDiscover:[330] :new device join
06-04 15:05:13.046 2355 2421 E nStackXDFinder: GetLocalIp:[401] :GetLocalIp exec
06-04 15:05:13.047 2355 2421 D nStackXCoAP: IsInSameNetwork:[276] :IsInSameNetwork exec
06-04 15:05:13.048 2355 2421 I nStackXDFinder: GetLocalInterfaceDetail:[461] :GetLocalInterfaceDetail in
06-04 15:05:13.048 2355 2421 E nStackXCoAP: IsInSameNetwork:[281] :IsInSameNetwork: not priority process
06-04 15:05:13.048 2355 2421 D nStackXCoAP: ParseServiceDiscover:[330] :new device join
06-04 15:05:13.048 2355 2421 I nStackXDFinder: NotifyDeviceListChanged:[540] :notify callback: device list changed callback is null
06-04 15:05:13.048 2355 2421 E nStackXDFinder: GetLocalIp:[401] :GetLocalIp exec
06-04 15:05:13.100 2355 2413 V NFC : this device does not have NFC support
06-04 15:05:13.145 2355 2421 D nStackXCoAP: IsInSameNetwork:[276] :IsInSameNetwork exec
06-04 15:05:13.145 2355 2421 I nStackXDFinder: GetLocalInterfaceDetail:[461] :GetLocalInterfaceDetail in
06-04 15:05:13.145 2355 2421 E nStackXCoAP: IsInSameNetwork:[281] :IsInSameNetwork: not priority process
06-04 15:05:13.145 2355 2421 D nStackXCoAP: ParseServiceDiscover:[330] :new device join
06-04 15:05:13.145 2355 2421 E nStackXDFinder: GetLocalIp:[401] :GetLocalIp exec
06-04 15:05:13.162 2355 2421 D nStackXCoAP: CoapMessageHandler:[133] :2.01
06-04 15:05:13.244 2355 2355 I Timer-1 : type=1400 audit(0.0:1005): avc: denied { search } for name="com.dangbei.screencast" dev="mmcblk0p25" ino=892 scontext=u:r:platform_app:s0:c512,c768 tcontext=u:object_r:app_data_file:s0:c512,c768 tclass=dir permissive=1 app=com.dangbei.screencast
06-04 15:05:13.455 2355 2421 D nStackXCoAP: IsInSameNetwork:[276] :IsInSameNetwork exec
06-04 15:05:13.455 2355 2421 I nStackXDFinder: GetLocalInterfaceDetail:[461] :GetLocalInterfaceDetail in
06-04 15:05:13.455 2355 2421 E nStackXCoAP: IsInSameNetwork:[281] :IsInSameNetwork: not priority process
06-04 15:05:13.455 2355 2421 D nStackXCoAP: ParseServiceDiscover:[330] :new device join
06-04 15:05:13.455 2355 2421 E nStackXDFinder: GetLocalIp:[401] :GetLocalIp exec
06-04 15:05:13.556 2355 2355 I pool-4-thread-1: type=1400 audit(0.0:1006): avc: denied { getattr } for path="/data/user/0/com.dangbei.screencast/files/__database_reborn_January_one__/td_database99SaaS" dev="mmcblk0p25" ino=2156 scontext=u:r:platform_app:s0:c512,c768 tcontext=u:object_r:app_data_file:s0:c512,c768 tclass=dir permissive=1 app=com.dangbei.screencast
06-04 15:05:13.562 2464 2464 W audit : audit_lost=546 audit_rate_limit=5 audit_backlog_limit=64
06-04 15:05:13.556 2355 2355 I pool-4-thread-1: type=1400 audit(0.0:1007): avc: denied { read } for name="td_database99SaaS" dev="mmcblk0p25" ino=2156 scontext=u:r:platform_app:s0:c512,c768 tcontext=u:object_r:app_data_file:s0:c512,c768 tclass=dir permissive=1 app=com.dangbei.screencast
06-04 15:05:13.562 2464 2464 E audit : rate limit exceeded
06-04 15:05:13.556 2355 2355 I pool-4-thread-1: type=1400 audit(0.0:1008): avc: denied { open } for path="/data/user/0/com.dangbei.screencast/files/__database_reborn_January_one__/td_database99SaaS" dev="mmcblk0p25" ino=2156 scontext=u:r:platform_app:s0:c512,c768 tcontext=u:object_r:app_data_file:s0:c512,c768 tclass=dir permissive=1 app=com.dangbei.screencast
06-04 15:05:13.583 2355 2421 D nStackXCoAP: IsInSameNetwork:[276] :IsInSameNetwork exec
06-04 15:05:13.583 2355 2421 I nStackXDFinder: GetLocalInterfaceDetail:[461] :GetLocalInterfaceDetail in
06-04 15:05:13.583 2355 2421 E nStackXCoAP: IsInSameNetwork:[281] :IsInSameNetwork: not priority process
06-04 15:05:13.583 2355 2421 D nStackXCoAP: ParseServiceDiscover:[330] :new device join
06-04 15:05:13.583 2355 2421 E nStackXDFinder: GetLocalIp:[401] :GetLocalIp exec
06-04 15:05:13.601 2355 2421 D nStackXCoAP: IsInSameNetwork:[276] :IsInSameNetwork exec
06-04 15:05:13.601 2355 2421 I nStackXDFinder: GetLocalInterfaceDetail:[461] :GetLocalInterfaceDetail in
06-04 15:05:13.601 2355 2421 E nStackXCoAP: IsInSameNetwork:[281] :IsInSameNetwork: not priority process
06-04 15:05:13.601 2355 2421 D nStackXCoAP: ParseServiceDiscover:[330] :new device join
06-04 15:05:13.601 2355 2421 E nStackXDFinder: GetLocalIp:[401] :GetLocalIp exec
06-04 15:05:13.633 1021 1021 E dangbei111: cccccc 检查遥控器是否连接: Dangbei E4:BB:D3:57:C0:7D
06-04 15:05:13.635 1021 1021 E dangbei111: cccccc 检查遥控器是否连接: 蓝牙的结果 Dangbei E4:BB:D3:57:C0:7D false
06-04 15:05:13.636 1021 1021 E dangbei111: cccccc input中没有遥控器存在
06-04 15:05:13.636 1021 1021 E dangbei111: cccccc 蓝牙状态连接 不是连接状态 啥都不干
06-04 15:05:13.637 1021 1021 E dangbei111: cccccc 开始扫描
06-04 15:05:13.637 1021 1021 D BluetoothAdapter: isLeEnabled(): ON
06-04 15:05:13.638 1021 1021 E dangbei111: cccccc scan 得到的设备和状态 Dangbei E4:BB:D3:57:C0:7D 12
06-04 15:05:13.640 1021 1021 E dangbei111: cccccc 搜索到bond 确实含有 不在尝试连接 只做检查 Dangbei E4:BB:D3:57:C0:7D
06-04 15:05:13.640 1021 1021 E dangbei111 : cccccc 开启检查任务
06-04 15:05:13.641 1021 1021 E dangbei111: cccccc 搜索到bond Dangbei E4:BB:D3:57:C0:7D
06-04 15:05:13.649 2355 2421 D nStackXCoAP: CoapMessageHandler:[133] :2.01
06-04 15:05:13.819 1080 1106 I OpenGLRenderer: Davey! duration=9223371995133ms; Flags=0, FrameTimelineVsyncId=1233, IntendedVsync=41720469215, Vsync=41720469215, InputEventId=0, HandleInputStart=41721142978, AnimationStart=41721148853, PerformTraversalsStart=41721386561, DrawStart=41722404061, FrameDeadline=41753802547, FrameInterval=41721133228, FrameStartTime=16666666, SyncQueued=41723892144, SyncStart=41724423269, IssueDrawCommandsStart=41725543436, SwapBuffers=41736538061, FrameCompleted=9223372036854775807, DequeueBufferDuration=54584, QueueBufferDuration=1756000, GpuCompleted=9223372036854775807, SwapBuffersCompleted=41747243686, DisplayPresentTime=0,
06-04 15:05:13.825 386 386 W hdr10p_Configure: 63 callbacks suppressed
06-04 15:05:13.825 386 386 I : DVI mode selected: packets not configured
06-04 15:05:13.825 386 386 W set_vsif_config: 63 callbacks suppressed
06-04 15:05:13.825 386 386 I : Error: set vsif failed
06-04 15:05:13.835 1080 2469 I OpenGLRenderer: Davey! duration=9223371995109ms; Flags=0, FrameTimelineVsyncId=1234, IntendedVsync=41737135881, Vsync=41737135881, InputEventId=0, HandleInputStart=41737839103, AnimationStart=41737845061, PerformTraversalsStart=41738143519, DrawStart=41739154019, FrameDeadline=41770469213, FrameInterval=41737828644, FrameStartTime=16666666, SyncQueued=41739610478, SyncStart=41747610894, IssueDrawCommandsStart=41749459061, SwapBuffers=41766280353, FrameCompleted=9223372036854775807, DequeueBufferDuration=71875, QueueBufferDuration=1617833, GpuCompleted=9223372036854775807, SwapBuffersCompleted=41768935936, DisplayPresentTime=0,
06-04 15:05:13.847 386 386 I : DVI mode selected: packets not configured
06-04 15:05:13.847 386 386 I : Error: set vsif failed
06-04 15:05:13.871 386 386 I : DVI mode selected: packets not configured
06-04 15:05:13.871 386 386 I : Error: set vsif failed
06-04 15:05:13.868 1080 2469 I OpenGLRenderer: Davey! duration=9223371995089ms; Flags=0, FrameTimelineVsyncId=1236, IntendedVsync=41754238314, Vsync=41754238314, InputEventId=0, HandleInputStart=41755957353, AnimationStart=41755963394, PerformTraversalsStart=41757127936, DrawStart=41757797978, FrameDeadline=41787571646, FrameInterval=41755943936, FrameStartTime=16666666, SyncQueued=41757900144, SyncStart=41769286186, IssueDrawCommandsStart=41770678394, SwapBuffers=41785214311, FrameCompleted=9223372036854775807, DequeueBufferDuration=48042, QueueBufferDuration=1487791, GpuCompleted=9223372036854775807, SwapBuffersCompleted=41790962769, DisplayPresentTime=0,
06-04 15:05:13.889 386 386 I : DVI mode selected: packets not configured
06-04 15:05:13.889 386 386 I : Error: set vsif failed
06-04 15:05:13.905 386 386 I : DVI mode selected: packets not configured
06-04 15:05:13.905 386 386 I : Error: set vsif failed
06-04 15:05:13.920 386 386 I : DVI mode selected: packets not configured
06-04 15:05:13.920 386 386 I : Error: set vsif failed
06-04 15:05:13.937 386 386 I : DVI mode selected: packets not configured
06-04 15:05:13.937 386 386 I : Error: set vsif failed
06-04 15:05:13.954 386 386 I : DVI mode selected: packets not configured
06-04 15:05:13.954 386 386 I : Error: set vsif failed
06-04 15:05:13.966 2355 2421 D nStackXCoAP: IsInSameNetwork:[276] :IsInSameNetwork exec
06-04 15:05:13.967 2355 2421 I nStackXDFinder: GetLocalInterfaceDetail:[461] :GetLocalInterfaceDetail in
06-04 15:05:13.967 2355 2421 E nStackXCoAP: IsInSameNetwork:[281] :IsInSameNetwork: not priority process
06-04 15:05:13.967 2355 2421 D nStackXCoAP: ParseServiceDiscover:[330] :new device join
06-04 15:05:13.967 2355 2421 E nStackXDFinder: GetLocalIp:[401] :GetLocalIp exec
06-04 15:05:13.971 386 386 I : DVI mode selected: packets not configured
06-04 15:05:13.971 386 386 I : Error: set vsif failed
06-04 15:05:13.974 2355 2421 D nStackXCoAP: IsInSameNetwork:[276] :IsInSameNetwork exec
06-04 15:05:13.974 2355 2421 I nStackXDFinder: GetLocalInterfaceDetail:[461] :GetLocalInterfaceDetail in
06-04 15:05:13.974 2355 2421 E nStackXCoAP: IsInSameNetwork:[281] :IsInSameNetwork: not priority process
06-04 15:05:13.974 2355 2421 D nStackXCoAP: ParseServiceDiscover:[330] :new device join
06-04 15:05:13.974 2355 2421 E nStackXDFinder: GetLocalIp:[401] :GetLocalIp exec
06-04 15:05:13.975 476 520 W IorapForwardingService: No service published for: iorapd
06-04 15:05:13.988 386 386 I : DVI mode selected: packets not configured
06-04 15:05:13.988 386 386 I : Error: set vsif failed
06-04 15:05:14.085 2355 2421 D nStackXCoAP: CoapMessageHandler:[133] :2.01
06-04 15:05:14.433 1080 2469 I OpenGLRenderer: Davey! duration=9223371994527ms; Flags=0, FrameTimelineVsyncId=1303, IntendedVsync=42320472625, Vsync=42320472625, InputEventId=0, HandleInputStart=42321136811, AnimationStart=42321142978, PerformTraversalsStart=42323872811, DrawStart=42324998478, FrameDeadline=42353805957, FrameInterval=42321124394, FrameStartTime=16666666, SyncQueued=42325393478, SyncStart=42332541436, IssueDrawCommandsStart=42333404019, SwapBuffers=42357751686, FrameCompleted=9223372036854775807, DequeueBufferDuration=7353416, QueueBufferDuration=1031167, GpuCompleted=9223372036854775807, SwapBuffersCompleted=42369827269, DisplayPresentTime=0,
06-04 15:05:14.475 2355 2421 D nStackXCoAP: IsInSameNetwork:[276] :IsInSameNetwork exec
06-04 15:05:14.475 2355 2421 I nStackXDFinder: GetLocalInterfaceDetail:[461] :GetLocalInterfaceDetail in
06-04 15:05:14.475 2355 2421 E nStackXCoAP: IsInSameNetwork:[281] :IsInSameNetwork: not priority process
06-04 15:05:14.475 2355 2421 D nStackXCoAP: ParseServiceDiscover:[330] :new device join
06-04 15:05:14.475 2355 2421 E nStackXDFinder: GetLocalIp:[401] :GetLocalIp exec
06-04 15:05:14.564 1247 1247 I efs-base: type=1400 audit(0.0:1012): avc: denied { rmdir } for name="2355" dev="mmcblk0p25" ino=6756 scontext=u:r:platform_app:s0:c512,c768 tcontext=u:object_r:app_data_file:s0:c512,c768 tclass=dir permissive=1 app=com.dangbei.screencast
06-04 15:05:14.707 654 654 E WifiHAL : wifi_get_link_stats: requestResponse Error:-5
06-04 15:05:14.709 476 608 E WifiVendorHal: getWifiLinkLayerStats_1_5_Internal(l.1191) failed {.code = ERROR_INVALID_ARGS, .description = }
06-04 15:05:14.869 1247 1498 I efs.base: wa upload succ, HttpResponse {succ=true, code=200, data='暂不支持该服务', extra={req_url=https://errlog.umeng.com/api/crashsdk/logcollect}}
06-04 15:05:14.913 476 520 D CompatibilityChangeReporter: Compat change id reported: 168419799; UID 10075; state: DISABLED
06-04 15:05:14.976 476 520 W IorapForwardingService: No service published for: iorapd
06-04 15:05:15.013 262 294 D hdmi-cec: receive invalid cec message!
06-04 15:05:15.013 262 294 D hdmi-cec: receive poll message [04], skip!
06-04 15:05:15.036 2355 2421 D nStackXCoAP: IsInSameNetwork:[276] :IsInSameNetwork exec
06-04 15:05:15.036 2355 2421 I nStackXDFinder: GetLocalInterfaceDetail:[461] :GetLocalInterfaceDetail in
06-04 15:05:15.036 2355 2421 E nStackXCoAP: IsInSameNetwork:[281] :IsInSameNetwork: not priority process
06-04 15:05:15.036 2355 2421 D nStackXCoAP: ParseServiceDiscover:[330] :new device join
06-04 15:05:15.036 2355 2421 E nStackXDFinder: GetLocalIp:[401] :GetLocalIp exec
06-04 15:05:15.614 2355 2421 D nStackXCoAP: IsInSameNetwork:[276] :IsInSameNetwork exec
06-04 15:05:15.614 2355 2421 I nStackXDFinder: GetLocalInterfaceDetail:[461] :GetLocalInterfaceDetail in
06-04 15:05:15.614 2355 2421 E nStackXCoAP: IsInSameNetwork:[281] :IsInSameNetwork: not priority process
06-04 15:05:15.614 2355 2421 D nStackXCoAP: ParseServiceDiscover:[330] :new device join
06-04 15:05:15.615 2355 2421 E nStackXDFinder: GetLocalIp:[401] :GetLocalIp exec
06-04 15:05:15.810 476 1392 I ActivityManager: Killing 1077:com.android.keychain/1000 (adj 985): empty #17
06-04 15:05:15.843 244 244 I Zygote : Process 1077 exited due to signal 9 (Killed)
06-04 15:05:15.846 1247 2455 W ServiceDescriptorBinder: UPnP specification violation: Not producing element to be compatible with WMP12: (ActionArgument, OUT) Actions
06-04 15:05:15.856 476 540 I libprocessgroup: Successfully killed process cgroup uid 1000 pid 1077 in 45ms
06-04 15:05:15.978 476 520 W IorapForwardingService: No service published for: iorapd
06-04 15:05:16.011 2355 2421 D nStackXCoAP: IsInSameNetwork:[276] :IsInSameNetwork exec
06-04 15:05:16.011 2355 2421 I nStackXDFinder: GetLocalInterfaceDetail:[461] :GetLocalInterfaceDetail in
06-04 15:05:16.011 2355 2421 E nStackXCoAP: IsInSameNetwork:[281] :IsInSameNetwork: not priority process
06-04 15:05:16.011 2355 2421 D nStackXCoAP: ParseServiceDiscover:[330] :new device join
06-04 15:05:16.011 2355 2421 E nStackXDFinder: GetLocalIp:[401] :GetLocalIp exec
06-04 15:05:16.547 2355 2421 D nStackXCoAP: IsInSameNetwork:[276] :IsInSameNetwork exec
06-04 15:05:16.547 2355 2421 I nStackXDFinder: GetLocalInterfaceDetail:[461] :GetLocalInterfaceDetail in
06-04 15:05:16.547 2355 2421 E nStackXCoAP: IsInSameNetwork:[281] :IsInSameNetwork: not priority process
06-04 15:05:16.547 2355 2421 D nStackXCoAP: ParseServiceDiscover:[330] :new device join
06-04 15:05:16.547 2355 2421 E nStackXDFinder: GetLocalIp:[401] :GetLocalIp exec
06-04 15:05:16.835 1080 1780 I OpenGLRenderer: Davey! duration=9223371992117ms; Flags=0, FrameTimelineVsyncId=1365, IntendedVsync=44737138716, Vsync=44737138716, InputEventId=0, HandleInputStart=44737562854, AnimationStart=44737565687, PerformTraversalsStart=44737737229, DrawStart=44738553604, FrameDeadline=44770472048, FrameInterval=44737555854, FrameStartTime=16666666, SyncQueued=44739462229, SyncStart=44739682312, IssueDrawCommandsStart=44740510604, SwapBuffers=44758402062, FrameCompleted=9223372036854775807, DequeueBufferDuration=38541, QueueBufferDuration=2297667, GpuCompleted=9223372036854775807, SwapBuffersCompleted=44762152312, DisplayPresentTime=0,
06-04 15:05:16.852 1080 1780 I OpenGLRenderer: Davey! duration=9223371992095ms; Flags=0, FrameTimelineVsyncId=1366, IntendedVsync=44753805382, Vsync=44753805382, InputEventId=0, HandleInputStart=44754555771, AnimationStart=44754561021, PerformTraversalsStart=44754875646, DrawStart=44755864479, FrameDeadline=44787138714, FrameInterval=44754544896, FrameStartTime=16666666, SyncQueued=44756656354, SyncStart=44762611687, IssueDrawCommandsStart=44764546229, SwapBuffers=44781656021, FrameCompleted=9223372036854775807, DequeueBufferDuration=67667, QueueBufferDuration=1970417, GpuCompleted=9223372036854775807, SwapBuffersCompleted=44784654729, DisplayPresentTime=0,
06-04 15:05:16.870 1080 2469 I OpenGLRenderer: Davey! duration=9223371992072ms; Flags=0, FrameTimelineVsyncId=1368, IntendedVsync=44770911255, Vsync=44770911255, InputEventId=0, HandleInputStart=44771762854, AnimationStart=44771768979, PerformTraversalsStart=44772933854, DrawStart=44773530312, FrameDeadline=44804244587, FrameInterval=44771745187, FrameStartTime=16666666, SyncQueued=44773637187, SyncStart=44785052604, IssueDrawCommandsStart=44786585271, SwapBuffers=44795079229, FrameCompleted=9223372036854775807, DequeueBufferDuration=41792, QueueBufferDuration=2001750, GpuCompleted=9223372036854775807, SwapBuffersCompleted=44797931812, DisplayPresentTime=0,
06-04 15:05:16.884 1080 2469 I OpenGLRenderer: Davey! duration=9223371992058ms; Flags=0, FrameTimelineVsyncId=1370, IntendedVsync=44787577921, Vsync=44787577921, InputEventId=0, HandleInputStart=44788388979, AnimationStart=44788394979, PerformTraversalsStart=44788936896, DrawStart=44789181062, FrameDeadline=44820911253, FrameInterval=44788377187, FrameStartTime=16666666, SyncQueued=44789274771, SyncStart=44798337646, IssueDrawCommandsStart=44799627062, SwapBuffers=44807863271, FrameCompleted=9223372036854775807, DequeueBufferDuration=36541, QueueBufferDuration=3780875, GpuCompleted=9223372036854775807, SwapBuffersCompleted=44813468021, DisplayPresentTime=0,
06-04 15:05:16.936 1080 2469 I OpenGLRenderer: Davey! duration=9223371992014ms; Flags=0, FrameTimelineVsyncId=1376, IntendedVsync=44837572158, Vsync=44837572158, InputEventId=0, HandleInputStart=44838303229, AnimationStart=44838310812, PerformTraversalsStart=44838588854, DrawStart=44839489729, FrameDeadline=44870905490, FrameInterval=44838287771, FrameStartTime=16666666, SyncQueued=44840574687, SyncStart=44842974854, IssueDrawCommandsStart=44843817146, SwapBuffers=44854148687, FrameCompleted=9223372036854775807, DequeueBufferDuration=38417, QueueBufferDuration=1300083, GpuCompleted=9223372036854775807, SwapBuffersCompleted=44858116229, DisplayPresentTime=0,
06-04 15:05:16.951 1080 2469 I OpenGLRenderer: Davey! duration=9223371991997ms; Flags=0, FrameTimelineVsyncId=1378, IntendedVsync=44854238373, Vsync=44854238373, InputEventId=0, HandleInputStart=44855070771, AnimationStart=44855076771, PerformTraversalsStart=44855468354, DrawStart=44855670771, FrameDeadline=44887571705, FrameInterval=44855058937, FrameStartTime=16666666, SyncQueued=44855751687, SyncStart=44858553021, IssueDrawCommandsStart=44859726979, SwapBuffers=44865839604, FrameCompleted=9223372036854775807, DequeueBufferDuration=52042, QueueBufferDuration=7574333, GpuCompleted=9223372036854775807, SwapBuffersCompleted=44874638521, DisplayPresentTime=0,
06-04 15:05:16.968 1080 2469 I OpenGLRenderer: Davey! duration=9223371991980ms; Flags=0, FrameTimelineVsyncId=1380, IntendedVsync=44870511172, Vsync=44870511172, InputEventId=0, HandleInputStart=44871238146, AnimationStart=44871245312, PerformTraversalsStart=44871581312, DrawStart=44871813979, FrameDeadline=44903844504, FrameInterval=44871226437, FrameStartTime=16666666, SyncQueued=44871903729, SyncStart=44875552396, IssueDrawCommandsStart=44876955604, SwapBuffers=44882348312, FrameCompleted=9223372036854775807, DequeueBufferDuration=61208, QueueBufferDuration=6015209, GpuCompleted=9223372036854775807, SwapBuffersCompleted=44889292979, DisplayPresentTime=0,
06-04 15:05:16.980 476 520 W IorapForwardingService: No service published for: iorapd
06-04 15:05:17.034 2355 2421 D nStackXCoAP: IsInSameNetwork:[276] :IsInSameNetwork exec
06-04 15:05:17.034 2355 2421 I nStackXDFinder: GetLocalInterfaceDetail:[461] :GetLocalInterfaceDetail in
06-04 15:05:17.034 2355 2421 E nStackXCoAP: IsInSameNetwork:[281] :IsInSameNetwork: not priority process
06-04 15:05:17.034 2355 2421 D nStackXCoAP: ParseServiceDiscover:[330] :new device join
06-04 15:05:17.035 2355 2421 E nStackXDFinder: GetLocalIp:[401] :GetLocalIp exec
06-04 15:05:17.363 250 975 E bt_upio : upio_set : /proc/bluetooth/sleep/btwrite(-1) incorrent
06-04 15:05:17.386 1247 2455 W ServiceDescriptorBinder: UPnP specification violation: Not producing element to be compatible with WMP12: (ActionArgument, OUT) CurrentMute
06-04 15:05:17.386 1247 2455 W ServiceDescriptorBinder: UPnP specification violation: Not producing element to be compatible with WMP12: (ActionArgument, OUT) CurrentVolume
06-04 15:05:17.387 1247 2455 W ServiceDescriptorBinder: UPnP specification violation: Not producing element to be compatible with WMP12: (ActionArgument, OUT) CurrentPresetNameList
06-04 15:05:17.387 1247 2455 W ServiceDescriptorBinder: UPnP specification violation: Not producing element to be compatible with WMP12: (ActionArgument, OUT) CurrentLoudness
06-04 15:05:17.388 1247 2455 W ServiceDescriptorBinder: UPnP specification violation: Not producing element to be compatible with WMP12: (ActionArgument, OUT) CurrentVolume
06-04 15:05:17.513 476 754 D SntpClient: request time failed: java.net.SocketTimeoutException: Poll timed out
06-04 15:05:17.513 476 754 D SntpClient: request time failed
06-04 15:05:17.589 2355 2421 D nStackXCoAP: IsInSameNetwork:[276] :IsInSameNetwork exec
06-04 15:05:17.589 2355 2421 I nStackXDFinder: GetLocalInterfaceDetail:[461] :GetLocalInterfaceDetail in
06-04 15:05:17.589 2355 2421 E nStackXCoAP: IsInSameNetwork:[281] :IsInSameNetwork: not priority process
06-04 15:05:17.589 2355 2421 D nStackXCoAP: ParseServiceDiscover:[330] :new device join
06-04 15:05:17.589 2355 2421 E nStackXDFinder: GetLocalIp:[401] :GetLocalIp exec
06-04 15:05:17.624 1247 1247 I cling--ap-2: type=1400 audit(0.0:1013): avc: denied { read } for name="address" dev="sysfs" ino=16906 scontext=u:r:platform_app:s0:c512,c768 tcontext=u:object_r:sysfs_net:s0 tclass=file permissive=1 app=com.dangbei.screencast
06-04 15:05:17.624 1247 1247 I cling--ap-2: type=1400 audit(0.0:1014): avc: denied { open } for path="/sys/devices/virtual/net/dummy0/address" dev="sysfs" ino=16906 scontext=u:r:platform_app:s0:c512,c768 tcontext=u:object_r:sysfs_net:s0 tclass=file permissive=1 app=com.dangbei.screencast
06-04 15:05:17.624 1247 1247 I cling--ap-2: type=1400 audit(0.0:1015): avc: denied { getattr } for path="/sys/devices/virtual/net/dummy0/address" dev="sysfs" ino=16906 scontext=u:r:platform_app:s0:c512,c768 tcontext=u:object_r:sysfs_net:s0 tclass=file permissive=1 app=com.dangbei.screencast
06-04 15:05:17.708 1247 2455 W ServiceDescriptorBinder: UPnP specification violation: Not producing element to be compatible with WMP12: (ActionArgument, OUT) ConnectionIDs
06-04 15:05:17.724 654 654 E WifiHAL : wifi_get_link_stats: requestResponse Error:-5
06-04 15:05:17.726 476 608 E WifiVendorHal: getWifiLinkLayerStats_1_5_Internal(l.1191) failed {.code = ERROR_INVALID_ARGS, .description = }
06-04 15:05:17.742 476 754 D SntpClient: round trip: 209ms, clock offset: -1ms
06-04 15:05:17.854 2355 2421 D nStackXCoAP: IsInSameNetwork:[276] :IsInSameNetwork exec
06-04 15:05:17.854 2355 2421 I nStackXDFinder: GetLocalInterfaceDetail:[461] :GetLocalInterfaceDetail in
06-04 15:05:17.854 2355 2421 E nStackXCoAP: IsInSameNetwork:[281] :IsInSameNetwork: not priority process
06-04 15:05:17.854 2355 2421 D nStackXCoAP: ParseServiceDiscover:[330] :new device join
06-04 15:05:17.854 2355 2421 I nStackXDFinder: NotifyDeviceListChanged:[540] :notify callback: device list changed callback is null
06-04 15:05:17.854 2355 2421 E nStackXDFinder: GetLocalIp:[401] :GetLocalIp exec
06-04 15:05:17.883 2355 2421 D nStackXCoAP: IsInSameNetwork:[276] :IsInSameNetwork exec
06-04 15:05:17.883 2355 2421 I nStackXDFinder: GetLocalInterfaceDetail:[461] :GetLocalInterfaceDetail in
06-04 15:05:17.883 2355 2421 E nStackXCoAP: IsInSameNetwork:[281] :IsInSameNetwork: not priority process
06-04 15:05:17.883 2355 2421 D nStackXCoAP: ParseServiceDiscover:[330] :new device join
06-04 15:05:17.883 2355 2421 E nStackXDFinder: GetLocalIp:[401] :GetLocalIp exec
06-04 15:05:17.982 476 520 W IorapForwardingService: No service published for: iorapd
06-04 15:05:18.104 182 182 I hwservicemanager: getTransport: Cannot find entry android.hardware.graphics.mapper@4.0::IMapper/default in either framework or device VINTF manifest.
06-04 15:05:18.104 476 521 I Gralloc4: mapper 4.x is not supported
06-04 15:05:18.105 182 182 I hwservicemanager: getTransport: Cannot find entry android.hardware.graphics.mapper@3.0::IMapper/default in either framework or device VINTF manifest.
06-04 15:05:18.105 476 521 W Gralloc3: mapper 3.x is not supported
06-04 15:05:18.110 476 521 E gralloc : Arm Module v1.0
06-04 15:05:18.112 182 182 I hwservicemanager: getTransport: Cannot find entry android.hardware.graphics.allocator@4.0::IAllocator/default in either framework or device VINTF manifest.
06-04 15:05:18.112 476 521 W Gralloc4: allocator 4.x is not supported
06-04 15:05:18.113 182 182 I hwservicemanager: getTransport: Cannot find entry android.hardware.graphics.allocator@3.0::IAllocator/default in either framework or device VINTF manifest.
06-04 15:05:18.113 476 521 W Gralloc3: allocator 3.x is not supported
06-04 15:05:18.119 257 257 I gralloc : alloc buffer:W:33 H:42 S:48 PL[33 42] SZ:8064 fmt:1 if:0 af:1 usg:966 fg:00000004
06-04 15:05:18.119 476 521 E ion : ioctl c0044901 failed with code -1: Inappropriate ioctl for device
06-04 15:05:18.258 1021 1021 E dangbei111: cccccc 检查遥控器是否连接: Dangbei E4:BB:D3:57:C0:7D
06-04 15:05:18.259 1021 1021 E dangbei111: cccccc 检查遥控器是否连接: 蓝牙的结果 Dangbei E4:BB:D3:57:C0:7D false
06-04 15:05:18.259 1021 1021 E dangbei111: cccccc input中没有遥控器存在
06-04 15:05:18.260 1021 1021 E dangbei111: cccccc 蓝牙状态连接 不是连接状态 啥都不干
06-04 15:05:18.261 1021 1021 E dangbei111: cccccc 开始扫描
06-04 15:05:18.261 1021 1021 D BluetoothAdapter: isLeEnabled(): ON
06-04 15:05:18.273 1021 1021 E dangbei111: cccccc scan 得到的设备和状态 Dangbei E4:BB:D3:57:C0:7D 12
06-04 15:05:18.277 2355 2421 D nStackXCoAP: IsInSameNetwork:[276] :IsInSameNetwork exec
06-04 15:05:18.277 2355 2421 I nStackXDFinder: GetLocalInterfaceDetail:[461] :GetLocalInterfaceDetail in
06-04 15:05:18.278 2355 2421 E nStackXCoAP: IsInSameNetwork:[281] :IsInSameNetwork: not priority process
06-04 15:05:18.278 2355 2421 D nStackXCoAP: ParseServiceDiscover:[330] :new device join
06-04 15:05:18.278 2355 2421 E nStackXDFinder: GetLocalIp:[401] :GetLocalIp exec
06-04 15:05:18.283 1021 1021 E dangbei111: cccccc 搜索到bond 确实含有 不在尝试连接 只做检查 Dangbei E4:BB:D3:57:C0:7D
06-04 15:05:18.283 1021 1021 E dangbei111 : cccccc 开启检查任务
06-04 15:05:18.288 1021 1021 E dangbei111: cccccc 搜索到bond Dangbei E4:BB:D3:57:C0:7D
06-04 15:05:18.370 2355 2421 D nStackXCoAP: IsInSameNetwork:[276] :IsInSameNetwork exec
06-04 15:05:18.371 2355 2421 I nStackXDFinder: GetLocalInterfaceDetail:[461] :GetLocalInterfaceDetail in
06-04 15:05:18.371 2355 2421 E nStackXCoAP: IsInSameNetwork:[281] :IsInSameNetwork: not priority process
06-04 15:05:18.371 2355 2421 D nStackXCoAP: ParseServiceDiscover:[330] :new device join
06-04 15:05:18.371 2355 2421 E nStackXDFinder: GetLocalIp:[401] :GetLocalIp exec
06-04 15:05:18.644 1021 2467 E dangbei111: cccccc 检查遥控器是否连接: Dangbei E4:BB:D3:57:C0:7D
06-04 15:05:18.646 1021 2467 E dangbei111: cccccc 检查遥控器是否连接: 蓝牙的结果 Dangbei E4:BB:D3:57:C0:7D false
06-04 15:05:18.646 1021 2467 E dangbei111: cccccc input中没有遥控器存在
06-04 15:05:18.646 1021 2467 E dangbei111: cccccc 蓝牙状态连接 不是连接状态 啥都不干
06-04 15:05:18.647 1021 2467 E dangbei111: cccccc 开始扫描
06-04 15:05:18.647 1021 2467 D BluetoothAdapter: isLeEnabled(): ON
06-04 15:05:18.821 205 222 I keystore2: keystore2::watchdog: Watchdog thread idle -> terminating. Have a great day.
06-04 15:05:18.821 476 997 W ZramWriteback: Writeback device is not set
06-04 15:05:18.821 476 997 D ZramWriteback: wait to flush
06-04 15:05:18.839 386 386 W hdr10p_Configure: 123 callbacks suppressed
06-04 15:05:18.839 386 386 I : DVI mode selected: packets not configured
06-04 15:05:18.839 386 386 W set_vsif_config: 123 callbacks suppressed
06-04 15:05:18.839 386 386 I : Error: set vsif failed
06-04 15:05:18.839 386 386 I : DVI mode selected: packets not configured
06-04 15:05:18.839 386 386 I : Error: set vsif failed
06-04 15:05:18.854 386 386 I : DVI mode selected: packets not configured
06-04 15:05:18.854 386 386 I : Error: set vsif failed
06-04 15:05:18.854 386 386 I : DVI mode selected: packets not configured
06-04 15:05:18.854 386 386 I : Error: set vsif failed
06-04 15:05:18.871 386 386 I : DVI mode selected: packets not configured
06-04 15:05:18.871 386 386 I : Error: set vsif failed
06-04 15:05:18.871 386 386 I : DVI mode selected: packets not configured
06-04 15:05:18.871 386 386 I : Error: set vsif failed
06-04 15:05:18.888 386 386 I : DVI mode selected: packets not configured
