06-04 15:05:18.888 386 386 I : Error: set vsif failed
06-04 15:05:18.889 386 386 I : DVI mode selected: packets not configured
06-04 15:05:18.889 386 386 I : Error: set vsif failed
06-04 15:05:18.905 386 386 I : DVI mode selected: packets not configured
06-04 15:05:18.905 386 386 I : Error: set vsif failed
06-04 15:05:18.905 386 386 I : DVI mode selected: packets not configured
06-04 15:05:18.905 386 386 I : Error: set vsif failed
06-04 15:05:18.987 476 520 W IorapForwardingService: No service published for: iorapd
06-04 15:05:18.988 2355 2421 D nStackXCoAP: IsInSameNetwork:[276] :IsInSameNetwork exec
06-04 15:05:18.988 2355 2421 I nStackXDFinder: GetLocalInterfaceDetail:[461] :GetLocalInterfaceDetail in
06-04 15:05:18.988 2355 2421 E nStackXCoAP: IsInSameNetwork:[281] :IsInSameNetwork: not priority process
06-04 15:05:18.988 2355 2421 D nStackXCoAP: ParseServiceDiscover:[330] :new device join
06-04 15:05:18.988 2355 2421 E nStackXDFinder: GetLocalIp:[401] :GetLocalIp exec
06-04 15:05:19.103 666 978 I bluetooth: system/bt/stack/gatt/connection_manager.cc:185 on_connection_complete: Le connection completed to device:e4:bb:d3:57:c0:7d
06-04 15:05:19.103 666 978 I bt_btm_ble: system/bt/stack/btm/btm_ble.cc:1699 btm_ble_connected: Updating device record timestamp for existing ble connection
06-04 15:05:19.103 250 250 E bt_upio : upio_set : /proc/bluetooth/sleep/btwrite(-1) incorrent
06-04 15:05:19.104 666 978 I bt_stack: [INFO:btsnoop.cc(338)] clear_l2cap_allowlist: Clearing acceptlist from l2cap channel. conn_handle=16 cid=4:4
06-04 15:05:19.104 666 978 W bt_btm_sec: system/bt/stack/btm/btm_sec.cc:3683 btm_sec_disconnected: Got uncommon disconnection reason:Connection Failed Establishment handle:0x0010
06-04 15:05:19.383 1977 2007 E ServerInterface: Server timed out
06-04 15:05:19.383 1977 2007 E ServerInterface: java.net.SocketTimeoutException: failed to connect to remoteprovisioning.googleapis.com/142.251.33.74 (port 443) from /192.168.3.141 (port 49052) after 5000ms
06-04 15:05:19.383 1977 2007 E ServerInterface: at libcore.io.IoBridge.connectErrno(IoBridge.java:236)
06-04 15:05:19.383 1977 2007 E ServerInterface: at libcore.io.IoBridge.connect(IoBridge.java:180)
06-04 15:05:19.383 1977 2007 E ServerInterface: at java.net.PlainSocketImpl.socketConnect(PlainSocketImpl.java:142)
06-04 15:05:19.383 1977 2007 E ServerInterface: at java.net.AbstractPlainSocketImpl.doConnect(AbstractPlainSocketImpl.java:390)
06-04 15:05:19.383 1977 2007 E ServerInterface: at java.net.AbstractPlainSocketImpl.connectToAddress(AbstractPlainSocketImpl.java:230)
06-04 15:05:19.383 1977 2007 E ServerInterface: at java.net.AbstractPlainSocketImpl.connect(AbstractPlainSocketImpl.java:212)
06-04 15:05:19.383 1977 2007 E ServerInterface: at java.net.SocksSocketImpl.connect(SocksSocketImpl.java:436)
06-04 15:05:19.383 1977 2007 E ServerInterface: at java.net.Socket.connect(Socket.java:621)
06-04 15:05:19.383 1977 2007 E ServerInterface: at com.android.okhttp.internal.Platform.connectSocket(Platform.java:182)
06-04 15:05:19.383 1977 2007 E ServerInterface: at com.android.okhttp.internal.io.RealConnection.connectSocket(RealConnection.java:145)
06-04 15:05:19.383 1977 2007 E ServerInterface: at com.android.okhttp.internal.io.RealConnection.connect(RealConnection.java:116)
06-04 15:05:19.383 1977 2007 E ServerInterface: at com.android.okhttp.internal.http.StreamAllocation.findConnection(StreamAllocation.java:186)
06-04 15:05:19.383 1977 2007 E ServerInterface: at com.android.okhttp.internal.http.StreamAllocation.findHealthyConnection(StreamAllocation.java:128)
06-04 15:05:19.383 1977 2007 E ServerInterface: at com.android.okhttp.internal.http.StreamAllocation.newStream(StreamAllocation.java:97)
06-04 15:05:19.383 1977 2007 E ServerInterface: at com.android.okhttp.internal.http.HttpEngine.connect(HttpEngine.java:289)
06-04 15:05:19.383 1977 2007 E ServerInterface: at com.android.okhttp.internal.http.HttpEngine.sendRequest(HttpEngine.java:232)
06-04 15:05:19.383 1977 2007 E ServerInterface: at com.android.okhttp.internal.huc.HttpURLConnectionImpl.execute(HttpURLConnectionImpl.java:465)
06-04 15:05:19.383 1977 2007 E ServerInterface: at com.android.okhttp.internal.huc.HttpURLConnectionImpl.connect(HttpURLConnectionImpl.java:131)
06-04 15:05:19.383 1977 2007 E ServerInterface: at com.android.okhttp.internal.huc.HttpURLConnectionImpl.getOutputStream(HttpURLConnectionImpl.java:262)
06-04 15:05:19.383 1977 2007 E ServerInterface: at com.android.okhttp.internal.huc.DelegatingHttpsURLConnection.getOutputStream(DelegatingHttpsURLConnection.java:219)
06-04 15:05:19.383 1977 2007 E ServerInterface: at com.android.okhttp.internal.huc.HttpsURLConnectionImpl.getOutputStream(HttpsURLConnectionImpl.java:30)
06-04 15:05:19.383 1977 2007 E ServerInterface: at com.android.remoteprovisioner.ServerInterface.fetchGeek(ServerInterface.java:120)
06-04 15:05:19.383 1977 2007 E ServerInterface: at com.android.remoteprovisioner.PeriodicProvisioner$ProvisionerThread.run(PeriodicProvisioner.java:135)
06-04 15:05:19.383 1977 2007 E RemoteProvisioningService: Failed to get a response from the server.
06-04 15:05:19.595 2355 2421 D nStackXCoAP: IsInSameNetwork:[276] :IsInSameNetwork exec
06-04 15:05:19.595 2355 2421 I nStackXDFinder: GetLocalInterfaceDetail:[461] :GetLocalInterfaceDetail in
06-04 15:05:19.595 2355 2421 E nStackXCoAP: IsInSameNetwork:[281] :IsInSameNetwork: not priority process
06-04 15:05:19.595 2355 2421 D nStackXCoAP: ParseServiceDiscover:[330] :new device join
06-04 15:05:19.595 2355 2421 E nStackXDFinder: GetLocalIp:[401] :GetLocalIp exec
06-04 15:05:19.764 476 1392 I ActivityManager: Killing 1354:com.android.localtransport/1000 (adj 985): empty #17
06-04 15:05:19.780 1125 1125 D aaa : LedStatusService onStartCommand begin
06-04 15:05:19.787 1125 2492 D aaa : topPkg is -------------- :com.dangbei.leard.leradlauncher
06-04 15:05:19.792 1190 1190 D bbb : onStartCommand begin !!!!!!! data分区剩余 24982MB
06-04 15:05:19.797 1125 2492 D aaa : WiFi is connect
06-04 15:05:19.802 2355 2421 D nStackXCoAP: IsInSameNetwork:[276] :IsInSameNetwork exec
06-04 15:05:19.802 2355 2421 I nStackXDFinder: GetLocalInterfaceDetail:[461] :GetLocalInterfaceDetail in
06-04 15:05:19.802 2355 2421 E nStackXCoAP: IsInSameNetwork:[281] :IsInSameNetwork: not priority process
06-04 15:05:19.802 2355 2421 D nStackXCoAP: ParseServiceDiscover:[330] :new device join
06-04 15:05:19.802 2355 2421 E nStackXDFinder: GetLocalIp:[401] :GetLocalIp exec
06-04 15:05:19.813 476 540 I libprocessgroup: Successfully killed process cgroup uid 1000 pid 1354 in 44ms
06-04 15:05:19.831 244 244 I Zygote : Process 1354 exited due to signal 9 (Killed)
06-04 15:05:19.835 1080 2469 I OpenGLRenderer: Davey! duration=9223371989117ms; Flags=0, FrameTimelineVsyncId=1601, IntendedVsync=47737144653, Vsync=47737144653, InputEventId=838238757, HandleInputStart=47737893439, AnimationStart=47739500939, PerformTraversalsStart=47739622355, DrawStart=47743177605, FrameDeadline=47770477985, FrameInterval=47737880439, FrameStartTime=16666666, SyncQueued=47745875230, SyncStart=47746207980, IssueDrawCommandsStart=47747433980, SwapBuffers=47766460189, FrameCompleted=9223372036854775807, DequeueBufferDuration=58875, QueueBufferDuration=1418500, GpuCompleted=9223372036854775807, SwapBuffersCompleted=47769507189, DisplayPresentTime=0,
06-04 15:05:19.870 1080 2469 I OpenGLRenderer: Davey! duration=9223371989097ms; Flags=0, FrameTimelineVsyncId=1603, IntendedVsync=47753810165, Vsync=47753810165, InputEventId=31941013, HandleInputStart=47757671855, AnimationStart=47759167689, PerformTraversalsStart=47759281105, DrawStart=47765411147, FrameDeadline=47787143497, FrameInterval=47757659564, FrameStartTime=16666666, SyncQueued=47766408980, SyncStart=47769758397, IssueDrawCommandsStart=47773903772, SwapBuffers=47794187397, FrameCompleted=9223372036854775807, DequeueBufferDuration=63916, QueueBufferDuration=1526416, GpuCompleted=9223372036854775807, SwapBuffersCompleted=47796933189, DisplayPresentTime=0,
06-04 15:05:19.884 1080 1109 I OpenGLRenderer: Davey! duration=9223371989064ms; Flags=0, FrameTimelineVsyncId=1605, IntendedVsync=47770475304, Vsync=47770475304, InputEventId=254502635, HandleInputStart=47775062980, AnimationStart=47776861522, PerformTraversalsStart=47777055064, DrawStart=47777625064, FrameDeadline=47803808636, FrameInterval=47775052189, FrameStartTime=16666666, SyncQueued=47777709605, SyncStart=47797279522, IssueDrawCommandsStart=47798323147, SwapBuffers=47806986522, FrameCompleted=9223372036854775807, DequeueBufferDuration=52458, QueueBufferDuration=3925542, GpuCompleted=9223372036854775807, SwapBuffersCompleted=47812497564, DisplayPresentTime=0,
06-04 15:05:19.900 1080 1109 I OpenGLRenderer: Davey! duration=9223371989056ms; Flags=0, FrameTimelineVsyncId=1607, IntendedVsync=47787141865, Vsync=47787141865, InputEventId=354660756, HandleInputStart=47798808522, AnimationStart=47800605397, PerformTraversalsStart=47800842814, DrawStart=47801391105, FrameDeadline=47820475197, FrameInterval=47798802439, FrameStartTime=16666666, SyncQueued=47801500939, SyncStart=47812856022, IssueDrawCommandsStart=47814185022, SwapBuffers=47820399189, FrameCompleted=9223372036854775807, DequeueBufferDuration=81458, QueueBufferDuration=5207833, GpuCompleted=9223372036854775807, SwapBuffersCompleted=47826708772, DisplayPresentTime=0,
06-04 15:05:19.934 1080 1109 I OpenGLRenderer: Davey! duration=9223371989026ms; Flags=0, FrameTimelineVsyncId=1611, IntendedVsync=47820474299, Vsync=47820474299, InputEventId=0, HandleInputStart=47833103647, AnimationStart=47833149105, PerformTraversalsStart=47833494397, DrawStart=47834450439, FrameDeadline=47853807631, FrameInterval=47833092647, FrameStartTime=16666666, SyncQueued=47834925064, SyncStart=47843123105, IssueDrawCommandsStart=47844598939, SwapBuffers=47853220314, FrameCompleted=9223372036854775807, DequeueBufferDuration=43916, QueueBufferDuration=1110208, GpuCompleted=9223372036854775807, SwapBuffersCompleted=47854976564, DisplayPresentTime=0,
06-04 15:05:19.989 476 520 W IorapForwardingService: No service published for: iorapd
06-04 15:05:20.311 2355 2421 D nStackXCoAP: IsInSameNetwork:[276] :IsInSameNetwork exec
06-04 15:05:20.311 2355 2421 I nStackXDFinder: GetLocalInterfaceDetail:[461] :GetLocalInterfaceDetail in
06-04 15:05:20.311 2355 2421 E nStackXCoAP: IsInSameNetwork:[281] :IsInSameNetwork: not priority process
06-04 15:05:20.311 2355 2421 D nStackXCoAP: ParseServiceDiscover:[330] :new device join
06-04 15:05:20.312 2355 2421 E nStackXDFinder: GetLocalIp:[401] :GetLocalIp exec
06-04 15:05:20.318 1080 1109 I OpenGLRenderer: Davey! duration=9223371988650ms; Flags=0, FrameTimelineVsyncId=1657, IntendedVsync=48203805170, Vsync=48203805170, InputEventId=467480424, HandleInputStart=48210380272, AnimationStart=48210384772, PerformTraversalsStart=48210625522, DrawStart=48210789564, FrameDeadline=48237138502, FrameInterval=48210369522, FrameStartTime=16666666, SyncQueued=48211510856, SyncStart=48211846939, IssueDrawCommandsStart=48212788981, SwapBuffers=48240821022, FrameCompleted=9223372036854775807, DequeueBufferDuration=11970917, QueueBufferDuration=1656791, GpuCompleted=9223372036854775807, SwapBuffersCompleted=48254544814, DisplayPresentTime=0,
06-04 15:05:20.335 1080 1109 I OpenGLRenderer: Davey! duration=9223371988601ms; Flags=0, FrameTimelineVsyncId=1659, IntendedVsync=48220471611, Vsync=48220471611, InputEventId=0, HandleInputStart=48221366189, AnimationStart=48221373314, PerformTraversalsStart=48221861647, DrawStart=48222071856, FrameDeadline=48253804943, FrameInterval=48221352356, FrameStartTime=16666666, SyncQueued=48222153189, SyncStart=48254873564, IssueDrawCommandsStart=48257194772, SwapBuffers=48265724564, FrameCompleted=9223372036854775807, DequeueBufferDuration=53750, QueueBufferDuration=1682666, GpuCompleted=9223372036854775807, SwapBuffersCompleted=48268742481, DisplayPresentTime=0,
06-04 15:05:20.352 1080 1780 I OpenGLRenderer: Davey! duration=9223371988607ms; Flags=0, FrameTimelineVsyncId=1661, IntendedVsync=48237137662, Vsync=48253804328, InputEventId=0, HandleInputStart=48257868397, AnimationStart=48257872647, PerformTraversalsStart=48258557981, DrawStart=48258955272, FrameDeadline=48270470994, FrameInterval=48257855897, FrameStartTime=16666666, SyncQueued=48259168022, SyncStart=48269346856, IssueDrawCommandsStart=48270963314, SwapBuffers=48281441939, FrameCompleted=9223372036854775807, DequeueBufferDuration=61209, QueueBufferDuration=1677958, GpuCompleted=9223372036854775807, SwapBuffersCompleted=48284485564, DisplayPresentTime=0,
06-04 15:05:20.502 1021 1021 E dangbei111: cccccc 检查遥控器是否连接: Dangbei E4:BB:D3:57:C0:7D
06-04 15:05:20.507 1021 1021 E dangbei111: cccccc 检查遥控器是否连接: 蓝牙的结果 Dangbei E4:BB:D3:57:C0:7D false
06-04 15:05:20.508 1021 1021 E dangbei111: cccccc input中没有遥控器存在
06-04 15:05:20.508 1021 1021 E dangbei111: cccccc 蓝牙状态连接 不是连接状态 啥都不干
06-04 15:05:20.511 1021 1021 E dangbei111: cccccc 开始扫描
06-04 15:05:20.511 1021 1021 D BluetoothAdapter: isLeEnabled(): ON
06-04 15:05:20.515 1021 1021 E dangbei111: cccccc scan 得到的设备和状态 Dangbei E4:BB:D3:57:C0:7D 12
06-04 15:05:20.524 1021 1021 E dangbei111: cccccc 搜索到bond 确实含有 不在尝试连接 只做检查 Dangbei E4:BB:D3:57:C0:7D
06-04 15:05:20.524 1021 1021 E dangbei111 : cccccc 开启检查任务
06-04 15:05:20.528 1021 1021 E dangbei111: cccccc 搜索到bond Dangbei E4:BB:D3:57:C0:7D
06-04 15:05:20.534 1080 1109 I OpenGLRenderer: Davey! duration=9223371988450ms; Flags=0, FrameTimelineVsyncId=1678, IntendedVsync=48403804677, Vsync=48403804677, InputEventId=585375564, HandleInputStart=48404402856, AnimationStart=48405724939, PerformTraversalsStart=48405730772, DrawStart=48425258314, FrameDeadline=48437138009, FrameInterval=48404393897, FrameStartTime=16666666, SyncQueued=48430153189, SyncStart=48430549439, IssueDrawCommandsStart=48432525231, SwapBuffers=48462992856, FrameCompleted=9223372036854775807, DequeueBufferDuration=61625, QueueBufferDuration=1276333, GpuCompleted=9223372036854775807, SwapBuffersCompleted=48470306522, DisplayPresentTime=0,
06-04 15:05:20.568 1080 1109 I OpenGLRenderer: Davey! duration=9223371988398ms; Flags=0, FrameTimelineVsyncId=1679, IntendedVsync=48420471439, Vsync=48420471439, InputEventId=0, HandleInputStart=48433466439, AnimationStart=48433511106, PerformTraversalsStart=48433794106, DrawStart=48433986356, FrameDeadline=48453804771, FrameInterval=48433458481, FrameStartTime=16666666, SyncQueued=48434539439, SyncStart=48470780356, IssueDrawCommandsStart=48472211856, SwapBuffers=48480905272, FrameCompleted=9223372036854775807, DequeueBufferDuration=49250, QueueBufferDuration=5701083, GpuCompleted=9223372036854775807, SwapBuffersCompleted=48488325397, DisplayPresentTime=0,
06-04 15:05:20.743 654 654 E WifiHAL : wifi_get_link_stats: requestResponse Error:-5
06-04 15:05:20.745 476 608 E WifiVendorHal: getWifiLinkLayerStats_1_5_Internal(l.1191) failed {.code = ERROR_INVALID_ARGS, .description = }
06-04 15:05:20.962 2355 2421 D nStackXCoAP: IsInSameNetwork:[276] :IsInSameNetwork exec
06-04 15:05:20.962 2355 2421 I nStackXDFinder: GetLocalInterfaceDetail:[461] :GetLocalInterfaceDetail in
06-04 15:05:20.962 2355 2421 E nStackXCoAP: IsInSameNetwork:[281] :IsInSameNetwork: not priority process
06-04 15:05:20.962 2355 2421 D nStackXCoAP: ParseServiceDiscover:[330] :new device join
06-04 15:05:20.962 2355 2421 E nStackXDFinder: GetLocalIp:[401] :GetLocalIp exec
06-04 15:05:20.991 476 520 W IorapForwardingService: No service published for: iorapd
06-04 15:05:21.343 2355 2421 D nStackXCoAP: IsInSameNetwork:[276] :IsInSameNetwork exec
06-04 15:05:21.343 2355 2421 I nStackXDFinder: GetLocalInterfaceDetail:[461] :GetLocalInterfaceDetail in
06-04 15:05:21.343 2355 2421 E nStackXCoAP: IsInSameNetwork:[281] :IsInSameNetwork: not priority process
06-04 15:05:21.343 2355 2421 D nStackXCoAP: ParseServiceDiscover:[330] :new device join
06-04 15:05:21.344 2355 2421 E nStackXDFinder: GetLocalIp:[401] :GetLocalIp exec
06-04 15:05:21.636 666 978 I bluetooth: system/bt/stack/gatt/connection_manager.cc:185 on_connection_complete: Le connection completed to device:e4:bb:d3:57:c0:7d
06-04 15:05:21.636 666 978 I bt_btm_ble: system/bt/stack/btm/btm_ble.cc:1699 btm_ble_connected: Updating device record timestamp for existing ble connection
06-04 15:05:21.637 666 978 I bt_stack: [INFO:btsnoop.cc(338)] clear_l2cap_allowlist: Clearing acceptlist from l2cap channel. conn_handle=16 cid=4:4
06-04 15:05:21.638 666 978 W bt_btm_sec: system/bt/stack/btm/btm_sec.cc:3683 btm_sec_disconnected: Got uncommon disconnection reason:Connection Failed Establishment handle:0x0010
06-04 15:05:21.758 2355 2421 D nStackXCoAP: IsInSameNetwork:[276] :IsInSameNetwork exec
06-04 15:05:21.758 2355 2421 I nStackXDFinder: GetLocalInterfaceDetail:[461] :GetLocalInterfaceDetail in
06-04 15:05:21.758 2355 2421 E nStackXCoAP: IsInSameNetwork:[281] :IsInSameNetwork: not priority process
06-04 15:05:21.759 2355 2421 D nStackXCoAP: ParseServiceDiscover:[330] :new device join
06-04 15:05:21.759 2355 2421 E nStackXDFinder: GetLocalIp:[401] :GetLocalIp exec
06-04 15:05:21.876 2140 2207 D UtilLog : 日志批量上报 进行正常循环 !!!!!!本次有0次请求,共0条数据
06-04 15:05:21.993 476 520 W IorapForwardingService: No service published for: iorapd
06-04 15:05:22.375 1021 1021 E dangbei111: cccccc 检查遥控器是否连接: Dangbei E4:BB:D3:57:C0:7D
06-04 15:05:22.376 1021 1021 E dangbei111: cccccc 检查遥控器是否连接: 蓝牙的结果 Dangbei E4:BB:D3:57:C0:7D false
06-04 15:05:22.376 1021 1021 E dangbei111: cccccc input中没有遥控器存在
06-04 15:05:22.376 1021 1021 E dangbei111: cccccc 蓝牙状态连接 不是连接状态 啥都不干
06-04 15:05:22.377 1021 1021 E dangbei111: cccccc 开始扫描
06-04 15:05:22.377 1021 1021 D BluetoothAdapter: isLeEnabled(): ON
06-04 15:05:22.379 1021 1021 E dangbei111: cccccc scan 得到的设备和状态 Dangbei E4:BB:D3:57:C0:7D 12
06-04 15:05:22.382 1021 1021 E dangbei111: cccccc 搜索到bond 确实含有 不在尝试连接 只做检查 Dangbei E4:BB:D3:57:C0:7D
06-04 15:05:22.383 1021 1021 E dangbei111 : cccccc 开启检查任务
06-04 15:05:22.386 1021 1021 E dangbei111: cccccc 搜索到bond Dangbei E4:BB:D3:57:C0:7D
06-04 15:05:22.392 476 1392 I ActivityStarter: ---START u0 {dat=haqu://setting:8080/home flg=0x10000000 pkg=com.dangbei.haqusetting cmp=com.dangbei.haqusetting/.ui.HomeActivity} from uid 1000
06-04 15:05:22.406 476 1392 W ActivityTaskManager: Can't find TaskDisplayArea to determine support for multi window. Task id=18 attached=false
06-04 15:05:22.410 476 1392 D CompatibilityChangeReporter: Compat change id reported: 174042980; UID 1000; state: DISABLED
06-04 15:05:22.414 261 261 I AW_PowerHAL: Power setMode: LAUNCH to: 1
06-04 15:05:22.415 476 1392 D CompatibilityChangeReporter: Compat change id reported: 168419799; UID 1000; state: DISABLED
06-04 15:05:22.422 476 522 D CompatibilityChangeReporter: Compat change id reported: 158002302; UID 1000; state: ENABLED
06-04 15:05:22.427 476 521 I ActivityManager: com.dangbei.haqusetting is exempt from freezer
06-04 15:05:22.427 476 521 D CompatibilityChangeReporter: Compat change id reported: 135634846; UID 1000; state: DISABLED
06-04 15:05:22.446 244 244 D Zygote : Forked child process 2498
06-04 15:05:22.447 1080 1301 W SQLiteLog: (28) double-quoted string literal: "
06-04 15:05:22.447 1080 1301 W SQLiteLog: (28) double-quoted string literal: "7D840525C1D3233E11ECD5947BB29C80"
06-04 15:05:22.448 261 261 I AW_PowerHAL: cur-mode:LAUNCH
06-04 15:05:22.449 476 539 I ActivityManager: app.processName = com.dangbei.haqusetting
06-04 15:05:22.449 476 539 I ActivityManager: Start proc 2498:com.dangbei.haqusetting/1000 for pre-top-activity {com.dangbei.haqusetting/com.dangbei.haqusetting.ui.HomeActivity}
06-04 15:05:22.455 2498 2498 I Zygote : seccomp disabled by setenforce 0
06-04 15:05:22.464 1926 1926 I rainbow_flow: type=1400 audit(0.0:1016): avc: denied { ioctl } for path="/dev/spidev1.0" dev="tmpfs" ino=6194 ioctlcmd=0x6b00 scontext=u:r:init:s0 tcontext=u:object_r:device:s0 tclass=chr_file permissive=1
06-04 15:05:22.473 403 413 I adbd : jdwp connection from 2498
06-04 15:05:22.488 476 1392 D AW_CODE : rotation =0
06-04 15:05:22.490 476 1392 D CompatibilityChangeReporter: Compat change id reported: 181136395; UID 1000; state: DISABLED
06-04 15:05:22.491 476 1392 D CompatibilityChangeReporter: Compat change id reported: 174042936; UID 1000; state: DISABLED
06-04 15:05:22.498 2498 2498 D CompatibilityChangeReporter: Compat change id reported: 171979766; UID 1000; state: ENABLED
06-04 15:05:22.524 262 262 I EventThread: type=1400 audit(0.0:1017): avc: denied { search } for name="extcon" dev="sysfs" ino=18109 scontext=u:r:hal_tv_cec_default:s0 tcontext=u:object_r:sysfs_extcon:s0 tclass=dir permissive=1
06-04 15:05:22.536 674 674 D TvPipController: onTaskStackChanged()
06-04 15:05:22.560 2498 2498 V GraphicsEnvironment: ANGLE Developer option for 'com.dangbei.haqusetting' set to: 'default'
06-04 15:05:22.560 2498 2498 V GraphicsEnvironment: Neither updatable production driver nor prerelease driver is supported.
06-04 15:05:22.562 2498 2498 D NetworkSecurityConfig: No Network Security Config specified, using platform default
06-04 15:05:22.562 2498 2498 D NetworkSecurityConfig: No Network Security Config specified, using platform default
06-04 15:05:22.580 2498 2498 I MultiDex: VM with version 2.1.0 has multidex support
06-04 15:05:22.580 2498 2498 I MultiDex: Installing application
06-04 15:05:22.580 2498 2498 I MultiDex: VM has multidex support, MultiDex support library is disabled.
06-04 15:05:22.605 2498 2498 E ccc : cccccc HaquSettingApplication app onCreate start
06-04 15:05:22.639 2498 2498 E ccc : cccccc HaquSettingApplication app onCreate end
06-04 15:05:22.651 2498 2518 W ContextImpl: Calling a method in the system process without a qualified user: android.app.ContextImpl.bindService:1895 android.content.ContextWrapper.bindService:810 com.dangbei.lerad.etna.lib.client.EtnaClient.bindServer:138 com.dangbei.lerad.etna.lib.client.EtnaClient.access$600:29 com.dangbei.lerad.etna.lib.client.EtnaClient$3.call:205
06-04 15:05:22.777 1021 1215 E ccc : cccccc etnaService addListener com.dangbei.lerad.etna.aidl.IEtnaAidlListener$Stub$Proxy@4334553 com.dangbei.haqusetting
06-04 15:05:22.778 2498 2498 E ccc : cccccc etna-haqu-connected
06-04 15:05:22.819 1080 1780 I OpenGLRenderer: Davey! duration=9223371986117ms; Flags=0, FrameTimelineVsyncId=1866, IntendedVsync=50737137082, Vsync=50737137082, InputEventId=997050894, HandleInputStart=50737745565, AnimationStart=50737749023, PerformTraversalsStart=50738027315, DrawStart=50739250940, FrameDeadline=50770470414, FrameInterval=50737735607, FrameStartTime=16666666, SyncQueued=50740694315, SyncStart=50740999065, IssueDrawCommandsStart=50741998315, SwapBuffers=50750370815, FrameCompleted=9223372036854775807, DequeueBufferDuration=46958, QueueBufferDuration=1778708, GpuCompleted=9223372036854775807, SwapBuffersCompleted=50753394232, DisplayPresentTime=0,
06-04 15:05:22.852 1080 1780 I OpenGLRenderer: Davey! duration=9223371986099ms; Flags=0, FrameTimelineVsyncId=1869, IntendedVsync=50753801975, Vsync=50753801975, InputEventId=0, HandleInputStart=50754675773, AnimationStart=50754680523, PerformTraversalsStart=50755211065, DrawStart=50756986315, FrameDeadline=50787135307, FrameInterval=50754664482, FrameStartTime=16666666, SyncQueued=50757722148, SyncStart=50759316190, IssueDrawCommandsStart=50761005982, SwapBuffers=50774654565, FrameCompleted=9223372036854775807, DequeueBufferDuration=50708, QueueBufferDuration=970333, GpuCompleted=9223372036854775807, SwapBuffersCompleted=50776999440, DisplayPresentTime=0,
06-04 15:05:22.869 1080 1109 I OpenGLRenderer: Davey! duration=9223371986081ms; Flags=0, FrameTimelineVsyncId=1870, IntendedVsync=50770468466, Vsync=50770468466, InputEventId=0, HandleInputStart=50771153523, AnimationStart=50771158565, PerformTraversalsStart=50771531940, DrawStart=50774101357, FrameDeadline=50803801798, FrameInterval=50771140732, FrameStartTime=16666666, SyncQueued=50774212607, SyncStart=50777416982, IssueDrawCommandsStart=50778847690, SwapBuffers=50788739107, FrameCompleted=9223372036854775807, DequeueBufferDuration=62167, QueueBufferDuration=4485500, GpuCompleted=9223372036854775807, SwapBuffersCompleted=50795260190, DisplayPresentTime=0,
06-04 15:05:22.876 1021 1021 E dangbei111: cccccc 检查遥控器是否连接: Dangbei E4:BB:D3:57:C0:7D
06-04 15:05:22.876 182 182 I hwservicemanager: getTransport: Cannot find entry android.hardware.configstore@1.0::ISurfaceFlingerConfigs/default in either framework or device VINTF manifest.
06-04 15:05:22.884 1021 1021 E dangbei111: cccccc 检查遥控器是否连接: 蓝牙的结果 Dangbei E4:BB:D3:57:C0:7D false
06-04 15:05:22.885 1080 1780 I OpenGLRenderer: Davey! duration=9223371986061ms; Flags=0, FrameTimelineVsyncId=1873, IntendedVsync=50787135929, Vsync=50787135929, InputEventId=0, HandleInputStart=50789598065, AnimationStart=50789600774, PerformTraversalsStart=50789834232, DrawStart=50791962732, FrameDeadline=50820469261, FrameInterval=50789589190, FrameStartTime=16666666, SyncQueued=50792521315, SyncStart=50798834940, IssueDrawCommandsStart=50800333357, SwapBuffers=50811078524, FrameCompleted=9223372036854775807, DequeueBufferDuration=47791, QueueBufferDuration=1104000, GpuCompleted=9223372036854775807, SwapBuffersCompleted=50817648565, DisplayPresentTime=0,
06-04 15:05:22.885 1021 1021 E dangbei111: cccccc input中没有遥控器存在
06-04 15:05:22.885 1021 1021 E dangbei111: cccccc 蓝牙状态连接 不是连接状态 啥都不干
06-04 15:05:22.887 1021 1021 E dangbei111: cccccc 开始扫描
06-04 15:05:22.888 1021 1021 D BluetoothAdapter: isLeEnabled(): ON
06-04 15:05:22.892 1021 1021 E dangbei111: cccccc scan 得到的设备和状态 Dangbei E4:BB:D3:57:C0:7D 12
06-04 15:05:22.895 1021 1021 E dangbei111: cccccc 搜索到bond 确实含有 不在尝试连接 只做检查 Dangbei E4:BB:D3:57:C0:7D
06-04 15:05:22.896 1021 1021 E dangbei111 : cccccc 开启检查任务
06-04 15:05:22.900 1021 1021 E dangbei111: cccccc 搜索到bond Dangbei E4:BB:D3:57:C0:7D
06-04 15:05:22.906 285 330 E HWComposer: getSupportedContentTypes: getSupportedContentTypes failed for display 0: Unsupported (8)
06-04 15:05:22.908 182 182 I hwservicemanager: getTransport: Cannot find entry android.hardware.graphics.mapper@4.0::IMapper/default in either framework or device VINTF manifest.
06-04 15:05:22.909 2498 2535 I Gralloc4: mapper 4.x is not supported
06-04 15:05:22.909 182 182 I hwservicemanager: getTransport: Cannot find entry android.hardware.graphics.mapper@3.0::IMapper/default in either framework or device VINTF manifest.
06-04 15:05:22.909 2498 2535 W Gralloc3: mapper 3.x is not supported
06-04 15:05:22.914 2498 2535 E gralloc : Arm Module v1.0
06-04 15:05:22.917 182 182 I hwservicemanager: getTransport: Cannot find entry android.hardware.graphics.allocator@4.0::IAllocator/default in either framework or device VINTF manifest.
06-04 15:05:22.918 2498 2535 W Gralloc4: allocator 4.x is not supported
06-04 15:05:22.918 1080 1780 I OpenGLRenderer: Davey! duration=9223371986038ms; Flags=0, FrameTimelineVsyncId=1876, IntendedVsync=50803802592, Vsync=50803802592, InputEventId=0, HandleInputStart=50804568524, AnimationStart=50804573274, PerformTraversalsStart=50805103982, DrawStart=50805353399, FrameDeadline=50837135924, FrameInterval=50804555524, FrameStartTime=16666666, SyncQueued=50805463482, SyncStart=50817966440, IssueDrawCommandsStart=50819614649, SwapBuffers=50830753315, FrameCompleted=9223372036854775807, DequeueBufferDuration=50500, QueueBufferDuration=4572416, GpuCompleted=9223372036854775807, SwapBuffersCompleted=50836294649, DisplayPresentTime=0,
06-04 15:05:22.918 182 182 I hwservicemanager: getTransport: Cannot find entry android.hardware.graphics.allocator@3.0::IAllocator/default in either framework or device VINTF manifest.
06-04 15:05:22.918 2498 2535 W Gralloc3: allocator 3.x is not supported
06-04 15:05:22.923 257 257 I gralloc : alloc buffer:W:1920 H:1080 S:1920 PL[1920 1080] SZ:8294400 fmt:1 if:0 af:1 usg:20000b00 fg:00000004
06-04 15:05:22.925 2498 2535 E ion : ioctl c0044901 failed with code -1: Inappropriate ioctl for device
06-04 15:05:22.927 257 257 I gralloc : alloc buffer:W:1920 H:1080 S:1920 PL[1920 1080] SZ:8294400 fmt:1 if:0 af:1 usg:20000b00 fg:00000004
06-04 15:05:22.928 257 394 I gralloc : alloc buffer:W:1920 H:1080 S:1920 PL[1920 1080] SZ:8294400 fmt:1 if:0 af:1 usg:20000b00 fg:00000004
06-04 15:05:22.934 1080 1780 I OpenGLRenderer: Davey! duration=9223371986031ms; Flags=0, FrameTimelineVsyncId=1879, IntendedVsync=50820469280, Vsync=50820469280, InputEventId=0, HandleInputStart=50831222107, AnimationStart=50831225440, PerformTraversalsStart=50831609690, DrawStart=50833007274, FrameDeadline=50853802612, FrameInterval=50831213274, FrameStartTime=16666666, SyncQueued=50834064232, SyncStart=50836584774, IssueDrawCommandsStart=50838878232, SwapBuffers=50845232732, FrameCompleted=9223372036854775807, DequeueBufferDuration=50625, QueueBufferDuration=9196875, GpuCompleted=9223372036854775807, SwapBuffersCompleted=50855665440, DisplayPresentTime=0,
06-04 15:05:22.955 2498 2513 I OpenGLRenderer: Davey! duration=9223371986134ms; Flags=1, FrameTimelineVsyncId=1863, IntendedVsync=50720470392, Vsync=50753803724, InputEventId=0, HandleInputStart=50767897607, AnimationStart=50767900940, PerformTraversalsStart=50767904148, DrawStart=50847876815, FrameDeadline=50737137058, FrameInterval=50767881107, FrameStartTime=16666666, SyncQueued=50849075774, SyncStart=50849182649, IssueDrawCommandsStart=50849876815, SwapBuffers=50878399190, FrameCompleted=9223372036854775807, DequeueBufferDuration=15500791, QueueBufferDuration=1756042, GpuCompleted=9223372036854775807, SwapBuffersCompleted=50881383107, DisplayPresentTime=0,
06-04 15:05:22.975 2498 2498 W RecyclerView: No adapter attached; skipping layout
06-04 15:05:22.979 476 518 I ActivityTaskManager: +++Displayed com.dangbei.haqusetting/.ui.HomeActivity: +569ms
06-04 15:05:22.982 261 261 I AW_PowerHAL: Power setMode: LAUNCH to: 0
06-04 15:05:22.986 261 261 I AW_PowerHAL: cur-mode:SCHEDUTIL
06-04 15:05:22.995 476 521 I ActivityManager: Killing 1225:com.android.music/u0a43 (adj 985): empty #17
06-04 15:05:22.995 476 520 W IorapForwardingService: No service published for: iorapd
06-04 15:05:23.012 476 521 I ActivityManager: Killing 1245:android.process.acore/u0a16 (adj 995): empty #18
06-04 15:05:23.030 2035 2035 I DefaultIMS: onStartInput attribute=android.view.inputmethod.EditorInfo@b7bfac3 restarting=false inputType: 0
06-04 15:05:23.053 476 540 I libprocessgroup: Successfully killed process cgroup uid 10043 pid 1225 in 12ms
06-04 15:05:23.096 244 244 I Zygote : Process 1225 exited due to signal 9 (Killed)
06-04 15:05:23.105 476 540 I libprocessgroup: Successfully killed process cgroup uid 10016 pid 1245 in 3ms
06-04 15:05:23.108 476 2424 D CountryDetector: No listener is left
06-04 15:05:23.109 244 244 I Zygote : Process 1245 exited due to signal 9 (Killed)
06-04 15:05:23.133 1021 1038 E ccc : cccccc UpdateHelper onMessageReceived com.dangbei.haqusetting com.dangbei.etna.update {"action":"get","functionTag":"leaf_controller_function_controller_dangbei_update","value":0} com.dangbei.lerad.etna.aidl.IEtnaAidlCallback$Stub$Proxy@722e3af
06-04 15:05:23.144 1021 1021 I Binder:1021_2: type=1400 audit(0.0:1018): avc: denied { read } for name="devices" dev="proc" ino=4026532014 scontext=u:r:system_app:s0 tcontext=u:object_r:proc:s0 tclass=file permissive=1
06-04 15:05:23.144 1021 1021 I Binder:1021_2: type=1400 audit(0.0:1019): avc: denied { open } for path="/proc/bus/input/devices" dev="proc" ino=4026532014 scontext=u:r:system_app:s0 tcontext=u:object_r:proc:s0 tclass=file permissive=1
06-04 15:05:23.147 1021 1215 E ccc : cccccc 请求电量实时 -1
06-04 15:05:23.154 1021 1038 E RCInfo : vid:
06-04 15:05:23.154 1021 1038 E RCInfo : pid:
06-04 15:05:23.152 1021 1021 I Binder:1021_2: type=1400 audit(0.0:1020): avc: denied { getattr } for path="/proc/bus/input/devices" dev="proc" ino=4026532014 scontext=u:r:system_app:s0 tcontext=u:object_r:proc:s0 tclass=file permissive=1
06-04 15:05:23.304 1021 2481 E dangbei111: cccccc 检查遥控器是否连接: Dangbei E4:BB:D3:57:C0:7D
06-04 15:05:23.308 1021 2481 E dangbei111: cccccc 检查遥控器是否连接: 蓝牙的结果 Dangbei E4:BB:D3:57:C0:7D false
06-04 15:05:23.308 1021 2481 E dangbei111: cccccc input中没有遥控器存在
06-04 15:05:23.308 1021 2481 E dangbei111: cccccc 蓝牙状态连接 不是连接状态 啥都不干
06-04 15:05:23.312 1021 2481 E dangbei111: cccccc 开始扫描
06-04 15:05:23.312 1021 2481 D BluetoothAdapter: isLeEnabled(): ON
06-04 15:05:23.422 476 499 D ConnectivityService: requestNetwork for uid/pid:1000/2498 activeRequest: null callbackRequest: 35 [NetworkRequest [ REQUEST id=36, [ Capabilities: INTERNET&NOT_RESTRICTED&TRUSTED&NOT_VCN_MANAGED Uid: 1000 RequestorUid: 1000 RequestorPkg: com.dangbei.haqusetting] ]] callback flags: 0 priority: 2147483647
06-04 15:05:23.423 476 615 D ConnectivityService: NetReassign [36 : null → 100]
06-04 15:05:23.426 476 650 D Ethernet: got request NetworkRequest [ REQUEST id=36, [ Capabilities: INTERNET&NOT_RESTRICTED&TRUSTED&NOT_VCN_MANAGED Uid: 1000 RequestorUid: 1000 RequestorPkg: com.dangbei.haqusetting] ]
06-04 15:05:23.426 476 650 D EthernetNetworkFactory: acceptRequest, request: NetworkRequest [ REQUEST id=36, [ Capabilities: INTERNET&NOT_RESTRICTED&TRUSTED&NOT_VCN_MANAGED Uid: 1000 RequestorUid: 1000 RequestorPkg: com.dangbei.haqusetting] ]
06-04 15:05:23.427 476 650 I EthernetNetworkFactory: networkForRequest, request: NetworkRequest [ REQUEST id=36, [ Capabilities: INTERNET&NOT_RESTRICTED&TRUSTED&NOT_VCN_MANAGED Uid: 1000 RequestorUid: 1000 RequestorPkg: com.dangbei.haqusetting] ], network: null
06-04 15:05:23.427 476 608 D WifiNetworkFactory: got request NetworkRequest [ REQUEST id=36, [ Capabilities: INTERNET&NOT_RESTRICTED&TRUSTED&NOT_VCN_MANAGED Uid: 1000 RequestorUid: 1000 RequestorPkg: com.dangbei.haqusetting] ]
06-04 15:05:23.427 476 608 D UntrustedWifiNetworkFactory: got request NetworkRequest [ REQUEST id=36, [ Capabilities: INTERNET&NOT_RESTRICTED&TRUSTED&NOT_VCN_MANAGED Uid: 1000 RequestorUid: 1000 RequestorPkg: com.dangbei.haqusetting] ]
06-04 15:05:23.428 2035 2035 I DefaultIMS: onStartInput attribute=android.view.inputmethod.EditorInfo@35f40 restarting=false inputType: 0
06-04 15:05:23.429 476 608 D OemPaidWifiNetworkFactory: got request NetworkRequest [ REQUEST id=36, [ Capabilities: INTERNET&NOT_RESTRICTED&TRUSTED&NOT_VCN_MANAGED Uid: 1000 RequestorUid: 1000 RequestorPkg: com.dangbei.haqusetting] ]
06-04 15:05:23.435 2498 2540 I OpenGLRenderer: Davey! duration=9223371985783ms; Flags=0, FrameTimelineVsyncId=1920, IntendedVsync=51070473703, Vsync=51070473703, InputEventId=0, HandleInputStart=51073308357, AnimationStart=51073311190, PerformTraversalsStart=51073314274, DrawStart=51331688857, FrameDeadline=51087140369, FrameInterval=51073300399, FrameStartTime=16666666, SyncQueued=51338195940, SyncStart=51338539690, IssueDrawCommandsStart=51339165315, SwapBuffers=51356986815, FrameCompleted=9223372036854775807, DequeueBufferDuration=62333, QueueBufferDuration=1111541, GpuCompleted=9223372036854775807, SwapBuffersCompleted=51360527732, DisplayPresentTime=0,
06-04 15:05:23.496 1021 1038 E ccc : cccccc settingHelper resetManager
06-04 15:05:23.497 1021 1038 D DisplayOutputImpl: updateSupportModes type = 4
06-04 15:05:23.499 258 385 D DisplayConfig: virtual Return vendor::display::config::V1_0::implementation::DisplayConfig::getSupportedModes(int32_t, vendor::display::config::V1_0::IDisplayConfig::getSupportedModes_cb): display[0] ret=0, supported modes count(9)
06-04 15:05:23.501 258 385 D DisplayConfig: virtual Return vendor::display::config::V1_0::implementation::DisplayConfig::getSupportedModes(int32_t, vendor::display::config::V1_0::IDisplayConfig::getSupportedModes_cb): display[0] ret=0, supported modes count(9)
06-04 15:05:23.502 258 291 E displayd: xxxxxxx: property_get 'persist.sys.hdmistrategy' failed
06-04 15:05:23.502 258 291 W displayd: xxxxxxx: getHDMINativeMode: use perfect hdmi mode(10) as native mode
06-04 15:05:23.502 1021 1038 D DisplayOutputImpl: updateSupportModes = 10 , 255 , true
06-04 15:05:23.503 1021 1038 V HdmiDisplayManager: H618
06-04 15:05:23.503 258 291 D DisplayConfig: virtual Return vendor::display::config::V1_0::implementation::DisplayConfig::getSupportedModes(int32_t, vendor::display::config::V1_0::IDisplayConfig::getSupportedModes_cb): display[0] ret=0, supported modes count(9)
06-04 15:05:23.504 258 291 E displayd: xxxxxxx: property_get 'persist.sys.hdmistrategy' failed
06-04 15:05:23.504 258 291 W displayd: xxxxxxx: getHDMINativeMode: use perfect hdmi mode(10) as native mode
06-04 15:05:23.504 1021 1038 D DisplayOutputImpl: getDisplayOutputMode = 10 , 255 , true
06-04 15:05:23.506 258 291 D DisplayConfig: virtual Return vendor::display::config::V1_0::implementation::DisplayConfig::getSupportedModes(int32_t, vendor::display::config::V1_0::IDisplayConfig::getSupportedModes_cb): display[0] ret=0, supported modes count(9)
06-04 15:05:23.507 258 291 E displayd: xxxxxxx: property_get 'persist.sys.hdmistrategy' failed
06-04 15:05:23.508 258 291 W displayd: xxxxxxx: getHDMINativeMode: use perfect hdmi mode(10) as native mode
06-04 15:05:23.508 1021 1038 D DisplayOutputImpl: getDisplayOutputMode = 10 , 255 , true
06-04 15:05:23.508 1021 1038 E ccc : cccccc current is AUTO(1080p 60Hz)
06-04 15:05:23.509 1021 1038 D DisplayOutputImpl: updateSupportModes type = 4
06-04 15:05:23.510 258 291 D DisplayConfig: virtual Return vendor::display::config::V1_0::implementation::DisplayConfig::getSupportedModes(int32_t, vendor::display::config::V1_0::IDisplayConfig::getSupportedModes_cb): display[0] ret=0, supported modes count(9)
06-04 15:05:23.511 258 291 D DisplayConfig: virtual Return vendor::display::config::V1_0::implementation::DisplayConfig::getSupportedModes(int32_t, vendor::display::config::V1_0::IDisplayConfig::getSupportedModes_cb): display[0] ret=0, supported modes count(9)
06-04 15:05:23.512 258 291 E displayd: xxxxxxx: property_get 'persist.sys.hdmistrategy' failed
06-04 15:05:23.512 258 291 W displayd: xxxxxxx: getHDMINativeMode: use perfect hdmi mode(10) as native mode
06-04 15:05:23.513 1021 1038 D DisplayOutputImpl: updateSupportModes = 10 , 255 , true
06-04 15:05:23.513 1021 1038 D DisplayOutputImpl: updateSupportModes type = 4
06-04 15:05:23.514 258 291 D DisplayConfig: virtual Return vendor::display::config::V1_0::implementation::DisplayConfig::getSupportedModes(int32_t, vendor::display::config::V1_0::IDisplayConfig::getSupportedModes_cb): display[0] ret=0, supported modes count(9)
06-04 15:05:23.515 258 291 D DisplayConfig: virtual Return vendor::display::config::V1_0::implementation::DisplayConfig::getSupportedModes(int32_t, vendor::display::config::V1_0::IDisplayConfig::getSupportedModes_cb): display[0] ret=0, supported modes count(9)
06-04 15:05:23.516 258 291 E displayd: xxxxxxx: property_get 'persist.sys.hdmistrategy' failed
06-04 15:05:23.516 258 291 W displayd: xxxxxxx: getHDMINativeMode: use perfect hdmi mode(10) as native mode
06-04 15:05:23.516 1021 1038 D DisplayOutputImpl: updateSupportModes = 10 , 255 , true
06-04 15:05:23.521 1021 1038 E ccc : cccccc ColorFormatManager reset
06-04 15:05:23.523 1021 1038 E ccc : cccccc ColorHelper current get AUTO
06-04 15:05:23.540 258 291 D DisplayConfig: virtual Return vendor::display::config::V1_0::implementation::DisplayConfig::getSupportedModes(int32_t, vendor::display::config::V1_0::IDisplayConfig::getSupportedModes_cb): display[0] ret=0, supported modes count(9)
06-04 15:05:23.541 258 291 E displayd: xxxxxxx: property_get 'persist.sys.hdmistrategy' failed
06-04 15:05:23.541 258 291 W displayd: xxxxxxx: getHDMINativeMode: use perfect hdmi mode(10) as native mode
06-04 15:05:23.541 1021 1038 D DisplayOutputImpl: getDisplayOutputMode = 10 , 255 , true
06-04 15:05:23.541 1021 1038 E ccc : cccccc current is AUTO(1080p 60Hz)
06-04 15:05:23.542 1021 1038 D DisplayOutputImpl: updateSupportModes type = 4
06-04 15:05:23.542 258 291 D DisplayConfig: virtual Return vendor::display::config::V1_0::implementation::DisplayConfig::getSupportedModes(int32_t, vendor::display::config::V1_0::IDisplayConfig::getSupportedModes_cb): display[0] ret=0, supported modes count(9)
06-04 15:05:23.543 258 291 D DisplayConfig: virtual Return vendor::display::config::V1_0::implementation::DisplayConfig::getSupportedModes(int32_t, vendor::display::config::V1_0::IDisplayConfig::getSupportedModes_cb): display[0] ret=0, supported modes count(9)
06-04 15:05:23.543 258 291 E displayd: xxxxxxx: property_get 'persist.sys.hdmistrategy' failed
06-04 15:05:23.544 258 291 W displayd: xxxxxxx: getHDMINativeMode: use perfect hdmi mode(10) as native mode
06-04 15:05:23.544 1021 1038 D DisplayOutputImpl: updateSupportModes = 10 , 255 , true
06-04 15:05:23.546 1021 1038 E ccc : cccccc ColorHelper current get AUTO
06-04 15:05:23.552 2498 2540 I OpenGLRenderer: Davey! duration=9223371985450ms; Flags=0, FrameTimelineVsyncId=1974, IntendedVsync=51403802558, Vsync=51453802556, InputEventId=0, HandleInputStart=51464256315, AnimationStart=51464262440, PerformTraversalsStart=51464265524, DrawStart=51472695732, FrameDeadline=51437135890, FrameInterval=51464247649, FrameStartTime=16666666, SyncQueued=51474605774, SyncStart=51474684649, IssueDrawCommandsStart=51475083982, SwapBuffers=51481842732, FrameCompleted=9223372036854775807, DequeueBufferDuration=56375, QueueBufferDuration=975709, GpuCompleted=9223372036854775807, SwapBuffersCompleted=51483900357, DisplayPresentTime=0,
06-04 15:05:23.588 1247 1247 I cling--ap-2: type=1400 audit(0.0:1021): avc: denied { search } for name="net" dev="sysfs" ino=10442 scontext=u:r:platform_app:s0:c512,c768 tcontext=u:object_r:sysfs_net:s0 tclass=dir permissive=1 app=com.dangbei.screencast
06-04 15:05:23.596 1247 1247 I cling--ap-2: type=1400 audit(0.0:1022): avc: denied { read } for name="address" dev="sysfs" ino=28000 scontext=u:r:platform_app:s0:c512,c768 tcontext=u:object_r:sysfs:s0 tclass=file permissive=1 app=com.dangbei.screencast
06-04 15:05:23.596 1247 1247 I cling--ap-2: type=1400 audit(0.0:1023): avc: denied { open } for path="/sys/devices/platform/unisoc_wifi/net/wlan1/address" dev="sysfs" ino=28000 scontext=u:r:platform_app:s0:c512,c768 tcontext=u:object_r:sysfs:s0 tclass=file permissive=1 app=com.dangbei.screencast
06-04 15:05:23.596 1247 1247 I cling--ap-2: type=1400 audit(0.0:1024): avc: denied { getattr } for path="/sys/devices/platform/unisoc_wifi/net/wlan1/address" dev="sysfs" ino=28000 scontext=u:r:platform_app:s0:c512,c768 tcontext=u:object_r:sysfs:s0 tclass=file permissive=1 app=com.dangbei.screencast
06-04 15:05:23.763 654 654 E WifiHAL : wifi_get_link_stats: requestResponse Error:-5
06-04 15:05:23.766 476 608 E WifiVendorHal: getWifiLinkLayerStats_1_5_Internal(l.1191) failed {.code = ERROR_INVALID_ARGS, .description = }
06-04 15:05:23.854 386 386 W hdr10p_Configure: 408 callbacks suppressed
06-04 15:05:23.854 386 386 I : DVI mode selected: packets not configured
06-04 15:05:23.854 386 386 W set_vsif_config: 408 callbacks suppressed
06-04 15:05:23.854 386 386 I : Error: set vsif failed
06-04 15:05:23.855 386 386 I : DVI mode selected: packets not configured
06-04 15:05:23.855 386 386 I : Error: set vsif failed
06-04 15:05:23.855 386 386 I : DVI mode selected: packets not configured
06-04 15:05:23.855 386 386 I : Error: set vsif failed
06-04 15:05:23.872 386 386 I : DVI mode selected: packets not configured
06-04 15:05:23.872 386 386 I : Error: set vsif failed
06-04 15:05:23.872 386 386 I : DVI mode selected: packets not configured
06-04 15:05:23.872 386 386 I : Error: set vsif failed
06-04 15:05:23.872 386 386 I : DVI mode selected: packets not configured
06-04 15:05:23.872 386 386 I : Error: set vsif failed
06-04 15:05:23.889 386 386 I : DVI mode selected: packets not configured
06-04 15:05:23.889 386 386 I : Error: set vsif failed
06-04 15:05:23.889 386 386 I : DVI mode selected: packets not configured
06-04 15:05:23.889 386 386 I : Error: set vsif failed
06-04 15:05:23.889 386 386 I : DVI mode selected: packets not configured
06-04 15:05:23.889 386 386 I : Error: set vsif failed
06-04 15:05:23.905 386 386 I : DVI mode selected: packets not configured
06-04 15:05:23.905 386 386 I : Error: set vsif failed
06-04 15:05:23.998 476 520 W IorapForwardingService: No service published for: iorapd
06-04 15:05:24.611 2498 2507 I bei.haqusettin: Background concurrent copying GC freed 25666(1747KB) AllocSpace objects, 0(0B) LOS objects, 49% free, 3825KB/7651KB, paused 146us total 147.046ms
06-04 15:05:24.644 2035 2035 I DefaultIMS: onStartInput attribute=android.view.inputmethod.EditorInfo@3f53e79 restarting=false inputType: 0
06-04 15:05:24.666 2498 2540 I OpenGLRenderer: Davey! duration=9223371984267ms; Flags=0, FrameTimelineVsyncId=2096, IntendedVsync=52587138731, Vsync=52587138731, InputEventId=432633429, HandleInputStart=52587525483, AnimationStart=52587529108, PerformTraversalsStart=52587532483, DrawStart=52595770691, FrameDeadline=52603805397, FrameInterval=52587518191, FrameStartTime=16666666, SyncQueued=52597384316, SyncStart=52597693899, IssueDrawCommandsStart=52598472191, SwapBuffers=52602135774, FrameCompleted=9223372036854775807, DequeueBufferDuration=67000, QueueBufferDuration=833625, GpuCompleted=9223372036854775807, SwapBuffersCompleted=52603682274, DisplayPresentTime=0,
06-04 15:05:24.800 476 591 D CompatibilityChangeReporter: Compat change id reported: 168419799; UID 10014; state: DISABLED
06-04 15:05:24.805 476 608 E WifiHealthMonitor: Hit PackageManager exception
06-04 15:05:24.805 476 608 E WifiHealthMonitor: android.content.pm.PackageManager$NameNotFoundException: No module info for package: com.android.wifi
06-04 15:05:24.805 476 608 E WifiHealthMonitor: at android.app.ApplicationPackageManager.getModuleInfo(ApplicationPackageManager.java:1079)
06-04 15:05:24.805 476 608 E WifiHealthMonitor: at com.android.server.wifi.WifiHealthMonitor.getWifiStackVersion(WifiHealthMonitor.java:366)
06-04 15:05:24.805 476 608 E WifiHealthMonitor: at com.android.server.wifi.WifiHealthMonitor.extractCurrentSoftwareBuildInfo(WifiHealthMonitor.java:587)
06-04 15:05:24.805 476 608 E WifiHealthMonitor: at com.android.server.wifi.WifiHealthMonitor.postBootSwBuildCheck(WifiHealthMonitor.java:522)
06-04 15:05:24.805 476 608 E WifiHealthMonitor: at com.android.server.wifi.WifiHealthMonitor.postBootDetectionHandler(WifiHealthMonitor.java:513)
06-04 15:05:24.805 476 608 E WifiHealthMonitor: at com.android.server.wifi.WifiHealthMonitor.access$500(WifiHealthMonitor.java:71)
06-04 15:05:24.805 476 608 E WifiHealthMonitor: at com.android.server.wifi.WifiHealthMonitor$2.onAlarm(WifiHealthMonitor.java:190)
06-04 15:05:24.805 476 608 E WifiHealthMonitor: at android.app.AlarmManager$ListenerWrapper.run(AlarmManager.java:323)
06-04 15:05:24.805 476 608 E WifiHealthMonitor: at android.os.Handler.handleCallback(Handler.java:938)
06-04 15:05:24.805 476 608 E WifiHealthMonitor: at android.os.Handler.dispatchMessage(Handler.java:99)
06-04 15:05:24.805 476 608 E WifiHealthMonitor: at android.os.Looper.loopOnce(Looper.java:201)
06-04 15:05:24.805 476 608 E WifiHealthMonitor: at android.os.Looper.loop(Looper.java:288)
06-04 15:05:24.805 476 608 E WifiHealthMonitor: at android.os.HandlerThread.run(HandlerThread.java:67)
06-04 15:05:24.806 1905 2549 D EpgDataCleanupService: Received intent: Intent { act=com.android.providers.tv.intent.CLEAN_UP_EPG_DATA cmp=com.android.providers.tv/.EpgDataCleanupService }
06-04 15:05:24.807 654 654 E WifiHAL : wifi_get_driver_version: Error -5 happened.
06-04 15:05:24.807 654 654 E android.hardware.wifi@1.0-service-lazy: Failed to get driver version: INVALID_ARGS
06-04 15:05:24.809 476 608 E WifiVendorHal: requestChipDebugInfo(l.2167) failed {.code = ERROR_INVALID_ARGS, .description = failed to get driver version}
06-04 15:05:24.809 476 608 I WifiVendorHal: Driver: null Firmware: null
06-04 15:05:24.810 654 654 E WifiHAL : wifi_get_driver_version: Error -5 happened.
06-04 15:05:24.810 654 654 E android.hardware.wifi@1.0-service-lazy: Failed to get driver version: INVALID_ARGS
06-04 15:05:24.812 476 608 E WifiVendorHal: requestChipDebugInfo(l.2167) failed {.code = ERROR_INVALID_ARGS, .description = failed to get driver version}
06-04 15:05:24.812 476 608 I WifiVendorHal: Driver: null Firmware: null
06-04 15:05:24.852 243 243 I Binder:243_3: type=1400 audit(0.0:1025): avc: denied { add_name } for name="globalAlert" scontext=u:r:netd:s0 tcontext=u:object_r:proc_net:s0 tclass=dir permissive=1
06-04 15:05:24.852 243 243 I Binder:243_3: type=1400 audit(0.0:1026): avc: denied { create } for name="globalAlert" scontext=u:r:netd:s0 tcontext=u:object_r:proc_net:s0 tclass=file permissive=1
06-04 15:05:24.881 476 572 D TvWindowManager: key event key = KEYCODE_DPAD_LEFT down = true
06-04 15:05:24.883 476 572 W SoundPool: Use of stream types is deprecated for operations other than volume control
06-04 15:05:24.883 476 572 W SoundPool: See the documentation of SoundPool() for what to use instead with android.media.AudioAttributes to qualify your playback use case
06-04 15:05:24.888 476 596 D GpioService: mFlickerEnable = true
06-04 15:05:24.903 2035 2035 I SogouIME: onKeyDown: keyoCode=21
06-04 15:05:24.903 2035 2035 I DefaultIMS: onKeyDown: keyoCode=21
06-04 15:05:24.913 476 2551 D MediaCodecList: codecHandlesFormat: no format, so no extra checks
06-04 15:05:24.916 476 2553 D CCodec : allocate(c2.android.vorbis.decoder)
06-04 15:05:24.918 2498 2512 I OpenGLRenderer: Davey! duration=9223371984084ms; Flags=0, FrameTimelineVsyncId=2099, IntendedVsync=52770471613, Vsync=52803804945, InputEventId=495119848, HandleInputStart=52819811066, AnimationStart=52821764816, PerformTraversalsStart=52821777608, DrawStart=52838171441, FrameDeadline=52803804945, FrameInterval=52819799399, FrameStartTime=16666666, SyncQueued=52840222441, SyncStart=52840454483, IssueDrawCommandsStart=52841351274, SwapBuffers=52846122691, FrameCompleted=9223372036854775807, DequeueBufferDuration=67375, QueueBufferDuration=1089291, GpuCompleted=9223372036854775807, SwapBuffersCompleted=52851558816, DisplayPresentTime=0,
06-04 15:05:24.917 375 842 V C2Store : in init
