06-04 15:04:46.959 353 471 D MediaCodecsXmlParser: MediaCodec: cannot update non-existing codec: OMX.google.h263.encoder at line 31 of /vendor/etc/media_codecs_performance.xml
06-04 15:04:46.959 353 471 D MediaCodecsXmlParser: MediaCodec: cannot update non-existing codec: OMX.google.mpeg4.encoder at line 34 of /vendor/etc/media_codecs_performance.xml
06-04 15:04:46.959 353 471 D MediaCodecsXmlParser: MediaCodec: cannot update non-existing codec: OMX.google.vp8.encoder at line 37 of /vendor/etc/media_codecs_performance.xml
06-04 15:04:46.959 353 471 D MediaCodecsXmlParser: MediaCodec: cannot update non-existing codec: OMX.allwinner.video.decoder.h263 at line 59 of /vendor/etc/media_codecs_performance.xml
06-04 15:04:46.960 476 537 W BestClock: java.time.DateTimeException: Missing NTP fix
06-04 15:04:46.960 353 471 D MediaCodecsXmlParser: MediaCodec: cannot update non-existing codec: OMX.google.mpeg4.decoder at line 80 of /vendor/etc/media_codecs_performance.xml
06-04 15:04:46.960 353 471 D MediaCodecsXmlParser: MediaCodec: cannot update non-existing codec: OMX.google.h264.decoder at line 83 of /vendor/etc/media_codecs_performance.xml
06-04 15:04:46.960 353 471 D MediaCodecsXmlParser: MediaCodec: cannot update non-existing codec: OMX.google.h263.decoder at line 89 of /vendor/etc/media_codecs_performance.xml
06-04 15:04:46.960 353 471 D MediaCodecsXmlParser: MediaCodec: cannot update non-existing codec: OMX.google.hevc.decoder at line 93 of /vendor/etc/media_codecs_performance.xml
06-04 15:04:46.960 353 471 D MediaCodecsXmlParser: MediaCodec: cannot update non-existing codec: OMX.google.vp8.decoder at line 101 of /vendor/etc/media_codecs_performance.xml
06-04 15:04:46.960 353 471 D MediaCodecsXmlParser: MediaCodec: cannot update non-existing codec: OMX.google.vp9.decoder at line 107 of /vendor/etc/media_codecs_performance.xml
06-04 15:04:46.960 353 471 I MediaCodecsXmlParser: Did not find media_codecs_shaping.xml in search path
06-04 15:04:46.960 353 471 I MediaCodecsXmlParser: Did not find media_codecs_shaping.xml in search path
06-04 15:04:46.961 375 414 V C2Store : in init
06-04 15:04:46.961 375 414 V C2Store : loading dll
06-04 15:04:46.967 353 471 I Codec2InfoBuilder: adding type 'audio/mp4a-latm'
06-04 15:04:46.968 316 316 I xm_hidread: type=1400 audit(0.0:332): avc: denied { read } for scontext=u:r:init:s0 tcontext=u:r:init:s0 tclass=netlink_kobject_uevent_socket permissive=1
06-04 15:04:46.972 375 375 V C2Store : in ~ComponentModule
06-04 15:04:46.973 375 375 V C2Store : unloading dll
06-04 15:04:46.973 375 414 V C2Store : in init
06-04 15:04:46.973 375 414 V C2Store : loading dll
06-04 15:04:46.973 243 243 I libphy : 5030000.eth: probed
06-04 15:04:46.974 243 243 E : get_key_map_info()187 - Failed to find "oe" in dts.
06-04 15:04:46.978 353 471 I Codec2InfoBuilder: adding type 'audio/mp4a-latm'
06-04 15:04:46.984 243 243 I : sunxi-gmac 5030000.eth eth0: eth0: Type(7) PHY ID 00441400 at 0 IRQ poll (5030000.eth-0:00)
06-04 15:04:46.984 375 808 V C2Store : in init
06-04 15:04:46.984 375 808 V C2Store : loading dll
06-04 15:04:46.985 375 414 V C2Store : in ~ComponentModule
06-04 15:04:46.986 375 414 V C2Store : unloading dll
06-04 15:04:46.989 353 471 I Codec2InfoBuilder: adding type 'audio/3gpp'
06-04 15:04:46.990 375 810 V C2Store : in ~ComponentModule
06-04 15:04:46.990 375 810 V C2Store : unloading dll
06-04 15:04:46.991 375 375 V C2Store : in init
06-04 15:04:46.991 375 375 V C2Store : loading dll
06-04 15:04:46.994 476 537 W BestClock: java.time.DateTimeException: Missing NTP fix
06-04 15:04:46.997 476 518 W PppoeNetworkFactory: interfaceLinkStateChanged
06-04 15:04:46.997 476 537 W BestClock: java.time.DateTimeException: Missing NTP fix
06-04 15:04:46.997 476 518 D PppoeNetworkFactory: updateInterface: mIface: mPhyIface:eth0 iface:eth0 link:down
06-04 15:04:46.999 476 476 I system_server: getFrameworkCompatibilityMatrix: Successfully processed VINTF information
06-04 15:04:46.999 476 476 I system_server: getDeviceCompatibilityMatrix: Reading VINTF information.
06-04 15:04:46.999 476 518 I EthernetTracker: interfaceLinkStateChanged, iface: eth0, up: false
06-04 15:04:46.999 476 518 W PppoeNetworkFactory: interfaceLinkStateChanged
06-04 15:04:46.999 476 518 D PppoeNetworkFactory: updateInterface: mIface: mPhyIface:eth0 iface:eth0 link:down
06-04 15:04:46.999 476 518 I EthernetTracker: interfaceLinkStateChanged, iface: eth0, up: false
06-04 15:04:47.000 476 650 D EthernetTracker: Tracking interface in client mode: eth0
06-04 15:04:47.000 476 650 D EthernetNetworkFactory: addInterface, iface: eth0, capabilities: [ Transports: ETHERNET Capabilities: NOT_METERED&INTERNET&NOT_RESTRICTED&TRUSTED&NOT_VPN&NOT_ROAMING&NOT_CONGESTED&NOT_SUSPENDED&NOT_VCN_MANAGED LinkUpBandwidth>=100000Kbps LinkDnBandwidth>=100000Kbps]
06-04 15:04:47.000 476 476 I system_server: getDeviceCompatibilityMatrix: Successfully processed VINTF information
06-04 15:04:47.001 476 650 D EthernetNetworkFactory: updateCapabilityFilter: [ Transports: ETHERNET Capabilities: NOT_METERED&INTERNET&NOT_RESTRICTED&TRUSTED&NOT_VPN&NOT_ROAMING&NOT_CONGESTED&NOT_SUSPENDED&NOT_VCN_MANAGED]
06-04 15:04:47.002 353 471 I Codec2InfoBuilder: adding type 'audio/3gpp'
06-04 15:04:47.002 476 650 D EthernetNetworkFactory: updateInterfaceLinkState, iface: eth0, up: false
06-04 15:04:47.002 476 650 D EthernetNetworkFactory: updateInterfaceLinkState, iface: eth0, up: false
06-04 15:04:47.002 375 810 V C2Store : in init
06-04 15:04:47.002 375 810 V C2Store : loading dll
06-04 15:04:47.002 375 375 V C2Store : in ~ComponentModule
06-04 15:04:47.002 375 375 V C2Store : unloading dll
06-04 15:04:47.003 476 650 D Ethernet: got request NetworkRequest [ REQUEST id=1, [ Capabilities: INTERNET&NOT_RESTRICTED&TRUSTED&NOT_VPN&NOT_VCN_MANAGED RequestorUid: 1000 RequestorPkg: android] ]
06-04 15:04:47.003 476 650 D EthernetNetworkFactory: acceptRequest, request: NetworkRequest [ REQUEST id=1, [ Capabilities: INTERNET&NOT_RESTRICTED&TRUSTED&NOT_VPN&NOT_VCN_MANAGED RequestorUid: 1000 RequestorPkg: android] ]
06-04 15:04:47.003 476 650 I EthernetNetworkFactory: networkForRequest, request: NetworkRequest [ REQUEST id=1, [ Capabilities: INTERNET&NOT_RESTRICTED&TRUSTED&NOT_VPN&NOT_VCN_MANAGED RequestorUid: 1000 RequestorPkg: android] ], network: null
06-04 15:04:47.003 476 650 D Ethernet: got request NetworkRequest [ REQUEST id=4, [ Transports: ETHERNET Capabilities: INTERNET&NOT_RESTRICTED&TRUSTED&NOT_VPN&NOT_VCN_MANAGED RequestorUid: 1000 RequestorPkg: android] ]
06-04 15:04:47.003 476 650 D EthernetNetworkFactory: acceptRequest, request: NetworkRequest [ REQUEST id=4, [ Transports: ETHERNET Capabilities: INTERNET&NOT_RESTRICTED&TRUSTED&NOT_VPN&NOT_VCN_MANAGED RequestorUid: 1000 RequestorPkg: android] ]
06-04 15:04:47.003 476 650 I EthernetNetworkFactory: networkForRequest, request: NetworkRequest [ REQUEST id=4, [ Transports: ETHERNET Capabilities: INTERNET&NOT_RESTRICTED&TRUSTED&NOT_VPN&NOT_VCN_MANAGED RequestorUid: 1000 RequestorPkg: android] ], network: null
06-04 15:04:47.004 476 650 D Ethernet: got request NetworkRequest [ REQUEST id=10, [ Capabilities: INTERNET&NOT_RESTRICTED&TRUSTED&NOT_VCN_MANAGED Uid: 1000 RequestorUid: 1000 RequestorPkg: android] ]
06-04 15:04:47.004 476 650 D EthernetNetworkFactory: acceptRequest, request: NetworkRequest [ REQUEST id=10, [ Capabilities: INTERNET&NOT_RESTRICTED&TRUSTED&NOT_VCN_MANAGED Uid: 1000 RequestorUid: 1000 RequestorPkg: android] ]
06-04 15:04:47.004 476 650 I EthernetNetworkFactory: networkForRequest, request: NetworkRequest [ REQUEST id=10, [ Capabilities: INTERNET&NOT_RESTRICTED&TRUSTED&NOT_VCN_MANAGED Uid: 1000 RequestorUid: 1000 RequestorPkg: android] ], network: null
06-04 15:04:47.004 476 650 D Ethernet: got request NetworkRequest [ REQUEST id=17, [ Capabilities: INTERNET&NOT_RESTRICTED&TRUSTED&NOT_VCN_MANAGED Uid: 1000 RequestorUid: 1000 RequestorPkg: android] ]
06-04 15:04:47.004 476 650 D EthernetNetworkFactory: acceptRequest, request: NetworkRequest [ REQUEST id=17, [ Capabilities: INTERNET&NOT_RESTRICTED&TRUSTED&NOT_VCN_MANAGED Uid: 1000 RequestorUid: 1000 RequestorPkg: android] ]
06-04 15:04:47.004 476 650 I EthernetNetworkFactory: networkForRequest, request: NetworkRequest [ REQUEST id=17, [ Capabilities: INTERNET&NOT_RESTRICTED&TRUSTED&NOT_VCN_MANAGED Uid: 1000 RequestorUid: 1000 RequestorPkg: android] ], network: null
06-04 15:04:47.006 353 471 I Codec2InfoBuilder: adding type 'audio/amr-wb'
06-04 15:04:47.006 375 811 V C2Store : in init
06-04 15:04:47.006 375 811 V C2Store : loading dll
06-04 15:04:47.006 375 810 V C2Store : in ~ComponentModule
06-04 15:04:47.006 375 810 V C2Store : unloading dll
06-04 15:04:47.010 353 471 I Codec2InfoBuilder: adding type 'audio/amr-wb'
06-04 15:04:47.010 375 414 V C2Store : in init
06-04 15:04:47.010 375 414 V C2Store : loading dll
06-04 15:04:47.010 375 810 V C2Store : in ~ComponentModule
06-04 15:04:47.010 375 810 V C2Store : unloading dll
06-04 15:04:47.011 476 476 I SystemServerTiming: sendUserStartBroadcast
06-04 15:04:47.012 476 476 I SystemServerTiming: resumeTopActivities
06-04 15:04:47.014 476 476 I SystemServerTiming: sendUserSwitchBroadcasts
06-04 15:04:47.015 476 476 I SystemServerTiming: setBinderProxies
06-04 15:04:47.015 476 476 I SystemServerTiming: StartSystemUI
06-04 15:04:47.016 476 539 W ActivityManager: Slow operation: 320ms so far, now at startProcess: done updating battery stats
06-04 15:04:47.018 476 539 W ActivityManager: Slow operation: 323ms so far, now at startProcess: building log message
06-04 15:04:47.018 476 539 I ActivityManager: app.processName = com.android.se
06-04 15:04:47.018 476 539 I ActivityManager: Start proc 787:com.android.se/1068 for added application com.android.se
06-04 15:04:47.019 353 471 D Codec2InfoBuilder: component 'c2.android.av1.decoder' not found in xml
06-04 15:04:47.019 476 537 W BestClock: java.time.DateTimeException: Missing NTP fix
06-04 15:04:47.019 375 811 V C2Store : in init
06-04 15:04:47.019 375 811 V C2Store : loading dll
06-04 15:04:47.021 375 414 V C2Store : in ~ComponentModule
06-04 15:04:47.021 375 414 V C2Store : unloading dll
06-04 15:04:47.022 476 539 W ActivityManager: Slow operation: 326ms so far, now at startProcess: starting to update pids map
06-04 15:04:47.022 476 539 W ActivityManager: Slow operation: 327ms so far, now at startProcess: done updating pids map
06-04 15:04:47.023 476 537 W BestClock: java.time.DateTimeException: Missing NTP fix
06-04 15:04:47.024 476 750 D CompatibilityChangeReporter: Compat change id reported: 168419799; UID 1068; state: DISABLED
06-04 15:04:47.033 787 787 D CompatibilityChangeReporter: Compat change id reported: 171979766; UID 1068; state: ENABLED
06-04 15:04:47.034 476 521 I ActivityManager: com.android.tv.settings is exempt from freezer
06-04 15:04:47.035 476 521 D CompatibilityChangeReporter: Compat change id reported: 135634846; UID 1000; state: DISABLED
06-04 15:04:47.037 476 572 I ActivityManager: Process WebViewLoader-armeabi-v7a (pid 712) has died: psvc PER
06-04 15:04:47.039 476 615 D ConnectivityService: Got NetworkProvider Messenger for VpnNetworkProvider:0
06-04 15:04:47.041 476 545 E KernelCpuSpeedReader: Failed to read cpu-freq: /sys/devices/system/cpu/cpu0/cpufreq/stats/time_in_state: open failed: ENOENT (No such file or directory)
06-04 15:04:47.042 476 545 E system_server: Cannot read thread CPU times for PID 476
06-04 15:04:47.044 476 540 I libprocessgroup: Successfully killed process cgroup uid 1037 pid 712 in 0ms
06-04 15:04:47.051 244 244 D Zygote : Forked child process 814
06-04 15:04:47.053 353 471 I Codec2InfoBuilder: adding type 'video/avc'
06-04 15:04:47.055 476 539 I ActivityManager: app.processName = com.android.tv.settings
06-04 15:04:47.055 476 539 I ActivityManager: Start proc 814:com.android.tv.settings/1000 for top-activity {com.android.tv.settings/com.android.tv.settings.system.FallbackHome}
06-04 15:04:47.067 476 606 W BestClock: java.time.DateTimeException: Missing NTP fix
06-04 15:04:47.067 814 814 I Zygote : seccomp disabled by setenforce 0
06-04 15:04:47.068 476 537 W BestClock: java.time.DateTimeException: Missing NTP fix
06-04 15:04:47.069 476 476 D JNIMultiir: Multiir JNI_OnLoad()
06-04 15:04:47.070 476 476 D JNIMultiir: init
06-04 15:04:47.072 476 606 W BestClock: java.time.DateTimeException: Missing NTP fix
06-04 15:04:47.072 476 537 W BestClock: java.time.DateTimeException: Missing NTP fix
06-04 15:04:47.073 476 606 W BestClock: java.time.DateTimeException: Missing NTP fix
06-04 15:04:47.074 666 666 D AdapterState: make() - Creating AdapterState
06-04 15:04:47.074 476 606 W BestClock: java.time.DateTimeException: Missing NTP fix
06-04 15:04:47.076 476 606 W BestClock: java.time.DateTimeException: Missing NTP fix
06-04 15:04:47.077 476 606 W BestClock: java.time.DateTimeException: Missing NTP fix
06-04 15:04:47.078 476 606 W BestClock: java.time.DateTimeException: Missing NTP fix
06-04 15:04:47.080 476 606 W BestClock: java.time.DateTimeException: Missing NTP fix
06-04 15:04:47.083 375 375 V C2Store : in init
06-04 15:04:47.083 375 375 V C2Store : loading dll
06-04 15:04:47.085 476 476 D SystemServer: VMRuntime.setVerifierEnabled(true)
06-04 15:04:47.085 375 414 V C2Store : in ~ComponentModule
06-04 15:04:47.087 666 815 I AdapterState: OFF : entered
06-04 15:04:47.087 666 815 D AdapterProperties: Setting state to OFF
06-04 15:04:47.088 476 476 W Looper : Slow delivery took 4272ms main h=android.app.PropertyInvalidatedCache$AutoCorker$1 c=null m=0
06-04 15:04:47.088 375 414 V C2Store : unloading dll
06-04 15:04:47.089 375 375 I mediaswcodec: missing struct descriptor #Param::CoreIndex(--004) for field values of struct #Param::CoreIndex(F-12004)
06-04 15:04:47.090 375 375 I mediaswcodec: missing struct descriptor #Param::CoreIndex(--1812) for field values of struct #Param::CoreIndex(F-11812)
06-04 15:04:47.092 476 606 W BestClock: java.time.DateTimeException: Missing NTP fix
06-04 15:04:47.092 262 262 I EventThread: type=1400 audit(0.0:333): avc: denied { search } for name="extcon" dev="sysfs" ino=18109 scontext=u:r:hal_tv_cec_default:s0 tcontext=u:object_r:sysfs_extcon:s0 tclass=dir permissive=1
06-04 15:04:47.094 403 413 I adbd : jdwp connection from 814
06-04 15:04:47.094 666 666 D BluetoothKeystoreService: new BluetoothKeystoreService isCommonCriteriaMode: false
06-04 15:04:47.095 666 666 D BluetoothKeystoreService: start
06-04 15:04:47.097 666 666 I droid.bluetoot: [0604/150447.097080:INFO:com_android_bluetooth_btservice_BluetoothKeystore.cpp(97)] classInitNative: succeeds
06-04 15:04:47.097 666 666 D BluetoothKeystoreService: setBluetoothKeystoreService(): set to: com.android.bluetooth.btservice.bluetoothkeystore.BluetoothKeystoreService@3752712
06-04 15:04:47.097 476 476 D ConditionProviders.SCP: onConnected
06-04 15:04:47.098 476 521 I InputManager: Enabling motion classifier because user switched: feature enabled, long press timeout = 400
06-04 15:04:47.098 476 521 I InputClassifier: Enabling motion classifier
06-04 15:04:47.101 375 375 I mediaswcodec: missing struct descriptor #Param::CoreIndex(--004) for field values of struct #Param::CoreIndex(F-12004)
06-04 15:04:47.101 375 375 I mediaswcodec: missing struct descriptor #Param::CoreIndex(--1812) for field values of struct #Param::CoreIndex(F-11812)
06-04 15:04:47.102 476 606 W BestClock: java.time.DateTimeException: Missing NTP fix
06-04 15:04:47.102 476 476 D ConditionProviders: Subscribing to condition://android/event?userId=-10000&calendar=&reply=1 with ComponentInfo{android/com.android.server.notification.EventConditionProvider}
06-04 15:04:47.103 476 476 D ConditionProviders: Subscribing to condition://android/schedule?days=1.2.3.4.5.6.7&start=22.0&end=7.0&exitAtAlarm=true with ComponentInfo{android/com.android.server.notification.ScheduleConditionProvider}
06-04 15:04:47.107 262 262 D hdmi-cec: reset logical address to broadcast
06-04 15:04:47.108 182 182 I hwservicemanager: getTransport: Cannot find entry android.hardware.input.classifier@1.0::IInputClassifier/default in either framework or device VINTF manifest.
06-04 15:04:47.110 476 499 D ConnectivityService: requestNetwork for uid/pid:1073/753 activeRequest: null callbackRequest: 18 [NetworkRequest [ REQUEST id=19, [ Capabilities: INTERNET&NOT_RESTRICTED&TRUSTED&NOT_VCN_MANAGED Uid: 1073 RequestorUid: 1073 RequestorPkg: com.android.networkstack] ]] callback flags: 0 priority: 2147483647
06-04 15:04:47.112 476 537 W BestClock: java.time.DateTimeException: Missing NTP fix
06-04 15:04:47.112 476 832 I InputClassifier: Could not obtain InputClassifier HAL
06-04 15:04:47.114 476 606 W BestClock: java.time.DateTimeException: Missing NTP fix
06-04 15:04:47.116 476 615 D ConnectivityService: NetReassign [no changes]
06-04 15:04:47.117 476 650 D Ethernet: got request NetworkRequest [ REQUEST id=19, [ Capabilities: INTERNET&NOT_RESTRICTED&TRUSTED&NOT_VCN_MANAGED Uid: 1073 RequestorUid: 1073 RequestorPkg: com.android.networkstack] ]
06-04 15:04:47.118 476 606 W BestClock: java.time.DateTimeException: Missing NTP fix
06-04 15:04:47.118 476 650 D EthernetNetworkFactory: acceptRequest, request: NetworkRequest [ REQUEST id=19, [ Capabilities: INTERNET&NOT_RESTRICTED&TRUSTED&NOT_VCN_MANAGED Uid: 1073 RequestorUid: 1073 RequestorPkg: com.android.networkstack] ]
06-04 15:04:47.118 476 537 W BestClock: java.time.DateTimeException: Missing NTP fix
06-04 15:04:47.118 476 650 I EthernetNetworkFactory: networkForRequest, request: NetworkRequest [ REQUEST id=19, [ Capabilities: INTERNET&NOT_RESTRICTED&TRUSTED&NOT_VCN_MANAGED Uid: 1073 RequestorUid: 1073 RequestorPkg: com.android.networkstack] ], network: null
06-04 15:04:47.118 476 606 W BestClock: java.time.DateTimeException: Missing NTP fix
06-04 15:04:47.119 476 651 D PPPOE : got request NetworkRequest [ REQUEST id=19, [ Capabilities: INTERNET&NOT_RESTRICTED&TRUSTED&NOT_VCN_MANAGED Uid: 1073 RequestorUid: 1073 RequestorPkg: com.android.networkstack] ]
06-04 15:04:47.120 353 471 I Codec2InfoBuilder: adding type 'video/avc'
06-04 15:04:47.124 375 810 V C2Store : in init
06-04 15:04:47.124 375 810 V C2Store : loading dll
06-04 15:04:47.125 375 811 V C2Store : in ~ComponentModule
06-04 15:04:47.125 375 811 V C2Store : unloading dll
06-04 15:04:47.125 666 666 D BluetoothKeystoreService: loadConfigData
06-04 15:04:47.127 476 476 D CompatibilityChangeReporter: Compat change id reported: 135634846; UID 10075; state: DISABLED
06-04 15:04:47.127 476 539 D CompatibilityChangeReporter: Compat change id reported: 143937733; UID 10075; state: ENABLED
06-04 15:04:47.137 476 615 D ConnectivityService: NetReassign [no changes]
06-04 15:04:47.138 353 471 I Codec2InfoBuilder: adding type 'audio/flac'
06-04 15:04:47.140 476 806 D CompatibilityChangeReporter: Compat change id reported: 181136395; UID 1000; state: DISABLED
06-04 15:04:47.141 375 414 V C2Store : in ~ComponentModule
06-04 15:04:47.141 375 414 V C2Store : unloading dll
06-04 15:04:47.142 375 811 V C2Store : in init
06-04 15:04:47.142 375 811 V C2Store : loading dll
06-04 15:04:47.144 244 244 D Zygote : Forked child process 836
06-04 15:04:47.145 476 806 D CompatibilityChangeReporter: Compat change id reported: 174042936; UID 1000; state: DISABLED
06-04 15:04:47.147 476 537 W BestClock: java.time.DateTimeException: Missing NTP fix
06-04 15:04:47.150 476 537 W BestClock: java.time.DateTimeException: Missing NTP fix
06-04 15:04:47.152 476 606 W BestClock: java.time.DateTimeException: Missing NTP fix
06-04 15:04:47.154 353 471 I Codec2InfoBuilder: adding type 'audio/flac'
06-04 15:04:47.156 787 787 V GraphicsEnvironment: ANGLE Developer option for 'com.android.se' set to: 'default'
06-04 15:04:47.156 787 787 V GraphicsEnvironment: Neither updatable production driver nor prerelease driver is supported.
06-04 15:04:47.157 375 810 V C2Store : in init
06-04 15:04:47.157 375 810 V C2Store : loading dll
06-04 15:04:47.158 836 836 I Zygote : seccomp disabled by setenforce 0
06-04 15:04:47.160 787 787 D NetworkSecurityConfig: No Network Security Config specified, using platform default
06-04 15:04:47.161 787 787 D NetworkSecurityConfig: No Network Security Config specified, using platform default
06-04 15:04:47.162 353 471 I Codec2InfoBuilder: adding type 'audio/g711-alaw'
06-04 15:04:47.163 375 414 V C2Store : in init
06-04 15:04:47.163 375 414 V C2Store : loading dll
06-04 15:04:47.167 814 814 D CompatibilityChangeReporter: Compat change id reported: 171979766; UID 1000; state: ENABLED
06-04 15:04:47.168 326 326 I rainbow_flow: type=1400 audit(0.0:334): avc: denied { ioctl } for path="/dev/spidev1.0" dev="tmpfs" ino=6194 ioctlcmd=0x6b00 scontext=u:r:init:s0 tcontext=u:object_r:device:s0 tclass=chr_file permissive=1
06-04 15:04:47.170 476 539 W ActivityManager: Slow operation: 51ms so far, now at startProcess: done updating battery stats
06-04 15:04:47.170 476 539 W ActivityManager: Slow operation: 52ms so far, now at startProcess: building log message
06-04 15:04:47.170 476 539 I ActivityManager: app.processName = android.ext.services
06-04 15:04:47.170 476 539 I ActivityManager: Start proc 836:android.ext.services/u0a75 for service {android.ext.services/android.ext.services.autofill.InlineSuggestionRenderServiceImpl}
06-04 15:04:47.170 476 539 W ActivityManager: Slow operation: 52ms so far, now at startProcess: starting to update pids map
06-04 15:04:47.171 353 471 I Codec2InfoBuilder: adding type 'audio/g711-mlaw'
06-04 15:04:47.172 375 414 V C2Store : in ~ComponentModule
06-04 15:04:47.172 375 414 V C2Store : unloading dll
06-04 15:04:47.172 476 539 W ActivityManager: Slow operation: 54ms so far, now at startProcess: done updating pids map
06-04 15:04:47.173 375 810 V C2Store : in ~ComponentModule
06-04 15:04:47.173 375 810 V C2Store : unloading dll
06-04 15:04:47.173 375 811 V C2Store : in ~ComponentModule
06-04 15:04:47.173 375 811 V C2Store : unloading dll
06-04 15:04:47.175 375 808 V C2Store : in init
06-04 15:04:47.175 375 808 V C2Store : loading dll
06-04 15:04:47.178 403 413 I adbd : jdwp connection from 836
06-04 15:04:47.181 666 666 I droid.bluetoot: [0604/150447.181370:INFO:com_android_bluetooth_btservice_ActivityAttribution.cpp(96)] classInitNative: succeeds
06-04 15:04:47.181 666 666 D BluetoothKeystoreService: getCompareResult: 0
06-04 15:04:47.183 476 537 W BestClock: java.time.DateTimeException: Missing NTP fix
06-04 15:04:47.186 476 537 D CountryDetector: Using custom country detector class: com.android.server.location.ComprehensiveCountryDetector
06-04 15:04:47.186 476 537 E CountryDetector: Could not instantiate the custom country detector class
06-04 15:04:47.186 476 537 D CountryDetector: Using default country detector
06-04 15:04:47.191 476 606 W BestClock: java.time.DateTimeException: Missing NTP fix
06-04 15:04:47.193 666 666 I bt_btif : system/bt/btif/src/bluetooth.cc:162 init: init: start restricted = 0 ; common criteria mode = 0, config compare result = 0
06-04 15:04:47.195 476 606 W BestClock: java.time.DateTimeException: Missing NTP fix
06-04 15:04:47.196 476 606 W BestClock: java.time.DateTimeException: Missing NTP fix
06-04 15:04:47.196 753 753 D ApplicationLoaders: Returning zygote-cached class loader: /system/framework/android.test.base.jar
06-04 15:04:47.199 476 606 W BestClock: java.time.DateTimeException: Missing NTP fix
06-04 15:04:47.200 476 606 W BestClock: java.time.DateTimeException: Missing NTP fix
06-04 15:04:47.202 476 606 W BestClock: java.time.DateTimeException: Missing NTP fix
06-04 15:04:47.203 666 666 I bt : bt_common::init_flags: Flags loaded: gd_core=false gd_advertising=false gd_scanning=false gd_security=false gd_acl=false gd_l2cap=false gd_hci=false gd_controller=false gatt_robust_caching=false btaa_hci=false gd_rust=false gd_link_policy=false
06-04 15:04:47.203 476 606 W BestClock: java.time.DateTimeException: Missing NTP fix
06-04 15:04:47.203 476 499 D CompatibilityChangeReporter: Compat change id reported: 168419799; UID 10075; state: DISABLED
06-04 15:04:47.204 476 606 W BestClock: java.time.DateTimeException: Missing NTP fix
06-04 15:04:47.205 666 853 I droid.bluetoot: [0604/150447.204276:INFO:message_loop_thread.cc(224)] Run: message loop starting for thread bt_stack_manager_thread
06-04 15:04:47.205 476 606 W BestClock: java.time.DateTimeException: Missing NTP fix
06-04 15:04:47.206 353 471 D Codec2InfoBuilder: codec entry for 'c2.android.gsm.decoder' is disabled
06-04 15:04:47.206 375 414 V C2Store : in init
06-04 15:04:47.206 375 414 V C2Store : loading dll
06-04 15:04:47.206 476 606 W BestClock: java.time.DateTimeException: Missing NTP fix
06-04 15:04:47.207 375 811 V C2Store : in ~ComponentModule
06-04 15:04:47.207 375 811 V C2Store : unloading dll
06-04 15:04:47.208 476 606 W BestClock: java.time.DateTimeException: Missing NTP fix
06-04 15:04:47.209 476 606 W BestClock: java.time.DateTimeException: Missing NTP fix
06-04 15:04:47.210 787 787 I SecureElementService: main onCreate
06-04 15:04:47.212 666 853 I bt_stack_manager: system/bt/btif/src/stack_manager.cc:200 event_init_stack: is initializing the stack
06-04 15:04:47.217 666 857 I bt_osi_thread: system/bt/osi/src/thread.cc:209 run_thread: run_thread: thread id 857, thread name alarm_default_ca started
06-04 15:04:47.219 666 858 I bt_osi_thread: system/bt/osi/src/thread.cc:209 run_thread: run_thread: thread id 858, thread name alarm_dispatcher started
06-04 15:04:47.219 666 853 I bt_btif_core: system/bt/btif/src/btif_core.cc:235 btif_init_bluetooth: btif_init_bluetooth entered
06-04 15:04:47.220 666 859 I droid.bluetoot: [0604/150447.220498:INFO:message_loop_thread.cc(224)] Run: message loop starting for thread bt_jni_thread
06-04 15:04:47.221 666 853 I bt_btif_core: system/bt/btif/src/btif_core.cc:239 btif_init_bluetooth: btif_init_bluetooth finished
06-04 15:04:47.221 666 853 I bt_stack_config: system/bt/main/stack_config.cc:51 init: init attempt to load stack conf from /etc/bluetooth/bt_stack.conf
06-04 15:04:47.224 353 471 I Codec2InfoBuilder: adding type 'video/3gpp'
06-04 15:04:47.224 476 476 D CompatibilityChangeReporter: Compat change id reported: 150939131; UID 1000; state: ENABLED
06-04 15:04:47.224 666 853 I bt_stack_manager: system/bt/btif/src/stack_manager.cc:223 event_init_stack: finished
06-04 15:04:47.226 787 787 I SecureElementService: Check if terminal eSE1 is available.
06-04 15:04:47.228 375 811 V C2Store : in ~ComponentModule
06-04 15:04:47.228 375 808 V C2Store : in init
06-04 15:04:47.228 375 808 V C2Store : loading dll
06-04 15:04:47.228 375 811 V C2Store : unloading dll
06-04 15:04:47.228 182 182 I hwservicemanager: getTransport: Cannot find entry android.hardware.secure_element@1.2::ISecureElement/eSE1 in either framework or device VINTF manifest.
06-04 15:04:47.229 666 666 I bt_osi_wakelock: system/bt/osi/src/wakelock.cc:98 wakelock_set_os_callouts: wakelock_set_os_callouts set to non-native
06-04 15:04:47.230 666 666 I bt_btif : system/bt/btif/src/bluetooth.cc:417 get_profile_interface: get_profile_interface: id = socket
06-04 15:04:47.231 476 518 D AdbService: setAdbEnabled(true), mIsAdbUsbEnabled=true, mIsAdbWifiEnabled=true, transportType=1
06-04 15:04:47.232 666 666 E droid.bluetoot: [0604/150447.232688:ERROR:message_loop_thread.cc(102)] DoInThreadDelayed: message loop is null for thread bt_main_thread(-1), from pc:0xc79943bb
06-04 15:04:47.233 666 666 E droid.bluetoot: [0604/150447.232984:ERROR:btu_task.cc(94)] do_in_main_thread: failed from pc:0xc79943bb
06-04 15:04:47.233 666 666 E droid.bluetoot: [0604/150447.233066:ERROR:message_loop_thread.cc(102)] DoInThreadDelayed: message loop is null for thread bt_main_thread(-1), from pc:0xc79943bb
06-04 15:04:47.233 666 666 E droid.bluetoot: [0604/150447.233149:ERROR:btu_task.cc(94)] do_in_main_thread: failed from pc:0xc79943bb
06-04 15:04:47.233 666 666 E droid.bluetoot: [0604/150447.233209:ERROR:message_loop_thread.cc(102)] DoInThreadDelayed: message loop is null for thread bt_main_thread(-1), from pc:0xc79943bb
06-04 15:04:47.233 666 666 E droid.bluetoot: [0604/150447.233269:ERROR:btu_task.cc(94)] do_in_main_thread: failed from pc:0xc79943bb
06-04 15:04:47.233 836 836 D CompatibilityChangeReporter: Compat change id reported: 171979766; UID 10075; state: DISABLED
06-04 15:04:47.236 666 666 D BluetoothKeystoreService: initJni()
06-04 15:04:47.236 787 787 D SecureElement-Terminal-eSE1: SE Hal V1.2 is not supported
06-04 15:04:47.237 182 182 I hwservicemanager: getTransport: Cannot find entry android.hardware.secure_element@1.1::ISecureElement/eSE1 in either framework or device VINTF manifest.
06-04 15:04:47.237 787 787 D SecureElement-Terminal-eSE1: SE Hal V1.1 is not supported
06-04 15:04:47.238 285 594 D PermissionCache: checking android.permission.ACCESS_SURFACE_FLINGER for uid=10061 => granted (1690 us)
06-04 15:04:47.238 182 182 I hwservicemanager: getTransport: Cannot find entry android.hardware.secure_element@1.0::ISecureElement/eSE1 in either framework or device VINTF manifest.
06-04 15:04:47.239 666 666 I bt_btif : system/bt/btif/src/bluetooth.cc:417 get_profile_interface: get_profile_interface: id = bluetooth_keystore
06-04 15:04:47.239 666 666 I bt_btif : system/bt/btif/src/bluetooth.cc:417 get_profile_interface: get_profile_interface: id = sdp
06-04 15:04:47.241 787 787 I SecureElementService: No HAL implementation for eSE1
06-04 15:04:47.241 787 787 I SecureElementService: Check if terminal SIM1 is available.
06-04 15:04:47.242 182 182 I hwservicemanager: getTransport: Cannot find entry android.hardware.secure_element@1.2::ISecureElement/SIM1 in either framework or device VINTF manifest.
06-04 15:04:47.242 787 787 D SecureElement-Terminal-SIM1: SE Hal V1.2 is not supported
06-04 15:04:47.243 182 182 I hwservicemanager: getTransport: Cannot find entry android.hardware.secure_element@1.1::ISecureElement/SIM1 in either framework or device VINTF manifest.
06-04 15:04:47.243 787 787 D SecureElement-Terminal-SIM1: SE Hal V1.1 is not supported
06-04 15:04:47.244 182 182 I hwservicemanager: getTransport: Cannot find entry android.hardware.secure_element@1.0::ISecureElement/SIM1 in either framework or device VINTF manifest.
06-04 15:04:47.245 787 787 I SecureElementService: No HAL implementation for SIM1
06-04 15:04:47.252 353 471 I Codec2InfoBuilder: adding type 'video/3gpp'
06-04 15:04:47.257 375 810 V C2Store : in init
06-04 15:04:47.257 375 808 V C2Store : in ~ComponentModule
06-04 15:04:47.257 375 810 V C2Store : loading dll
06-04 15:04:47.257 375 808 V C2Store : unloading dll
06-04 15:04:47.259 753 753 D NetworkSecurityConfig: No Network Security Config specified, using platform default
06-04 15:04:47.269 353 471 I Codec2InfoBuilder: adding type 'video/hevc'
06-04 15:04:47.272 375 414 V C2Store : in init
06-04 15:04:47.273 375 414 V C2Store : loading dll
06-04 15:04:47.274 375 414 I mediaswcodec: missing struct descriptor #Param::CoreIndex(--004) for field values of struct #Param::CoreIndex(F-12004)
06-04 15:04:47.274 375 811 V C2Store : in ~ComponentModule
06-04 15:04:47.274 375 811 V C2Store : unloading dll
06-04 15:04:47.276 375 414 D C2SoftHevcEnc: Given level 6000 does not cover current configuration: adjusting to 6001
06-04 15:04:47.277 476 476 I PackageWatchdog: Syncing health check requests for packages: {}
06-04 15:04:47.277 476 476 I ExplicitHealthCheckController: Service not ready to get health check supported packages. Binding...
06-04 15:04:47.278 375 414 I mediaswcodec: missing struct descriptor #Param::CoreIndex(--004) for field values of struct #Param::CoreIndex(F-12004)
06-04 15:04:47.279 674 674 D CompatibilityChangeReporter: Compat change id reported: 160794467; UID 10061; state: ENABLED
06-04 15:04:47.283 814 814 V GraphicsEnvironment: ANGLE Developer option for 'com.android.tv.settings' set to: 'default'
06-04 15:04:47.284 814 814 V GraphicsEnvironment: Neither updatable production driver nor prerelease driver is supported.
06-04 15:04:47.285 814 814 D NetworkSecurityConfig: No Network Security Config specified, using platform default
06-04 15:04:47.286 814 814 D NetworkSecurityConfig: No Network Security Config specified, using platform default
06-04 15:04:47.287 476 476 I ExplicitHealthCheckController: Explicit health check service is bound
06-04 15:04:47.285 375 414 D C2SoftHevcEnc: Given level 6000 does not cover current configuration: adjusting to 6001
06-04 15:04:47.293 674 674 D TvPipMenuController: onMediaActionsChanged()
06-04 15:04:47.292 836 836 I id.ext.services: type=1400 audit(0.0:335): avc: denied { getattr } for path="/data/data/android.ext.services" dev="mmcblk0p25" ino=438 scontext=u:r:platform_app:s0:c512,c768 tcontext=u:object_r:app_data_file:s0:c512,c768 tclass=dir permissive=1 app=android.ext.services
06-04 15:04:47.296 666 666 D BluetoothDatabase: start()
06-04 15:04:47.297 353 471 D Codec2InfoBuilder: codec entry for 'c2.android.hevc.encoder' is disabled
06-04 15:04:47.298 375 810 V C2Store : in ~ComponentModule
06-04 15:04:47.298 375 810 V C2Store : unloading dll
06-04 15:04:47.298 375 811 V C2Store : in init
06-04 15:04:47.298 375 811 V C2Store : loading dll
06-04 15:04:47.298 674 674 D TvPipNotification: setDelegate(), delegate=com.android.wm.shell.pip.tv.TvPipController@93f9b4f
06-04 15:04:47.298 674 674 D TvPipMenuController: setDelegate(), delegate=com.android.wm.shell.pip.tv.TvPipController@93f9b4f
06-04 15:04:47.303 353 471 I Codec2InfoBuilder: adding type 'audio/mpeg'
06-04 15:04:47.304 375 810 V C2Store : in init
06-04 15:04:47.305 375 810 V C2Store : loading dll
06-04 15:04:47.306 666 666 D BluetoothDatabase: Load Database
06-04 15:04:47.307 666 666 I BluetoothAdapterService: Phone policy enabled
06-04 15:04:47.312 674 674 W OneHandedController: Device doesn't support OneHanded feature
06-04 15:04:47.313 375 811 V C2Store : in ~ComponentModule
06-04 15:04:47.313 666 666 D BluetoothActiveDeviceManager: start()
06-04 15:04:47.318 375 811 V C2Store : unloading dll
06-04 15:04:47.328 353 471 D Codec2InfoBuilder: codec entry for 'c2.android.mpeg2.decoder' is disabled
06-04 15:04:47.328 375 414 V C2Store : in init
06-04 15:04:47.328 375 414 V C2Store : loading dll
06-04 15:04:47.328 836 836 I id.ext.services: type=1400 audit(0.0:336): avc: denied { search } for name="android.ext.services" dev="mmcblk0p25" ino=438 scontext=u:r:platform_app:s0:c512,c768 tcontext=u:object_r:app_data_file:s0:c512,c768 tclass=dir permissive=1 app=android.ext.services
06-04 15:04:47.332 836 836 V GraphicsEnvironment: ANGLE Developer option for 'android.ext.services' set to: 'default'
06-04 15:04:47.332 666 869 D BluetoothActiveDeviceManager: onAudioDevicesAdded
06-04 15:04:47.333 836 836 V GraphicsEnvironment: Neither updatable production driver nor prerelease driver is supported.
06-04 15:04:47.335 353 471 I Codec2InfoBuilder: adding type 'video/mp4v-es'
06-04 15:04:47.337 836 836 D NetworkSecurityConfig: No Network Security Config specified, using platform default
06-04 15:04:47.337 375 808 V C2Store : in init
06-04 15:04:47.337 375 808 V C2Store : loading dll
06-04 15:04:47.338 666 666 D BluetoothAdapterService: setAdapterService() - trying to set service to com.android.bluetooth.btservice.AdapterService@93f9b4f
06-04 15:04:47.339 476 476 D NetworkSecurityConfig: No Network Security Config specified, using platform default
06-04 15:04:47.339 375 809 V C2Store : in ~ComponentModule
06-04 15:04:47.340 375 809 V C2Store : unloading dll
06-04 15:04:47.341 375 810 V C2Store : in ~ComponentModule
06-04 15:04:47.341 375 810 V C2Store : unloading dll
06-04 15:04:47.343 476 476 D NetworkSecurityConfig: No Network Security Config specified, using platform default
06-04 15:04:47.344 666 869 D BluetoothActiveDeviceManager: Audio device added: DBBOX-A2 type: 2
06-04 15:04:47.344 353 471 I Codec2InfoBuilder: adding type 'video/mp4v-es'
06-04 15:04:47.344 666 869 D BluetoothActiveDeviceManager: Audio device added: DBBOX-A2 type: 15
06-04 15:04:47.344 666 869 D BluetoothActiveDeviceManager: Audio device added: DBBOX-A2 type: 25
06-04 15:04:47.338 836 836 D NetworkSecurityConfig: No Network Security Config specified, using platform default
06-04 15:04:47.351 375 808 V C2Store : in ~ComponentModule
06-04 15:04:47.351 375 808 V C2Store : unloading dll
06-04 15:04:47.351 375 414 V C2Store : in init
06-04 15:04:47.351 375 414 V C2Store : loading dll
06-04 15:04:47.353 476 499 D NetworkStats: registerNetworkStatsProvider from OffloadController uid/pid=1073/753
06-04 15:04:47.363 666 666 D BluetoothAdapterService: onBind()
06-04 15:04:47.363 353 471 I Codec2InfoBuilder: adding type 'audio/opus'
06-04 15:04:47.364 375 810 V C2Store : in init
06-04 15:04:47.364 375 810 V C2Store : loading dll
06-04 15:04:47.368 666 866 D BluetoothDatabase: compactLastConnectionTime: Compacting metadata after load
06-04 15:04:47.370 386 386 W hdr10p_Configure: 99 callbacks suppressed
06-04 15:04:47.368 476 518 I ServiceWatcher: [fused] connected to {com.android.location.fused/com.android.location.fused.FusedLocationService}
06-04 15:04:47.370 386 386 I : DVI mode selected: packets not configured
06-04 15:04:47.370 386 386 W set_vsif_config: 99 callbacks suppressed
06-04 15:04:47.370 386 386 I : Error: set vsif failed
06-04 15:04:47.370 476 476 E WiredAccessoryManager: No state change.
06-04 15:04:47.371 476 476 W WiredAccessoryManager: Both input event and extcon are used for audio jack, please just choose one.
06-04 15:04:47.371 353 471 I Codec2InfoBuilder: adding type 'audio/opus'
06-04 15:04:47.372 375 811 V C2Store : in init
06-04 15:04:47.372 375 811 V C2Store : loading dll
06-04 15:04:47.373 666 866 D BluetoothDatabase: compactLastConnectionTime: Setting last_active_item for device: E4:BB:D3:57:C0:7D from 3 to 0
06-04 15:04:47.373 666 866 D BluetoothDatabase: updateDatabase E4:BB:D3:57:C0:7D
06-04 15:04:47.373 666 866 I BluetoothDatabase: cacheMetadata
06-04 15:04:47.373 666 866 V BluetoothDatabase: cacheMetadata: found device E4:BB:D3:57:C0:7D
06-04 15:04:47.374 666 866 V BluetoothDatabase: cacheMetadata: found device LocalStorage
06-04 15:04:47.374 666 866 I BluetoothDatabase: cacheMetadata: Database is ready
06-04 15:04:47.377 375 810 V C2Store : in ~ComponentModule
06-04 15:04:47.377 375 810 V C2Store : unloading dll
06-04 15:04:47.377 353 471 I Codec2InfoBuilder: adding type 'audio/raw'
06-04 15:04:47.377 476 476 W TrustManagerService: EXTRA_USER_HANDLE missing or invalid, value=0
06-04 15:04:47.378 375 809 V C2Store : in init
06-04 15:04:47.378 375 809 V C2Store : loading dll
06-04 15:04:47.378 375 842 V C2Store : in ~ComponentModule
06-04 15:04:47.378 375 842 V C2Store : unloading dll
06-04 15:04:47.379 375 808 V C2Store : in ~ComponentModule
06-04 15:04:47.379 375 808 V C2Store : unloading dll
06-04 15:04:47.383 353 471 I Codec2InfoBuilder: adding type 'audio/vorbis'
06-04 15:04:47.384 375 842 V C2Store : in init
06-04 15:04:47.385 375 842 V C2Store : loading dll
06-04 15:04:47.388 375 810 V C2Store : in ~ComponentModule
06-04 15:04:47.388 375 810 V C2Store : unloading dll
06-04 15:04:47.396 476 476 I SystemServerTiming: ManagedServices.unbindOtherUserServices_current0
06-04 15:04:47.396 476 476 I SystemServerTiming: ManagedServices.unbindOtherUserServices_current0
06-04 15:04:47.397 476 476 I SystemServerTiming: ManagedServices.unbindOtherUserServices_current0
06-04 15:04:47.397 476 476 V NotificationAssistants: enabling notification assistant for 0: ComponentInfo{android.ext.services/android.ext.services.notification.Assistant}
06-04 15:04:47.399 476 476 V NotificationAssistants: binding: Intent { act=android.service.notification.NotificationAssistantService cmp=android.ext.services/.notification.Assistant (has extras) }
06-04 15:04:47.403 386 386 I : DVI mode selected: packets not configured
06-04 15:04:47.403 386 386 I : Error: set vsif failed
06-04 15:04:47.399 353 471 I Codec2InfoBuilder: adding type 'video/x-vnd.on2.vp8'
06-04 15:04:47.402 375 810 V C2Store : in ~ComponentModule
06-04 15:04:47.402 375 810 V C2Store : unloading dll
06-04 15:04:47.404 375 808 V C2Store : in init
06-04 15:04:47.405 375 808 V C2Store : loading dll
06-04 15:04:47.410 375 808 I C2SoftVp8Enc: setting temporal layering 0 + 0
06-04 15:04:47.416 375 808 I C2SoftVp8Enc: setting temporal layering 0 + 0
06-04 15:04:47.418 279 313 E cutils-trace: Error opening trace file: No such file or directory (2)
06-04 15:04:47.421 353 471 I Codec2InfoBuilder: adding type 'video/x-vnd.on2.vp8'
06-04 15:04:47.425 375 810 V C2Store : in ~ComponentModule
06-04 15:04:47.425 375 810 V C2Store : unloading dll
06-04 15:04:47.425 375 808 V C2Store : in init
06-04 15:04:47.425 375 808 V C2Store : loading dll
06-04 15:04:47.432 353 471 D Codec2InfoBuilder: component 'c2.android.vp9.decoder' not found in xml
06-04 15:04:47.433 375 810 V C2Store : in init
06-04 15:04:47.433 375 810 V C2Store : loading dll
06-04 15:04:47.436 375 810 I C2SoftVp9Enc: setting temporal layering 0 + 0
06-04 15:04:47.439 375 810 I C2SoftVp9Enc: setting temporal layering 0 + 0
06-04 15:04:47.441 375 808 V C2Store : in ~ComponentModule
06-04 15:04:47.441 375 808 V C2Store : unloading dll
06-04 15:04:47.444 353 471 D Codec2InfoBuilder: codec entry for 'c2.android.vp9.encoder' is disabled
06-04 15:04:47.446 375 809 V C2Store : in ~ComponentModule
06-04 15:04:47.446 375 809 V C2Store : unloading dll
06-04 15:04:47.451 476 698 D MediaCodecList: codecHandlesFormat: no format, so no extra checks
06-04 15:04:47.451 476 697 D MediaCodecList: codecHandlesFormat: no format, so no extra checks
06-04 15:04:47.452 476 499 D NetworkStats: registerNetworkStatsProvider from BpfCoordinator uid/pid=1073/753
06-04 15:04:47.453 386 386 I : DVI mode selected: packets not configured
06-04 15:04:47.453 386 386 I : Error: set vsif failed
06-04 15:04:47.455 476 702 D CCodec : allocate(c2.android.vorbis.decoder)
06-04 15:04:47.455 476 701 D CCodec : allocate(c2.android.vorbis.decoder)
06-04 15:04:47.459 674 674 W SystemServiceRegistry: No service published for: fingerprint
06-04 15:04:47.461 476 702 I Codec2Client: Available Codec2 services: "software"
06-04 15:04:47.463 674 674 W SystemServiceRegistry: No service published for: face
06-04 15:04:47.464 375 809 V C2Store : in init
06-04 15:04:47.464 375 809 V C2Store : loading dll
06-04 15:04:47.468 753 753 D CompatibilityChangeReporter: Compat change id reported: 147600208; UID 1073; state: ENABLED
06-04 15:04:47.471 476 572 D CompatibilityChangeReporter: Compat change id reported: 182478738; UID 1073; state: DISABLED
06-04 15:04:47.473 476 702 I CCodec : Created component [c2.android.vorbis.decoder]
06-04 15:04:47.473 476 702 D CCodecConfig: read media type: audio/vorbis
06-04 15:04:47.477 476 702 D ReflectedParamUpdater: extent() != 1 for single value type: algo.buffers.max-count.values
06-04 15:04:47.478 476 702 D ReflectedParamUpdater: extent() != 1 for single value type: output.subscribed-indices.values
06-04 15:04:47.478 476 702 D ReflectedParamUpdater: extent() != 1 for single value type: input.buffers.allocator-ids.values
06-04 15:04:47.478 476 702 D ReflectedParamUpdater: extent() != 1 for single value type: output.buffers.allocator-ids.values
06-04 15:04:47.479 476 702 D ReflectedParamUpdater: extent() != 1 for single value type: algo.buffers.allocator-ids.values
06-04 15:04:47.479 476 702 D ReflectedParamUpdater: extent() != 1 for single value type: output.buffers.pool-ids.values
06-04 15:04:47.479 476 702 D ReflectedParamUpdater: extent() != 1 for single value type: algo.buffers.pool-ids.values
06-04 15:04:47.483 476 702 I CCodecConfig: query failed after returning 7 values (BAD_INDEX)
06-04 15:04:47.483 476 702 D CCodecConfig: c2 config diff is Dict {
06-04 15:04:47.483 476 702 D CCodecConfig: c2::u32 coded.bitrate.value = 64000
06-04 15:04:47.483 476 702 D CCodecConfig: c2::u32 input.buffers.max-size.value = 32768
06-04 15:04:47.483 476 702 D CCodecConfig: c2::u32 input.delay.value = 0
06-04 15:04:47.483 476 702 D CCodecConfig: string input.media-type.value = "audio/vorbis"
06-04 15:04:47.483 476 702 D CCodecConfig: string output.media-type.value = "audio/raw"
06-04 15:04:47.483 476 702 D CCodecConfig: c2::u32 raw.channel-count.value = 1
06-04 15:04:47.483 476 702 D CCodecConfig: c2::u32 raw.sample-rate.value = 48000
06-04 15:04:47.483 476 702 D CCodecConfig: }
06-04 15:04:47.486 386 386 I : DVI mode selected: packets not configured
06-04 15:04:47.486 386 386 I : Error: set vsif failed
06-04 15:04:47.485 476 702 D CCodec : [c2.android.vorbis.decoder] buffers are bound to CCodec for this session
06-04 15:04:47.485 476 702 D CCodecConfig: no c2 equivalents for durationUs
06-04 15:04:47.485 476 702 D CCodecConfig: no c2 equivalents for track-id
06-04 15:04:47.485 476 702 D CCodecConfig: no c2 equivalents for csd-1
06-04 15:04:47.485 476 702 D CCodecConfig: no c2 equivalents for channel-mask
06-04 15:04:47.486 476 702 D CCodecConfig: no c2 equivalents for flags
06-04 15:04:47.486 476 702 D CCodecConfig: c2 config diff is c2::u32 raw.channel-count.value = 2
06-04 15:04:47.486 476 702 D CCodecConfig: c2::u32 raw.sample-rate.value = 44100
06-04 15:04:47.488 476 702 W Codec2Client: query -- param skipped: index = 1107298332.
06-04 15:04:47.489 476 702 D CCodec : setup formats input: AMessage(what = 0x00000000) = {
06-04 15:04:47.489 476 702 D CCodec : int32_t bitrate = 64000
06-04 15:04:47.489 476 702 D CCodec : int32_t channel-count = 2
06-04 15:04:47.489 476 702 D CCodec : int32_t max-input-size = 32768
06-04 15:04:47.489 476 702 D CCodec : string mime = "audio/vorbis"
06-04 15:04:47.489 476 702 D CCodec : int32_t sample-rate = 44100
06-04 15:04:47.489 476 702 D CCodec : }
06-04 15:04:47.489 476 702 D CCodec : setup formats output: AMessage(what = 0x00000000) = {
06-04 15:04:47.489 476 702 D CCodec : int32_t channel-count = 2
06-04 15:04:47.489 476 702 D CCodec : string mime = "audio/raw"
06-04 15:04:47.489 476 702 D CCodec : int32_t sample-rate = 44100
06-04 15:04:47.489 476 702 D CCodec : int32_t channel-mask = 3
06-04 15:04:47.489 476 702 D CCodec : }
06-04 15:04:47.489 476 702 I CCodecConfig: query failed after returning 7 values (BAD_INDEX)
06-04 15:04:47.490 476 702 W Codec2Client: query -- param skipped: index = 1342179345.
06-04 15:04:47.490 476 702 W Codec2Client: query -- param skipped: index = 2415921170.
06-04 15:04:47.491 476 702 D C2Store : Using ION
06-04 15:04:47.492 476 702 D CCodecBufferChannel: [c2.android.vorbis.decoder#322] Created input block pool with allocatorID 16 => poolID 17 - OK (0)
06-04 15:04:47.492 753 753 V WifiManager: registerSoftApCallback: callback=com.android.networkstack.tethering.Tethering$TetheringSoftApCallback@2dcfbf8, executor=com.android.networkstack.tethering.Tethering$TetheringThreadExecutor@6ad08d1
06-04 15:04:47.493 476 701 I CCodec : Created component [c2.android.vorbis.decoder]
06-04 15:04:47.494 476 701 D CCodecConfig: read media type: audio/vorbis
06-04 15:04:47.495 476 608 D ApConfigUtil: Update Softap capability, add client control feature support
06-04 15:04:47.497 753 769 V WifiManager: SoftApCallbackProxy: send InfoChanged, newInfo: SoftApInfo{bandwidth= 0, frequency= 0, wifiStandard= 0, mApInstanceIdentifier= null, mIdleShutdownTimeoutMillis= 0}
06-04 15:04:47.498 476 608 D ApConfigUtil: Update Softap capability, add MAC customization support
06-04 15:04:47.498 476 608 D ApConfigUtil: Update Softap capability, add 2.4G support
06-04 15:04:47.498 476 701 D ReflectedParamUpdater: extent() != 1 for single value type: algo.buffers.max-count.values
06-04 15:04:47.498 476 608 D ApConfigUtil: Update Softap capability, max client = 16
06-04 15:04:47.498 753 769 V WifiManager: SoftApCallbackProxy: send InfoChanged, changedInfoList: []
06-04 15:04:47.498 476 701 D ReflectedParamUpdater: extent() != 1 for single value type: output.subscribed-indices.values
06-04 15:04:47.499 476 701 D ReflectedParamUpdater: extent() != 1 for single value type: input.buffers.allocator-ids.values
06-04 15:04:47.499 476 701 D ReflectedParamUpdater: extent() != 1 for single value type: output.buffers.allocator-ids.values
06-04 15:04:47.499 476 701 D ReflectedParamUpdater: extent() != 1 for single value type: algo.buffers.allocator-ids.values
06-04 15:04:47.499 476 701 D ReflectedParamUpdater: extent() != 1 for single value type: output.buffers.pool-ids.values
06-04 15:04:47.499 753 769 V WifiManager: SoftApCallbackProxy: send onConnectedClientsChanged(clients): []
06-04 15:04:47.499 476 701 D ReflectedParamUpdater: extent() != 1 for single value type: algo.buffers.pool-ids.values
06-04 15:04:47.500 476 750 D ConnectivityService: requestNetwork for uid/pid:1073/753 activeRequest: null callbackRequest: 21 [NetworkRequest [ TRACK_SYSTEM_DEFAULT id=21, [ Capabilities: INTERNET&NOT_RESTRICTED&TRUSTED&NOT_VPN&NOT_VCN_MANAGED RequestorUid: 1073 RequestorPkg: com.android.networkstack.tethering] ]] callback flags: 0 priority: 2147483647
06-04 15:04:47.501 476 615 D ConnectivityService: NetReassign [no changes]
06-04 15:04:47.502 375 811 D C2Store : Using ION
06-04 15:04:47.506 476 701 I CCodecConfig: query failed after returning 7 values (BAD_INDEX)
06-04 15:04:47.506 476 701 D CCodecConfig: c2 config diff is Dict {
06-04 15:04:47.506 476 701 D CCodecConfig: c2::u32 coded.bitrate.value = 64000
06-04 15:04:47.506 476 701 D CCodecConfig: c2::u32 input.buffers.max-size.value = 32768
06-04 15:04:47.506 476 701 D CCodecConfig: c2::u32 input.delay.value = 0
06-04 15:04:47.506 476 701 D CCodecConfig: string input.media-type.value = "audio/vorbis"
06-04 15:04:47.506 476 701 D CCodecConfig: string output.media-type.value = "audio/raw"
06-04 15:04:47.506 476 701 D CCodecConfig: c2::u32 raw.channel-count.value = 1
06-04 15:04:47.506 476 701 D CCodecConfig: c2::u32 raw.sample-rate.value = 48000
06-04 15:04:47.506 476 701 D CCodecConfig: }
06-04 15:04:47.504 897 897 I Thread-2: type=1400 audit(0.0:337): avc: denied { execute } for name="am" dev="dm-1" ino=1160 scontext=u:r:system_app:s0 tcontext=u:object_r:vendor_file:s0 tclass=file permissive=1
