06-04 15:07:14.565 3108 3108 W audit : audit_lost=658 audit_rate_limit=5 audit_backlog_limit=64
06-04 15:07:14.565 3108 3108 E audit : rate limit exceeded
06-04 15:07:14.721 262 294 D hdmi-cec: receive invalid cec message!
06-04 15:07:14.721 262 294 D hdmi-cec: receive poll message [04], skip!
06-04 15:07:15.263 476 520 W IorapForwardingService: No service published for: iorapd
06-04 15:07:15.474 654 654 E WifiHAL : wifi_get_link_stats: requestResponse Error:-5
06-04 15:07:15.475 476 608 E WifiVendorHal: getWifiLinkLayerStats_1_5_Internal(l.1191) failed {.code = ERROR_INVALID_ARGS, .description = }
06-04 15:07:16.265 476 520 W IorapForwardingService: No service published for: iorapd
06-04 15:07:17.071 1080 1109 I OpenGLRenderer: Davey! duration=9223371871883ms; Flags=0, FrameTimelineVsyncId=5013, IntendedVsync=164970463358, Vsync=164970463358, InputEventId=0, HandleInputStart=164973495453, AnimationStart=164973500620, PerformTraversalsStart=164973824203, DrawStart=164974793620, FrameDeadline=164987130024, FrameInterval=164973484828, FrameStartTime=16666666, SyncQueued=164976214161, SyncStart=164976628245, IssueDrawCommandsStart=164977926328, SwapBuffers=164990015161, FrameCompleted=9223372036854775807, DequeueBufferDuration=67125, QueueBufferDuration=2520667, GpuCompleted=9223372036854775807, SwapBuffersCompleted=165004499370, DisplayPresentTime=0,
06-04 15:07:17.083 386 386 W hdr10p_Configure: 138 callbacks suppressed
06-04 15:07:17.083 386 386 I : DVI mode selected: packets not configured
06-04 15:07:17.083 386 386 W set_vsif_config: 138 callbacks suppressed
06-04 15:07:17.083 386 386 I : Error: set vsif failed
06-04 15:07:17.083 386 386 I : DVI mode selected: packets not configured
06-04 15:07:17.083 386 386 I : Error: set vsif failed
06-04 15:07:17.103 1080 1109 I OpenGLRenderer: Davey! duration=9223371871854ms; Flags=0, FrameTimelineVsyncId=5014, IntendedVsync=164987130024, Vsync=164987130024, InputEventId=0, HandleInputStart=164988276161, AnimationStart=164988284161, PerformTraversalsStart=164988717286, DrawStart=164990513495, FrameDeadline=165020463356, FrameInterval=164988257286, FrameStartTime=16666666, SyncQueued=164991628036, SyncStart=165005120953, IssueDrawCommandsStart=165007427536, SwapBuffers=165024983328, FrameCompleted=9223372036854775807, DequeueBufferDuration=69500, QueueBufferDuration=1665708, GpuCompleted=9223372036854775807, SwapBuffersCompleted=165027754870, DisplayPresentTime=0,
06-04 15:07:17.106 386 386 I : DVI mode selected: packets not configured
06-04 15:07:17.106 386 386 I : Error: set vsif failed
06-04 15:07:17.106 386 386 I : DVI mode selected: packets not configured
06-04 15:07:17.106 386 386 I : Error: set vsif failed
06-04 15:07:17.120 1080 2469 I OpenGLRenderer: Davey! duration=9223371871833ms; Flags=0, FrameTimelineVsyncId=5016, IntendedVsync=165003796690, Vsync=165003796690, InputEventId=0, HandleInputStart=165008811203, AnimationStart=165008818245, PerformTraversalsStart=165009603370, DrawStart=165010431036, FrameDeadline=165037130022, FrameInterval=165008794078, FrameStartTime=16666666, SyncQueued=165010705536, SyncStart=165028270286, IssueDrawCommandsStart=165030053078, SwapBuffers=165044370495, FrameCompleted=9223372036854775807, DequeueBufferDuration=116125, QueueBufferDuration=1978041, GpuCompleted=9223372036854775807, SwapBuffersCompleted=165047465703, DisplayPresentTime=0,
06-04 15:07:17.127 386 386 I : DVI mode selected: packets not configured
06-04 15:07:17.127 386 386 I : Error: set vsif failed
06-04 15:07:17.127 386 386 I : DVI mode selected: packets not configured
06-04 15:07:17.127 386 386 I : Error: set vsif failed
06-04 15:07:17.136 1080 2469 I OpenGLRenderer: Davey! duration=9223371871817ms; Flags=0, FrameTimelineVsyncId=5017, IntendedVsync=165020913812, Vsync=165020913812, InputEventId=0, HandleInputStart=165030589120, AnimationStart=165030593161, PerformTraversalsStart=165031230953, DrawStart=165031515661, FrameDeadline=165054247144, FrameInterval=165030578245, FrameStartTime=16666666, SyncQueued=165031631411, SyncStart=165047922120, IssueDrawCommandsStart=165049413036, SwapBuffers=165062034661, FrameCompleted=9223372036854775807, DequeueBufferDuration=51791, QueueBufferDuration=1935583, GpuCompleted=9223372036854775807, SwapBuffersCompleted=165066061120, DisplayPresentTime=0,
06-04 15:07:17.145 386 386 I : DVI mode selected: packets not configured
06-04 15:07:17.145 386 386 I : Error: set vsif failed
06-04 15:07:17.145 386 386 I : DVI mode selected: packets not configured
06-04 15:07:17.145 386 386 I : Error: set vsif failed
06-04 15:07:17.156 386 386 I : DVI mode selected: packets not configured
06-04 15:07:17.156 386 386 I : Error: set vsif failed
06-04 15:07:17.156 386 386 I : DVI mode selected: packets not configured
06-04 15:07:17.156 386 386 I : Error: set vsif failed
06-04 15:07:17.185 1080 1109 I OpenGLRenderer: Davey! duration=9223371871797ms; Flags=0, FrameTimelineVsyncId=5021, IntendedVsync=165054247144, Vsync=165070913810, InputEventId=0, HandleInputStart=165078380161, AnimationStart=165078385870, PerformTraversalsStart=165078798911, DrawStart=165080603120, FrameDeadline=165087580476, FrameInterval=165078362120, FrameStartTime=16666666, SyncQueued=165081316661, SyncStart=165084419870, IssueDrawCommandsStart=165085642578, SwapBuffers=165097766328, FrameCompleted=9223372036854775807, DequeueBufferDuration=48250, QueueBufferDuration=2100000, GpuCompleted=9223372036854775807, SwapBuffersCompleted=165107102745, DisplayPresentTime=0,
06-04 15:07:17.202 1080 1109 I OpenGLRenderer: Davey! duration=9223371871752ms; Flags=0, FrameTimelineVsyncId=5025, IntendedVsync=165087573733, Vsync=165087573733, InputEventId=0, HandleInputStart=165088452911, AnimationStart=165088458411, PerformTraversalsStart=165090448078, DrawStart=165092650911, FrameDeadline=165120907065, FrameInterval=165088441703, FrameStartTime=16666666, SyncQueued=165092809328, SyncStart=165107532328, IssueDrawCommandsStart=165109218286, SwapBuffers=165119974203, FrameCompleted=9223372036854775807, DequeueBufferDuration=80167, QueueBufferDuration=2129000, GpuCompleted=9223372036854775807, SwapBuffersCompleted=165124297578, DisplayPresentTime=0,
06-04 15:07:17.217 1080 1109 I OpenGLRenderer: Davey! duration=9223371871736ms; Flags=0, FrameTimelineVsyncId=5026, IntendedVsync=165104240031, Vsync=165104240031, InputEventId=0, HandleInputStart=165109893036, AnimationStart=165109895620, PerformTraversalsStart=165110453036, DrawStart=165110777786, FrameDeadline=165137573363, FrameInterval=165109883495, FrameStartTime=16666666, SyncQueued=165110940203, SyncStart=165124775953, IssueDrawCommandsStart=165126079620, SwapBuffers=165132082620, FrameCompleted=9223372036854775807, DequeueBufferDuration=50458, QueueBufferDuration=6986791, GpuCompleted=9223372036854775807, SwapBuffersCompleted=165140987328, DisplayPresentTime=0,
06-04 15:07:17.268 476 520 W IorapForwardingService: No service published for: iorapd
06-04 15:07:17.452 2735 2735 I efs-base: type=1400 audit(0.0:1213): avc: denied { getattr } for path="/data/user/0/com.dangbei.screencast/app_UApm/5fc60c21094d637f3130af19/ready" dev="mmcblk0p25" ino=2091 scontext=u:r:platform_app:s0:c512,c768 tcontext=u:object_r:app_data_file:s0:c512,c768 tclass=dir permissive=1 app=com.dangbei.screencast
06-04 15:07:17.702 1080 2469 I OpenGLRenderer: Davey! duration=9223371871252ms; Flags=0, FrameTimelineVsyncId=5082, IntendedVsync=165570471100, Vsync=165570471100, InputEventId=0, HandleInputStart=165577291620, AnimationStart=165577296037, PerformTraversalsStart=165578276453, DrawStart=165578843078, FrameDeadline=165603804432, FrameInterval=165577283120, FrameStartTime=16666666, SyncQueued=165579216703, SyncStart=165610932787, IssueDrawCommandsStart=165612143578, SwapBuffers=165621277495, FrameCompleted=9223372036854775807, DequeueBufferDuration=35000, QueueBufferDuration=1433209, GpuCompleted=9223372036854775807, SwapBuffersCompleted=165626314203, DisplayPresentTime=0,
06-04 15:07:17.740 2735 2792 I efs.base: wa upload succ, HttpResponse {succ=true, code=200, data='暂不支持该服务', extra={req_url=https://errlog.umeng.com/api/crashsdk/logcollect}}
06-04 15:07:18.270 476 520 W IorapForwardingService: No service published for: iorapd
06-04 15:07:18.488 654 654 E WifiHAL : wifi_get_link_stats: requestResponse Error:-5
06-04 15:07:18.491 476 608 E WifiVendorHal: getWifiLinkLayerStats_1_5_Internal(l.1191) failed {.code = ERROR_INVALID_ARGS, .description = }
06-04 15:07:18.829 476 997 W ZramWriteback: Writeback device is not set
06-04 15:07:18.829 476 997 D ZramWriteback: wait to flush
06-04 15:07:19.273 476 520 W IorapForwardingService: No service published for: iorapd
06-04 15:07:19.472 3080 3080 I /apex/com.android.adbd/bin/adbd: type=1400 audit(0.0:1214): avc: denied { search } for comm=73796E6320737663203632 name="bluetooth" dev="mmcblk0p25" ino=33 scontext=u:r:su:s0 tcontext=u:object_r:bluetooth_data_file:s0 tclass=dir permissive=1
06-04 15:07:19.476 3080 3080 I /apex/com.android.adbd/bin/adbd: type=1400 audit(0.0:1215): avc: denied { getattr } for comm=73796E6320737663203632 path="/data/misc/bluetooth/logs" dev="mmcblk0p25" ino=34 scontext=u:r:su:s0 tcontext=u:object_r:bluetooth_logs_data_file:s0 tclass=dir permissive=1
06-04 15:07:19.560 3080 3080 I /apex/com.android.adbd/bin/adbd: type=1400 audit(0.0:1216): avc: denied { read } for comm=73796E6320737663203632 name="logs" dev="mmcblk0p25" ino=34 scontext=u:r:su:s0 tcontext=u:object_r:bluetooth_logs_data_file:s0 tclass=dir permissive=1
06-04 15:07:19.560 3080 3080 I /apex/com.android.adbd/bin/adbd: type=1400 audit(0.0:1217): avc: denied { open } for comm=73796E6320737663203632 path="/data/misc/bluetooth/logs" dev="mmcblk0p25" ino=34 scontext=u:r:su:s0 tcontext=u:object_r:bluetooth_logs_data_file:s0 tclass=dir permissive=1
06-04 15:07:19.560 3080 3080 I /apex/com.android.adbd/bin/adbd: type=1400 audit(0.0:1218): avc: denied { search } for comm=73796E6320737663203632 name="logs" dev="mmcblk0p25" ino=34 scontext=u:r:su:s0 tcontext=u:object_r:bluetooth_logs_data_file:s0 tclass=dir permissive=1
06-04 15:07:19.564 3080 3080 I /apex/com.android.adbd/bin/adbd: type=1400 audit(0.0:1219): avc: denied { getattr } for comm=73796E6320737663203632 path="/data/misc/bluetooth" dev="mmcblk0p25" ino=33 scontext=u:r:su:s0 tcontext=u:object_r:bluetooth_data_file:s0 tclass=dir permissive=1
06-04 15:07:19.564 3080 3080 I /apex/com.android.adbd/bin/adbd: type=1400 audit(0.0:1220): avc: denied { getattr } for comm=73796E6320737663203632 path="/data/misc/bluetooth/logs/btsnoop_hci.log" dev="mmcblk0p25" ino=6496 scontext=u:r:su:s0 tcontext=u:object_r:bluetooth_logs_data_file:s0 tclass=file permissive=1
06-04 15:07:19.628 3080 3080 I /apex/com.android.adbd/bin/adbd: type=1400 audit(0.0:1221): avc: denied { read } for comm=73796E6320737663203632 name="btsnoop_hci.log" dev="mmcblk0p25" ino=6496 scontext=u:r:su:s0 tcontext=u:object_r:bluetooth_logs_data_file:s0 tclass=file permissive=1
06-04 15:07:19.628 3080 3080 I /apex/com.android.adbd/bin/adbd: type=1400 audit(0.0:1222): avc: denied { open } for comm=73796E6320737663203632 path="/data/misc/bluetooth/logs/btsnoop_hci.log" dev="mmcblk0p25" ino=6496 scontext=u:r:su:s0 tcontext=u:object_r:bluetooth_logs_data_file:s0 tclass=file permissive=1
06-04 15:07:20.088 1080 2469 I OpenGLRenderer: Davey! duration=9223371868867ms; Flags=0, FrameTimelineVsyncId=5088, IntendedVsync=167987197443, Vsync=167987197443, InputEventId=0, HandleInputStart=167987923288, AnimationStart=167987929204, PerformTraversalsStart=167988505329, DrawStart=167990711996, FrameDeadline=168020530775, FrameInterval=167987912913, FrameStartTime=16666666, SyncQueued=167992425496, SyncStart=167992993163, IssueDrawCommandsStart=167994432038, SwapBuffers=168012759413, FrameCompleted=9223372036854775807, DequeueBufferDuration=73709, QueueBufferDuration=2274125, GpuCompleted=9223372036854775807, SwapBuffersCompleted=168016525663, DisplayPresentTime=0,
06-04 15:07:20.152 1080 2469 I OpenGLRenderer: Davey! duration=9223371868804ms; Flags=0, FrameTimelineVsyncId=5092, IntendedVsync=168037574906, Vsync=168037574906, InputEventId=0, HandleInputStart=168042074621, AnimationStart=168042076913, PerformTraversalsStart=168042591954, DrawStart=168042861954, FrameDeadline=168070908238, FrameInterval=168042063288, FrameStartTime=16666666, SyncQueued=168042965996, SyncStart=168055747829, IssueDrawCommandsStart=168059056663, SwapBuffers=168072479204, FrameCompleted=9223372036854775807, DequeueBufferDuration=3058000, QueueBufferDuration=967917, GpuCompleted=9223372036854775807, SwapBuffersCompleted=168077661496, DisplayPresentTime=0,
06-04 15:07:20.184 1080 1780 I OpenGLRenderer: Davey! duration=9223371868775ms; Flags=0, FrameTimelineVsyncId=5096, IntendedVsync=168070908238, Vsync=168070908238, InputEventId=0, HandleInputStart=168084697829, AnimationStart=168084704496, PerformTraversalsStart=168085066163, DrawStart=168086176079, FrameDeadline=168104241570, FrameInterval=168084685996, FrameStartTime=16666666, SyncQueued=168086715246, SyncStart=168094635871, IssueDrawCommandsStart=168096489163, SwapBuffers=168105007788, FrameCompleted=9223372036854775807, DequeueBufferDuration=60750, QueueBufferDuration=995792, GpuCompleted=9223372036854775807, SwapBuffersCompleted=168117621163, DisplayPresentTime=0,
06-04 15:07:20.201 1080 1780 I OpenGLRenderer: Davey! duration=9223371868747ms; Flags=0, FrameTimelineVsyncId=5098, IntendedVsync=168087576352, Vsync=168087576352, InputEventId=0, HandleInputStart=168096960371, AnimationStart=168096965663, PerformTraversalsStart=168097473788, DrawStart=168097716079, FrameDeadline=168120909684, FrameInterval=168096950996, FrameStartTime=16666666, SyncQueued=168097810538, SyncStart=168117973038, IssueDrawCommandsStart=168119197579, SwapBuffers=168128247871, FrameCompleted=9223372036854775807, DequeueBufferDuration=35792, QueueBufferDuration=4164500, GpuCompleted=9223372036854775807, SwapBuffersCompleted=168133652871, DisplayPresentTime=0,
06-04 15:07:20.219 1080 1780 I OpenGLRenderer: Davey! duration=9223371868736ms; Flags=0, FrameTimelineVsyncId=5100, IntendedVsync=168104243427, Vsync=168104243427, InputEventId=0, HandleInputStart=168119771746, AnimationStart=168119774496, PerformTraversalsStart=168120064246, DrawStart=168120256204, FrameDeadline=168137576759, FrameInterval=168119765163, FrameStartTime=16666666, SyncQueued=168120347246, SyncStart=168134158204, IssueDrawCommandsStart=168135723579, SwapBuffers=168143575954, FrameCompleted=9223372036854775807, DequeueBufferDuration=51250, QueueBufferDuration=5349792, GpuCompleted=9223372036854775807, SwapBuffersCompleted=168150141663, DisplayPresentTime=0,
06-04 15:07:20.276 476 520 W IorapForwardingService: No service published for: iorapd
06-04 15:07:20.401 1190 1190 D bbb : onStartCommand begin !!!!!!! data分区剩余 24982MB
06-04 15:07:20.403 1125 1125 D aaa : LedStatusService onStartCommand begin
06-04 15:07:20.409 1125 3123 D aaa : topPkg is -------------- :com.dangbei.haqusetting
06-04 15:07:21.278 476 520 W IorapForwardingService: No service published for: iorapd
06-04 15:07:21.506 654 654 E WifiHAL : wifi_get_link_stats: requestResponse Error:-5
06-04 15:07:21.509 476 608 E WifiVendorHal: getWifiLinkLayerStats_1_5_Internal(l.1191) failed {.code = ERROR_INVALID_ARGS, .description = }
06-04 15:07:21.849 2140 2207 D UtilLog : 日志批量上报 进行正常循环 !!!!!!本次有0次请求,共0条数据
06-04 15:07:22.281 476 520 W IorapForwardingService: No service published for: iorapd
06-04 15:07:23.088 1080 1109 I OpenGLRenderer: Davey! duration=9223371865867ms; Flags=0, FrameTimelineVsyncId=5163, IntendedVsync=170987134235, Vsync=170987134235, InputEventId=0, HandleInputStart=170987944414, AnimationStart=170987949789, PerformTraversalsStart=170988276789, DrawStart=170989245622, FrameDeadline=171003800901, FrameInterval=170987933706, FrameStartTime=16666666, SyncQueued=170990687914, SyncStart=170991099247, IssueDrawCommandsStart=170992596747, SwapBuffers=171003556456, FrameCompleted=9223372036854775807, DequeueBufferDuration=64625, QueueBufferDuration=2584084, GpuCompleted=9223372036854775807, SwapBuffersCompleted=171016329456, DisplayPresentTime=0,
06-04 15:07:23.096 386 386 W hdr10p_Configure: 134 callbacks suppressed
06-04 15:07:23.096 386 386 I : DVI mode selected: packets not configured
06-04 15:07:23.096 386 386 W set_vsif_config: 134 callbacks suppressed
06-04 15:07:23.096 386 386 I : Error: set vsif failed
06-04 15:07:23.096 386 386 I : DVI mode selected: packets not configured
06-04 15:07:23.096 386 386 I : Error: set vsif failed
06-04 15:07:23.125 386 386 I : DVI mode selected: packets not configured
06-04 15:07:23.125 386 386 I : Error: set vsif failed
06-04 15:07:23.125 386 386 I : DVI mode selected: packets not configured
06-04 15:07:23.125 386 386 I : Error: set vsif failed
06-04 15:07:23.135 1080 1109 I OpenGLRenderer: Davey! duration=9223371865816ms; Flags=0, FrameTimelineVsyncId=5166, IntendedVsync=171020900667, Vsync=171020900667, InputEventId=0, HandleInputStart=171021755831, AnimationStart=171021763414, PerformTraversalsStart=171022409039, DrawStart=171023235248, FrameDeadline=171054233999, FrameInterval=171021739164, FrameStartTime=16666666, SyncQueued=171023391414, SyncStart=171040279456, IssueDrawCommandsStart=171041395498, SwapBuffers=171053095831, FrameCompleted=9223372036854775807, DequeueBufferDuration=64958, QueueBufferDuration=2843833, GpuCompleted=9223372036854775807, SwapBuffersCompleted=171057082081, DisplayPresentTime=0,
06-04 15:07:23.139 386 386 I : DVI mode selected: packets not configured
06-04 15:07:23.139 386 386 I : Error: set vsif failed
06-04 15:07:23.139 386 386 I : DVI mode selected: packets not configured
06-04 15:07:23.139 386 386 I : Error: set vsif failed
06-04 15:07:23.152 1080 1109 I OpenGLRenderer: Davey! duration=9223371865803ms; Flags=0, FrameTimelineVsyncId=5167, IntendedVsync=171037567333, Vsync=171037567333, InputEventId=0, HandleInputStart=171042630664, AnimationStart=171042633789, PerformTraversalsStart=171043250748, DrawStart=171043498248, FrameDeadline=171070900665, FrameInterval=171042621248, FrameStartTime=16666666, SyncQueued=171043618081, SyncStart=171057492081, IssueDrawCommandsStart=171059575956, SwapBuffers=171072508956, FrameCompleted=9223372036854775807, DequeueBufferDuration=1991916, QueueBufferDuration=1245000, GpuCompleted=9223372036854775807, SwapBuffersCompleted=171078016831, DisplayPresentTime=0,
06-04 15:07:23.158 386 386 I : DVI mode selected: packets not configured
06-04 15:07:23.158 386 386 I : Error: set vsif failed
06-04 15:07:23.158 386 386 I : DVI mode selected: packets not configured
06-04 15:07:23.158 386 386 I : Error: set vsif failed
06-04 15:07:23.171 386 386 I : DVI mode selected: packets not configured
06-04 15:07:23.171 386 386 I : Error: set vsif failed
06-04 15:07:23.171 386 386 I : DVI mode selected: packets not configured
06-04 15:07:23.171 386 386 I : Error: set vsif failed
06-04 15:07:23.202 1080 1109 I OpenGLRenderer: Davey! duration=9223371865765ms; Flags=0, FrameTimelineVsyncId=5173, IntendedVsync=171087573179, Vsync=171087573179, InputEventId=0, HandleInputStart=171100265373, AnimationStart=171100267748, PerformTraversalsStart=171100524498, DrawStart=171101371164, FrameDeadline=171120906511, FrameInterval=171100255789, FrameStartTime=16666666, SyncQueued=171101808373, SyncStart=171103425789, IssueDrawCommandsStart=171105678331, SwapBuffers=171118736748, FrameCompleted=9223372036854775807, DequeueBufferDuration=2432500, QueueBufferDuration=1760542, GpuCompleted=9223372036854775807, SwapBuffersCompleted=171122499248, DisplayPresentTime=0,
06-04 15:07:23.218 1080 1109 I OpenGLRenderer: Davey! duration=9223371865734ms; Flags=0, FrameTimelineVsyncId=5175, IntendedVsync=171104240407, Vsync=171104240407, InputEventId=0, HandleInputStart=171106057331, AnimationStart=171106059498, PerformTraversalsStart=171106637789, DrawStart=171106860998, FrameDeadline=171137573739, FrameInterval=171106049539, FrameStartTime=16666666, SyncQueued=171106959539, SyncStart=171123482206, IssueDrawCommandsStart=171125555998, SwapBuffers=171135425956, FrameCompleted=9223372036854775807, DequeueBufferDuration=43125, QueueBufferDuration=1889208, GpuCompleted=9223372036854775807, SwapBuffersCompleted=171139230956, DisplayPresentTime=0,
06-04 15:07:23.234 1080 1109 I OpenGLRenderer: Davey! duration=9223371865719ms; Flags=0, FrameTimelineVsyncId=5177, IntendedVsync=171120516435, Vsync=171120516435, InputEventId=0, HandleInputStart=171126071956, AnimationStart=171126074248, PerformTraversalsStart=171126456539, DrawStart=171126742164, FrameDeadline=171153849767, FrameInterval=171126061998, FrameStartTime=16666666, SyncQueued=171126860248, SyncStart=171141149164, IssueDrawCommandsStart=171142563289, SwapBuffers=171148712664, FrameCompleted=9223372036854775807, DequeueBufferDuration=49542, QueueBufferDuration=6344167, GpuCompleted=9223372036854775807, SwapBuffersCompleted=171156223123, DisplayPresentTime=0,
06-04 15:07:23.284 476 520 W IorapForwardingService: No service published for: iorapd
06-04 15:07:23.335 1080 1109 I OpenGLRenderer: Davey! duration=9223371865626ms; Flags=0, FrameTimelineVsyncId=5189, IntendedVsync=171220167808, Vsync=171220167808, InputEventId=0, HandleInputStart=171220805456, AnimationStart=171220810373, PerformTraversalsStart=171221159956, DrawStart=171221363039, FrameDeadline=171253501140, FrameInterval=171220797081, FrameStartTime=16666666, SyncQueued=171221453206, SyncStart=171229988248, IssueDrawCommandsStart=171230890373, SwapBuffers=171251603623, FrameCompleted=9223372036854775807, DequeueBufferDuration=10624750, QueueBufferDuration=1299208, GpuCompleted=9223372036854775807, SwapBuffersCompleted=171270724081, DisplayPresentTime=0,
06-04 15:07:24.287 476 520 W IorapForwardingService: No service published for: iorapd
06-04 15:07:24.523 654 654 E WifiHAL : wifi_get_link_stats: requestResponse Error:-5
06-04 15:07:24.527 476 608 E WifiVendorHal: getWifiLinkLayerStats_1_5_Internal(l.1191) failed {.code = ERROR_INVALID_ARGS, .description = }
06-04 15:07:25.289 476 520 W IorapForwardingService: No service published for: iorapd
06-04 15:07:25.868 2735 2744 I gbei.screencas: Background concurrent copying GC freed 75554(5663KB) AllocSpace objects, 8(160KB) LOS objects, 49% free, 6426KB/12MB, paused 138us total 159.508ms
06-04 15:07:26.106 1080 1109 I OpenGLRenderer: Davey! duration=9223371862850ms; Flags=0, FrameTimelineVsyncId=5238, IntendedVsync=174003803652, Vsync=174003803652, InputEventId=0, HandleInputStart=174004554416, AnimationStart=174004560624, PerformTraversalsStart=174004819332, DrawStart=174005881374, FrameDeadline=174020470318, FrameInterval=174004545082, FrameStartTime=16666666, SyncQueued=174007667666, SyncStart=174008077791, IssueDrawCommandsStart=174009252832, SwapBuffers=174024773999, FrameCompleted=9223372036854775807, DequeueBufferDuration=63666, QueueBufferDuration=3201292, GpuCompleted=9223372036854775807, SwapBuffersCompleted=174030100166, DisplayPresentTime=0,
06-04 15:07:26.137 1080 1109 I OpenGLRenderer: Davey! duration=9223371862826ms; Flags=0, FrameTimelineVsyncId=5239, IntendedVsync=174020470318, Vsync=174020470318, InputEventId=0, HandleInputStart=174021219082, AnimationStart=174021223707, PerformTraversalsStart=174021558457, DrawStart=174022424207, FrameDeadline=174053803650, FrameInterval=174021205041, FrameStartTime=16666666, SyncQueued=174022888124, SyncStart=174030804291, IssueDrawCommandsStart=174033523166, SwapBuffers=174054933999, FrameCompleted=9223372036854775807, DequeueBufferDuration=108042, QueueBufferDuration=2155583, GpuCompleted=9223372036854775807, SwapBuffersCompleted=174058360832, DisplayPresentTime=0,
06-04 15:07:26.152 1080 1109 I OpenGLRenderer: Davey! duration=9223371862804ms; Flags=0, FrameTimelineVsyncId=5241, IntendedVsync=174037566335, Vsync=174037566335, InputEventId=0, HandleInputStart=174042881666, AnimationStart=174042889082, PerformTraversalsStart=174045361749, DrawStart=174046114499, FrameDeadline=174070899667, FrameInterval=174042862791, FrameStartTime=16666666, SyncQueued=174046231832, SyncStart=174058822041, IssueDrawCommandsStart=174060674291, SwapBuffers=174074612124, FrameCompleted=9223372036854775807, DequeueBufferDuration=81583, QueueBufferDuration=1873166, GpuCompleted=9223372036854775807, SwapBuffersCompleted=174078932416, DisplayPresentTime=0,
06-04 15:07:26.171 1080 1109 I OpenGLRenderer: Davey! duration=9223371862784ms; Flags=0, FrameTimelineVsyncId=5242, IntendedVsync=174054233001, Vsync=174054233001, InputEventId=0, HandleInputStart=174061604749, AnimationStart=174061609999, PerformTraversalsStart=174062473791, DrawStart=174062880624, FrameDeadline=174087566333, FrameInterval=174061591249, FrameStartTime=16666666, SyncQueued=174063373457, SyncStart=174079440041, IssueDrawCommandsStart=174081100499, SwapBuffers=174093749457, FrameCompleted=9223372036854775807, DequeueBufferDuration=72500, QueueBufferDuration=1384708, GpuCompleted=9223372036854775807, SwapBuffersCompleted=174096208207, DisplayPresentTime=0,
06-04 15:07:26.202 1080 1109 I OpenGLRenderer: Davey! duration=9223371862765ms; Flags=0, FrameTimelineVsyncId=5246, IntendedVsync=174087566333, Vsync=174104232999, InputEventId=0, HandleInputStart=174104458582, AnimationStart=174104467291, PerformTraversalsStart=174108209791, DrawStart=174110968749, FrameDeadline=174120899665, FrameInterval=174104440332, FrameStartTime=16666666, SyncQueued=174111645249, SyncStart=174113128582, IssueDrawCommandsStart=174114833791, SwapBuffers=174121814457, FrameCompleted=9223372036854775807, DequeueBufferDuration=54542, QueueBufferDuration=2443541, GpuCompleted=9223372036854775807, SwapBuffersCompleted=174125587249, DisplayPresentTime=0,
06-04 15:07:26.217 1080 1109 I OpenGLRenderer: Davey! duration=9223371862730ms; Flags=0, FrameTimelineVsyncId=5250, IntendedVsync=174120917569, Vsync=174120917569, InputEventId=0, HandleInputStart=174121780624, AnimationStart=174121785791, PerformTraversalsStart=174122206832, DrawStart=174122450249, FrameDeadline=174154250901, FrameInterval=174121765457, FrameStartTime=16666666, SyncQueued=174122530291, SyncStart=174125867082, IssueDrawCommandsStart=174126858166, SwapBuffers=174132267582, FrameCompleted=9223372036854775807, DequeueBufferDuration=50834, QueueBufferDuration=7431709, GpuCompleted=9223372036854775807, SwapBuffersCompleted=174140714082, DisplayPresentTime=0,
06-04 15:07:26.235 1080 1109 I OpenGLRenderer: Davey! duration=9223371862715ms; Flags=0, FrameTimelineVsyncId=5252, IntendedVsync=174137194606, Vsync=174137194606, InputEventId=0, HandleInputStart=174137885582, AnimationStart=174137890916, PerformTraversalsStart=174138452082, DrawStart=174138694207, FrameDeadline=174170527938, FrameInterval=174137870999, FrameStartTime=16666666, SyncQueued=174138804666, SyncStart=174141366207, IssueDrawCommandsStart=174143217749, SwapBuffers=174151192791, FrameCompleted=9223372036854775807, DequeueBufferDuration=66208, QueueBufferDuration=5146916, GpuCompleted=9223372036854775807, SwapBuffersCompleted=174157314707, DisplayPresentTime=0,
06-04 15:07:26.292 476 520 W IorapForwardingService: No service published for: iorapd
06-04 15:07:26.701 1080 1780 I OpenGLRenderer: Davey! duration=9223371862250ms; Flags=0, FrameTimelineVsyncId=5308, IntendedVsync=174603805184, Vsync=174603805184, InputEventId=0, HandleInputStart=174604607166, AnimationStart=174604615749, PerformTraversalsStart=174606551499, DrawStart=174607198083, FrameDeadline=174637138516, FrameInterval=174604589124, FrameStartTime=16666666, SyncQueued=174608790291, SyncStart=174609188916, IssueDrawCommandsStart=174610572666, SwapBuffers=174619773208, FrameCompleted=9223372036854775807, DequeueBufferDuration=45000, QueueBufferDuration=946375, GpuCompleted=9223372036854775807, SwapBuffersCompleted=174629657208, DisplayPresentTime=0,
06-04 15:07:27.294 476 520 W IorapForwardingService: No service published for: iorapd
06-04 15:07:27.542 654 654 E WifiHAL : wifi_get_link_stats: requestResponse Error:-5
06-04 15:07:27.544 476 608 E WifiVendorHal: getWifiLinkLayerStats_1_5_Internal(l.1191) failed {.code = ERROR_INVALID_ARGS, .description = }
06-04 15:07:28.295 476 520 W IorapForwardingService: No service published for: iorapd
06-04 15:07:28.423 1125 1125 D aaa : LedStatusService onStartCommand begin
06-04 15:07:28.424 1125 3135 D aaa : topPkg is -------------- :com.dangbei.haqusetting
06-04 15:07:28.435 1190 1190 D bbb : onStartCommand begin !!!!!!! data分区剩余 24982MB
06-04 15:07:29.105 1080 1780 I OpenGLRenderer: Davey! duration=9223371859850ms; Flags=0, FrameTimelineVsyncId=5313, IntendedVsync=177003801446, Vsync=177003801446, InputEventId=0, HandleInputStart=177004367375, AnimationStart=177004370667, PerformTraversalsStart=177004550042, DrawStart=177005287209, FrameDeadline=177037134778, FrameInterval=177004359542, FrameStartTime=16666666, SyncQueued=177006761292, SyncStart=177007083375, IssueDrawCommandsStart=177007967042, SwapBuffers=177025214334, FrameCompleted=9223372036854775807, DequeueBufferDuration=50375, QueueBufferDuration=2597334, GpuCompleted=9223372036854775807, SwapBuffersCompleted=177029388625, DisplayPresentTime=0,
06-04 15:07:29.108 386 386 W hdr10p_Configure: 134 callbacks suppressed
06-04 15:07:29.108 386 386 I : DVI mode selected: packets not configured
06-04 15:07:29.108 386 386 W set_vsif_config: 134 callbacks suppressed
06-04 15:07:29.108 386 386 I : Error: set vsif failed
06-04 15:07:29.108 386 386 I : DVI mode selected: packets not configured
06-04 15:07:29.108 386 386 I : Error: set vsif failed
06-04 15:07:29.122 1080 1780 I OpenGLRenderer: Davey! duration=9223371859827ms; Flags=0, FrameTimelineVsyncId=5314, IntendedVsync=177020468112, Vsync=177020468112, InputEventId=0, HandleInputStart=177021248917, AnimationStart=177021255417, PerformTraversalsStart=177021606917, DrawStart=177022361292, FrameDeadline=177053801444, FrameInterval=177021237167, FrameStartTime=16666666, SyncQueued=177022855625, SyncStart=177029920042, IssueDrawCommandsStart=177032495709, SwapBuffers=177050146042, FrameCompleted=9223372036854775807, DequeueBufferDuration=108833, QueueBufferDuration=1864750, GpuCompleted=9223372036854775807, SwapBuffersCompleted=177052926542, DisplayPresentTime=0,
06-04 15:07:29.132 386 386 I : DVI mode selected: packets not configured
06-04 15:07:29.132 386 386 I : Error: set vsif failed
06-04 15:07:29.132 386 386 I : DVI mode selected: packets not configured
06-04 15:07:29.132 386 386 I : Error: set vsif failed
06-04 15:07:29.138 1080 1780 I OpenGLRenderer: Davey! duration=9223371859804ms; Flags=0, FrameTimelineVsyncId=5316, IntendedVsync=177037568809, Vsync=177037568809, InputEventId=0, HandleInputStart=177038583667, AnimationStart=177038590917, PerformTraversalsStart=177039326750, DrawStart=177040449000, FrameDeadline=177070902141, FrameInterval=177038561917, FrameStartTime=16666666, SyncQueued=177040614709, SyncStart=177053330917, IssueDrawCommandsStart=177055286042, SwapBuffers=177067911834, FrameCompleted=9223372036854775807, DequeueBufferDuration=72708, QueueBufferDuration=1781167, GpuCompleted=9223372036854775807, SwapBuffersCompleted=177070815750, DisplayPresentTime=0,
06-04 15:07:29.150 386 386 I : DVI mode selected: packets not configured
06-04 15:07:29.150 386 386 I : Error: set vsif failed
06-04 15:07:29.150 386 386 I : DVI mode selected: packets not configured
06-04 15:07:29.150 386 386 I : Error: set vsif failed
06-04 15:07:29.172 386 386 I : DVI mode selected: packets not configured
06-04 15:07:29.172 386 386 I : Error: set vsif failed
06-04 15:07:29.172 386 386 I : DVI mode selected: packets not configured
06-04 15:07:29.172 386 386 I : Error: set vsif failed
06-04 15:07:29.188 386 386 I : DVI mode selected: packets not configured
06-04 15:07:29.188 386 386 I : Error: set vsif failed
06-04 15:07:29.189 386 386 I : DVI mode selected: packets not configured
06-04 15:07:29.189 386 386 I : Error: set vsif failed
06-04 15:07:29.202 1080 1780 I OpenGLRenderer: Davey! duration=9223371859752ms; Flags=0, FrameTimelineVsyncId=5322, IntendedVsync=177087568807, Vsync=177087568807, InputEventId=0, HandleInputStart=177090891875, AnimationStart=177090895125, PerformTraversalsStart=177091217000, DrawStart=177092532209, FrameDeadline=177120902139, FrameInterval=177090881000, FrameStartTime=16666666, SyncQueued=177093203584, SyncStart=177108283709, IssueDrawCommandsStart=177109415167, SwapBuffers=177118534209, FrameCompleted=9223372036854775807, DequeueBufferDuration=38042, QueueBufferDuration=1440000, GpuCompleted=9223372036854775807, SwapBuffersCompleted=177126429250, DisplayPresentTime=0,
06-04 15:07:29.217 1080 1780 I OpenGLRenderer: Davey! duration=9223371859734ms; Flags=0, FrameTimelineVsyncId=5324, IntendedVsync=177104253823, Vsync=177104253823, InputEventId=0, HandleInputStart=177109780667, AnimationStart=177109782584, PerformTraversalsStart=177110058875, DrawStart=177110243792, FrameDeadline=177137587155, FrameInterval=177109774292, FrameStartTime=16666666, SyncQueued=177110325917, SyncStart=177126782834, IssueDrawCommandsStart=177128223125, SwapBuffers=177134314125, FrameCompleted=9223372036854775807, DequeueBufferDuration=75416, QueueBufferDuration=7819166, GpuCompleted=9223372036854775807, SwapBuffersCompleted=177143173250, DisplayPresentTime=0,
06-04 15:07:29.234 1080 1780 I OpenGLRenderer: Davey! duration=9223371859719ms; Flags=0, FrameTimelineVsyncId=5326, IntendedVsync=177120922927, Vsync=177120922927, InputEventId=0, HandleInputStart=177128756917, AnimationStart=177128759292, PerformTraversalsStart=177129142709, DrawStart=177129359709, FrameDeadline=177154256259, FrameInterval=177128749167, FrameStartTime=16666666, SyncQueued=177129446917, SyncStart=177143921792, IssueDrawCommandsStart=177145507625, SwapBuffers=177151902625, FrameCompleted=9223372036854775807, DequeueBufferDuration=68834, QueueBufferDuration=6839917, GpuCompleted=9223372036854775807, SwapBuffersCompleted=177159847125, DisplayPresentTime=0,
06-04 15:07:29.297 476 520 W IorapForwardingService: No service published for: iorapd
06-04 15:07:29.717 1080 1780 I OpenGLRenderer: Davey! duration=9223371859246ms; Flags=0, FrameTimelineVsyncId=5383, IntendedVsync=177603803092, Vsync=177603803092, InputEventId=0, HandleInputStart=177604468001, AnimationStart=177604472917, PerformTraversalsStart=177605581917, DrawStart=177607395876, FrameDeadline=177637136424, FrameInterval=177604455001, FrameStartTime=16666666, SyncQueued=177607868584, SyncStart=177612824959, IssueDrawCommandsStart=177613747542, SwapBuffers=177637500167, FrameCompleted=9223372036854775807, DequeueBufferDuration=10695542, QueueBufferDuration=2058500, GpuCompleted=9223372036854775807, SwapBuffersCompleted=177641672709, DisplayPresentTime=0,
06-04 15:07:29.748 262 294 D hdmi-cec: receive invalid cec message!
06-04 15:07:29.748 262 294 D hdmi-cec: receive poll message [04], skip!
06-04 15:07:30.298 476 520 W IorapForwardingService: No service published for: iorapd
06-04 15:07:30.560 654 654 E WifiHAL : wifi_get_link_stats: requestResponse Error:-5
06-04 15:07:30.563 476 608 E WifiVendorHal: getWifiLinkLayerStats_1_5_Internal(l.1191) failed {.code = ERROR_INVALID_ARGS, .description = }
06-04 15:07:31.301 476 520 W IorapForwardingService: No service published for: iorapd
06-04 15:07:31.845 2140 2207 D UtilLog : 日志批量上报 进行正常循环 !!!!!!本次有0次请求,共0条数据
06-04 15:07:32.121 1080 1780 I OpenGLRenderer: Davey! duration=9223371856833ms; Flags=0, FrameTimelineVsyncId=5389, IntendedVsync=180020468531, Vsync=180020468531, InputEventId=0, HandleInputStart=180021131335, AnimationStart=180021136960, PerformTraversalsStart=180021366502, DrawStart=180022323752, FrameDeadline=180053801863, FrameInterval=180021121043, FrameStartTime=16666666, SyncQueued=180023656585, SyncStart=180024085585, IssueDrawCommandsStart=180025295752, SwapBuffers=180044847877, FrameCompleted=9223372036854775807, DequeueBufferDuration=59542, QueueBufferDuration=2724833, GpuCompleted=9223372036854775807, SwapBuffersCompleted=180049064668, DisplayPresentTime=0,
06-04 15:07:32.136 1080 1109 I OpenGLRenderer: Davey! duration=9223371856807ms; Flags=0, FrameTimelineVsyncId=5390, IntendedVsync=180037135197, Vsync=180037135197, InputEventId=0, HandleInputStart=180037760335, AnimationStart=180037766502, PerformTraversalsStart=180038088668, DrawStart=180038851293, FrameDeadline=180070468529, FrameInterval=180037748335, FrameStartTime=16666666, SyncQueued=180039321752, SyncStart=180049675752, IssueDrawCommandsStart=180051789335, SwapBuffers=180069151877, FrameCompleted=9223372036854775807, DequeueBufferDuration=93458, QueueBufferDuration=1208083, GpuCompleted=9223372036854775807, SwapBuffersCompleted=180071286502, DisplayPresentTime=0,
06-04 15:07:32.220 1080 1109 I OpenGLRenderer: Davey! duration=9223371856735ms; Flags=0, FrameTimelineVsyncId=5397, IntendedVsync=180104246276, Vsync=180104246276, InputEventId=0, HandleInputStart=180110842085, AnimationStart=180110847044, PerformTraversalsStart=180111111460, DrawStart=180112311627, FrameDeadline=180137579608, FrameInterval=180110831419, FrameStartTime=16666666, SyncQueued=180112855460, SyncStart=180128356002, IssueDrawCommandsStart=180129650210, SwapBuffers=180139302752, FrameCompleted=9223372036854775807, DequeueBufferDuration=57250, QueueBufferDuration=1829750, GpuCompleted=9223372036854775807, SwapBuffersCompleted=180142953960, DisplayPresentTime=0,
06-04 15:07:32.235 1080 1109 I OpenGLRenderer: Davey! duration=9223371856721ms; Flags=0, FrameTimelineVsyncId=5399, IntendedVsync=180120898924, Vsync=180120898924, InputEventId=0, HandleInputStart=180130107460, AnimationStart=180130112127, PerformTraversalsStart=180130476044, DrawStart=180130684627, FrameDeadline=180154232256, FrameInterval=180130097669, FrameStartTime=16666666, SyncQueued=180130778460, SyncStart=180143408710, IssueDrawCommandsStart=180145150544, SwapBuffers=180156693169, FrameCompleted=9223372036854775807, DequeueBufferDuration=84083, QueueBufferDuration=1454666, GpuCompleted=9223372036854775807, SwapBuffersCompleted=180159347085, DisplayPresentTime=0,
06-04 15:07:32.252 1080 1109 I OpenGLRenderer: Davey! duration=9223371856704ms; Flags=0, FrameTimelineVsyncId=5401, IntendedVsync=180137564274, Vsync=180137564274, InputEventId=0, HandleInputStart=180145942252, AnimationStart=180145947127, PerformTraversalsStart=180146396085, DrawStart=180146625835, FrameDeadline=180170897606, FrameInterval=180145931419, FrameStartTime=16666666, SyncQueued=180146729294, SyncStart=180159840710, IssueDrawCommandsStart=180161076544, SwapBuffers=180170431419, FrameCompleted=9223372036854775807, DequeueBufferDuration=47250, QueueBufferDuration=3162792, GpuCompleted=9223372036854775807, SwapBuffersCompleted=180174842419, DisplayPresentTime=0,
06-04 15:07:32.303 476 520 W IorapForwardingService: No service published for: iorapd
06-04 15:07:33.307 476 520 W IorapForwardingService: No service published for: iorapd
06-04 15:07:33.581 654 654 E WifiHAL : wifi_get_link_stats: requestResponse Error:-5
06-04 15:07:33.584 476 608 E WifiVendorHal: getWifiLinkLayerStats_1_5_Internal(l.1191) failed {.code = ERROR_INVALID_ARGS, .description = }
06-04 15:07:34.309 476 520 W IorapForwardingService: No service published for: iorapd
06-04 15:07:35.121 1080 1109 I OpenGLRenderer: Davey! duration=9223371853833ms; Flags=0, FrameTimelineVsyncId=5465, IntendedVsync=183020468950, Vsync=183020468950, InputEventId=0, HandleInputStart=183021025628, AnimationStart=183021031795, PerformTraversalsStart=183021300337, DrawStart=183022387253, FrameDeadline=183037135616, FrameInterval=183021014295, FrameStartTime=16666666, SyncQueued=183023823962, SyncStart=183024260837, IssueDrawCommandsStart=183025242587, SwapBuffers=183032105878, FrameCompleted=9223372036854775807, DequeueBufferDuration=49625, QueueBufferDuration=1884416, GpuCompleted=9223372036854775807, SwapBuffersCompleted=183051283587, DisplayPresentTime=0,
06-04 15:07:35.131 386 386 W hdr10p_Configure: 136 callbacks suppressed
06-04 15:07:35.131 386 386 I : DVI mode selected: packets not configured
06-04 15:07:35.131 386 386 W set_vsif_config: 136 callbacks suppressed
06-04 15:07:35.131 386 386 I : Error: set vsif failed
06-04 15:07:35.131 386 386 I : DVI mode selected: packets not configured
06-04 15:07:35.131 386 386 I : Error: set vsif failed
06-04 15:07:35.155 386 386 I : DVI mode selected: packets not configured
06-04 15:07:35.155 386 386 I : Error: set vsif failed
06-04 15:07:35.156 386 386 I : DVI mode selected: packets not configured
06-04 15:07:35.156 386 386 I : Error: set vsif failed
06-04 15:07:35.173 386 386 I : DVI mode selected: packets not configured
06-04 15:07:35.173 386 386 I : Error: set vsif failed
06-04 15:07:35.173 386 386 I : DVI mode selected: packets not configured
06-04 15:07:35.173 386 386 I : Error: set vsif failed
06-04 15:07:35.186 1080 1109 I OpenGLRenderer: Davey! duration=9223371853773ms; Flags=0, FrameTimelineVsyncId=5469, IntendedVsync=183070901047, Vsync=183070901047, InputEventId=0, HandleInputStart=183075968337, AnimationStart=183075973628, PerformTraversalsStart=183076436003, DrawStart=183076704045, FrameDeadline=183104234379, FrameInterval=183075959712, FrameStartTime=16666666, SyncQueued=183076805837, SyncStart=183087364253, IssueDrawCommandsStart=183089310837, SwapBuffers=183102898503, FrameCompleted=9223372036854775807, DequeueBufferDuration=3368959, QueueBufferDuration=2532167, GpuCompleted=9223372036854775807, SwapBuffersCompleted=183108320628, DisplayPresentTime=0,
06-04 15:07:35.189 386 386 I : DVI mode selected: packets not configured
06-04 15:07:35.189 386 386 I : Error: set vsif failed
06-04 15:07:35.189 386 386 I : DVI mode selected: packets not configured
06-04 15:07:35.189 386 386 I : Error: set vsif failed
06-04 15:07:35.205 386 386 I : DVI mode selected: packets not configured
06-04 15:07:35.205 386 386 I : Error: set vsif failed
06-04 15:07:35.205 386 386 I : DVI mode selected: packets not configured
06-04 15:07:35.205 386 386 I : Error: set vsif failed
06-04 15:07:35.311 476 520 W IorapForwardingService: No service published for: iorapd
06-04 15:07:35.735 1080 1109 I OpenGLRenderer: Davey! duration=9223371853218ms; Flags=0, FrameTimelineVsyncId=5535, IntendedVsync=183620467719, Vsync=183620467719, InputEventId=0, HandleInputStart=183621305212, AnimationStart=183621311962, PerformTraversalsStart=183622713087, DrawStart=183623591170, FrameDeadline=183653801051, FrameInterval=183621290504, FrameStartTime=16666666, SyncQueued=183623969712, SyncStart=183639382545, IssueDrawCommandsStart=183641078295, SwapBuffers=183648131212, FrameCompleted=9223372036854775807, DequeueBufferDuration=41292, QueueBufferDuration=2219583, GpuCompleted=9223372036854775807, SwapBuffersCompleted=183659030212, DisplayPresentTime=0,
06-04 15:07:36.313 476 520 W IorapForwardingService: No service published for: iorapd
06-04 15:07:36.468 1190 1190 D bbb : onStartCommand begin !!!!!!! data分区剩余 24982MB
06-04 15:07:36.474 1125 1125 D aaa : LedStatusService onStartCommand begin
06-04 15:07:36.477 1125 3147 D aaa : topPkg is -------------- :com.dangbei.haqusetting
06-04 15:07:36.598 654 654 E WifiHAL : wifi_get_link_stats: requestResponse Error:-5
06-04 15:07:36.599 476 608 E WifiVendorHal: getWifiLinkLayerStats_1_5_Internal(l.1191) failed {.code = ERROR_INVALID_ARGS, .description = }
06-04 15:07:37.316 476 520 W IorapForwardingService: No service published for: iorapd
06-04 15:07:38.119 1080 1109 I OpenGLRenderer: Davey! duration=9223371850817ms; Flags=0, FrameTimelineVsyncId=5541, IntendedVsync=186037137117, Vsync=186037137117, InputEventId=0, HandleInputStart=186037649046, AnimationStart=186037652838, PerformTraversalsStart=186037852421, DrawStart=186038786796, FrameDeadline=186070470449, FrameInterval=186037639921, FrameStartTime=16666666, SyncQueued=186039917380, SyncStart=186040264046, IssueDrawCommandsStart=186041237880, SwapBuffers=186049896546, FrameCompleted=9223372036854775807, DequeueBufferDuration=55083, QueueBufferDuration=2063625, GpuCompleted=9223372036854775807, SwapBuffersCompleted=186054337671, DisplayPresentTime=0,
06-04 15:07:38.153 1080 1109 I OpenGLRenderer: Davey! duration=9223371850800ms; Flags=0, FrameTimelineVsyncId=5543, IntendedVsync=186053803783, Vsync=186053803783, InputEventId=0, HandleInputStart=186054732421, AnimationStart=186054739088, PerformTraversalsStart=186055085963, DrawStart=186057020713, FrameDeadline=186087137115, FrameInterval=186054716713, FrameStartTime=16666666, SyncQueued=186057670255, SyncStart=186058183171, IssueDrawCommandsStart=186060374880, SwapBuffers=186073004755, FrameCompleted=9223372036854775807, DequeueBufferDuration=88667, QueueBufferDuration=1573083, GpuCompleted=9223372036854775807, SwapBuffersCompleted=186075677588, DisplayPresentTime=0,
06-04 15:07:38.170 1080 1780 I OpenGLRenderer: Davey! duration=9223371850780ms; Flags=0, FrameTimelineVsyncId=5544, IntendedVsync=186070911864, Vsync=186070911864, InputEventId=0, HandleInputStart=186071768755, AnimationStart=186071776338, PerformTraversalsStart=186072439421, DrawStart=186072977921, FrameDeadline=186104245196, FrameInterval=186071751213, FrameStartTime=16666666, SyncQueued=186073079755, SyncStart=186076181130, IssueDrawCommandsStart=186077781796, SwapBuffers=186090713838, FrameCompleted=9223372036854775807, DequeueBufferDuration=72250, QueueBufferDuration=1671000, GpuCompleted=9223372036854775807, SwapBuffersCompleted=186095518255, DisplayPresentTime=0,
06-04 15:07:38.186 1080 1109 I OpenGLRenderer: Davey! duration=9223371850764ms; Flags=0, FrameTimelineVsyncId=5546, IntendedVsync=186087578530, Vsync=186087578530, InputEventId=0, HandleInputStart=186089864921, AnimationStart=186089870296, PerformTraversalsStart=186093442588, DrawStart=186093768296, FrameDeadline=186120911862, FrameInterval=186089853046, FrameStartTime=16666666, SyncQueued=186093905421, SyncStart=186096140588, IssueDrawCommandsStart=186097396296, SwapBuffers=186107925880, FrameCompleted=9223372036854775807, DequeueBufferDuration=64000, QueueBufferDuration=1938833, GpuCompleted=9223372036854775807, SwapBuffersCompleted=186111131463, DisplayPresentTime=0,
06-04 15:07:38.201 1080 1780 I OpenGLRenderer: Davey! duration=9223371850744ms; Flags=0, FrameTimelineVsyncId=5548, IntendedVsync=186104245196, Vsync=186104245196, InputEventId=0, HandleInputStart=186105188421, AnimationStart=186105196880, PerformTraversalsStart=186105607463, DrawStart=186108518921, FrameDeadline=186137578528, FrameInterval=186105170380, FrameStartTime=16666666, SyncQueued=186109574130, SyncStart=186115806546, IssueDrawCommandsStart=186117005755, SwapBuffers=186130591213, FrameCompleted=9223372036854775807, DequeueBufferDuration=68792, QueueBufferDuration=1268167, GpuCompleted=9223372036854775807, SwapBuffersCompleted=186133836713, DisplayPresentTime=0,
06-04 15:07:38.220 1080 1780 I OpenGLRenderer: Davey! duration=9223371850725ms; Flags=0, FrameTimelineVsyncId=5550, IntendedVsync=186120911862, Vsync=186120911862, InputEventId=0, HandleInputStart=186123487380, AnimationStart=186123494588, PerformTraversalsStart=186124338463, DrawStart=186125876130, FrameDeadline=186154245194, FrameInterval=186123472005, FrameStartTime=16666666, SyncQueued=186126020463, SyncStart=186134161671, IssueDrawCommandsStart=186135264046, SwapBuffers=186141779213, FrameCompleted=9223372036854775807, DequeueBufferDuration=39375, QueueBufferDuration=6698583, GpuCompleted=9223372036854775807, SwapBuffersCompleted=186149500963, DisplayPresentTime=0,
06-04 15:07:38.235 1080 1780 I OpenGLRenderer: Davey! duration=9223371850706ms; Flags=0, FrameTimelineVsyncId=5552, IntendedVsync=186137568934, Vsync=186137568934, InputEventId=0, HandleInputStart=186138223171, AnimationStart=186138226463, PerformTraversalsStart=186138613421, DrawStart=186138879630, FrameDeadline=186170902266, FrameInterval=186138213921, FrameStartTime=16666666, SyncQueued=186138996255, SyncStart=186149985546, IssueDrawCommandsStart=186151583296, SwapBuffers=186162088088, FrameCompleted=9223372036854775807, DequeueBufferDuration=54000, QueueBufferDuration=2891416, GpuCompleted=9223372036854775807, SwapBuffersCompleted=186165882463, DisplayPresentTime=0,
06-04 15:07:38.318 476 520 W IorapForwardingService: No service published for: iorapd
06-04 15:07:38.735 1080 2469 I OpenGLRenderer: Davey! duration=9223371850215ms; Flags=0, FrameTimelineVsyncId=5612, IntendedVsync=186637133976, Vsync=186637133976, InputEventId=0, HandleInputStart=186637935130, AnimationStart=186637941880, PerformTraversalsStart=186639044505, DrawStart=186639676755, FrameDeadline=186670467308, FrameInterval=186637922505, FrameStartTime=16666666, SyncQueued=186640158130, SyncStart=186641930797, IssueDrawCommandsStart=186643285505, SwapBuffers=186649163797, FrameCompleted=9223372036854775807, DequeueBufferDuration=51167, QueueBufferDuration=1228708, GpuCompleted=9223372036854775807, SwapBuffersCompleted=186651416297, DisplayPresentTime=0,
06-04 15:07:39.321 476 520 W IorapForwardingService: No service published for: iorapd
06-04 15:07:39.614 654 654 E WifiHAL : wifi_get_link_stats: requestResponse Error:-5
06-04 15:07:39.616 476 608 E WifiVendorHal: getWifiLinkLayerStats_1_5_Internal(l.1191) failed {.code = ERROR_INVALID_ARGS, .description = }
06-04 15:07:40.324 476 520 W IorapForwardingService: No service published for: iorapd
06-04 15:07:41.138 1080 1109 I OpenGLRenderer: Davey! duration=9223371847817ms; Flags=0, FrameTimelineVsyncId=5617, IntendedVsync=189037131827, Vsync=189037131827, InputEventId=0, HandleInputStart=189037726089, AnimationStart=189037734173, PerformTraversalsStart=189037982631, DrawStart=189039001423, FrameDeadline=189070465159, FrameInterval=189037715089, FrameStartTime=16666666, SyncQueued=189040502048, SyncStart=189040888298, IssueDrawCommandsStart=189042068548, SwapBuffers=189062804506, FrameCompleted=9223372036854775807, DequeueBufferDuration=70750, QueueBufferDuration=1906833, GpuCompleted=9223372036854775807, SwapBuffersCompleted=189066719423, DisplayPresentTime=0,
