06-04 15:04:59.986 262 294 D hdmi-cec: receive poll message [04], skip!
06-04 15:04:59.993 2068 2068 I Zygote : seccomp disabled by setenforce 0
06-04 15:05:00.029 403 413 I adbd : jdwp connection from 2068
06-04 15:05:00.058 476 1399 W ActivityTaskManager: Current config: {1.0 ?mcc?mnc [zh_CN] ldltr sw720dp w1280dp h696dp 240dpi xlrg long land television -touch qwerty/v/v dpad/v winConfig={ mBounds=Rect(0, 0 - 1920, 1080) mAppBounds=Rect(0, 0 - 1920, 1080) mMaxBounds=Rect(0, 0 - 1920, 1080) mWindowingMode=fullscreen mDisplayWindowingMode=fullscreen mActivityType=undefined mAlwaysOnTop=undefined mRotation=ROTATION_0} s.6 fontWeightAdjustment=0} unchanged for IME proc com.sohu.inputmethod.sogou.tv
06-04 15:05:00.058 476 1399 W ActivityTaskManager: Current config: {1.0 ?mcc?mnc [zh_CN] ldltr sw720dp w1280dp h696dp 240dpi xlrg long land television -touch qwerty/v/v dpad/v winConfig={ mBounds=Rect(0, 0 - 1920, 1080) mAppBounds=Rect(0, 0 - 1920, 1080) mMaxBounds=Rect(0, 0 - 1920, 1080) mWindowingMode=fullscreen mDisplayWindowingMode=fullscreen mActivityType=undefined mAlwaysOnTop=undefined mRotation=ROTATION_0} s.6 fontWeightAdjustment=0} unchanged for IME proc com.sohu.inputmethod.sogou.tv
06-04 15:05:00.071 386 386 I : DVI mode selected: packets not configured
06-04 15:05:00.071 386 386 I : Error: set vsif failed
06-04 15:05:00.087 386 386 I : DVI mode selected: packets not configured
06-04 15:05:00.087 386 386 I : Error: set vsif failed
06-04 15:05:00.098 476 660 D CompatibilityChangeReporter: Compat change id reported: 168419799; UID 10057; state: DISABLED
06-04 15:05:00.139 2068 2068 D CompatibilityChangeReporter: Compat change id reported: 171979766; UID 10057; state: DISABLED
06-04 15:05:00.154 386 386 I : DVI mode selected: packets not configured
06-04 15:05:00.154 386 386 I : Error: set vsif failed
06-04 15:05:00.163 1080 1109 I OpenGLRenderer: Davey! duration=9223372008800ms; Flags=0, FrameTimelineVsyncId=827, IntendedVsync=28053802364, Vsync=28053802364, InputEventId=0, HandleInputStart=28060815846, AnimationStart=28060821346, PerformTraversalsStart=28060825304, DrawStart=28062133179, FrameDeadline=28070469030, FrameInterval=28060803054, FrameStartTime=16666666, SyncQueued=28063223304, SyncStart=28063913179, IssueDrawCommandsStart=28064984679, SwapBuffers=28074188471, FrameCompleted=9223372036854775807, DequeueBufferDuration=58084, QueueBufferDuration=6786417, GpuCompleted=9223372036854775807, SwapBuffersCompleted=28084140096, DisplayPresentTime=0,
06-04 15:05:00.171 386 386 I : DVI mode selected: packets not configured
06-04 15:05:00.171 386 386 I : Error: set vsif failed
06-04 15:05:00.187 1080 1109 I OpenGLRenderer: Davey! duration=9223372008766ms; Flags=0, FrameTimelineVsyncId=831, IntendedVsync=28087135612, Vsync=28087135612, InputEventId=0, HandleInputStart=28088345054, AnimationStart=28088349638, PerformTraversalsStart=28088353554, DrawStart=28090479388, FrameDeadline=28120468944, FrameInterval=28088333304, FrameStartTime=16666666, SyncQueued=28091424346, SyncStart=28092852638, IssueDrawCommandsStart=28093822388, SwapBuffers=28107297804, FrameCompleted=9223372036854775807, DequeueBufferDuration=46208, QueueBufferDuration=3216125, GpuCompleted=9223372036854775807, SwapBuffersCompleted=28111844054, DisplayPresentTime=0,
06-04 15:05:00.197 2035 2035 I DefaultIMS: onInitializeInterface:
06-04 15:05:00.213 2068 2068 D ApplicationLoaders: Returning zygote-cached class loader: /system/framework/android.test.base.jar
06-04 15:05:00.225 476 1399 D ConnectivityService: requestNetwork for uid/pid:10029/2028 activeRequest: null callbackRequest: 33 [NetworkRequest [ REQUEST id=34, [ Capabilities: INTERNET&NOT_RESTRICTED&TRUSTED&NOT_VCN_MANAGED Uid: 10029 RequestorUid: 10029 RequestorPkg: com.android.statementservice] ]] callback flags: 0 priority: 2147483647
06-04 15:05:00.229 476 615 D ConnectivityService: NetReassign [34 : null → 100]
06-04 15:05:00.232 476 650 D Ethernet: got request NetworkRequest [ REQUEST id=34, [ Capabilities: INTERNET&NOT_RESTRICTED&TRUSTED&NOT_VCN_MANAGED Uid: 10029 RequestorUid: 10029 RequestorPkg: com.android.statementservice] ]
06-04 15:05:00.233 476 650 D EthernetNetworkFactory: acceptRequest, request: NetworkRequest [ REQUEST id=34, [ Capabilities: INTERNET&NOT_RESTRICTED&TRUSTED&NOT_VCN_MANAGED Uid: 10029 RequestorUid: 10029 RequestorPkg: com.android.statementservice] ]
06-04 15:05:00.233 476 650 I EthernetNetworkFactory: networkForRequest, request: NetworkRequest [ REQUEST id=34, [ Capabilities: INTERNET&NOT_RESTRICTED&TRUSTED&NOT_VCN_MANAGED Uid: 10029 RequestorUid: 10029 RequestorPkg: com.android.statementservice] ], network: null
06-04 15:05:00.234 476 608 D WifiNetworkFactory: got request NetworkRequest [ REQUEST id=34, [ Capabilities: INTERNET&NOT_RESTRICTED&TRUSTED&NOT_VCN_MANAGED Uid: 10029 RequestorUid: 10029 RequestorPkg: com.android.statementservice] ]
06-04 15:05:00.234 476 608 D UntrustedWifiNetworkFactory: got request NetworkRequest [ REQUEST id=34, [ Capabilities: INTERNET&NOT_RESTRICTED&TRUSTED&NOT_VCN_MANAGED Uid: 10029 RequestorUid: 10029 RequestorPkg: com.android.statementservice] ]
06-04 15:05:00.234 476 608 D OemPaidWifiNetworkFactory: got request NetworkRequest [ REQUEST id=34, [ Capabilities: INTERNET&NOT_RESTRICTED&TRUSTED&NOT_VCN_MANAGED Uid: 10029 RequestorUid: 10029 RequestorPkg: com.android.statementservice] ]
06-04 15:05:00.290 2028 2066 I WM-WorkerWrapper: Worker result SUCCESS for Work [ id=e5fdd31f-e659-408a-b9b0-e1fc24e5d986, tags={ com.android.statementservice.domain.worker.RetryRequestWorker } ]
06-04 15:05:00.353 2068 2068 D nativeloader: classloader namespace configured for unbundled product apk. library_path=/product/priv-app/LiveTv/lib/arm:/product/lib:/system/product/lib
06-04 15:05:00.392 2035 2035 I InputModelManager: mLanguageId+0 mInputType=0mChInputType=2
06-04 15:05:00.397 666 666 V MediaPlayerList: mPackageChangedBroadcastReceiver: action: android.intent.action.PACKAGE_CHANGED
06-04 15:05:00.398 666 666 D MediaPlayerList: Name of package changed: com.android.traceur
06-04 15:05:00.400 476 590 I RoleService: Granting default roles...
06-04 15:05:00.409 476 476 D DeviceIdleController: find package null
06-04 15:05:00.417 2035 2035 I nw : loadKeyData: loadLanguageInfoSuccess ? true
06-04 15:05:00.417 2035 2035 I InputModelManager: getCurrentLanguageBean inputMode languageId:0
06-04 15:05:00.418 476 597 I InputReader: Reconfiguring input devices, changes=KEYBOARD_LAYOUTS |
06-04 15:05:00.418 2035 2035 I nw : onChanged: languageResStatusBean=Language load status:
06-04 15:05:00.418 2035 2035 I nw : {}
06-04 15:05:00.436 2068 2068 V GraphicsEnvironment: ANGLE Developer option for 'com.android.tv' set to: 'default'
06-04 15:05:00.436 2068 2068 V GraphicsEnvironment: Neither updatable production driver nor prerelease driver is supported.
06-04 15:05:00.440 2035 2035 I InputModelManager: getCurrentLanguageBean inputMode languageId:0
06-04 15:05:00.444 2068 2068 D NetworkSecurityConfig: No Network Security Config specified, using platform default
06-04 15:05:00.445 2068 2068 D NetworkSecurityConfig: No Network Security Config specified, using platform default
06-04 15:05:00.457 476 537 W Searchables: No global search activity found
06-04 15:05:00.461 476 537 W VoiceInteractionManager: no available voice recognition services found for user 0
06-04 15:05:00.471 2035 2035 I LanguageResManager: prepareResource onSuccess:
06-04 15:05:00.477 1741 2096 I PermissionControllerServiceImpl: Updating user sensitive for uid 10021
06-04 15:05:00.478 2035 2099 I LanguageResManager: prepareResource onSuccess:
06-04 15:05:00.486 2035 2035 D InputSurface: initView:
06-04 15:05:00.486 2035 2035 I MainPresenter: initView:
06-04 15:05:00.490 2035 2035 D MainLayer: initView:
06-04 15:05:00.492 1741 2097 W Role : Cannot get ApplicationInfo for default holder: com.android.messaging
06-04 15:05:00.495 2035 2035 D BodyAreaPresenter: initView:
06-04 15:05:00.509 1741 2097 W Role : Cannot get ApplicationInfo for default holder: com.android.contacts
06-04 15:05:00.524 1741 2097 W Role : Cannot get ApplicationInfo for default holder: com.android.gallery3d
06-04 15:05:00.568 1046 1332 I MediaProvider: Scanned external_primary due to REASON_MOUNTED, found 47 items in 817ms, 0 inserts 10 updates 0 deletes
06-04 15:05:00.576 2068 2068 W UnsafeUtil: platform method missing - proto runtime falling back to safer methods: java.lang.NoSuchMethodException: sun.misc.Unsafe.copyMemory [class java.lang.Object, long, class java.lang.Object, long, long]
06-04 15:05:00.576 1046 1332 I MediaProvider: End Intent { act=com.android.providers.media.action.SCAN_VOLUME (has extras) }
06-04 15:05:00.585 2035 2035 I DefaultIMS: DefaultIMS::onInitializeInterface() finish
06-04 15:05:00.588 2035 2035 D CompatibilityChangeReporter: Compat change id reported: 160794467; UID 10047; state: DISABLED
06-04 15:05:00.598 2035 2035 I DefaultIMS: onStartInput attribute=android.view.inputmethod.EditorInfo@34e79d4 restarting=false inputType: 0
06-04 15:05:00.604 1080 1780 I OpenGLRenderer: Davey! duration=9223372008334ms; Flags=0, FrameTimelineVsyncId=848, IntendedVsync=28520469364, Vsync=28520469364, InputEventId=0, HandleInputStart=28522259388, AnimationStart=28522262971, PerformTraversalsStart=28522267596, DrawStart=28523209638, FrameDeadline=28537136030, FrameInterval=28522249638, FrameStartTime=16666666, SyncQueued=28523825555, SyncStart=28524126680, IssueDrawCommandsStart=28525124180, SwapBuffers=28531701471, FrameCompleted=9223372036854775807, DequeueBufferDuration=59666, QueueBufferDuration=1480708, GpuCompleted=9223372036854775807, SwapBuffersCompleted=28536236721, DisplayPresentTime=0,
06-04 15:05:00.610 2035 2035 I SendAliveManager: doWhenNetworkStateChanged
06-04 15:05:00.610 2035 2035 I nw : onChanged: languageResStatusBean=Language load status:
06-04 15:05:00.610 2035 2035 I nw : {zh=3}
06-04 15:05:00.610 2035 2035 I DefaultIMS: initializedCallback: time tag1=1749020700610
06-04 15:05:00.611 2035 2035 I nw : initializeInputSession: inputMode=languageID=0
06-04 15:05:00.611 2035 2035 I nw : scriptID=2
06-04 15:05:00.611 2035 2035 I nw : layoutID=2
06-04 15:05:00.611 2035 2035 I KeyEventTransfer: languageID=0
06-04 15:05:00.611 2035 2035 I KeyEventTransfer: scriptID=2
06-04 15:05:00.611 2035 2035 I KeyEventTransfer: layoutID=2
06-04 15:05:00.640 1080 1102 I d.leradlaunche: Background young concurrent copying GC freed 167654(10MB) AllocSpace objects, 29(3156KB) LOS objects, 47% free, 12MB/23MB, paused 13.061ms total 626.328ms
06-04 15:05:00.684 476 1399 D CompatibilityChangeReporter: Compat change id reported: 149924527; UID 10047; state: ENABLED
06-04 15:05:00.691 476 1395 D CompatibilityChangeReporter: Compat change id reported: 132649864; UID 10047; state: DISABLED
06-04 15:05:00.698 1741 2097 W Role : Cannot get ApplicationInfo for default holder: com.android.dialer
06-04 15:05:00.701 1080 1109 I OpenGLRenderer: Davey! duration=9223372008250ms; Flags=0, FrameTimelineVsyncId=858, IntendedVsync=28603803085, Vsync=28603803085, InputEventId=0, HandleInputStart=28604533013, AnimationStart=28604537513, PerformTraversalsStart=28604540471, DrawStart=28606832180, FrameDeadline=28637136417, FrameInterval=28604522055, FrameStartTime=16666666, SyncQueued=28618528846, SyncStart=28619381305, IssueDrawCommandsStart=28621077721, SwapBuffers=28628432055, FrameCompleted=9223372036854775807, DequeueBufferDuration=60042, QueueBufferDuration=1549500, GpuCompleted=9223372036854775807, SwapBuffersCompleted=28630997721, DisplayPresentTime=0,
06-04 15:05:00.753 1080 1780 I OpenGLRenderer: Davey! duration=9223372008200ms; Flags=0, FrameTimelineVsyncId=862, IntendedVsync=28653803017, Vsync=28653803017, InputEventId=0, HandleInputStart=28654379930, AnimationStart=28654384096, PerformTraversalsStart=28654387805, DrawStart=28657381638, FrameDeadline=28687136349, FrameInterval=28654371055, FrameStartTime=16666666, SyncQueued=28661528680, SyncStart=28661781013, IssueDrawCommandsStart=28663028680, SwapBuffers=28676993888, FrameCompleted=9223372036854775807, DequeueBufferDuration=57333, QueueBufferDuration=1330250, GpuCompleted=9223372036854775807, SwapBuffersCompleted=28686226596, DisplayPresentTime=0,
06-04 15:05:00.775 476 1399 D CompatibilityChangeReporter: Compat change id reported: 135634846; UID 10057; state: DISABLED
06-04 15:05:00.777 476 1399 D CompatibilityChangeReporter: Compat change id reported: 177438394; UID 10057; state: DISABLED
06-04 15:05:00.777 476 1399 D CompatibilityChangeReporter: Compat change id reported: 135772972; UID 10057; state: DISABLED
06-04 15:05:00.778 476 1399 D CompatibilityChangeReporter: Compat change id reported: 135754954; UID 10057; state: DISABLED
06-04 15:05:00.779 476 539 D CompatibilityChangeReporter: Compat change id reported: 143937733; UID 10057; state: DISABLED
06-04 15:05:00.800 2068 2068 I TvApplication: Starting TV app 1.24-asop
06-04 15:05:00.802 2068 2068 I TvApplication: Started TV app 1.24-asop
06-04 15:05:00.806 244 244 D Zygote : Forked child process 2113
06-04 15:05:00.809 476 539 I ActivityManager: app.processName = com.android.tv.common
06-04 15:05:00.809 476 539 I ActivityManager: Start proc 2113:com.android.tv.common/u0a57 for content provider {com.android.tv/com.android.tv.common.CommonPreferenceProvider}
06-04 15:05:00.817 2113 2113 I Zygote : seccomp disabled by setenforce 0
06-04 15:05:00.848 403 413 I adbd : jdwp connection from 2113
06-04 15:05:00.848 1926 1926 I rainbow_flow: type=1400 audit(0.0:689): avc: denied { ioctl } for path="/dev/spidev1.0" dev="tmpfs" ino=6194 ioctlcmd=0x6b00 scontext=u:r:init:s0 tcontext=u:object_r:device:s0 tclass=chr_file permissive=1
06-04 15:05:00.901 476 660 I ActivityManager: Background started FGS: Allowed [callingPackage: com.android.tv; callingUid: 10057; uidState: RCVR; intent: Intent { cmp=com.android.tv/.dvr.recorder.DvrRecordingService (has extras) }; code:BACKGROUND_ACTIVITY_PERMISSION; tempAllowListReason:; targetSdkVersion:29; callerTargetSdkVersion:29; startForegroundCount:0; bindFromPackage:null]
06-04 15:05:00.915 2113 2113 D CompatibilityChangeReporter: Compat change id reported: 171979766; UID 10057; state: DISABLED
06-04 15:05:00.929 2113 2113 D ApplicationLoaders: Returning zygote-cached class loader: /system/framework/android.test.base.jar
06-04 15:05:00.934 1080 1109 I OpenGLRenderer: Davey! duration=9223372008017ms; Flags=0, FrameTimelineVsyncId=869, IntendedVsync=28837136853, Vsync=28837136853, InputEventId=0, HandleInputStart=28840405263, AnimationStart=28840410055, PerformTraversalsStart=28840413930, DrawStart=28844681263, FrameDeadline=28853803519, FrameInterval=28840394096, FrameStartTime=16666666, SyncQueued=28845728305, SyncStart=28845956055, IssueDrawCommandsStart=28847340013, SwapBuffers=28856852721, FrameCompleted=9223372036854775807, DequeueBufferDuration=64583, QueueBufferDuration=1901958, GpuCompleted=9223372036854775807, SwapBuffersCompleted=28860130138, DisplayPresentTime=0,
06-04 15:05:00.935 1046 1059 I FuseDaemon: Background young concurrent copying GC freed 44258(2505KB) AllocSpace objects, 2(40KB) LOS objects, 37% free, 3992KB/6421KB, paused 169us total 220.769ms
06-04 15:05:00.940 476 520 W IorapForwardingService: No service published for: iorapd
06-04 15:05:00.941 2113 2113 D nativeloader: classloader namespace configured for unbundled product apk. library_path=/product/priv-app/LiveTv/lib/arm:/product/lib:/system/product/lib
06-04 15:05:00.964 2113 2113 V GraphicsEnvironment: ANGLE Developer option for 'com.android.tv' set to: 'default'
06-04 15:05:00.964 2113 2113 V GraphicsEnvironment: Neither updatable production driver nor prerelease driver is supported.
06-04 15:05:00.983 2113 2113 D NetworkSecurityConfig: No Network Security Config specified, using platform default
06-04 15:05:00.988 262 262 I EventThread: type=1400 audit(0.0:690): avc: denied { search } for name="extcon" dev="sysfs" ino=18109 scontext=u:r:hal_tv_cec_default:s0 tcontext=u:object_r:sysfs_extcon:s0 tclass=dir permissive=1
06-04 15:05:00.984 2113 2113 D NetworkSecurityConfig: No Network Security Config specified, using platform default
06-04 15:05:01.001 476 538 I ActivityManager: Deferring FGS notification in legacy app com.android.tv/u0a57 : Notification(channel=dvr_notification_channel shortcut=null contentView=null vibrate=null sound=null defaults=0x0 flags=0x40 color=0x00000000 vis=PRIVATE)
06-04 15:05:01.020 1080 1106 I OpenGLRenderer: Davey! duration=9223372007934ms; Flags=0, FrameTimelineVsyncId=872, IntendedVsync=28920470497, Vsync=28920470497, InputEventId=0, HandleInputStart=28928454221, AnimationStart=28928458305, PerformTraversalsStart=28928462055, DrawStart=28931213388, FrameDeadline=28953803829, FrameInterval=28928443513, FrameStartTime=16666666, SyncQueued=28932311721, SyncStart=28932515430, IssueDrawCommandsStart=28933362763, SwapBuffers=28942790513, FrameCompleted=9223372036854775807, DequeueBufferDuration=50125, QueueBufferDuration=2410666, GpuCompleted=9223372036854775807, SwapBuffersCompleted=28947184555, DisplayPresentTime=0,
06-04 15:05:01.055 2113 2113 W UnsafeUtil: platform method missing - proto runtime falling back to safer methods: java.lang.NoSuchMethodException: sun.misc.Unsafe.copyMemory [class java.lang.Object, long, class java.lang.Object, long, long]
06-04 15:05:01.062 476 660 D CompatibilityChangeReporter: Compat change id reported: 168419799; UID 1000; state: DISABLED
06-04 15:05:01.088 814 814 W ContextImpl: Calling a method in the system process without a qualified user: android.app.ContextImpl.startService:1816 android.content.ContextWrapper.startService:774 android.content.ContextWrapper.startService:774 com.android.tv.settings.help.BootBroadcastReceiver.onReceive:18 android.app.ActivityThread.handleReceiver:4308
06-04 15:05:01.093 476 660 W ActivityManager: Unable to start service Intent { cmp=com.android.tv.settings/.app_lock.MainService } U=0: not found
06-04 15:05:01.094 814 814 V BootBroadcastReceiver: autorun
06-04 15:05:01.113 476 1399 I ActivityManager: com.dangbei.zhushou.os is exempt from freezer
06-04 15:05:01.113 476 1399 D CompatibilityChangeReporter: Compat change id reported: 135634846; UID 1000; state: DISABLED
06-04 15:05:01.137 244 244 D Zygote : Forked child process 2140
06-04 15:05:01.139 476 539 I ActivityManager: app.processName = com.dangbei.zhushou.os
06-04 15:05:01.139 476 539 I ActivityManager: Start proc 2140:com.dangbei.zhushou.os/1000 for broadcast {com.dangbei.zhushou.os/com.dangbei.projector.assistant.receiver.BootReceiver}
06-04 15:05:01.149 2140 2140 I Zygote : seccomp disabled by setenforce 0
06-04 15:05:01.168 1080 1109 I OpenGLRenderer: Davey! duration=9223372007767ms; Flags=0, FrameTimelineVsyncId=875, IntendedVsync=29087137200, Vsync=29087137200, InputEventId=0, HandleInputStart=29087695721, AnimationStart=29087699263, PerformTraversalsStart=29087703055, DrawStart=29088886180, FrameDeadline=29120470532, FrameInterval=29087687180, FrameStartTime=16666666, SyncQueued=29089525513, SyncStart=29089754930, IssueDrawCommandsStart=29090697055, SwapBuffers=29096798471, FrameCompleted=9223372036854775807, DequeueBufferDuration=48708, QueueBufferDuration=2243167, GpuCompleted=9223372036854775807, SwapBuffersCompleted=29100416930, DisplayPresentTime=0,
06-04 15:05:01.181 1080 1080 E hq : CrashHandler:::图片加载异常 message=Failed to load resource
06-04 15:05:01.181 1080 1080 E hq : model=
06-04 15:05:01.181 1080 1080 E hq : target=Target for: com.dangbei.palaemon.layout.DBImageView{486d611 V.ED..... ........ 0,0-410,580}
06-04 15:05:01.189 403 413 I adbd : jdwp connection from 2140
06-04 15:05:01.221 2035 2035 I chromium: [0604/150501:INFO:config_service.cc(227)] Load config buffer. err_code = 3, err_msg = Line: 1, column: 1, Unexpected token.
06-04 15:05:01.270 2140 2140 D CompatibilityChangeReporter: Compat change id reported: 171979766; UID 1000; state: DISABLED
06-04 15:05:01.299 2140 2140 D ApplicationLoaders: Returning zygote-cached class loader: /system/framework/android.test.base.jar
06-04 15:05:01.299 2140 2140 D ApplicationLoaders: Returning zygote-cached class loader: /system/framework/android.hidl.manager-V1.0-java.jar
06-04 15:05:01.299 2140 2140 D ApplicationLoaders: Returning zygote-cached class loader: /system/framework/android.hidl.base-V1.0-java.jar
06-04 15:05:01.303 2113 2113 I TvApplication: Starting TV app 1.24-asop
06-04 15:05:01.308 2113 2113 I TvApplication: Started TV app 1.24-asop
06-04 15:05:01.373 2035 2035 I CHInputSession: set engine mode: 2 layout: 2
06-04 15:05:01.387 2035 2035 D CHJNIDefault: setInputMode value=-1
06-04 15:05:01.394 2035 2035 I InputContext: onChanged: candidateWords=[]
06-04 15:05:01.395 2035 2035 I InputContext: onChanged: candidateWordInfo.size=0 global offset: 0pausedCandidateData = false
06-04 15:05:01.395 2035 2035 I InputContext: onChanged: composing=null
06-04 15:05:01.395 2035 2035 I InputContext: onChanged: forCompose=false
06-04 15:05:01.412 2035 2035 I nw : onChanged: input mode:languageID=0
06-04 15:05:01.412 2035 2035 I nw : scriptID=2
06-04 15:05:01.412 2035 2035 I nw : layoutID=2
06-04 15:05:01.434 2140 2140 V GraphicsEnvironment: ANGLE Developer option for 'com.dangbei.zhushou.os' set to: 'default'
06-04 15:05:01.434 1080 1109 I OpenGLRenderer: Davey! duration=9223372007500ms; Flags=0, FrameTimelineVsyncId=881, IntendedVsync=29353805500, Vsync=29353805500, InputEventId=0, HandleInputStart=29354622722, AnimationStart=29354626138, PerformTraversalsStart=29354630180, DrawStart=29355602763, FrameDeadline=29387138832, FrameInterval=29354611222, FrameStartTime=16666666, SyncQueued=29356629430, SyncStart=29357043013, IssueDrawCommandsStart=29358013347, SwapBuffers=29363937763, FrameCompleted=9223372036854775807, DequeueBufferDuration=52250, QueueBufferDuration=1392791, GpuCompleted=9223372036854775807, SwapBuffersCompleted=29369853388, DisplayPresentTime=0,
06-04 15:05:01.434 2140 2140 V GraphicsEnvironment: Neither updatable production driver nor prerelease driver is supported.
06-04 15:05:01.440 2140 2140 D NetworkSecurityConfig: No Network Security Config specified, using platform default
06-04 15:05:01.441 2140 2140 D NetworkSecurityConfig: No Network Security Config specified, using platform default
06-04 15:05:01.445 2140 2140 I MultiDex: VM with version 2.1.0 has multidex support
06-04 15:05:01.445 2140 2140 I MultiDex: Installing application
06-04 15:05:01.445 2140 2140 I MultiDex: VM has multidex support, MultiDex support library is disabled.
06-04 15:05:01.535 1080 1507 E hq : ErrorCoroutineExceptionHandler:::runTry error:com.dangbei.leard.base.proider.error.EmptyApiException: 数据为空 from=requestMessageDialog from=requestMessageDialog
06-04 15:05:01.560 2140 2140 I b : -----------> Auto switch user, userId: -3377459
06-04 15:05:01.560 2140 2140 I b : -----------> doSwitchUserInternal, userId: -3377459
06-04 15:05:01.563 2140 2140 D yl : com.wangjie.rapidorm.c.b.a-------------------the tables are {class com.dangbei.setting.provider.dal.db.model.User=com.dangbei.setting.provider.dal.db.model.c@553ff99, class com.dangbei.setting.provider.dal.db.model.UserPreference=com.dangbei.setting.provider.dal.db.model.b@5faa25e}
06-04 15:05:01.588 1080 1780 I OpenGLRenderer: Davey! duration=9223372007350ms; Flags=0, FrameTimelineVsyncId=884, IntendedVsync=29503805993, Vsync=29503805993, InputEventId=0, HandleInputStart=29504687305, AnimationStart=29504691013, PerformTraversalsStart=29504695055, DrawStart=29505936097, FrameDeadline=29537139325, FrameInterval=29504675763, FrameStartTime=16666666, SyncQueued=29506654680, SyncStart=29506945222, IssueDrawCommandsStart=29507820013, SwapBuffers=29515184597, FrameCompleted=9223372036854775807, DequeueBufferDuration=53292, QueueBufferDuration=1444167, GpuCompleted=9223372036854775807, SwapBuffersCompleted=29517889597, DisplayPresentTime=0,
06-04 15:05:01.710 2140 2140 D CompatibilityChangeReporter: Compat change id reported: 147600208; UID 1000; state: DISABLED
06-04 15:05:01.734 1080 1780 I OpenGLRenderer: Davey! duration=9223372007217ms; Flags=0, FrameTimelineVsyncId=890, IntendedVsync=29637140372, Vsync=29637140372, InputEventId=0, HandleInputStart=29637570180, AnimationStart=29637574888, PerformTraversalsStart=29637578722, DrawStart=29646302138, FrameDeadline=29670473704, FrameInterval=29637556222, FrameStartTime=16666666, SyncQueued=29647618180, SyncStart=29647952972, IssueDrawCommandsStart=29649121430, SwapBuffers=29655586972, FrameCompleted=9223372036854775807, DequeueBufferDuration=53250, QueueBufferDuration=2949083, GpuCompleted=9223372036854775807, SwapBuffersCompleted=29660846138, DisplayPresentTime=0,
06-04 15:05:01.796 2140 2140 I Thread-2: type=1400 audit(0.0:691): avc: denied { read } for name="address" dev="sysfs" ino=28000 scontext=u:r:system_app:s0 tcontext=u:object_r:sysfs:s0 tclass=file permissive=1
06-04 15:05:01.796 2140 2140 I Thread-2: type=1400 audit(0.0:692): avc: denied { open } for path="/sys/devices/platform/unisoc_wifi/net/wlan1/address" dev="sysfs" ino=28000 scontext=u:r:system_app:s0 tcontext=u:object_r:sysfs:s0 tclass=file permissive=1
06-04 15:05:01.796 2140 2140 I Thread-2: type=1400 audit(0.0:693): avc: denied { getattr } for path="/sys/devices/platform/unisoc_wifi/net/wlan1/address" dev="sysfs" ino=28000 scontext=u:r:system_app:s0 tcontext=u:object_r:sysfs:s0 tclass=file permissive=1
06-04 15:05:01.820 2140 2140 I TDLog : setReportUncaughtExceptions: true
06-04 15:05:01.839 1080 1109 I OpenGLRenderer: Davey! duration=9223372007117ms; Flags=0, FrameTimelineVsyncId=896, IntendedVsync=29737141464, Vsync=29737141464, InputEventId=0, HandleInputStart=29738567680, AnimationStart=29738572138, PerformTraversalsStart=29739072805, DrawStart=29750047097, FrameDeadline=29770474796, FrameInterval=29738555347, FrameStartTime=16666666, SyncQueued=29751259472, SyncStart=29751548805, IssueDrawCommandsStart=29752719555, SwapBuffers=29762402555, FrameCompleted=9223372036854775807, DequeueBufferDuration=48375, QueueBufferDuration=1716125, GpuCompleted=9223372036854775807, SwapBuffersCompleted=29765433097, DisplayPresentTime=0,
06-04 15:05:01.863 476 1399 D CompatibilityChangeReporter: Compat change id reported: 135634846; UID 10036; state: DISABLED
06-04 15:05:01.863 476 1399 D CompatibilityChangeReporter: Compat change id reported: 177438394; UID 10036; state: DISABLED
06-04 15:05:01.863 476 1399 D CompatibilityChangeReporter: Compat change id reported: 135772972; UID 10036; state: DISABLED
06-04 15:05:01.863 476 1399 D CompatibilityChangeReporter: Compat change id reported: 135754954; UID 10036; state: ENABLED
06-04 15:05:01.864 476 539 D CompatibilityChangeReporter: Compat change id reported: 143937733; UID 10036; state: ENABLED
06-04 15:05:01.878 2140 2194 I TDLog : TalkingData App Analytics SDK init...
06-04 15:05:01.878 2140 2194 I TDLog : SDK_VERSION is: Android+TD+V4.0.22 gp Type:Native Build_Num:712
06-04 15:05:01.878 2140 2194 I TDLog : App ID is: 219DEBE67C3B47D799EED1190DEACA09
06-04 15:05:01.878 2140 2194 I TDLog : App Channel is: statisticSDK
06-04 15:05:01.878 2140 2194 I TDLog : SDK_OVC is: TDOVC+a004ba0d7e569531a3ac013fd19b4443+SaaS
06-04 15:05:01.892 244 244 D Zygote : Forked child process 2217
06-04 15:05:01.893 476 539 I ActivityManager: app.processName = com.softwinner.timerswitch
06-04 15:05:01.893 476 539 I ActivityManager: Start proc 2217:com.softwinner.timerswitch/u0a36 for broadcast {com.softwinner.timerswitch/com.softwinner.timerswitch.AlarmReceiver}
06-04 15:05:01.915 2217 2217 I Zygote : seccomp disabled by setenforce 0
06-04 15:05:01.918 1080 1109 I OpenGLRenderer: Davey! duration=9223372007033ms; Flags=0, FrameTimelineVsyncId=902, IntendedVsync=29820473851, Vsync=29820473851, InputEventId=0, HandleInputStart=29821747597, AnimationStart=29821752222, PerformTraversalsStart=29822069055, DrawStart=29823493847, FrameDeadline=29853807183, FrameInterval=29821735930, FrameStartTime=16666666, SyncQueued=29824956805, SyncStart=29825673014, IssueDrawCommandsStart=29826631930, SwapBuffers=29840537014, FrameCompleted=9223372036854775807, DequeueBufferDuration=56916, QueueBufferDuration=6840250, GpuCompleted=9223372036854775807, SwapBuffersCompleted=29848674555, DisplayPresentTime=0,
06-04 15:05:01.928 2140 2140 I work_thread: type=1400 audit(0.0:694): avc: denied { read } for name="address" dev="sysfs" ino=27912 scontext=u:r:system_app:s0 tcontext=u:object_r:sysfs:s0 tclass=file permissive=1
06-04 15:05:01.928 2140 2140 I work_thread: type=1400 audit(0.0:695): avc: denied { open } for path="/sys/devices/platform/unisoc_wifi/net/wlan0/address" dev="sysfs" ino=27912 scontext=u:r:system_app:s0 tcontext=u:object_r:sysfs:s0 tclass=file permissive=1
06-04 15:05:01.928 1926 1926 I rainbow_flow: type=1400 audit(0.0:696): avc: denied { ioctl } for path="/dev/spidev1.0" dev="tmpfs" ino=6194 ioctlcmd=0x6b00 scontext=u:r:init:s0 tcontext=u:object_r:device:s0 tclass=chr_file permissive=1
06-04 15:05:01.936 2140 2140 I work_thread: type=1400 audit(0.0:697): avc: denied { getattr } for path="/sys/devices/platform/unisoc_wifi/net/wlan0/address" dev="sysfs" ino=27912 scontext=u:r:system_app:s0 tcontext=u:object_r:sysfs:s0 tclass=file permissive=1
06-04 15:05:01.943 476 520 W IorapForwardingService: No service published for: iorapd
06-04 15:05:01.960 403 413 I adbd : jdwp connection from 2217
06-04 15:05:01.988 262 262 I EventThread: type=1400 audit(0.0:698): avc: denied { search } for name="extcon" dev="sysfs" ino=18109 scontext=u:r:hal_tv_cec_default:s0 tcontext=u:object_r:sysfs_extcon:s0 tclass=dir permissive=1
06-04 15:05:02.077 476 806 D CompatibilityChangeReporter: Compat change id reported: 168419799; UID 10036; state: DISABLED
06-04 15:05:02.091 2140 2194 V NFC : this device does not have NFC support
06-04 15:05:02.113 2210 2210 W audit : audit_lost=261 audit_rate_limit=5 audit_backlog_limit=64
06-04 15:05:02.124 476 806 W ActivityManager: Slow operation: 55ms so far, now at attachApplicationLocked: after sendPendingBroadcastsLocked
06-04 15:05:02.129 2217 2217 D CompatibilityChangeReporter: Compat change id reported: 171979766; UID 10036; state: ENABLED
06-04 15:05:02.113 2210 2210 E audit : rate limit exceeded
06-04 15:05:02.160 2140 2210 I UtilCommon: bluetoothMac=B4:2F:03:15:A3:36
06-04 15:05:02.164 2068 2077 I com.android.tv: Background concurrent copying GC freed 14182(870KB) AllocSpace objects, 4(80KB) LOS objects, 49% free, 2986KB/5973KB, paused 178us total 161.272ms
06-04 15:05:02.184 1080 1780 I OpenGLRenderer: Davey! duration=9223372006780ms; Flags=0, FrameTimelineVsyncId=918, IntendedVsync=30070474464, Vsync=30070474464, InputEventId=0, HandleInputStart=30072625347, AnimationStart=30072629097, PerformTraversalsStart=30072886680, DrawStart=30085917180, FrameDeadline=30103807796, FrameInterval=30072614847, FrameStartTime=16666666, SyncQueued=30086944972, SyncStart=30091029889, IssueDrawCommandsStart=30092152555, SwapBuffers=30105334389, FrameCompleted=9223372036854775807, DequeueBufferDuration=57916, QueueBufferDuration=1783750, GpuCompleted=9223372036854775807, SwapBuffersCompleted=30109240014, DisplayPresentTime=0,
06-04 15:05:02.190 2140 2210 D UtilLog : key=deviceid
06-04 15:05:02.191 2140 2210 D UtilLog : values=2a29a1009651753de55301e19d1ff223
06-04 15:05:02.191 2140 2210 D UtilLog : DesValues=tCuyrz2DhRbknQPdL0fwq/LiF6SRmYweDYZq2sUraZwPB58o5PWrCg==
06-04 15:05:02.200 2140 2210 D UtilLog :
06-04 15:05:02.200 2140 2210 D UtilLog : key=dev_uuid
06-04 15:05:02.201 2140 2210 D UtilLog : values=716da96e-3cf4-4761-a920-358ee5291dae
06-04 15:05:02.201 2140 2210 D UtilLog : DesValues=x8kfYVms16vxVi6ZBK88s3BFKePle8tBb5Bj5raXsWvFHTBbuRDtjg==
06-04 15:05:02.201 2140 2210 D UtilLog :
06-04 15:05:02.201 2140 2210 D UtilLog : key=channel
06-04 15:05:02.202 2140 2210 D UtilLog : values=DBOS_DBBOX-A2
06-04 15:05:02.202 2140 2210 D UtilLog : DesValues=U2rMDSNEX4hlxebfMfvE5w==
06-04 15:05:02.202 2140 2210 D UtilLog :
06-04 15:05:02.202 2140 2210 D UtilLog : key=packagelist
06-04 15:05:02.202 2140 2210 D UtilLog : values=com.dangbei.lerad.rocky;com.dangbei.leard.leradlauncher;com.dangbei.zhushou.os
06-04 15:05:02.202 2140 2210 D UtilLog : DesValues=byaAjpuYP7Md9ImftnY6oL+u5Tex4kQ5jeOCkuyRk9SkGPr4UI1BJNL8hrF+2ShyB2oVVKVfAi8PlHx6PKeqfviwQR31zZWikKW1prDgGkU=
06-04 15:05:02.202 2140 2210 D UtilLog :
06-04 15:05:02.203 2140 2210 D UtilLog : key=mac
06-04 15:05:02.203 2140 2210 D UtilLog : values=20:02:FE:19:C1:FD
06-04 15:05:02.203 2140 2210 D UtilLog : DesValues=nYMpcx8K3oP+WR57bGh/3iOHqoo5UJ7s
06-04 15:05:02.203 2140 2210 D UtilLog :
06-04 15:05:02.203 2140 2210 D UtilLog : key=wifimac
06-04 15:05:02.203 2140 2210 D UtilLog : values=B4:2F:03:16:18:C0
06-04 15:05:02.203 2140 2210 D UtilLog : DesValues=GtiP38bn9GKlqee/5AjrHwo2HIgJ4oF7
06-04 15:05:02.203 2140 2210 D UtilLog :
06-04 15:05:02.203 2140 2210 D UtilLog : key=uuid
06-04 15:05:02.204 2140 2210 D UtilLog : values=61dbb369-b3d5-44ae-84e2-623a3755b588
06-04 15:05:02.204 2140 2210 D UtilLog : DesValues=56fY64G8j8CHakHqjZC4WezVOzuQeqGTP7inWN2HRBdCRU9L3pRVrg==
06-04 15:05:02.204 2140 2210 D UtilLog :
06-04 15:05:02.204 2140 2210 D UtilLog : key=appname
06-04 15:05:02.205 2140 2210 D UtilLog : values=电视管家
06-04 15:05:02.205 2140 2210 D UtilLog : DesValues=iqL5Rox+365YgqkQrzmGew==
06-04 15:05:02.205 2140 2210 D UtilLog :
06-04 15:05:02.205 2140 2210 D UtilLog : key=packagename
06-04 15:05:02.206 2140 2210 D UtilLog : values=com.dangbei.zhushou.os
06-04 15:05:02.206 2140 2210 D UtilLog : DesValues=byaAjpuYP7N/v7Z6kyOIN8JduvsEBDYD
06-04 15:05:02.206 2140 2210 D UtilLog :
06-04 15:05:02.206 2140 2210 D UtilLog : key=vname
06-04 15:05:02.206 2140 2210 D UtilLog : values=4.0.0.0.1
06-04 15:05:02.206 2140 2210 D UtilLog : DesValues=ZmbdbetpP3xQfy8gEtIzGg==
06-04 15:05:02.206 2140 2210 D UtilLog :
06-04 15:05:02.206 2140 2210 D UtilLog : key=vcode
06-04 15:05:02.207 2140 2210 D UtilLog : values=40001
06-04 15:05:02.207 2140 2210 D UtilLog : DesValues=xHelLudSdno=
06-04 15:05:02.207 2140 2210 D UtilLog :
06-04 15:05:02.207 2140 2210 D UtilLog : key=brand
06-04 15:05:02.207 2140 2210 D UtilLog : values=Dangbei
06-04 15:05:02.207 2140 2210 D UtilLog : DesValues=w3F/S11z4cQ=
06-04 15:05:02.207 2140 2210 D UtilLog :
06-04 15:05:02.207 2140 2210 D UtilLog : key=boxfactory
06-04 15:05:02.207 2140 2210 D UtilLog : values=Allwinner
06-04 15:05:02.207 2140 2210 D UtilLog : DesValues=Z82sBMOvjTwCcRqjeHOwaQ==
06-04 15:05:02.207 2140 2210 D UtilLog :
06-04 15:05:02.207 2140 2210 D UtilLog : key=rommodel
06-04 15:05:02.208 2140 2210 D UtilLog : values=DBBOX-A2
06-04 15:05:02.208 2140 2210 D UtilLog : DesValues=Cp0N6KH6T4JIJBzkJvj0FQ==
06-04 15:05:02.208 2140 2210 D UtilLog :
06-04 15:05:02.208 2140 2210 D UtilLog : key=cpuserial
06-04 15:05:02.209 2140 2210 D UtilLog : values=0000000000000000
06-04 15:05:02.210 2140 2210 D UtilLog : DesValues=nNQaqXf/biPbsaIvekQHd7yInvBfbZxz
06-04 15:05:02.210 2140 2210 D UtilLog :
06-04 15:05:02.210 2140 2210 D UtilLog : key=cpuimei
06-04 15:05:02.210 2140 2210 D UtilLog : values=armeabi-v7a
06-04 15:05:02.210 2140 2210 D UtilLog : DesValues=eB2sQ5wFJ4fV9rAgxgt0kQ==
06-04 15:05:02.210 2140 2210 D UtilLog :
06-04 15:05:02.210 2140 2210 D UtilLog : key=sn
06-04 15:05:02.210 2140 2210 D UtilLog : values=DZOH58251929088
06-04 15:05:02.210 2140 2210 D UtilLog : DesValues=DRq9pIo+PTznTckjOi2hMg==
06-04 15:05:02.210 2140 2210 D UtilLog :
06-04 15:05:02.210 2140 2210 D UtilLog : key=osversion
06-04 15:05:02.211 2140 2210 D UtilLog : values=12
06-04 15:05:02.211 2140 2210 D UtilLog : DesValues=z4Vde2HU9Lg=
06-04 15:05:02.211 2140 2210 D UtilLog :
06-04 15:05:02.211 2140 2210 D UtilLog : key=oscode
06-04 15:05:02.211 2140 2210 D UtilLog : values=31
06-04 15:05:02.211 2140 2210 D UtilLog : DesValues=uYf7cxwIekI=
06-04 15:05:02.211 2140 2210 D UtilLog :
06-04 15:05:02.211 2140 2210 D UtilLog : key=is_write
06-04 15:05:02.211 2140 2210 D UtilLog : values=0
06-04 15:05:02.211 2140 2210 D UtilLog : DesValues=fhgfj/J6fiI=
06-04 15:05:02.211 2140 2210 D UtilLog :
06-04 15:05:02.211 2140 2210 D UtilLog : key=romvername
06-04 15:05:02.212 2140 2210 D UtilLog : values=5.0.0.8
06-04 15:05:02.212 2140 2210 D UtilLog : DesValues=muoX0tisw7w=
06-04 15:05:02.212 2140 2210 D UtilLog :
06-04 15:05:02.212 2140 2210 D UtilLog : key=romvercode
06-04 15:05:02.213 2140 2210 D UtilLog : values=5008
06-04 15:05:02.213 2140 2210 D UtilLog : DesValues=dIYzsUzoVXg=
06-04 15:05:02.213 2140 2210 D UtilLog :
06-04 15:05:02.213 2140 2210 D UtilLog : key=bluetoothmac
06-04 15:05:02.213 2140 2210 D UtilLog : values=B4:2F:03:15:A3:36
06-04 15:05:02.213 2140 2210 D UtilLog : DesValues=GtiP38bn9GJ/YtwiMwRcSyDuRny5iZHd
06-04 15:05:02.213 2140 2210 D UtilLog :
06-04 15:05:02.213 2140 2210 D UtilLog : key=rommodelnumber
06-04 15:05:02.214 2140 2210 D UtilLog : values=H5232
06-04 15:05:02.214 2140 2210 D UtilLog : DesValues=FkBqlkWzuas=
06-04 15:05:02.214 2140 2210 D UtilLog :
06-04 15:05:02.214 2140 2210 D UtilLog : key=userid
06-04 15:05:02.214 2140 2210 D UtilLog : values=-1
06-04 15:05:02.214 2140 2210 D UtilLog : DesValues=U8kqhGxUlIA=
06-04 15:05:02.214 2140 2210 D UtilLog :
06-04 15:05:02.214 2140 2210 D UtilLog : key=ip
06-04 15:05:02.216 2140 2186 I CameraManagerGlobal: Connecting to camera service
06-04 15:05:02.217 2140 2210 D UtilLog : values=
06-04 15:05:02.217 2140 2210 D UtilLog : DesValues=gKen3SyYFuE=
06-04 15:05:02.217 2140 2210 D UtilLog :
06-04 15:05:02.277 2217 2217 V GraphicsEnvironment: ANGLE Developer option for 'com.softwinner.timerswitch' set to: 'default'
06-04 15:05:02.277 2217 2217 V GraphicsEnvironment: Neither updatable production driver nor prerelease driver is supported.
06-04 15:05:02.286 2217 2217 D NetworkSecurityConfig: No Network Security Config specified, using platform default
06-04 15:05:02.287 2217 2217 D NetworkSecurityConfig: No Network Security Config specified, using platform default
06-04 15:05:02.290 1080 1780 I OpenGLRenderer: Davey! duration=9223372006665ms; Flags=0, FrameTimelineVsyncId=926, IntendedVsync=30187140854, Vsync=30187140854, InputEventId=0, HandleInputStart=30187876097, AnimationStart=30187881347, PerformTraversalsStart=30188248222, DrawStart=30195001597, FrameDeadline=30220474186, FrameInterval=30187863472, FrameStartTime=16666666, SyncQueued=30196825347, SyncStart=30198595555, IssueDrawCommandsStart=30200967347, SwapBuffers=30209099555, FrameCompleted=9223372036854775807, DequeueBufferDuration=57792, QueueBufferDuration=1669709, GpuCompleted=9223372036854775807, SwapBuffersCompleted=30211868097, DisplayPresentTime=0,
06-04 15:05:02.320 2217 2217 D TAG_AlarmReceiver: receive broadcast, curTime : 2025-06-04 15:05:02
06-04 15:05:02.320 2217 2217 D TAG_AlarmReceiver: ********receive system bootUp broadcast*********
06-04 15:05:02.391 476 660 I ActivityManager: Finished processing BOOT_COMPLETED for u0
06-04 15:05:02.392 476 660 W BroadcastQueue: Background execution not allowed: receiving Intent { act=android.bluetooth.adapter.action.STATE_CHANGED flg=0x4000010 (has extras) } to com.dangbei.lerad.etna.haqu/com.dangbei.remotecontroller.RemoteControllerReceiver
06-04 15:05:02.395 476 538 W BroadcastQueue: Background execution not allowed: receiving Intent { act=android.bluetooth.adapter.action.STATE_CHANGED flg=0x4000010 (has extras) } to com.dangbei.lerad.etna.haqu/com.dangbei.remotecontroller.RemoteControllerReceiver
06-04 15:05:02.399 476 538 D CompatibilityChangeReporter: Compat change id reported: 168419799; UID 10030; state: DISABLED
06-04 15:05:02.412 476 660 I ActivityManager: Background started FGS: Allowed [callingPackage: com.dangbei.screencast; callingUid: 10030; uidState: RCVR; intent: Intent { act=com.dangbei.screencast.STARTUP pkg=com.dangbei.screencast }; code:SYSTEM_ALERT_WINDOW_PERMISSION; tempAllowListReason:; targetSdkVersion:28; callerTargetSdkVersion:28; startForegroundCount:0; bindFromPackage:null]
06-04 15:05:02.437 386 386 W hdr10p_Configure: 24 callbacks suppressed
06-04 15:05:02.437 386 386 I : DVI mode selected: packets not configured
06-04 15:05:02.437 386 386 W set_vsif_config: 24 callbacks suppressed
06-04 15:05:02.437 386 386 I : Error: set vsif failed
06-04 15:05:02.434 1080 1780 I OpenGLRenderer: Davey! duration=9223372006517ms; Flags=0, FrameTimelineVsyncId=937, IntendedVsync=30337140622, Vsync=30337140622, InputEventId=0, HandleInputStart=30337814472, AnimationStart=30337818222, PerformTraversalsStart=30337822055, DrawStart=30342368764, FrameDeadline=30370473954, FrameInterval=30337803764, FrameStartTime=16666666, SyncQueued=30343518805, SyncStart=30343938139, IssueDrawCommandsStart=30345266180, SwapBuffers=30355154764, FrameCompleted=9223372036854775807, DequeueBufferDuration=53375, QueueBufferDuration=2252917, GpuCompleted=9223372036854775807, SwapBuffersCompleted=30358561805, DisplayPresentTime=0,
06-04 15:05:02.454 476 660 W ActivityManager: Foreground service started from background can not have location/camera/microphone access: service com.dangbei.screencast/.startup.StartupService
06-04 15:05:02.459 476 538 I ActivityManager: Deferring FGS notification in legacy app com.dangbei.screencast/u0a30 : Notification(channel=channel_record shortcut=null contentView=null vibrate=null sound=null defaults=0x0 flags=0x60 color=0x00000000 category=transport vis=PUBLIC)
06-04 15:05:02.481 2140 2251 I System.out: true
06-04 15:05:02.482 1080 1102 I d.leradlaunche: Background concurrent copying GC freed 92651(5441KB) AllocSpace objects, 259(7392KB) LOS objects, 49% free, 20MB/40MB, paused 1.532ms total 1.073s
06-04 15:05:02.489 476 754 D SntpClient: request time failed: java.net.SocketTimeoutException: Poll timed out
06-04 15:05:02.504 1247 1247 E raop : *********************AirplayBroadcastServer+++++++++
06-04 15:05:02.521 476 618 D NsdService: New client listening to asynchronous messages
06-04 15:05:02.523 476 618 D NsdService: New client, channel: com.android.internal.util.AsyncChannel@3feb077 messenger: android.os.Messenger@3f94e4
06-04 15:05:02.524 1247 1247 D CompatibilityChangeReporter: Compat change id reported: 191844585; UID 10030; state: DISABLED
06-04 15:05:02.568 1080 1780 I OpenGLRenderer: Davey! duration=9223372006377ms; Flags=0, FrameTimelineVsyncId=940, IntendedVsync=30470473929, Vsync=30470473929, InputEventId=0, HandleInputStart=30471040347, AnimationStart=30471044430, PerformTraversalsStart=30471047430, DrawStart=30474952555, FrameDeadline=30503807261, FrameInterval=30471030472, FrameStartTime=16666666, SyncQueued=30475868972, SyncStart=30482357514, IssueDrawCommandsStart=30483615347, SwapBuffers=30491822597, FrameCompleted=9223372036854775807, DequeueBufferDuration=51584, QueueBufferDuration=2195292, GpuCompleted=9223372036854775807, SwapBuffersCompleted=30503506014, DisplayPresentTime=0,
06-04 15:05:02.575 1247 1272 I gbei.screencas: Background young concurrent copying GC freed 10149(695KB) AllocSpace objects, 4(144KB) LOS objects, 18% free, 3897KB/4763KB, paused 258us total 113.444ms
06-04 15:05:02.581 386 386 I : DVI mode selected: packets not configured
06-04 15:05:02.581 386 386 I : Error: set vsif failed
06-04 15:05:02.599 476 660 I ActivityManager: Background started FGS: Allowed [callingPackage: com.dangbei.screencast; callingUid: 10030; uidState: FGS ; intent: Intent { cmp=com.dangbei.screencast/.huaweicast.service.HuaweiCastService }; code:PROC_STATE_FGS; tempAllowListReason:; targetSdkVersion:28; callerTargetSdkVersion:28; startForegroundCount:0; bindFromPackage:null]
06-04 15:05:02.607 1247 1247 E H264FrameQueue: H264FrameQueue: mFullQueueCount:200
06-04 15:05:02.611 654 654 E WifiHAL : wifi_get_link_stats: requestResponse Error:-5
06-04 15:05:02.613 476 608 E WifiVendorHal: getWifiLinkLayerStats_1_5_Internal(l.1191) failed {.code = ERROR_INVALID_ARGS, .description = }
06-04 15:05:02.638 386 386 I : DVI mode selected: packets not configured
06-04 15:05:02.638 386 386 I : Error: set vsif failed
06-04 15:05:02.634 1080 1780 I OpenGLRenderer: Davey! duration=9223372006317ms; Flags=0, FrameTimelineVsyncId=943, IntendedVsync=30537141168, Vsync=30537141168, InputEventId=0, HandleInputStart=30538068431, AnimationStart=30538073931, PerformTraversalsStart=30538077181, DrawStart=30542939681, FrameDeadline=30570474500, FrameInterval=30538057264, FrameStartTime=16666666, SyncQueued=30543837764, SyncStart=30544327972, IssueDrawCommandsStart=30545647681, SwapBuffers=30556142056, FrameCompleted=9223372036854775807, DequeueBufferDuration=62792, QueueBufferDuration=2816209, GpuCompleted=9223372036854775807, SwapBuffersCompleted=30560352389, DisplayPresentTime=0,
06-04 15:05:02.639 1080 1964 D wenhc : getScreenInfo uri = content://com.dangbei.screencast.parts.info/screen_cast
06-04 15:05:02.669 2140 2187 I System.out: true
06-04 15:05:02.713 1247 1247 E HuaweiCastService: onCreate called().
06-04 15:05:02.719 476 660 D CompatibilityChangeReporter: Compat change id reported: 168419799; UID 1000; state: DISABLED
06-04 15:05:02.721 1343 1343 D RockyVoice: RestartReceiver onReceive
06-04 15:05:02.724 1021 1323 E dangbei111: cccccc 检查遥控器是否连接: Dangbei E4:BB:D3:57:C0:7D
06-04 15:05:02.730 1343 1343 D RockyVoice: RestartReceiver onReceive
06-04 15:05:02.738 1021 1323 E dangbei111: cccccc 检查遥控器是否连接: 蓝牙的结果 Dangbei E4:BB:D3:57:C0:7D false
06-04 15:05:02.740 476 660 D CompatibilityChangeReporter: Compat change id reported: 135634846; UID 10013; state: DISABLED
06-04 15:05:02.742 476 660 D CompatibilityChangeReporter: Compat change id reported: 177438394; UID 10013; state: DISABLED
06-04 15:05:02.744 476 660 D CompatibilityChangeReporter: Compat change id reported: 135772972; UID 10013; state: DISABLED
06-04 15:05:02.745 476 660 D CompatibilityChangeReporter: Compat change id reported: 135754954; UID 10013; state: ENABLED
06-04 15:05:02.748 476 539 D CompatibilityChangeReporter: Compat change id reported: 143937733; UID 10013; state: ENABLED
06-04 15:05:02.753 1021 1323 E dangbei111: cccccc input中没有遥控器存在
06-04 15:05:02.754 1021 1323 E dangbei111: cccccc 蓝牙状态连接 不是连接状态 啥都不干
06-04 15:05:02.761 1247 1247 E PlayerClient: registerCallback com.dangbei.screencast.huaweicast.service.HuaweiCastService$a@6b7361b
06-04 15:05:02.761 1247 1247 D PlayerClient: registerCallback true
06-04 15:05:02.761 1247 1247 D PlayerClient: init.
06-04 15:05:02.764 476 805 I WifiService: acquireMulticastLock uid=10030
06-04 15:05:02.766 1021 1323 E dangbei111: cccccc 开始扫描
06-04 15:05:02.766 1021 1323 D BluetoothAdapter: isLeEnabled(): ON
06-04 15:05:02.768 1080 1780 I OpenGLRenderer: Davey! duration=9223372006182ms; Flags=0, FrameTimelineVsyncId=946, IntendedVsync=30670474892, Vsync=30670474892, InputEventId=0, HandleInputStart=30671082931, AnimationStart=30671087347, PerformTraversalsStart=30671090639, DrawStart=30675743597, FrameDeadline=30703808224, FrameInterval=30671072472, FrameStartTime=16666666, SyncQueued=30677049181, SyncStart=30678397806, IssueDrawCommandsStart=30679835347, SwapBuffers=30694196014, FrameCompleted=9223372036854775807, DequeueBufferDuration=58791, QueueBufferDuration=2147083, GpuCompleted=9223372036854775807, SwapBuffersCompleted=30698226222, DisplayPresentTime=0,
06-04 15:05:02.776 386 386 I : DVI mode selected: packets not configured
06-04 15:05:02.776 386 386 I : Error: set vsif failed
06-04 15:05:02.780 1247 1247 W KIT_FWK_a: KitFwk is not installed, pls do not use related interfaces.
06-04 15:05:02.781 1247 1247 W KIT_FWK_a: KitFwk is not installed, pls do not use related interfaces.
06-04 15:05:02.781 1247 1247 E PlayerClient: bind player service by aar.
06-04 15:05:02.784 244 244 D Zygote : Forked child process 2270
06-04 15:05:02.786 476 539 I ActivityManager: app.processName = com.android.externalstorage
06-04 15:05:02.786 476 539 I ActivityManager: Start proc 2270:com.android.externalstorage/u0a13 for broadcast {com.android.externalstorage/com.android.externalstorage.MountReceiver}
06-04 15:05:02.786 476 805 I WifiService: acquireMulticastLock uid=10030
06-04 15:05:02.797 1247 1247 D PlayerClient: bind player sink service true
06-04 15:05:02.803 2270 2270 I Zygote : seccomp disabled by setenforce 0
06-04 15:05:02.807 476 806 W ActivityManager: Foreground service started from background can not have location/camera/microphone access: service com.dangbei.screencast/.huaweicast.service.HuaweiCastService
06-04 15:05:02.810 1247 1247 E HuaweiCastService: startForeground!
06-04 15:05:02.814 1247 1247 E HuaweiCastService: onStartCommand in 0
06-04 15:05:02.826 666 978 I bluetooth: system/bt/stack/gatt/gatt_api.cc:1019 GATT_Register: Allocated name:GattClient uuid:96585f01-a03b-8eb8-dc21-32de3c562137 gatt_if:5 eatt_support:0
06-04 15:05:02.826 403 413 I adbd : jdwp connection from 2270
06-04 15:05:02.832 1021 1215 D BluetoothLeScanner: onScannerRegistered() - status=0 scannerId=5 mScannerId=0
06-04 15:05:02.840 1247 1247 D HiSight-SinkService: onCreate.
06-04 15:05:02.867 1247 1247 D HiSight-ConnectionManager: start ConnectionManager
06-04 15:05:02.878 1247 1247 D HiSight-SinkService: onBind.
06-04 15:05:02.889 666 1182 W UnsafeUtil: platform method missing - proto runtime falling back to safer methods: java.lang.NoSuchMethodException: sun.misc.Unsafe.copyMemory [class java.lang.Object, long, class java.lang.Object, long, long]
06-04 15:05:02.891 1247 1272 I gbei.screencas: Background young concurrent copying GC freed 7257(712KB) AllocSpace objects, 2(40KB) LOS objects, 10% free, 4244KB/4763KB, paused 177us total 191.547ms
06-04 15:05:02.895 476 806 D CompatibilityChangeReporter: Compat change id reported: 168419799; UID 10013; state: DISABLED
06-04 15:05:02.907 1247 1247 D PlayerClient: service connected.
06-04 15:05:02.907 1247 1247 D HiSight-SinkService: ITaskBinder registerCallback: true
06-04 15:05:02.907 1247 1247 D HiSight-HiSightManager: ITaskBinder registerCallback.
06-04 15:05:02.908 1247 1247 D HiSight-CallbackManager: addNewCallback. com.dangbei.screencast.huaweicast.service.HuaweiCastService$a@6b7361b
06-04 15:05:02.910 1247 1247 E HuaweiCastService: eventId: 4001
06-04 15:05:02.911 1021 1323 E dangbei111: cccccc 开始扫描
