06-04 15:04:46.410 366 366 W omx_vdec: <__AwOmxVdecGetExtensionIndex:1737>: GetExtensionIndex OMX.google.android.index.describeColorFormat, err [0x80001001].
06-04 15:04:46.410 366 366 W omx_vdec: <__AwOmxVdecGetExtensionIndex:1737>: GetExtensionIndex OMX.google.android.index.describeColorFormat2, err [0x80001001].
06-04 15:04:46.410 366 366 E omx_vdec: : erro: pParamData->nIndex > m_sPortFormatType.nIndex
06-04 15:04:46.410 366 366 W omx_vdec: <__AwOmxVdecGetExtensionIndex:1737>: GetExtensionIndex OMX.google.android.index.describeColorFormat, err [0x80001001].
06-04 15:04:46.410 366 366 W omx_vdec: <__AwOmxVdecGetExtensionIndex:1737>: GetExtensionIndex OMX.google.android.index.describeColorFormat2, err [0x80001001].
06-04 15:04:46.410 366 366 E omx_vdec: : erro: pParamData->nIndex > m_sPortFormatType.nIndex
06-04 15:04:46.411 366 366 W omx_vdec: <__AwOmxVdecGetExtensionIndex:1737>: GetExtensionIndex OMX.google.android.index.describeColorFormat, err [0x80001001].
06-04 15:04:46.411 366 366 W omx_vdec: <__AwOmxVdecGetExtensionIndex:1737>: GetExtensionIndex OMX.google.android.index.describeColorFormat2, err [0x80001001].
06-04 15:04:46.411 366 366 E omx_vdec: : erro: pParamData->nIndex > m_sPortFormatType.nIndex
06-04 15:04:46.411 366 366 W omx_vdec: <__AwOmxVdecGetExtensionIndex:1737>: GetExtensionIndex OMX.google.android.index.describeColorFormat, err [0x80001001].
06-04 15:04:46.411 366 366 W omx_vdec: <__AwOmxVdecGetExtensionIndex:1737>: GetExtensionIndex OMX.google.android.index.describeColorFormat2, err [0x80001001].
06-04 15:04:46.411 366 366 E omx_vdec: : erro: pParamData->nIndex > m_sPortFormatType.nIndex
06-04 15:04:46.411 366 366 W omx_vdec: <__AwOmxVdecGetExtensionIndex:1737>: GetExtensionIndex OMX.google.android.index.describeColorFormat, err [0x80001001].
06-04 15:04:46.411 366 366 W omx_vdec: <__AwOmxVdecGetExtensionIndex:1737>: GetExtensionIndex OMX.google.android.index.describeColorFormat2, err [0x80001001].
06-04 15:04:46.411 476 660 D CompatibilityChangeReporter: Compat change id reported: 168419799; UID 1000; state: DISABLED
06-04 15:04:46.412 366 366 E omx_vdec: : erro: pParamData->nIndex > m_sPortFormatType.nIndex
06-04 15:04:46.412 366 366 W omx_vdec: <__AwOmxVdecGetExtensionIndex:1737>: GetExtensionIndex OMX.google.android.index.describeColorFormat, err [0x80001001].
06-04 15:04:46.412 366 366 W omx_vdec: <__AwOmxVdecGetExtensionIndex:1737>: GetExtensionIndex OMX.google.android.index.describeColorFormat2, err [0x80001001].
06-04 15:04:46.412 366 366 E omx_vdec: : erro: pParamData->nIndex > m_sPortFormatType.nIndex
06-04 15:04:46.413 366 366 W omx_vdec: <__AwOmxVdecGetExtensionIndex:1737>: GetExtensionIndex OMX.google.android.index.describeColorFormat, err [0x80001001].
06-04 15:04:46.413 366 366 W omx_vdec: <__AwOmxVdecGetExtensionIndex:1737>: GetExtensionIndex OMX.google.android.index.describeColorFormat2, err [0x80001001].
06-04 15:04:46.413 366 366 E omx_vdec: : erro: pParamData->nIndex > m_sPortFormatType.nIndex
06-04 15:04:46.413 366 366 W omx_vdec: <__AwOmxVdecGetExtensionIndex:1737>: GetExtensionIndex OMX.google.android.index.describeColorFormat, err [0x80001001].
06-04 15:04:46.413 366 366 W omx_vdec: <__AwOmxVdecGetExtensionIndex:1737>: GetExtensionIndex OMX.google.android.index.describeColorFormat2, err [0x80001001].
06-04 15:04:46.413 366 366 E omx_vdec: : erro: pParamData->nIndex > m_sPortFormatType.nIndex
06-04 15:04:46.413 366 366 W omx_vdec: <__AwOmxVdecGetExtensionIndex:1737>: GetExtensionIndex OMX.google.android.index.describeColorFormat, err [0x80001001].
06-04 15:04:46.413 366 366 W omx_vdec: <__AwOmxVdecGetExtensionIndex:1737>: GetExtensionIndex OMX.google.android.index.describeColorFormat2, err [0x80001001].
06-04 15:04:46.414 366 366 E omx_vdec: : erro: pParamData->nIndex > m_sPortFormatType.nIndex
06-04 15:04:46.414 366 366 W omx_vdec: <__AwOmxVdecGetExtensionIndex:1737>: GetExtensionIndex OMX.google.android.index.describeColorFormat, err [0x80001001].
06-04 15:04:46.414 366 366 W omx_vdec: <__AwOmxVdecGetExtensionIndex:1737>: GetExtensionIndex OMX.google.android.index.describeColorFormat2, err [0x80001001].
06-04 15:04:46.414 366 366 E omx_vdec: : erro: pParamData->nIndex > m_sPortFormatType.nIndex
06-04 15:04:46.414 366 366 W omx_vdec: <__AwOmxVdecGetExtensionIndex:1737>: GetExtensionIndex OMX.google.android.index.describeColorFormat, err [0x80001001].
06-04 15:04:46.414 366 366 W omx_vdec: <__AwOmxVdecGetExtensionIndex:1737>: GetExtensionIndex OMX.google.android.index.describeColorFormat2, err [0x80001001].
06-04 15:04:46.414 366 366 E omx_vdec: : erro: pParamData->nIndex > m_sPortFormatType.nIndex
06-04 15:04:46.414 366 366 W omx_vdec: <__AwOmxVdecGetExtensionIndex:1737>: GetExtensionIndex OMX.google.android.index.describeColorFormat, err [0x80001001].
06-04 15:04:46.414 366 366 W omx_vdec: <__AwOmxVdecGetExtensionIndex:1737>: GetExtensionIndex OMX.google.android.index.describeColorFormat2, err [0x80001001].
06-04 15:04:46.415 353 471 W ACodec : [OMX.allwinner.video.decoder.mpeg2] stopping checking formats after 32: COLOR_FormatYUV420Planar(13)
06-04 15:04:46.415 366 366 W omx_vdec: <__AwOmxVdecGetExtensionIndex:1737>: GetExtensionIndex OMX.google.android.index.configureVideoTunnelMode, err [0x80001001].
06-04 15:04:46.415 366 366 E OMXNodeInstance: getExtensionIndex(0xe93f7000:allwinner.decoder.mpeg2, OMX.google.android.index.configureVideoTunnelMode) ERROR: Undefined(0x80001001)
06-04 15:04:46.415 353 471 D MediaCodecInfo: detail feature-tunneled-playback wasn't present to remove
06-04 15:04:46.415 366 366 W omx_vdec: <__AwOmxVdecGetExtensionIndex:1737>: GetExtensionIndex OMX.google.android.index.storeANWBufferInMetadata, err [0x80001001].
06-04 15:04:46.415 366 366 W omx_vdec_aw: <__anSetExtPara:3011>: Setparameter: unknown param 2131755011
06-04 15:04:46.415 366 366 W OMXNodeInstance: [0xe93f7000:allwinner.decoder.mpeg2] component does not support metadata mode; using fallback
06-04 15:04:46.415 366 730 W libc : invalid pthread_t (0) passed to pthread_join
06-04 15:04:46.415 366 730 W libc : invalid pthread_t (0) passed to pthread_join
06-04 15:04:46.415 366 730 W libc : invalid pthread_t (0) passed to pthread_join
06-04 15:04:46.419 353 471 I OMXClient: IOmx service obtained
06-04 15:04:46.420 366 366 I OMXStore: makeComponentInstance(OMX.allwinner.video.decoder.mpeg4) in android.hardwar process
06-04 15:04:46.421 366 366 I omx_vdec_aw: : OmxDecoderCreate.
06-04 15:04:46.422 366 366 W omx_vdec: <__AwOmxVdecSetParameter:1561>: Set Parameter called in valid state
06-04 15:04:46.423 366 366 W omx_vdec: : pParamProfileLevel->nProfileIndex[0x2] error!
06-04 15:04:46.423 366 366 E OMXNodeInstance: getParameter(0xe93f7000:allwinner.decoder.mpeg4, ParamVideoProfileLevelQuerySupported(0x600000f)) ERROR: BadParameter(0x80001005)
06-04 15:04:46.423 366 366 W omx_vdec: <__AwOmxVdecGetExtensionIndex:1737>: GetExtensionIndex OMX.google.android.index.describeColorFormat, err [0x80001001].
06-04 15:04:46.423 366 366 W omx_vdec: <__AwOmxVdecGetExtensionIndex:1737>: GetExtensionIndex OMX.google.android.index.describeColorFormat2, err [0x80001001].
06-04 15:04:46.423 366 366 E omx_vdec: : erro: pParamData->nIndex > m_sPortFormatType.nIndex
06-04 15:04:46.423 366 366 W omx_vdec: <__AwOmxVdecGetExtensionIndex:1737>: GetExtensionIndex OMX.google.android.index.describeColorFormat, err [0x80001001].
06-04 15:04:46.424 366 366 W omx_vdec: <__AwOmxVdecGetExtensionIndex:1737>: GetExtensionIndex OMX.google.android.index.describeColorFormat2, err [0x80001001].
06-04 15:04:46.424 366 366 E omx_vdec: : erro: pParamData->nIndex > m_sPortFormatType.nIndex
06-04 15:04:46.424 366 366 W omx_vdec: <__AwOmxVdecGetExtensionIndex:1737>: GetExtensionIndex OMX.google.android.index.describeColorFormat, err [0x80001001].
06-04 15:04:46.424 366 366 W omx_vdec: <__AwOmxVdecGetExtensionIndex:1737>: GetExtensionIndex OMX.google.android.index.describeColorFormat2, err [0x80001001].
06-04 15:04:46.424 366 366 E omx_vdec: : erro: pParamData->nIndex > m_sPortFormatType.nIndex
06-04 15:04:46.424 366 366 W omx_vdec: <__AwOmxVdecGetExtensionIndex:1737>: GetExtensionIndex OMX.google.android.index.describeColorFormat, err [0x80001001].
06-04 15:04:46.424 366 366 W omx_vdec: <__AwOmxVdecGetExtensionIndex:1737>: GetExtensionIndex OMX.google.android.index.describeColorFormat2, err [0x80001001].
06-04 15:04:46.424 712 712 V WebViewLibraryLoader: RelroFileCreator (64bit = false), package: com.android.webview library: libwebviewchromium.so
06-04 15:04:46.424 366 366 E omx_vdec: : erro: pParamData->nIndex > m_sPortFormatType.nIndex
06-04 15:04:46.425 366 366 W omx_vdec: <__AwOmxVdecGetExtensionIndex:1737>: GetExtensionIndex OMX.google.android.index.describeColorFormat, err [0x80001001].
06-04 15:04:46.425 366 366 W omx_vdec: <__AwOmxVdecGetExtensionIndex:1737>: GetExtensionIndex OMX.google.android.index.describeColorFormat2, err [0x80001001].
06-04 15:04:46.425 366 366 E omx_vdec: : erro: pParamData->nIndex > m_sPortFormatType.nIndex
06-04 15:04:46.425 366 366 W omx_vdec: <__AwOmxVdecGetExtensionIndex:1737>: GetExtensionIndex OMX.google.android.index.describeColorFormat, err [0x80001001].
06-04 15:04:46.425 366 366 W omx_vdec: <__AwOmxVdecGetExtensionIndex:1737>: GetExtensionIndex OMX.google.android.index.describeColorFormat2, err [0x80001001].
06-04 15:04:46.425 366 366 E omx_vdec: : erro: pParamData->nIndex > m_sPortFormatType.nIndex
06-04 15:04:46.425 366 366 W omx_vdec: <__AwOmxVdecGetExtensionIndex:1737>: GetExtensionIndex OMX.google.android.index.describeColorFormat, err [0x80001001].
06-04 15:04:46.425 366 366 W omx_vdec: <__AwOmxVdecGetExtensionIndex:1737>: GetExtensionIndex OMX.google.android.index.describeColorFormat2, err [0x80001001].
06-04 15:04:46.426 366 366 E omx_vdec: : erro: pParamData->nIndex > m_sPortFormatType.nIndex
06-04 15:04:46.426 366 366 W omx_vdec: <__AwOmxVdecGetExtensionIndex:1737>: GetExtensionIndex OMX.google.android.index.describeColorFormat, err [0x80001001].
06-04 15:04:46.426 366 366 W omx_vdec: <__AwOmxVdecGetExtensionIndex:1737>: GetExtensionIndex OMX.google.android.index.describeColorFormat2, err [0x80001001].
06-04 15:04:46.426 366 366 E omx_vdec: : erro: pParamData->nIndex > m_sPortFormatType.nIndex
06-04 15:04:46.426 366 366 W omx_vdec: <__AwOmxVdecGetExtensionIndex:1737>: GetExtensionIndex OMX.google.android.index.describeColorFormat, err [0x80001001].
06-04 15:04:46.426 366 366 W omx_vdec: <__AwOmxVdecGetExtensionIndex:1737>: GetExtensionIndex OMX.google.android.index.describeColorFormat2, err [0x80001001].
06-04 15:04:46.426 366 366 E omx_vdec: : erro: pParamData->nIndex > m_sPortFormatType.nIndex
06-04 15:04:46.426 366 366 W omx_vdec: <__AwOmxVdecGetExtensionIndex:1737>: GetExtensionIndex OMX.google.android.index.describeColorFormat, err [0x80001001].
06-04 15:04:46.426 476 476 D PermissionMonitor: Users: 1, Apps: 9
06-04 15:04:46.426 366 366 W omx_vdec: <__AwOmxVdecGetExtensionIndex:1737>: GetExtensionIndex OMX.google.android.index.describeColorFormat2, err [0x80001001].
06-04 15:04:46.427 366 366 E omx_vdec: : erro: pParamData->nIndex > m_sPortFormatType.nIndex
06-04 15:04:46.427 366 366 W omx_vdec: <__AwOmxVdecGetExtensionIndex:1737>: GetExtensionIndex OMX.google.android.index.describeColorFormat, err [0x80001001].
06-04 15:04:46.427 366 366 W omx_vdec: <__AwOmxVdecGetExtensionIndex:1737>: GetExtensionIndex OMX.google.android.index.describeColorFormat2, err [0x80001001].
06-04 15:04:46.427 366 366 E omx_vdec: : erro: pParamData->nIndex > m_sPortFormatType.nIndex
06-04 15:04:46.427 366 366 W omx_vdec: <__AwOmxVdecGetExtensionIndex:1737>: GetExtensionIndex OMX.google.android.index.describeColorFormat, err [0x80001001].
06-04 15:04:46.427 366 366 W omx_vdec: <__AwOmxVdecGetExtensionIndex:1737>: GetExtensionIndex OMX.google.android.index.describeColorFormat2, err [0x80001001].
06-04 15:04:46.427 366 366 E omx_vdec: : erro: pParamData->nIndex > m_sPortFormatType.nIndex
06-04 15:04:46.427 366 366 W omx_vdec: <__AwOmxVdecGetExtensionIndex:1737>: GetExtensionIndex OMX.google.android.index.describeColorFormat, err [0x80001001].
06-04 15:04:46.427 366 366 W omx_vdec: <__AwOmxVdecGetExtensionIndex:1737>: GetExtensionIndex OMX.google.android.index.describeColorFormat2, err [0x80001001].
06-04 15:04:46.427 366 366 E omx_vdec: : erro: pParamData->nIndex > m_sPortFormatType.nIndex
06-04 15:04:46.428 366 366 W omx_vdec: <__AwOmxVdecGetExtensionIndex:1737>: GetExtensionIndex OMX.google.android.index.describeColorFormat, err [0x80001001].
06-04 15:04:46.428 366 366 W omx_vdec: <__AwOmxVdecGetExtensionIndex:1737>: GetExtensionIndex OMX.google.android.index.describeColorFormat2, err [0x80001001].
06-04 15:04:46.428 366 366 E omx_vdec: : erro: pParamData->nIndex > m_sPortFormatType.nIndex
06-04 15:04:46.428 366 366 W omx_vdec: <__AwOmxVdecGetExtensionIndex:1737>: GetExtensionIndex OMX.google.android.index.describeColorFormat, err [0x80001001].
06-04 15:04:46.428 366 366 W omx_vdec: <__AwOmxVdecGetExtensionIndex:1737>: GetExtensionIndex OMX.google.android.index.describeColorFormat2, err [0x80001001].
06-04 15:04:46.428 366 366 E omx_vdec: : erro: pParamData->nIndex > m_sPortFormatType.nIndex
06-04 15:04:46.428 366 366 W omx_vdec: <__AwOmxVdecGetExtensionIndex:1737>: GetExtensionIndex OMX.google.android.index.describeColorFormat, err [0x80001001].
06-04 15:04:46.428 366 366 W omx_vdec: <__AwOmxVdecGetExtensionIndex:1737>: GetExtensionIndex OMX.google.android.index.describeColorFormat2, err [0x80001001].
06-04 15:04:46.429 366 366 E omx_vdec: : erro: pParamData->nIndex > m_sPortFormatType.nIndex
06-04 15:04:46.429 366 366 W omx_vdec: <__AwOmxVdecGetExtensionIndex:1737>: GetExtensionIndex OMX.google.android.index.describeColorFormat, err [0x80001001].
06-04 15:04:46.429 366 366 W omx_vdec: <__AwOmxVdecGetExtensionIndex:1737>: GetExtensionIndex OMX.google.android.index.describeColorFormat2, err [0x80001001].
06-04 15:04:46.429 366 366 E omx_vdec: : erro: pParamData->nIndex > m_sPortFormatType.nIndex
06-04 15:04:46.429 366 366 W omx_vdec: <__AwOmxVdecGetExtensionIndex:1737>: GetExtensionIndex OMX.google.android.index.describeColorFormat, err [0x80001001].
06-04 15:04:46.429 366 366 W omx_vdec: <__AwOmxVdecGetExtensionIndex:1737>: GetExtensionIndex OMX.google.android.index.describeColorFormat2, err [0x80001001].
06-04 15:04:46.429 366 366 E omx_vdec: : erro: pParamData->nIndex > m_sPortFormatType.nIndex
06-04 15:04:46.429 366 366 W omx_vdec: <__AwOmxVdecGetExtensionIndex:1737>: GetExtensionIndex OMX.google.android.index.describeColorFormat, err [0x80001001].
06-04 15:04:46.429 366 366 W omx_vdec: <__AwOmxVdecGetExtensionIndex:1737>: GetExtensionIndex OMX.google.android.index.describeColorFormat2, err [0x80001001].
06-04 15:04:46.430 366 366 E omx_vdec: : erro: pParamData->nIndex > m_sPortFormatType.nIndex
06-04 15:04:46.430 366 366 W omx_vdec: <__AwOmxVdecGetExtensionIndex:1737>: GetExtensionIndex OMX.google.android.index.describeColorFormat, err [0x80001001].
06-04 15:04:46.430 366 366 W omx_vdec: <__AwOmxVdecGetExtensionIndex:1737>: GetExtensionIndex OMX.google.android.index.describeColorFormat2, err [0x80001001].
06-04 15:04:46.430 366 366 E omx_vdec: : erro: pParamData->nIndex > m_sPortFormatType.nIndex
06-04 15:04:46.430 366 366 W omx_vdec: <__AwOmxVdecGetExtensionIndex:1737>: GetExtensionIndex OMX.google.android.index.describeColorFormat, err [0x80001001].
06-04 15:04:46.430 366 366 W omx_vdec: <__AwOmxVdecGetExtensionIndex:1737>: GetExtensionIndex OMX.google.android.index.describeColorFormat2, err [0x80001001].
06-04 15:04:46.430 366 366 E omx_vdec: : erro: pParamData->nIndex > m_sPortFormatType.nIndex
06-04 15:04:46.430 366 366 W omx_vdec: <__AwOmxVdecGetExtensionIndex:1737>: GetExtensionIndex OMX.google.android.index.describeColorFormat, err [0x80001001].
06-04 15:04:46.430 366 366 W omx_vdec: <__AwOmxVdecGetExtensionIndex:1737>: GetExtensionIndex OMX.google.android.index.describeColorFormat2, err [0x80001001].
06-04 15:04:46.430 366 366 E omx_vdec: : erro: pParamData->nIndex > m_sPortFormatType.nIndex
06-04 15:04:46.431 366 366 W omx_vdec: <__AwOmxVdecGetExtensionIndex:1737>: GetExtensionIndex OMX.google.android.index.describeColorFormat, err [0x80001001].
06-04 15:04:46.431 366 366 W omx_vdec: <__AwOmxVdecGetExtensionIndex:1737>: GetExtensionIndex OMX.google.android.index.describeColorFormat2, err [0x80001001].
06-04 15:04:46.431 366 366 E omx_vdec: : erro: pParamData->nIndex > m_sPortFormatType.nIndex
06-04 15:04:46.431 366 366 W omx_vdec: <__AwOmxVdecGetExtensionIndex:1737>: GetExtensionIndex OMX.google.android.index.describeColorFormat, err [0x80001001].
06-04 15:04:46.431 366 366 W omx_vdec: <__AwOmxVdecGetExtensionIndex:1737>: GetExtensionIndex OMX.google.android.index.describeColorFormat2, err [0x80001001].
06-04 15:04:46.431 366 366 E omx_vdec: : erro: pParamData->nIndex > m_sPortFormatType.nIndex
06-04 15:04:46.431 366 366 W omx_vdec: <__AwOmxVdecGetExtensionIndex:1737>: GetExtensionIndex OMX.google.android.index.describeColorFormat, err [0x80001001].
06-04 15:04:46.431 366 366 W omx_vdec: <__AwOmxVdecGetExtensionIndex:1737>: GetExtensionIndex OMX.google.android.index.describeColorFormat2, err [0x80001001].
06-04 15:04:46.432 366 366 E omx_vdec: : erro: pParamData->nIndex > m_sPortFormatType.nIndex
06-04 15:04:46.432 366 366 W omx_vdec: <__AwOmxVdecGetExtensionIndex:1737>: GetExtensionIndex OMX.google.android.index.describeColorFormat, err [0x80001001].
06-04 15:04:46.432 366 366 W omx_vdec: <__AwOmxVdecGetExtensionIndex:1737>: GetExtensionIndex OMX.google.android.index.describeColorFormat2, err [0x80001001].
06-04 15:04:46.432 366 366 E omx_vdec: : erro: pParamData->nIndex > m_sPortFormatType.nIndex
06-04 15:04:46.433 366 366 W omx_vdec: <__AwOmxVdecGetExtensionIndex:1737>: GetExtensionIndex OMX.google.android.index.describeColorFormat, err [0x80001001].
06-04 15:04:46.433 366 366 W omx_vdec: <__AwOmxVdecGetExtensionIndex:1737>: GetExtensionIndex OMX.google.android.index.describeColorFormat2, err [0x80001001].
06-04 15:04:46.433 366 366 E omx_vdec: : erro: pParamData->nIndex > m_sPortFormatType.nIndex
06-04 15:04:46.433 366 366 W omx_vdec: <__AwOmxVdecGetExtensionIndex:1737>: GetExtensionIndex OMX.google.android.index.describeColorFormat, err [0x80001001].
06-04 15:04:46.433 366 366 W omx_vdec: <__AwOmxVdecGetExtensionIndex:1737>: GetExtensionIndex OMX.google.android.index.describeColorFormat2, err [0x80001001].
06-04 15:04:46.433 366 366 E omx_vdec: : erro: pParamData->nIndex > m_sPortFormatType.nIndex
06-04 15:04:46.433 366 366 W omx_vdec: <__AwOmxVdecGetExtensionIndex:1737>: GetExtensionIndex OMX.google.android.index.describeColorFormat, err [0x80001001].
06-04 15:04:46.433 366 366 W omx_vdec: <__AwOmxVdecGetExtensionIndex:1737>: GetExtensionIndex OMX.google.android.index.describeColorFormat2, err [0x80001001].
06-04 15:04:46.434 366 366 E omx_vdec: : erro: pParamData->nIndex > m_sPortFormatType.nIndex
06-04 15:04:46.434 366 366 W omx_vdec: <__AwOmxVdecGetExtensionIndex:1737>: GetExtensionIndex OMX.google.android.index.describeColorFormat, err [0x80001001].
06-04 15:04:46.434 366 366 W omx_vdec: <__AwOmxVdecGetExtensionIndex:1737>: GetExtensionIndex OMX.google.android.index.describeColorFormat2, err [0x80001001].
06-04 15:04:46.434 366 366 E omx_vdec: : erro: pParamData->nIndex > m_sPortFormatType.nIndex
06-04 15:04:46.434 366 366 W omx_vdec: <__AwOmxVdecGetExtensionIndex:1737>: GetExtensionIndex OMX.google.android.index.describeColorFormat, err [0x80001001].
06-04 15:04:46.434 366 366 W omx_vdec: <__AwOmxVdecGetExtensionIndex:1737>: GetExtensionIndex OMX.google.android.index.describeColorFormat2, err [0x80001001].
06-04 15:04:46.434 366 366 E omx_vdec: : erro: pParamData->nIndex > m_sPortFormatType.nIndex
06-04 15:04:46.434 366 366 W omx_vdec: <__AwOmxVdecGetExtensionIndex:1737>: GetExtensionIndex OMX.google.android.index.describeColorFormat, err [0x80001001].
06-04 15:04:46.434 366 366 W omx_vdec: <__AwOmxVdecGetExtensionIndex:1737>: GetExtensionIndex OMX.google.android.index.describeColorFormat2, err [0x80001001].
06-04 15:04:46.435 366 366 E omx_vdec: : erro: pParamData->nIndex > m_sPortFormatType.nIndex
06-04 15:04:46.435 366 366 W omx_vdec: <__AwOmxVdecGetExtensionIndex:1737>: GetExtensionIndex OMX.google.android.index.describeColorFormat, err [0x80001001].
06-04 15:04:46.435 366 366 W omx_vdec: <__AwOmxVdecGetExtensionIndex:1737>: GetExtensionIndex OMX.google.android.index.describeColorFormat2, err [0x80001001].
06-04 15:04:46.435 353 471 W ACodec : [OMX.allwinner.video.decoder.mpeg4] stopping checking formats after 32: COLOR_FormatYUV420Planar(13)
06-04 15:04:46.435 366 366 W omx_vdec: <__AwOmxVdecGetExtensionIndex:1737>: GetExtensionIndex OMX.google.android.index.configureVideoTunnelMode, err [0x80001001].
06-04 15:04:46.435 366 366 E OMXNodeInstance: getExtensionIndex(0xe93f7000:allwinner.decoder.mpeg4, OMX.google.android.index.configureVideoTunnelMode) ERROR: Undefined(0x80001001)
06-04 15:04:46.435 353 471 D MediaCodecInfo: detail feature-tunneled-playback wasn't present to remove
06-04 15:04:46.435 366 366 W omx_vdec: <__AwOmxVdecGetExtensionIndex:1737>: GetExtensionIndex OMX.google.android.index.storeANWBufferInMetadata, err [0x80001001].
06-04 15:04:46.435 366 366 W omx_vdec_aw: <__anSetExtPara:3011>: Setparameter: unknown param 2131755011
06-04 15:04:46.435 366 366 W OMXNodeInstance: [0xe93f7000:allwinner.decoder.mpeg4] component does not support metadata mode; using fallback
06-04 15:04:46.436 366 735 W libc : invalid pthread_t (0) passed to pthread_join
06-04 15:04:46.436 366 735 W libc : invalid pthread_t (0) passed to pthread_join
06-04 15:04:46.436 366 735 W libc : invalid pthread_t (0) passed to pthread_join
06-04 15:04:46.438 353 471 I OMXClient: IOmx service obtained
06-04 15:04:46.438 366 366 I OMXStore: makeComponentInstance(OMX.allwinner.video.decoder.vp8) in android.hardwar process
06-04 15:04:46.438 476 476 I SystemServerTiming: MakeVpnManagerServiceReady
06-04 15:04:46.440 366 366 I omx_vdec_aw: : OmxDecoderCreate.
06-04 15:04:46.440 476 615 D ConnectivityService: NetReassign [no changes]
06-04 15:04:46.441 366 366 W omx_vdec: <__AwOmxVdecSetParameter:1561>: Set Parameter called in valid state
06-04 15:04:46.441 366 366 W omx_vdec: : OMX_IndexParamVideoProfileLevelQuerySupported, Format[0x9] not support
06-04 15:04:46.441 366 366 E OMXNodeInstance: getParameter(0xe93f7000:allwinner.decoder.vp8, ParamVideoProfileLevelQuerySupported(0x600000f)) ERROR: BadParameter(0x80001005)
06-04 15:04:46.441 366 366 W omx_vdec: <__AwOmxVdecGetExtensionIndex:1737>: GetExtensionIndex OMX.google.android.index.describeColorFormat, err [0x80001001].
06-04 15:04:46.441 366 366 W omx_vdec: <__AwOmxVdecGetExtensionIndex:1737>: GetExtensionIndex OMX.google.android.index.describeColorFormat2, err [0x80001001].
06-04 15:04:46.441 366 366 E omx_vdec: : erro: pParamData->nIndex > m_sPortFormatType.nIndex
06-04 15:04:46.441 366 366 W omx_vdec: <__AwOmxVdecGetExtensionIndex:1737>: GetExtensionIndex OMX.google.android.index.describeColorFormat, err [0x80001001].
06-04 15:04:46.441 366 366 W omx_vdec: <__AwOmxVdecGetExtensionIndex:1737>: GetExtensionIndex OMX.google.android.index.describeColorFormat2, err [0x80001001].
06-04 15:04:46.442 366 366 E omx_vdec: : erro: pParamData->nIndex > m_sPortFormatType.nIndex
06-04 15:04:46.442 366 366 W omx_vdec: <__AwOmxVdecGetExtensionIndex:1737>: GetExtensionIndex OMX.google.android.index.describeColorFormat, err [0x80001001].
06-04 15:04:46.442 366 366 W omx_vdec: <__AwOmxVdecGetExtensionIndex:1737>: GetExtensionIndex OMX.google.android.index.describeColorFormat2, err [0x80001001].
06-04 15:04:46.442 366 366 E omx_vdec: : erro: pParamData->nIndex > m_sPortFormatType.nIndex
06-04 15:04:46.442 366 366 W omx_vdec: <__AwOmxVdecGetExtensionIndex:1737>: GetExtensionIndex OMX.google.android.index.describeColorFormat, err [0x80001001].
06-04 15:04:46.442 366 366 W omx_vdec: <__AwOmxVdecGetExtensionIndex:1737>: GetExtensionIndex OMX.google.android.index.describeColorFormat2, err [0x80001001].
06-04 15:04:46.442 366 366 E omx_vdec: : erro: pParamData->nIndex > m_sPortFormatType.nIndex
06-04 15:04:46.442 366 366 W omx_vdec: <__AwOmxVdecGetExtensionIndex:1737>: GetExtensionIndex OMX.google.android.index.describeColorFormat, err [0x80001001].
06-04 15:04:46.443 366 366 W omx_vdec: <__AwOmxVdecGetExtensionIndex:1737>: GetExtensionIndex OMX.google.android.index.describeColorFormat2, err [0x80001001].
06-04 15:04:46.443 366 366 E omx_vdec: : erro: pParamData->nIndex > m_sPortFormatType.nIndex
06-04 15:04:46.443 366 366 W omx_vdec: <__AwOmxVdecGetExtensionIndex:1737>: GetExtensionIndex OMX.google.android.index.describeColorFormat, err [0x80001001].
06-04 15:04:46.443 366 366 W omx_vdec: <__AwOmxVdecGetExtensionIndex:1737>: GetExtensionIndex OMX.google.android.index.describeColorFormat2, err [0x80001001].
06-04 15:04:46.443 366 366 E omx_vdec: : erro: pParamData->nIndex > m_sPortFormatType.nIndex
06-04 15:04:46.443 366 366 W omx_vdec: <__AwOmxVdecGetExtensionIndex:1737>: GetExtensionIndex OMX.google.android.index.describeColorFormat, err [0x80001001].
06-04 15:04:46.443 366 366 W omx_vdec: <__AwOmxVdecGetExtensionIndex:1737>: GetExtensionIndex OMX.google.android.index.describeColorFormat2, err [0x80001001].
06-04 15:04:46.443 366 366 E omx_vdec: : erro: pParamData->nIndex > m_sPortFormatType.nIndex
06-04 15:04:46.443 366 366 W omx_vdec: <__AwOmxVdecGetExtensionIndex:1737>: GetExtensionIndex OMX.google.android.index.describeColorFormat, err [0x80001001].
06-04 15:04:46.444 366 366 W omx_vdec: <__AwOmxVdecGetExtensionIndex:1737>: GetExtensionIndex OMX.google.android.index.describeColorFormat2, err [0x80001001].
06-04 15:04:46.444 366 366 E omx_vdec: : erro: pParamData->nIndex > m_sPortFormatType.nIndex
06-04 15:04:46.444 366 366 W omx_vdec: <__AwOmxVdecGetExtensionIndex:1737>: GetExtensionIndex OMX.google.android.index.describeColorFormat, err [0x80001001].
06-04 15:04:46.444 366 366 W omx_vdec: <__AwOmxVdecGetExtensionIndex:1737>: GetExtensionIndex OMX.google.android.index.describeColorFormat2, err [0x80001001].
06-04 15:04:46.444 366 366 E omx_vdec: : erro: pParamData->nIndex > m_sPortFormatType.nIndex
06-04 15:04:46.444 366 366 W omx_vdec: <__AwOmxVdecGetExtensionIndex:1737>: GetExtensionIndex OMX.google.android.index.describeColorFormat, err [0x80001001].
06-04 15:04:46.444 366 366 W omx_vdec: <__AwOmxVdecGetExtensionIndex:1737>: GetExtensionIndex OMX.google.android.index.describeColorFormat2, err [0x80001001].
06-04 15:04:46.444 366 366 E omx_vdec: : erro: pParamData->nIndex > m_sPortFormatType.nIndex
06-04 15:04:46.445 366 366 W omx_vdec: <__AwOmxVdecGetExtensionIndex:1737>: GetExtensionIndex OMX.google.android.index.describeColorFormat, err [0x80001001].
06-04 15:04:46.445 366 366 W omx_vdec: <__AwOmxVdecGetExtensionIndex:1737>: GetExtensionIndex OMX.google.android.index.describeColorFormat2, err [0x80001001].
06-04 15:04:46.445 366 366 E omx_vdec: : erro: pParamData->nIndex > m_sPortFormatType.nIndex
06-04 15:04:46.445 366 366 W omx_vdec: <__AwOmxVdecGetExtensionIndex:1737>: GetExtensionIndex OMX.google.android.index.describeColorFormat, err [0x80001001].
06-04 15:04:46.445 366 366 W omx_vdec: <__AwOmxVdecGetExtensionIndex:1737>: GetExtensionIndex OMX.google.android.index.describeColorFormat2, err [0x80001001].
06-04 15:04:46.445 366 366 E omx_vdec: : erro: pParamData->nIndex > m_sPortFormatType.nIndex
06-04 15:04:46.445 366 366 W omx_vdec: <__AwOmxVdecGetExtensionIndex:1737>: GetExtensionIndex OMX.google.android.index.describeColorFormat, err [0x80001001].
06-04 15:04:46.445 366 366 W omx_vdec: <__AwOmxVdecGetExtensionIndex:1737>: GetExtensionIndex OMX.google.android.index.describeColorFormat2, err [0x80001001].
06-04 15:04:46.445 366 366 E omx_vdec: : erro: pParamData->nIndex > m_sPortFormatType.nIndex
06-04 15:04:46.446 366 366 W omx_vdec: <__AwOmxVdecGetExtensionIndex:1737>: GetExtensionIndex OMX.google.android.index.describeColorFormat, err [0x80001001].
06-04 15:04:46.446 366 366 W omx_vdec: <__AwOmxVdecGetExtensionIndex:1737>: GetExtensionIndex OMX.google.android.index.describeColorFormat2, err [0x80001001].
06-04 15:04:46.446 366 366 E omx_vdec: : erro: pParamData->nIndex > m_sPortFormatType.nIndex
06-04 15:04:46.446 366 366 W omx_vdec: <__AwOmxVdecGetExtensionIndex:1737>: GetExtensionIndex OMX.google.android.index.describeColorFormat, err [0x80001001].
06-04 15:04:46.446 366 366 W omx_vdec: <__AwOmxVdecGetExtensionIndex:1737>: GetExtensionIndex OMX.google.android.index.describeColorFormat2, err [0x80001001].
06-04 15:04:46.446 366 366 E omx_vdec: : erro: pParamData->nIndex > m_sPortFormatType.nIndex
06-04 15:04:46.446 366 366 W omx_vdec: <__AwOmxVdecGetExtensionIndex:1737>: GetExtensionIndex OMX.google.android.index.describeColorFormat, err [0x80001001].
06-04 15:04:46.446 366 366 W omx_vdec: <__AwOmxVdecGetExtensionIndex:1737>: GetExtensionIndex OMX.google.android.index.describeColorFormat2, err [0x80001001].
06-04 15:04:46.447 366 366 E omx_vdec: : erro: pParamData->nIndex > m_sPortFormatType.nIndex
06-04 15:04:46.447 366 366 W omx_vdec: <__AwOmxVdecGetExtensionIndex:1737>: GetExtensionIndex OMX.google.android.index.describeColorFormat, err [0x80001001].
06-04 15:04:46.449 366 366 W omx_vdec: <__AwOmxVdecGetExtensionIndex:1737>: GetExtensionIndex OMX.google.android.index.describeColorFormat2, err [0x80001001].
06-04 15:04:46.449 366 366 E omx_vdec: : erro: pParamData->nIndex > m_sPortFormatType.nIndex
06-04 15:04:46.449 366 366 W omx_vdec: <__AwOmxVdecGetExtensionIndex:1737>: GetExtensionIndex OMX.google.android.index.describeColorFormat, err [0x80001001].
06-04 15:04:46.449 366 366 W omx_vdec: <__AwOmxVdecGetExtensionIndex:1737>: GetExtensionIndex OMX.google.android.index.describeColorFormat2, err [0x80001001].
06-04 15:04:46.449 476 476 I SystemServerTiming: MakeVcnManagementServiceReady
06-04 15:04:46.449 366 366 E omx_vdec: : erro: pParamData->nIndex > m_sPortFormatType.nIndex
06-04 15:04:46.449 366 366 W omx_vdec: <__AwOmxVdecGetExtensionIndex:1737>: GetExtensionIndex OMX.google.android.index.describeColorFormat, err [0x80001001].
06-04 15:04:46.449 366 366 W omx_vdec: <__AwOmxVdecGetExtensionIndex:1737>: GetExtensionIndex OMX.google.android.index.describeColorFormat2, err [0x80001001].
06-04 15:04:46.450 366 366 E omx_vdec: : erro: pParamData->nIndex > m_sPortFormatType.nIndex
06-04 15:04:46.450 366 366 W omx_vdec: <__AwOmxVdecGetExtensionIndex:1737>: GetExtensionIndex OMX.google.android.index.describeColorFormat, err [0x80001001].
06-04 15:04:46.450 366 366 W omx_vdec: <__AwOmxVdecGetExtensionIndex:1737>: GetExtensionIndex OMX.google.android.index.describeColorFormat2, err [0x80001001].
06-04 15:04:46.450 366 366 E omx_vdec: : erro: pParamData->nIndex > m_sPortFormatType.nIndex
06-04 15:04:46.450 366 366 W omx_vdec: <__AwOmxVdecGetExtensionIndex:1737>: GetExtensionIndex OMX.google.android.index.describeColorFormat, err [0x80001001].
06-04 15:04:46.450 366 366 W omx_vdec: <__AwOmxVdecGetExtensionIndex:1737>: GetExtensionIndex OMX.google.android.index.describeColorFormat2, err [0x80001001].
06-04 15:04:46.450 366 366 E omx_vdec: : erro: pParamData->nIndex > m_sPortFormatType.nIndex
06-04 15:04:46.450 366 366 W omx_vdec: <__AwOmxVdecGetExtensionIndex:1737>: GetExtensionIndex OMX.google.android.index.describeColorFormat, err [0x80001001].
06-04 15:04:46.450 366 366 W omx_vdec: <__AwOmxVdecGetExtensionIndex:1737>: GetExtensionIndex OMX.google.android.index.describeColorFormat2, err [0x80001001].
06-04 15:04:46.451 366 366 E omx_vdec: : erro: pParamData->nIndex > m_sPortFormatType.nIndex
06-04 15:04:46.451 366 366 W omx_vdec: <__AwOmxVdecGetExtensionIndex:1737>: GetExtensionIndex OMX.google.android.index.describeColorFormat, err [0x80001001].
06-04 15:04:46.451 366 366 W omx_vdec: <__AwOmxVdecGetExtensionIndex:1737>: GetExtensionIndex OMX.google.android.index.describeColorFormat2, err [0x80001001].
06-04 15:04:46.451 366 366 E omx_vdec: : erro: pParamData->nIndex > m_sPortFormatType.nIndex
06-04 15:04:46.451 366 366 W omx_vdec: <__AwOmxVdecGetExtensionIndex:1737>: GetExtensionIndex OMX.google.android.index.describeColorFormat, err [0x80001001].
06-04 15:04:46.451 366 366 W omx_vdec: <__AwOmxVdecGetExtensionIndex:1737>: GetExtensionIndex OMX.google.android.index.describeColorFormat2, err [0x80001001].
06-04 15:04:46.451 366 366 E omx_vdec: : erro: pParamData->nIndex > m_sPortFormatType.nIndex
06-04 15:04:46.451 366 366 W omx_vdec: <__AwOmxVdecGetExtensionIndex:1737>: GetExtensionIndex OMX.google.android.index.describeColorFormat, err [0x80001001].
06-04 15:04:46.451 366 366 W omx_vdec: <__AwOmxVdecGetExtensionIndex:1737>: GetExtensionIndex OMX.google.android.index.describeColorFormat2, err [0x80001001].
06-04 15:04:46.452 366 366 E omx_vdec: : erro: pParamData->nIndex > m_sPortFormatType.nIndex
06-04 15:04:46.452 366 366 W omx_vdec: <__AwOmxVdecGetExtensionIndex:1737>: GetExtensionIndex OMX.google.android.index.describeColorFormat, err [0x80001001].
06-04 15:04:46.452 366 366 W omx_vdec: <__AwOmxVdecGetExtensionIndex:1737>: GetExtensionIndex OMX.google.android.index.describeColorFormat2, err [0x80001001].
06-04 15:04:46.453 366 366 E omx_vdec: : erro: pParamData->nIndex > m_sPortFormatType.nIndex
06-04 15:04:46.453 366 366 W omx_vdec: <__AwOmxVdecGetExtensionIndex:1737>: GetExtensionIndex OMX.google.android.index.describeColorFormat, err [0x80001001].
06-04 15:04:46.453 366 366 W omx_vdec: <__AwOmxVdecGetExtensionIndex:1737>: GetExtensionIndex OMX.google.android.index.describeColorFormat2, err [0x80001001].
06-04 15:04:46.454 366 366 E omx_vdec: : erro: pParamData->nIndex > m_sPortFormatType.nIndex
06-04 15:04:46.454 366 366 W omx_vdec: <__AwOmxVdecGetExtensionIndex:1737>: GetExtensionIndex OMX.google.android.index.describeColorFormat, err [0x80001001].
06-04 15:04:46.454 476 615 D ConnectivityService: Got NetworkProvider Messenger for VcnNetworkProvider
06-04 15:04:46.454 366 366 W omx_vdec: <__AwOmxVdecGetExtensionIndex:1737>: GetExtensionIndex OMX.google.android.index.describeColorFormat2, err [0x80001001].
06-04 15:04:46.454 366 366 E omx_vdec: : erro: pParamData->nIndex > m_sPortFormatType.nIndex
06-04 15:04:46.455 476 615 D ConnectivityService: NetReassign [no changes]
06-04 15:04:46.455 366 366 W omx_vdec: <__AwOmxVdecGetExtensionIndex:1737>: GetExtensionIndex OMX.google.android.index.describeColorFormat, err [0x80001001].
06-04 15:04:46.456 366 366 W omx_vdec: <__AwOmxVdecGetExtensionIndex:1737>: GetExtensionIndex OMX.google.android.index.describeColorFormat2, err [0x80001001].
06-04 15:04:46.456 366 366 E omx_vdec: : erro: pParamData->nIndex > m_sPortFormatType.nIndex
06-04 15:04:46.456 366 366 W omx_vdec: <__AwOmxVdecGetExtensionIndex:1737>: GetExtensionIndex OMX.google.android.index.describeColorFormat, err [0x80001001].
06-04 15:04:46.456 366 366 W omx_vdec: <__AwOmxVdecGetExtensionIndex:1737>: GetExtensionIndex OMX.google.android.index.describeColorFormat2, err [0x80001001].
06-04 15:04:46.457 366 366 E omx_vdec: : erro: pParamData->nIndex > m_sPortFormatType.nIndex
06-04 15:04:46.458 476 476 I SystemServerTiming: MakeNetworkPolicyServiceReady
06-04 15:04:46.459 366 366 W omx_vdec: <__AwOmxVdecGetExtensionIndex:1737>: GetExtensionIndex OMX.google.android.index.describeColorFormat, err [0x80001001].
06-04 15:04:46.459 366 366 W omx_vdec: <__AwOmxVdecGetExtensionIndex:1737>: GetExtensionIndex OMX.google.android.index.describeColorFormat2, err [0x80001001].
06-04 15:04:46.459 366 366 E omx_vdec: : erro: pParamData->nIndex > m_sPortFormatType.nIndex
06-04 15:04:46.459 366 366 W omx_vdec: <__AwOmxVdecGetExtensionIndex:1737>: GetExtensionIndex OMX.google.android.index.describeColorFormat, err [0x80001001].
06-04 15:04:46.460 366 366 W omx_vdec: <__AwOmxVdecGetExtensionIndex:1737>: GetExtensionIndex OMX.google.android.index.describeColorFormat2, err [0x80001001].
06-04 15:04:46.460 366 366 E omx_vdec: : erro: pParamData->nIndex > m_sPortFormatType.nIndex
06-04 15:04:46.460 366 366 W omx_vdec: <__AwOmxVdecGetExtensionIndex:1737>: GetExtensionIndex OMX.google.android.index.describeColorFormat, err [0x80001001].
06-04 15:04:46.460 366 366 W omx_vdec: <__AwOmxVdecGetExtensionIndex:1737>: GetExtensionIndex OMX.google.android.index.describeColorFormat2, err [0x80001001].
06-04 15:04:46.460 353 471 W ACodec : [OMX.allwinner.video.decoder.vp8] stopping checking formats after 32: COLOR_FormatYUV420Planar(13)
06-04 15:04:46.460 366 366 W omx_vdec: <__AwOmxVdecGetExtensionIndex:1737>: GetExtensionIndex OMX.google.android.index.configureVideoTunnelMode, err [0x80001001].
06-04 15:04:46.460 366 366 E OMXNodeInstance: getExtensionIndex(0xe93f7000:allwinner.decoder.vp8, OMX.google.android.index.configureVideoTunnelMode) ERROR: Undefined(0x80001001)
06-04 15:04:46.460 353 471 D MediaCodecInfo: detail feature-tunneled-playback wasn't present to remove
06-04 15:04:46.460 366 366 W omx_vdec: <__AwOmxVdecGetExtensionIndex:1737>: GetExtensionIndex OMX.google.android.index.storeANWBufferInMetadata, err [0x80001001].
06-04 15:04:46.460 366 366 W omx_vdec_aw: <__anSetExtPara:3011>: Setparameter: unknown param 2131755011
06-04 15:04:46.460 366 366 W OMXNodeInstance: [0xe93f7000:allwinner.decoder.vp8] component does not support metadata mode; using fallback
06-04 15:04:46.461 366 737 W libc : invalid pthread_t (0) passed to pthread_join
06-04 15:04:46.461 366 737 W libc : invalid pthread_t (0) passed to pthread_join
06-04 15:04:46.461 476 615 D ConnectivityService: NetReassign [no changes]
06-04 15:04:46.461 366 737 W libc : invalid pthread_t (0) passed to pthread_join
06-04 15:04:46.460 674 674 I ndroid.systemui: type=1400 audit(0.0:325): avc: denied { getattr } for path="/data/user_de/0/com.android.systemui" dev="mmcblk0p25" ino=486 scontext=u:r:platform_app:s0:c512,c768 tcontext=u:object_r:app_data_file:s0:c512,c768 tclass=dir permissive=1 app=com.softwinner.screenshot
06-04 15:04:46.463 353 471 I OMXClient: IOmx service obtained
06-04 15:04:46.463 366 366 I OMXStore: makeComponentInstance(OMX.allwinner.video.decoder.vp9) in android.hardwar process
06-04 15:04:46.464 366 366 I omx_vdec_aw: : OmxDecoderCreate.
06-04 15:04:46.465 366 366 W omx_vdec: <__AwOmxVdecSetParameter:1561>: Set Parameter called in valid state
06-04 15:04:46.466 366 366 W omx_vdec: : OMX_IndexParamVideoProfileLevelQuerySupported, Format[0xa] not support
06-04 15:04:46.466 366 366 E OMXNodeInstance: getParameter(0xe93f7000:allwinner.decoder.vp9, ParamVideoProfileLevelQuerySupported(0x600000f)) ERROR: BadParameter(0x80001005)
06-04 15:04:46.466 366 366 W omx_vdec: <__AwOmxVdecGetExtensionIndex:1737>: GetExtensionIndex OMX.google.android.index.describeColorFormat, err [0x80001001].
06-04 15:04:46.466 366 366 W omx_vdec: <__AwOmxVdecGetExtensionIndex:1737>: GetExtensionIndex OMX.google.android.index.describeColorFormat2, err [0x80001001].
06-04 15:04:46.466 366 366 E omx_vdec: : erro: pParamData->nIndex > m_sPortFormatType.nIndex
06-04 15:04:46.467 366 366 W omx_vdec: <__AwOmxVdecGetExtensionIndex:1737>: GetExtensionIndex OMX.google.android.index.describeColorFormat, err [0x80001001].
06-04 15:04:46.467 366 366 W omx_vdec: <__AwOmxVdecGetExtensionIndex:1737>: GetExtensionIndex OMX.google.android.index.describeColorFormat2, err [0x80001001].
06-04 15:04:46.467 366 366 E omx_vdec: : erro: pParamData->nIndex > m_sPortFormatType.nIndex
06-04 15:04:46.467 366 366 W omx_vdec: <__AwOmxVdecGetExtensionIndex:1737>: GetExtensionIndex OMX.google.android.index.describeColorFormat, err [0x80001001].
06-04 15:04:46.467 366 366 W omx_vdec: <__AwOmxVdecGetExtensionIndex:1737>: GetExtensionIndex OMX.google.android.index.describeColorFormat2, err [0x80001001].
06-04 15:04:46.467 366 366 E omx_vdec: : erro: pParamData->nIndex > m_sPortFormatType.nIndex
06-04 15:04:46.467 366 366 W omx_vdec: <__AwOmxVdecGetExtensionIndex:1737>: GetExtensionIndex OMX.google.android.index.describeColorFormat, err [0x80001001].
06-04 15:04:46.467 366 366 W omx_vdec: <__AwOmxVdecGetExtensionIndex:1737>: GetExtensionIndex OMX.google.android.index.describeColorFormat2, err [0x80001001].
06-04 15:04:46.467 366 366 E omx_vdec: : erro: pParamData->nIndex > m_sPortFormatType.nIndex
06-04 15:04:46.468 476 476 I SystemServerTiming: PhaseThirdPartyAppsCanStart
06-04 15:04:46.468 366 366 W omx_vdec: <__AwOmxVdecGetExtensionIndex:1737>: GetExtensionIndex OMX.google.android.index.describeColorFormat, err [0x80001001].
06-04 15:04:46.468 476 476 I SystemServiceManager: Starting phase 600
06-04 15:04:46.468 476 476 I SystemServerTiming: OnBootPhase_600
06-04 15:04:46.468 366 366 W omx_vdec: <__AwOmxVdecGetExtensionIndex:1737>: GetExtensionIndex OMX.google.android.index.describeColorFormat2, err [0x80001001].
06-04 15:04:46.468 366 366 E omx_vdec: : erro: pParamData->nIndex > m_sPortFormatType.nIndex
06-04 15:04:46.468 366 366 W omx_vdec: <__AwOmxVdecGetExtensionIndex:1737>: GetExtensionIndex OMX.google.android.index.describeColorFormat, err [0x80001001].
06-04 15:04:46.468 366 366 W omx_vdec: <__AwOmxVdecGetExtensionIndex:1737>: GetExtensionIndex OMX.google.android.index.describeColorFormat2, err [0x80001001].
06-04 15:04:46.468 476 499 W PackageManager: Loading a package that does not exist for the calling user. package=null, user=0
06-04 15:04:46.468 366 366 E omx_vdec: : erro: pParamData->nIndex > m_sPortFormatType.nIndex
06-04 15:04:46.468 366 366 W omx_vdec: <__AwOmxVdecGetExtensionIndex:1737>: GetExtensionIndex OMX.google.android.index.describeColorFormat, err [0x80001001].
06-04 15:04:46.468 366 366 W omx_vdec: <__AwOmxVdecGetExtensionIndex:1737>: GetExtensionIndex OMX.google.android.index.describeColorFormat2, err [0x80001001].
06-04 15:04:46.468 366 366 E omx_vdec: : erro: pParamData->nIndex > m_sPortFormatType.nIndex
06-04 15:04:46.469 366 366 W omx_vdec: <__AwOmxVdecGetExtensionIndex:1737>: GetExtensionIndex OMX.google.android.index.describeColorFormat, err [0x80001001].
06-04 15:04:46.469 366 366 W omx_vdec: <__AwOmxVdecGetExtensionIndex:1737>: GetExtensionIndex OMX.google.android.index.describeColorFormat2, err [0x80001001].
06-04 15:04:46.469 366 366 E omx_vdec: : erro: pParamData->nIndex > m_sPortFormatType.nIndex
06-04 15:04:46.469 366 366 W omx_vdec: <__AwOmxVdecGetExtensionIndex:1737>: GetExtensionIndex OMX.google.android.index.describeColorFormat, err [0x80001001].
06-04 15:04:46.469 366 366 W omx_vdec: <__AwOmxVdecGetExtensionIndex:1737>: GetExtensionIndex OMX.google.android.index.describeColorFormat2, err [0x80001001].
06-04 15:04:46.469 366 366 E omx_vdec: : erro: pParamData->nIndex > m_sPortFormatType.nIndex
06-04 15:04:46.469 366 366 W omx_vdec: <__AwOmxVdecGetExtensionIndex:1737>: GetExtensionIndex OMX.google.android.index.describeColorFormat, err [0x80001001].
06-04 15:04:46.469 476 476 I ExplicitHealthCheckController: Explicit health checks enabled.
06-04 15:04:46.469 476 476 I PackageWatchdog: Syncing state, reason: health check state enabled
06-04 15:04:46.469 476 476 I PackageWatchdog: Not pruning observers, elapsed time: 0ms
06-04 15:04:46.469 366 366 W omx_vdec: <__AwOmxVdecGetExtensionIndex:1737>: GetExtensionIndex OMX.google.android.index.describeColorFormat2, err [0x80001001].
06-04 15:04:46.470 366 366 E omx_vdec: : erro: pParamData->nIndex > m_sPortFormatType.nIndex
06-04 15:04:46.470 476 537 I PackageWatchdog: Saving observer state to file
06-04 15:04:46.470 476 476 I PackageWatchdog: Cancelling state sync, nothing to sync
06-04 15:04:46.470 366 366 W omx_vdec: <__AwOmxVdecGetExtensionIndex:1737>: GetExtensionIndex OMX.google.android.index.describeColorFormat, err [0x80001001].
06-04 15:04:46.470 366 366 W omx_vdec: <__AwOmxVdecGetExtensionIndex:1737>: GetExtensionIndex OMX.google.android.index.describeColorFormat2, err [0x80001001].
06-04 15:04:46.470 366 366 E omx_vdec: : erro: pParamData->nIndex > m_sPortFormatType.nIndex
06-04 15:04:46.470 366 366 W omx_vdec: <__AwOmxVdecGetExtensionIndex:1737>: GetExtensionIndex OMX.google.android.index.describeColorFormat, err [0x80001001].
06-04 15:04:46.470 366 366 W omx_vdec: <__AwOmxVdecGetExtensionIndex:1737>: GetExtensionIndex OMX.google.android.index.describeColorFormat2, err [0x80001001].
06-04 15:04:46.470 366 366 E omx_vdec: : erro: pParamData->nIndex > m_sPortFormatType.nIndex
06-04 15:04:46.470 366 366 W omx_vdec: <__AwOmxVdecGetExtensionIndex:1737>: GetExtensionIndex OMX.google.android.index.describeColorFormat, err [0x80001001].
06-04 15:04:46.470 366 366 W omx_vdec: <__AwOmxVdecGetExtensionIndex:1737>: GetExtensionIndex OMX.google.android.index.describeColorFormat2, err [0x80001001].
06-04 15:04:46.471 366 366 E omx_vdec: : erro: pParamData->nIndex > m_sPortFormatType.nIndex
06-04 15:04:46.471 366 366 W omx_vdec: <__AwOmxVdecGetExtensionIndex:1737>: GetExtensionIndex OMX.google.android.index.describeColorFormat, err [0x80001001].
06-04 15:04:46.471 366 366 W omx_vdec: <__AwOmxVdecGetExtensionIndex:1737>: GetExtensionIndex OMX.google.android.index.describeColorFormat2, err [0x80001001].
06-04 15:04:46.471 366 366 E omx_vdec: : erro: pParamData->nIndex > m_sPortFormatType.nIndex
06-04 15:04:46.471 366 366 W omx_vdec: <__AwOmxVdecGetExtensionIndex:1737>: GetExtensionIndex OMX.google.android.index.describeColorFormat, err [0x80001001].
06-04 15:04:46.471 366 366 W omx_vdec: <__AwOmxVdecGetExtensionIndex:1737>: GetExtensionIndex OMX.google.android.index.describeColorFormat2, err [0x80001001].
06-04 15:04:46.471 366 366 E omx_vdec: : erro: pParamData->nIndex > m_sPortFormatType.nIndex
06-04 15:04:46.471 366 366 W omx_vdec: <__AwOmxVdecGetExtensionIndex:1737>: GetExtensionIndex OMX.google.android.index.describeColorFormat, err [0x80001001].
06-04 15:04:46.471 366 366 W omx_vdec: <__AwOmxVdecGetExtensionIndex:1737>: GetExtensionIndex OMX.google.android.index.describeColorFormat2, err [0x80001001].
06-04 15:04:46.472 366 366 E omx_vdec: : erro: pParamData->nIndex > m_sPortFormatType.nIndex
06-04 15:04:46.472 366 366 W omx_vdec: <__AwOmxVdecGetExtensionIndex:1737>: GetExtensionIndex OMX.google.android.index.describeColorFormat, err [0x80001001].
06-04 15:04:46.472 366 366 W omx_vdec: <__AwOmxVdecGetExtensionIndex:1737>: GetExtensionIndex OMX.google.android.index.describeColorFormat2, err [0x80001001].
06-04 15:04:46.472 366 366 E omx_vdec: : erro: pParamData->nIndex > m_sPortFormatType.nIndex
06-04 15:04:46.472 366 366 W omx_vdec: <__AwOmxVdecGetExtensionIndex:1737>: GetExtensionIndex OMX.google.android.index.describeColorFormat, err [0x80001001].
06-04 15:04:46.472 366 366 W omx_vdec: <__AwOmxVdecGetExtensionIndex:1737>: GetExtensionIndex OMX.google.android.index.describeColorFormat2, err [0x80001001].
06-04 15:04:46.472 366 366 E omx_vdec: : erro: pParamData->nIndex > m_sPortFormatType.nIndex
06-04 15:04:46.472 366 366 W omx_vdec: <__AwOmxVdecGetExtensionIndex:1737>: GetExtensionIndex OMX.google.android.index.describeColorFormat, err [0x80001001].
06-04 15:04:46.472 366 366 W omx_vdec: <__AwOmxVdecGetExtensionIndex:1737>: GetExtensionIndex OMX.google.android.index.describeColorFormat2, err [0x80001001].
06-04 15:04:46.473 366 366 E omx_vdec: : erro: pParamData->nIndex > m_sPortFormatType.nIndex
06-04 15:04:46.473 712 712 D nativeloader: classloader namespace configured for unbundled product apk. library_path=/product/app/webview/lib/arm:/product/app/webview/webview.apk!/lib/armeabi-v7a:/product/lib:/system/product/lib
06-04 15:04:46.473 366 366 W omx_vdec: <__AwOmxVdecGetExtensionIndex:1737>: GetExtensionIndex OMX.google.android.index.describeColorFormat, err [0x80001001].
06-04 15:04:46.473 366 366 W omx_vdec: <__AwOmxVdecGetExtensionIndex:1737>: GetExtensionIndex OMX.google.android.index.describeColorFormat2, err [0x80001001].
06-04 15:04:46.473 366 366 E omx_vdec: : erro: pParamData->nIndex > m_sPortFormatType.nIndex
06-04 15:04:46.473 366 366 W omx_vdec: <__AwOmxVdecGetExtensionIndex:1737>: GetExtensionIndex OMX.google.android.index.describeColorFormat, err [0x80001001].
06-04 15:04:46.473 366 366 W omx_vdec: <__AwOmxVdecGetExtensionIndex:1737>: GetExtensionIndex OMX.google.android.index.describeColorFormat2, err [0x80001001].
06-04 15:04:46.473 366 366 E omx_vdec: : erro: pParamData->nIndex > m_sPortFormatType.nIndex
06-04 15:04:46.473 366 366 W omx_vdec: <__AwOmxVdecGetExtensionIndex:1737>: GetExtensionIndex OMX.google.android.index.describeColorFormat, err [0x80001001].
06-04 15:04:46.473 366 366 W omx_vdec: <__AwOmxVdecGetExtensionIndex:1737>: GetExtensionIndex OMX.google.android.index.describeColorFormat2, err [0x80001001].
06-04 15:04:46.474 366 366 E omx_vdec: : erro: pParamData->nIndex > m_sPortFormatType.nIndex
06-04 15:04:46.474 366 366 W omx_vdec: <__AwOmxVdecGetExtensionIndex:1737>: GetExtensionIndex OMX.google.android.index.describeColorFormat, err [0x80001001].
06-04 15:04:46.474 366 366 W omx_vdec: <__AwOmxVdecGetExtensionIndex:1737>: GetExtensionIndex OMX.google.android.index.describeColorFormat2, err [0x80001001].
06-04 15:04:46.474 366 366 E omx_vdec: : erro: pParamData->nIndex > m_sPortFormatType.nIndex
06-04 15:04:46.474 366 366 W omx_vdec: <__AwOmxVdecGetExtensionIndex:1737>: GetExtensionIndex OMX.google.android.index.describeColorFormat, err [0x80001001].
06-04 15:04:46.474 366 366 W omx_vdec: <__AwOmxVdecGetExtensionIndex:1737>: GetExtensionIndex OMX.google.android.index.describeColorFormat2, err [0x80001001].
06-04 15:04:46.474 366 366 E omx_vdec: : erro: pParamData->nIndex > m_sPortFormatType.nIndex
06-04 15:04:46.474 366 366 W omx_vdec: <__AwOmxVdecGetExtensionIndex:1737>: GetExtensionIndex OMX.google.android.index.describeColorFormat, err [0x80001001].
06-04 15:04:46.474 366 366 W omx_vdec: <__AwOmxVdecGetExtensionIndex:1737>: GetExtensionIndex OMX.google.android.index.describeColorFormat2, err [0x80001001].
06-04 15:04:46.475 366 366 E omx_vdec: : erro: pParamData->nIndex > m_sPortFormatType.nIndex
06-04 15:04:46.475 366 366 W omx_vdec: <__AwOmxVdecGetExtensionIndex:1737>: GetExtensionIndex OMX.google.android.index.describeColorFormat, err [0x80001001].
