06-04 17:01:07.487 I/AmFFmpegExtractor( 605): -----------------------------------------
06-04 17:01:07.487 I/AmFFmpegExtractor( 605): media.ffmpegextractor.loglevel 16
06-04 17:01:07.487 I/AmFFmpegExtractor( 605): vendor.media.ffmpegextractor.ESLen264Check : 10
06-04 17:01:07.487 I/AmFFmpegExtractor( 605): vendor.media.ffmpegextractor.ESLen265Check : 50
06-04 17:01:07.487 I/AmFFmpegByteIOAdapter( 605): File size : 34561653
06-04 17:01:07.488 I/AmFFmpegExtractor( 605): AmFFmpegExtractor mInputFormat name {mov,mp4,m4a,3gp,3g2,mj2 [(null)]}
06-04 17:01:07.498 E/exFFmpeg( 605): [mov_read_header:8628] pts_only set.
06-04 17:01:07.570 I/AmFFmpegExtractor( 605): ///////////////start dump format
06-04 17:01:07.570 I/AmFFmpegExtractor( 605): [init 3386] video/mp4
06-04 17:01:07.570 I/AmFFmpegExtractor( 605): isMusic major_brand:isom
06-04 17:01:07.570 I/AmFFmpegExtractor( 605): Stream 0(0) [video/avc][codecid:0x1b(0x1b)] found.
06-04 17:01:07.571 I/AmFFmpegExtractor( 605): [AmFFmpegSource 717]startTimeUs:0, seekable:1
06-04 17:01:07.571 I/AmFFmpegExtractor( 605): [init 753](0xee3439d0)
06-04 17:01:07.571 E/AmFFmpegExtractor( 605): mAudioMuxRead 0
06-04 17:01:07.571 I/AmFFmpegExtractor( 605): init kKeyDuration = 229584000
06-04 17:01:07.571 I/AmFFmpegExtractor( 605): VIDEO stream startTimeUs = 0
06-04 17:01:07.571 I/AmFFmpegExtractor( 605): video:demux: extradata_size = 38
06-04 17:01:07.571 I/AmFFmpegExtractor( 605): video:demux: has b-frame = 0
06-04 17:01:07.571 I/AmFFmpegExtractor( 605): video:demux: width = 480, height = 272
06-04 17:01:07.571 I/AmFFmpegExtractor( 605): SAR [1:1]
06-04 17:01:07.571 E/AmFFmpegExtractor( 605): demux: frame_number = 5510
06-04 17:01:07.571 I/AmFFmpegExtractor( 605): init kKeyFrameRate = 24(24.000000)
06-04 17:01:07.571 I/AmFFmpegExtractor( 605): set frame-rate 24 rationalFramerate num 24 den 1
06-04 17:01:07.571 I/AmFFmpegExtractor( 605): mIsDolbyVison :0, mCreate_two_tracks_dv:0, codec_id: 27(AVC:27,HEVC:173), DvCFG:0(0), TAG:avc1
06-04 17:01:07.571 I/AmFFmpegExtractor( 605): set tag nCFG
06-04 17:01:07.571 I/AmFFmpegExtractor( 605): Mime:video/avc
06-04 17:01:07.571 I/StreamFormatter( 605): Creating formatter for codec id : 27 extradata size : 38
06-04 17:01:07.571 I/AmFFmpegExtractor( 605): [init 3565] mIsDolbyVison:0, i:0
06-04 17:01:07.571 I/AmFFmpegExtractor( 605): Stream 1(1) [audio/ac3][codecid:0x15003(0x15003)] found.
06-04 17:01:07.571 I/AmFFmpegExtractor( 605): [AmFFmpegSource 717]startTimeUs:0, seekable:1
06-04 17:01:07.571 I/AmFFmpegExtractor( 605): [init 753](0xee342620)
06-04 17:01:07.571 E/AmFFmpegExtractor( 605): mAudioMuxRead 0
06-04 17:01:07.571 I/AmFFmpegExtractor( 605): init kKeyDuration = 229584000
06-04 17:01:07.571 I/AmFFmpegExtractor( 605): audio:demux: fmt = -1
06-04 17:01:07.571 I/AmFFmpegExtractor( 605): audio:demux: channels = 2
06-04 17:01:07.571 I/AmFFmpegExtractor( 605): audio:demux: sample_rate = 44100
06-04 17:01:07.571 I/AmFFmpegExtractor( 605): audio:demux: bit_rate = 192000
06-04 17:01:07.571 I/AmFFmpegExtractor( 605): audio:demux: codec_id = 86019
06-04 17:01:07.571 I/AmFFmpegExtractor( 605): audio:demux: stream startTimeUs = 0
06-04 17:01:07.571 I/AmFFmpegExtractor( 605): audio:demux: block_align = 0
06-04 17:01:07.571 I/AmFFmpegExtractor( 605): Mime:audio/ac3
06-04 17:01:07.571 I/StreamFormatter( 605): Creating formatter for codec id : 86019 extradata size : 0
06-04 17:01:07.571 I/AmFFmpegExtractor( 605): [init 3565] mIsDolbyVison:0, i:1
06-04 17:01:07.572 I/AmFFmpegExtractor( 605): pthread_create OK pid:-443039296
06-04 17:01:07.572 I/AmFFmpegExtractor( 605): feedMore_task in
06-04 17:01:07.573 I/AmAVUtils( 608): set default max-input-size to 1887436
06-04 17:01:07.577 I/AmFFmpegExtractor( 605): feedMore_task out toBeExit:1 , err:0
06-04 17:01:07.577 I/AmFFmpegExtractor( 605): [~AmFFmpegExtractor 2707] feedMore task has exited.
06-04 17:01:07.577 I/AmFFmpegExtractor( 605): [~AmFFmpegSource 732]
06-04 17:01:07.577 I/AmFFmpegExtractor( 605): [~AmFFmpegSource 732]
06-04 17:01:07.578 I/AmFFmpegExtractor( 605): [~AmFFmpegExtractor 2720]
06-04 17:01:07.578 I/AmFFmpegExtractor( 605): [~AmFFmpegExtractor 2723]
06-04 17:01:07.578 W/RefBase ( 605): RefBase: Explicit destruction, weak count = 0 (in 0xea105c84). Use sp<> to manage this object.
06-04 17:01:07.578 W/RefBase ( 605): CallStack::getCurrentInternal not linked, returning null
06-04 17:01:07.578 W/RefBase ( 605): CallStack::logStackInternal not linked
06-04 17:01:07.581 E/MetadataRetrieverClient( 608): unable to dlopen metadata_retriever extension: dlopen failed: library "libmetadataretriever_ext.so" not found
06-04 17:01:07.584 I/AmFFmpegByteIOAdapter( 605): File size : 147189984
06-04 17:01:07.601 E/exFFmpeg( 605): [mov_read_header:8628] pts_only set.
06-04 17:01:07.602 E/AmFFmpegExtractor( 605): major_brand:mp42
06-04 17:01:07.602 E/AmFFmpegExtractor( 605): compatible_brands:isommp42
06-04 17:01:07.602 I/AmFFmpegExtractor( 605): checkInList: iswhite:0, mime:video/mp4, type:0, id:27 tag:31637661
06-04 17:01:07.602 I/AmFFmpegExtractor( 605): checkInList: iswhite:1, mime:video/mp4, type:0, id:27 tag:31637661
06-04 17:01:07.602 E/AmFFmpegExtractor( 605): codec_ctx->properties: 0
06-04 17:01:07.602 I/AmFFmpegExtractor( 605): checkInList: iswhite:0, mime:video/mp4, type:1, id:86018 tag:6134706d
06-04 17:01:07.602 I/AmFFmpegExtractor( 605): checkInList: iswhite:1, mime:video/mp4, type:1, id:86018 tag:6134706d
06-04 17:01:07.602 E/AmFFmpegExtractor( 605): codec_ctx->properties: 0
06-04 17:01:07.602 I/AmFFmpegExtractor( 605): checkSupportInList ret 1
06-04 17:01:07.668 D/XM_HIDREAD( 1992): poll ret=1, event=1
06-04 17:01:07.668 D/XM_HIDREAD( 1992): [9 bytes]:01 00 00 29 00 00 00 00 00
06-04 17:01:07.671 I/SogouIME( 1447): onKeyDown: keyoCode=4
06-04 17:01:07.671 I/DefaultIMS( 1447): onKeyDown: keyoCode=4
06-04 17:01:07.805 E/AmFFmpegExtractor( 605): major_brand:mp42
06-04 17:01:07.805 E/AmFFmpegExtractor( 605): compatible_brands:isommp42
06-04 17:01:07.805 I/AmFFmpegExtractor( 605): checkInList: iswhite:0, mime:video/mp4, type:0, id:27 tag:31637661
06-04 17:01:07.805 I/AmFFmpegExtractor( 605): checkInList: iswhite:1, mime:video/mp4, type:0, id:27 tag:31637661
06-04 17:01:07.805 E/AmFFmpegExtractor( 605): codec_ctx->properties: 0
06-04 17:01:07.805 I/AmFFmpegExtractor( 605): checkInList: iswhite:0, mime:video/mp4, type:1, id:86018 tag:6134706d
06-04 17:01:07.805 I/AmFFmpegExtractor( 605): checkInList: iswhite:1, mime:video/mp4, type:1, id:86018 tag:6134706d
06-04 17:01:07.805 E/AmFFmpegExtractor( 605): codec_ctx->properties: 0
06-04 17:01:07.805 I/AmFFmpegExtractor( 605): checkSupportInList ret 1
06-04 17:01:07.806 I/AmFFmpegExtractor( 605): SniffAmFFmpeg ok, confidence = 0.050000
06-04 17:01:07.826 E/MetadataRetrieverClient( 608): unable to dlopen metadata_retriever extension: dlopen failed: library "libmetadataretriever_ext.so" not found
06-04 17:01:07.828 D/XM_HIDREAD( 1992): poll ret=1, event=1
06-04 17:01:07.828 D/XM_HIDREAD( 1992): [9 bytes]:01 00 00 00 00 00 00 00 00
06-04 17:01:07.828 I/AmFFmpegByteIOAdapter( 605): File size : 147189984
06-04 17:01:07.830 I/SogouIME( 1447): onKeyUp: keyoCode=4
06-04 17:01:07.830 I/DefaultIMS( 1447): onKeyUp: keyoCode=4
06-04 17:01:07.837 D/audio_hw_hal_primary( 479): [out_standby_new:5767] io 13: out:0xeb480010 usecase:PCM_NORMAL
06-04 17:01:07.837 I/audio_hw_hal_primary( 479): [do_output_standby_l:5663] io 13: out:0xeb480010, stream usecase:PCM_NORMAL, continuous:1
06-04 17:01:07.837 I/audio_hw_hal_primary( 479): [usecase_change_validate_l:7436] ++ io 13: out:0xeb480010 dev masks:0x1 is_standby:1 out usecase:PCM_NORMAL
06-04 17:01:07.837 I/audio_hw_hal_ms12common( 479): aml_set_ms12_scheduler_state ms12_scheduler_state:1, sch_state:1 SCHEDULER_STANDBY is sent to ms12
06-04 17:01:07.837 I/audio_hw_hal_primary( 479): [usecase_change_validate_l:7477] -- dev masks:0 is_standby:1 out usecase PCM_NORMAL
06-04 17:01:07.837 D/audio_hw_hal_primary( 479): [out_standby_new:5790] io 13: out:0xeb480010 usecase:PCM_NORMAL exit
06-04 17:01:07.840 V/WindowManagerShell( 982): Transition requested: android.os.BinderProxy@9739516 TransitionRequestInfo { type = 2, triggerTask = TaskInfo{userId=0 taskId=25 displayId=0 isRunning=false baseIntent=Intent { dat=haqu://setting:8080/... flg=0x10000000 pkg=com.dangbei.haqusetting cmp=com.dangbei.haqusetting/.ui.HomeActivity } baseActivity=null topActivity=null origActivity=null realActivity=ComponentInfo{com.dangbei.haqusetting/com.dangbei.haqusetting.ui.HomeActivity} numActivities=0 lastActiveTime=125059 supportsMultiWindow=true resizeMode=1 isResizeable=true minWidth=-1 minHeight=-1 defaultMinSize=220 token=WCT{android.window.IWindowContainerToken$Stub$Proxy@2a75e97} topActivityType=1 pictureInPictureParams=null shouldDockBigOverlays=false launchIntoPipHostTaskId=-1 lastParentTaskIdBeforePip=-1 displayCutoutSafeInsets=null topActivityInfo=null launchCookies=[] positionInParent=Point(0, 0) parentTaskId=-1 isFocused=true isVisible=true isVisibleRequested=true isSleeping=false topActivityInSizeCompat=false topActivityEligibleForLetterboxEducation= false isLetterboxDoubleTapEnabled= false topActivityEligibleForUserAspectRatioButton= false topActivityBoundsLetterboxed= false isFromLetterboxDoubleTap= false topActivityLetterboxVerticalPosition= -1 topActivityLetterboxHorizontalPosition= -1 topActivityLetterboxWidth=-1 topActivityLetterboxHeight=-1 isUserFullscreenOverrideEnabled=false isTopActivityTransparent=false locusId=null displayAreaFeatureId=1 cameraCompatControlState=hidden}, remoteTransition = null, displayChange = null, flags = 0 }
06-04 17:01:07.845 E/exFFmpeg( 605): [mov_read_header:8628] pts_only set.
06-04 17:01:07.847 E/AmFFmpegExtractor( 605): major_brand:mp42
06-04 17:01:07.847 E/AmFFmpegExtractor( 605): compatible_brands:isommp42
06-04 17:01:07.847 I/AmFFmpegExtractor( 605): checkInList: iswhite:0, mime:video/mp4, type:0, id:27 tag:31637661
06-04 17:01:07.847 I/AmFFmpegExtractor( 605): checkInList: iswhite:1, mime:video/mp4, type:0, id:27 tag:31637661
06-04 17:01:07.847 E/AmFFmpegExtractor( 605): codec_ctx->properties: 0
06-04 17:01:07.847 I/AmFFmpegExtractor( 605): checkInList: iswhite:0, mime:video/mp4, type:1, id:86018 tag:6134706d
06-04 17:01:07.847 I/AmFFmpegExtractor( 605): checkInList: iswhite:1, mime:video/mp4, type:1, id:86018 tag:6134706d
06-04 17:01:07.847 E/AmFFmpegExtractor( 605): codec_ctx->properties: 0
06-04 17:01:07.847 I/AmFFmpegExtractor( 605): checkSupportInList ret 1
06-04 17:01:07.847 V/WindowManager( 693): app ------------- force_land :0
06-04 17:01:07.848 I/hq ( 1489): 当小贝:::showMessage from=mActivityLifecycleCallbacks
06-04 17:01:07.849 W/ActivityTaskManager( 693): Finishing task with all activities already finished
06-04 17:01:07.850 W/ActivityTaskManager( 693): Duplicate finish request for r=ActivityRecord{aab1bdf u0 com.dangbei.haqusetting/.ui.HomeActivity t25 f}}
06-04 17:01:07.853 I/hq ( 1489): 当小贝:::showMessage 没有消息需要显示
06-04 17:01:07.864 I/BpBinder( 266): onLastStrongRef automatically unlinking death recipients:
06-04 17:01:07.869 D/CompatibilityChangeReporter( 693): Compat change id reported: 214016041; UID 1000; state: DISABLED
06-04 17:01:07.869 D/MobclickAgent( 1489): 延续上一个会话: ADC4B98B7017EE38F05835A6E5493127
06-04 17:01:07.869 D/CompatibilityChangeReporter( 693): Compat change id reported: 214016041; UID 1000; state: ENABLED
06-04 17:01:07.870 I/ImeTracker( 693): com.dangbei.leard.leradlauncher:d92596: onRequestHide at ORIGIN_SERVER_HIDE_INPUT reason HIDE_ALWAYS_HIDDEN_STATE
06-04 17:01:07.871 I/ImeTracker( 693): com.dangbei.leard.leradlauncher:d92596: onCancelled at PHASE_SERVER_SHOULD_HIDE
06-04 17:01:07.872 W/SQLiteLog( 1489): (28) double-quoted string literal: "ADC4B98B7017EE38F05835A6E5493127"
06-04 17:01:07.872 W/SQLiteLog( 1489): (28) double-quoted string literal: ""
06-04 17:01:07.872 W/SQLiteLog( 1489): (28) double-quoted string literal: "ADC4B98B7017EE38F05835A6E5493127"
06-04 17:01:07.872 W/SQLiteLog( 1489): (28) double-quoted string literal: "-1"
06-04 17:01:07.872 D/OomAdjuster( 693): Not killing cached processes
06-04 17:01:07.877 I/DefaultIMS( 1447): onStartInput attribute=android.view.inputmethod.EditorInfo@5ca207e restarting=false inputType: 0
06-04 17:01:07.884 V/WindowManagerShell( 982): onTransitionReady android.os.BinderProxy@9739516: {id=8 t=CLOSE f=0x0 trk=0 r=[0@Point(0, 0)] c=[{WCT{android.window.IWindowContainerToken$Stub$Proxy@8beca2} m=CLOSE f=TRANSLUCENT leash=Surface(name=Task=25)/@0xfdf7884 sb=Rect(0, 0 - 1920, 1080) eb=Rect(0, 0 - 1920, 1080) d=0}]}
06-04 17:01:07.884 V/WindowManagerShell( 982): Playing animation for (#8)android.os.BinderProxy@9739516@0
06-04 17:01:07.885 V/WindowManagerShell( 982): try handler com.android.wm.shell.keyguard.KeyguardTransitionHandler@7ce9605
06-04 17:01:07.885 V/WindowManagerShell( 982): try handler com.android.wm.shell.pip.tv.TvPipTransition@189965a
06-04 17:01:07.885 V/WindowManager( 693): Sent Transition #8 createdAt=06-04 17:01:07.833 via request=TransitionRequestInfo { type = 2, triggerTask = TaskInfo{userId=0 taskId=25 displayId=0 isRunning=false baseIntent=Intent { dat=haqu://setting:8080/... flg=0x10000000 pkg=com.dangbei.haqusetting cmp=com.dangbei.haqusetting/.ui.HomeActivity } baseActivity=null topActivity=null origActivity=null realActivity=ComponentInfo{com.dangbei.haqusetting/com.dangbei.haqusetting.ui.HomeActivity} numActivities=0 lastActiveTime=125059 supportsMultiWindow=true resizeMode=1 isResizeable=true minWidth=-1 minHeight=-1 defaultMinSize=220 token=WCT{RemoteToken{80c43ad Task{ad3002c #25 type=standard A=1000:com.dangbei.haqusetting}}} topActivityType=1 pictureInPictureParams=null shouldDockBigOverlays=false launchIntoPipHostTaskId=-1 lastParentTaskIdBeforePip=-1 displayCutoutSafeInsets=null topActivityInfo=null launchCookies=[] positionInParent=Point(0, 0) parentTaskId=-1 isFocused=true isVisible=true isVisibleRequested=true isSleeping=false topActivityInSizeCompat=false topActivityEligibleForLetterboxEducation= false isLetterboxDoubleTapEnabled= false topActivityEligibleForUserAspectRatioButton= false topActivityBoundsLetterboxed= false isFromLetterboxDoubleTap= false topActivityLetterboxVerticalPosition= -1 topActivityLetterboxHorizontalPosition= -1 topActivityLetterboxWidth=-1 topActivityLetterboxHeight=-1 isUserFullscreenOverrideEnabled=false isTopActivityTransparent=false locusId=null displayAreaFeatureId=1 cameraCompatControlState=hidden}, remoteTransition = null, displayChange = null, flags = 0 }
06-04 17:01:07.885 V/WindowManagerShell( 982): try handler com.android.wm.shell.activityembedding.ActivityEmbeddingController@700a08b
06-04 17:01:07.885 V/WindowManagerShell( 982): try handler com.android.wm.shell.transition.RemoteTransitionHandler@2b0e568
06-04 17:01:07.885 V/WindowManager( 693): startWCT=WindowContainerTransaction { changes = {} hops = [] errorCallbackToken=null taskFragmentOrganizer=null }
06-04 17:01:07.885 V/WindowManagerShell( 982): Transition doesn't have explicit remote, search filters for match for {id=8 t=CLOSE f=0x0 trk=0 r=[0@Point(0, 0)] c=[{WCT{android.window.IWindowContainerToken$Stub$Proxy@8beca2} m=CLOSE f=TRANSLUCENT leash=Surface(name=Task=25)/@0xfdf7884 sb=Rect(0, 0 - 1920, 1080) eb=Rect(0, 0 - 1920, 1080) d=0}]}
06-04 17:01:07.885 V/WindowManager( 693): info={id=8 t=CLOSE f=0x0 trk=0 r=[0@Point(0, 0)] c=[{WCT{RemoteToken{80c43ad Task{ad3002c #25 type=standard A=1000:com.dangbei.haqusetting}}} m=CLOSE f=TRANSLUCENT leash=Surface(name=Task=25)/@0x8393b56 sb=Rect(0, 0 - 1920, 1080) eb=Rect(0, 0 - 1920, 1080) d=0}]}
06-04 17:01:07.885 V/WindowManagerShell( 982): Delegate animation for #8 to null
06-04 17:01:07.885 V/WindowManagerShell( 982): try handler com.android.wm.shell.transition.DefaultTransitionHandler@1a78d81
06-04 17:01:07.885 V/WindowManagerShell( 982): start default transition animation, info = {id=8 t=CLOSE f=0x0 trk=0 r=[0@Point(0, 0)] c=[{WCT{android.window.IWindowContainerToken$Stub$Proxy@8beca2} m=CLOSE f=TRANSLUCENT leash=Surface(name=Task=25)/@0xfdf7884 sb=Rect(0, 0 - 1920, 1080) eb=Rect(0, 0 - 1920, 1080) d=0}]}
06-04 17:01:07.885 V/WindowManagerShell( 982): loadAnimation: anim=android.view.animation.AlphaAnimation@4f94d33 animAttr=0x7 type=CLOSE isEntrance=false
06-04 17:01:07.886 I/WifiHAL ( 506): call wifi_get_link_stats handler
06-04 17:01:07.886 I/WifiHAL ( 506): Creating message to get link statistics; iface = 16
06-04 17:01:07.886 D/WifiHAL ( 506): error code -95 mapped to -3
06-04 17:01:07.886 E/WifiStaIfaceAidlImpl( 693): getLinkLayerStats failed with service-specific exception: android.os.ServiceSpecificException: (code 4)
06-04 17:01:07.887 V/WindowManagerShell( 982): animated by com.android.wm.shell.transition.DefaultTransitionHandler@1a78d81
06-04 17:01:07.891 D/TrafficStats( 1489): tagSocket(141) with statsTag=0xffffffff, statsUid=-1
06-04 17:01:07.903 D/TrafficStats( 1489): tagSocket(113) with statsTag=0xffffffff, statsUid=-1
06-04 17:01:07.915 D/libdolbyms12( 479): continuous underrun 2
06-04 17:01:07.938 D/BluetoothAdapterService( 1104): cancelDiscovery
06-04 17:01:07.938 I/bt_btif_dm( 1104): packages/modules/Bluetooth/system/btif/src/btif_dm.cc:2470 btif_dm_cancel_discovery: Cancel search
06-04 17:01:07.938 I/bluetooth( 1104): packages/modules/Bluetooth/system/bta/dm/bta_dm_main.cc:96 bta_dm_search_sm_execute: state:BTA_DM_SEARCH_IDLE, event:BTA_DM_API_SEARCH_CANCEL_EVT[0x201]
06-04 17:01:07.943 W/WindowOnBackDispatcher( 2935): sendCancelIfRunning: isInProgress=falsecallback=android.view.ViewRootImpl$$ExternalSyntheticLambda17@348502e
06-04 17:01:07.943 D/CoreBackPreview( 693): Window{7cf96fb u0 com.dangbei.haqusetting/com.dangbei.haqusetting.ui.HomeActivity}: Setting back callback null
06-04 17:01:07.949 D/WindowManagerShell( 982): TvPipController: onTaskStackChanged()
06-04 17:01:07.952 W/ContextImpl( 693): Calling a method in the system process without a qualified user: android.app.ContextImpl.startService:1899 com.android.server.wm.DisplayPolicy.lambda$focusChangedLw$5:2126 com.android.server.wm.DisplayPolicy.$r8$lambda$Znxk63oh-WzVnzo_WQefN7uxV48:0 com.android.server.wm.DisplayPolicy$$ExternalSyntheticLambda13.run:0 android.os.Handler.handleCallback:958
06-04 17:01:07.954 W/InputManager-JNI( 693): Input channel object '7cf96fb com.dangbei.haqusetting/com.dangbei.haqusetting.ui.HomeActivity (client)' was disposed without first being removed with the input manager!
06-04 17:01:07.954 D/aaa ( 1520): LedStatusService onStartCommand begin
06-04 17:01:07.956 D/aaa ( 1520): topPkg is -------------- :com.dangbei.leard.leradlauncher
06-04 17:01:07.968 D/aaa ( 1520): WiFi is connect
06-04 17:01:07.983 W/bei.haqusetting( 2935): Cleared Reference was only reachable from finalizer (only reported once)
06-04 17:01:08.110 E/AmFFmpegExtractor( 605): major_brand:mp42
06-04 17:01:08.110 E/AmFFmpegExtractor( 605): compatible_brands:isommp42
06-04 17:01:08.110 I/AmFFmpegExtractor( 605): checkInList: iswhite:0, mime:video/mp4, type:0, id:27 tag:31637661
06-04 17:01:08.110 I/AmFFmpegExtractor( 605): checkInList: iswhite:1, mime:video/mp4, type:0, id:27 tag:31637661
06-04 17:01:08.110 E/AmFFmpegExtractor( 605): codec_ctx->properties: 0
06-04 17:01:08.110 I/AmFFmpegExtractor( 605): checkInList: iswhite:0, mime:video/mp4, type:1, id:86018 tag:6134706d
06-04 17:01:08.110 I/AmFFmpegExtractor( 605): checkInList: iswhite:1, mime:video/mp4, type:1, id:86018 tag:6134706d
06-04 17:01:08.110 E/AmFFmpegExtractor( 605): codec_ctx->properties: 0
06-04 17:01:08.110 I/AmFFmpegExtractor( 605): checkSupportInList ret 1
06-04 17:01:08.111 I/AmFFmpegExtractor( 605): SniffAmFFmpeg ok, confidence = 0.050000
06-04 17:01:08.138 E/MetadataRetrieverClient( 608): unable to dlopen metadata_retriever extension: dlopen failed: library "libmetadataretriever_ext.so" not found
06-04 17:01:08.170 I/AmFFmpegByteIOAdapter( 605): File size : 159564462
06-04 17:01:08.180 E/exFFmpeg( 605): [mov_read_header:8628] pts_only set.
06-04 17:01:08.181 E/AmFFmpegExtractor( 605): major_brand:mp42
06-04 17:01:08.181 E/AmFFmpegExtractor( 605): compatible_brands:isommp42
06-04 17:01:08.181 I/AmFFmpegExtractor( 605): checkInList: iswhite:0, mime:video/mp4, type:0, id:27 tag:31637661
06-04 17:01:08.181 I/AmFFmpegExtractor( 605): checkInList: iswhite:1, mime:video/mp4, type:0, id:27 tag:31637661
06-04 17:01:08.181 E/AmFFmpegExtractor( 605): codec_ctx->properties: 0
06-04 17:01:08.181 I/AmFFmpegExtractor( 605): checkInList: iswhite:0, mime:video/mp4, type:1, id:86018 tag:6134706d
06-04 17:01:08.181 I/AmFFmpegExtractor( 605): checkInList: iswhite:1, mime:video/mp4, type:1, id:86018 tag:6134706d
06-04 17:01:08.181 E/AmFFmpegExtractor( 605): codec_ctx->properties: 0
06-04 17:01:08.181 I/AmFFmpegExtractor( 605): checkSupportInList ret 1
06-04 17:01:08.188 I/android.hardware.bluetooth@1.0-impl( 480): [HandleIncomingEvent-549]: rec adv direct packet
06-04 17:01:08.195 I/android.hardware.bluetooth@1.0-impl( 480): [HandleIncomingEvent-549]: rec adv direct packet
06-04 17:01:08.211 I/android.hardware.bluetooth@1.0-impl( 480): [HandleIncomingEvent-549]: rec adv direct packet
06-04 17:01:08.248 I/android.hardware.bluetooth@1.0-impl( 480): [HandleIncomingEvent-549]: rec adv direct packet
06-04 17:01:08.255 I/android.hardware.bluetooth@1.0-impl( 480): [HandleIncomingEvent-549]: rec adv direct packet
06-04 17:01:08.292 E/AmFFmpegExtractor( 605): major_brand:mp42
06-04 17:01:08.292 E/AmFFmpegExtractor( 605): compatible_brands:isommp42
06-04 17:01:08.292 I/AmFFmpegExtractor( 605): checkInList: iswhite:0, mime:video/mp4, type:0, id:27 tag:31637661
06-04 17:01:08.292 I/AmFFmpegExtractor( 605): checkInList: iswhite:1, mime:video/mp4, type:0, id:27 tag:31637661
06-04 17:01:08.292 E/AmFFmpegExtractor( 605): codec_ctx->properties: 0
06-04 17:01:08.292 I/AmFFmpegExtractor( 605): checkInList: iswhite:0, mime:video/mp4, type:1, id:86018 tag:6134706d
06-04 17:01:08.292 I/AmFFmpegExtractor( 605): checkInList: iswhite:1, mime:video/mp4, type:1, id:86018 tag:6134706d
06-04 17:01:08.292 E/AmFFmpegExtractor( 605): codec_ctx->properties: 0
06-04 17:01:08.292 I/AmFFmpegExtractor( 605): checkSupportInList ret 1
06-04 17:01:08.292 I/AmFFmpegExtractor( 605): SniffAmFFmpeg ok, confidence = 0.050000
06-04 17:01:08.294 I/android.hardware.bluetooth@1.0-impl( 480): [HandleIncomingEvent-549]: rec adv direct packet
06-04 17:01:08.296 V/WindowManagerShell( 982): Transition animation finished (aborted=false), notifying core (#8)android.os.BinderProxy@9739516@0
06-04 17:01:08.298 V/WindowManager( 693): Finish Transition #8: created at
06-04 17:01:07.833 collect-started=0.073ms request-sent=0.192ms started=22.165ms ready=22.104ms sent=27.589ms finished=463.696ms
06-04 17:01:08.304 V/WindowManagerShell( 982): Track 0 became idle
06-04 17:01:08.304 V/WindowManagerShell( 982): All active transition animations finished
06-04 17:01:08.308 I/android.hardware.bluetooth@1.0-impl( 480): [HandleIncomingEvent-549]: rec adv direct packet
06-04 17:01:08.312 I/android.hardware.bluetooth@1.0-impl( 480): [HandleIncomingEvent-549]: rec adv direct packet
06-04 17:01:08.312 E/MetadataRetrieverClient( 608): unable to dlopen metadata_retriever extension: dlopen failed: library "libmetadataretriever_ext.so" not found
06-04 17:01:08.316 I/android.hardware.bluetooth@1.0-impl( 480): [HandleIncomingEvent-549]: rec adv direct packet
06-04 17:01:08.318 I/AmFFmpegByteIOAdapter( 605): File size : 159564462
06-04 17:01:08.324 E/exFFmpeg( 605): [mov_read_header:8628] pts_only set.
06-04 17:01:08.325 E/AmFFmpegExtractor( 605): major_brand:mp42
06-04 17:01:08.325 E/AmFFmpegExtractor( 605): compatible_brands:isommp42
06-04 17:01:08.325 I/AmFFmpegExtractor( 605): checkInList: iswhite:0, mime:video/mp4, type:0, id:27 tag:31637661
06-04 17:01:08.325 I/AmFFmpegExtractor( 605): checkInList: iswhite:1, mime:video/mp4, type:0, id:27 tag:31637661
06-04 17:01:08.325 E/AmFFmpegExtractor( 605): codec_ctx->properties: 0
06-04 17:01:08.325 I/AmFFmpegExtractor( 605): checkInList: iswhite:0, mime:video/mp4, type:1, id:86018 tag:6134706d
06-04 17:01:08.325 I/AmFFmpegExtractor( 605): checkInList: iswhite:1, mime:video/mp4, type:1, id:86018 tag:6134706d
06-04 17:01:08.325 E/AmFFmpegExtractor( 605): codec_ctx->properties: 0
06-04 17:01:08.325 I/AmFFmpegExtractor( 605): checkSupportInList ret 1
06-04 17:01:08.351 I/android.hardware.bluetooth@1.0-impl( 480): [HandleIncomingEvent-549]: rec adv direct packet
06-04 17:01:08.354 I/android.hardware.bluetooth@1.0-impl( 480): [HandleIncomingEvent-549]: rec adv direct packet
06-04 17:01:08.368 I/android.hardware.bluetooth@1.0-impl( 480): [HandleIncomingEvent-549]: rec adv direct packet
06-04 17:01:08.372 I/android.hardware.bluetooth@1.0-impl( 480): [HandleIncomingEvent-549]: rec adv direct packet
06-04 17:01:08.375 I/android.hardware.bluetooth@1.0-impl( 480): [HandleIncomingEvent-549]: rec adv direct packet
06-04 17:01:08.436 E/AmFFmpegExtractor( 605): major_brand:mp42
06-04 17:01:08.436 E/AmFFmpegExtractor( 605): compatible_brands:isommp42
06-04 17:01:08.436 I/AmFFmpegExtractor( 605): checkInList: iswhite:0, mime:video/mp4, type:0, id:27 tag:31637661
06-04 17:01:08.436 I/AmFFmpegExtractor( 605): checkInList: iswhite:1, mime:video/mp4, type:0, id:27 tag:31637661
06-04 17:01:08.436 E/AmFFmpegExtractor( 605): codec_ctx->properties: 0
06-04 17:01:08.436 I/AmFFmpegExtractor( 605): checkInList: iswhite:0, mime:video/mp4, type:1, id:86018 tag:6134706d
06-04 17:01:08.436 I/AmFFmpegExtractor( 605): checkInList: iswhite:1, mime:video/mp4, type:1, id:86018 tag:6134706d
06-04 17:01:08.436 E/AmFFmpegExtractor( 605): codec_ctx->properties: 0
06-04 17:01:08.436 I/AmFFmpegExtractor( 605): checkSupportInList ret 1
06-04 17:01:08.437 I/android.hardware.bluetooth@1.0-impl( 480): [HandleIncomingEvent-549]: rec adv direct packet
06-04 17:01:08.437 I/AmFFmpegExtractor( 605): SniffAmFFmpeg ok, confidence = 0.050000
06-04 17:01:08.450 I/android.hardware.bluetooth@1.0-impl( 480): [HandleIncomingEvent-549]: rec adv direct packet
06-04 17:01:08.454 I/android.hardware.bluetooth@1.0-impl( 480): [HandleIncomingEvent-549]: rec adv direct packet
06-04 17:01:08.458 E/MetadataRetrieverClient( 608): unable to dlopen metadata_retriever extension: dlopen failed: library "libmetadataretriever_ext.so" not found
06-04 17:01:08.493 I/android.hardware.bluetooth@1.0-impl( 480): [HandleIncomingEvent-549]: rec adv direct packet
06-04 17:01:08.511 I/android.hardware.bluetooth@1.0-impl( 480): [HandleIncomingEvent-549]: rec adv direct packet
06-04 17:01:08.514 I/android.hardware.bluetooth@1.0-impl( 480): [HandleIncomingEvent-549]: rec adv direct packet
06-04 17:01:08.532 I/AmFFmpegByteIOAdapter( 605): File size : 154505561
06-04 17:01:08.544 E/exFFmpeg( 605): [mov_read_header:8628] pts_only set.
06-04 17:01:08.544 E/AmFFmpegExtractor( 605): major_brand:mp42
06-04 17:01:08.544 E/AmFFmpegExtractor( 605): compatible_brands:isommp42
06-04 17:01:08.544 I/AmFFmpegExtractor( 605): checkInList: iswhite:0, mime:video/mp4, type:0, id:27 tag:31637661
06-04 17:01:08.544 I/AmFFmpegExtractor( 605): checkInList: iswhite:1, mime:video/mp4, type:0, id:27 tag:31637661
06-04 17:01:08.544 E/AmFFmpegExtractor( 605): codec_ctx->properties: 0
06-04 17:01:08.544 I/AmFFmpegExtractor( 605): checkInList: iswhite:0, mime:video/mp4, type:1, id:86018 tag:6134706d
06-04 17:01:08.544 I/AmFFmpegExtractor( 605): checkInList: iswhite:1, mime:video/mp4, type:1, id:86018 tag:6134706d
06-04 17:01:08.544 E/AmFFmpegExtractor( 605): codec_ctx->properties: 0
06-04 17:01:08.544 I/AmFFmpegExtractor( 605): checkSupportInList ret 1
06-04 17:01:08.557 I/android.hardware.bluetooth@1.0-impl( 480): [HandleIncomingEvent-549]: rec adv direct packet
06-04 17:01:08.574 I/android.hardware.bluetooth@1.0-impl( 480): [HandleIncomingEvent-549]: rec adv direct packet
06-04 17:01:08.609 I/android.hardware.bluetooth@1.0-impl( 480): [HandleIncomingEvent-549]: rec adv direct packet
06-04 17:01:08.613 I/android.hardware.bluetooth@1.0-impl( 480): [HandleIncomingEvent-549]: rec adv direct packet
06-04 17:01:08.617 I/android.hardware.bluetooth@1.0-impl( 480): [HandleIncomingEvent-549]: rec adv direct packet
06-04 17:01:08.654 I/rainbow_flow( 3816): type=1400 audit(0.0:1017): avc: denied { ioctl } for path="/dev/spidev1.0" dev="tmpfs" ino=528 ioctlcmd=0x6b00 scontext=u:r:init:s0 tcontext=u:object_r:device:s0 tclass=chr_file permissive=1
06-04 17:01:08.677 I/android.hardware.bluetooth@1.0-impl( 480): [HandleIncomingEvent-549]: rec adv direct packet
06-04 17:01:08.692 E/AmFFmpegExtractor( 605): major_brand:mp42
06-04 17:01:08.692 E/AmFFmpegExtractor( 605): compatible_brands:isommp42
06-04 17:01:08.692 I/AmFFmpegExtractor( 605): checkInList: iswhite:0, mime:video/mp4, type:0, id:27 tag:31637661
06-04 17:01:08.692 I/AmFFmpegExtractor( 605): checkInList: iswhite:1, mime:video/mp4, type:0, id:27 tag:31637661
06-04 17:01:08.692 E/AmFFmpegExtractor( 605): codec_ctx->properties: 0
06-04 17:01:08.692 I/AmFFmpegExtractor( 605): checkInList: iswhite:0, mime:video/mp4, type:1, id:86018 tag:6134706d
06-04 17:01:08.692 I/AmFFmpegExtractor( 605): checkInList: iswhite:1, mime:video/mp4, type:1, id:86018 tag:6134706d
06-04 17:01:08.692 E/AmFFmpegExtractor( 605): codec_ctx->properties: 0
06-04 17:01:08.692 I/AmFFmpegExtractor( 605): checkSupportInList ret 1
06-04 17:01:08.693 I/AmFFmpegExtractor( 605): SniffAmFFmpeg ok, confidence = 0.050000
06-04 17:01:08.694 I/android.hardware.bluetooth@1.0-impl( 480): [HandleIncomingEvent-549]: rec adv direct packet
06-04 17:01:08.711 E/MetadataRetrieverClient( 608): unable to dlopen metadata_retriever extension: dlopen failed: library "libmetadataretriever_ext.so" not found
06-04 17:01:08.714 I/AmFFmpegByteIOAdapter( 605): File size : 154505561
06-04 17:01:08.720 E/exFFmpeg( 605): [mov_read_header:8628] pts_only set.
06-04 17:01:08.720 E/AmFFmpegExtractor( 605): major_brand:mp42
06-04 17:01:08.720 E/AmFFmpegExtractor( 605): compatible_brands:isommp42
06-04 17:01:08.720 I/AmFFmpegExtractor( 605): checkInList: iswhite:0, mime:video/mp4, type:0, id:27 tag:31637661
06-04 17:01:08.720 I/AmFFmpegExtractor( 605): checkInList: iswhite:1, mime:video/mp4, type:0, id:27 tag:31637661
06-04 17:01:08.720 E/AmFFmpegExtractor( 605): codec_ctx->properties: 0
06-04 17:01:08.720 I/AmFFmpegExtractor( 605): checkInList: iswhite:0, mime:video/mp4, type:1, id:86018 tag:6134706d
06-04 17:01:08.720 I/AmFFmpegExtractor( 605): checkInList: iswhite:1, mime:video/mp4, type:1, id:86018 tag:6134706d
06-04 17:01:08.720 E/AmFFmpegExtractor( 605): codec_ctx->properties: 0
06-04 17:01:08.720 I/AmFFmpegExtractor( 605): checkSupportInList ret 1
06-04 17:01:08.729 I/android.hardware.bluetooth@1.0-impl( 480): [HandleIncomingEvent-549]: rec adv direct packet
06-04 17:01:08.737 I/android.hardware.bluetooth@1.0-impl( 480): [HandleIncomingEvent-549]: rec adv direct packet
06-04 17:01:08.793 I/android.hardware.bluetooth@1.0-impl( 480): [HandleIncomingEvent-549]: rec adv direct packet
06-04 17:01:08.811 I/android.hardware.bluetooth@1.0-impl( 480): [HandleIncomingEvent-549]: rec adv direct packet
06-04 17:01:08.818 I/android.hardware.bluetooth@1.0-impl( 480): [HandleIncomingEvent-549]: rec adv direct packet
06-04 17:01:08.830 E/AmFFmpegExtractor( 605): major_brand:mp42
06-04 17:01:08.830 E/AmFFmpegExtractor( 605): compatible_brands:isommp42
06-04 17:01:08.830 I/AmFFmpegExtractor( 605): checkInList: iswhite:0, mime:video/mp4, type:0, id:27 tag:31637661
06-04 17:01:08.830 I/AmFFmpegExtractor( 605): checkInList: iswhite:1, mime:video/mp4, type:0, id:27 tag:31637661
06-04 17:01:08.830 E/AmFFmpegExtractor( 605): codec_ctx->properties: 0
06-04 17:01:08.830 I/AmFFmpegExtractor( 605): checkInList: iswhite:0, mime:video/mp4, type:1, id:86018 tag:6134706d
06-04 17:01:08.830 I/AmFFmpegExtractor( 605): checkInList: iswhite:1, mime:video/mp4, type:1, id:86018 tag:6134706d
06-04 17:01:08.830 E/AmFFmpegExtractor( 605): codec_ctx->properties: 0
06-04 17:01:08.830 I/AmFFmpegExtractor( 605): checkSupportInList ret 1
06-04 17:01:08.830 I/AmFFmpegExtractor( 605): SniffAmFFmpeg ok, confidence = 0.050000
06-04 17:01:08.849 E/MetadataRetrieverClient( 608): unable to dlopen metadata_retriever extension: dlopen failed: library "libmetadataretriever_ext.so" not found
06-04 17:01:08.849 I/android.hardware.bluetooth@1.0-impl( 480): [HandleIncomingEvent-549]: rec adv direct packet
06-04 17:01:08.857 I/android.hardware.bluetooth@1.0-impl( 480): [HandleIncomingEvent-549]: rec adv direct packet
06-04 17:01:08.870 I/android.hardware.bluetooth@1.0-impl( 480): [HandleIncomingEvent-549]: rec adv direct packet
06-04 17:01:08.913 I/android.hardware.bluetooth@1.0-impl( 480): [HandleIncomingEvent-549]: rec adv direct packet
06-04 17:01:08.917 I/android.hardware.bluetooth@1.0-impl( 480): [HandleIncomingEvent-549]: rec adv direct packet
06-04 17:01:08.931 I/android.hardware.bluetooth@1.0-impl( 480): [HandleIncomingEvent-549]: rec adv direct packet
06-04 17:01:08.934 I/android.hardware.bluetooth@1.0-impl( 480): [HandleIncomingEvent-549]: rec adv direct packet
06-04 17:01:08.942 I/AmFFmpegByteIOAdapter( 605): File size : 161753458
06-04 17:01:08.956 E/exFFmpeg( 605): [mov_read_header:8628] pts_only set.
06-04 17:01:08.956 E/AmFFmpegExtractor( 605): major_brand:mp42
06-04 17:01:08.956 E/AmFFmpegExtractor( 605): compatible_brands:isommp42
06-04 17:01:08.956 I/AmFFmpegExtractor( 605): checkInList: iswhite:0, mime:video/mp4, type:0, id:27 tag:31637661
06-04 17:01:08.956 I/AmFFmpegExtractor( 605): checkInList: iswhite:1, mime:video/mp4, type:0, id:27 tag:31637661
06-04 17:01:08.956 E/AmFFmpegExtractor( 605): codec_ctx->properties: 0
06-04 17:01:08.956 I/AmFFmpegExtractor( 605): checkInList: iswhite:0, mime:video/mp4, type:1, id:86018 tag:6134706d
06-04 17:01:08.956 I/AmFFmpegExtractor( 605): checkInList: iswhite:1, mime:video/mp4, type:1, id:86018 tag:6134706d
06-04 17:01:08.956 E/AmFFmpegExtractor( 605): codec_ctx->properties: 0
06-04 17:01:08.956 I/AmFFmpegExtractor( 605): checkSupportInList ret 1
06-04 17:01:08.994 I/android.hardware.bluetooth@1.0-impl( 480): [HandleIncomingEvent-549]: rec adv direct packet
06-04 17:01:09.033 I/android.hardware.bluetooth@1.0-impl( 480): [HandleIncomingEvent-549]: rec adv direct packet
06-04 17:01:09.037 I/android.hardware.bluetooth@1.0-impl( 480): [HandleIncomingEvent-549]: rec adv direct packet
06-04 17:01:09.089 E/AmFFmpegExtractor( 605): major_brand:mp42
06-04 17:01:09.089 E/AmFFmpegExtractor( 605): compatible_brands:isommp42
06-04 17:01:09.089 I/AmFFmpegExtractor( 605): checkInList: iswhite:0, mime:video/mp4, type:0, id:27 tag:31637661
06-04 17:01:09.089 I/AmFFmpegExtractor( 605): checkInList: iswhite:1, mime:video/mp4, type:0, id:27 tag:31637661
06-04 17:01:09.089 E/AmFFmpegExtractor( 605): codec_ctx->properties: 0
06-04 17:01:09.089 I/AmFFmpegExtractor( 605): checkInList: iswhite:0, mime:video/mp4, type:1, id:86018 tag:6134706d
06-04 17:01:09.089 I/AmFFmpegExtractor( 605): checkInList: iswhite:1, mime:video/mp4, type:1, id:86018 tag:6134706d
06-04 17:01:09.089 E/AmFFmpegExtractor( 605): codec_ctx->properties: 0
06-04 17:01:09.089 I/AmFFmpegExtractor( 605): checkSupportInList ret 1
06-04 17:01:09.090 I/AmFFmpegExtractor( 605): SniffAmFFmpeg ok, confidence = 0.050000
06-04 17:01:09.097 I/android.hardware.bluetooth@1.0-impl( 480): [HandleIncomingEvent-549]: rec adv direct packet
06-04 17:01:09.107 E/MetadataRetrieverClient( 608): unable to dlopen metadata_retriever extension: dlopen failed: library "libmetadataretriever_ext.so" not found
06-04 17:01:09.109 I/AmFFmpegByteIOAdapter( 605): File size : 161753458
06-04 17:01:09.110 I/android.hardware.bluetooth@1.0-impl( 480): [HandleIncomingEvent-549]: rec adv direct packet
06-04 17:01:09.114 I/android.hardware.bluetooth@1.0-impl( 480): [HandleIncomingEvent-549]: rec adv direct packet
06-04 17:01:09.118 E/exFFmpeg( 605): [mov_read_header:8628] pts_only set.
06-04 17:01:09.118 E/AmFFmpegExtractor( 605): major_brand:mp42
06-04 17:01:09.118 E/AmFFmpegExtractor( 605): compatible_brands:isommp42
06-04 17:01:09.118 I/AmFFmpegExtractor( 605): checkInList: iswhite:0, mime:video/mp4, type:0, id:27 tag:31637661
06-04 17:01:09.118 I/AmFFmpegExtractor( 605): checkInList: iswhite:1, mime:video/mp4, type:0, id:27 tag:31637661
06-04 17:01:09.118 E/AmFFmpegExtractor( 605): codec_ctx->properties: 0
06-04 17:01:09.118 I/AmFFmpegExtractor( 605): checkInList: iswhite:0, mime:video/mp4, type:1, id:86018 tag:6134706d
06-04 17:01:09.118 I/AmFFmpegExtractor( 605): checkInList: iswhite:1, mime:video/mp4, type:1, id:86018 tag:6134706d
06-04 17:01:09.118 E/AmFFmpegExtractor( 605): codec_ctx->properties: 0
06-04 17:01:09.118 I/AmFFmpegExtractor( 605): checkSupportInList ret 1
06-04 17:01:09.174 I/android.hardware.bluetooth@1.0-impl( 480): [HandleIncomingEvent-549]: rec adv direct packet
06-04 17:01:09.217 I/android.hardware.bluetooth@1.0-impl( 480): [HandleIncomingEvent-549]: rec adv direct packet
06-04 17:01:09.228 E/AmFFmpegExtractor( 605): major_brand:mp42
06-04 17:01:09.228 E/AmFFmpegExtractor( 605): compatible_brands:isommp42
06-04 17:01:09.228 I/AmFFmpegExtractor( 605): checkInList: iswhite:0, mime:video/mp4, type:0, id:27 tag:31637661
06-04 17:01:09.228 I/AmFFmpegExtractor( 605): checkInList: iswhite:1, mime:video/mp4, type:0, id:27 tag:31637661
06-04 17:01:09.228 E/AmFFmpegExtractor( 605): codec_ctx->properties: 0
06-04 17:01:09.228 I/AmFFmpegExtractor( 605): checkInList: iswhite:0, mime:video/mp4, type:1, id:86018 tag:6134706d
06-04 17:01:09.228 I/AmFFmpegExtractor( 605): checkInList: iswhite:1, mime:video/mp4, type:1, id:86018 tag:6134706d
06-04 17:01:09.228 E/AmFFmpegExtractor( 605): codec_ctx->properties: 0
06-04 17:01:09.228 I/AmFFmpegExtractor( 605): checkSupportInList ret 1
06-04 17:01:09.229 I/AmFFmpegExtractor( 605): SniffAmFFmpeg ok, confidence = 0.050000
06-04 17:01:09.230 I/android.hardware.bluetooth@1.0-impl( 480): [HandleIncomingEvent-549]: rec adv direct packet
06-04 17:01:09.234 I/android.hardware.bluetooth@1.0-impl( 480): [HandleIncomingEvent-549]: rec adv direct packet
06-04 17:01:09.250 E/MetadataRetrieverClient( 608): unable to dlopen metadata_retriever extension: dlopen failed: library "libmetadataretriever_ext.so" not found
06-04 17:01:09.253 I/AmFFmpegByteIOAdapter( 605): File size : 3331135092
06-04 17:01:09.262 I/cling--ap-5( 3475): type=1400 audit(0.0:1018): avc: denied { read } for name="address" dev="sysfs" ino=22126 scontext=u:r:untrusted_app_27:s0:c44,c256,c512,c768 tcontext=u:object_r:sysfs_net:s0 tclass=file permissive=1 app=com.dangbei.screencast
06-04 17:01:09.262 I/cling--ap-5( 3475): type=1400 audit(0.0:1019): avc: denied { open } for path="/sys/devices/virtual/net/dummy0/address" dev="sysfs" ino=22126 scontext=u:r:untrusted_app_27:s0:c44,c256,c512,c768 tcontext=u:object_r:sysfs_net:s0 tclass=file permissive=1 app=com.dangbei.screencast
06-04 17:01:09.262 I/cling--ap-5( 3475): type=1400 audit(0.0:1020): avc: denied { getattr } for path="/sys/devices/virtual/net/dummy0/address" dev="sysfs" ino=22126 scontext=u:r:untrusted_app_27:s0:c44,c256,c512,c768 tcontext=u:object_r:sysfs_net:s0 tclass=file permissive=1 app=com.dangbei.screencast
06-04 17:01:09.290 I/android.hardware.bluetooth@1.0-impl( 480): [HandleIncomingEvent-549]: rec adv direct packet
06-04 17:01:09.337 I/android.hardware.bluetooth@1.0-impl( 480): [HandleIncomingEvent-549]: rec adv direct packet
06-04 17:01:09.397 I/android.hardware.bluetooth@1.0-impl( 480): [HandleIncomingEvent-549]: rec adv direct packet
06-04 17:01:09.411 I/android.hardware.bluetooth@1.0-impl( 480): [HandleIncomingEvent-549]: rec adv direct packet
06-04 17:01:09.414 I/android.hardware.bluetooth@1.0-impl( 480): [HandleIncomingEvent-549]: rec adv direct packet
06-04 17:01:09.476 I/android.hardware.bluetooth@1.0-impl( 480): [HandleIncomingEvent-549]: rec adv direct packet
06-04 17:01:09.511 I/android.hardware.bluetooth@1.0-impl( 480): [HandleIncomingEvent-549]: rec adv direct packet
06-04 17:01:09.515 I/android.hardware.bluetooth@1.0-impl( 480): [HandleIncomingEvent-549]: rec adv direct packet
06-04 17:01:09.532 I/android.hardware.bluetooth@1.0-impl( 480): [HandleIncomingEvent-549]: rec adv direct packet
06-04 17:01:09.536 I/android.hardware.bluetooth@1.0-impl( 480): [HandleIncomingEvent-549]: rec adv direct packet
06-04 17:01:09.592 I/android.hardware.bluetooth@1.0-impl( 480): [HandleIncomingEvent-549]: rec adv direct packet
06-04 17:01:09.635 I/android.hardware.bluetooth@1.0-impl( 480): [HandleIncomingEvent-549]: rec adv direct packet
06-04 17:01:09.649 I/android.hardware.bluetooth@1.0-impl( 480): [HandleIncomingEvent-549]: rec adv direct packet
06-04 17:01:09.656 I/android.hardware.bluetooth@1.0-impl( 480): [HandleIncomingEvent-549]: rec adv direct packet
06-04 17:01:09.689 D/XM_HIDREAD( 1992): poll ret=1, event=1
06-04 17:01:09.689 D/XM_HIDREAD( 1992): [9 bytes]:01 00 00 4F 00 00 00 00 00
06-04 17:01:09.692 I/SogouIME( 1447): onKeyDown: keyoCode=22
06-04 17:01:09.692 I/DefaultIMS( 1447): onKeyDown: keyoCode=22
06-04 17:01:09.694 E/SecondScreen( 1489): FirstScreenLayoutView dispatchKeyEvent 22
06-04 17:01:09.700 I/DefaultIMS( 1447): onStartInput attribute=android.view.inputmethod.EditorInfo@83edf71 restarting=false inputType: 0
06-04 17:01:09.709 I/android.hardware.bluetooth@1.0-impl( 480): [HandleIncomingEvent-549]: rec adv direct packet
06-04 17:01:09.716 I/android.hardware.bluetooth@1.0-impl( 480): [HandleIncomingEvent-549]: rec adv direct packet
06-04 17:01:09.751 I/android.hardware.bluetooth@1.0-impl( 480): [HandleIncomingEvent-549]: rec adv direct packet
06-04 17:01:09.755 I/android.hardware.bluetooth@1.0-impl( 480): [HandleIncomingEvent-549]: rec adv direct packet
06-04 17:01:09.769 I/android.hardware.bluetooth@1.0-impl( 480): [HandleIncomingEvent-549]: rec adv direct packet
06-04 17:01:09.776 I/android.hardware.bluetooth@1.0-impl( 480): [HandleIncomingEvent-549]: rec adv direct packet
06-04 17:01:09.788 D/XM_HIDREAD( 1992): poll ret=1, event=1
06-04 17:01:09.789 D/XM_HIDREAD( 1992): [9 bytes]:01 00 00 00 00 00 00 00 00
06-04 17:01:09.790 I/SogouIME( 1447): onKeyUp: keyoCode=22
06-04 17:01:09.790 I/DefaultIMS( 1447): onKeyUp: keyoCode=22
06-04 17:01:09.791 E/SecondScreen( 1489): FirstScreenLayoutView dispatchKeyEvent 22
06-04 17:01:09.837 I/android.hardware.bluetooth@1.0-impl( 480): [HandleIncomingEvent-549]: rec adv direct packet
06-04 17:01:09.872 I/android.hardware.bluetooth@1.0-impl( 480): [HandleIncomingEvent-549]: rec adv direct packet
06-04 17:01:09.893 I/android.hardware.bluetooth@1.0-impl( 480): [HandleIncomingEvent-549]: rec adv direct packet
06-04 17:01:09.897 I/android.hardware.bluetooth@1.0-impl( 480): [HandleIncomingEvent-549]: rec adv direct packet
06-04 17:01:09.908 D/XM_HIDREAD( 1992): poll ret=1, event=1
06-04 17:01:09.908 D/XM_HIDREAD( 1992): [9 bytes]:01 00 00 4F 00 00 00 00 00
06-04 17:01:09.910 I/SogouIME( 1447): onKeyDown: keyoCode=22
06-04 17:01:09.910 I/DefaultIMS( 1447): onKeyDown: keyoCode=22
06-04 17:01:09.912 E/SecondScreen( 1489): FirstScreenLayoutView dispatchKeyEvent 22
06-04 17:01:09.936 I/android.hardware.bluetooth@1.0-impl( 480): [HandleIncomingEvent-549]: rec adv direct packet
06-04 17:01:09.957 I/android.hardware.bluetooth@1.0-impl( 480): [HandleIncomingEvent-549]: rec adv direct packet
06-04 17:01:09.988 I/android.hardware.bluetooth@1.0-impl( 480): [HandleIncomingEvent-549]: rec adv direct packet
06-04 17:01:09.991 E/AmFFmpegExtractor( 605): major_brand:isom
06-04 17:01:09.991 E/AmFFmpegExtractor( 605): compatible_brands:isomavc1
06-04 17:01:09.991 I/AmFFmpegExtractor( 605): checkInList: iswhite:0, mime:video/mp4, type:0, id:27 tag:31637661
06-04 17:01:09.991 I/AmFFmpegExtractor( 605): checkInList: iswhite:1, mime:video/mp4, type:0, id:27 tag:31637661
06-04 17:01:09.991 E/AmFFmpegExtractor( 605): codec_ctx->properties: 0
06-04 17:01:09.991 I/AmFFmpegExtractor( 605): checkInList: iswhite:0, mime:video/mp4, type:1, id:86018 tag:6134706d
06-04 17:01:09.991 I/AmFFmpegExtractor( 605): checkInList: iswhite:1, mime:video/mp4, type:1, id:86018 tag:6134706d
06-04 17:01:09.991 E/AmFFmpegExtractor( 605): codec_ctx->properties: 0
06-04 17:01:09.991 I/AmFFmpegExtractor( 605): checkInList: iswhite:0, mime:video/mp4, type:1, id:86018 tag:6134706d
06-04 17:01:09.991 I/AmFFmpegExtractor( 605): checkInList: iswhite:1, mime:video/mp4, type:1, id:86018 tag:6134706d
06-04 17:01:09.991 E/AmFFmpegExtractor( 605): codec_ctx->properties: 0
06-04 17:01:09.991 I/AmFFmpegExtractor( 605): checkSupportInList ret 1
06-04 17:01:10.006 E/AmFFmpegExtractor( 605): major_brand:isom
06-04 17:01:10.006 E/AmFFmpegExtractor( 605): compatible_brands:isomavc1
06-04 17:01:10.006 I/AmFFmpegExtractor( 605): checkInList: iswhite:0, mime:video/mp4, type:0, id:27 tag:31637661
06-04 17:01:10.006 I/AmFFmpegExtractor( 605): checkInList: iswhite:1, mime:video/mp4, type:0, id:27 tag:31637661
06-04 17:01:10.006 E/AmFFmpegExtractor( 605): codec_ctx->properties: 0
06-04 17:01:10.006 I/AmFFmpegExtractor( 605): checkInList: iswhite:0, mime:video/mp4, type:1, id:86018 tag:6134706d
06-04 17:01:10.006 I/AmFFmpegExtractor( 605): checkInList: iswhite:1, mime:video/mp4, type:1, id:86018 tag:6134706d
06-04 17:01:10.007 E/AmFFmpegExtractor( 605): codec_ctx->properties: 0
06-04 17:01:10.007 I/AmFFmpegExtractor( 605): checkInList: iswhite:0, mime:video/mp4, type:1, id:86018 tag:6134706d
06-04 17:01:10.007 I/AmFFmpegExtractor( 605): checkInList: iswhite:1, mime:video/mp4, type:1, id:86018 tag:6134706d
06-04 17:01:10.007 E/AmFFmpegExtractor( 605): codec_ctx->properties: 0
06-04 17:01:10.007 I/AmFFmpegExtractor( 605): checkSupportInList ret 1
06-04 17:01:10.010 I/android.hardware.bluetooth@1.0-impl( 480): [HandleIncomingEvent-549]: rec adv direct packet
06-04 17:01:10.017 I/android.hardware.bluetooth@1.0-impl( 480): [HandleIncomingEvent-549]: rec adv direct packet
06-04 17:01:10.019 I/AmFFmpegExtractor( 605): SniffAmFFmpeg ok, confidence = 0.050000
06-04 17:01:10.027 I/SampleTable( 605): There are reordered frames present.
06-04 17:01:10.048 I/android.hardware.bluetooth@1.0-impl( 480): [HandleIncomingEvent-549]: rec adv direct packet
06-04 17:01:10.048 D/XM_HIDREAD( 1992): poll ret=1, event=1
06-04 17:01:10.048 D/XM_HIDREAD( 1992): [9 bytes]:01 00 00 00 00 00 00 00 00
06-04 17:01:10.051 I/SogouIME( 1447): onKeyUp: keyoCode=22
06-04 17:01:10.051 I/DefaultIMS( 1447): onKeyUp: keyoCode=22
06-04 17:01:10.051 E/SecondScreen( 1489): FirstScreenLayoutView dispatchKeyEvent 22
06-04 17:01:10.052 I/android.hardware.bluetooth@1.0-impl( 480): [HandleIncomingEvent-549]: rec adv direct packet
06-04 17:01:10.069 I/android.hardware.bluetooth@1.0-impl( 480): [HandleIncomingEvent-549]: rec adv direct packet
06-04 17:01:10.131 I/android.hardware.bluetooth@1.0-impl( 480): [HandleIncomingEvent-549]: rec adv direct packet
06-04 17:01:10.148 I/android.hardware.bluetooth@1.0-impl( 480): [HandleIncomingEvent-549]: rec adv direct packet
06-04 17:01:10.152 I/android.hardware.bluetooth@1.0-impl( 480): [HandleIncomingEvent-549]: rec adv direct packet
06-04 17:01:10.155 I/android.hardware.bluetooth@1.0-impl( 480): [HandleIncomingEvent-549]: rec adv direct packet
06-04 17:01:10.190 I/android.hardware.bluetooth@1.0-impl( 480): [HandleIncomingEvent-549]: rec adv direct packet
06-04 17:01:10.208 I/android.hardware.bluetooth@1.0-impl( 480): [HandleIncomingEvent-549]: rec adv direct packet
06-04 17:01:10.216 I/android.hardware.bluetooth@1.0-impl( 480): [HandleIncomingEvent-549]: rec adv direct packet
06-04 17:01:10.448 D/XM_HIDREAD( 1992): poll ret=1, event=1
06-04 17:01:10.448 D/XM_HIDREAD( 1992): [9 bytes]:01 00 00 28 00 00 00 00 00
06-04 17:01:10.452 I/SogouIME( 1447): onKeyDown: keyoCode=23
06-04 17:01:10.452 I/DefaultIMS( 1447): onKeyDown: keyoCode=23
06-04 17:01:10.452 E/SecondScreen( 1489): FirstScreenLayoutView dispatchKeyEvent 23
06-04 17:01:10.588 D/XM_HIDREAD( 1992): poll ret=1, event=1
06-04 17:01:10.588 D/XM_HIDREAD( 1992): [9 bytes]:01 00 00 00 00 00 00 00 00
06-04 17:01:10.590 I/SogouIME( 1447): onKeyUp: keyoCode=23
06-04 17:01:10.590 I/DefaultIMS( 1447): onKeyUp: keyoCode=23
06-04 17:01:10.591 E/SecondScreen( 1489): FirstScreenLayoutView dispatchKeyEvent 23
06-04 17:01:10.594 E/CellBroadcastUtils( 693): getDefaultCellBroadcastReceiverPackageName: no package found
06-04 17:01:10.605 I/ActivityTaskManager( 693): START u0 {dat=haqu://setting:8080/... flg=0x10000000 pkg=com.dangbei.haqusetting cmp=com.dangbei.haqusetting/.ui.HomeActivity} with LAUNCH_MULTIPLE from uid 1000 (BAL_ALLOW_ALLOWLISTED_UID) result code=0
