06-04 17:00:54.599 W/RefBase ( 605): RefBase: Explicit destruction, weak count = 0 (in 0xea1072d4). Use sp<> to manage this object.
06-04 17:00:54.599 W/RefBase ( 605): CallStack::getCurrentInternal not linked, returning null
06-04 17:00:54.599 W/RefBase ( 605): CallStack::logStackInternal not linked
06-04 17:00:54.602 E/MetadataRetrieverClient( 608): unable to dlopen metadata_retriever extension: dlopen failed: library "libmetadataretriever_ext.so" not found
06-04 17:00:54.606 I/AmFFmpegExtractor( 605): fast startup in ffmpegextractor for avi stream.
06-04 17:00:54.606 I/AmFFmpegExtractor( 605): is in white list : 1
06-04 17:00:54.606 I/AmFFmpegExtractor( 605): SniffAmFFmpeg ok, confidence = 0.800000
06-04 17:00:54.608 W/AString ( 605): ctor got NULL, using empty string instead
06-04 17:00:54.608 I/AmFFmpegExtractor( 605):
06-04 17:00:54.608 I/AmFFmpegExtractor( 605): -----------AmFFmpegExtractor Info---------
06-04 17:00:54.608 I/AmFFmpegExtractor( 605):
06-04 17:00:54.608 I/AmFFmpegExtractor( 605): MM-module-name:Extractor,Version:5.1.7-g0c7d1d4(build:6351)
06-04 17:00:54.608 I/AmFFmpegExtractor( 605):
06-04 17:00:54.608 I/AmFFmpegExtractor( 605): ARCH = arm
06-04 17:00:54.608 I/AmFFmpegExtractor( 605): Author: multi-media team
06-04 17:00:54.608 I/AmFFmpegExtractor( 605): Branch name: * (HEAD detached at 0c7d1d4)
06-04 17:00:54.608 I/AmFFmpegExtractor( 605): Last Commit Info:
06-04 17:00:54.608 I/AmFFmpegExtractor( 605): commit 0c7d1d450b4d7ecd11fc2ddd21a6e67e11d0b24d
06-04 17:00:54.608 I/AmFFmpegExtractor( 605): Author: wang.ren
06-04 17:00:54.608 I/AmFFmpegExtractor( 605): Date: Mon Nov 18 08:39:16 2024 +0000
06-04 17:00:54.608 I/AmFFmpegExtractor( 605): AmFFmpegExtractor: CB2 invalid nal length when parse nal data [1/1]
06-04 17:00:54.608 I/AmFFmpegExtractor( 605): PD#SWPL-190774
06-04 17:00:54.608 I/AmFFmpegExtractor( 605): Change-Id: I639741fa67a5b027e7d8eaa1b588f753d2326e47
06-04 17:00:54.608 I/AmFFmpegExtractor( 605): Uncommitted-file-num:1
06-04 17:00:54.608 I/AmFFmpegExtractor( 605): Build-time: Thu Nov 28 13:44:43 CST 2024
06-04 17:00:54.608 I/AmFFmpegExtractor( 605): Build-name: drm.autobuild
06-04 17:00:54.608 I/AmFFmpegExtractor( 605): -----------------------------------------
06-04 17:00:54.608 I/AmFFmpegExtractor( 605): media.ffmpegextractor.loglevel 16
06-04 17:00:54.608 I/AmFFmpegExtractor( 605): vendor.media.ffmpegextractor.ESLen264Check : 10
06-04 17:00:54.608 I/AmFFmpegExtractor( 605): vendor.media.ffmpegextractor.ESLen265Check : 50
06-04 17:00:54.608 I/AmFFmpegByteIOAdapter( 605): File size : 137025768
06-04 17:00:54.609 I/AmFFmpegExtractor( 605): AmFFmpegExtractor mInputFormat name {avi [(null)]}
06-04 17:00:54.684 I/AmFFmpegExtractor( 605): ///////////////start dump format
06-04 17:00:54.684 I/AmFFmpegExtractor( 605): [init 3386] video/avi
06-04 17:00:54.684 I/AmFFmpegExtractor( 605): isMusic major_brand:null
06-04 17:00:54.685 I/AmFFmpegExtractor( 605): Stream 0(0) [video/mp4v-es][codecid:0xc(0xc)] found.
06-04 17:00:54.685 I/AmFFmpegExtractor( 605): isDIVX : unsupported tag: DX50.
06-04 17:00:54.685 I/AmFFmpegExtractor( 605): Stream 1(1) [audio/mpeg][codecid:0x15001(0x15001)] found.
06-04 17:00:54.685 I/AmFFmpegExtractor( 605): [AmFFmpegSource 717]startTimeUs:0, seekable:1
06-04 17:00:54.685 I/AmFFmpegExtractor( 605): [init 753](0xee341510)
06-04 17:00:54.685 E/AmFFmpegExtractor( 605): mAudioMuxRead 0
06-04 17:00:54.685 I/AmFFmpegExtractor( 605): init kKeyDuration = 214466667
06-04 17:00:54.685 I/AmFFmpegExtractor( 605): av_find_input_format is avi
06-04 17:00:54.685 I/AmFFmpegExtractor( 605): audio:demux: fmt = 8
06-04 17:00:54.685 I/AmFFmpegExtractor( 605): audio:demux: channels = 2
06-04 17:00:54.685 I/AmFFmpegExtractor( 605): audio:demux: sample_rate = 48000
06-04 17:00:54.685 I/AmFFmpegExtractor( 605): audio:demux: bit_rate = 112000
06-04 17:00:54.685 I/AmFFmpegExtractor( 605): audio:demux: codec_id = 86017
06-04 17:00:54.685 I/AmFFmpegExtractor( 605): audio:demux: stream startTimeUs = 0
06-04 17:00:54.685 I/AmFFmpegExtractor( 605): audio:demux: block_align = 1
06-04 17:00:54.685 E/AmFFmpegExtractor( 605): kKeyMediaLanguage audio lang null
06-04 17:00:54.685 I/AmFFmpegExtractor( 605): Mime:audio/mpeg
06-04 17:00:54.685 I/StreamFormatter( 605): Creating formatter for codec id : 86017 extradata size : 12
06-04 17:00:54.685 I/AmFFmpegExtractor( 605): [init 3565] mIsDolbyVison:0, i:1
06-04 17:00:54.685 I/AmFFmpegExtractor( 605): Not use Thread, by reason of has no activity audio or video.
06-04 17:00:54.689 I/AmFFmpegExtractor( 605): [~AmFFmpegSource 732]
06-04 17:00:54.690 I/AmFFmpegExtractor( 605): [~AmFFmpegExtractor 2720]
06-04 17:00:54.690 I/AmFFmpegExtractor( 605): [~AmFFmpegExtractor 2723]
06-04 17:00:54.690 W/RefBase ( 605): RefBase: Explicit destruction, weak count = 0 (in 0xea106c74). Use sp<> to manage this object.
06-04 17:00:54.690 W/RefBase ( 605): CallStack::getCurrentInternal not linked, returning null
06-04 17:00:54.690 W/RefBase ( 605): CallStack::logStackInternal not linked
06-04 17:00:54.692 E/MetadataRetrieverClient( 608): unable to dlopen metadata_retriever extension: dlopen failed: library "libmetadataretriever_ext.so" not found
06-04 17:00:54.696 I/AmFFmpegExtractor( 605): fast startup in ffmpegextractor for avi stream.
06-04 17:00:54.696 I/AmFFmpegExtractor( 605): is in white list : 1
06-04 17:00:54.696 I/AmFFmpegExtractor( 605): SniffAmFFmpeg ok, confidence = 0.800000
06-04 17:00:54.697 W/AString ( 605): ctor got NULL, using empty string instead
06-04 17:00:54.697 I/AmFFmpegExtractor( 605):
06-04 17:00:54.697 I/AmFFmpegExtractor( 605): -----------AmFFmpegExtractor Info---------
06-04 17:00:54.697 I/AmFFmpegExtractor( 605):
06-04 17:00:54.697 I/AmFFmpegExtractor( 605): MM-module-name:Extractor,Version:5.1.7-g0c7d1d4(build:6351)
06-04 17:00:54.697 I/AmFFmpegExtractor( 605):
06-04 17:00:54.697 I/AmFFmpegExtractor( 605): ARCH = arm
06-04 17:00:54.697 I/AmFFmpegExtractor( 605): Author: multi-media team
06-04 17:00:54.697 I/AmFFmpegExtractor( 605): Branch name: * (HEAD detached at 0c7d1d4)
06-04 17:00:54.697 I/AmFFmpegExtractor( 605): Last Commit Info:
06-04 17:00:54.697 I/AmFFmpegExtractor( 605): commit 0c7d1d450b4d7ecd11fc2ddd21a6e67e11d0b24d
06-04 17:00:54.697 I/AmFFmpegExtractor( 605): Author: wang.ren
06-04 17:00:54.697 I/AmFFmpegExtractor( 605): Date: Mon Nov 18 08:39:16 2024 +0000
06-04 17:00:54.697 I/AmFFmpegExtractor( 605): AmFFmpegExtractor: CB2 invalid nal length when parse nal data [1/1]
06-04 17:00:54.697 I/AmFFmpegExtractor( 605): PD#SWPL-190774
06-04 17:00:54.697 I/AmFFmpegExtractor( 605): Change-Id: I639741fa67a5b027e7d8eaa1b588f753d2326e47
06-04 17:00:54.697 I/AmFFmpegExtractor( 605): Uncommitted-file-num:1
06-04 17:00:54.697 I/AmFFmpegExtractor( 605): Build-time: Thu Nov 28 13:44:43 CST 2024
06-04 17:00:54.697 I/AmFFmpegExtractor( 605): Build-name: drm.autobuild
06-04 17:00:54.697 I/AmFFmpegExtractor( 605): -----------------------------------------
06-04 17:00:54.697 I/AmFFmpegExtractor( 605): media.ffmpegextractor.loglevel 16
06-04 17:00:54.697 I/AmFFmpegExtractor( 605): vendor.media.ffmpegextractor.ESLen264Check : 10
06-04 17:00:54.697 I/AmFFmpegExtractor( 605): vendor.media.ffmpegextractor.ESLen265Check : 50
06-04 17:00:54.698 I/AmFFmpegByteIOAdapter( 605): File size : 58217952
06-04 17:00:54.698 I/AmFFmpegExtractor( 605): AmFFmpegExtractor mInputFormat name {avi [(null)]}
06-04 17:00:54.753 I/AmFFmpegExtractor( 605): ///////////////start dump format
06-04 17:00:54.754 I/AmFFmpegExtractor( 605): [init 3386] video/avi
06-04 17:00:54.754 I/AmFFmpegExtractor( 605): isMusic major_brand:null
06-04 17:00:54.754 I/AmFFmpegExtractor( 605): Stream 0(0) [video/mp4v-es][codecid:0xc(0xc)] found.
06-04 17:00:54.754 I/AmFFmpegExtractor( 605): isDIVX : unsupported tag: DX50.
06-04 17:00:54.754 I/AmFFmpegExtractor( 605): Stream 1(1) [audio/mpeg][codecid:0x15001(0x15001)] found.
06-04 17:00:54.754 I/AmFFmpegExtractor( 605): [AmFFmpegSource 717]startTimeUs:0, seekable:1
06-04 17:00:54.754 I/AmFFmpegExtractor( 605): [init 753](0xee340550)
06-04 17:00:54.754 E/AmFFmpegExtractor( 605): mAudioMuxRead 0
06-04 17:00:54.755 I/AmFFmpegExtractor( 605): init kKeyDuration = 214480933
06-04 17:00:54.755 I/AmFFmpegExtractor( 605): av_find_input_format is avi
06-04 17:00:54.755 I/AmFFmpegExtractor( 605): audio:demux: fmt = 8
06-04 17:00:54.755 I/AmFFmpegExtractor( 605): audio:demux: channels = 2
06-04 17:00:54.755 I/AmFFmpegExtractor( 605): audio:demux: sample_rate = 48000
06-04 17:00:54.755 I/AmFFmpegExtractor( 605): audio:demux: bit_rate = 160000
06-04 17:00:54.755 I/AmFFmpegExtractor( 605): audio:demux: codec_id = 86017
06-04 17:00:54.755 I/AmFFmpegExtractor( 605): audio:demux: stream startTimeUs = 0
06-04 17:00:54.755 I/AmFFmpegExtractor( 605): audio:demux: block_align = 1
06-04 17:00:54.755 E/AmFFmpegExtractor( 605): kKeyMediaLanguage audio lang null
06-04 17:00:54.755 I/AmFFmpegExtractor( 605): Mime:audio/mpeg
06-04 17:00:54.755 I/StreamFormatter( 605): Creating formatter for codec id : 86017 extradata size : 12
06-04 17:00:54.755 I/AmFFmpegExtractor( 605): [init 3565] mIsDolbyVison:0, i:1
06-04 17:00:54.755 I/AmFFmpegExtractor( 605): Not use Thread, by reason of has no activity audio or video.
06-04 17:00:54.758 I/AmFFmpegExtractor( 605): [~AmFFmpegSource 732]
06-04 17:00:54.759 I/AmFFmpegExtractor( 605): [~AmFFmpegExtractor 2720]
06-04 17:00:54.759 I/AmFFmpegExtractor( 605): [~AmFFmpegExtractor 2723]
06-04 17:00:54.759 W/RefBase ( 605): RefBase: Explicit destruction, weak count = 0 (in 0xea100894). Use sp<> to manage this object.
06-04 17:00:54.759 W/RefBase ( 605): CallStack::getCurrentInternal not linked, returning null
06-04 17:00:54.759 W/RefBase ( 605): CallStack::logStackInternal not linked
06-04 17:00:54.761 E/MetadataRetrieverClient( 608): unable to dlopen metadata_retriever extension: dlopen failed: library "libmetadataretriever_ext.so" not found
06-04 17:00:54.766 I/AmFFmpegExtractor( 605): fast startup in ffmpegextractor for avi stream.
06-04 17:00:54.766 I/AmFFmpegExtractor( 605): is in white list : 1
06-04 17:00:54.766 I/AmFFmpegExtractor( 605): SniffAmFFmpeg ok, confidence = 0.800000
06-04 17:00:54.788 W/AString ( 605): ctor got NULL, using empty string instead
06-04 17:00:54.788 I/AmFFmpegExtractor( 605):
06-04 17:00:54.788 I/AmFFmpegExtractor( 605): -----------AmFFmpegExtractor Info---------
06-04 17:00:54.788 I/AmFFmpegExtractor( 605):
06-04 17:00:54.788 I/AmFFmpegExtractor( 605): MM-module-name:Extractor,Version:5.1.7-g0c7d1d4(build:6351)
06-04 17:00:54.788 I/AmFFmpegExtractor( 605):
06-04 17:00:54.788 I/AmFFmpegExtractor( 605): ARCH = arm
06-04 17:00:54.788 I/AmFFmpegExtractor( 605): Author: multi-media team
06-04 17:00:54.788 I/AmFFmpegExtractor( 605): Branch name: * (HEAD detached at 0c7d1d4)
06-04 17:00:54.788 I/AmFFmpegExtractor( 605): Last Commit Info:
06-04 17:00:54.788 I/AmFFmpegExtractor( 605): commit 0c7d1d450b4d7ecd11fc2ddd21a6e67e11d0b24d
06-04 17:00:54.788 I/AmFFmpegExtractor( 605): Author: wang.ren
06-04 17:00:54.788 I/AmFFmpegExtractor( 605): Date: Mon Nov 18 08:39:16 2024 +0000
06-04 17:00:54.788 I/AmFFmpegExtractor( 605): AmFFmpegExtractor: CB2 invalid nal length when parse nal data [1/1]
06-04 17:00:54.788 I/AmFFmpegExtractor( 605): PD#SWPL-190774
06-04 17:00:54.788 I/AmFFmpegExtractor( 605): Change-Id: I639741fa67a5b027e7d8eaa1b588f753d2326e47
06-04 17:00:54.788 I/AmFFmpegExtractor( 605): Uncommitted-file-num:1
06-04 17:00:54.788 I/AmFFmpegExtractor( 605): Build-time: Thu Nov 28 13:44:43 CST 2024
06-04 17:00:54.788 I/AmFFmpegExtractor( 605): Build-name: drm.autobuild
06-04 17:00:54.788 I/AmFFmpegExtractor( 605): -----------------------------------------
06-04 17:00:54.788 I/AmFFmpegExtractor( 605): media.ffmpegextractor.loglevel 16
06-04 17:00:54.788 I/AmFFmpegExtractor( 605): vendor.media.ffmpegextractor.ESLen264Check : 10
06-04 17:00:54.788 I/AmFFmpegExtractor( 605): vendor.media.ffmpegextractor.ESLen265Check : 50
06-04 17:00:54.788 I/AmFFmpegByteIOAdapter( 605): File size : 35690914
06-04 17:00:54.789 I/AmFFmpegExtractor( 605): AmFFmpegExtractor mInputFormat name {avi [(null)]}
06-04 17:00:54.829 I/AmFFmpegExtractor( 605): ///////////////start dump format
06-04 17:00:54.829 I/AmFFmpegExtractor( 605): [init 3386] video/avi
06-04 17:00:54.830 I/AmFFmpegExtractor( 605): isMusic major_brand:null
06-04 17:00:54.830 I/AmFFmpegExtractor( 605): Stream 0(0) [video/3gpp][codecid:0x4(0x4)] found.
06-04 17:00:54.830 I/AmFFmpegExtractor( 605): [AmFFmpegSource 717]startTimeUs:0, seekable:1
06-04 17:00:54.830 I/AmFFmpegExtractor( 605): [init 753](0xee340550)
06-04 17:00:54.830 E/AmFFmpegExtractor( 605): mAudioMuxRead 0
06-04 17:00:54.830 I/AmFFmpegExtractor( 605): init kKeyDuration = 200033333
06-04 17:00:54.830 I/AmFFmpegExtractor( 605): av_find_input_format is avi
06-04 17:00:54.830 I/AmFFmpegExtractor( 605): VIDEO stream startTimeUs = 0
06-04 17:00:54.830 I/AmFFmpegExtractor( 605): video:demux: extradata_size = 0
06-04 17:00:54.830 I/AmFFmpegExtractor( 605): video:demux: has b-frame = 0
06-04 17:00:54.830 I/AmFFmpegExtractor( 605): video:demux: width = 704, height = 576
06-04 17:00:54.830 I/AmFFmpegExtractor( 605): SAR [12:11]
06-04 17:00:54.830 E/AmFFmpegExtractor( 605): demux: frame_number = 6001
06-04 17:00:54.830 I/AmFFmpegExtractor( 605): init kKeyFrameRate = 30(30.000000)
06-04 17:00:54.830 I/AmFFmpegExtractor( 605): set frame-rate 30 rationalFramerate num 30 den 1
06-04 17:00:54.830 I/AmFFmpegExtractor( 605): mIsDolbyVison :0, mCreate_two_tracks_dv:0, codec_id: 4(AVC:27,HEVC:173), DvCFG:0(0), TAG:h263
06-04 17:00:54.830 I/AmFFmpegExtractor( 605): Mime:video/3gpp
06-04 17:00:54.830 I/StreamFormatter( 605): Creating formatter for codec id : 4 extradata size : 0
06-04 17:00:54.830 I/AmFFmpegExtractor( 605): [init 3565] mIsDolbyVison:0, i:0
06-04 17:00:54.830 I/AmFFmpegExtractor( 605): Stream 1(1) [audio/mpeg][codecid:0x15001(0x15001)] found.
06-04 17:00:54.830 I/AmFFmpegExtractor( 605): [AmFFmpegSource 717]startTimeUs:0, seekable:1
06-04 17:00:54.830 I/AmFFmpegExtractor( 605): [init 753](0xee341510)
06-04 17:00:54.830 E/AmFFmpegExtractor( 605): mAudioMuxRead 0
06-04 17:00:54.830 I/AmFFmpegExtractor( 605): init kKeyDuration = 200033333
06-04 17:00:54.830 I/AmFFmpegExtractor( 605): av_find_input_format is avi
06-04 17:00:54.830 I/AmFFmpegExtractor( 605): audio:demux: fmt = 8
06-04 17:00:54.830 I/AmFFmpegExtractor( 605): audio:demux: channels = 2
06-04 17:00:54.830 I/AmFFmpegExtractor( 605): audio:demux: sample_rate = 44100
06-04 17:00:54.830 I/AmFFmpegExtractor( 605): audio:demux: bit_rate = 128000
06-04 17:00:54.830 I/AmFFmpegExtractor( 605): audio:demux: codec_id = 86017
06-04 17:00:54.830 I/AmFFmpegExtractor( 605): audio:demux: stream startTimeUs = 0
06-04 17:00:54.830 I/AmFFmpegExtractor( 605): audio:demux: block_align = 1
06-04 17:00:54.831 E/AmFFmpegExtractor( 605): kKeyMediaLanguage audio lang null
06-04 17:00:54.831 I/AmFFmpegExtractor( 605): Mime:audio/mpeg
06-04 17:00:54.831 I/StreamFormatter( 605): Creating formatter for codec id : 86017 extradata size : 12
06-04 17:00:54.831 I/AmFFmpegExtractor( 605): [init 3565] mIsDolbyVison:0, i:1
06-04 17:00:54.831 I/AmFFmpegExtractor( 605): pthread_create OK pid:-426208832
06-04 17:00:54.831 I/AmFFmpegExtractor( 605): feedMore_task in
06-04 17:00:54.832 I/AmAVUtils( 608): set default max-input-size to 1887436
06-04 17:00:54.837 I/AmFFmpegExtractor( 605): feedMore_task out toBeExit:1 , err:0
06-04 17:00:54.837 I/AmFFmpegExtractor( 605): [~AmFFmpegExtractor 2707] feedMore task has exited.
06-04 17:00:54.837 I/AmFFmpegExtractor( 605): [~AmFFmpegSource 732]
06-04 17:00:54.837 I/AmFFmpegExtractor( 605): [~AmFFmpegSource 732]
06-04 17:00:54.837 I/AmFFmpegExtractor( 605): [~AmFFmpegExtractor 2720]
06-04 17:00:54.837 I/AmFFmpegExtractor( 605): [~AmFFmpegExtractor 2723]
06-04 17:00:54.837 W/RefBase ( 605): RefBase: Explicit destruction, weak count = 0 (in 0xea100ef4). Use sp<> to manage this object.
06-04 17:00:54.837 W/RefBase ( 605): CallStack::getCurrentInternal not linked, returning null
06-04 17:00:54.837 W/RefBase ( 605): CallStack::logStackInternal not linked
06-04 17:00:54.840 E/MetadataRetrieverClient( 608): unable to dlopen metadata_retriever extension: dlopen failed: library "libmetadataretriever_ext.so" not found
06-04 17:00:54.845 I/AmFFmpegExtractor( 605): fast startup in ffmpegextractor for avi stream.
06-04 17:00:54.845 I/AmFFmpegExtractor( 605): is in white list : 1
06-04 17:00:54.845 I/AmFFmpegExtractor( 605): SniffAmFFmpeg ok, confidence = 0.800000
06-04 17:00:54.847 W/AString ( 605): ctor got NULL, using empty string instead
06-04 17:00:54.847 I/AmFFmpegExtractor( 605):
06-04 17:00:54.847 I/AmFFmpegExtractor( 605): -----------AmFFmpegExtractor Info---------
06-04 17:00:54.847 I/AmFFmpegExtractor( 605):
06-04 17:00:54.847 I/AmFFmpegExtractor( 605): MM-module-name:Extractor,Version:5.1.7-g0c7d1d4(build:6351)
06-04 17:00:54.847 I/AmFFmpegExtractor( 605):
06-04 17:00:54.847 I/AmFFmpegExtractor( 605): ARCH = arm
06-04 17:00:54.847 I/AmFFmpegExtractor( 605): Author: multi-media team
06-04 17:00:54.847 I/AmFFmpegExtractor( 605): Branch name: * (HEAD detached at 0c7d1d4)
06-04 17:00:54.847 I/AmFFmpegExtractor( 605): Last Commit Info:
06-04 17:00:54.847 I/AmFFmpegExtractor( 605): commit 0c7d1d450b4d7ecd11fc2ddd21a6e67e11d0b24d
06-04 17:00:54.847 I/AmFFmpegExtractor( 605): Author: wang.ren
06-04 17:00:54.847 I/AmFFmpegExtractor( 605): Date: Mon Nov 18 08:39:16 2024 +0000
06-04 17:00:54.847 I/AmFFmpegExtractor( 605): AmFFmpegExtractor: CB2 invalid nal length when parse nal data [1/1]
06-04 17:00:54.847 I/AmFFmpegExtractor( 605): PD#SWPL-190774
06-04 17:00:54.847 I/AmFFmpegExtractor( 605): Change-Id: I639741fa67a5b027e7d8eaa1b588f753d2326e47
06-04 17:00:54.847 I/AmFFmpegExtractor( 605): Uncommitted-file-num:1
06-04 17:00:54.847 I/AmFFmpegExtractor( 605): Build-time: Thu Nov 28 13:44:43 CST 2024
06-04 17:00:54.847 I/AmFFmpegExtractor( 605): Build-name: drm.autobuild
06-04 17:00:54.847 I/AmFFmpegExtractor( 605): -----------------------------------------
06-04 17:00:54.847 I/AmFFmpegExtractor( 605): media.ffmpegextractor.loglevel 16
06-04 17:00:54.847 I/AmFFmpegExtractor( 605): vendor.media.ffmpegextractor.ESLen264Check : 10
06-04 17:00:54.847 I/AmFFmpegExtractor( 605): vendor.media.ffmpegextractor.ESLen265Check : 50
06-04 17:00:54.848 I/AmFFmpegByteIOAdapter( 605): File size : 18108192
06-04 17:00:54.849 I/AmFFmpegExtractor( 605): AmFFmpegExtractor mInputFormat name {avi [(null)]}
06-04 17:00:54.896 I/AmFFmpegExtractor( 605): ///////////////start dump format
06-04 17:00:54.896 I/AmFFmpegExtractor( 605): [init 3386] video/avi
06-04 17:00:54.896 I/AmFFmpegExtractor( 605): isMusic major_brand:null
06-04 17:00:54.896 I/AmFFmpegExtractor( 605): Stream 0(0) [video/mp4v-es][codecid:0xc(0xc)] found.
06-04 17:00:54.896 I/AmFFmpegExtractor( 605): isDIVX : unsupported tag: DX50.
06-04 17:00:54.896 I/AmFFmpegExtractor( 605): Stream 1(1) [audio/mpeg][codecid:0x15001(0x15001)] found.
06-04 17:00:54.896 I/AmFFmpegExtractor( 605): [AmFFmpegSource 717]startTimeUs:0, seekable:1
06-04 17:00:54.896 I/AmFFmpegExtractor( 605): [init 753](0xee340550)
06-04 17:00:54.896 E/AmFFmpegExtractor( 605): mAudioMuxRead 0
06-04 17:00:54.897 I/AmFFmpegExtractor( 605): init kKeyDuration = 201743047
06-04 17:00:54.897 I/AmFFmpegExtractor( 605): av_find_input_format is avi
06-04 17:00:54.897 I/AmFFmpegExtractor( 605): audio:demux: fmt = 8
06-04 17:00:54.897 I/AmFFmpegExtractor( 605): audio:demux: channels = 2
06-04 17:00:54.897 I/AmFFmpegExtractor( 605): audio:demux: sample_rate = 48000
06-04 17:00:54.897 I/AmFFmpegExtractor( 605): audio:demux: bit_rate = 112000
06-04 17:00:54.897 I/AmFFmpegExtractor( 605): audio:demux: codec_id = 86017
06-04 17:00:54.897 I/AmFFmpegExtractor( 605): audio:demux: stream startTimeUs = 0
06-04 17:00:54.897 I/AmFFmpegExtractor( 605): audio:demux: block_align = 1
06-04 17:00:54.897 E/AmFFmpegExtractor( 605): kKeyMediaLanguage audio lang null
06-04 17:00:54.897 I/AmFFmpegExtractor( 605): Mime:audio/mpeg
06-04 17:00:54.897 I/StreamFormatter( 605): Creating formatter for codec id : 86017 extradata size : 12
06-04 17:00:54.897 I/AmFFmpegExtractor( 605): [init 3565] mIsDolbyVison:0, i:1
06-04 17:00:54.897 I/AmFFmpegExtractor( 605): Not use Thread, by reason of has no activity audio or video.
06-04 17:00:54.902 I/AmFFmpegExtractor( 605): [~AmFFmpegSource 732]
06-04 17:00:54.902 I/AmFFmpegExtractor( 605): [~AmFFmpegExtractor 2720]
06-04 17:00:54.903 I/AmFFmpegExtractor( 605): [~AmFFmpegExtractor 2723]
06-04 17:00:54.903 W/RefBase ( 605): RefBase: Explicit destruction, weak count = 0 (in 0xea100454). Use sp<> to manage this object.
06-04 17:00:54.903 W/RefBase ( 605): CallStack::getCurrentInternal not linked, returning null
06-04 17:00:54.903 W/RefBase ( 605): CallStack::logStackInternal not linked
06-04 17:00:54.905 E/MetadataRetrieverClient( 608): unable to dlopen metadata_retriever extension: dlopen failed: library "libmetadataretriever_ext.so" not found
06-04 17:00:54.909 I/AmFFmpegExtractor( 605): fast startup in ffmpegextractor for avi stream.
06-04 17:00:54.909 I/AmFFmpegExtractor( 605): is in white list : 1
06-04 17:00:54.909 I/AmFFmpegExtractor( 605): SniffAmFFmpeg ok, confidence = 0.800000
06-04 17:00:54.923 W/AString ( 605): ctor got NULL, using empty string instead
06-04 17:00:54.923 I/AmFFmpegExtractor( 605):
06-04 17:00:54.923 I/AmFFmpegExtractor( 605): -----------AmFFmpegExtractor Info---------
06-04 17:00:54.923 I/AmFFmpegExtractor( 605):
06-04 17:00:54.923 I/AmFFmpegExtractor( 605): MM-module-name:Extractor,Version:5.1.7-g0c7d1d4(build:6351)
06-04 17:00:54.923 I/AmFFmpegExtractor( 605):
06-04 17:00:54.923 I/AmFFmpegExtractor( 605): ARCH = arm
06-04 17:00:54.923 I/AmFFmpegExtractor( 605): Author: multi-media team
06-04 17:00:54.923 I/AmFFmpegExtractor( 605): Branch name: * (HEAD detached at 0c7d1d4)
06-04 17:00:54.923 I/AmFFmpegExtractor( 605): Last Commit Info:
06-04 17:00:54.923 I/AmFFmpegExtractor( 605): commit 0c7d1d450b4d7ecd11fc2ddd21a6e67e11d0b24d
06-04 17:00:54.923 I/AmFFmpegExtractor( 605): Author: wang.ren
06-04 17:00:54.923 I/AmFFmpegExtractor( 605): Date: Mon Nov 18 08:39:16 2024 +0000
06-04 17:00:54.923 I/AmFFmpegExtractor( 605): AmFFmpegExtractor: CB2 invalid nal length when parse nal data [1/1]
06-04 17:00:54.923 I/AmFFmpegExtractor( 605): PD#SWPL-190774
06-04 17:00:54.923 I/AmFFmpegExtractor( 605): Change-Id: I639741fa67a5b027e7d8eaa1b588f753d2326e47
06-04 17:00:54.923 I/AmFFmpegExtractor( 605): Uncommitted-file-num:1
06-04 17:00:54.923 I/AmFFmpegExtractor( 605): Build-time: Thu Nov 28 13:44:43 CST 2024
06-04 17:00:54.923 I/AmFFmpegExtractor( 605): Build-name: drm.autobuild
06-04 17:00:54.923 I/AmFFmpegExtractor( 605): -----------------------------------------
06-04 17:00:54.924 I/AmFFmpegExtractor( 605): media.ffmpegextractor.loglevel 16
06-04 17:00:54.924 I/AmFFmpegExtractor( 605): vendor.media.ffmpegextractor.ESLen264Check : 10
06-04 17:00:54.924 I/AmFFmpegExtractor( 605): vendor.media.ffmpegextractor.ESLen265Check : 50
06-04 17:00:54.924 I/AmFFmpegByteIOAdapter( 605): File size : 733952000
06-04 17:00:54.924 I/AmFFmpegExtractor( 605): AmFFmpegExtractor mInputFormat name {avi [(null)]}
06-04 17:00:55.345 I/AmFFmpegExtractor( 605): ///////////////start dump format
06-04 17:00:55.345 I/AmFFmpegExtractor( 605): [init 3386] video/avi
06-04 17:00:55.345 I/AmFFmpegExtractor( 605): isMusic major_brand:null
06-04 17:00:55.345 I/AmFFmpegExtractor( 605): Stream 0(0) [video/avc][codecid:0x1b(0x1b)] found.
06-04 17:00:55.345 I/AmFFmpegExtractor( 605): [AmFFmpegSource 717]startTimeUs:0, seekable:1
06-04 17:00:55.345 I/AmFFmpegExtractor( 605): [init 753](0xee341510)
06-04 17:00:55.345 E/AmFFmpegExtractor( 605): mAudioMuxRead 0
06-04 17:00:55.345 I/AmFFmpegExtractor( 605): init kKeyDuration = 2546296296
06-04 17:00:55.345 I/AmFFmpegExtractor( 605): av_find_input_format is avi
06-04 17:00:55.345 I/AmFFmpegExtractor( 605): VIDEO stream startTimeUs = 0
06-04 17:00:55.345 I/AmFFmpegExtractor( 605): video:demux: extradata_size = 159
06-04 17:00:55.345 I/AmFFmpegExtractor( 605): video:demux: has b-frame = 1
06-04 17:00:55.345 I/AmFFmpegExtractor( 605): video:demux: width = 800, height = 432
06-04 17:00:55.345 E/AmFFmpegExtractor( 605): demux: frame_number = 61050
06-04 17:00:55.345 I/AmFFmpegExtractor( 605): init kKeyFrameRate = 24(23.969999)
06-04 17:00:55.345 I/AmFFmpegExtractor( 605): set frame-rate 24 rationalFramerate num 2997 den 125
06-04 17:00:55.346 I/AmFFmpegExtractor( 605): av_find_input_format avi set UNSTABLE_PTS
06-04 17:00:55.346 I/AmFFmpegExtractor( 605): mIsDolbyVison :0, mCreate_two_tracks_dv:0, codec_id: 27(AVC:27,HEVC:173), DvCFG:0(0), TAG:H264
06-04 17:00:55.346 I/AmFFmpegExtractor( 605): Mime:video/avc
06-04 17:00:55.346 I/StreamFormatter( 605): Creating formatter for codec id : 27 extradata size : 159
06-04 17:00:55.346 I/AmFFmpegExtractor( 605): [init 3565] mIsDolbyVison:0, i:0
06-04 17:00:55.346 I/AmFFmpegExtractor( 605): Stream 1(1) [audio/ac3][codecid:0x15003(0x15003)] found.
06-04 17:00:55.346 I/AmFFmpegExtractor( 605): [AmFFmpegSource 717]startTimeUs:0, seekable:1
06-04 17:00:55.346 I/AmFFmpegExtractor( 605): [init 753](0xee340550)
06-04 17:00:55.346 E/AmFFmpegExtractor( 605): mAudioMuxRead 0
06-04 17:00:55.346 I/AmFFmpegExtractor( 605): init kKeyDuration = 2546296296
06-04 17:00:55.346 I/AmFFmpegExtractor( 605): av_find_input_format is avi
06-04 17:00:55.346 I/AmFFmpegExtractor( 605): audio:demux: fmt = -1
06-04 17:00:55.346 I/AmFFmpegExtractor( 605): audio:demux: channels = 6
06-04 17:00:55.346 I/AmFFmpegExtractor( 605): audio:demux: sample_rate = 48000
06-04 17:00:55.346 I/AmFFmpegExtractor( 605): audio:demux: bit_rate = 384000
06-04 17:00:55.346 I/AmFFmpegExtractor( 605): audio:demux: codec_id = 86019
06-04 17:00:55.346 I/AmFFmpegExtractor( 605): audio:demux: stream startTimeUs = 0
06-04 17:00:55.346 I/AmFFmpegExtractor( 605): audio:demux: block_align = 1
06-04 17:00:55.346 E/AmFFmpegExtractor( 605): kKeyMediaLanguage audio lang null
06-04 17:00:55.346 I/AmFFmpegExtractor( 605): Mime:audio/ac3
06-04 17:00:55.346 I/StreamFormatter( 605): Creating formatter for codec id : 86019 extradata size : 0
06-04 17:00:55.346 I/AmFFmpegExtractor( 605): [init 3565] mIsDolbyVison:0, i:1
06-04 17:00:55.347 I/AmFFmpegExtractor( 605): pthread_create OK pid:-432479808
06-04 17:00:55.347 I/AmFFmpegExtractor( 605): feedMore_task in
06-04 17:00:55.349 I/AmAVUtils( 608): set default max-input-size to 1887436
06-04 17:00:55.352 I/AmFFmpegExtractor( 605): feedMore_task out toBeExit:1 , err:0
06-04 17:00:55.353 I/AmFFmpegExtractor( 605): [~AmFFmpegExtractor 2707] feedMore task has exited.
06-04 17:00:55.353 I/AmFFmpegExtractor( 605): [~AmFFmpegSource 732]
06-04 17:00:55.353 I/AmFFmpegExtractor( 605): [~AmFFmpegSource 732]
06-04 17:00:55.355 I/AmFFmpegExtractor( 605): [~AmFFmpegExtractor 2720]
06-04 17:00:55.355 I/AmFFmpegExtractor( 605): [~AmFFmpegExtractor 2723]
06-04 17:00:55.355 W/RefBase ( 605): RefBase: Explicit destruction, weak count = 0 (in 0xea104eb4). Use sp<> to manage this object.
06-04 17:00:55.355 W/RefBase ( 605): CallStack::getCurrentInternal not linked, returning null
06-04 17:00:55.355 W/RefBase ( 605): CallStack::logStackInternal not linked
06-04 17:00:55.355 E/MetadataRetrieverClient( 608): unable to dlopen metadata_retriever extension: dlopen failed: library "libmetadataretriever_ext.so" not found
06-04 17:00:55.359 I/AmFFmpegExtractor( 605): fast startup in ffmpegextractor for avi stream.
06-04 17:00:55.359 I/AmFFmpegExtractor( 605): is in white list : 1
06-04 17:00:55.359 I/AmFFmpegExtractor( 605): SniffAmFFmpeg ok, confidence = 0.800000
06-04 17:00:55.376 W/AString ( 605): ctor got NULL, using empty string instead
06-04 17:00:55.376 I/AmFFmpegExtractor( 605):
06-04 17:00:55.376 I/AmFFmpegExtractor( 605): -----------AmFFmpegExtractor Info---------
06-04 17:00:55.376 I/AmFFmpegExtractor( 605):
06-04 17:00:55.376 I/AmFFmpegExtractor( 605): MM-module-name:Extractor,Version:5.1.7-g0c7d1d4(build:6351)
06-04 17:00:55.376 I/AmFFmpegExtractor( 605):
06-04 17:00:55.376 I/AmFFmpegExtractor( 605): ARCH = arm
06-04 17:00:55.376 I/AmFFmpegExtractor( 605): Author: multi-media team
06-04 17:00:55.376 I/AmFFmpegExtractor( 605): Branch name: * (HEAD detached at 0c7d1d4)
06-04 17:00:55.376 I/AmFFmpegExtractor( 605): Last Commit Info:
06-04 17:00:55.376 I/AmFFmpegExtractor( 605): commit 0c7d1d450b4d7ecd11fc2ddd21a6e67e11d0b24d
06-04 17:00:55.376 I/AmFFmpegExtractor( 605): Author: wang.ren
06-04 17:00:55.376 I/AmFFmpegExtractor( 605): Date: Mon Nov 18 08:39:16 2024 +0000
06-04 17:00:55.376 I/AmFFmpegExtractor( 605): AmFFmpegExtractor: CB2 invalid nal length when parse nal data [1/1]
06-04 17:00:55.376 I/AmFFmpegExtractor( 605): PD#SWPL-190774
06-04 17:00:55.376 I/AmFFmpegExtractor( 605): Change-Id: I639741fa67a5b027e7d8eaa1b588f753d2326e47
06-04 17:00:55.376 I/AmFFmpegExtractor( 605): Uncommitted-file-num:1
06-04 17:00:55.376 I/AmFFmpegExtractor( 605): Build-time: Thu Nov 28 13:44:43 CST 2024
06-04 17:00:55.376 I/AmFFmpegExtractor( 605): Build-name: drm.autobuild
06-04 17:00:55.376 I/AmFFmpegExtractor( 605): -----------------------------------------
06-04 17:00:55.376 I/AmFFmpegExtractor( 605): media.ffmpegextractor.loglevel 16
06-04 17:00:55.376 I/AmFFmpegExtractor( 605): vendor.media.ffmpegextractor.ESLen264Check : 10
06-04 17:00:55.376 I/AmFFmpegExtractor( 605): vendor.media.ffmpegextractor.ESLen265Check : 50
06-04 17:00:55.376 I/AmFFmpegByteIOAdapter( 605): File size : 54275938
06-04 17:00:55.377 I/AmFFmpegExtractor( 605): AmFFmpegExtractor mInputFormat name {avi [(null)]}
06-04 17:00:55.407 I/AmFFmpegExtractor( 605): ///////////////start dump format
06-04 17:00:55.408 I/AmFFmpegExtractor( 605): [init 3386] video/avi
06-04 17:00:55.408 I/AmFFmpegExtractor( 605): isMusic major_brand:null
06-04 17:00:55.408 I/AmFFmpegExtractor( 605): Stream 0(0) [video/mp4v-es][codecid:0xc(0xc)] found.
06-04 17:00:55.408 I/AmFFmpegExtractor( 605): [AmFFmpegSource 717]startTimeUs:0, seekable:1
06-04 17:00:55.408 I/AmFFmpegExtractor( 605): [init 753](0xee3413c0)
06-04 17:00:55.408 E/AmFFmpegExtractor( 605): mAudioMuxRead 0
06-04 17:00:55.408 I/AmFFmpegExtractor( 605): init kKeyDuration = 181040000
06-04 17:00:55.408 I/AmFFmpegExtractor( 605): av_find_input_format is avi
06-04 17:00:55.408 I/AmFFmpegExtractor( 605): VIDEO stream startTimeUs = 0
06-04 17:00:55.408 I/AmFFmpegExtractor( 605): video:demux: extradata_size = 41
06-04 17:00:55.408 I/AmFFmpegExtractor( 605): video:demux: has b-frame = 0
06-04 17:00:55.408 I/AmFFmpegExtractor( 605): video:demux: width = 320, height = 240
06-04 17:00:55.408 I/AmFFmpegExtractor( 605): SAR [1:1]
06-04 17:00:55.408 E/AmFFmpegExtractor( 605): demux: frame_number = 4526
06-04 17:00:55.408 I/AmFFmpegExtractor( 605): init kKeyFrameRate = 25(25.000000)
06-04 17:00:55.408 I/AmFFmpegExtractor( 605): set frame-rate 25 rationalFramerate num 25 den 1
06-04 17:00:55.408 I/AmFFmpegExtractor( 605): av_find_input_format avi mpeg4 has no B frames, not set UNSTABLE_PTS
06-04 17:00:55.408 I/AmFFmpegExtractor( 605): mIsDolbyVison :0, mCreate_two_tracks_dv:0, codec_id: 12(AVC:27,HEVC:173), DvCFG:0(0), TAG:xvid
06-04 17:00:55.408 I/AmFFmpegExtractor( 605): Mime:video/mp4v-es
06-04 17:00:55.408 I/StreamFormatter( 605): Creating formatter for codec id : 12 extradata size : 41
06-04 17:00:55.409 I/AmFFmpegExtractor( 605): [init 3565] mIsDolbyVison:0, i:0
06-04 17:00:55.409 I/AmFFmpegExtractor( 605): Stream 1(1) [audio/ffmpeg][codecid:0x15000(0x15000)] found.
06-04 17:00:55.409 I/AmFFmpegExtractor( 605): [AmFFmpegSource 717]startTimeUs:0, seekable:1
06-04 17:00:55.409 I/AmFFmpegExtractor( 605): [init 753](0xee341ba0)
06-04 17:00:55.409 E/AmFFmpegExtractor( 605): mAudioMuxRead 0
06-04 17:00:55.409 I/AmFFmpegExtractor( 605): init kKeyDuration = 181040000
06-04 17:00:55.409 I/AmFFmpegExtractor( 605): av_find_input_format is avi
06-04 17:00:55.409 I/AmFFmpegExtractor( 605): audio:demux: fmt = 6
06-04 17:00:55.409 I/AmFFmpegExtractor( 605): audio:demux: channels = 2
06-04 17:00:55.409 I/AmFFmpegExtractor( 605): audio:demux: sample_rate = 24000
06-04 17:00:55.409 I/AmFFmpegExtractor( 605): audio:demux: bit_rate = 64000
06-04 17:00:55.409 I/AmFFmpegExtractor( 605): audio:demux: codec_id = 86016
06-04 17:00:55.409 I/AmFFmpegExtractor( 605): audio:demux: stream startTimeUs = 0
06-04 17:00:55.409 I/AmFFmpegExtractor( 605): audio:demux: block_align = 1152
06-04 17:00:55.409 E/AmFFmpegExtractor( 605): kKeyMediaLanguage audio lang null
06-04 17:00:55.409 I/AmFFmpegExtractor( 605): Mime:audio/ffmpeg
06-04 17:00:55.409 I/StreamFormatter( 605): Creating formatter for codec id : 86016 extradata size : 22
06-04 17:00:55.409 I/AmFFmpegExtractor( 605): [init 3565] mIsDolbyVison:0, i:1
06-04 17:00:55.409 I/AmFFmpegExtractor( 605): pthread_create OK pid:-432479808
06-04 17:00:55.409 I/AmFFmpegExtractor( 605): feedMore_task in
06-04 17:00:55.411 I/AmAVUtils( 608): set default max-input-size to 1887436
06-04 17:00:55.414 I/AmFFmpegExtractor( 605): feedMore_task out toBeExit:1 , err:0
06-04 17:00:55.414 I/AmFFmpegExtractor( 605): [~AmFFmpegExtractor 2707] feedMore task has exited.
06-04 17:00:55.414 I/AmFFmpegExtractor( 605): [~AmFFmpegSource 732]
06-04 17:00:55.414 I/AmFFmpegExtractor( 605): [~AmFFmpegSource 732]
06-04 17:00:55.415 I/AmFFmpegExtractor( 605): [~AmFFmpegExtractor 2720]
06-04 17:00:55.415 I/AmFFmpegExtractor( 605): [~AmFFmpegExtractor 2723]
06-04 17:00:55.415 W/RefBase ( 605): RefBase: Explicit destruction, weak count = 0 (in 0xea100234). Use sp<> to manage this object.
06-04 17:00:55.415 W/RefBase ( 605): CallStack::getCurrentInternal not linked, returning null
06-04 17:00:55.415 W/RefBase ( 605): CallStack::logStackInternal not linked
06-04 17:00:55.418 E/MetadataRetrieverClient( 608): unable to dlopen metadata_retriever extension: dlopen failed: library "libmetadataretriever_ext.so" not found
06-04 17:00:55.422 I/AmFFmpegExtractor( 605): fast startup in ffmpegextractor for avi stream.
06-04 17:00:55.422 I/AmFFmpegExtractor( 605): is in white list : 1
06-04 17:00:55.422 I/AmFFmpegExtractor( 605): SniffAmFFmpeg ok, confidence = 0.800000
06-04 17:00:55.423 W/AString ( 605): ctor got NULL, using empty string instead
06-04 17:00:55.424 I/AmFFmpegExtractor( 605):
06-04 17:00:55.424 I/AmFFmpegExtractor( 605): -----------AmFFmpegExtractor Info---------
06-04 17:00:55.424 I/AmFFmpegExtractor( 605):
06-04 17:00:55.424 I/AmFFmpegExtractor( 605): MM-module-name:Extractor,Version:5.1.7-g0c7d1d4(build:6351)
06-04 17:00:55.424 I/AmFFmpegExtractor( 605):
06-04 17:00:55.424 I/AmFFmpegExtractor( 605): ARCH = arm
06-04 17:00:55.424 I/AmFFmpegExtractor( 605): Author: multi-media team
06-04 17:00:55.424 I/AmFFmpegExtractor( 605): Branch name: * (HEAD detached at 0c7d1d4)
06-04 17:00:55.424 I/AmFFmpegExtractor( 605): Last Commit Info:
06-04 17:00:55.424 I/AmFFmpegExtractor( 605): commit 0c7d1d450b4d7ecd11fc2ddd21a6e67e11d0b24d
06-04 17:00:55.424 I/AmFFmpegExtractor( 605): Author: wang.ren
06-04 17:00:55.424 I/AmFFmpegExtractor( 605): Date: Mon Nov 18 08:39:16 2024 +0000
06-04 17:00:55.424 I/AmFFmpegExtractor( 605): AmFFmpegExtractor: CB2 invalid nal length when parse nal data [1/1]
06-04 17:00:55.424 I/AmFFmpegExtractor( 605): PD#SWPL-190774
06-04 17:00:55.424 I/AmFFmpegExtractor( 605): Change-Id: I639741fa67a5b027e7d8eaa1b588f753d2326e47
06-04 17:00:55.424 I/AmFFmpegExtractor( 605): Uncommitted-file-num:1
06-04 17:00:55.424 I/AmFFmpegExtractor( 605): Build-time: Thu Nov 28 13:44:43 CST 2024
06-04 17:00:55.424 I/AmFFmpegExtractor( 605): Build-name: drm.autobuild
06-04 17:00:55.424 I/AmFFmpegExtractor( 605): -----------------------------------------
06-04 17:00:55.424 I/AmFFmpegExtractor( 605): media.ffmpegextractor.loglevel 16
06-04 17:00:55.424 I/AmFFmpegExtractor( 605): vendor.media.ffmpegextractor.ESLen264Check : 10
06-04 17:00:55.424 I/AmFFmpegExtractor( 605): vendor.media.ffmpegextractor.ESLen265Check : 50
06-04 17:00:55.424 I/AmFFmpegByteIOAdapter( 605): File size : 121276416
06-04 17:00:55.425 I/AmFFmpegExtractor( 605): AmFFmpegExtractor mInputFormat name {avi [(null)]}
06-04 17:00:55.499 I/AmFFmpegExtractor( 605): ///////////////start dump format
06-04 17:00:55.499 I/AmFFmpegExtractor( 605): [init 3386] video/avi
06-04 17:00:55.499 I/AmFFmpegExtractor( 605): isMusic major_brand:null
06-04 17:00:55.500 I/AmFFmpegExtractor( 605): Stream 0(0) [video/mp4v-es][codecid:0xc(0xc)] found.
06-04 17:00:55.500 I/AmFFmpegExtractor( 605): [AmFFmpegSource 717]startTimeUs:0, seekable:1
06-04 17:00:55.500 I/AmFFmpegExtractor( 605): [init 753](0xee3413c0)
06-04 17:00:55.500 E/AmFFmpegExtractor( 605): mAudioMuxRead 0
06-04 17:00:55.500 I/AmFFmpegExtractor( 605): init kKeyDuration = 201743047
06-04 17:00:55.500 I/AmFFmpegExtractor( 605): av_find_input_format is avi
06-04 17:00:55.500 I/AmFFmpegExtractor( 605): VIDEO stream startTimeUs = 0
06-04 17:00:55.500 I/AmFFmpegExtractor( 605): video:demux: extradata_size = 59
06-04 17:00:55.500 I/AmFFmpegExtractor( 605): video:demux: has b-frame = 1
06-04 17:00:55.500 I/AmFFmpegExtractor( 605): video:demux: width = 640, height = 360
06-04 17:00:55.500 I/AmFFmpegExtractor( 605): SAR [1:1]
06-04 17:00:55.500 E/AmFFmpegExtractor( 605): demux: frame_number = 4837
06-04 17:00:55.500 I/AmFFmpegExtractor( 605): init kKeyFrameRate = 24(23.969999)
06-04 17:00:55.500 I/AmFFmpegExtractor( 605): set frame-rate 24 rationalFramerate num 10000000 den 417083
06-04 17:00:55.500 I/AmFFmpegExtractor( 605): av_find_input_format avi set UNSTABLE_PTS
06-04 17:00:55.500 I/AmFFmpegExtractor( 605): mIsDolbyVison :0, mCreate_two_tracks_dv:0, codec_id: 12(AVC:27,HEVC:173), DvCFG:0(0), TAG:XVID
06-04 17:00:55.500 I/AmFFmpegExtractor( 605): Mime:video/mp4v-es
06-04 17:00:55.500 I/StreamFormatter( 605): Creating formatter for codec id : 12 extradata size : 59
06-04 17:00:55.500 I/AmFFmpegExtractor( 605): [init 3565] mIsDolbyVison:0, i:0
06-04 17:00:55.500 I/AmFFmpegExtractor( 605): Stream 1(1) [audio/mpeg][codecid:0x15001(0x15001)] found.
06-04 17:00:55.500 I/AmFFmpegExtractor( 605): [AmFFmpegSource 717]startTimeUs:0, seekable:1
06-04 17:00:55.500 I/AmFFmpegExtractor( 605): [init 753](0xee341ba0)
06-04 17:00:55.500 E/AmFFmpegExtractor( 605): mAudioMuxRead 0
06-04 17:00:55.500 I/AmFFmpegExtractor( 605): init kKeyDuration = 201743047
06-04 17:00:55.500 I/AmFFmpegExtractor( 605): av_find_input_format is avi
06-04 17:00:55.500 I/AmFFmpegExtractor( 605): audio:demux: fmt = 8
06-04 17:00:55.500 I/AmFFmpegExtractor( 605): audio:demux: channels = 2
06-04 17:00:55.500 I/AmFFmpegExtractor( 605): audio:demux: sample_rate = 48000
06-04 17:00:55.500 I/AmFFmpegExtractor( 605): audio:demux: bit_rate = 256000
06-04 17:00:55.500 I/AmFFmpegExtractor( 605): audio:demux: codec_id = 86017
06-04 17:00:55.500 I/AmFFmpegExtractor( 605): audio:demux: stream startTimeUs = 0
06-04 17:00:55.500 I/AmFFmpegExtractor( 605): audio:demux: block_align = 1
06-04 17:00:55.500 E/AmFFmpegExtractor( 605): kKeyMediaLanguage audio lang null
06-04 17:00:55.500 I/AmFFmpegExtractor( 605): Mime:audio/mpeg
06-04 17:00:55.501 I/StreamFormatter( 605): Creating formatter for codec id : 86017 extradata size : 12
06-04 17:00:55.501 I/AmFFmpegExtractor( 605): [init 3565] mIsDolbyVison:0, i:1
06-04 17:00:55.501 I/AmFFmpegExtractor( 605): pthread_create OK pid:-428359232
06-04 17:00:55.501 I/AmFFmpegExtractor( 605): feedMore_task in
06-04 17:00:55.503 I/AmAVUtils( 608): set default max-input-size to 1887436
06-04 17:00:55.506 I/AmFFmpegExtractor( 605): feedMore_task out toBeExit:1 , err:0
06-04 17:00:55.506 I/AmFFmpegExtractor( 605): [~AmFFmpegExtractor 2707] feedMore task has exited.
06-04 17:00:55.506 I/AmFFmpegExtractor( 605): [~AmFFmpegSource 732]
06-04 17:00:55.506 I/AmFFmpegExtractor( 605): [~AmFFmpegSource 732]
06-04 17:00:55.506 I/AmFFmpegExtractor( 605): [~AmFFmpegExtractor 2720]
06-04 17:00:55.506 I/AmFFmpegExtractor( 605): [~AmFFmpegExtractor 2723]
06-04 17:00:55.506 W/RefBase ( 605): RefBase: Explicit destruction, weak count = 0 (in 0xea101444). Use sp<> to manage this object.
06-04 17:00:55.506 W/RefBase ( 605): CallStack::getCurrentInternal not linked, returning null
06-04 17:00:55.506 W/RefBase ( 605): CallStack::logStackInternal not linked
06-04 17:00:55.509 E/MetadataRetrieverClient( 608): unable to dlopen metadata_retriever extension: dlopen failed: library "libmetadataretriever_ext.so" not found
06-04 17:00:55.513 I/AmFFmpegExtractor( 605): fast startup in ffmpegextractor for avi stream.
06-04 17:00:55.513 I/AmFFmpegExtractor( 605): is in white list : 1
06-04 17:00:55.513 I/AmFFmpegExtractor( 605): SniffAmFFmpeg ok, confidence = 0.800000
06-04 17:00:55.524 W/AString ( 605): ctor got NULL, using empty string instead
06-04 17:00:55.524 I/AmFFmpegExtractor( 605):
06-04 17:00:55.524 I/AmFFmpegExtractor( 605): -----------AmFFmpegExtractor Info---------
06-04 17:00:55.524 I/AmFFmpegExtractor( 605):
06-04 17:00:55.524 I/AmFFmpegExtractor( 605): MM-module-name:Extractor,Version:5.1.7-g0c7d1d4(build:6351)
06-04 17:00:55.524 I/AmFFmpegExtractor( 605):
06-04 17:00:55.524 I/AmFFmpegExtractor( 605): ARCH = arm
06-04 17:00:55.524 I/AmFFmpegExtractor( 605): Author: multi-media team
06-04 17:00:55.524 I/AmFFmpegExtractor( 605): Branch name: * (HEAD detached at 0c7d1d4)
06-04 17:00:55.524 I/AmFFmpegExtractor( 605): Last Commit Info:
06-04 17:00:55.524 I/AmFFmpegExtractor( 605): commit 0c7d1d450b4d7ecd11fc2ddd21a6e67e11d0b24d
06-04 17:00:55.524 I/AmFFmpegExtractor( 605): Author: wang.ren
06-04 17:00:55.524 I/AmFFmpegExtractor( 605): Date: Mon Nov 18 08:39:16 2024 +0000
06-04 17:00:55.524 I/AmFFmpegExtractor( 605): AmFFmpegExtractor: CB2 invalid nal length when parse nal data [1/1]
06-04 17:00:55.524 I/AmFFmpegExtractor( 605): PD#SWPL-190774
06-04 17:00:55.524 I/AmFFmpegExtractor( 605): Change-Id: I639741fa67a5b027e7d8eaa1b588f753d2326e47
06-04 17:00:55.524 I/AmFFmpegExtractor( 605): Uncommitted-file-num:1
06-04 17:00:55.524 I/AmFFmpegExtractor( 605): Build-time: Thu Nov 28 13:44:43 CST 2024
06-04 17:00:55.524 I/AmFFmpegExtractor( 605): Build-name: drm.autobuild
06-04 17:00:55.524 I/AmFFmpegExtractor( 605): -----------------------------------------
06-04 17:00:55.524 I/AmFFmpegExtractor( 605): media.ffmpegextractor.loglevel 16
06-04 17:00:55.524 I/AmFFmpegExtractor( 605): vendor.media.ffmpegextractor.ESLen264Check : 10
06-04 17:00:55.524 I/AmFFmpegExtractor( 605): vendor.media.ffmpegextractor.ESLen265Check : 50
06-04 17:00:55.524 I/AmFFmpegByteIOAdapter( 605): File size : 737562624
06-04 17:00:55.525 I/AmFFmpegExtractor( 605): AmFFmpegExtractor mInputFormat name {avi [(null)]}
06-04 17:00:55.603 I/VDA ( 490): [0##5]"ServiceDeviceTask INs=1190/1197, OUTs=1188/1191"" {IN=7/8, OUT=10/13[kAtAccelerator(0) kAtDevice(3) kAtClient(10)]}"
06-04 17:00:55.862 I/WifiHAL ( 506): call wifi_get_link_stats handler
06-04 17:00:55.862 I/WifiHAL ( 506): Creating message to get link statistics; iface = 16
06-04 17:00:55.862 D/WifiHAL ( 506): error code -95 mapped to -3
06-04 17:00:55.863 E/WifiStaIfaceAidlImpl( 693): getLinkLayerStats failed with service-specific exception: android.os.ServiceSpecificException: (code 4)
06-04 17:00:56.120 I/bt_btif_dm( 1104): packages/modules/Bluetooth/system/btif/src/btif_dm.cc:695 btif_update_remote_properties: class of device (cod) is 0x00050c
06-04 17:00:56.126 E/dangbei111( 1438): cccccc 检查遥控器是否连接: Dangbei 20:02:FE:18:BA:53
06-04 17:00:56.128 E/dangbei111( 1438): cccccc 检查遥控器是否连接: 蓝牙的结果 Dangbei 20:02:FE:18:BA:53 false
06-04 17:00:56.128 E/dangbei111( 1438): cccccc input中没有遥控器存在
06-04 17:00:56.128 E/dangbei111( 1438): cccccc 蓝牙状态连接 不是连接状态 啥都不干
06-04 17:00:56.129 E/dangbei111( 1438): cccccc 开始扫描
06-04 17:00:56.130 D/BluetoothAdapter( 1438): isLeEnabled(): ON
06-04 17:00:56.131 E/dangbei111( 1438): cccccc scan 得到的设备和状态 Dangbei E4:BB:D3:57:C0:22 10
06-04 17:00:56.133 E/dangbei111( 1438): cccccc 扫描到了设备 Dangbei E4:BB:D3:57:C0:22
06-04 17:00:56.139 E/dangbei111( 1438): cccccc 检查遥控器是否连接: Dangbei 20:02:FE:18:BA:53
06-04 17:00:56.141 E/dangbei111( 1438): cccccc 检查遥控器是否连接: 蓝牙的结果 Dangbei 20:02:FE:18:BA:53 false
06-04 17:00:56.141 E/dangbei111( 1438): cccccc input中没有遥控器存在
06-04 17:00:56.141 E/dangbei111( 1438): cccccc 蓝牙状态连接 不是连接状态 啥都不干
06-04 17:00:56.143 E/dangbei111( 1438): cccccc 开始扫描
06-04 17:00:56.143 D/BluetoothAdapter( 1438): isLeEnabled(): ON
06-04 17:00:56.148 E/dangbei111( 1438): cccccc 检查遥控器是否连接: Dangbei 20:02:FE:18:BA:53
06-04 17:00:56.150 I/bt_btif_dm( 1104): packages/modules/Bluetooth/system/btif/src/btif_dm.cc:695 btif_update_remote_properties: class of device (cod) is 0x00050c
06-04 17:00:56.152 I/DebugUtil( 490): [0##5]in/out status {INS/OUTS=1215(1)/1204(0)}, pipeline status {IN=8/8, OUT=10/13[Component(0) Accelerator(3) Client(10)]}
06-04 17:00:56.155 E/dangbei111( 1438): cccccc 检查遥控器是否连接: 蓝牙的结果 Dangbei 20:02:FE:18:BA:53 false
06-04 17:00:56.155 E/dangbei111( 1438): cccccc input中没有遥控器存在
06-04 17:00:56.155 E/dangbei111( 1438): cccccc 蓝牙状态连接 不是连接状态 啥都不干
06-04 17:00:56.156 E/dangbei111( 1438): cccccc cancelDiscovery begin
06-04 17:00:56.159 E/dangbei111( 1438): cccccc 检查遥控器是否连接: Dangbei 20:02:FE:18:BA:53
06-04 17:00:56.162 E/dangbei111( 1438): cccccc 检查遥控器是否连接: 蓝牙的结果 Dangbei 20:02:FE:18:BA:53 false
06-04 17:00:56.162 E/dangbei111( 1438): cccccc input中没有遥控器存在
06-04 17:00:56.162 E/dangbei111( 1438): cccccc 蓝牙状态连接 不是连接状态 啥都不干
06-04 17:00:56.164 E/dangbei111( 1438): cccccc 开始扫描
06-04 17:00:56.164 D/BluetoothAdapter( 1438): isLeEnabled(): ON
06-04 17:00:56.164 E/dangbei111( 1438): cccccc 停止扫描,开始配对或者连接
06-04 17:00:56.164 D/BluetoothAdapter( 1438): isLeEnabled(): ON
06-04 17:00:56.166 D/ActivityAttributionService( 1104): notifyActivityAttributionInfo UID=1002 packageName=com.android.bluetooth deviceAddress=no_active_device_address
06-04 17:00:56.166 I/bt_btif ( 1104): packages/modules/Bluetooth/system/btif/src/bluetooth.cc:829 get_profile_interface: get_profile_interface: id = activity_attribution
06-04 17:00:56.166 I/bt_stack( 1104): [INFO:le_scanning_manager.cc(168)] Scan in shim layer stopped
06-04 17:00:56.167 I/bluetooth( 1104): packages/modules/Bluetooth/system/gd/hci/le_address_manager.cc:193 unregister_client: Client unregistered
06-04 17:00:56.168 I/bt_stack( 1104): [INFO:le_scanning_manager.cc(162)] Unregister in shim layer, scanner_id:1
06-04 17:00:56.169 E/dangbei111( 1438): bondOrConnect state=10
06-04 17:00:56.171 E/dangbei111( 1438): cccccc 开始配对 Dangbei E4:BB:D3:57:C0:22
06-04 17:00:56.174 I/bt_btif_dm( 1104): packages/modules/Bluetooth/system/btif/src/btif_dm.cc:2470 btif_dm_cancel_discovery: Cancel search
06-04 17:00:56.174 I/bluetooth( 1104): packages/modules/Bluetooth/system/bta/dm/bta_dm_main.cc:96 bta_dm_search_sm_execute: state:BTA_DM_SEARCH_IDLE, event:BTA_DM_API_SEARCH_CANCEL_EVT[0x201]
06-04 17:00:56.174 I/BluetoothBondStateMachine( 1104): Bond address is:XX:XX:XX:XX:C0:22
06-04 17:00:56.176 E/dangbei111( 1438): cccccc 配对结果 true Dangbei E4:BB:D3:57:C0:22
06-04 17:00:56.176 I/bt_btif_dm( 1104): packages/modules/Bluetooth/system/btif/src/btif_dm.cc:489 get_cod: get_cod remote_cod = 0x0000050c
06-04 17:00:56.176 I/bt_btif_dm( 1104): packages/modules/Bluetooth/system/btif/src/btif_dm.cc:489 get_cod: get_cod remote_cod = 0x0000050c
06-04 17:00:56.176 I/bt_btif_dm( 1104): packages/modules/Bluetooth/system/btif/src/btif_dm.cc:489 get_cod: get_cod remote_cod = 0x0000050c
06-04 17:00:56.176 I/bt_btif_dm( 1104): packages/modules/Bluetooth/system/btif/src/btif_dm.cc:571 bond_state_changed: Bond state changed to state=1 [0:none, 1:bonding, 2:bonded], prev_state=0, sdp_attempts = 0
06-04 17:00:56.177 I/BluetoothBondStateMachine( 1104): bondStateChangeCallback: Status: 0 Address: XX:XX:XX:XX:C0:22 newState: 1 hciReason: 0
06-04 17:00:56.177 I/bluetooth( 1104): packages/modules/Bluetooth/system/gd/metrics/metrics_state.cc:177 AddStateChangedEvent: LEConnectionMetricsRemoteDevice: Transaction State 0x00000001, Connection Type 0x00000001, Origin Type 0x00000001
06-04 17:00:56.177 I/bluetooth( 1104): packages/modules/Bluetooth/system/gd/metrics/metrics_state.cc:58 AddStateChangedEvent: LEConnectionMetricState: Origin Type: 0x00000001, Connection Type: 0x00000001, Transaction State: 0x00000001
06-04 17:00:56.177 I/bluetooth( 1104): packages/modules/Bluetooth/system/gd/metrics/metrics_state.cc:83 AddStateChangedEvent: LEConnectionMetricsRemoteDevice: Populating the connection type
06-04 17:00:56.177 I/bluetooth( 1104): packages/modules/Bluetooth/system/gd/metrics/metrics_state.cc:177 AddStateChangedEvent: LEConnectionMetricsRemoteDevice: Transaction State 0x00000001, Connection Type 0x00000001, Origin Type 0x00000001
06-04 17:00:56.177 I/bluetooth( 1104): packages/modules/Bluetooth/system/gd/metrics/metrics_state.cc:58 AddStateChangedEvent: LEConnectionMetricState: Origin Type: 0x00000001, Connection Type: 0x00000001, Transaction State: 0x00000001
06-04 17:00:56.177 I/bluetooth( 1104): packages/modules/Bluetooth/system/gd/metrics/metrics_state.cc:177 AddStateChangedEvent: LEConnectionMetricsRemoteDevice: Transaction State 0x00000003, Connection Type 0x00000001, Origin Type 0x00000000
06-04 17:00:56.177 I/bluetooth( 1104): packages/modules/Bluetooth/system/gd/metrics/metrics_state.cc:183 AddStateChangedEvent: LEConnectionMetricsRemoteDevice: Empty Address Cancellation 0x00000003, 0x00000001, 0x00000003
06-04 17:00:56.177 I/bluetooth( 1104): packages/modules/Bluetooth/system/gd/metrics/metrics_state.cc:187 AddStateChangedEvent: LEConnectionMetricsRemoteDevice: Cancellation Begin
06-04 17:00:56.177 I/bluetooth( 1104): packages/modules/Bluetooth/system/gd/metrics/metrics_state.cc:58 AddStateChangedEvent: LEConnectionMetricState: Origin Type: 0x00000000, Connection Type: 0x00000001, Transaction State: 0x00000003
06-04 17:00:56.177 I/bluetooth( 1104): packages/modules/Bluetooth/system/gd/hci/acl_manager/le_impl.h:1039 disarm_connectability: Disarming LE connection state machine with create connection cancel
