06-04 17:00:53.478 I/AmFFmpegExtractor( 605): -----------AmFFmpegExtractor Info---------
06-04 17:00:53.478 I/AmFFmpegExtractor( 605):
06-04 17:00:53.478 I/AmFFmpegExtractor( 605): MM-module-name:Extractor,Version:5.1.7-g0c7d1d4(build:6351)
06-04 17:00:53.478 I/AmFFmpegExtractor( 605):
06-04 17:00:53.478 I/AmFFmpegExtractor( 605): ARCH = arm
06-04 17:00:53.478 I/AmFFmpegExtractor( 605): Author: multi-media team
06-04 17:00:53.478 I/AmFFmpegExtractor( 605): Branch name: * (HEAD detached at 0c7d1d4)
06-04 17:00:53.478 I/AmFFmpegExtractor( 605): Last Commit Info:
06-04 17:00:53.478 I/AmFFmpegExtractor( 605): commit 0c7d1d450b4d7ecd11fc2ddd21a6e67e11d0b24d
06-04 17:00:53.478 I/AmFFmpegExtractor( 605): Author: wang.ren
06-04 17:00:53.478 I/AmFFmpegExtractor( 605): Date: Mon Nov 18 08:39:16 2024 +0000
06-04 17:00:53.478 I/AmFFmpegExtractor( 605): AmFFmpegExtractor: CB2 invalid nal length when parse nal data [1/1]
06-04 17:00:53.478 I/AmFFmpegExtractor( 605): PD#SWPL-190774
06-04 17:00:53.478 I/AmFFmpegExtractor( 605): Change-Id: I639741fa67a5b027e7d8eaa1b588f753d2326e47
06-04 17:00:53.478 I/AmFFmpegExtractor( 605): Uncommitted-file-num:1
06-04 17:00:53.478 I/AmFFmpegExtractor( 605): Build-time: Thu Nov 28 13:44:43 CST 2024
06-04 17:00:53.478 I/AmFFmpegExtractor( 605): Build-name: drm.autobuild
06-04 17:00:53.478 I/AmFFmpegExtractor( 605): -----------------------------------------
06-04 17:00:53.478 I/AmFFmpegExtractor( 605): media.ffmpegextractor.loglevel 16
06-04 17:00:53.478 I/AmFFmpegExtractor( 605): vendor.media.ffmpegextractor.ESLen264Check : 10
06-04 17:00:53.478 I/AmFFmpegExtractor( 605): vendor.media.ffmpegextractor.ESLen265Check : 50
06-04 17:00:53.478 I/AmFFmpegByteIOAdapter( 605): File size : 2156024
06-04 17:00:53.480 I/AmFFmpegExtractor( 605): AmFFmpegExtractor mInputFormat name {avi [(null)]}
06-04 17:00:53.542 I/VDA ( 490): [0##5]"ServiceDeviceTask INs=1128/1135, OUTs=1126/1129"" {IN=7/8, OUT=10/13[kAtAccelerator(0) kAtDevice(3) kAtClient(10)]}"
06-04 17:00:53.562 I/AmFFmpegExtractor( 605): ///////////////start dump format
06-04 17:00:53.562 I/AmFFmpegExtractor( 605): [init 3386] video/avi
06-04 17:00:53.562 I/AmFFmpegExtractor( 605): isMusic major_brand:null
06-04 17:00:53.562 I/AmFFmpegExtractor( 605): Stream 0(0) [video/avc][codecid:0x1b(0x1b)] found.
06-04 17:00:53.562 I/AmFFmpegExtractor( 605): [AmFFmpegSource 717]startTimeUs:0, seekable:1
06-04 17:00:53.562 I/AmFFmpegExtractor( 605): [init 753](0xee341510)
06-04 17:00:53.562 E/AmFFmpegExtractor( 605): mAudioMuxRead 0
06-04 17:00:53.562 I/AmFFmpegExtractor( 605): init kKeyDuration = 15000000
06-04 17:00:53.562 I/AmFFmpegExtractor( 605): av_find_input_format is avi
06-04 17:00:53.562 I/AmFFmpegExtractor( 605): VIDEO stream startTimeUs = 0
06-04 17:00:53.562 I/AmFFmpegExtractor( 605): video:demux: extradata_size = 522
06-04 17:00:53.562 I/AmFFmpegExtractor( 605): video:demux: has b-frame = 0
06-04 17:00:53.562 I/AmFFmpegExtractor( 605): video:demux: width = 640, height = 480
06-04 17:00:53.562 E/AmFFmpegExtractor( 605): demux: frame_number = 450
06-04 17:00:53.562 I/AmFFmpegExtractor( 605): init kKeyFrameRate = 30(30.000000)
06-04 17:00:53.562 I/AmFFmpegExtractor( 605): set frame-rate 30 rationalFramerate num 30 den 1
06-04 17:00:53.562 I/AmFFmpegExtractor( 605): av_find_input_format avi has no B frames, not set UNSTABLE_PTS
06-04 17:00:53.563 I/AmFFmpegExtractor( 605): mIsDolbyVison :0, mCreate_two_tracks_dv:0, codec_id: 27(AVC:27,HEVC:173), DvCFG:0(0), TAG:H264
06-04 17:00:53.563 I/AmFFmpegExtractor( 605): Mime:video/avc
06-04 17:00:53.563 I/StreamFormatter( 605): Creating formatter for codec id : 27 extradata size : 522
06-04 17:00:53.563 I/AmFFmpegExtractor( 605): [init 3565] mIsDolbyVison:0, i:0
06-04 17:00:53.563 I/AmFFmpegExtractor( 605): Stream 1(1) [audio/mpeg][codecid:0x15001(0x15001)] found.
06-04 17:00:53.563 I/AmFFmpegExtractor( 605): [AmFFmpegSource 717]startTimeUs:0, seekable:1
06-04 17:00:53.563 I/AmFFmpegExtractor( 605): [init 753](0xee340550)
06-04 17:00:53.563 E/AmFFmpegExtractor( 605): mAudioMuxRead 0
06-04 17:00:53.563 I/AmFFmpegExtractor( 605): init kKeyDuration = 15000000
06-04 17:00:53.563 I/AmFFmpegExtractor( 605): av_find_input_format is avi
06-04 17:00:53.563 I/AmFFmpegExtractor( 605): audio:demux: fmt = 8
06-04 17:00:53.563 I/AmFFmpegExtractor( 605): audio:demux: channels = 2
06-04 17:00:53.563 I/AmFFmpegExtractor( 605): audio:demux: sample_rate = 48000
06-04 17:00:53.563 I/AmFFmpegExtractor( 605): audio:demux: bit_rate = 128000
06-04 17:00:53.563 I/AmFFmpegExtractor( 605): audio:demux: codec_id = 86017
06-04 17:00:53.563 I/AmFFmpegExtractor( 605): audio:demux: stream startTimeUs = 0
06-04 17:00:53.563 I/AmFFmpegExtractor( 605): audio:demux: block_align = 1
06-04 17:00:53.563 E/AmFFmpegExtractor( 605): kKeyMediaLanguage audio lang null
06-04 17:00:53.563 I/AmFFmpegExtractor( 605): Mime:audio/mpeg
06-04 17:00:53.563 I/StreamFormatter( 605): Creating formatter for codec id : 86017 extradata size : 12
06-04 17:00:53.563 I/AmFFmpegExtractor( 605): [init 3565] mIsDolbyVison:0, i:1
06-04 17:00:53.563 I/AmFFmpegExtractor( 605): pthread_create OK pid:-428359232
06-04 17:00:53.563 I/AmFFmpegExtractor( 605): feedMore_task in
06-04 17:00:53.566 I/AmAVUtils( 608): set default max-input-size to 1887436
06-04 17:00:53.571 I/AmFFmpegExtractor( 605): feedMore_task out toBeExit:1 , err:0
06-04 17:00:53.572 I/AmFFmpegExtractor( 605): [~AmFFmpegExtractor 2707] feedMore task has exited.
06-04 17:00:53.572 I/AmFFmpegExtractor( 605): [~AmFFmpegSource 732]
06-04 17:00:53.572 I/AmFFmpegExtractor( 605): [~AmFFmpegSource 732]
06-04 17:00:53.572 I/AmFFmpegExtractor( 605): [~AmFFmpegExtractor 2720]
06-04 17:00:53.572 I/AmFFmpegExtractor( 605): [~AmFFmpegExtractor 2723]
06-04 17:00:53.572 W/RefBase ( 605): RefBase: Explicit destruction, weak count = 0 (in 0xea105624). Use sp<> to manage this object.
06-04 17:00:53.573 W/RefBase ( 605): CallStack::getCurrentInternal not linked, returning null
06-04 17:00:53.573 W/RefBase ( 605): CallStack::logStackInternal not linked
06-04 17:00:53.575 E/MetadataRetrieverClient( 608): unable to dlopen metadata_retriever extension: dlopen failed: library "libmetadataretriever_ext.so" not found
06-04 17:00:53.580 I/AmFFmpegExtractor( 605): fast startup in ffmpegextractor for avi stream.
06-04 17:00:53.580 I/AmFFmpegExtractor( 605): is in white list : 1
06-04 17:00:53.580 I/AmFFmpegExtractor( 605): SniffAmFFmpeg ok, confidence = 0.800000
06-04 17:00:53.594 W/AString ( 605): ctor got NULL, using empty string instead
06-04 17:00:53.594 I/AmFFmpegExtractor( 605):
06-04 17:00:53.594 I/AmFFmpegExtractor( 605): -----------AmFFmpegExtractor Info---------
06-04 17:00:53.594 I/AmFFmpegExtractor( 605):
06-04 17:00:53.594 I/AmFFmpegExtractor( 605): MM-module-name:Extractor,Version:5.1.7-g0c7d1d4(build:6351)
06-04 17:00:53.594 I/AmFFmpegExtractor( 605):
06-04 17:00:53.594 I/AmFFmpegExtractor( 605): ARCH = arm
06-04 17:00:53.594 I/AmFFmpegExtractor( 605): Author: multi-media team
06-04 17:00:53.594 I/AmFFmpegExtractor( 605): Branch name: * (HEAD detached at 0c7d1d4)
06-04 17:00:53.594 I/AmFFmpegExtractor( 605): Last Commit Info:
06-04 17:00:53.594 I/AmFFmpegExtractor( 605): commit 0c7d1d450b4d7ecd11fc2ddd21a6e67e11d0b24d
06-04 17:00:53.594 I/AmFFmpegExtractor( 605): Author: wang.ren
06-04 17:00:53.594 I/AmFFmpegExtractor( 605): Date: Mon Nov 18 08:39:16 2024 +0000
06-04 17:00:53.594 I/AmFFmpegExtractor( 605): AmFFmpegExtractor: CB2 invalid nal length when parse nal data [1/1]
06-04 17:00:53.594 I/AmFFmpegExtractor( 605): PD#SWPL-190774
06-04 17:00:53.594 I/AmFFmpegExtractor( 605): Change-Id: I639741fa67a5b027e7d8eaa1b588f753d2326e47
06-04 17:00:53.594 I/AmFFmpegExtractor( 605): Uncommitted-file-num:1
06-04 17:00:53.594 I/AmFFmpegExtractor( 605): Build-time: Thu Nov 28 13:44:43 CST 2024
06-04 17:00:53.594 I/AmFFmpegExtractor( 605): Build-name: drm.autobuild
06-04 17:00:53.594 I/AmFFmpegExtractor( 605): -----------------------------------------
06-04 17:00:53.594 I/AmFFmpegExtractor( 605): media.ffmpegextractor.loglevel 16
06-04 17:00:53.594 I/AmFFmpegExtractor( 605): vendor.media.ffmpegextractor.ESLen264Check : 10
06-04 17:00:53.594 I/AmFFmpegExtractor( 605): vendor.media.ffmpegextractor.ESLen265Check : 50
06-04 17:00:53.594 I/AmFFmpegByteIOAdapter( 605): File size : 734467450
06-04 17:00:53.596 I/AmFFmpegExtractor( 605): AmFFmpegExtractor mInputFormat name {avi [(null)]}
06-04 17:00:53.616 I/crashsdk( 3475): crashsdk uploading logs
06-04 17:00:53.746 I/cling--ap-2( 3475): type=1400 audit(0.0:994): avc: denied { search } for name="net" dev="sysfs" ino=12344 scontext=u:r:untrusted_app_27:s0:c44,c256,c512,c768 tcontext=u:object_r:sysfs_net:s0 tclass=dir permissive=1 app=com.dangbei.screencast
06-04 17:00:53.753 I/virtual Data FFDemuxer::read()( 3054): read frame ret: End of file latestReceivedTime: 191591 getTotalTimeMillis: 7500 is exit: 0
06-04 17:00:53.753 I/virtual Data FFDemuxer::read()( 3054): list smooth loop
06-04 17:00:53.756 I/virtual StreamInfo FFDemuxer::getVideoStreamInfo()( 3054): video width: 1920 video height: 1080 video pixelFormat: 0 fps: 30
06-04 17:00:53.756 D/virtual Data FFDemuxer::read()( 3054): open next url: /data/user/0/com.dangbei.lerad.screensaver/files/download/61/city_2.mp4
06-04 17:00:54.029 I/keystore2( 286): system/security/keystore2/src/watchdog.rs:319 - Watchdog thread idle -> terminating. Have a great day.
06-04 17:00:54.046 I/AmFFmpegExtractor( 605): ///////////////start dump format
06-04 17:00:54.046 I/AmFFmpegExtractor( 605): [init 3386] video/avi
06-04 17:00:54.047 I/AmFFmpegExtractor( 605): isMusic major_brand:null
06-04 17:00:54.047 I/AmFFmpegExtractor( 605): Stream 0(0) [video/mp4v-es][codecid:0xc(0xc)] found.
06-04 17:00:54.047 I/AmFFmpegExtractor( 605): [AmFFmpegSource 717]startTimeUs:0, seekable:1
06-04 17:00:54.047 I/AmFFmpegExtractor( 605): [init 753](0xee340550)
06-04 17:00:54.047 E/AmFFmpegExtractor( 605): mAudioMuxRead 0
06-04 17:00:54.047 I/AmFFmpegExtractor( 605): init kKeyDuration = 2119115306
06-04 17:00:54.047 I/AmFFmpegExtractor( 605): av_find_input_format is avi
06-04 17:00:54.047 I/AmFFmpegExtractor( 605): VIDEO stream startTimeUs = 0
06-04 17:00:54.047 I/AmFFmpegExtractor( 605): video:demux: extradata_size = 43
06-04 17:00:54.047 I/AmFFmpegExtractor( 605): video:demux: has b-frame = 1
06-04 17:00:54.047 I/AmFFmpegExtractor( 605): video:demux: width = 736, height = 384
06-04 17:00:54.047 I/AmFFmpegExtractor( 605): SAR [1:1]
06-04 17:00:54.047 E/AmFFmpegExtractor( 605): demux: frame_number = 50808
06-04 17:00:54.047 I/AmFFmpegExtractor( 605): init kKeyFrameRate = 24(23.969999)
06-04 17:00:54.047 I/AmFFmpegExtractor( 605): set frame-rate 24 rationalFramerate num 10000000 den 417083
06-04 17:00:54.047 I/AmFFmpegExtractor( 605): av_find_input_format avi set UNSTABLE_PTS
06-04 17:00:54.047 I/AmFFmpegExtractor( 605): mIsDolbyVison :0, mCreate_two_tracks_dv:0, codec_id: 12(AVC:27,HEVC:173), DvCFG:0(0), TAG:XVID
06-04 17:00:54.047 I/AmFFmpegExtractor( 605): Mime:video/mp4v-es
06-04 17:00:54.047 I/StreamFormatter( 605): Creating formatter for codec id : 12 extradata size : 43
06-04 17:00:54.047 I/AmFFmpegExtractor( 605): [init 3565] mIsDolbyVison:0, i:0
06-04 17:00:54.047 I/AmFFmpegExtractor( 605): Stream 1(1) [audio/vnd.dts][codecid:0x15004(0x15004)] found.
06-04 17:00:54.047 I/AmFFmpegExtractor( 605): [AmFFmpegSource 717]startTimeUs:0, seekable:1
06-04 17:00:54.047 I/AmFFmpegExtractor( 605): [init 753](0xee341510)
06-04 17:00:54.047 E/AmFFmpegExtractor( 605): mAudioMuxRead 0
06-04 17:00:54.047 I/AmFFmpegExtractor( 605): init kKeyDuration = 2119115306
06-04 17:00:54.047 I/AmFFmpegExtractor( 605): av_find_input_format is avi
06-04 17:00:54.047 I/AmFFmpegExtractor( 605): audio:demux: fmt = -1
06-04 17:00:54.047 I/AmFFmpegExtractor( 605): audio:demux: channels = 5
06-04 17:00:54.047 I/AmFFmpegExtractor( 605): audio:demux: sample_rate = 48000
06-04 17:00:54.047 I/AmFFmpegExtractor( 605): audio:demux: bit_rate = 754504
06-04 17:00:54.047 I/AmFFmpegExtractor( 605): audio:demux: codec_id = 86020
06-04 17:00:54.047 I/AmFFmpegExtractor( 605): audio:demux: stream startTimeUs = 0
06-04 17:00:54.047 I/AmFFmpegExtractor( 605): audio:demux: block_align = 1
06-04 17:00:54.047 E/AmFFmpegExtractor( 605): kKeyMediaLanguage audio lang null
06-04 17:00:54.047 I/AmFFmpegExtractor( 605): Mime:audio/vnd.dts
06-04 17:00:54.047 I/StreamFormatter( 605): Creating formatter for codec id : 86020 extradata size : 0
06-04 17:00:54.047 I/AmFFmpegExtractor( 605): [init 3565] mIsDolbyVison:0, i:1
06-04 17:00:54.048 I/AmFFmpegExtractor( 605): pthread_create OK pid:-447053376
06-04 17:00:54.048 I/AmFFmpegExtractor( 605): feedMore_task in
06-04 17:00:54.051 I/AmAVUtils( 608): set default max-input-size to 1887436
06-04 17:00:54.053 I/AmFFmpegExtractor( 605): feedMore_task out toBeExit:1 , err:0
06-04 17:00:54.054 I/AmFFmpegExtractor( 605): [~AmFFmpegExtractor 2707] feedMore task has exited.
06-04 17:00:54.054 I/AmFFmpegExtractor( 605): [~AmFFmpegSource 732]
06-04 17:00:54.054 I/AmFFmpegExtractor( 605): [~AmFFmpegSource 732]
06-04 17:00:54.055 I/AmFFmpegExtractor( 605): [~AmFFmpegExtractor 2720]
06-04 17:00:54.055 I/AmFFmpegExtractor( 605): [~AmFFmpegExtractor 2723]
06-04 17:00:54.055 W/RefBase ( 605): RefBase: Explicit destruction, weak count = 0 (in 0xea100014). Use sp<> to manage this object.
06-04 17:00:54.055 W/RefBase ( 605): CallStack::getCurrentInternal not linked, returning null
06-04 17:00:54.055 W/RefBase ( 605): CallStack::logStackInternal not linked
06-04 17:00:54.057 E/MetadataRetrieverClient( 608): unable to dlopen metadata_retriever extension: dlopen failed: library "libmetadataretriever_ext.so" not found
06-04 17:00:54.061 I/AmFFmpegExtractor( 605): fast startup in ffmpegextractor for avi stream.
06-04 17:00:54.061 I/AmFFmpegExtractor( 605): is in white list : 1
06-04 17:00:54.061 I/AmFFmpegExtractor( 605): SniffAmFFmpeg ok, confidence = 0.800000
06-04 17:00:54.074 W/AString ( 605): ctor got NULL, using empty string instead
06-04 17:00:54.074 I/AmFFmpegExtractor( 605):
06-04 17:00:54.074 I/AmFFmpegExtractor( 605): -----------AmFFmpegExtractor Info---------
06-04 17:00:54.074 I/AmFFmpegExtractor( 605):
06-04 17:00:54.074 I/AmFFmpegExtractor( 605): MM-module-name:Extractor,Version:5.1.7-g0c7d1d4(build:6351)
06-04 17:00:54.074 I/AmFFmpegExtractor( 605):
06-04 17:00:54.074 I/AmFFmpegExtractor( 605): ARCH = arm
06-04 17:00:54.074 I/AmFFmpegExtractor( 605): Author: multi-media team
06-04 17:00:54.074 I/AmFFmpegExtractor( 605): Branch name: * (HEAD detached at 0c7d1d4)
06-04 17:00:54.074 I/AmFFmpegExtractor( 605): Last Commit Info:
06-04 17:00:54.074 I/AmFFmpegExtractor( 605): commit 0c7d1d450b4d7ecd11fc2ddd21a6e67e11d0b24d
06-04 17:00:54.074 I/AmFFmpegExtractor( 605): Author: wang.ren
06-04 17:00:54.074 I/AmFFmpegExtractor( 605): Date: Mon Nov 18 08:39:16 2024 +0000
06-04 17:00:54.074 I/AmFFmpegExtractor( 605): AmFFmpegExtractor: CB2 invalid nal length when parse nal data [1/1]
06-04 17:00:54.074 I/AmFFmpegExtractor( 605): PD#SWPL-190774
06-04 17:00:54.074 I/AmFFmpegExtractor( 605): Change-Id: I639741fa67a5b027e7d8eaa1b588f753d2326e47
06-04 17:00:54.074 I/AmFFmpegExtractor( 605): Uncommitted-file-num:1
06-04 17:00:54.074 I/AmFFmpegExtractor( 605): Build-time: Thu Nov 28 13:44:43 CST 2024
06-04 17:00:54.074 I/AmFFmpegExtractor( 605): Build-name: drm.autobuild
06-04 17:00:54.074 I/AmFFmpegExtractor( 605): -----------------------------------------
06-04 17:00:54.074 I/AmFFmpegExtractor( 605): media.ffmpegextractor.loglevel 16
06-04 17:00:54.074 I/AmFFmpegExtractor( 605): vendor.media.ffmpegextractor.ESLen264Check : 10
06-04 17:00:54.074 I/AmFFmpegExtractor( 605): vendor.media.ffmpegextractor.ESLen265Check : 50
06-04 17:00:54.075 I/AmFFmpegByteIOAdapter( 605): File size : 20247804
06-04 17:00:54.075 I/AmFFmpegExtractor( 605): AmFFmpegExtractor mInputFormat name {avi [(null)]}
06-04 17:00:54.133 I/AmFFmpegExtractor( 605): ///////////////start dump format
06-04 17:00:54.134 I/AmFFmpegExtractor( 605): [init 3386] video/avi
06-04 17:00:54.134 I/AmFFmpegExtractor( 605): isMusic major_brand:null
06-04 17:00:54.134 I/AmFFmpegExtractor( 605): Stream 0(0) [video/mp4v-es][codecid:0xc(0xc)] found.
06-04 17:00:54.134 I/AmFFmpegExtractor( 605): [AmFFmpegSource 717]startTimeUs:0, seekable:1
06-04 17:00:54.134 I/AmFFmpegExtractor( 605): [init 753](0xee340550)
06-04 17:00:54.134 E/AmFFmpegExtractor( 605): mAudioMuxRead 0
06-04 17:00:54.134 I/AmFFmpegExtractor( 605): init kKeyDuration = 184875000
06-04 17:00:54.134 I/AmFFmpegExtractor( 605): av_find_input_format is avi
06-04 17:00:54.134 I/AmFFmpegExtractor( 605): VIDEO stream startTimeUs = 0
06-04 17:00:54.134 I/AmFFmpegExtractor( 605): video:demux: extradata_size = 47
06-04 17:00:54.134 I/AmFFmpegExtractor( 605): video:demux: has b-frame = 0
06-04 17:00:54.134 I/AmFFmpegExtractor( 605): video:demux: width = 480, height = 360
06-04 17:00:54.134 I/AmFFmpegExtractor( 605): SAR [4:3]
06-04 17:00:54.134 E/AmFFmpegExtractor( 605): demux: frame_number = 4437
06-04 17:00:54.134 I/AmFFmpegExtractor( 605): init kKeyFrameRate = 24(24.000000)
06-04 17:00:54.134 I/AmFFmpegExtractor( 605): set frame-rate 24 rationalFramerate num 24 den 1
06-04 17:00:54.134 I/AmFFmpegExtractor( 605): av_find_input_format avi mpeg4 has no B frames, not set UNSTABLE_PTS
06-04 17:00:54.134 I/AmFFmpegExtractor( 605): mIsDolbyVison :0, mCreate_two_tracks_dv:0, codec_id: 12(AVC:27,HEVC:173), DvCFG:0(0), TAG:FMP4
06-04 17:00:54.134 I/AmFFmpegExtractor( 605): Mime:video/mp4v-es
06-04 17:00:54.134 I/StreamFormatter( 605): Creating formatter for codec id : 12 extradata size : 47
06-04 17:00:54.134 I/AmFFmpegExtractor( 605): [init 3565] mIsDolbyVison:0, i:0
06-04 17:00:54.134 I/AmFFmpegExtractor( 605): Stream 1(1) [audio/ffmpeg][codecid:0x15000(0x15000)] found.
06-04 17:00:54.134 I/AmFFmpegExtractor( 605): [AmFFmpegSource 717]startTimeUs:0, seekable:1
06-04 17:00:54.135 I/AmFFmpegExtractor( 605): [init 753](0xee341510)
06-04 17:00:54.135 E/AmFFmpegExtractor( 605): mAudioMuxRead 0
06-04 17:00:54.135 I/AmFFmpegExtractor( 605): init kKeyDuration = 184875000
06-04 17:00:54.135 I/AmFFmpegExtractor( 605): av_find_input_format is avi
06-04 17:00:54.135 I/AmFFmpegExtractor( 605): audio:demux: fmt = 6
06-04 17:00:54.135 I/AmFFmpegExtractor( 605): audio:demux: channels = 2
06-04 17:00:54.135 I/AmFFmpegExtractor( 605): audio:demux: sample_rate = 22050
06-04 17:00:54.135 I/AmFFmpegExtractor( 605): audio:demux: bit_rate = 96000
06-04 17:00:54.135 I/AmFFmpegExtractor( 605): audio:demux: codec_id = 86016
06-04 17:00:54.135 I/AmFFmpegExtractor( 605): audio:demux: stream startTimeUs = 0
06-04 17:00:54.135 I/AmFFmpegExtractor( 605): audio:demux: block_align = 1152
06-04 17:00:54.135 E/AmFFmpegExtractor( 605): kKeyMediaLanguage audio lang null
06-04 17:00:54.135 I/AmFFmpegExtractor( 605): Mime:audio/ffmpeg
06-04 17:00:54.135 I/StreamFormatter( 605): Creating formatter for codec id : 86016 extradata size : 22
06-04 17:00:54.135 I/AmFFmpegExtractor( 605): [init 3565] mIsDolbyVison:0, i:1
06-04 17:00:54.135 I/AmFFmpegExtractor( 605): pthread_create OK pid:-447053376
06-04 17:00:54.135 I/AmFFmpegExtractor( 605): feedMore_task in
06-04 17:00:54.136 I/AmAVUtils( 608): set default max-input-size to 1887436
06-04 17:00:54.139 I/AmFFmpegExtractor( 605): feedMore_task out toBeExit:1 , err:0
06-04 17:00:54.139 I/AmFFmpegExtractor( 605): [~AmFFmpegExtractor 2707] feedMore task has exited.
06-04 17:00:54.139 I/AmFFmpegExtractor( 605): [~AmFFmpegSource 732]
06-04 17:00:54.139 I/AmFFmpegExtractor( 605): [~AmFFmpegSource 732]
06-04 17:00:54.139 I/AmFFmpegExtractor( 605): [~AmFFmpegExtractor 2720]
06-04 17:00:54.139 I/AmFFmpegExtractor( 605): [~AmFFmpegExtractor 2723]
06-04 17:00:54.140 W/RefBase ( 605): RefBase: Explicit destruction, weak count = 0 (in 0xea100674). Use sp<> to manage this object.
06-04 17:00:54.140 W/RefBase ( 605): CallStack::getCurrentInternal not linked, returning null
06-04 17:00:54.140 W/RefBase ( 605): CallStack::logStackInternal not linked
06-04 17:00:54.142 E/MetadataRetrieverClient( 608): unable to dlopen metadata_retriever extension: dlopen failed: library "libmetadataretriever_ext.so" not found
06-04 17:00:54.146 I/AmFFmpegExtractor( 605): fast startup in ffmpegextractor for avi stream.
06-04 17:00:54.146 I/AmFFmpegExtractor( 605): is in white list : 1
06-04 17:00:54.146 I/AmFFmpegExtractor( 605): SniffAmFFmpeg ok, confidence = 0.800000
06-04 17:00:54.160 W/AString ( 605): ctor got NULL, using empty string instead
06-04 17:00:54.160 I/AmFFmpegExtractor( 605):
06-04 17:00:54.160 I/AmFFmpegExtractor( 605): -----------AmFFmpegExtractor Info---------
06-04 17:00:54.160 I/AmFFmpegExtractor( 605):
06-04 17:00:54.160 I/AmFFmpegExtractor( 605): MM-module-name:Extractor,Version:5.1.7-g0c7d1d4(build:6351)
06-04 17:00:54.160 I/AmFFmpegExtractor( 605):
06-04 17:00:54.160 I/AmFFmpegExtractor( 605): ARCH = arm
06-04 17:00:54.160 I/AmFFmpegExtractor( 605): Author: multi-media team
06-04 17:00:54.160 I/AmFFmpegExtractor( 605): Branch name: * (HEAD detached at 0c7d1d4)
06-04 17:00:54.160 I/AmFFmpegExtractor( 605): Last Commit Info:
06-04 17:00:54.160 I/AmFFmpegExtractor( 605): commit 0c7d1d450b4d7ecd11fc2ddd21a6e67e11d0b24d
06-04 17:00:54.160 I/AmFFmpegExtractor( 605): Author: wang.ren
06-04 17:00:54.160 I/AmFFmpegExtractor( 605): Date: Mon Nov 18 08:39:16 2024 +0000
06-04 17:00:54.160 I/AmFFmpegExtractor( 605): AmFFmpegExtractor: CB2 invalid nal length when parse nal data [1/1]
06-04 17:00:54.160 I/AmFFmpegExtractor( 605): PD#SWPL-190774
06-04 17:00:54.160 I/AmFFmpegExtractor( 605): Change-Id: I639741fa67a5b027e7d8eaa1b588f753d2326e47
06-04 17:00:54.160 I/AmFFmpegExtractor( 605): Uncommitted-file-num:1
06-04 17:00:54.160 I/AmFFmpegExtractor( 605): Build-time: Thu Nov 28 13:44:43 CST 2024
06-04 17:00:54.160 I/AmFFmpegExtractor( 605): Build-name: drm.autobuild
06-04 17:00:54.160 I/AmFFmpegExtractor( 605): -----------------------------------------
06-04 17:00:54.160 I/AmFFmpegExtractor( 605): media.ffmpegextractor.loglevel 16
06-04 17:00:54.160 I/AmFFmpegExtractor( 605): vendor.media.ffmpegextractor.ESLen264Check : 10
06-04 17:00:54.160 I/AmFFmpegExtractor( 605): vendor.media.ffmpegextractor.ESLen265Check : 50
06-04 17:00:54.161 I/AmFFmpegByteIOAdapter( 605): File size : 2293260
06-04 17:00:54.162 I/AmFFmpegExtractor( 605): AmFFmpegExtractor mInputFormat name {avi [(null)]}
06-04 17:00:54.169 I/AmFFmpegExtractor( 605): ///////////////start dump format
06-04 17:00:54.169 I/AmFFmpegExtractor( 605): [init 3386] video/avi
06-04 17:00:54.169 I/AmFFmpegExtractor( 605): isMusic major_brand:null
06-04 17:00:54.169 I/AmFFmpegExtractor( 605): Stream 0(0) [video/mp4v-es][codecid:0x10(0x10)] found.
06-04 17:00:54.169 I/AmFFmpegExtractor( 605): MSMPEG4V3:unsupported tag: MP43.
06-04 17:00:54.169 I/AmFFmpegExtractor( 605): Stream 1(1) [audio/mpeg][codecid:0x15001(0x15001)] found.
06-04 17:00:54.169 I/AmFFmpegExtractor( 605): [AmFFmpegSource 717]startTimeUs:0, seekable:1
06-04 17:00:54.169 I/AmFFmpegExtractor( 605): [init 753](0xee341510)
06-04 17:00:54.169 E/AmFFmpegExtractor( 605): mAudioMuxRead 0
06-04 17:00:54.170 I/AmFFmpegExtractor( 605): init kKeyDuration = 15000000
06-04 17:00:54.170 I/AmFFmpegExtractor( 605): av_find_input_format is avi
06-04 17:00:54.170 I/AmFFmpegExtractor( 605): audio:demux: fmt = 8
06-04 17:00:54.170 I/AmFFmpegExtractor( 605): audio:demux: channels = 2
06-04 17:00:54.170 I/AmFFmpegExtractor( 605): audio:demux: sample_rate = 48000
06-04 17:00:54.170 I/AmFFmpegExtractor( 605): audio:demux: bit_rate = 128000
06-04 17:00:54.170 I/AmFFmpegExtractor( 605): audio:demux: codec_id = 86017
06-04 17:00:54.170 I/AmFFmpegExtractor( 605): audio:demux: stream startTimeUs = 0
06-04 17:00:54.170 I/AmFFmpegExtractor( 605): audio:demux: block_align = 1
06-04 17:00:54.170 E/AmFFmpegExtractor( 605): kKeyMediaLanguage audio lang null
06-04 17:00:54.170 I/AmFFmpegExtractor( 605): Mime:audio/mpeg
06-04 17:00:54.170 I/StreamFormatter( 605): Creating formatter for codec id : 86017 extradata size : 12
06-04 17:00:54.170 I/AmFFmpegExtractor( 605): [init 3565] mIsDolbyVison:0, i:1
06-04 17:00:54.170 I/AmFFmpegExtractor( 605): Not use Thread, by reason of has no activity audio or video.
06-04 17:00:54.173 I/AmFFmpegExtractor( 605): [~AmFFmpegSource 732]
06-04 17:00:54.173 I/AmFFmpegExtractor( 605): [~AmFFmpegExtractor 2720]
06-04 17:00:54.173 I/AmFFmpegExtractor( 605): [~AmFFmpegExtractor 2723]
06-04 17:00:54.173 W/RefBase ( 605): RefBase: Explicit destruction, weak count = 0 (in 0xea101884). Use sp<> to manage this object.
06-04 17:00:54.173 W/RefBase ( 605): CallStack::getCurrentInternal not linked, returning null
06-04 17:00:54.173 W/RefBase ( 605): CallStack::logStackInternal not linked
06-04 17:00:54.177 E/MetadataRetrieverClient( 608): unable to dlopen metadata_retriever extension: dlopen failed: library "libmetadataretriever_ext.so" not found
06-04 17:00:54.180 I/AmFFmpegExtractor( 605): fast startup in ffmpegextractor for avi stream.
06-04 17:00:54.180 I/AmFFmpegExtractor( 605): is in white list : 1
06-04 17:00:54.180 I/AmFFmpegExtractor( 605): SniffAmFFmpeg ok, confidence = 0.800000
06-04 17:00:54.197 W/AString ( 605): ctor got NULL, using empty string instead
06-04 17:00:54.197 I/AmFFmpegExtractor( 605):
06-04 17:00:54.197 I/AmFFmpegExtractor( 605): -----------AmFFmpegExtractor Info---------
06-04 17:00:54.197 I/AmFFmpegExtractor( 605):
06-04 17:00:54.197 I/AmFFmpegExtractor( 605): MM-module-name:Extractor,Version:5.1.7-g0c7d1d4(build:6351)
06-04 17:00:54.197 I/AmFFmpegExtractor( 605):
06-04 17:00:54.197 I/AmFFmpegExtractor( 605): ARCH = arm
06-04 17:00:54.197 I/AmFFmpegExtractor( 605): Author: multi-media team
06-04 17:00:54.197 I/AmFFmpegExtractor( 605): Branch name: * (HEAD detached at 0c7d1d4)
06-04 17:00:54.197 I/AmFFmpegExtractor( 605): Last Commit Info:
06-04 17:00:54.197 I/AmFFmpegExtractor( 605): commit 0c7d1d450b4d7ecd11fc2ddd21a6e67e11d0b24d
06-04 17:00:54.197 I/AmFFmpegExtractor( 605): Author: wang.ren
06-04 17:00:54.197 I/AmFFmpegExtractor( 605): Date: Mon Nov 18 08:39:16 2024 +0000
06-04 17:00:54.197 I/AmFFmpegExtractor( 605): AmFFmpegExtractor: CB2 invalid nal length when parse nal data [1/1]
06-04 17:00:54.197 I/AmFFmpegExtractor( 605): PD#SWPL-190774
06-04 17:00:54.197 I/AmFFmpegExtractor( 605): Change-Id: I639741fa67a5b027e7d8eaa1b588f753d2326e47
06-04 17:00:54.197 I/AmFFmpegExtractor( 605): Uncommitted-file-num:1
06-04 17:00:54.197 I/AmFFmpegExtractor( 605): Build-time: Thu Nov 28 13:44:43 CST 2024
06-04 17:00:54.197 I/AmFFmpegExtractor( 605): Build-name: drm.autobuild
06-04 17:00:54.197 I/AmFFmpegExtractor( 605): -----------------------------------------
06-04 17:00:54.197 I/AmFFmpegExtractor( 605): media.ffmpegextractor.loglevel 16
06-04 17:00:54.197 I/AmFFmpegExtractor( 605): vendor.media.ffmpegextractor.ESLen264Check : 10
06-04 17:00:54.197 I/AmFFmpegExtractor( 605): vendor.media.ffmpegextractor.ESLen265Check : 50
06-04 17:00:54.197 I/AmFFmpegByteIOAdapter( 605): File size : 273690206
06-04 17:00:54.198 I/AmFFmpegExtractor( 605): AmFFmpegExtractor mInputFormat name {avi [(null)]}
06-04 17:00:54.260 I/AmFFmpegExtractor( 605): ///////////////start dump format
06-04 17:00:54.260 I/AmFFmpegExtractor( 605): [init 3386] video/avi
06-04 17:00:54.261 I/AmFFmpegExtractor( 605): isMusic major_brand:null
06-04 17:00:54.261 I/AmFFmpegExtractor( 605): Stream 0(0) [video/x-motion-jpeg][codecid:0x7(0x7)] found.
06-04 17:00:54.261 I/AmFFmpegExtractor( 605): [AmFFmpegSource 717]startTimeUs:0, seekable:1
06-04 17:00:54.261 I/AmFFmpegExtractor( 605): [init 753](0xee341510)
06-04 17:00:54.261 E/AmFFmpegExtractor( 605): mAudioMuxRead 0
06-04 17:00:54.261 I/AmFFmpegExtractor( 605): init kKeyDuration = 278465306
06-04 17:00:54.261 I/AmFFmpegExtractor( 605): av_find_input_format is avi
06-04 17:00:54.261 I/AmFFmpegExtractor( 605): VIDEO stream startTimeUs = 0
06-04 17:00:54.261 I/AmFFmpegExtractor( 605): video:demux: extradata_size = 28
06-04 17:00:54.261 I/AmFFmpegExtractor( 605): video:demux: has b-frame = 0
06-04 17:00:54.261 I/AmFFmpegExtractor( 605): video:demux: width = 640, height = 480
06-04 17:00:54.261 E/AmFFmpegExtractor( 605): demux: frame_number = 6676
06-04 17:00:54.261 I/AmFFmpegExtractor( 605): init kKeyFrameRate = 24(23.969999)
06-04 17:00:54.261 I/AmFFmpegExtractor( 605): set frame-rate 24 rationalFramerate num 2997 den 125
06-04 17:00:54.261 I/AmFFmpegExtractor( 605): mIsDolbyVison :0, mCreate_two_tracks_dv:0, codec_id: 7(AVC:27,HEVC:173), DvCFG:0(0), TAG:MJPG
06-04 17:00:54.261 I/AmFFmpegExtractor( 605): Mime:video/x-motion-jpeg
06-04 17:00:54.261 I/StreamFormatter( 605): Creating formatter for codec id : 7 extradata size : 28
06-04 17:00:54.261 I/AmFFmpegExtractor( 605): [init 3565] mIsDolbyVison:0, i:0
06-04 17:00:54.261 I/AmFFmpegExtractor( 605): Stream 1(1) [audio/mpeg][codecid:0x15001(0x15001)] found.
06-04 17:00:54.261 I/AmFFmpegExtractor( 605): [AmFFmpegSource 717]startTimeUs:0, seekable:1
06-04 17:00:54.261 I/AmFFmpegExtractor( 605): [init 753](0xee340550)
06-04 17:00:54.261 E/AmFFmpegExtractor( 605): mAudioMuxRead 0
06-04 17:00:54.261 I/AmFFmpegExtractor( 605): init kKeyDuration = 278465306
06-04 17:00:54.261 I/AmFFmpegExtractor( 605): av_find_input_format is avi
06-04 17:00:54.261 I/AmFFmpegExtractor( 605): audio:demux: fmt = 8
06-04 17:00:54.261 I/AmFFmpegExtractor( 605): audio:demux: channels = 2
06-04 17:00:54.261 I/AmFFmpegExtractor( 605): audio:demux: sample_rate = 44100
06-04 17:00:54.261 I/AmFFmpegExtractor( 605): audio:demux: bit_rate = 61864
06-04 17:00:54.261 I/AmFFmpegExtractor( 605): audio:demux: codec_id = 86017
06-04 17:00:54.261 I/AmFFmpegExtractor( 605): audio:demux: stream startTimeUs = 0
06-04 17:00:54.261 I/AmFFmpegExtractor( 605): audio:demux: block_align = 1152
06-04 17:00:54.261 E/AmFFmpegExtractor( 605): kKeyMediaLanguage audio lang null
06-04 17:00:54.261 I/AmFFmpegExtractor( 605): Mime:audio/mpeg
06-04 17:00:54.261 I/StreamFormatter( 605): Creating formatter for codec id : 86017 extradata size : 12
06-04 17:00:54.261 I/AmFFmpegExtractor( 605): [init 3565] mIsDolbyVison:0, i:1
06-04 17:00:54.262 I/AmFFmpegExtractor( 605): pthread_create OK pid:-447053376
06-04 17:00:54.262 I/AmFFmpegExtractor( 605): feedMore_task in
06-04 17:00:54.264 I/AmAVUtils( 608): set default max-input-size to 1887436
06-04 17:00:54.269 I/AmFFmpegExtractor( 605): feedMore_task out toBeExit:1 , err:0
06-04 17:00:54.269 I/AmFFmpegExtractor( 605): [~AmFFmpegExtractor 2707] feedMore task has exited.
06-04 17:00:54.269 I/AmFFmpegExtractor( 605): [~AmFFmpegSource 732]
06-04 17:00:54.269 I/AmFFmpegExtractor( 605): [~AmFFmpegSource 732]
06-04 17:00:54.269 I/AmFFmpegExtractor( 605): [~AmFFmpegExtractor 2720]
06-04 17:00:54.269 I/AmFFmpegExtractor( 605): [~AmFFmpegExtractor 2723]
06-04 17:00:54.269 W/RefBase ( 605): RefBase: Explicit destruction, weak count = 0 (in 0xea101bb4). Use sp<> to manage this object.
06-04 17:00:54.269 W/RefBase ( 605): CallStack::getCurrentInternal not linked, returning null
06-04 17:00:54.269 W/RefBase ( 605): CallStack::logStackInternal not linked
06-04 17:00:54.272 E/MetadataRetrieverClient( 608): unable to dlopen metadata_retriever extension: dlopen failed: library "libmetadataretriever_ext.so" not found
06-04 17:00:54.277 I/AmFFmpegExtractor( 605): fast startup in ffmpegextractor for avi stream.
06-04 17:00:54.277 I/AmFFmpegExtractor( 605): is in white list : 1
06-04 17:00:54.277 I/AmFFmpegExtractor( 605): SniffAmFFmpeg ok, confidence = 0.800000
06-04 17:00:54.291 W/AString ( 605): ctor got NULL, using empty string instead
06-04 17:00:54.292 I/AmFFmpegExtractor( 605):
06-04 17:00:54.292 I/AmFFmpegExtractor( 605): -----------AmFFmpegExtractor Info---------
06-04 17:00:54.292 I/AmFFmpegExtractor( 605):
06-04 17:00:54.292 I/AmFFmpegExtractor( 605): MM-module-name:Extractor,Version:5.1.7-g0c7d1d4(build:6351)
06-04 17:00:54.292 I/AmFFmpegExtractor( 605):
06-04 17:00:54.292 I/AmFFmpegExtractor( 605): ARCH = arm
06-04 17:00:54.292 I/AmFFmpegExtractor( 605): Author: multi-media team
06-04 17:00:54.292 I/AmFFmpegExtractor( 605): Branch name: * (HEAD detached at 0c7d1d4)
06-04 17:00:54.292 I/AmFFmpegExtractor( 605): Last Commit Info:
06-04 17:00:54.292 I/AmFFmpegExtractor( 605): commit 0c7d1d450b4d7ecd11fc2ddd21a6e67e11d0b24d
06-04 17:00:54.292 I/AmFFmpegExtractor( 605): Author: wang.ren
06-04 17:00:54.292 I/AmFFmpegExtractor( 605): Date: Mon Nov 18 08:39:16 2024 +0000
06-04 17:00:54.292 I/AmFFmpegExtractor( 605): AmFFmpegExtractor: CB2 invalid nal length when parse nal data [1/1]
06-04 17:00:54.292 I/AmFFmpegExtractor( 605): PD#SWPL-190774
06-04 17:00:54.292 I/AmFFmpegExtractor( 605): Change-Id: I639741fa67a5b027e7d8eaa1b588f753d2326e47
06-04 17:00:54.292 I/AmFFmpegExtractor( 605): Uncommitted-file-num:1
06-04 17:00:54.292 I/AmFFmpegExtractor( 605): Build-time: Thu Nov 28 13:44:43 CST 2024
06-04 17:00:54.292 I/AmFFmpegExtractor( 605): Build-name: drm.autobuild
06-04 17:00:54.292 I/AmFFmpegExtractor( 605): -----------------------------------------
06-04 17:00:54.292 I/AmFFmpegExtractor( 605): media.ffmpegextractor.loglevel 16
06-04 17:00:54.292 I/AmFFmpegExtractor( 605): vendor.media.ffmpegextractor.ESLen264Check : 10
06-04 17:00:54.292 I/AmFFmpegExtractor( 605): vendor.media.ffmpegextractor.ESLen265Check : 50
06-04 17:00:54.292 I/AmFFmpegByteIOAdapter( 605): File size : 2292310
06-04 17:00:54.292 I/AmFFmpegExtractor( 605): AmFFmpegExtractor mInputFormat name {avi [(null)]}
06-04 17:00:54.313 I/AmFFmpegExtractor( 605): ///////////////start dump format
06-04 17:00:54.313 I/AmFFmpegExtractor( 605): [init 3386] video/avi
06-04 17:00:54.313 I/AmFFmpegExtractor( 605): isMusic major_brand:null
06-04 17:00:54.313 I/AmFFmpegExtractor( 605): Stream 0(0) [video/mp4v-es][codecid:0x10(0x10)] found.
06-04 17:00:54.313 I/AmFFmpegExtractor( 605): isDIVX : unsupported tag: DIV3.
06-04 17:00:54.313 I/AmFFmpegExtractor( 605): Stream 1(1) [audio/mpeg][codecid:0x15001(0x15001)] found.
06-04 17:00:54.313 I/AmFFmpegExtractor( 605): [AmFFmpegSource 717]startTimeUs:0, seekable:1
06-04 17:00:54.313 I/AmFFmpegExtractor( 605): [init 753](0xee340550)
06-04 17:00:54.313 E/AmFFmpegExtractor( 605): mAudioMuxRead 0
06-04 17:00:54.313 I/AmFFmpegExtractor( 605): init kKeyDuration = 15000000
06-04 17:00:54.313 I/AmFFmpegExtractor( 605): av_find_input_format is avi
06-04 17:00:54.313 I/AmFFmpegExtractor( 605): audio:demux: fmt = 8
06-04 17:00:54.313 I/AmFFmpegExtractor( 605): audio:demux: channels = 2
06-04 17:00:54.313 I/AmFFmpegExtractor( 605): audio:demux: sample_rate = 48000
06-04 17:00:54.313 I/AmFFmpegExtractor( 605): audio:demux: bit_rate = 128000
06-04 17:00:54.313 I/AmFFmpegExtractor( 605): audio:demux: codec_id = 86017
06-04 17:00:54.313 I/AmFFmpegExtractor( 605): audio:demux: stream startTimeUs = 0
06-04 17:00:54.313 I/AmFFmpegExtractor( 605): audio:demux: block_align = 1
06-04 17:00:54.313 E/AmFFmpegExtractor( 605): kKeyMediaLanguage audio lang null
06-04 17:00:54.313 I/AmFFmpegExtractor( 605): Mime:audio/mpeg
06-04 17:00:54.313 I/StreamFormatter( 605): Creating formatter for codec id : 86017 extradata size : 12
06-04 17:00:54.313 I/AmFFmpegExtractor( 605): [init 3565] mIsDolbyVison:0, i:1
06-04 17:00:54.314 I/AmFFmpegExtractor( 605): Not use Thread, by reason of has no activity audio or video.
06-04 17:00:54.319 I/AmFFmpegExtractor( 605): [~AmFFmpegSource 732]
06-04 17:00:54.319 I/AmFFmpegExtractor( 605): [~AmFFmpegExtractor 2720]
06-04 17:00:54.319 I/AmFFmpegExtractor( 605): [~AmFFmpegExtractor 2723]
06-04 17:00:54.319 W/RefBase ( 605): RefBase: Explicit destruction, weak count = 0 (in 0xea102a94). Use sp<> to manage this object.
06-04 17:00:54.319 W/RefBase ( 605): CallStack::getCurrentInternal not linked, returning null
06-04 17:00:54.319 W/RefBase ( 605): CallStack::logStackInternal not linked
06-04 17:00:54.322 E/MetadataRetrieverClient( 608): unable to dlopen metadata_retriever extension: dlopen failed: library "libmetadataretriever_ext.so" not found
06-04 17:00:54.326 I/AmFFmpegExtractor( 605): fast startup in ffmpegextractor for avi stream.
06-04 17:00:54.326 I/AmFFmpegExtractor( 605): is in white list : 1
06-04 17:00:54.326 I/AmFFmpegExtractor( 605): SniffAmFFmpeg ok, confidence = 0.800000
06-04 17:00:54.327 W/AString ( 605): ctor got NULL, using empty string instead
06-04 17:00:54.327 I/AmFFmpegExtractor( 605):
06-04 17:00:54.327 I/AmFFmpegExtractor( 605): -----------AmFFmpegExtractor Info---------
06-04 17:00:54.327 I/AmFFmpegExtractor( 605):
06-04 17:00:54.327 I/AmFFmpegExtractor( 605): MM-module-name:Extractor,Version:5.1.7-g0c7d1d4(build:6351)
06-04 17:00:54.327 I/AmFFmpegExtractor( 605):
06-04 17:00:54.327 I/AmFFmpegExtractor( 605): ARCH = arm
06-04 17:00:54.327 I/AmFFmpegExtractor( 605): Author: multi-media team
06-04 17:00:54.327 I/AmFFmpegExtractor( 605): Branch name: * (HEAD detached at 0c7d1d4)
06-04 17:00:54.327 I/AmFFmpegExtractor( 605): Last Commit Info:
06-04 17:00:54.327 I/AmFFmpegExtractor( 605): commit 0c7d1d450b4d7ecd11fc2ddd21a6e67e11d0b24d
06-04 17:00:54.327 I/AmFFmpegExtractor( 605): Author: wang.ren
06-04 17:00:54.327 I/AmFFmpegExtractor( 605): Date: Mon Nov 18 08:39:16 2024 +0000
06-04 17:00:54.327 I/AmFFmpegExtractor( 605): AmFFmpegExtractor: CB2 invalid nal length when parse nal data [1/1]
06-04 17:00:54.327 I/AmFFmpegExtractor( 605): PD#SWPL-190774
06-04 17:00:54.327 I/AmFFmpegExtractor( 605): Change-Id: I639741fa67a5b027e7d8eaa1b588f753d2326e47
06-04 17:00:54.327 I/AmFFmpegExtractor( 605): Uncommitted-file-num:1
06-04 17:00:54.327 I/AmFFmpegExtractor( 605): Build-time: Thu Nov 28 13:44:43 CST 2024
06-04 17:00:54.327 I/AmFFmpegExtractor( 605): Build-name: drm.autobuild
06-04 17:00:54.327 I/AmFFmpegExtractor( 605): -----------------------------------------
06-04 17:00:54.327 I/AmFFmpegExtractor( 605): media.ffmpegextractor.loglevel 16
06-04 17:00:54.327 I/AmFFmpegExtractor( 605): vendor.media.ffmpegextractor.ESLen264Check : 10
06-04 17:00:54.327 I/AmFFmpegExtractor( 605): vendor.media.ffmpegextractor.ESLen265Check : 50
06-04 17:00:54.328 I/AmFFmpegByteIOAdapter( 605): File size : 732852224
06-04 17:00:54.328 I/AmFFmpegExtractor( 605): AmFFmpegExtractor mInputFormat name {avi [(null)]}
06-04 17:00:54.486 E/exFFmpeg( 605): [mp3float @ 0xea34bc10] Header missing
06-04 17:00:54.487 I/AmFFmpegExtractor( 605): ///////////////start dump format
06-04 17:00:54.487 I/AmFFmpegExtractor( 605): [init 3386] video/avi
06-04 17:00:54.487 I/AmFFmpegExtractor( 605): isMusic major_brand:null
06-04 17:00:54.487 I/AmFFmpegExtractor( 605): Stream 0(0) [video/mp4v-es][codecid:0x10(0x10)] found.
06-04 17:00:54.487 I/AmFFmpegExtractor( 605): isDIVX : unsupported tag: DIV3.
06-04 17:00:54.487 I/AmFFmpegExtractor( 605): Stream 1(1) [audio/mpeg][codecid:0x15001(0x15001)] found.
06-04 17:00:54.488 I/AmFFmpegExtractor( 605): [AmFFmpegSource 717]startTimeUs:0, seekable:1
06-04 17:00:54.488 I/AmFFmpegExtractor( 605): [init 753](0xee340550)
06-04 17:00:54.488 E/AmFFmpegExtractor( 605): mAudioMuxRead 0
06-04 17:00:54.488 I/AmFFmpegExtractor( 605): init kKeyDuration = 6612612613
06-04 17:00:54.488 I/AmFFmpegExtractor( 605): av_find_input_format is avi
06-04 17:00:54.488 I/AmFFmpegExtractor( 605): audio:demux: fmt = 8
06-04 17:00:54.488 I/AmFFmpegExtractor( 605): audio:demux: channels = 2
06-04 17:00:54.488 I/AmFFmpegExtractor( 605): audio:demux: sample_rate = 44100
06-04 17:00:54.488 I/AmFFmpegExtractor( 605): audio:demux: bit_rate = 127704
06-04 17:00:54.488 I/AmFFmpegExtractor( 605): audio:demux: codec_id = 86017
06-04 17:00:54.488 I/AmFFmpegExtractor( 605): audio:demux: stream startTimeUs = 0
06-04 17:00:54.488 I/AmFFmpegExtractor( 605): audio:demux: block_align = 1
06-04 17:00:54.488 E/AmFFmpegExtractor( 605): kKeyMediaLanguage audio lang null
06-04 17:00:54.488 I/AmFFmpegExtractor( 605): Mime:audio/mpeg
06-04 17:00:54.488 I/StreamFormatter( 605): Creating formatter for codec id : 86017 extradata size : 12
06-04 17:00:54.488 I/AmFFmpegExtractor( 605): [init 3565] mIsDolbyVison:0, i:1
06-04 17:00:54.488 I/AmFFmpegExtractor( 605): Not use Thread, by reason of has no activity audio or video.
06-04 17:00:54.491 I/AmFFmpegExtractor( 605): [~AmFFmpegSource 732]
06-04 17:00:54.491 I/AmFFmpegExtractor( 605): [~AmFFmpegExtractor 2720]
06-04 17:00:54.491 I/AmFFmpegExtractor( 605): [~AmFFmpegExtractor 2723]
06-04 17:00:54.491 W/RefBase ( 605): RefBase: Explicit destruction, weak count = 0 (in 0xea100ab4). Use sp<> to manage this object.
06-04 17:00:54.491 W/RefBase ( 605): CallStack::getCurrentInternal not linked, returning null
06-04 17:00:54.491 W/RefBase ( 605): CallStack::logStackInternal not linked
06-04 17:00:54.493 E/MetadataRetrieverClient( 608): unable to dlopen metadata_retriever extension: dlopen failed: library "libmetadataretriever_ext.so" not found
06-04 17:00:54.497 I/AmFFmpegExtractor( 605): fast startup in ffmpegextractor for avi stream.
06-04 17:00:54.497 I/AmFFmpegExtractor( 605): is in white list : 1
06-04 17:00:54.497 I/AmFFmpegExtractor( 605): SniffAmFFmpeg ok, confidence = 0.800000
06-04 17:00:54.512 W/AString ( 605): ctor got NULL, using empty string instead
06-04 17:00:54.512 I/AmFFmpegExtractor( 605):
06-04 17:00:54.512 I/AmFFmpegExtractor( 605): -----------AmFFmpegExtractor Info---------
06-04 17:00:54.512 I/AmFFmpegExtractor( 605):
06-04 17:00:54.512 I/AmFFmpegExtractor( 605): MM-module-name:Extractor,Version:5.1.7-g0c7d1d4(build:6351)
06-04 17:00:54.512 I/AmFFmpegExtractor( 605):
06-04 17:00:54.512 I/AmFFmpegExtractor( 605): ARCH = arm
06-04 17:00:54.512 I/AmFFmpegExtractor( 605): Author: multi-media team
06-04 17:00:54.512 I/AmFFmpegExtractor( 605): Branch name: * (HEAD detached at 0c7d1d4)
06-04 17:00:54.512 I/AmFFmpegExtractor( 605): Last Commit Info:
06-04 17:00:54.512 I/AmFFmpegExtractor( 605): commit 0c7d1d450b4d7ecd11fc2ddd21a6e67e11d0b24d
06-04 17:00:54.512 I/AmFFmpegExtractor( 605): Author: wang.ren
06-04 17:00:54.512 I/AmFFmpegExtractor( 605): Date: Mon Nov 18 08:39:16 2024 +0000
06-04 17:00:54.512 I/AmFFmpegExtractor( 605): AmFFmpegExtractor: CB2 invalid nal length when parse nal data [1/1]
06-04 17:00:54.512 I/AmFFmpegExtractor( 605): PD#SWPL-190774
06-04 17:00:54.512 I/AmFFmpegExtractor( 605): Change-Id: I639741fa67a5b027e7d8eaa1b588f753d2326e47
06-04 17:00:54.512 I/AmFFmpegExtractor( 605): Uncommitted-file-num:1
06-04 17:00:54.512 I/AmFFmpegExtractor( 605): Build-time: Thu Nov 28 13:44:43 CST 2024
06-04 17:00:54.512 I/AmFFmpegExtractor( 605): Build-name: drm.autobuild
06-04 17:00:54.512 I/AmFFmpegExtractor( 605): -----------------------------------------
06-04 17:00:54.512 I/AmFFmpegExtractor( 605): media.ffmpegextractor.loglevel 16
06-04 17:00:54.512 I/AmFFmpegExtractor( 605): vendor.media.ffmpegextractor.ESLen264Check : 10
06-04 17:00:54.512 I/AmFFmpegExtractor( 605): vendor.media.ffmpegextractor.ESLen265Check : 50
06-04 17:00:54.512 I/AmFFmpegByteIOAdapter( 605): File size : 2301404
06-04 17:00:54.513 I/AmFFmpegExtractor( 605): AmFFmpegExtractor mInputFormat name {avi [(null)]}
06-04 17:00:54.530 I/AmFFmpegExtractor( 605): ///////////////start dump format
06-04 17:00:54.531 I/AmFFmpegExtractor( 605): [init 3386] video/avi
06-04 17:00:54.531 I/AmFFmpegExtractor( 605): isMusic major_brand:null
06-04 17:00:54.531 I/AmFFmpegExtractor( 605): Stream 0(0) [video/mp4v-es][codecid:0xc(0xc)] found.
06-04 17:00:54.531 I/AmFFmpegExtractor( 605): isDIVX : unsupported tag: DIVX.
06-04 17:00:54.531 I/AmFFmpegExtractor( 605): Stream 1(1) [audio/mpeg][codecid:0x15001(0x15001)] found.
06-04 17:00:54.531 I/AmFFmpegExtractor( 605): [AmFFmpegSource 717]startTimeUs:0, seekable:1
06-04 17:00:54.531 I/AmFFmpegExtractor( 605): [init 753](0xee340550)
06-04 17:00:54.531 E/AmFFmpegExtractor( 605): mAudioMuxRead 0
06-04 17:00:54.531 I/AmFFmpegExtractor( 605): init kKeyDuration = 15000000
06-04 17:00:54.531 I/AmFFmpegExtractor( 605): av_find_input_format is avi
06-04 17:00:54.531 I/AmFFmpegExtractor( 605): audio:demux: fmt = 8
06-04 17:00:54.531 I/AmFFmpegExtractor( 605): audio:demux: channels = 2
06-04 17:00:54.531 I/AmFFmpegExtractor( 605): audio:demux: sample_rate = 48000
06-04 17:00:54.531 I/AmFFmpegExtractor( 605): audio:demux: bit_rate = 128000
06-04 17:00:54.531 I/AmFFmpegExtractor( 605): audio:demux: codec_id = 86017
06-04 17:00:54.531 I/AmFFmpegExtractor( 605): audio:demux: stream startTimeUs = 0
06-04 17:00:54.531 I/AmFFmpegExtractor( 605): audio:demux: block_align = 1
06-04 17:00:54.531 E/AmFFmpegExtractor( 605): kKeyMediaLanguage audio lang null
06-04 17:00:54.532 I/AmFFmpegExtractor( 605): Mime:audio/mpeg
06-04 17:00:54.532 I/StreamFormatter( 605): Creating formatter for codec id : 86017 extradata size : 12
06-04 17:00:54.532 I/AmFFmpegExtractor( 605): [init 3565] mIsDolbyVison:0, i:1
06-04 17:00:54.532 I/AmFFmpegExtractor( 605): Not use Thread, by reason of has no activity audio or video.
06-04 17:00:54.537 I/AmFFmpegExtractor( 605): [~AmFFmpegSource 732]
06-04 17:00:54.538 I/AmFFmpegExtractor( 605): [~AmFFmpegExtractor 2720]
06-04 17:00:54.538 I/AmFFmpegExtractor( 605): [~AmFFmpegExtractor 2723]
06-04 17:00:54.538 W/RefBase ( 605): RefBase: Explicit destruction, weak count = 0 (in 0xea102764). Use sp<> to manage this object.
06-04 17:00:54.538 W/RefBase ( 605): CallStack::getCurrentInternal not linked, returning null
06-04 17:00:54.538 W/RefBase ( 605): CallStack::logStackInternal not linked
06-04 17:00:54.542 E/MetadataRetrieverClient( 608): unable to dlopen metadata_retriever extension: dlopen failed: library "libmetadataretriever_ext.so" not found
06-04 17:00:54.546 I/AmFFmpegExtractor( 605): fast startup in ffmpegextractor for avi stream.
06-04 17:00:54.546 I/AmFFmpegExtractor( 605): is in white list : 1
06-04 17:00:54.546 I/AmFFmpegExtractor( 605): SniffAmFFmpeg ok, confidence = 0.800000
06-04 17:00:54.558 W/AString ( 605): ctor got NULL, using empty string instead
06-04 17:00:54.558 I/AmFFmpegExtractor( 605):
06-04 17:00:54.558 I/AmFFmpegExtractor( 605): -----------AmFFmpegExtractor Info---------
06-04 17:00:54.558 I/AmFFmpegExtractor( 605):
06-04 17:00:54.558 I/AmFFmpegExtractor( 605): MM-module-name:Extractor,Version:5.1.7-g0c7d1d4(build:6351)
06-04 17:00:54.558 I/AmFFmpegExtractor( 605):
06-04 17:00:54.558 I/AmFFmpegExtractor( 605): ARCH = arm
06-04 17:00:54.558 I/AmFFmpegExtractor( 605): Author: multi-media team
06-04 17:00:54.558 I/AmFFmpegExtractor( 605): Branch name: * (HEAD detached at 0c7d1d4)
06-04 17:00:54.558 I/AmFFmpegExtractor( 605): Last Commit Info:
06-04 17:00:54.558 I/AmFFmpegExtractor( 605): commit 0c7d1d450b4d7ecd11fc2ddd21a6e67e11d0b24d
06-04 17:00:54.558 I/AmFFmpegExtractor( 605): Author: wang.ren
06-04 17:00:54.558 I/AmFFmpegExtractor( 605): Date: Mon Nov 18 08:39:16 2024 +0000
06-04 17:00:54.558 I/AmFFmpegExtractor( 605): AmFFmpegExtractor: CB2 invalid nal length when parse nal data [1/1]
06-04 17:00:54.558 I/AmFFmpegExtractor( 605): PD#SWPL-190774
06-04 17:00:54.558 I/AmFFmpegExtractor( 605): Change-Id: I639741fa67a5b027e7d8eaa1b588f753d2326e47
06-04 17:00:54.558 I/AmFFmpegExtractor( 605): Uncommitted-file-num:1
06-04 17:00:54.558 I/AmFFmpegExtractor( 605): Build-time: Thu Nov 28 13:44:43 CST 2024
06-04 17:00:54.558 I/AmFFmpegExtractor( 605): Build-name: drm.autobuild
06-04 17:00:54.558 I/AmFFmpegExtractor( 605): -----------------------------------------
06-04 17:00:54.558 I/AmFFmpegExtractor( 605): media.ffmpegextractor.loglevel 16
06-04 17:00:54.558 I/AmFFmpegExtractor( 605): vendor.media.ffmpegextractor.ESLen264Check : 10
06-04 17:00:54.558 I/AmFFmpegExtractor( 605): vendor.media.ffmpegextractor.ESLen265Check : 50
06-04 17:00:54.558 I/AmFFmpegByteIOAdapter( 605): File size : 15277006
06-04 17:00:54.559 I/AmFFmpegExtractor( 605): AmFFmpegExtractor mInputFormat name {avi [(null)]}
06-04 17:00:54.572 I/VDA ( 490): [0##5]"ServiceDeviceTask INs=1158/1165, OUTs=1156/1160"" {IN=7/8, OUT=9/13[kAtAccelerator(0) kAtDevice(4) kAtClient(9)]}"
06-04 17:00:54.594 I/AmFFmpegExtractor( 605): ///////////////start dump format
06-04 17:00:54.594 I/AmFFmpegExtractor( 605): [init 3386] video/avi
06-04 17:00:54.594 I/AmFFmpegExtractor( 605): isMusic major_brand:null
06-04 17:00:54.594 I/AmFFmpegExtractor( 605): Stream 0(0) [video/mp4v-es][codecid:0xc(0xc)] found.
06-04 17:00:54.594 I/AmFFmpegExtractor( 605): isDIVX : unsupported tag: DX50.
06-04 17:00:54.594 I/AmFFmpegExtractor( 605): Stream 1(1) [audio/raw][codecid:0x10000(0x10000)] found.
06-04 17:00:54.594 I/AmFFmpegExtractor( 605): [AmFFmpegSource 717]startTimeUs:0, seekable:1
06-04 17:00:54.594 I/AmFFmpegExtractor( 605): [init 753](0xee341510)
06-04 17:00:54.594 E/AmFFmpegExtractor( 605): mAudioMuxRead 0
06-04 17:00:54.594 I/AmFFmpegExtractor( 605): init kKeyDuration = 35869203
06-04 17:00:54.595 I/AmFFmpegExtractor( 605): av_find_input_format is avi
06-04 17:00:54.595 I/AmFFmpegExtractor( 605): audio:demux: fmt = 1
06-04 17:00:54.595 I/AmFFmpegExtractor( 605): audio:demux: channels = 2
06-04 17:00:54.595 I/AmFFmpegExtractor( 605): audio:demux: sample_rate = 48000
06-04 17:00:54.595 I/AmFFmpegExtractor( 605): audio:demux: bit_rate = 1536000
06-04 17:00:54.595 I/AmFFmpegExtractor( 605): audio:demux: codec_id = 65536
06-04 17:00:54.595 I/AmFFmpegExtractor( 605): audio:demux: stream startTimeUs = 0
06-04 17:00:54.595 I/AmFFmpegExtractor( 605): audio:demux: block_align = 4
06-04 17:00:54.595 E/AmFFmpegExtractor( 605): kKeyMediaLanguage audio lang null
06-04 17:00:54.595 I/AmFFmpegExtractor( 605): Mime:audio/raw
06-04 17:00:54.595 I/StreamFormatter( 605): Creating formatter for codec id : 65536 extradata size : 0
06-04 17:00:54.595 E/RAWFormatter( 605): RAWFormatter mAudioMuxRead 2
06-04 17:00:54.595 I/RAWFormatter( 605): bitdepth:16
06-04 17:00:54.595 I/AmFFmpegExtractor( 605): [init 3565] mIsDolbyVison:0, i:1
06-04 17:00:54.595 I/AmFFmpegExtractor( 605): Not use Thread, by reason of has no activity audio or video.
06-04 17:00:54.598 I/AmFFmpegExtractor( 605): [~AmFFmpegSource 732]
06-04 17:00:54.599 I/AmFFmpegExtractor( 605): [~AmFFmpegExtractor 2720]
06-04 17:00:54.599 I/AmFFmpegExtractor( 605): [~AmFFmpegExtractor 2723]
