06-04 12:13:03.117 D/CompatibilityChangeReporter( 693): Compat change id reported: 266124927; UID 10052; state: DISABLED
06-04 12:13:03.118 D/CompatibilityChangeReporter( 693): Compat change id reported: 265451093; UID 10052; state: DISABLED
06-04 12:13:03.118 D/CompatibilityChangeReporter( 693): Compat change id reported: 265456536; UID 10052; state: DISABLED
06-04 12:13:03.118 D/CompatibilityChangeReporter( 693): Compat change id reported: 255940284; UID 10052; state: DISABLED
06-04 12:13:03.119 D/CompatibilityChangeReporter( 693): Compat change id reported: 236283604; UID 10052; state: DISABLED
06-04 12:13:03.120 D/CompatibilityChangeReporter( 693): Compat change id reported: 263959004; UID 10052; state: DISABLED
06-04 12:13:03.120 D/CompatibilityChangeReporter( 693): Compat change id reported: 264304459; UID 10052; state: DISABLED
06-04 12:13:03.120 D/CompatibilityChangeReporter( 693): Compat change id reported: 264301586; UID 10052; state: DISABLED
06-04 12:13:03.121 D/CompatibilityChangeReporter( 693): Compat change id reported: 254631730; UID 10052; state: DISABLED
06-04 12:13:03.122 D/CompatibilityChangeReporter( 693): Compat change id reported: 273509367; UID 10052; state: DISABLED
06-04 12:13:03.122 D/CompatibilityChangeReporter( 693): Compat change id reported: 263259275; UID 10052; state: DISABLED
06-04 12:13:03.123 D/CompatibilityChangeReporter( 693): Compat change id reported: 174042980; UID 10052; state: DISABLED
06-04 12:13:03.125 D/CompatibilityChangeReporter( 693): Compat change id reported: 174042936; UID 10052; state: DISABLED
06-04 12:13:03.125 D/CompatibilityChangeReporter( 693): Compat change id reported: 181136395; UID 10052; state: DISABLED
06-04 12:13:03.129 D/CompatibilityChangeReporter( 693): Compat change id reported: 135634846; UID 10051; state: DISABLED
06-04 12:13:03.129 D/CompatibilityChangeReporter( 693): Compat change id reported: 177438394; UID 10051; state: DISABLED
06-04 12:13:03.129 D/CompatibilityChangeReporter( 693): Compat change id reported: 135772972; UID 10051; state: DISABLED
06-04 12:13:03.130 D/CompatibilityChangeReporter( 693): Compat change id reported: 135754954; UID 10051; state: ENABLED
06-04 12:13:03.138 D/CompatibilityChangeReporter( 693): Compat change id reported: 194480991; UID 10052; state: ENABLED
06-04 12:13:03.149 W/ActivityTaskManager( 693): startActivity called from non-Activity context; forcing Intent.FLAG_ACTIVITY_NEW_TASK for: Intent { flg=0x840000 cmp=com.android.systemui/.sensorprivacy.television.TvSensorPrivacyChangedActivity (has extras) }
06-04 12:13:03.157 D/CompatibilityChangeReporter( 693): Compat change id reported: 184838306; UID 10052; state: DISABLED
06-04 12:13:03.158 D/CompatibilityChangeReporter( 693): Compat change id reported: 185004937; UID 10052; state: DISABLED
06-04 12:13:03.162 D/CompatibilityChangeReporter( 693): Compat change id reported: 197654537; UID 10052; state: ENABLED
06-04 12:13:03.174 I/ActivityTaskManager( 693): START u0 {flg=0x840000 cmp=com.android.systemui/.sensorprivacy.television.TvSensorPrivacyChangedActivity (has extras)} with LAUNCH_SINGLE_TOP from uid 1000 (BAL_ALLOW_ALLOWLISTED_UID) result code=0
06-04 12:13:03.184 V/WindowManagerShell( 982): TvPipController init took 74ms
06-04 12:13:03.185 V/WindowManagerShell( 982): addHandler: KeyguardTransitionHandler
06-04 12:13:03.185 V/WindowManagerShell( 982): KeyguardTransitionHandler init took 0ms
06-04 12:13:03.188 D/ShellBackPreview( 982): Back animation enabled=false
06-04 12:13:03.188 V/WindowManagerShell( 982): Adding external interface from BackAnimationController with key extra_shell_back_animation
06-04 12:13:03.192 W/ActivityManager( 693): Slow operation: 68ms so far, now at finishAttachApplicationInner: after mServices.attachApplicationLocked
06-04 12:13:03.192 W/ActivityManager( 693): Slow operation: 68ms so far, now at finishAttachApplicationInner: after dispatching broadcasts
06-04 12:13:03.197 W/ActivityTaskManager( 693): startActivity called from non-Activity context; forcing Intent.FLAG_ACTIVITY_NEW_TASK for: Intent { flg=0x840000 cmp=com.android.systemui/.sensorprivacy.television.TvSensorPrivacyChangedActivity (has extras) }
06-04 12:13:03.199 V/WindowManagerShell( 982): BackAnimationController init took 14ms
06-04 12:13:03.200 V/ShellDragAndDrop( 982): Display added: 0
06-04 12:13:03.202 I/ActivityTaskManager( 693): START u0 {flg=0x840000 cmp=com.android.systemui/.sensorprivacy.television.TvSensorPrivacyChangedActivity (has extras)} with LAUNCH_SINGLE_TOP from uid 1000 (BAL_ALLOW_ALLOWLISTED_UID) result code=3
06-04 12:13:03.209 W/ActivityTaskManager( 693): startActivity called from non-Activity context; forcing Intent.FLAG_ACTIVITY_NEW_TASK for: Intent { flg=0x840000 cmp=com.android.systemui/.sensorprivacy.television.TvSensorPrivacyChangedActivity (has extras) }
06-04 12:13:03.216 I/ActivityManager( 693): Process WebViewLoader-armeabi-v7a (pid 1021) has died: psvc PER
06-04 12:13:03.224 I/ActivityTaskManager( 693): START u0 {flg=0x840000 cmp=com.android.systemui/.sensorprivacy.television.TvSensorPrivacyChangedActivity (has extras)} with LAUNCH_SINGLE_TOP from uid 1000 (BAL_ALLOW_ALLOWLISTED_UID) result code=3
06-04 12:13:03.229 D/DisplayManagerService( 693): Drop pending events for gone uid 1037
06-04 12:13:03.235 D/OomAdjuster( 693): Not killing cached processes
06-04 12:13:03.242 D/CompatibilityChangeReporter( 693): Compat change id reported: 253665015; UID 1073; state: ENABLED
06-04 12:13:03.242 D/CompatibilityChangeReporter( 693): Compat change id reported: 194532703; UID 1073; state: ENABLED
06-04 12:13:03.249 D/CompatibilityChangeReporter( 693): Compat change id reported: 171306433; UID 1000; state: ENABLED
06-04 12:13:03.252 W/ActivityTaskManager( 693): startActivity called from non-Activity context; forcing Intent.FLAG_ACTIVITY_NEW_TASK for: Intent { flg=0x840000 cmp=com.android.systemui/.sensorprivacy.television.TvSensorPrivacyChangedActivity (has extras) }
06-04 12:13:03.255 W/WindowManager( 693): [addWindow] title:ShellDropTarget
06-04 12:13:03.262 I/ActivityTaskManager( 693): START u0 {flg=0x840000 cmp=com.android.systemui/.sensorprivacy.television.TvSensorPrivacyChangedActivity (has extras)} with LAUNCH_SINGLE_TOP from uid 1000 (BAL_ALLOW_ALLOWLISTED_UID) result code=3
06-04 12:13:03.262 W/SystemServiceManager( 693): Service com.android.server.sensorprivacy.SensorPrivacyService took 177 ms in onStartUser-0
06-04 12:13:03.262 D/SystemServerTimingAsync( 693): ssm.onStartUser-0_com.android.server.sensors.SensorService
06-04 12:13:03.262 D/SystemServerTimingAsync( 693): ssm.onStartUser-0_com.android.server.SystemConfigService
06-04 12:13:03.262 D/SystemServerTimingAsync( 693): ssm.onStartUser-0_com.android.server.BatteryService
06-04 12:13:03.262 D/SystemServerTimingAsync( 693): ssm.onStartUser-0_com.android.server.usage.UsageStatsService
06-04 12:13:03.262 D/SystemServerTimingAsync( 693): ssm.onStartUser-0_com.android.server.webkit.WebViewUpdateService
06-04 12:13:03.262 D/SystemServerTimingAsync( 693): ssm.onStartUser-0_com.android.server.CachedDeviceStateService
06-04 12:13:03.262 D/SystemServerTimingAsync( 693): ssm.onStartUser-0_com.android.server.BinderCallsStatsService$LifeCycle
06-04 12:13:03.265 D/SystemServerTimingAsync( 693): ssm.onStartUser-0_com.android.server.LooperStatsService$Lifecycle
06-04 12:13:03.265 D/SystemServerTimingAsync( 693): ssm.onStartUser-0_com.android.server.rollback.RollbackManagerService
06-04 12:13:03.265 D/SystemServerTimingAsync( 693): ssm.onStartUser-0_com.android.server.os.NativeTombstoneManagerService
06-04 12:13:03.265 D/SystemServerTimingAsync( 693): ssm.onStartUser-0_com.android.server.os.BugreportManagerService
06-04 12:13:03.265 D/SystemServerTimingAsync( 693): ssm.onStartUser-0_com.android.server.gpu.GpuService
06-04 12:13:03.265 D/SystemServerTimingAsync( 693): ssm.onStartUser-0_com.android.server.security.rkp.RemoteProvisioningService
06-04 12:13:03.265 D/SystemServerTimingAsync( 693): ssm.onStartUser-0_com.android.server.security.KeyChainSystemService
06-04 12:13:03.265 D/SystemServerTimingAsync( 693): ssm.onStartUser-0_com.android.server.BinaryTransparencyService
06-04 12:13:03.265 D/SystemServerTimingAsync( 693): ssm.onStartUser-0_com.android.server.accounts.AccountManagerService$Lifecycle
06-04 12:13:03.265 D/SystemServerTimingAsync( 693): ssm.onStartUser-0_com.android.server.content.ContentService$Lifecycle
06-04 12:13:03.266 D/GameManagerService( 693): User ID '0' does not have a Game Mode selected for package: 'com.android.systemui'
06-04 12:13:03.266 D/SystemServerTimingAsync( 693): ssm.onStartUser-0_com.android.server.deviceconfig.DeviceConfigInit$Lifecycle
06-04 12:13:03.266 D/SystemServerTimingAsync( 693): ssm.onStartUser-0_com.android.server.DropBoxManagerService
06-04 12:13:03.266 D/SystemServerTimingAsync( 693): ssm.onStartUser-0_com.android.role.RoleService
06-04 12:13:03.287 D/WindowManagerShell( 982): TvPipController: onImeVisibilityChanged(), visible=false, height=0
06-04 12:13:03.287 D/SystemServerTimingAsync( 693): ssm.onStartUser-0_com.android.server.vibrator.VibratorManagerService$Lifecycle
06-04 12:13:03.287 D/SystemServerTimingAsync( 693): ssm.onStartUser-0_com.android.server.tare.InternalResourceService
06-04 12:13:03.287 D/SystemServerTimingAsync( 693): ssm.onStartUser-0_com.android.server.alarm.AlarmManagerService
06-04 12:13:03.288 D/SystemServerTimingAsync( 693): ssm.onStartUser-0_com.android.server.devicestate.DeviceStateManagerService
06-04 12:13:03.288 D/SystemServerTimingAsync( 693): ssm.onStartUser-0_com.android.server.camera.CameraServiceProxy
06-04 12:13:03.290 D/SystemServerTimingAsync( 693): ssm.onStartUser-0_com.android.server.bluetooth.BluetoothService
06-04 12:13:03.303 D/CoreBackPreview( 693): Window{17eb0ad u0 ShellDropTarget}: Setting back callback OnBackInvokedCallbackInfo{mCallback=android.window.IOnBackInvokedCallback$Stub$Proxy@987658c, mPriority=0, mIsAnimationCallback=false}
06-04 12:13:03.308 D/CompatibilityChangeReporter( 693): Compat change id reported: 135634846; UID 1002; state: DISABLED
06-04 12:13:03.350 I/ActivityManager( 693): Start proc 1104:com.android.bluetooth/1002 for service {com.android.bluetooth/com.android.bluetooth.btservice.AdapterService}
06-04 12:13:03.382 W/SystemServiceManager( 693): Service com.android.server.bluetooth.BluetoothService took 92 ms in onStartUser-0
06-04 12:13:03.382 D/SystemServerTimingAsync( 693): ssm.onStartUser-0_com.android.server.connectivity.IpConnectivityMetrics
06-04 12:13:03.382 D/SystemServerTimingAsync( 693): ssm.onStartUser-0_com.android.server.net.watchlist.NetworkWatchlistService$Lifecycle
06-04 12:13:03.382 D/SystemServerTimingAsync( 693): ssm.onStartUser-0_com.android.server.PinnerService
06-04 12:13:03.382 D/SystemServerTimingAsync( 693): ssm.onStartUser-0_com.android.server.integrity.AppIntegrityManagerService
06-04 12:13:03.382 D/SystemServerTimingAsync( 693): ssm.onStartUser-0_com.android.server.logcat.LogcatManagerService
06-04 12:13:03.382 D/SystemServerTimingAsync( 693): ssm.onStartUser-0_com.android.server.inputmethod.InputMethodManagerService$Lifecycle
06-04 12:13:03.382 D/SystemServerTimingAsync( 693): ssm.onStartUser-0_com.android.server.accessibility.AccessibilityManagerService$Lifecycle
06-04 12:13:03.382 D/SystemServerTimingAsync( 693): ssm.onStartUser-0_com.android.server.StorageManagerService$Lifecycle
06-04 12:13:03.384 V/StorageManagerService( 693): Package com.dangbei.lerad.leradwatcher has legacy storage
06-04 12:13:03.385 V/StorageManagerService( 693): Package com.android.cts.priv.ctsshim does not have legacy storage
06-04 12:13:03.385 V/StorageManagerService( 693): Package com.android.uwb.resources does not have legacy storage
06-04 12:13:03.385 V/StorageManagerService( 693): Package com.android.adservices.api does not have legacy storage
06-04 12:13:03.385 V/StorageManagerService( 693): Package com.android.dynsystem does not have legacy storage
06-04 12:13:03.385 V/StorageManagerService( 693): Package com.dangbei.lerad.rocky does not have legacy storage
06-04 12:13:03.385 V/StorageManagerService( 693): Package com.android.healthconnect.controller does not have legacy storage
06-04 12:13:03.385 V/StorageManagerService( 693): Package com.android.providers.calendar does not have legacy storage
06-04 12:13:03.387 V/StorageManagerService( 693): Package com.android.tv.settings does not have legacy storage
06-04 12:13:03.387 V/StorageManagerService( 693): Package com.android.providers.media does not have legacy storage
06-04 12:13:03.387 V/StorageManagerService( 693): Package com.android.health.connect.backuprestore does not have legacy storage
06-04 12:13:03.387 V/StorageManagerService( 693): Package com.android.virtualmachine.res does not have legacy storage
06-04 12:13:03.387 V/StorageManagerService( 693): Package com.dangbei.zhushou.os does not have legacy storage
06-04 12:13:03.387 V/StorageManagerService( 693): Package com.sohu.inputmethod.sogou.tv has legacy storage
06-04 12:13:03.387 V/StorageManagerService( 693): Package com.droidlogic.tvprovider.overlay does not have legacy storage
06-04 12:13:03.387 V/StorageManagerService( 693): Package com.android.externalstorage does not have legacy storage
06-04 12:13:03.387 V/StorageManagerService( 693): Package com.android.htmlviewer does not have legacy storage
06-04 12:13:03.387 V/StorageManagerService( 693): Package com.android.companiondevicemanager does not have legacy storage
06-04 12:13:03.387 V/StorageManagerService( 693): Package com.android.providers.downloads does not have legacy storage
06-04 12:13:03.387 V/StorageManagerService( 693): Package com.android.providers.tv does not have legacy storage
06-04 12:13:03.388 V/StorageManagerService( 693): Package com.droidlogic.mediacenter does not have legacy storage
06-04 12:13:03.388 V/StorageManagerService( 693): Package com.android.federatedcompute.services does not have legacy storage
06-04 12:13:03.388 V/StorageManagerService( 693): Package com.droidlogic does not have legacy storage
06-04 12:13:03.388 V/StorageManagerService( 693): Package com.droidlogic.tv.settings does not have legacy storage
06-04 12:13:03.388 V/StorageManagerService( 693): Package com.oranth.ledstatus does not have legacy storage
06-04 12:13:03.388 V/StorageManagerService( 693): Package com.android.tv.overlay.lps.disabled does not have legacy storage
06-04 12:13:03.388 V/StorageManagerService( 693): Package com.dangbei.lerad.videoposter has legacy storage
06-04 12:13:03.388 V/StorageManagerService( 693): Package com.android.tv.overlay.settingsprovider does not have legacy storage
06-04 12:13:03.388 V/StorageManagerService( 693): Package com.android.safetycenter.resources does not have legacy storage
06-04 12:13:03.388 V/StorageManagerService( 693): Package com.android.pacprocessor does not have legacy storage
06-04 12:13:03.388 V/StorageManagerService( 693): Package com.android.networkstack does not have legacy storage
06-04 12:13:03.388 V/StorageManagerService( 693): Package com.android.connectivity.resources does not have legacy storage
06-04 12:13:03.388 V/StorageManagerService( 693): Package com.android.modulemetadata does not have legacy storage
06-04 12:13:03.388 V/StorageManagerService( 693): Package com.android.certinstaller does not have legacy storage
06-04 12:13:03.388 V/StorageManagerService( 693): Package com.android.wifi.dialog does not have legacy storage
06-04 12:13:03.388 V/StorageManagerService( 693): Package android does not have legacy storage
06-04 12:13:03.388 V/StorageManagerService( 693): Package com.android.camera2 does not have legacy storage
06-04 12:13:03.388 V/StorageManagerService( 693): Package com.android.mtp does not have legacy storage
06-04 12:13:03.388 V/StorageManagerService( 693): Package com.android.backupconfirm does not have legacy storage
06-04 12:13:03.388 V/StorageManagerService( 693): Package com.android.systemui.auto_generated_rro_vendor__ does not have legacy storage
06-04 12:13:03.388 V/StorageManagerService( 693): Package com.android.tv.overlay.networkstack does not have legacy storage
06-04 12:13:03.388 V/StorageManagerService( 693): Package com.android.statementservice does not have legacy storage
06-04 12:13:03.388 V/StorageManagerService( 693): Package com.dangbei.screencast has legacy storage
06-04 12:13:03.388 V/StorageManagerService( 693): Package com.android.settings.intelligence does not have legacy storage
06-04 12:13:03.388 V/StorageManagerService( 693): Package com.dangbei.leard.leradlauncher does not have legacy storage
06-04 12:13:03.388 V/StorageManagerService( 693): Package com.android.providers.settings does not have legacy storage
06-04 12:13:03.389 V/StorageManagerService( 693): Package com.android.sharedstoragebackup does not have legacy storage
06-04 12:13:03.389 V/StorageManagerService( 693): Package com.android.printspooler does not have legacy storage
06-04 12:13:03.389 V/StorageManagerService( 693): Package com.android.dreams.basic does not have legacy storage
06-04 12:13:03.389 V/StorageManagerService( 693): Package com.android.webview does not have legacy storage
06-04 12:13:03.389 V/StorageManagerService( 693): Package com.android.se does not have legacy storage
06-04 12:13:03.389 V/StorageManagerService( 693): Package com.android.inputdevices does not have legacy storage
06-04 12:13:03.389 V/StorageManagerService( 693): Package com.android.rkpdapp does not have legacy storage
06-04 12:13:03.389 V/StorageManagerService( 693): Package com.android.tv.overlay.wifi.resources does not have legacy storage
06-04 12:13:03.389 V/StorageManagerService( 693): Package com.oranth.inputmacsn does not have legacy storage
06-04 12:13:03.389 V/StorageManagerService( 693): Package com.android.musicfx does not have legacy storage
06-04 12:13:03.389 V/StorageManagerService( 693): Package com.dangbei.hqguide does not have legacy storage
06-04 12:13:03.389 V/StorageManagerService( 693): Package com.droidlogic.systemui.overlay does not have legacy storage
06-04 12:13:03.389 V/StorageManagerService( 693): Package android.ext.shared does not have legacy storage
06-04 12:13:03.389 V/StorageManagerService( 693): Package com.android.keychain does not have legacy storage
06-04 12:13:03.389 V/StorageManagerService( 693): Package com.dlg.framework.overlay does not have legacy storage
06-04 12:13:03.389 V/StorageManagerService( 693): Package android.ext.services does not have legacy storage
06-04 12:13:03.389 V/StorageManagerService( 693): Package com.android.wifi.resources does not have legacy storage
06-04 12:13:03.389 V/StorageManagerService( 693): Package com.android.cameraextensions does not have legacy storage
06-04 12:13:03.389 V/StorageManagerService( 693): Package com.android.localtransport does not have legacy storage
06-04 12:13:03.389 V/StorageManagerService( 693): Package com.android.networkstack.tethering.droidlogic does not have legacy storage
06-04 12:13:03.389 V/StorageManagerService( 693): Package com.droidlogic.mictoggle does not have legacy storage
06-04 12:13:03.389 V/StorageManagerService( 693): Package com.android.packageinstaller does not have legacy storage
06-04 12:13:03.389 V/StorageManagerService( 693): Package com.cskj.factorytest does not have legacy storage
06-04 12:13:03.389 V/StorageManagerService( 693): Package com.android.proxyhandler does not have legacy storage
06-04 12:13:03.389 V/StorageManagerService( 693): Package com.android.intentresolver does not have legacy storage
06-04 12:13:03.389 V/StorageManagerService( 693): Package com.android.nearby.halfsheet does not have legacy storage
06-04 12:13:03.389 V/StorageManagerService( 693): Package com.android.managedprovisioning does not have legacy storage
06-04 12:13:03.390 V/StorageManagerService( 693): Package com.oranth.usbopenft does not have legacy storage
06-04 12:13:03.390 V/StorageManagerService( 693): Package com.android.networkstack.tethering does not have legacy storage
06-04 12:13:03.390 V/StorageManagerService( 693): Package com.android.soundpicker does not have legacy storage
06-04 12:13:03.390 V/StorageManagerService( 693): Package com.dangbei.lerad.etna.haqu does not have legacy storage
06-04 12:13:03.390 V/StorageManagerService( 693): Package com.droidlogic.miracast does not have legacy storage
06-04 12:13:03.390 V/StorageManagerService( 693): Package com.amlogic.tv.overlay.matchcontent does not have legacy storage
06-04 12:13:03.390 V/StorageManagerService( 693): Package com.droidlogic.wifitetheringoverlay does not have legacy storage
06-04 12:13:03.390 V/StorageManagerService( 693): Package com.tv.filemanager.os has legacy storage
06-04 12:13:03.390 V/StorageManagerService( 693): Package com.oranth.powerwindow does not have legacy storage
06-04 12:13:03.390 V/StorageManagerService( 693): Package com.android.cts.ctsshim does not have legacy storage
06-04 12:13:03.390 V/StorageManagerService( 693): Package com.dangbei.lerad.screensaver does not have legacy storage
06-04 12:13:03.390 V/StorageManagerService( 693): Package com.droidlogic.wifion does not have legacy storage
06-04 12:13:03.390 V/StorageManagerService( 693): Package com.android.vpndialogs does not have legacy storage
06-04 12:13:03.390 V/StorageManagerService( 693): Package com.android.music does not have legacy storage
06-04 12:13:03.390 V/StorageManagerService( 693): Package com.android.shell does not have legacy storage
06-04 12:13:03.390 V/StorageManagerService( 693): Package com.android.sdksandbox does not have legacy storage
06-04 12:13:03.390 V/StorageManagerService( 693): Package com.android.wallpaperbackup does not have legacy storage
06-04 12:13:03.390 V/StorageManagerService( 693): Package com.android.providers.userdictionary does not have legacy storage
06-04 12:13:03.390 V/StorageManagerService( 693): Package com.android.providers.media.module does not have legacy storage
06-04 12:13:03.390 V/StorageManagerService( 693): Package com.oranth.storage does not have legacy storage
06-04 12:13:03.390 V/StorageManagerService( 693): Package com.android.hotspot2.osulogin does not have legacy storage
06-04 12:13:03.390 V/StorageManagerService( 693): Package com.android.location.fused does not have legacy storage
06-04 12:13:03.390 V/StorageManagerService( 693): Package com.android.deskclock does not have legacy storage
06-04 12:13:03.390 V/StorageManagerService( 693): Package com.android.systemui does not have legacy storage
06-04 12:13:03.390 V/StorageManagerService( 693): Package com.dangbei.haqusetting does not have legacy storage
06-04 12:13:03.390 V/StorageManagerService( 693): Package com.android.tv.overlay.framework does not have legacy storage
06-04 12:13:03.390 V/StorageManagerService( 693): Package com.android.permissioncontroller does not have legacy storage
06-04 12:13:03.391 V/StorageManagerService( 693): Package com.droidlogic.appinstall does not have legacy storage
06-04 12:13:03.391 V/StorageManagerService( 693): Package com.android.ondevicepersonalization.services does not have legacy storage
06-04 12:13:03.391 V/StorageManagerService( 693): Package com.android.bluetooth does not have legacy storage
06-04 12:13:03.391 V/StorageManagerService( 693): Package com.android.providers.contacts does not have legacy storage
06-04 12:13:03.391 V/StorageManagerService( 693): Package com.android.captiveportallogin does not have legacy storage
06-04 12:13:03.391 V/StorageManagerService( 693): Package com.droidlogic.overlay does not have legacy storage
06-04 12:13:03.391 V/StorageManagerService( 693): Package com.android.devicelockcontroller does not have legacy storage
06-04 12:13:03.391 V/StorageManagerService( 693): Package com.android.ext.adservices.api does not have legacy storage
06-04 12:13:03.391 V/StorageManagerService( 693): Package android.auto_generated_rro_vendor__ does not have legacy storage
06-04 12:13:03.392 D/SystemServerTimingAsync( 693): ssm.onStartUser-0_com.android.server.usage.StorageStatsService$Lifecycle
06-04 12:13:03.392 D/SystemServerTimingAsync( 693): ssm.onStartUser-0_com.android.server.UiModeManagerService
06-04 12:13:03.392 D/SystemServerTimingAsync( 693): ssm.onStartUser-0_com.android.server.locales.LocaleManagerService
06-04 12:13:03.392 D/SystemServerTimingAsync( 693): ssm.onStartUser-0_com.android.server.grammaticalinflection.GrammaticalInflectionService
06-04 12:13:03.392 D/SystemServerTimingAsync( 693): ssm.onStartUser-0_com.android.server.apphibernation.AppHibernationService
06-04 12:13:03.392 D/SystemServerTimingAsync( 693): ssm.onStartUser-0_com.android.server.locksettings.LockSettingsService$Lifecycle
06-04 12:13:03.392 D/SystemServerTimingAsync( 693): ssm.onStartUser-0_com.android.server.PersistentDataBlockService
06-04 12:13:03.392 D/SystemServerTimingAsync( 693): ssm.onStartUser-0_com.android.server.testharness.TestHarnessModeService
06-04 12:13:03.392 D/SystemServerTimingAsync( 693): ssm.onStartUser-0_com.android.server.oemlock.OemLockService
06-04 12:13:03.392 D/SystemServerTimingAsync( 693): ssm.onStartUser-0_com.android.server.DeviceIdleController
06-04 12:13:03.392 D/SystemServerTimingAsync( 693): ssm.onStartUser-0_com.android.server.devicepolicy.DevicePolicyManagerService$Lifecycle
06-04 12:13:03.415 E/NetlinkListener( 251): recvmsg failed (No buffer space available)
06-04 12:13:03.419 D/SystemServerTimingAsync( 693): ssm.onStartUser-0_com.android.server.texttospeech.TextToSpeechManagerService
06-04 12:13:03.419 D/SystemServerTimingAsync( 693): ssm.onStartUser-0_com.android.server.ambientcontext.AmbientContextManagerService
06-04 12:13:03.419 D/SystemServerTimingAsync( 693): ssm.onStartUser-0_com.android.server.wearable.WearableSensingManagerService
06-04 12:13:03.419 D/SystemServerTimingAsync( 693): ssm.onStartUser-0_com.android.server.speech.SpeechRecognitionManagerService
06-04 12:13:03.419 D/SystemServerTimingAsync( 693): ssm.onStartUser-0_com.android.server.searchui.SearchUiManagerService
06-04 12:13:03.419 D/SystemServerTimingAsync( 693): ssm.onStartUser-0_com.android.server.smartspace.SmartspaceManagerService
06-04 12:13:03.419 D/SystemServerTimingAsync( 693): ssm.onStartUser-0_com.android.server.graphics.fonts.FontManagerService$Lifecycle
06-04 12:13:03.419 D/SystemServerTimingAsync( 693): ssm.onStartUser-0_com.android.server.textservices.TextServicesManagerService$Lifecycle
06-04 12:13:03.419 D/SystemServerTimingAsync( 693): ssm.onStartUser-0_com.android.server.textclassifier.TextClassificationManagerService$Lifecycle
06-04 12:13:03.421 D/SystemServerTimingAsync( 693): ssm.onStartUser-0_com.android.server.NetworkScoreService$Lifecycle
06-04 12:13:03.421 D/SystemServerTimingAsync( 693): ssm.onStartUser-0_com.android.server.NetworkStatsServiceInitializer
06-04 12:13:03.421 D/SystemServerTimingAsync( 693): ssm.onStartUser-0_com.android.server.wifi.WifiService
06-04 12:13:03.421 D/SystemServerTimingAsync( 693): ssm.onStartUser-0_com.android.server.wifi.scanner.WifiScanningService
06-04 12:13:03.421 D/SystemServerTimingAsync( 693): ssm.onStartUser-0_com.android.server.wifi.p2p.WifiP2pService
06-04 12:13:03.421 D/SystemServerTimingAsync( 693): ssm.onStartUser-0_com.android.server.ConnectivityServiceInitializer
06-04 12:13:03.421 D/SystemServerTimingAsync( 693): ssm.onStartUser-0_com.android.server.notification.NotificationManagerService
06-04 12:13:03.421 D/SystemServerTimingAsync( 693): ssm.onStartUser-0_com.android.server.storage.DeviceStorageMonitorService
06-04 12:13:03.421 D/SystemServerTimingAsync( 693): ssm.onStartUser-0_com.android.server.timedetector.TimeDetectorService$Lifecycle
06-04 12:13:03.421 D/SystemServerTimingAsync( 693): ssm.onStartUser-0_com.android.server.location.LocationManagerService$Lifecycle
06-04 12:13:03.421 D/SystemServerTimingAsync( 693): ssm.onStartUser-0_com.android.server.timezonedetector.TimeZoneDetectorService$Lifecycle
06-04 12:13:03.421 D/SystemServerTimingAsync( 693): ssm.onStartUser-0_com.android.server.location.altitude.AltitudeService$Lifecycle
06-04 12:13:03.421 D/SystemServerTimingAsync( 693): ssm.onStartUser-0_com.android.server.timezonedetector.location.LocationTimeZoneManagerService$Lifecycle
06-04 12:13:03.421 D/SystemServerTimingAsync( 693): ssm.onStartUser-0_com.android.server.search.SearchManagerService$Lifecycle
06-04 12:13:03.421 D/SystemServerTimingAsync( 693): ssm.onStartUser-0_com.android.server.wallpaper.WallpaperManagerService$Lifecycle
06-04 12:13:03.421 D/SystemServerTimingAsync( 693): ssm.onStartUser-0_com.android.server.wallpapereffectsgeneration.WallpaperEffectsGenerationManagerService
06-04 12:13:03.421 D/SystemServerTimingAsync( 693): ssm.onStartUser-0_com.android.server.audio.AudioService$Lifecycle
06-04 12:13:03.421 D/SystemServerTimingAsync( 693): ssm.onStartUser-0_com.android.server.soundtrigger_middleware.SoundTriggerMiddlewareService$Lifecycle
06-04 12:13:03.421 D/SystemServerTimingAsync( 693): ssm.onStartUser-0_com.android.server.adb.AdbService$Lifecycle
06-04 12:13:03.421 D/SystemServerTimingAsync( 693): ssm.onStartUser-0_com.android.server.usb.UsbService$Lifecycle
06-04 12:13:03.421 D/SystemServerTimingAsync( 693): ssm.onStartUser-0_com.android.server.twilight.TwilightService
06-04 12:13:03.421 D/SystemServerTimingAsync( 693): ssm.onStartUser-0_com.android.server.display.color.ColorDisplayService
06-04 12:13:03.421 D/SystemServerTimingAsync( 693): ssm.onStartUser-0_com.android.server.job.JobSchedulerService
06-04 12:13:03.422 D/SystemServerTimingAsync( 693): ssm.onStartUser-0_com.android.server.soundtrigger.SoundTriggerService
06-04 12:13:03.422 D/SystemServerTimingAsync( 693): ssm.onStartUser-0_com.android.server.trust.TrustManagerService
06-04 12:13:03.422 D/SystemServerTimingAsync( 693): ssm.onStartUser-0_com.android.server.backup.BackupManagerService$Lifecycle
06-04 12:13:03.422 D/SystemServerTimingAsync( 693): ssm.onStartUser-0_com.android.server.appwidget.AppWidgetService
06-04 12:13:03.422 D/SystemServerTimingAsync( 693): ssm.onStartUser-0_com.android.server.voiceinteraction.VoiceInteractionManagerService
06-04 12:13:03.422 W/VoiceInteractionManager( 693): no available voice recognition services found for user 0
06-04 12:13:03.422 D/SystemServerTimingAsync( 693): ssm.onStartUser-0_com.android.server.GestureLauncherService
06-04 12:13:03.422 D/SystemServerTimingAsync( 693): ssm.onStartUser-0_com.android.server.SensorNotificationService
06-04 12:13:03.422 D/SystemServerTimingAsync( 693): ssm.onStartUser-0_com.android.server.emergency.EmergencyAffordanceService
06-04 12:13:03.426 D/SystemServerTimingAsync( 693): ssm.onStartUser-0_com.android.server.blob.BlobStoreManagerService
06-04 12:13:03.426 D/SystemServerTimingAsync( 693): ssm.onStartUser-0_com.android.server.dreams.DreamManagerService
06-04 12:13:03.426 D/SystemServerTimingAsync( 693): ssm.onStartUser-0_com.android.server.security.AttestationVerificationManagerService
06-04 12:13:03.426 D/SystemServerTimingAsync( 693): ssm.onStartUser-0_com.android.server.restrictions.RestrictionsManagerService
06-04 12:13:03.426 D/SystemServerTimingAsync( 693): ssm.onStartUser-0_com.android.server.media.MediaSessionService
06-04 12:13:03.426 D/SystemServerTimingAsync( 693): ssm.onStartUser-0_com.android.server.hdmi.HdmiControlService
06-04 12:13:03.426 D/SystemServerTimingAsync( 693): ssm.onStartUser-0_com.android.server.tv.interactive.TvInteractiveAppManagerService
06-04 12:13:03.426 D/SystemServerTimingAsync( 693): ssm.onStartUser-0_com.android.server.tv.TvInputManagerService
06-04 12:13:03.426 D/SystemServerTimingAsync( 693): ssm.onStartUser-0_com.android.server.media.MediaResourceMonitorService
06-04 12:13:03.427 D/SystemServerTimingAsync( 693): ssm.onStartUser-0_com.android.server.tv.TvRemoteService
06-04 12:13:03.427 D/SystemServerTimingAsync( 693): ssm.onStartUser-0_com.android.server.biometrics.BiometricService
06-04 12:13:03.427 D/SystemServerTimingAsync( 693): ssm.onStartUser-0_com.android.server.biometrics.AuthService
06-04 12:13:03.427 D/SystemServerTimingAsync( 693): ssm.onStartUser-0_com.android.server.pm.ShortcutService$Lifecycle
06-04 12:13:03.427 D/SystemServerTimingAsync( 693): ssm.onStartUser-0_com.android.server.pm.LauncherAppsService
06-04 12:13:03.427 D/SystemServerTimingAsync( 693): ssm.onStartUser-0_com.android.server.pm.CrossProfileAppsService
06-04 12:13:03.427 D/SystemServerTimingAsync( 693): ssm.onStartUser-0_com.android.server.people.PeopleService
06-04 12:13:03.427 D/SystemServerTimingAsync( 693): ssm.onStartUser-0_com.android.server.media.metrics.MediaMetricsManagerService
06-04 12:13:03.427 D/SystemServerTimingAsync( 693): ssm.onStartUser-0_com.android.server.pm.BackgroundInstallControlService
06-04 12:13:03.427 D/SystemServerTimingAsync( 693): ssm.onStartUser-0_com.android.server.media.projection.MediaProjectionManagerService
06-04 12:13:03.427 D/SystemServerTimingAsync( 693): ssm.onStartUser-0_com.android.server.slice.SliceManagerService$Lifecycle
06-04 12:13:03.427 D/SystemServerTimingAsync( 693): ssm.onStartUser-0_com.android.server.stats.StatsCompanion$Lifecycle
06-04 12:13:03.427 D/SystemServerTimingAsync( 693): ssm.onStartUser-0_com.android.server.scheduling.RebootReadinessManagerService$Lifecycle
06-04 12:13:03.427 D/SystemServerTimingAsync( 693): ssm.onStartUser-0_com.android.server.stats.pull.StatsPullAtomService
06-04 12:13:03.427 D/SystemServerTimingAsync( 693): ssm.onStartUser-0_com.android.server.stats.bootstrap.StatsBootstrapAtomService$Lifecycle
06-04 12:13:03.427 D/SystemServerTimingAsync( 693): ssm.onStartUser-0_com.android.server.incident.IncidentCompanionService
06-04 12:13:03.427 D/SystemServerTimingAsync( 693): ssm.onStartUser-0_com.android.server.sdksandbox.SdkSandboxManagerService$Lifecycle
06-04 12:13:03.427 D/SystemServerTimingAsync( 693): ssm.onStartUser-0_com.android.server.adservices.AdServicesManagerService$Lifecycle
06-04 12:13:03.427 D/SystemServerTimingAsync( 693): ssm.onStartUser-0_com.android.server.ondevicepersonalization.OnDevicePersonalizationSystemService$Lifecycle
06-04 12:13:03.427 D/SystemServerTimingAsync( 693): ssm.onStartUser-0_com.android.server.autofill.AutofillManagerService
06-04 12:13:03.427 D/SystemServerTimingAsync( 693): ssm.onStartUser-0_com.android.server.clipboard.ClipboardService
06-04 12:13:03.427 D/SystemServerTimingAsync( 693): ssm.onStartUser-0_com.android.server.appbinding.AppBindingService$Lifecycle
06-04 12:13:03.427 W/AppBindingService( 693): [Default SMS app] u0 Target package not found
06-04 12:13:03.427 D/SystemServerTimingAsync( 693): ssm.onStartUser-0_com.android.server.tracing.TracingServiceProxy
06-04 12:13:03.427 D/SystemServerTimingAsync( 693): ssm.onStartUser-0_com.android.server.policy.PermissionPolicyService
06-04 12:13:03.427 D/SystemServerTimingAsync( 693): ssm.onStartUser-0_com.android.server.pm.StagingManager$Lifecycle
06-04 12:13:03.428 D/SystemServerTimingAsync( 693): ssm.onStartUser-0_com.android.server.app.GameManagerService$Lifecycle
06-04 12:13:03.428 D/GameManagerService( 693): Starting user 0
06-04 12:13:03.429 V/GameManagerService_GameManagerSettings( 693): Settings file doesn't exist, skip reading
06-04 12:13:03.429 D/SystemServerTimingAsync( 693): ssm.onStartUser-0_com.android.safetycenter.SafetyCenterService
06-04 12:13:03.429 D/SystemServerTimingAsync( 693): ssm.onStartUser-0_com.android.server.appsearch.AppSearchModule$Lifecycle
06-04 12:13:03.429 D/SystemServerTimingAsync( 693): ssm.onStartUser-0_com.android.server.media.MediaCommunicationService
06-04 12:13:03.429 D/SystemServerTimingAsync( 693): ssm.onStartUser-0_com.android.server.compat.overrides.AppCompatOverridesService$Lifecycle
06-04 12:13:03.430 D/SystemServerTimingAsync( 693): ssm.onStartUser-0_com.android.server.healthconnect.HealthConnectManagerService
06-04 12:13:03.430 D/SystemServerTimingAsync( 693): ssm.onStartUser-0_com.android.server.devicelock.DeviceLockService
06-04 12:13:03.434 D/CompatibilityChangeReporter( 693): Compat change id reported: 168419799; UID 1002; state: DISABLED
06-04 12:13:03.436 D/CompatibilityChangeReporter( 693): Compat change id reported: 273564678; UID 1002; state: DISABLED
06-04 12:13:03.442 D/CompatibilityChangeReporter( 693): Compat change id reported: 265195908; UID 1002; state: ENABLED
06-04 12:13:03.445 D/SystemServerTiming( 693): startPersistentApps
06-04 12:13:03.452 I/android.hardware.wifi-service.droidlogic( 506): check loading wifi driver is ok...
06-04 12:13:03.452 W/android.hardware.wifi-service.droidlogic( 506): driver loaded
06-04 12:13:03.454 I/android.hardware.wifi-service.droidlogic( 506): After driver loaded, wifi_name:aml_w2_s
06-04 12:13:03.457 I/android.hardware.wifi-service.droidlogic( 506): Even /data/vendor/wifi/wpa/wpa_supplicant.conf exists, still overwrite it.
06-04 12:13:03.458 I/android.hardware.wifi-service.droidlogic( 506): Migrated conf file from /vendor/etc/wifi/unbcm_supplicant.conf to /data/vendor/wifi/wpa/wpa_supplicant.conf: Operation not permitted
06-04 12:13:03.458 I/android.hardware.wifi-service.droidlogic( 506): Even /data/vendor/wifi/wpa/p2p_supplicant.conf exists, still overwrite it.
06-04 12:13:03.458 I/android.hardware.wifi-service.droidlogic( 506): Migrated conf file from /vendor/etc/wifi/p2p_supplicant.conf to /data/vendor/wifi/wpa/p2p_supplicant.conf: Read-only file system
06-04 12:13:03.458 I/android.hardware.wifi-service.droidlogic( 506): no bcm and uwe wifi ,need use p2p0 with p2p interface
06-04 12:13:03.463 I/android.hardware.wifi-service.droidlogic( 506): Wifi HAL started
06-04 12:13:03.466 W/android.hardware.wifi-service.droidlogic( 506): No active wlan interfaces in use! Using default
06-04 12:13:03.467 E/android.hardware.wifi-service.droidlogic( 506): Unknown iface name: wlan0
06-04 12:13:03.467 E/android.hardware.wifi-service.droidlogic( 506): Unknown iface name: wlan0
06-04 12:13:03.474 W/android.hardware.wifi-service.droidlogic( 506): No active wlan interfaces in use! Using default
06-04 12:13:03.474 E/android.hardware.wifi-service.droidlogic( 506): Unknown iface name: wlan0
06-04 12:13:03.474 E/android.hardware.wifi-service.droidlogic( 506): Unknown iface name: wlan0
06-04 12:13:03.474 D/CompatibilityChangeReporter( 693): Compat change id reported: 135634846; UID 1068; state: DISABLED
06-04 12:13:03.476 D/SystemServerTiming( 693): startHomeOnAllDisplays
06-04 12:13:03.477 D/WindowManager( 693): ThemeHomeDelay: Home launch was deferred.
06-04 12:13:03.477 D/SystemServerTiming( 693): showSystemReadyErrorDialogs
06-04 12:13:03.523 W/ActivityManager( 693): Slow operation: 65ms so far, now at startProcess: returned from zygote!
06-04 12:13:03.583 D/CompatibilityChangeReporter( 693): Compat change id reported: 157233955; UID 10052; state: ENABLED
06-04 12:13:03.589 I/android.hardware.wifi-service.droidlogic( 506): Adding interface handle for p2p0
06-04 12:13:03.589 I/android.hardware.wifi-service.droidlogic( 506): Adding interface handle for ap0
06-04 12:13:03.589 I/android.hardware.wifi-service.droidlogic( 506): Adding interface handle for wlan0
06-04 12:13:03.589 W/android.hardware.wifi-service.droidlogic( 506): No active wlan interfaces in use! Using default
06-04 12:13:03.589 E/android.hardware.wifi-service.droidlogic( 506): Failed to register radio mode change callback
06-04 12:13:03.589 W/android.hardware.wifi-service.droidlogic( 506): No active wlan interfaces in use! Using default
06-04 12:13:03.593 E/android.hardware.wifi-service.droidlogic( 506): Failed to get SupportedIfaceCombinations matrix from legacy HAL: NOT_SUPPORTED
06-04 12:13:03.593 I/android.hardware.wifi-service.droidlogic( 506): Configured chip in mode 3
06-04 12:13:03.593 W/android.hardware.wifi-service.droidlogic( 506): No active wlan interfaces in use! Using default
06-04 12:13:03.617 W/android.hardware.wifi-service.droidlogic( 506): No active wlan interfaces in use! Using default
06-04 12:13:03.636 I/android.hardware.wifi-service.droidlogic( 506): Adding interface handle for p2p0
06-04 12:13:03.636 I/android.hardware.wifi-service.droidlogic( 506): Adding interface handle for ap0
06-04 12:13:03.636 I/android.hardware.wifi-service.droidlogic( 506): Adding interface handle for wlan0
06-04 12:13:03.636 E/android.hardware.wifi-service.droidlogic( 506): Failed to set DFS flag; DFS channels may be unavailable.
06-04 12:13:03.657 E/Build ( 693): Vendor interface is incompatible, error=1
06-04 12:13:03.657 E/ActivityTaskManager( 693): Build fingerprint is not consistent, warning user
06-04 12:13:03.658 D/SystemServerTiming( 693): sendUserStartBroadcast
06-04 12:13:03.658 E/android.hardware.wifi-service.droidlogic( 506): Failed to get chip capabilities from legacy HAL: NOT_SUPPORTED
06-04 12:13:03.660 D/SystemServerTiming( 693): resumeTopActivities
06-04 12:13:03.663 I/wificond( 612): createClientInterface: wiphy_index 0 iface_name wlan0
06-04 12:13:03.664 I/wificond( 612): create scanner for interface with index: 16
06-04 12:13:03.664 I/wificond( 612): subscribe scan result for interface with index: 16
06-04 12:13:03.666 I/wificond( 612): add channel type 0 support at wiphy index: 0
06-04 12:13:03.666 I/wificond( 612): add channel type 1 support at wiphy index: 0
06-04 12:13:03.670 D/SystemServerTiming( 693): sendUserSwitchBroadcasts
06-04 12:13:03.672 D/SystemServerTiming( 693): setBinderProxies
06-04 12:13:03.672 D/SystemServerTiming( 693): componentAlias
06-04 12:13:03.675 D/ComponentAliasResolver( 693): Compat listener set.
06-04 12:13:03.676 D/SystemServerTiming( 693): LockSettingsThirdPartyAppsStarted
06-04 12:13:03.696 W/ActivityManager( 693): Slow operation: 238ms so far, now at startProcess: done updating battery stats
06-04 12:13:03.696 W/ActivityManager( 693): Slow operation: 238ms so far, now at startProcess: building log message
06-04 12:13:03.696 I/ActivityManager( 693): Start proc 1126:com.android.se/1068 for added application com.android.se
06-04 12:13:03.696 W/ActivityManager( 693): Slow operation: 238ms so far, now at startProcess: starting to update pids map
06-04 12:13:03.696 D/CompatibilityChangeReporter( 693): Compat change id reported: 218533173; UID 10039; state: DISABLED
06-04 12:13:03.696 W/ActivityManager( 693): Slow operation: 238ms so far, now at startProcess: done updating pids map
06-04 12:13:03.697 D/CompatibilityChangeReporter( 693): Compat change id reported: 161145287; UID 1073; state: ENABLED
06-04 12:13:03.719 D/CompatibilityChangeReporter( 693): Compat change id reported: 262645982; UID 10039; state: DISABLED
06-04 12:13:03.721 D/CompatibilityChangeReporter( 693): Compat change id reported: 218533173; UID 10067; state: DISABLED
06-04 12:13:03.722 D/CompatibilityChangeReporter( 693): Compat change id reported: 262645982; UID 10067; state: DISABLED
06-04 12:13:03.722 D/SystemServerTiming( 693): StartSystemUI
06-04 12:13:03.736 I/MR2ServiceImpl( 693): registerManager | uid: 10052, pid: 982, package: com.android.systemui, user: 0
06-04 12:13:03.835 D/CompatibilityChangeReporter( 693): Compat change id reported: 218533173; UID 10053; state: ENABLED
06-04 12:13:03.855 W/ActivityManager( 693): Unable to start service Intent { flg=0x100 cmp=com.droidlogic/.StubKeyguardService } U=0: not found
06-04 12:13:03.855 D/SystemServerTiming( 693): startApexServices
06-04 12:13:03.855 D/SystemServerTiming( 693): starting com.android.server.scheduling.RebootReadinessManagerService$Lifecycle
06-04 12:13:03.856 I/SystemServiceManager( 693): Starting com.android.server.scheduling.RebootReadinessManagerService$Lifecycle
06-04 12:13:03.856 I/SystemServiceManager( 693): Not starting an already started service com.android.server.scheduling.RebootReadinessManagerService$Lifecycle
06-04 12:13:03.856 D/SystemServerTiming( 693): UpdateWatchdogTimeout
06-04 12:13:03.856 I/Watchdog( 693): Watchdog timeout updated to 60000 millis
06-04 12:13:03.867 D/CompatibilityChangeReporter( 693): Compat change id reported: 262645982; UID 10053; state: ENABLED
06-04 12:13:03.868 D/CompatibilityChangeReporter( 693): Compat change id reported: 218533173; UID 10054; state: ENABLED
06-04 12:13:03.868 D/CompatibilityChangeReporter( 693): Compat change id reported: 262645982; UID 10054; state: ENABLED
06-04 12:13:03.869 D/CompatibilityChangeReporter( 693): Compat change id reported: 218533173; UID 10071; state: ENABLED
06-04 12:13:03.869 D/CompatibilityChangeReporter( 693): Compat change id reported: 262645982; UID 10071; state: ENABLED
06-04 12:13:03.870 D/CompatibilityChangeReporter( 693): Compat change id reported: 218533173; UID 10016; state: ENABLED
06-04 12:13:03.870 D/CompatibilityChangeReporter( 693): Compat change id reported: 262645982; UID 10016; state: ENABLED
06-04 12:13:03.878 D/CompatibilityChangeReporter( 693): Compat change id reported: 168419799; UID 1068; state: DISABLED
06-04 12:13:03.889 D/CompatibilityChangeReporter( 693): Compat change id reported: 218533173; UID 10018; state: ENABLED
06-04 12:13:03.890 D/CompatibilityChangeReporter( 693): Compat change id reported: 262645982; UID 10018; state: ENABLED
06-04 12:13:03.891 D/CompatibilityChangeReporter( 693): Compat change id reported: 273564678; UID 1068; state: DISABLED
06-04 12:13:03.891 D/CompatibilityChangeReporter( 693): Compat change id reported: 218533173; UID 10072; state: ENABLED
06-04 12:13:03.891 D/CompatibilityChangeReporter( 693): Compat change id reported: 262645982; UID 10072; state: ENABLED
06-04 12:13:03.892 D/CompatibilityChangeReporter( 693): Compat change id reported: 218533173; UID 10061; state: ENABLED
06-04 12:13:03.892 D/CompatibilityChangeReporter( 693): Compat change id reported: 262645982; UID 10061; state: ENABLED
06-04 12:13:03.896 D/CompatibilityChangeReporter( 693): Compat change id reported: 218533173; UID 10040; state: DISABLED
06-04 12:13:03.898 D/CompatibilityChangeReporter( 693): Compat change id reported: 262645982; UID 10040; state: DISABLED
06-04 12:13:03.898 D/CompatibilityChangeReporter( 693): Compat change id reported: 218533173; UID 10005; state: ENABLED
06-04 12:13:03.902 D/CompatibilityChangeReporter( 693): Compat change id reported: 262645982; UID 10005; state: ENABLED
06-04 12:13:03.903 D/CompatibilityChangeReporter( 693): Compat change id reported: 218533173; UID 10019; state: ENABLED
06-04 12:13:03.907 D/CompatibilityChangeReporter( 693): Compat change id reported: 262645982; UID 10019; state: ENABLED
06-04 12:13:03.908 D/CompatibilityChangeReporter( 693): Compat change id reported: 218533173; UID 10035; state: ENABLED
06-04 12:13:03.912 D/CompatibilityChangeReporter( 693): Compat change id reported: 262645982; UID 10035; state: ENABLED
06-04 12:13:03.913 D/CompatibilityChangeReporter( 693): Compat change id reported: 182478738; UID 1073; state: ENABLED
06-04 12:13:03.917 D/CompatibilityChangeReporter( 693): Compat change id reported: 218533173; UID 10036; state: ENABLED
06-04 12:13:03.918 D/CompatibilityChangeReporter( 693): Compat change id reported: 262645982; UID 10036; state: ENABLED
06-04 12:13:03.924 D/CompatibilityChangeReporter( 693): Compat change id reported: 218533173; UID 10026; state: ENABLED
06-04 12:13:03.924 D/CompatibilityChangeReporter( 693): Compat change id reported: 262645982; UID 10026; state: ENABLED
06-04 12:13:03.925 D/CompatibilityChangeReporter( 693): Compat change id reported: 218533173; UID 10066; state: ENABLED
06-04 12:13:03.930 D/CompatibilityChangeReporter( 693): Compat change id reported: 262645982; UID 10066; state: ENABLED
06-04 12:13:03.936 D/CompatibilityChangeReporter( 693): Compat change id reported: 218533173; UID 10008; state: ENABLED
06-04 12:13:03.937 D/CompatibilityChangeReporter( 693): Compat change id reported: 262645982; UID 10008; state: ENABLED
06-04 12:13:03.965 D/CompatibilityChangeReporter( 693): Compat change id reported: 218533173; UID 10042; state: DISABLED
06-04 12:13:03.965 D/CompatibilityChangeReporter( 693): Compat change id reported: 262645982; UID 10042; state: DISABLED
06-04 12:13:03.972 D/CompatibilityChangeReporter( 693): Compat change id reported: 218533173; UID 10006; state: ENABLED
06-04 12:13:03.973 D/CompatibilityChangeReporter( 693): Compat change id reported: 262645982; UID 10006; state: ENABLED
06-04 12:13:03.973 D/CompatibilityChangeReporter( 693): Compat change id reported: 218533173; UID 10073; state: ENABLED
06-04 12:13:03.984 W/Looper ( 693): Slow delivery took 5600ms main h=android.app.PropertyInvalidatedCache$AutoCorker$1 c=null m=0
06-04 12:13:04.000 E/android.hardware.wifi-service.droidlogic( 506): Failed to get SupportedRadioCombinations matrix from legacy HAL: NOT_SUPPORTED
