06-04 12:13:08.874 I/ActivityManager( 693): Start proc 1672:com.droidlogic.mictoggle/1000 for broadcast {com.droidlogic.mictoggle/com.droidlogic.mictoggle.AssistantMicMuteReceiver}
06-04 12:13:08.874 D/CompatibilityChangeReporter( 693): Compat change id reported: 143937733; UID 10018; state: ENABLED
06-04 12:13:08.897 W/ContextImpl( 1438): Calling a method in the system process without a qualified user: android.app.ContextImpl.bindService:1988 android.content.ContextWrapper.bindService:861 com.dangbei.lerad.etna.lib.client.EtnaClient.bindServer:138 com.dangbei.lerad.etna.lib.client.EtnaClient.access$600:29 com.dangbei.lerad.etna.lib.client.EtnaClient$3.call:205
06-04 12:13:08.921 W/ActivityManager( 693): Slow operation: 66ms so far, now at startProcess: returned from zygote!
06-04 12:13:08.922 W/ActivityManager( 693): Slow operation: 67ms so far, now at startProcess: done updating battery stats
06-04 12:13:08.922 W/ActivityManager( 693): Slow operation: 67ms so far, now at startProcess: building log message
06-04 12:13:08.922 I/ActivityManager( 693): Start proc 1691:android.process.media/u0a18 for content provider {com.android.providers.downloads/com.android.providers.downloads.DownloadProvider}
06-04 12:13:08.922 W/ActivityManager( 693): Slow operation: 67ms so far, now at startProcess: starting to update pids map
06-04 12:13:08.922 W/ActivityManager( 693): Slow operation: 67ms so far, now at startProcess: done updating pids map
06-04 12:13:08.934 D/CompatibilityChangeReporter( 693): Compat change id reported: 168419799; UID 1000; state: DISABLED
06-04 12:13:08.935 D/CompatibilityChangeReporter( 693): Compat change id reported: 273564678; UID 1000; state: DISABLED
06-04 12:13:08.966 D/CompatibilityChangeReporter( 693): Compat change id reported: 168419799; UID 10018; state: DISABLED
06-04 12:13:08.966 D/CompatibilityChangeReporter( 693): Compat change id reported: 273564678; UID 10018; state: DISABLED
06-04 12:13:08.970 D/CompatibilityChangeReporter( 693): Compat change id reported: 265195908; UID 10018; state: ENABLED
06-04 12:13:08.977 D/CompatibilityChangeReporter( 693): Compat change id reported: 170503758; UID 10018; state: ENABLED
06-04 12:13:09.071 W/ContextImpl( 1672): Calling a method in the system process without a qualified user: android.app.ContextImpl.startService:1899 android.content.ContextWrapper.startService:825 android.content.ContextWrapper.startService:825 com.droidlogic.mictoggle.AssistantMicMuteReceiver.onReceive:48 android.app.ActivityThread.handleReceiver:4494
06-04 12:13:09.084 D/WallpaperManagerService( 693): Wallpaper_selinux_restorecon-0
06-04 12:13:09.110 W/ContextImpl( 1000): Calling a method in the system process without a qualified user: android.app.ContextImpl.startService:1899 android.content.ContextWrapper.startService:825 android.content.ContextWrapper.startService:825 com.droidlogic.AiPqReceiver.onReceive:31 android.app.ActivityThread.handleReceiver:4494
06-04 12:13:09.111 D/CompatibilityChangeReporter( 693): Compat change id reported: 253665015; UID 1000; state: DISABLED
06-04 12:13:09.112 D/CompatibilityChangeReporter( 693): Compat change id reported: 253665015; UID 1000; state: ENABLED
06-04 12:13:09.113 D/CompatibilityChangeReporter( 693): Compat change id reported: 194532703; UID 1000; state: DISABLED
06-04 12:13:09.113 D/CompatibilityChangeReporter( 693): Compat change id reported: 194532703; UID 1000; state: ENABLED
06-04 12:13:09.114 W/ContextImpl( 1308): Calling a method in the system process without a qualified user: android.app.ContextImpl.startForegroundService:1905 android.content.ContextWrapper.startForegroundService:830 android.content.ContextWrapper.startForegroundService:830 com.android.tv.settings.BootReceiver.onReceive:58 android.app.ActivityThread.handleReceiver:4494
06-04 12:13:09.116 W/ActivityManager( 693): Unable to start service Intent { act=android.intent.action.BOOT_COMPLETED flg=0x89000010 cmp=com.android.tv.settings/.BootReceiver (has extras) } U=0: not found
06-04 12:13:09.120 D/CompatibilityChangeReporter( 693): Compat change id reported: 261072174; UID 1000; state: DISABLED
06-04 12:13:09.125 D/HDMI ( 693): receive android.intent.action.BOOT_COMPLETED
06-04 12:13:09.125 I/HDMI ( 693): Receive boot completed broadcast
06-04 12:13:09.128 I/ActivityManager( 693): com.android.dynsystem is exempt from freezer
06-04 12:13:09.128 I/CheckInBootCompletedReceiver( 1387): Received boot completed intent
06-04 12:13:09.128 D/CompatibilityChangeReporter( 693): Compat change id reported: 135634846; UID 1000; state: DISABLED
06-04 12:13:09.138 I/DlcClient( 1387): Binding com.android.devicelockcontroller/.storage.GlobalParametersService
06-04 12:13:09.141 W/ContextImpl( 1438): Calling a method in the system process without a qualified user: android.app.ContextImpl.sendBroadcast:1220 android.content.ContextWrapper.sendBroadcast:504 com.dangbei.lerad.etna.core.EtnaManager.sendRebootBroadcast:82 com.dangbei.lerad.etna.core.EtnaService.onStartCommand:89 android.app.ActivityThread.handleServiceArgs:4866
06-04 12:13:09.149 I/DeviceCheckInHelper( 1387): enqueueDeviceCheckInWork with delay: PT0S
06-04 12:13:09.151 D/CompatibilityChangeReporter( 693): Compat change id reported: 253665015; UID 10056; state: ENABLED
06-04 12:13:09.151 D/CompatibilityChangeReporter( 693): Compat change id reported: 194532703; UID 10056; state: ENABLED
06-04 12:13:09.158 I/ActivityManager( 693): Start proc 1729:com.android.dynsystem/1000 for broadcast {com.android.dynsystem/com.android.dynsystem.BootCompletedReceiver}
06-04 12:13:09.170 W/ContextImpl( 1438): Calling a method in the system process without a qualified user: android.app.ContextImpl.bindService:1988 android.content.ContextWrapper.bindService:861 com.dangbei.lerad.etna.lib.client.EtnaClient.bindServer:138 com.dangbei.lerad.etna.lib.client.EtnaClient.access$600:29 com.dangbei.lerad.etna.lib.client.EtnaClient$3.call:205
06-04 12:13:09.173 W/ContextImpl( 1438): Calling a method in the system process without a qualified user: android.app.ContextImpl.bindService:1988 android.content.ContextWrapper.bindService:861 com.dangbei.lerad.etna.lib.client.EtnaClient.bindServer:138 com.dangbei.lerad.etna.lib.client.EtnaClient.access$600:29 com.dangbei.lerad.etna.lib.client.EtnaClient$3.call:205
06-04 12:13:09.182 W/ContextImpl( 1438): Calling a method in the system process without a qualified user: android.app.ContextImpl.bindService:1988 android.content.ContextWrapper.bindService:861 com.dangbei.lerad.etna.lib.client.EtnaClient.bindServer:138 com.dangbei.lerad.etna.lib.client.EtnaClient.access$600:29 com.dangbei.lerad.etna.lib.client.EtnaClient$3.call:205
06-04 12:13:09.185 W/ContextImpl( 1438): Calling a method in the system process without a qualified user: android.app.ContextImpl.startService:1899 android.content.ContextWrapper.startService:825 com.dangbei.etna.setting.core.SettingHelper.startRocky:267 com.dangbei.etna.setting.core.SettingHelper.sendCycleCheckBootGuideStatusMessage:214 com.dangbei.etna.setting.core.SettingHelper.startLoop:203
06-04 12:13:09.187 I/ActivityManager( 693): com.dangbei.lerad.rocky is exempt from freezer
06-04 12:13:09.189 W/ContextImpl( 1438): Calling a method in the system process without a qualified user: android.app.ContextImpl.startService:1899 android.content.ContextWrapper.startService:825 com.dangbei.etna.setting.core.SettingHelper.startRocky:267 com.dangbei.etna.setting.core.SettingHelper.sendCycleCheckBootGuideStatusMessage:214 com.dangbei.etna.setting.core.SettingHelper.startLoop:203
06-04 12:13:09.203 W/ContextImpl( 1438): Calling a method in the system process without a qualified user: android.app.ContextImpl.sendBroadcast:1220 android.content.ContextWrapper.sendBroadcast:504 com.dangbei.etna.setting.core.SettingHelper.sendCycleToProjector:257 com.dangbei.etna.setting.core.SettingHelper.sendCycleCheckBroadcast:226 com.dangbei.etna.setting.core.SettingHelper.sendCycleCheckBootGuideStatusMessage:215
06-04 12:13:09.205 W/ContextImpl( 1438): Calling a method in the system process without a qualified user: android.app.ContextImpl.sendBroadcast:1220 android.content.ContextWrapper.sendBroadcast:504 com.dangbei.etna.setting.core.SettingHelper.sendCycleToProjector:257 com.dangbei.etna.setting.core.SettingHelper.sendCycleCheckBroadcast:226 com.dangbei.etna.setting.core.SettingHelper.sendCycleCheckBootGuideStatusMessage:215
06-04 12:13:09.207 W/ContextImpl( 1438): Calling a method in the system process without a qualified user: android.app.ContextImpl.sendBroadcast:1220 android.content.ContextWrapper.sendBroadcast:504 com.dangbei.etna.setting.core.SettingHelper.sendCycleToVoice:242 com.dangbei.etna.setting.core.SettingHelper.sendCycleCheckBroadcast:227 com.dangbei.etna.setting.core.SettingHelper.sendCycleCheckBootGuideStatusMessage:215
06-04 12:13:09.208 D/CompatibilityChangeReporter( 693): Compat change id reported: 168419799; UID 1000; state: DISABLED
06-04 12:13:09.208 D/CompatibilityChangeReporter( 693): Compat change id reported: 273564678; UID 1000; state: DISABLED
06-04 12:13:09.211 W/ContextImpl( 1438): Calling a method in the system process without a qualified user: android.app.ContextImpl.sendBroadcast:1220 android.content.ContextWrapper.sendBroadcast:504 com.dangbei.etna.setting.core.SettingHelper.sendCycleToVoice:242 com.dangbei.etna.setting.core.SettingHelper.sendCycleCheckBroadcast:227 com.dangbei.etna.setting.core.SettingHelper.sendCycleCheckBootGuideStatusMessage:215
06-04 12:13:09.214 D/CompatibilityChangeReporter( 693): Compat change id reported: 171306433; UID 1000; state: ENABLED
06-04 12:13:09.231 I/ActivityManager( 693): Start proc 1751:com.dangbei.lerad.rocky/1000 for service {com.dangbei.lerad.rocky/com.dangbei.rocky.RockyService}
06-04 12:13:09.277 D/CompatibilityChangeReporter( 693): Compat change id reported: 168419799; UID 1000; state: DISABLED
06-04 12:13:09.277 D/CompatibilityChangeReporter( 693): Compat change id reported: 273564678; UID 1000; state: DISABLED
06-04 12:13:09.344 D/CompatibilityChangeReporter( 693): Compat change id reported: 197654537; UID 1000; state: DISABLED
06-04 12:13:09.376 D/CompatibilityChangeReporter( 693): Compat change id reported: 161145287; UID 10018; state: ENABLED
06-04 12:13:09.377 I/ActivityManager( 693): com.android.managedprovisioning is exempt from freezer
06-04 12:13:09.378 D/CompatibilityChangeReporter( 693): Compat change id reported: 135634846; UID 10021; state: DISABLED
06-04 12:13:09.378 D/CompatibilityChangeReporter( 693): Compat change id reported: 177438394; UID 10021; state: DISABLED
06-04 12:13:09.378 D/CompatibilityChangeReporter( 693): Compat change id reported: 135772972; UID 10021; state: DISABLED
06-04 12:13:09.378 D/CompatibilityChangeReporter( 693): Compat change id reported: 135754954; UID 10021; state: ENABLED
06-04 12:13:09.379 D/CompatibilityChangeReporter( 693): Compat change id reported: 143937733; UID 10021; state: ENABLED
06-04 12:13:09.386 I/ActivityManager( 693): com.android.dynsystem is exempt from freezer
06-04 12:13:09.386 D/CompatibilityChangeReporter( 693): Compat change id reported: 135634846; UID 1000; state: DISABLED
06-04 12:13:09.409 I/ActivityManager( 693): Start proc 1792:com.android.managedprovisioning/u0a21 for broadcast {com.android.managedprovisioning/com.android.managedprovisioning.BootReminder}
06-04 12:13:09.409 D/CompatibilityChangeReporter( 693): Compat change id reported: 253665015; UID 10018; state: ENABLED
06-04 12:13:09.410 D/CompatibilityChangeReporter( 693): Compat change id reported: 194532703; UID 10018; state: ENABLED
06-04 12:13:09.431 I/ActivityManager( 693): Start proc 1795:com.android.dynsystem:dynsystem/1000 for service {com.android.dynsystem/com.android.dynsystem.DynamicSystemInstallationService}
06-04 12:13:09.455 D/CompatibilityChangeReporter( 693): Compat change id reported: 271850009; UID 10064; state: ENABLED
06-04 12:13:09.465 D/CompatibilityChangeReporter( 693): Compat change id reported: 253665015; UID 10064; state: ENABLED
06-04 12:13:09.466 D/CompatibilityChangeReporter( 693): Compat change id reported: 194532703; UID 10064; state: ENABLED
06-04 12:13:09.482 D/CompatibilityChangeReporter( 693): Compat change id reported: 168419799; UID 10021; state: DISABLED
06-04 12:13:09.483 D/CompatibilityChangeReporter( 693): Compat change id reported: 273564678; UID 10021; state: DISABLED
06-04 12:13:09.487 D/CompatibilityChangeReporter( 693): Compat change id reported: 265195908; UID 10021; state: ENABLED
06-04 12:13:09.519 D/CompatibilityChangeReporter( 693): Compat change id reported: 170503758; UID 10021; state: ENABLED
06-04 12:13:09.594 E/UsbDeviceManager( 693): Usb setCurrentUsbFunctionsCb failed ,functions:4 ,status:1 ,transactionId:6
06-04 12:13:09.594 I/UsbDeviceManager( 693): notifyCurrentFunction request:1 status:1
06-04 12:13:09.611 I/vold ( 251): fuse-bpf is enabled because /sys/fs/fuse/features/fuse_bpf reads 'supported'
06-04 12:13:09.611 I/vold ( 251): Setting ro.fuse.bpf.is_running to true
06-04 12:13:09.612 I/vold ( 251): Configuring read_ahead of /mnt/user/0/emulated fuse filesystem to 256kb
06-04 12:13:09.612 I/vold ( 251): Writing 256 to /sys/class/bdi/0:60/read_ahead_kb
06-04 12:13:09.612 I/vold ( 251): Configuring max_ratio of /mnt/user/0/emulated fuse filesystem to 40
06-04 12:13:09.612 I/vold ( 251): Writing 40 to /sys/class/bdi/0:60/max_ratio
06-04 12:13:09.612 I/DynamicSystemService( 693): isInstalled(): false
06-04 12:13:09.613 I/StorageManagerService( 693): Mounted volume VolumeInfo{emulated;0}:
06-04 12:13:09.613 I/StorageManagerService( 693): type=EMULATED diskId=null partGuid= mountFlags=PRIMARY|VISIBLE_FOR_WRITE
06-04 12:13:09.613 I/StorageManagerService( 693): mountUserId=0 state=MOUNTED
06-04 12:13:09.613 I/StorageManagerService( 693): fsType=null fsUuid=null fsLabel=null
06-04 12:13:09.613 I/StorageManagerService( 693): path=/storage/emulated internalPath=/data/media
06-04 12:13:09.615 I/StorageSessionController( 693): Notifying volume state changed for session with id: emulated;0
06-04 12:13:09.640 I/StorageManagerService( 693): Mounting volume VolumeInfo{public:8,1}:
06-04 12:13:09.640 I/StorageManagerService( 693): type=PUBLIC diskId=disk:8,0 partGuid= mountFlags=VISIBLE_FOR_WRITE
06-04 12:13:09.640 I/StorageManagerService( 693): mountUserId=0 state=UNMOUNTED
06-04 12:13:09.640 I/StorageManagerService( 693): fsType=null fsUuid=null fsLabel=null
06-04 12:13:09.640 I/StorageManagerService( 693): path=null internalPath=null
06-04 12:13:09.642 D/vold ( 251): /system/bin/blkid
06-04 12:13:09.642 D/vold ( 251): -c
06-04 12:13:09.642 D/vold ( 251): /dev/null
06-04 12:13:09.642 D/vold ( 251): -s
06-04 12:13:09.642 D/vold ( 251): TYPE
06-04 12:13:09.642 D/vold ( 251): -s
06-04 12:13:09.642 D/vold ( 251): UUID
06-04 12:13:09.642 D/vold ( 251): -s
06-04 12:13:09.642 D/vold ( 251): LABEL
06-04 12:13:09.642 D/vold ( 251): /dev/block/vold/public:8,1
06-04 12:13:09.698 I/ActivityManager( 693): com.android.packageinstaller is exempt from freezer
06-04 12:13:09.698 D/CompatibilityChangeReporter( 693): Compat change id reported: 135634846; UID 10024; state: DISABLED
06-04 12:13:09.698 D/CompatibilityChangeReporter( 693): Compat change id reported: 177438394; UID 10024; state: DISABLED
06-04 12:13:09.698 D/CompatibilityChangeReporter( 693): Compat change id reported: 135772972; UID 10024; state: DISABLED
06-04 12:13:09.698 D/CompatibilityChangeReporter( 693): Compat change id reported: 135754954; UID 10024; state: ENABLED
06-04 12:13:09.699 D/CompatibilityChangeReporter( 693): Compat change id reported: 143937733; UID 10024; state: ENABLED
06-04 12:13:09.728 W/ContextImpl( 1751): Calling a method in the system process without a qualified user: android.app.ContextImpl.startService:1899 android.content.ContextWrapper.startService:825 com.cvte.tv.api.TvApiSDKManager.:177 com.cvte.tv.api.TvApiSDKManager.init:217 com.dangbei.rocky.component.system.SystemControlUtils.initSystemAidl:82
06-04 12:13:09.729 W/ActivityManager( 693): Unable to start service Intent { act=com.cvte.tv.api.TV_API_SERVICE pkg=com.cvte.tv.api.impl } U=0: not found
06-04 12:13:09.730 W/ContextImpl( 1751): Calling a method in the system process without a qualified user: android.app.ContextImpl.bindService:1988 android.content.ContextWrapper.bindService:861 com.cvte.tv.api.TvApiSDKManager.:178 com.cvte.tv.api.TvApiSDKManager.init:217 com.dangbei.rocky.component.system.SystemControlUtils.initSystemAidl:82
06-04 12:13:09.732 W/ActivityManager( 693): Unable to start service Intent { act=com.cvte.tv.api.TV_API_SERVICE pkg=com.cvte.tv.api.impl } U=0: not found
06-04 12:13:09.732 W/ContextImpl( 1751): Calling a method in the system process without a qualified user: android.app.ContextImpl.startService:1899 android.content.ContextWrapper.startService:825 com.cvte.tv.api.TvApiSDKManager.getTvApi:361 com.dangbei.rocky.component.system.SystemControlUtils.initSystemAidl:83 com.dangbei.rocky.component.system.SystemComponent.onAttached:38
06-04 12:13:09.733 W/ActivityManager( 693): Unable to start service Intent { act=com.cvte.tv.api.TV_API_SERVICE pkg=com.cvte.tv.api.impl } U=0: not found
06-04 12:13:09.733 W/ContextImpl( 1751): Calling a method in the system process without a qualified user: android.app.ContextImpl.bindService:1988 android.content.ContextWrapper.bindService:861 com.cvte.tv.api.TvApiSDKManager.getTvApi:362 com.dangbei.rocky.component.system.SystemControlUtils.initSystemAidl:83 com.dangbei.rocky.component.system.SystemComponent.onAttached:38
06-04 12:13:09.734 I/ActivityManager( 693): Start proc 1870:com.android.packageinstaller/u0a24 for broadcast {com.android.packageinstaller/com.android.packageinstaller.TemporaryFileManager}
06-04 12:13:09.735 W/ActivityManager( 693): Unable to start service Intent { act=com.cvte.tv.api.TV_API_SERVICE pkg=com.cvte.tv.api.impl } U=0: not found
06-04 12:13:09.757 W/ContextImpl( 1751): Calling a method in the system process without a qualified user: android.app.ContextImpl.startService:1899 android.content.ContextWrapper.startService:825 com.dangbei.phrike.core.DownloadManager.register:294 com.dangbei.component_appcontrol.phrike.XPhrikeAppCreator.register:47 com.dangbei.component_appcontrol.AppControlComponent.onAttached:65
06-04 12:13:09.766 D/CompatibilityChangeReporter( 693): Compat change id reported: 168419799; UID 10024; state: DISABLED
06-04 12:13:09.767 D/CompatibilityChangeReporter( 693): Compat change id reported: 273564678; UID 10024; state: DISABLED
06-04 12:13:09.772 D/CompatibilityChangeReporter( 693): Compat change id reported: 265195908; UID 10024; state: ENABLED
06-04 12:13:09.776 D/CompatibilityChangeReporter( 693): Compat change id reported: 170503758; UID 10024; state: ENABLED
06-04 12:13:09.842 W/WindowManager( 693): Failed looking up window session=Session{14e5340 1489:1000} callers=com.android.server.wm.WindowManagerService.windowForClientLocked:6075 com.android.server.wm.Session.updateRequestedVisibleTypes:695 android.view.IWindowSession$Stub.onTransact:1034
06-04 12:13:09.842 W/WindowManager( 693): [addWindow] title:com.dangbei.leard.leradlauncher/com.dangbei.launcher.home.LauncherActivity
06-04 12:13:09.843 D/CompatibilityChangeReporter( 693): Compat change id reported: 168419799; UID 1000; state: DISABLED
06-04 12:13:09.843 D/CompatibilityChangeReporter( 693): Compat change id reported: 273564678; UID 1000; state: DISABLED
06-04 12:13:09.884 D/CoreBackPreview( 693): Window{ec8041f u0 com.dangbei.leard.leradlauncher/com.dangbei.launcher.home.LauncherActivity}: Setting back callback OnBackInvokedCallbackInfo{mCallback=android.window.IOnBackInvokedCallback$Stub$Proxy@98d5ca, mPriority=0, mIsAnimationCallback=false}
06-04 12:13:09.960 D/CompatibilityChangeReporter( 693): Compat change id reported: 135634846; UID 10074; state: DISABLED
06-04 12:13:09.960 D/CompatibilityChangeReporter( 693): Compat change id reported: 177438394; UID 10074; state: DISABLED
06-04 12:13:09.960 D/CompatibilityChangeReporter( 693): Compat change id reported: 135772972; UID 10074; state: DISABLED
06-04 12:13:09.960 D/CompatibilityChangeReporter( 693): Compat change id reported: 135754954; UID 10074; state: ENABLED
06-04 12:13:09.961 D/CompatibilityChangeReporter( 693): Compat change id reported: 143937733; UID 10074; state: ENABLED
06-04 12:13:09.984 W/ContextImpl( 693): Calling a method in the system process without a qualified user: android.app.ContextImpl.startService:1899 com.android.server.wm.DisplayPolicy.lambda$focusChangedLw$5:2126 com.android.server.wm.DisplayPolicy.$r8$lambda$Znxk63oh-WzVnzo_WQefN7uxV48:0 com.android.server.wm.DisplayPolicy$$ExternalSyntheticLambda13.run:0 android.os.Handler.handleCallback:958
06-04 12:13:10.036 D/vold ( 251): /dev/block/vold/public:8,1: UUID="02E24445E2443EE3" LABEL="meida" TYPE="ntfs"
06-04 12:13:10.038 I/vold ( 251): IsSupported() --> 1
06-04 12:13:10.038 I/vold ( 251): Check OK
06-04 12:13:10.042 V/WindowManagerShell( 982): onTransitionReady android.os.BinderProxy@4af8577: {id=1 t=CLOSE f=0x0 trk=0 r=[0@Point(0, 0)] c=[{WCT{android.window.IWindowContainerToken$Stub$Proxy@dbbac6f} m=OPEN f=MOVE_TO_TOP leash=Surface(name=Task=22)/@0x5dddc50 sb=Rect(0, 0 - 1920, 1080) eb=Rect(0, 0 - 1920, 1080) d=0},{WCT{android.window.IWindowContainerToken$Stub$Proxy@44c6d7c} m=CLOSE f=SHOW_WALLPAPER leash=Surface(name=Task=3)/@0xe775e49 sb=Rect(0, 0 - 1920, 1080) eb=Rect(0, 0 - 1920, 1080) d=0}]}
06-04 12:13:10.043 V/WindowManagerShell( 982): Playing animation for (#1)android.os.BinderProxy@4af8577@0
06-04 12:13:10.044 V/WindowManagerShell( 982): try handler com.android.wm.shell.keyguard.KeyguardTransitionHandler@7ce9605
06-04 12:13:10.044 V/WindowManagerShell( 982): try handler com.android.wm.shell.pip.tv.TvPipTransition@189965a
06-04 12:13:10.044 V/WindowManagerShell( 982): try handler com.android.wm.shell.activityembedding.ActivityEmbeddingController@700a08b
06-04 12:13:10.044 V/WindowManagerShell( 982): try handler com.android.wm.shell.transition.RemoteTransitionHandler@2b0e568
06-04 12:13:10.044 V/WindowManagerShell( 982): Transition doesn't have explicit remote, search filters for match for {id=1 t=CLOSE f=0x0 trk=0 r=[0@Point(0, 0)] c=[{WCT{android.window.IWindowContainerToken$Stub$Proxy@dbbac6f} m=OPEN f=MOVE_TO_TOP leash=Surface(name=Task=22)/@0x5dddc50 sb=Rect(0, 0 - 1920, 1080) eb=Rect(0, 0 - 1920, 1080) d=0},{WCT{android.window.IWindowContainerToken$Stub$Proxy@44c6d7c} m=CLOSE f=SHOW_WALLPAPER leash=Surface(name=Task=3)/@0xe775e49 sb=Rect(0, 0 - 1920, 1080) eb=Rect(0, 0 - 1920, 1080) d=0}]}
06-04 12:13:10.044 V/WindowManagerShell( 982): Delegate animation for #1 to null
06-04 12:13:10.044 V/WindowManagerShell( 982): try handler com.android.wm.shell.transition.DefaultTransitionHandler@1a78d81
06-04 12:13:10.044 V/WindowManagerShell( 982): start default transition animation, info = {id=1 t=CLOSE f=0x0 trk=0 r=[0@Point(0, 0)] c=[{WCT{android.window.IWindowContainerToken$Stub$Proxy@dbbac6f} m=OPEN f=MOVE_TO_TOP leash=Surface(name=Task=22)/@0x5dddc50 sb=Rect(0, 0 - 1920, 1080) eb=Rect(0, 0 - 1920, 1080) d=0},{WCT{android.window.IWindowContainerToken$Stub$Proxy@44c6d7c} m=CLOSE f=SHOW_WALLPAPER leash=Surface(name=Task=3)/@0xe775e49 sb=Rect(0, 0 - 1920, 1080) eb=Rect(0, 0 - 1920, 1080) d=0}]}
06-04 12:13:10.046 V/WindowManagerShell( 982): loadAnimation: anim=android.view.animation.AlphaAnimation@be80bd animAttr=0x13 type=CLOSE isEntrance=false
06-04 12:13:10.047 V/WindowManagerShell( 982): loadAnimation: anim=android.view.animation.AlphaAnimation@d0a9603 animAttr=0x12 type=CLOSE isEntrance=true
06-04 12:13:10.048 W/wificond( 612): Scan is not started. Ignore abort request
06-04 12:13:10.049 V/WindowManagerShell( 982): animated by com.android.wm.shell.transition.DefaultTransitionHandler@1a78d81
06-04 12:13:10.060 W/ActivityManager( 693): Slow operation: 101ms so far, now at startProcess: returned from zygote!
06-04 12:13:10.061 W/ActivityManager( 693): Slow operation: 102ms so far, now at startProcess: done updating battery stats
06-04 12:13:10.061 W/ActivityManager( 693): Slow operation: 102ms so far, now at startProcess: building log message
06-04 12:13:10.061 I/ActivityManager( 693): Start proc 1922:com.android.permissioncontroller/u0a74 for broadcast {com.android.permissioncontroller/com.android.permissioncontroller.permission.service.LocationAccessCheck$SetupPeriodicBackgroundLocationAccessCheck}
06-04 12:13:10.061 W/ActivityManager( 693): Slow operation: 102ms so far, now at startProcess: starting to update pids map
06-04 12:13:10.062 W/ActivityManager( 693): Slow operation: 103ms so far, now at startProcess: done updating pids map
06-04 12:13:10.067 V/WindowManager( 693): Sent Transition #1 createdAt=06-04 12:13:07.742 via request=TransitionRequestInfo { type = 2, triggerTask = TaskInfo{userId=0 taskId=3 displayId=0 isRunning=false baseIntent=Intent { act=android.intent.action.MAIN cat=[android.intent.category.HOME] flg=0x10800100 cmp=com.android.tv.settings/.system.FallbackHome } baseActivity=null topActivity=null origActivity=null realActivity=ComponentInfo{com.android.tv.settings/com.android.tv.settings.system.FallbackHome} numActivities=0 lastActiveTime=24354 supportsMultiWindow=true resizeMode=0 isResizeable=false minWidth=-1 minHeight=-1 defaultMinSize=220 token=WCT{RemoteToken{2ee42c9 Task{c108f79 #3 type=home A=1000:com.android.tv.settings}}} topActivityType=2 pictureInPictureParams=null shouldDockBigOverlays=false launchIntoPipHostTaskId=-1 lastParentTaskIdBeforePip=-1 displayCutoutSafeInsets=null topActivityInfo=null launchCookies=[] positionInParent=Point(0, 0) parentTaskId=-1 isFocused=true isVisible=true isVisibleRequested=true isSleeping=false topActivityInSizeCompat=false topActivityEligibleForLetterboxEducation= false isLetterboxDoubleTapEnabled= false topActivityEligibleForUserAspectRatioButton= false topActivityBoundsLetterboxed= false isFromLetterboxDoubleTap= false topActivityLetterboxVerticalPosition= -1 topActivityLetterboxHorizontalPosition= -1 topActivityLetterboxWidth=-1 topActivityLetterboxHeight=-1 isUserFullscreenOverrideEnabled=false isTopActivityTransparent=false locusId=null displayAreaFeatureId=1 cameraCompatControlState=hidden}, remoteTransition = null, displayChange = null, flags = 0 }
06-04 12:13:10.067 V/WindowManager( 693): startWCT=WindowContainerTransaction { changes = {} hops = [] errorCallbackToken=null taskFragmentOrganizer=null }
06-04 12:13:10.068 V/WindowManager( 693): info={id=1 t=CLOSE f=0x0 trk=0 r=[0@Point(0, 0)] c=[{WCT{RemoteToken{841ddce Task{24d2654 #22 type=home A=1000:com.dangbei.leard.leradlauncher}}} m=OPEN f=MOVE_TO_TOP leash=Surface(name=Task=22)/@0xaab06cd sb=Rect(0, 0 - 1920, 1080) eb=Rect(0, 0 - 1920, 1080) d=0},{WCT{RemoteToken{2ee42c9 Task{c108f79 #3 type=home A=1000:com.android.tv.settings}}} m=CLOSE f=SHOW_WALLPAPER leash=Surface(name=Task=3)/@0x1548464 sb=Rect(0, 0 - 1920, 1080) eb=Rect(0, 0 - 1920, 1080) d=0}]}
06-04 12:13:10.079 D/CoreBackPreview( 693): Window{7ab1cdf u0 com.android.tv.settings/com.android.tv.settings.system.FallbackHome}: Setting back callback null
06-04 12:13:10.138 D/CompatibilityChangeReporter( 693): Compat change id reported: 168419799; UID 10074; state: DISABLED
06-04 12:13:10.138 D/CompatibilityChangeReporter( 693): Compat change id reported: 273564678; UID 10074; state: DISABLED
06-04 12:13:10.156 D/CompatibilityChangeReporter( 693): Compat change id reported: 265195908; UID 10074; state: ENABLED
06-04 12:13:10.176 D/CompatibilityChangeReporter( 693): Compat change id reported: 170503758; UID 10074; state: ENABLED
06-04 12:13:10.208 W/ContextImpl( 693): Calling a method in the system process without a qualified user: android.app.ContextImpl.sendStickyBroadcast:1626 com.android.server.wifi.ClientModeImpl.sendNetworkChangeBroadcast:3008 com.android.server.wifi.ClientModeImpl.lambda$sendNetworkChangeBroadcastWithCurrentState$14:2985 com.android.server.wifi.ClientModeImpl.$r8$lambda$q-j88Pjw4gROgoJFr8wBlBVbuJI:0 com.android.server.wifi.ClientModeImpl$$ExternalSyntheticLambda4.send:0
06-04 12:13:10.228 D/CompatibilityChangeReporter( 693): Compat change id reported: 214016041; UID 1000; state: DISABLED
06-04 12:13:10.228 D/CompatibilityChangeReporter( 693): Compat change id reported: 214016041; UID 1000; state: ENABLED
06-04 12:13:10.318 D/CompatibilityChangeReporter( 693): Compat change id reported: 261072174; UID 1000; state: DISABLED
06-04 12:13:10.476 V/WindowManagerShell( 982): Transition animation finished (aborted=false), notifying core (#1)android.os.BinderProxy@4af8577@0
06-04 12:13:10.479 V/WindowManager( 693): Finish Transition #1: created at
06-04 12:13:07.742 collect-started=0.113ms request-sent=0.915ms started=5.128ms ready=433.864ms sent=2295.608ms finished=2735.807ms
06-04 12:13:10.488 V/WindowManagerShell( 982): Track 0 became idle
06-04 12:13:10.489 V/WindowManagerShell( 982): All active transition animations finished
06-04 12:13:10.639 D/CompatibilityChangeReporter( 693): Compat change id reported: 135634846; UID 10016; state: DISABLED
06-04 12:13:10.640 D/CompatibilityChangeReporter( 693): Compat change id reported: 177438394; UID 10016; state: DISABLED
06-04 12:13:10.640 D/CompatibilityChangeReporter( 693): Compat change id reported: 135772972; UID 10016; state: DISABLED
06-04 12:13:10.640 D/CompatibilityChangeReporter( 693): Compat change id reported: 135754954; UID 10016; state: ENABLED
06-04 12:13:10.641 D/CompatibilityChangeReporter( 693): Compat change id reported: 143937733; UID 10016; state: ENABLED
06-04 12:13:10.663 I/ActivityManager( 693): Start proc 2003:com.android.providers.calendar/u0a16 for broadcast {com.android.providers.calendar/com.android.providers.calendar.CalendarReceiver}
06-04 12:13:10.700 D/CompatibilityChangeReporter( 693): Compat change id reported: 253665015; UID 10074; state: ENABLED
06-04 12:13:10.700 D/CompatibilityChangeReporter( 693): Compat change id reported: 194532703; UID 10074; state: ENABLED
06-04 12:13:10.713 D/CompatibilityChangeReporter( 693): Compat change id reported: 168419799; UID 10016; state: DISABLED
06-04 12:13:10.713 D/CompatibilityChangeReporter( 693): Compat change id reported: 273564678; UID 10016; state: DISABLED
06-04 12:13:10.717 D/CompatibilityChangeReporter( 693): Compat change id reported: 265195908; UID 10016; state: ENABLED
06-04 12:13:10.800 W/ContextImpl( 693): Calling a method in the system process without a qualified user: android.app.ContextImpl.sendStickyBroadcast:1626 com.android.server.wifi.ClientModeImpl.sendNetworkChangeBroadcast:3008 com.android.server.wifi.ClientModeImpl.lambda$sendNetworkChangeBroadcastWithCurrentState$14:2985 com.android.server.wifi.ClientModeImpl.$r8$lambda$q-j88Pjw4gROgoJFr8wBlBVbuJI:0 com.android.server.wifi.ClientModeImpl$$ExternalSyntheticLambda4.send:0
06-04 12:13:10.848 W/ContextImpl( 693): Calling a method in the system process without a qualified user: android.app.ContextImpl.sendStickyBroadcast:1626 com.android.server.wifi.ClientModeImpl.sendNetworkChangeBroadcast:3008 com.android.server.wifi.ClientModeImpl.lambda$sendNetworkChangeBroadcastWithCurrentState$14:2985 com.android.server.wifi.ClientModeImpl.$r8$lambda$q-j88Pjw4gROgoJFr8wBlBVbuJI:0 com.android.server.wifi.ClientModeImpl$$ExternalSyntheticLambda4.send:0
06-04 12:13:10.861 W/ContextImpl( 693): Calling a method in the system process without a qualified user: android.app.ContextImpl.sendStickyBroadcast:1626 com.android.server.wifi.ClientModeImpl.sendNetworkChangeBroadcast:3008 com.android.server.wifi.ClientModeImpl.lambda$sendNetworkChangeBroadcastWithCurrentState$14:2985 com.android.server.wifi.ClientModeImpl.$r8$lambda$q-j88Pjw4gROgoJFr8wBlBVbuJI:0 com.android.server.wifi.ClientModeImpl$$ExternalSyntheticLambda4.send:0
06-04 12:13:10.867 I/ActivityManager( 693): com.android.localtransport is exempt from freezer
06-04 12:13:10.867 D/CompatibilityChangeReporter( 693): Compat change id reported: 135634846; UID 1000; state: DISABLED
06-04 12:13:10.871 D/CompatibilityChangeReporter( 693): Compat change id reported: 170503758; UID 10016; state: ENABLED
06-04 12:13:10.902 I/ActivityManager( 693): Start proc 2029:com.android.localtransport/1000 for service {com.android.localtransport/com.android.localtransport.LocalTransportService}
06-04 12:13:10.903 D/CompatibilityChangeReporter( 693): Compat change id reported: 171306433; UID 1073; state: ENABLED
06-04 12:13:11.028 D/CompatibilityChangeReporter( 693): Compat change id reported: 161145287; UID 10016; state: ENABLED
06-04 12:13:11.048 D/CompatibilityChangeReporter( 693): Compat change id reported: 135634846; UID 10026; state: DISABLED
06-04 12:13:11.048 D/CompatibilityChangeReporter( 693): Compat change id reported: 177438394; UID 10026; state: DISABLED
06-04 12:13:11.049 D/CompatibilityChangeReporter( 693): Compat change id reported: 135772972; UID 10026; state: DISABLED
06-04 12:13:11.049 D/CompatibilityChangeReporter( 693): Compat change id reported: 135754954; UID 10026; state: ENABLED
06-04 12:13:11.051 D/CompatibilityChangeReporter( 693): Compat change id reported: 143937733; UID 10026; state: ENABLED
06-04 12:13:11.131 I/TransportConnection( 693): LocalTransportService#0: Notifying [TransportManager.registerTransport()] transport = BackupTransportClient
06-04 12:13:11.133 W/ActivityManager( 693): Slow operation: 86ms so far, now at startProcess: returned from zygote!
06-04 12:13:11.133 D/CompatibilityChangeReporter( 693): Compat change id reported: 171306433; UID 10016; state: ENABLED
06-04 12:13:11.134 W/ActivityManager( 693): Slow operation: 87ms so far, now at startProcess: done updating battery stats
06-04 12:13:11.134 W/ActivityManager( 693): Slow operation: 87ms so far, now at startProcess: building log message
06-04 12:13:11.134 I/ActivityManager( 693): Start proc 2056:com.android.providers.tv/u0a26 for broadcast {com.android.providers.tv/com.android.providers.tv.BootCompletedReceiver}
06-04 12:13:11.134 W/ActivityManager( 693): Slow operation: 87ms so far, now at startProcess: starting to update pids map
06-04 12:13:11.134 W/ActivityManager( 693): Slow operation: 87ms so far, now at startProcess: done updating pids map
06-04 12:13:11.136 D/CompatibilityChangeReporter( 693): Compat change id reported: 218533173; UID 10016; state: ENABLED
06-04 12:13:11.173 D/CompatibilityChangeReporter( 693): Compat change id reported: 143231523; UID 10016; state: DISABLED
06-04 12:13:11.201 D/BackupTransportManager( 693): [UserID:0] Transport com.android.localtransport/.LocalTransportService registered
06-04 12:13:11.201 D/BackupManagerService( 693): [UserID:0] Transport com.android.localtransport/.LocalTransport registered 3353ms after first request (delay = 3000ms)
06-04 12:13:11.219 I/BackupManagerService( 693): [UserID:0] Found 3 stale backup journal(s), scheduling.
06-04 12:13:11.236 D/CompatibilityChangeReporter( 693): Compat change id reported: 168419799; UID 10026; state: DISABLED
06-04 12:13:11.236 D/CompatibilityChangeReporter( 693): Compat change id reported: 273564678; UID 10026; state: DISABLED
06-04 12:13:11.241 D/CompatibilityChangeReporter( 693): Compat change id reported: 265195908; UID 10026; state: ENABLED
06-04 12:13:11.250 D/CompatibilityChangeReporter( 693): Compat change id reported: 170503758; UID 10026; state: ENABLED
06-04 12:13:11.270 I/BackupManagerService( 693): [UserID:0] Stale backup journals: Scheduled 5 package(s) total
06-04 12:13:11.331 D/CompatibilityChangeReporter( 693): Compat change id reported: 135634846; UID 10060; state: DISABLED
06-04 12:13:11.331 D/CompatibilityChangeReporter( 693): Compat change id reported: 177438394; UID 10060; state: DISABLED
06-04 12:13:11.332 D/CompatibilityChangeReporter( 693): Compat change id reported: 135772972; UID 10060; state: DISABLED
06-04 12:13:11.332 D/CompatibilityChangeReporter( 693): Compat change id reported: 135754954; UID 10060; state: ENABLED
06-04 12:13:11.333 D/CompatibilityChangeReporter( 693): Compat change id reported: 143937733; UID 10060; state: ENABLED
06-04 12:13:11.357 I/ActivityManager( 693): Start proc 2082:com.android.rkpdapp/u0a60 for broadcast {com.android.rkpdapp/com.android.rkpdapp.BootReceiver}
06-04 12:13:11.431 D/CompatibilityChangeReporter( 693): Compat change id reported: 168419799; UID 10060; state: DISABLED
06-04 12:13:11.431 D/CompatibilityChangeReporter( 693): Compat change id reported: 273564678; UID 10060; state: DISABLED
06-04 12:13:11.440 D/CompatibilityChangeReporter( 693): Compat change id reported: 265195908; UID 10060; state: ENABLED
06-04 12:13:11.480 D/CompatibilityChangeReporter( 693): Compat change id reported: 170503758; UID 10060; state: ENABLED
06-04 12:13:11.515 W/ContextImpl( 693): Calling a method in the system process without a qualified user: android.app.ContextImpl.sendStickyBroadcast:1626 com.android.server.wifi.ClientModeImpl.sendNetworkChangeBroadcast:3008 com.android.server.wifi.ClientModeImpl.lambda$sendNetworkChangeBroadcastWithCurrentState$14:2985 com.android.server.wifi.ClientModeImpl.$r8$lambda$q-j88Pjw4gROgoJFr8wBlBVbuJI:0 com.android.server.wifi.ClientModeImpl$$ExternalSyntheticLambda4.send:0
06-04 12:13:11.545 W/BroadcastLoopers( 693): Found previously unknown looper Thread[ConnectivityServiceThread,5,main]
06-04 12:13:11.545 W/ContextImpl( 693): Calling a method in the system process without a qualified user: android.app.ContextImpl.sendStickyBroadcast:1626 com.android.server.wifi.ClientModeImpl.sendNetworkChangeBroadcast:3008 com.android.server.wifi.ClientModeImpl.lambda$sendNetworkChangeBroadcastWithCurrentState$14:2985 com.android.server.wifi.ClientModeImpl.$r8$lambda$q-j88Pjw4gROgoJFr8wBlBVbuJI:0 com.android.server.wifi.ClientModeImpl$$ExternalSyntheticLambda4.send:0
06-04 12:13:11.634 E/NetlinkEvent( 468): NetlinkEvent::FindParam(): Parameter 'INTERFACE' not found
06-04 12:13:11.634 E/NetlinkEvent( 468): NetlinkEvent::FindParam(): Parameter 'STATE' not found
06-04 12:13:11.634 E/NetlinkEvent( 468): NetlinkEvent::FindParam(): Parameter 'TIME_NS' not found
06-04 12:13:11.634 E/NetlinkEvent( 468): NetlinkEvent::FindParam(): Parameter 'UID' not found
06-04 12:13:11.663 I/ActivityManager( 693): com.android.shell is exempt from freezer
06-04 12:13:11.663 D/CompatibilityChangeReporter( 693): Compat change id reported: 135634846; UID 2000; state: DISABLED
06-04 12:13:11.664 D/CompatibilityChangeReporter( 693): Compat change id reported: 177438394; UID 2000; state: DISABLED
06-04 12:13:11.664 D/CompatibilityChangeReporter( 693): Compat change id reported: 135772972; UID 2000; state: DISABLED
06-04 12:13:11.664 D/CompatibilityChangeReporter( 693): Compat change id reported: 135754954; UID 2000; state: ENABLED
06-04 12:13:11.722 W/ContextImpl( 693): Calling a method in the system process without a qualified user: android.app.ContextImpl.sendStickyBroadcast:1626 android.net.connectivity.com.android.server.ConnectivityService.sendStickyBroadcast:3280 android.net.connectivity.com.android.server.ConnectivityService.sendGeneralBroadcast:3250 android.net.connectivity.com.android.server.ConnectivityService.sendConnectedBroadcast:3223 android.net.connectivity.com.android.server.ConnectivityService.sendLegacyNetworkBroadcast:10138
06-04 12:13:11.791 W/ActivityManager( 693): Slow operation: 129ms so far, now at startProcess: returned from zygote!
06-04 12:13:11.791 W/ActivityManager( 693): Slow operation: 129ms so far, now at startProcess: done updating battery stats
06-04 12:13:11.791 W/ActivityManager( 693): Slow operation: 129ms so far, now at startProcess: building log message
06-04 12:13:11.791 I/ActivityManager( 693): Start proc 2134:com.android.shell/2000 for broadcast {com.android.shell/com.android.shell.HeapDumpReceiver}
06-04 12:13:11.791 W/ActivityManager( 693): Slow operation: 129ms so far, now at startProcess: starting to update pids map
06-04 12:13:11.791 W/ActivityManager( 693): Slow operation: 130ms so far, now at startProcess: done updating pids map
06-04 12:13:11.859 E/TaskWorkerFactory( 1387): Cannot create worker: com.android.devicelockcontroller.provision.worker.DeviceCheckInWorker
06-04 12:13:11.859 E/TaskWorkerFactory( 1387): java.lang.NoSuchMethodException: com.android.devicelockcontroller.provision.worker.DeviceCheckInWorker. [class android.content.Context, class androidx.work.WorkerParameters, interface com.google.common.util.concurrent.ListeningExecutorService]
06-04 12:13:11.859 E/TaskWorkerFactory( 1387): at java.lang.Class.getConstructor0(Class.java:3325)
06-04 12:13:11.859 E/TaskWorkerFactory( 1387): at java.lang.Class.getDeclaredConstructor(Class.java:3063)
06-04 12:13:11.859 E/TaskWorkerFactory( 1387): at com.android.devicelockcontroller.policy.TaskWorkerFactory.createWorker(TaskWorkerFactory.java:53)
06-04 12:13:11.859 E/TaskWorkerFactory( 1387): at androidx.work.DelegatingWorkerFactory.createWorker(DelegatingWorkerFactory.java:71)
06-04 12:13:11.859 E/TaskWorkerFactory( 1387): at androidx.work.WorkerFactory.createWorkerWithDefaultFallback(WorkerFactory.java:82)
06-04 12:13:11.859 E/TaskWorkerFactory( 1387): at androidx.work.impl.WorkerWrapper.runWorker(WorkerWrapper.java:240)
06-04 12:13:11.859 E/TaskWorkerFactory( 1387): at androidx.work.impl.WorkerWrapper.run(WorkerWrapper.java:142)
06-04 12:13:11.859 E/TaskWorkerFactory( 1387): at androidx.work.impl.utils.SerialExecutorImpl$Task.run(SerialExecutorImpl.java:96)
06-04 12:13:11.859 E/TaskWorkerFactory( 1387): at java.util.concurrent.ThreadPoolExecutor.runWorker(ThreadPoolExecutor.java:1145)
06-04 12:13:11.859 E/TaskWorkerFactory( 1387): at java.util.concurrent.ThreadPoolExecutor$Worker.run(ThreadPoolExecutor.java:644)
06-04 12:13:11.859 E/TaskWorkerFactory( 1387): at java.lang.Thread.run(Thread.java:1012)
06-04 12:13:11.872 D/CompatibilityChangeReporter( 693): Compat change id reported: 168419799; UID 2000; state: DISABLED
06-04 12:13:11.872 D/CompatibilityChangeReporter( 693): Compat change id reported: 273564678; UID 2000; state: DISABLED
06-04 12:13:11.876 D/CompatibilityChangeReporter( 693): Compat change id reported: 265195908; UID 2000; state: ENABLED
06-04 12:13:11.905 W/ContextImpl( 693): Calling a method in the system process without a qualified user: android.app.ContextImpl.sendStickyBroadcast:1626 android.net.connectivity.com.android.server.ConnectivityService.sendStickyBroadcast:3280 android.net.connectivity.com.android.server.ConnectivityService.sendGeneralBroadcast:3250 android.net.connectivity.com.android.server.ConnectivityService.sendInetConditionBroadcast:3227 android.net.connectivity.com.android.server.ConnectivityService.updateInetCondition:9819
06-04 12:13:11.959 I/CheckInWorker( 1387): perform check-in request
06-04 12:13:11.975 W/CheckInWorker( 1387): CheckIn failed. No device identifier available!
06-04 12:13:12.137 D/CompatibilityChangeReporter( 693): Compat change id reported: 135634846; UID 10027; state: DISABLED
06-04 12:13:12.137 D/CompatibilityChangeReporter( 693): Compat change id reported: 177438394; UID 10027; state: DISABLED
06-04 12:13:12.137 D/CompatibilityChangeReporter( 693): Compat change id reported: 135772972; UID 10027; state: DISABLED
06-04 12:13:12.138 D/CompatibilityChangeReporter( 693): Compat change id reported: 135754954; UID 10027; state: DISABLED
06-04 12:13:12.139 D/CompatibilityChangeReporter( 693): Compat change id reported: 143937733; UID 10027; state: DISABLED
06-04 12:13:12.166 I/ActivityManager( 693): Start proc 2181:com.android.statementservice/u0a27 for broadcast {com.android.statementservice/com.android.statementservice.domain.BootCompletedReceiver}
06-04 12:13:12.282 D/CompatibilityChangeReporter( 693): Compat change id reported: 168419799; UID 10027; state: DISABLED
06-04 12:13:12.282 D/CompatibilityChangeReporter( 693): Compat change id reported: 273564678; UID 10027; state: DISABLED
06-04 12:13:12.286 D/CompatibilityChangeReporter( 693): Compat change id reported: 265195908; UID 10027; state: ENABLED
06-04 12:13:12.387 D/CompatibilityChangeReporter( 693): Compat change id reported: 170503758; UID 10027; state: DISABLED
06-04 12:13:12.497 D/CompatibilityChangeReporter( 693): Compat change id reported: 271850009; UID 10060; state: ENABLED
06-04 12:13:12.497 D/CompatibilityChangeReporter( 693): Compat change id reported: 253665015; UID 10060; state: ENABLED
06-04 12:13:12.498 D/CompatibilityChangeReporter( 693): Compat change id reported: 194532703; UID 10060; state: ENABLED
06-04 12:13:12.573 D/CompatibilityChangeReporter( 693): Compat change id reported: 135634846; UID 10044; state: DISABLED
06-04 12:13:12.574 D/CompatibilityChangeReporter( 693): Compat change id reported: 143937733; UID 10044; state: DISABLED
06-04 12:13:12.589 I/ActivityManager( 693): Start proc 2219:com.dangbei.screencast/u0a44 for broadcast {com.dangbei.screencast/com.dangbei.screencast.startup.BootReceiver}
06-04 12:13:12.627 D/CompatibilityChangeReporter( 693): Compat change id reported: 168419799; UID 10044; state: DISABLED
06-04 12:13:12.628 D/CompatibilityChangeReporter( 693): Compat change id reported: 273564678; UID 10044; state: DISABLED
06-04 12:13:12.630 D/CompatibilityChangeReporter( 693): Compat change id reported: 265195908; UID 10044; state: ENABLED
06-04 12:13:12.640 D/CompatibilityChangeReporter( 693): Compat change id reported: 170503758; UID 10044; state: DISABLED
06-04 12:13:12.721 I/ActivityManager( 693): reportOnUserCompletedEvent(0): stored=10, eligible=111
06-04 12:13:12.721 D/SystemServerTimingAsync( 693): ssm.CompletedEventUser-0
06-04 12:13:12.721 I/SystemServiceManager( 693): Calling onCompletedEventUser 0
06-04 12:13:12.723 D/SystemServerTimingAsync( 693): ssm.onCompletedEventUser-0_{|Unlocked|}_com.android.server.security.FileIntegrityService
06-04 12:13:12.723 D/SystemServerTimingAsync( 693): ssm.onCompletedEventUser-0_{|Unlocked|}_com.android.server.flags.FeatureFlagsService
06-04 12:13:12.723 D/SystemServerTimingAsync( 693): ssm.onCompletedEventUser-0_{|Unlocked|}_com.android.server.uri.UriGrantsManagerService$Lifecycle
06-04 12:13:12.723 D/SystemServerTimingAsync( 693): ssm.onCompletedEventUser-0_{|Unlocked|}_com.android.server.powerstats.PowerStatsService
06-04 12:13:12.723 D/SystemServerTimingAsync( 693): ssm.onCompletedEventUser-0_{|Unlocked|}_com.android.server.permission.access.AccessCheckingService
06-04 12:13:12.723 D/SystemServerTimingAsync( 693): ssm.onCompletedEventUser-0_{|Unlocked|}_com.android.server.wm.ActivityTaskManagerService$Lifecycle
06-04 12:13:12.723 D/SystemServerTimingAsync( 693): ssm.onCompletedEventUser-0_{|Unlocked|}_com.android.server.am.ActivityManagerService$Lifecycle
06-04 12:13:12.723 D/SystemServerTimingAsync( 693): ssm.onCompletedEventUser-0_{|Unlocked|}_com.android.server.pm.DataLoaderManagerService
06-04 12:13:12.724 D/SystemServerTimingAsync( 693): ssm.onCompletedEventUser-0_{|Unlocked|}_com.android.server.power.PowerManagerService
06-04 12:13:12.724 D/SystemServerTimingAsync( 693): ssm.onCompletedEventUser-0_{|Unlocked|}_com.android.server.power.ThermalManagerService
06-04 12:13:12.724 D/SystemServerTimingAsync( 693): ssm.onCompletedEventUser-0_{|Unlocked|}_com.android.server.power.hint.HintManagerService
06-04 12:13:12.724 D/SystemServerTimingAsync( 693): ssm.onCompletedEventUser-0_{|Unlocked|}_com.android.server.recoverysystem.RecoverySystemService$Lifecycle
06-04 12:13:12.724 D/SystemServerTimingAsync( 693): ssm.onCompletedEventUser-0_{|Unlocked|}_com.android.server.lights.LightsService
06-04 12:13:12.724 D/SystemServerTimingAsync( 693): ssm.onCompletedEventUser-0_{|Unlocked|}_com.android.server.pm.Installer
06-04 12:13:12.724 D/SystemServerTimingAsync( 693): ssm.onCompletedEventUser-0_{|Unlocked|}_com.android.server.display.DisplayManagerService
06-04 12:13:12.724 D/SystemServerTimingAsync( 693): ssm.onCompletedEventUser-0_{|Unlocked|}_com.android.server.pm.PackageInstallerService$Lifecycle
06-04 12:13:12.724 D/SystemServerTimingAsync( 693): ssm.onCompletedEventUser-0_{|Unlocked|}_com.android.server.pm.verify.domain.DomainVerificationService
06-04 12:13:12.724 D/SystemServerTimingAsync( 693): ssm.onCompletedEventUser-0_{|Unlocked|}_com.android.server.om.OverlayManagerService
06-04 12:13:12.724 D/SystemServerTimingAsync( 693): ssm.onCompletedEventUser-0_{|Unlocked|}_com.android.server.pm.UserManagerService$LifeCycle
06-04 12:13:12.724 D/SystemServerTimingAsync( 693): ssm.onCompletedEventUser-0_{|Unlocked|}_com.android.server.resources.ResourcesManagerService
06-04 12:13:12.724 D/SystemServerTimingAsync( 693): ssm.onCompletedEventUser-0_{|Unlocked|}_com.android.server.sensors.SensorService
06-04 12:13:12.724 D/SystemServerTimingAsync( 693): ssm.onCompletedEventUser-0_{|Unlocked|}_com.android.server.sensorprivacy.SensorPrivacyService
06-04 12:13:12.724 D/SystemServerTimingAsync( 693): ssm.onCompletedEventUser-0_{|Unlocked|}_com.android.server.BatteryService
06-04 12:13:12.724 D/SystemServerTimingAsync( 693): ssm.onCompletedEventUser-0_{|Unlocked|}_com.android.server.usage.UsageStatsService
06-04 12:13:12.724 D/SystemServerTimingAsync( 693): ssm.onCompletedEventUser-0_{|Unlocked|}_com.android.server.webkit.WebViewUpdateService
06-04 12:13:12.724 D/SystemServerTimingAsync( 693): ssm.onCompletedEventUser-0_{|Unlocked|}_com.android.server.SystemConfigService
06-04 12:13:12.724 D/SystemServerTimingAsync( 693): ssm.onCompletedEventUser-0_{|Unlocked|}_com.android.server.BinderCallsStatsService$LifeCycle
06-04 12:13:12.724 D/SystemServerTimingAsync( 693): ssm.onCompletedEventUser-0_{|Unlocked|}_com.android.server.LooperStatsService$Lifecycle
06-04 12:13:12.724 D/SystemServerTimingAsync( 693): ssm.onCompletedEventUser-0_{|Unlocked|}_com.android.server.rollback.RollbackManagerService
06-04 12:13:12.724 D/SystemServerTimingAsync( 693): ssm.onCompletedEventUser-0_{|Unlocked|}_com.android.server.os.NativeTombstoneManagerService
06-04 12:13:12.724 D/SystemServerTimingAsync( 693): ssm.onCompletedEventUser-0_{|Unlocked|}_com.android.server.os.BugreportManagerService
06-04 12:13:12.724 D/SystemServerTimingAsync( 693): ssm.onCompletedEventUser-0_{|Unlocked|}_com.android.server.CachedDeviceStateService
