06-04 17:00:45.622 I/AmFFmpegExtractor( 605): checkInList: iswhite:1, mime:audio/mpeg, type:1, id:86017 tag:0
06-04 17:00:45.622 E/AmFFmpegExtractor( 605): codec_ctx->properties: 0
06-04 17:00:45.622 I/AmFFmpegExtractor( 605): checkInList: iswhite:0, mime:audio/mpeg, type:0, id:7 tag:0
06-04 17:00:45.622 I/AmFFmpegExtractor( 605): checkInList: iswhite:1, mime:audio/mpeg, type:0, id:7 tag:0
06-04 17:00:45.622 E/AmFFmpegExtractor( 605): codec_ctx->properties: 0
06-04 17:00:45.622 I/AmFFmpegExtractor( 605): checkSupportInList ret 1
06-04 17:00:45.623 I/AmFFmpegExtractor( 605): SniffAmFFmpeg ok, confidence = 0.050000
06-04 17:00:45.634 E/MetadataRetrieverClient( 608): unable to dlopen metadata_retriever extension: dlopen failed: library "libmetadataretriever_ext.so" not found
06-04 17:00:45.662 I/AmFFmpegByteIOAdapter( 605): File size : 9435136
06-04 17:00:45.662 E/exFFmpeg( 605): Incorrect BOM value
06-04 17:00:45.662 E/exFFmpeg( 605): Error reading comment frame, skipped
06-04 17:00:45.663 I/AmFFmpegExtractor( 605): checkInList: iswhite:0, mime:audio/mpeg, type:1, id:86017 tag:0
06-04 17:00:45.663 I/AmFFmpegExtractor( 605): checkInList: iswhite:1, mime:audio/mpeg, type:1, id:86017 tag:0
06-04 17:00:45.663 E/AmFFmpegExtractor( 605): codec_ctx->properties: 0
06-04 17:00:45.663 I/AmFFmpegExtractor( 605): checkInList: iswhite:0, mime:audio/mpeg, type:0, id:7 tag:0
06-04 17:00:45.663 I/AmFFmpegExtractor( 605): checkInList: iswhite:1, mime:audio/mpeg, type:0, id:7 tag:0
06-04 17:00:45.663 E/AmFFmpegExtractor( 605): codec_ctx->properties: 0
06-04 17:00:45.663 I/AmFFmpegExtractor( 605): checkSupportInList ret 1
06-04 17:00:45.666 I/AmFFmpegExtractor( 605): checkInList: iswhite:0, mime:audio/mpeg, type:1, id:86017 tag:0
06-04 17:00:45.666 I/AmFFmpegExtractor( 605): checkInList: iswhite:1, mime:audio/mpeg, type:1, id:86017 tag:0
06-04 17:00:45.666 E/AmFFmpegExtractor( 605): codec_ctx->properties: 0
06-04 17:00:45.666 I/AmFFmpegExtractor( 605): checkInList: iswhite:0, mime:audio/mpeg, type:0, id:7 tag:0
06-04 17:00:45.666 I/AmFFmpegExtractor( 605): checkInList: iswhite:1, mime:audio/mpeg, type:0, id:7 tag:0
06-04 17:00:45.666 E/AmFFmpegExtractor( 605): codec_ctx->properties: 0
06-04 17:00:45.666 I/AmFFmpegExtractor( 605): checkSupportInList ret 1
06-04 17:00:45.666 I/AmFFmpegExtractor( 605): SniffAmFFmpeg ok, confidence = 0.050000
06-04 17:00:45.681 E/MetadataRetrieverClient( 608): unable to dlopen metadata_retriever extension: dlopen failed: library "libmetadataretriever_ext.so" not found
06-04 17:00:45.701 I/AmFFmpegByteIOAdapter( 605): File size : 8221345
06-04 17:00:45.702 I/AmFFmpegExtractor( 605): checkInList: iswhite:0, mime:audio/mpeg, type:1, id:86017 tag:0
06-04 17:00:45.702 I/AmFFmpegExtractor( 605): checkInList: iswhite:1, mime:audio/mpeg, type:1, id:86017 tag:0
06-04 17:00:45.702 E/AmFFmpegExtractor( 605): codec_ctx->properties: 0
06-04 17:00:45.702 I/AmFFmpegExtractor( 605): checkInList: iswhite:0, mime:audio/mpeg, type:0, id:7 tag:0
06-04 17:00:45.702 I/AmFFmpegExtractor( 605): checkInList: iswhite:1, mime:audio/mpeg, type:0, id:7 tag:0
06-04 17:00:45.702 E/AmFFmpegExtractor( 605): codec_ctx->properties: 0
06-04 17:00:45.702 I/AmFFmpegExtractor( 605): checkSupportInList ret 1
06-04 17:00:45.705 I/AmFFmpegExtractor( 605): checkInList: iswhite:0, mime:audio/mpeg, type:1, id:86017 tag:0
06-04 17:00:45.705 I/AmFFmpegExtractor( 605): checkInList: iswhite:1, mime:audio/mpeg, type:1, id:86017 tag:0
06-04 17:00:45.705 E/AmFFmpegExtractor( 605): codec_ctx->properties: 0
06-04 17:00:45.705 I/AmFFmpegExtractor( 605): checkInList: iswhite:0, mime:audio/mpeg, type:0, id:7 tag:0
06-04 17:00:45.705 I/AmFFmpegExtractor( 605): checkInList: iswhite:1, mime:audio/mpeg, type:0, id:7 tag:0
06-04 17:00:45.705 E/AmFFmpegExtractor( 605): codec_ctx->properties: 0
06-04 17:00:45.705 I/AmFFmpegExtractor( 605): checkSupportInList ret 1
06-04 17:00:45.705 I/AmFFmpegExtractor( 605): SniffAmFFmpeg ok, confidence = 0.050000
06-04 17:00:45.715 E/MetadataRetrieverClient( 608): unable to dlopen metadata_retriever extension: dlopen failed: library "libmetadataretriever_ext.so" not found
06-04 17:00:45.806 I/AmFFmpegByteIOAdapter( 605): File size : 8165407
06-04 17:00:45.809 I/AmFFmpegExtractor( 605): checkInList: iswhite:0, mime:audio/mpeg, type:1, id:86017 tag:0
06-04 17:00:45.810 I/AmFFmpegExtractor( 605): checkInList: iswhite:1, mime:audio/mpeg, type:1, id:86017 tag:0
06-04 17:00:45.810 E/AmFFmpegExtractor( 605): codec_ctx->properties: 0
06-04 17:00:45.810 I/AmFFmpegExtractor( 605): checkInList: iswhite:0, mime:audio/mpeg, type:0, id:7 tag:0
06-04 17:00:45.810 I/AmFFmpegExtractor( 605): checkInList: iswhite:1, mime:audio/mpeg, type:0, id:7 tag:0
06-04 17:00:45.810 E/AmFFmpegExtractor( 605): codec_ctx->properties: 0
06-04 17:00:45.810 I/AmFFmpegExtractor( 605): checkSupportInList ret 1
06-04 17:00:45.814 I/AmFFmpegExtractor( 605): checkInList: iswhite:0, mime:audio/mpeg, type:1, id:86017 tag:0
06-04 17:00:45.814 I/AmFFmpegExtractor( 605): checkInList: iswhite:1, mime:audio/mpeg, type:1, id:86017 tag:0
06-04 17:00:45.814 E/AmFFmpegExtractor( 605): codec_ctx->properties: 0
06-04 17:00:45.814 I/AmFFmpegExtractor( 605): checkInList: iswhite:0, mime:audio/mpeg, type:0, id:7 tag:0
06-04 17:00:45.814 I/AmFFmpegExtractor( 605): checkInList: iswhite:1, mime:audio/mpeg, type:0, id:7 tag:0
06-04 17:00:45.814 E/AmFFmpegExtractor( 605): codec_ctx->properties: 0
06-04 17:00:45.814 I/AmFFmpegExtractor( 605): checkSupportInList ret 1
06-04 17:00:45.814 I/AmFFmpegExtractor( 605): SniffAmFFmpeg ok, confidence = 0.050000
06-04 17:00:45.837 W/MediaProvider( 1471): isAppCloneUserPair for user -1: false
06-04 17:00:45.846 W/MediaProvider( 1471): isAppCloneUserPair for user -1: false
06-04 17:00:45.853 W/MediaProvider( 1471): isAppCloneUserPair for user -1: false
06-04 17:00:45.864 W/MediaProvider( 1471): isAppCloneUserPair for user -1: false
06-04 17:00:45.872 W/MediaProvider( 1471): isAppCloneUserPair for user -1: false
06-04 17:00:45.879 W/MediaProvider( 1471): isAppCloneUserPair for user -1: false
06-04 17:00:45.885 W/MediaProvider( 1471): isAppCloneUserPair for user -1: false
06-04 17:00:45.892 W/MediaProvider( 1471): isAppCloneUserPair for user -1: false
06-04 17:00:45.897 W/MediaProvider( 1471): isAppCloneUserPair for user -1: false
06-04 17:00:45.903 W/MediaProvider( 1471): isAppCloneUserPair for user -1: false
06-04 17:00:45.911 W/MediaProvider( 1471): isAppCloneUserPair for user -1: false
06-04 17:00:45.917 W/MediaProvider( 1471): isAppCloneUserPair for user -1: false
06-04 17:00:45.928 W/MediaProvider( 1471): isAppCloneUserPair for user -1: false
06-04 17:00:45.934 W/MediaProvider( 1471): isAppCloneUserPair for user -1: false
06-04 17:00:45.941 W/MediaProvider( 1471): isAppCloneUserPair for user -1: false
06-04 17:00:45.949 W/MediaProvider( 1471): isAppCloneUserPair for user -1: false
06-04 17:00:45.955 W/MediaProvider( 1471): isAppCloneUserPair for user -1: false
06-04 17:00:45.961 W/MediaProvider( 1471): isAppCloneUserPair for user -1: false
06-04 17:00:46.043 E/MetadataRetrieverClient( 608): unable to dlopen metadata_retriever extension: dlopen failed: library "libmetadataretriever_ext.so" not found
06-04 17:00:46.053 I/AmFFmpegByteIOAdapter( 605): File size : 493502
06-04 17:00:46.061 E/AmFFmpegExtractor( 605): major_brand:isom
06-04 17:00:46.061 E/AmFFmpegExtractor( 605): compatible_brands:isomiso2mp41
06-04 17:00:46.061 I/AmFFmpegExtractor( 605): checkInList: iswhite:0, mime:video/mp4, type:1, id:86018 tag:6134706d
06-04 17:00:46.061 I/AmFFmpegExtractor( 605): checkInList: iswhite:1, mime:video/mp4, type:1, id:86018 tag:6134706d
06-04 17:00:46.061 E/AmFFmpegExtractor( 605): codec_ctx->properties: 0
06-04 17:00:46.061 I/AmFFmpegExtractor( 605): checkSupportInList ret 1
06-04 17:00:46.081 E/AmFFmpegExtractor( 605): major_brand:isom
06-04 17:00:46.081 E/AmFFmpegExtractor( 605): compatible_brands:isomiso2mp41
06-04 17:00:46.081 I/AmFFmpegExtractor( 605): checkInList: iswhite:0, mime:video/mp4, type:1, id:86018 tag:6134706d
06-04 17:00:46.081 I/AmFFmpegExtractor( 605): checkInList: iswhite:1, mime:video/mp4, type:1, id:86018 tag:6134706d
06-04 17:00:46.081 E/AmFFmpegExtractor( 605): codec_ctx->properties: 0
06-04 17:00:46.081 I/AmFFmpegExtractor( 605): checkSupportInList ret 0
06-04 17:00:46.081 E/AmFFmpegExtractor( 605): vendor do not support
06-04 17:00:46.107 E/MetadataRetrieverClient( 608): unable to dlopen metadata_retriever extension: dlopen failed: library "libmetadataretriever_ext.so" not found
06-04 17:00:46.111 I/AmFFmpegByteIOAdapter( 605): File size : 1818203
06-04 17:00:46.121 E/AmFFmpegExtractor( 605): major_brand:isom
06-04 17:00:46.121 E/AmFFmpegExtractor( 605): compatible_brands:isomiso2mp41
06-04 17:00:46.121 I/AmFFmpegExtractor( 605): checkInList: iswhite:0, mime:video/mp4, type:1, id:86018 tag:6134706d
06-04 17:00:46.121 I/AmFFmpegExtractor( 605): checkInList: iswhite:1, mime:video/mp4, type:1, id:86018 tag:6134706d
06-04 17:00:46.121 E/AmFFmpegExtractor( 605): codec_ctx->properties: 0
06-04 17:00:46.121 I/AmFFmpegExtractor( 605): checkSupportInList ret 1
06-04 17:00:46.123 E/AmFFmpegExtractor( 605): major_brand:isom
06-04 17:00:46.123 E/AmFFmpegExtractor( 605): compatible_brands:isomiso2mp41
06-04 17:00:46.123 I/AmFFmpegExtractor( 605): checkInList: iswhite:0, mime:video/mp4, type:1, id:86018 tag:6134706d
06-04 17:00:46.123 I/AmFFmpegExtractor( 605): checkInList: iswhite:1, mime:video/mp4, type:1, id:86018 tag:6134706d
06-04 17:00:46.123 E/AmFFmpegExtractor( 605): codec_ctx->properties: 0
06-04 17:00:46.123 I/AmFFmpegExtractor( 605): checkSupportInList ret 0
06-04 17:00:46.124 E/AmFFmpegExtractor( 605): vendor do not support
06-04 17:00:46.146 E/MetadataRetrieverClient( 608): unable to dlopen metadata_retriever extension: dlopen failed: library "libmetadataretriever_ext.so" not found
06-04 17:00:46.151 I/AmFFmpegByteIOAdapter( 605): File size : 3481783
06-04 17:00:46.152 I/DebugUtil( 490): [0##5]in/out status {INS/OUTS=914(1)/903(0)}, pipeline status {IN=8/8, OUT=8/13[Component(0) Accelerator(5) Client(8)]}
06-04 17:00:46.162 E/AmFFmpegExtractor( 605): major_brand:isom
06-04 17:00:46.162 E/AmFFmpegExtractor( 605): compatible_brands:isomiso2mp41
06-04 17:00:46.162 I/AmFFmpegExtractor( 605): checkInList: iswhite:0, mime:video/mp4, type:1, id:86018 tag:6134706d
06-04 17:00:46.162 I/AmFFmpegExtractor( 605): checkInList: iswhite:1, mime:video/mp4, type:1, id:86018 tag:6134706d
06-04 17:00:46.162 E/AmFFmpegExtractor( 605): codec_ctx->properties: 0
06-04 17:00:46.162 I/AmFFmpegExtractor( 605): checkSupportInList ret 1
06-04 17:00:46.164 E/AmFFmpegExtractor( 605): major_brand:isom
06-04 17:00:46.164 E/AmFFmpegExtractor( 605): compatible_brands:isomiso2mp41
06-04 17:00:46.164 I/AmFFmpegExtractor( 605): checkInList: iswhite:0, mime:video/mp4, type:1, id:86018 tag:6134706d
06-04 17:00:46.164 I/AmFFmpegExtractor( 605): checkInList: iswhite:1, mime:video/mp4, type:1, id:86018 tag:6134706d
06-04 17:00:46.164 E/AmFFmpegExtractor( 605): codec_ctx->properties: 0
06-04 17:00:46.164 I/AmFFmpegExtractor( 605): checkSupportInList ret 0
06-04 17:00:46.164 E/AmFFmpegExtractor( 605): vendor do not support
06-04 17:00:46.196 E/MetadataRetrieverClient( 608): unable to dlopen metadata_retriever extension: dlopen failed: library "libmetadataretriever_ext.so" not found
06-04 17:00:46.199 I/AmFFmpegByteIOAdapter( 605): File size : 5448876
06-04 17:00:46.214 E/AmFFmpegExtractor( 605): major_brand:isom
06-04 17:00:46.214 E/AmFFmpegExtractor( 605): compatible_brands:isomiso2mp41
06-04 17:00:46.214 I/AmFFmpegExtractor( 605): checkInList: iswhite:0, mime:video/mp4, type:1, id:86018 tag:6134706d
06-04 17:00:46.214 I/AmFFmpegExtractor( 605): checkInList: iswhite:1, mime:video/mp4, type:1, id:86018 tag:6134706d
06-04 17:00:46.214 E/AmFFmpegExtractor( 605): codec_ctx->properties: 0
06-04 17:00:46.214 I/AmFFmpegExtractor( 605): checkSupportInList ret 1
06-04 17:00:46.217 E/AmFFmpegExtractor( 605): major_brand:isom
06-04 17:00:46.217 E/AmFFmpegExtractor( 605): compatible_brands:isomiso2mp41
06-04 17:00:46.217 I/AmFFmpegExtractor( 605): checkInList: iswhite:0, mime:video/mp4, type:1, id:86018 tag:6134706d
06-04 17:00:46.217 I/AmFFmpegExtractor( 605): checkInList: iswhite:1, mime:video/mp4, type:1, id:86018 tag:6134706d
06-04 17:00:46.217 E/AmFFmpegExtractor( 605): codec_ctx->properties: 0
06-04 17:00:46.217 I/AmFFmpegExtractor( 605): checkSupportInList ret 0
06-04 17:00:46.218 E/AmFFmpegExtractor( 605): vendor do not support
06-04 17:00:46.246 E/MetadataRetrieverClient( 608): unable to dlopen metadata_retriever extension: dlopen failed: library "libmetadataretriever_ext.so" not found
06-04 17:00:46.251 I/AmFFmpegByteIOAdapter( 605): File size : 7239846
06-04 17:00:46.267 E/AmFFmpegExtractor( 605): major_brand:isom
06-04 17:00:46.267 E/AmFFmpegExtractor( 605): compatible_brands:isomiso2mp41
06-04 17:00:46.267 I/AmFFmpegExtractor( 605): checkInList: iswhite:0, mime:video/mp4, type:1, id:86018 tag:6134706d
06-04 17:00:46.267 I/AmFFmpegExtractor( 605): checkInList: iswhite:1, mime:video/mp4, type:1, id:86018 tag:6134706d
06-04 17:00:46.267 E/AmFFmpegExtractor( 605): codec_ctx->properties: 0
06-04 17:00:46.267 I/AmFFmpegExtractor( 605): checkSupportInList ret 1
06-04 17:00:46.270 E/AmFFmpegExtractor( 605): major_brand:isom
06-04 17:00:46.270 E/AmFFmpegExtractor( 605): compatible_brands:isomiso2mp41
06-04 17:00:46.270 I/AmFFmpegExtractor( 605): checkInList: iswhite:0, mime:video/mp4, type:1, id:86018 tag:6134706d
06-04 17:00:46.270 I/AmFFmpegExtractor( 605): checkInList: iswhite:1, mime:video/mp4, type:1, id:86018 tag:6134706d
06-04 17:00:46.270 E/AmFFmpegExtractor( 605): codec_ctx->properties: 0
06-04 17:00:46.270 I/AmFFmpegExtractor( 605): checkSupportInList ret 0
06-04 17:00:46.270 E/AmFFmpegExtractor( 605): vendor do not support
06-04 17:00:46.297 E/MetadataRetrieverClient( 608): unable to dlopen metadata_retriever extension: dlopen failed: library "libmetadataretriever_ext.so" not found
06-04 17:00:46.301 I/AmFFmpegByteIOAdapter( 605): File size : 9533865
06-04 17:00:46.318 I/VDA ( 490): [0##5]"ServiceDeviceTask INs=911/918, OUTs=909/913"" {IN=7/8, OUT=9/13[kAtAccelerator(0) kAtDevice(4) kAtClient(9)]}"
06-04 17:00:46.322 E/AmFFmpegExtractor( 605): major_brand:isom
06-04 17:00:46.322 E/AmFFmpegExtractor( 605): compatible_brands:isomiso2mp41
06-04 17:00:46.322 I/AmFFmpegExtractor( 605): checkInList: iswhite:0, mime:video/mp4, type:1, id:86018 tag:6134706d
06-04 17:00:46.322 I/AmFFmpegExtractor( 605): checkInList: iswhite:1, mime:video/mp4, type:1, id:86018 tag:6134706d
06-04 17:00:46.322 E/AmFFmpegExtractor( 605): codec_ctx->properties: 0
06-04 17:00:46.322 I/AmFFmpegExtractor( 605): checkSupportInList ret 1
06-04 17:00:46.327 E/AmFFmpegExtractor( 605): major_brand:isom
06-04 17:00:46.327 E/AmFFmpegExtractor( 605): compatible_brands:isomiso2mp41
06-04 17:00:46.327 I/AmFFmpegExtractor( 605): checkInList: iswhite:0, mime:video/mp4, type:1, id:86018 tag:6134706d
06-04 17:00:46.327 I/AmFFmpegExtractor( 605): checkInList: iswhite:1, mime:video/mp4, type:1, id:86018 tag:6134706d
06-04 17:00:46.327 E/AmFFmpegExtractor( 605): codec_ctx->properties: 0
06-04 17:00:46.327 I/AmFFmpegExtractor( 605): checkSupportInList ret 0
06-04 17:00:46.327 E/AmFFmpegExtractor( 605): vendor do not support
06-04 17:00:46.355 W/MediaProvider( 1471): isAppCloneUserPair for user -1: false
06-04 17:00:46.361 W/MediaProvider( 1471): isAppCloneUserPair for user -1: false
06-04 17:00:46.369 W/MediaProvider( 1471): isAppCloneUserPair for user -1: false
06-04 17:00:46.382 W/MediaProvider( 1471): isAppCloneUserPair for user -1: false
06-04 17:00:46.388 W/MediaProvider( 1471): isAppCloneUserPair for user -1: false
06-04 17:00:46.394 W/MediaProvider( 1471): isAppCloneUserPair for user -1: false
06-04 17:00:46.400 W/MediaProvider( 1471): isAppCloneUserPair for user -1: false
06-04 17:00:46.427 E/MetadataRetrieverClient( 608): unable to dlopen metadata_retriever extension: dlopen failed: library "libmetadataretriever_ext.so" not found
06-04 17:00:46.430 I/AmFFmpegByteIOAdapter( 605): File size : 1066394
06-04 17:00:46.432 I/AmFFmpegExtractor( 605): checkInList: iswhite:0, mime:video/x-ms-asf, type:1, id:86024 tag:161
06-04 17:00:46.433 I/AmFFmpegExtractor( 605): checkInList: iswhite:1, mime:video/x-ms-asf, type:1, id:86024 tag:161
06-04 17:00:46.433 E/AmFFmpegExtractor( 605): codec_ctx->properties: 0
06-04 17:00:46.433 I/AmFFmpegExtractor( 605): checkSupportInList ret 1
06-04 17:00:46.433 I/AmFFmpegExtractor( 605): checkInList: iswhite:0, mime:video/x-ms-asf, type:1, id:86024 tag:161
06-04 17:00:46.433 I/AmFFmpegExtractor( 605): checkInList: iswhite:1, mime:video/x-ms-asf, type:1, id:86024 tag:161
06-04 17:00:46.433 E/AmFFmpegExtractor( 605): codec_ctx->properties: 0
06-04 17:00:46.433 I/AmFFmpegExtractor( 605): checkSupportInList ret 0
06-04 17:00:46.433 E/AmFFmpegExtractor( 605): vendor do not support
06-04 17:00:46.445 W/Parcel ( 608): Expecting binder but got null!
06-04 17:00:46.446 W/ModernMediaScanner( 1471): Trouble scanning /storage/02E24445E2443EE3/test1234567890123456789012345678/LGE Test/Music/[6] WMA_Bitrate_Sampling Test/[1] wma_32kbps_8khz.wma: java.lang.RuntimeException: setDataSource failed: status = 0x80000000
06-04 17:00:46.449 E/MetadataRetrieverClient( 608): unable to dlopen metadata_retriever extension: dlopen failed: library "libmetadataretriever_ext.so" not found
06-04 17:00:46.457 I/AmFFmpegByteIOAdapter( 605): File size : 2019994
06-04 17:00:46.461 I/AmFFmpegExtractor( 605): checkInList: iswhite:0, mime:video/x-ms-asf, type:1, id:86024 tag:161
06-04 17:00:46.461 I/AmFFmpegExtractor( 605): checkInList: iswhite:1, mime:video/x-ms-asf, type:1, id:86024 tag:161
06-04 17:00:46.461 E/AmFFmpegExtractor( 605): codec_ctx->properties: 0
06-04 17:00:46.461 I/AmFFmpegExtractor( 605): checkSupportInList ret 1
06-04 17:00:46.461 I/AmFFmpegExtractor( 605): checkInList: iswhite:0, mime:video/x-ms-asf, type:1, id:86024 tag:161
06-04 17:00:46.461 I/AmFFmpegExtractor( 605): checkInList: iswhite:1, mime:video/x-ms-asf, type:1, id:86024 tag:161
06-04 17:00:46.461 E/AmFFmpegExtractor( 605): codec_ctx->properties: 0
06-04 17:00:46.461 I/AmFFmpegExtractor( 605): checkSupportInList ret 0
06-04 17:00:46.462 E/AmFFmpegExtractor( 605): vendor do not support
06-04 17:00:46.472 W/Parcel ( 608): Expecting binder but got null!
06-04 17:00:46.473 W/ModernMediaScanner( 1471): Trouble scanning /storage/02E24445E2443EE3/test1234567890123456789012345678/LGE Test/Music/[6] WMA_Bitrate_Sampling Test/[2] wma_64kbps_22.05khz.wma: java.lang.RuntimeException: setDataSource failed: status = 0x80000000
06-04 17:00:46.476 E/MetadataRetrieverClient( 608): unable to dlopen metadata_retriever extension: dlopen failed: library "libmetadataretriever_ext.so" not found
06-04 17:00:46.486 I/AmFFmpegByteIOAdapter( 605): File size : 4039194
06-04 17:00:46.490 I/AmFFmpegExtractor( 605): checkInList: iswhite:0, mime:video/x-ms-asf, type:1, id:86024 tag:161
06-04 17:00:46.490 I/AmFFmpegExtractor( 605): checkInList: iswhite:1, mime:video/x-ms-asf, type:1, id:86024 tag:161
06-04 17:00:46.490 E/AmFFmpegExtractor( 605): codec_ctx->properties: 0
06-04 17:00:46.490 I/AmFFmpegExtractor( 605): checkSupportInList ret 1
06-04 17:00:46.491 I/AmFFmpegExtractor( 605): checkInList: iswhite:0, mime:video/x-ms-asf, type:1, id:86024 tag:161
06-04 17:00:46.491 I/AmFFmpegExtractor( 605): checkInList: iswhite:1, mime:video/x-ms-asf, type:1, id:86024 tag:161
06-04 17:00:46.491 E/AmFFmpegExtractor( 605): codec_ctx->properties: 0
06-04 17:00:46.491 I/AmFFmpegExtractor( 605): checkSupportInList ret 0
06-04 17:00:46.491 E/AmFFmpegExtractor( 605): vendor do not support
06-04 17:00:46.504 W/Parcel ( 608): Expecting binder but got null!
06-04 17:00:46.505 W/ModernMediaScanner( 1471): Trouble scanning /storage/02E24445E2443EE3/test1234567890123456789012345678/LGE Test/Music/[6] WMA_Bitrate_Sampling Test/[3] wma_128kbps_44.1khz.wma: java.lang.RuntimeException: setDataSource failed: status = 0x80000000
06-04 17:00:46.507 E/MetadataRetrieverClient( 608): unable to dlopen metadata_retriever extension: dlopen failed: library "libmetadataretriever_ext.so" not found
06-04 17:00:46.512 I/AmFFmpegByteIOAdapter( 605): File size : 8074394
06-04 17:00:46.515 I/AmFFmpegExtractor( 605): checkInList: iswhite:0, mime:video/x-ms-asf, type:1, id:86024 tag:161
06-04 17:00:46.515 I/AmFFmpegExtractor( 605): checkInList: iswhite:1, mime:video/x-ms-asf, type:1, id:86024 tag:161
06-04 17:00:46.515 E/AmFFmpegExtractor( 605): codec_ctx->properties: 0
06-04 17:00:46.515 I/AmFFmpegExtractor( 605): checkSupportInList ret 1
06-04 17:00:46.516 I/AmFFmpegExtractor( 605): checkInList: iswhite:0, mime:video/x-ms-asf, type:1, id:86024 tag:161
06-04 17:00:46.516 I/AmFFmpegExtractor( 605): checkInList: iswhite:1, mime:video/x-ms-asf, type:1, id:86024 tag:161
06-04 17:00:46.516 E/AmFFmpegExtractor( 605): codec_ctx->properties: 0
06-04 17:00:46.516 I/AmFFmpegExtractor( 605): checkSupportInList ret 0
06-04 17:00:46.516 E/AmFFmpegExtractor( 605): vendor do not support
06-04 17:00:46.519 D/TrafficStats( 3475): tagSocket(170) with statsTag=0xffffffff, statsUid=-1
06-04 17:00:46.529 W/Parcel ( 608): Expecting binder but got null!
06-04 17:00:46.530 W/ModernMediaScanner( 1471): Trouble scanning /storage/02E24445E2443EE3/test1234567890123456789012345678/LGE Test/Music/[6] WMA_Bitrate_Sampling Test/[4] wma_192kbps_44.1khz.wma: java.lang.RuntimeException: setDataSource failed: status = 0x80000000
06-04 17:00:46.533 E/MetadataRetrieverClient( 608): unable to dlopen metadata_retriever extension: dlopen failed: library "libmetadataretriever_ext.so" not found
06-04 17:00:46.550 I/AmFFmpegByteIOAdapter( 605): File size : 8787994
06-04 17:00:46.553 I/AmFFmpegExtractor( 605): checkInList: iswhite:0, mime:video/x-ms-asf, type:1, id:86024 tag:161
06-04 17:00:46.553 I/AmFFmpegExtractor( 605): checkInList: iswhite:1, mime:video/x-ms-asf, type:1, id:86024 tag:161
06-04 17:00:46.553 E/AmFFmpegExtractor( 605): codec_ctx->properties: 0
06-04 17:00:46.553 I/AmFFmpegExtractor( 605): checkSupportInList ret 1
06-04 17:00:46.555 I/AmFFmpegExtractor( 605): checkInList: iswhite:0, mime:video/x-ms-asf, type:1, id:86024 tag:161
06-04 17:00:46.555 I/AmFFmpegExtractor( 605): checkInList: iswhite:1, mime:video/x-ms-asf, type:1, id:86024 tag:161
06-04 17:00:46.555 E/AmFFmpegExtractor( 605): codec_ctx->properties: 0
06-04 17:00:46.555 I/AmFFmpegExtractor( 605): checkSupportInList ret 0
06-04 17:00:46.555 E/AmFFmpegExtractor( 605): vendor do not support
06-04 17:00:46.568 W/Parcel ( 608): Expecting binder but got null!
06-04 17:00:46.569 W/ModernMediaScanner( 1471): Trouble scanning /storage/02E24445E2443EE3/test1234567890123456789012345678/LGE Test/Music/[6] WMA_Bitrate_Sampling Test/[5] wma_256kbps_48khz.wma: java.lang.RuntimeException: setDataSource failed: status = 0x80000000
06-04 17:00:46.572 E/MetadataRetrieverClient( 608): unable to dlopen metadata_retriever extension: dlopen failed: library "libmetadataretriever_ext.so" not found
06-04 17:00:46.593 I/AmFFmpegByteIOAdapter( 605): File size : 17575194
06-04 17:00:46.596 I/AmFFmpegExtractor( 605): checkInList: iswhite:0, mime:video/x-ms-asf, type:1, id:86024 tag:161
06-04 17:00:46.596 I/AmFFmpegExtractor( 605): checkInList: iswhite:1, mime:video/x-ms-asf, type:1, id:86024 tag:161
06-04 17:00:46.596 E/AmFFmpegExtractor( 605): codec_ctx->properties: 0
06-04 17:00:46.596 I/AmFFmpegExtractor( 605): checkSupportInList ret 1
06-04 17:00:46.597 I/AmFFmpegExtractor( 605): checkInList: iswhite:0, mime:video/x-ms-asf, type:1, id:86024 tag:161
06-04 17:00:46.597 I/AmFFmpegExtractor( 605): checkInList: iswhite:1, mime:video/x-ms-asf, type:1, id:86024 tag:161
06-04 17:00:46.597 E/AmFFmpegExtractor( 605): codec_ctx->properties: 0
06-04 17:00:46.597 I/AmFFmpegExtractor( 605): checkSupportInList ret 0
06-04 17:00:46.597 E/AmFFmpegExtractor( 605): vendor do not support
06-04 17:00:46.612 W/Parcel ( 608): Expecting binder but got null!
06-04 17:00:46.613 W/ModernMediaScanner( 1471): Trouble scanning /storage/02E24445E2443EE3/test1234567890123456789012345678/LGE Test/Music/[6] WMA_Bitrate_Sampling Test/[6] wma_320kbps_48khz.wma: java.lang.RuntimeException: setDataSource failed: status = 0x80000000
06-04 17:00:46.616 W/MediaProvider( 1471): isAppCloneUserPair for user -1: false
06-04 17:00:46.622 W/MediaProvider( 1471): isAppCloneUserPair for user -1: false
06-04 17:00:46.634 W/MediaProvider( 1471): isAppCloneUserPair for user -1: false
06-04 17:00:46.643 W/MediaProvider( 1471): isAppCloneUserPair for user -1: false
06-04 17:00:46.650 W/MediaProvider( 1471): isAppCloneUserPair for user -1: false
06-04 17:00:46.658 W/MediaProvider( 1471): isAppCloneUserPair for user -1: false
06-04 17:00:46.666 W/MediaProvider( 1471): isAppCloneUserPair for user -1: false
06-04 17:00:46.682 E/MetadataRetrieverClient( 608): unable to dlopen metadata_retriever extension: dlopen failed: library "libmetadataretriever_ext.so" not found
06-04 17:00:46.691 I/AmFFmpegByteIOAdapter( 605): File size : 6644434
06-04 17:00:46.709 I/AmFFmpegExtractor( 605): checkInList: iswhite:0, mime:audio/ogg, type:1, id:86021 tag:0
06-04 17:00:46.709 I/AmFFmpegExtractor( 605): checkInList: iswhite:1, mime:audio/ogg, type:1, id:86021 tag:0
06-04 17:00:46.709 E/AmFFmpegExtractor( 605): codec_ctx->properties: 0
06-04 17:00:46.709 I/AmFFmpegExtractor( 605): checkSupportInList ret 1
06-04 17:00:46.713 I/AmFFmpegExtractor( 605): checkInList: iswhite:0, mime:audio/ogg, type:1, id:86021 tag:0
06-04 17:00:46.713 I/AmFFmpegExtractor( 605): checkInList: iswhite:1, mime:audio/ogg, type:1, id:86021 tag:0
06-04 17:00:46.713 E/AmFFmpegExtractor( 605): codec_ctx->properties: 0
06-04 17:00:46.713 I/AmFFmpegExtractor( 605): checkSupportInList ret 0
06-04 17:00:46.713 E/AmFFmpegExtractor( 605): vendor do not support
06-04 17:00:46.843 D/ModernMediaScanner( 1471): Parsing date with millis failed for [2011]. We will retry without millis
06-04 17:00:46.844 D/ModernMediaScanner( 1471): Parsing date without millis failed for [2011]
06-04 17:00:46.846 I/WifiHAL ( 506): call wifi_get_link_stats handler
06-04 17:00:46.846 I/WifiHAL ( 506): Creating message to get link statistics; iface = 16
06-04 17:00:46.846 D/WifiHAL ( 506): error code -95 mapped to -3
06-04 17:00:46.847 E/WifiStaIfaceAidlImpl( 693): getLinkLayerStats failed with service-specific exception: android.os.ServiceSpecificException: (code 4)
06-04 17:00:46.850 E/MetadataRetrieverClient( 608): unable to dlopen metadata_retriever extension: dlopen failed: library "libmetadataretriever_ext.so" not found
06-04 17:00:46.854 I/AmFFmpegByteIOAdapter( 605): File size : 1417727
06-04 17:00:46.872 D/TrafficStats( 3620): tagSocket(150) with statsTag=0xffffffff, statsUid=-1
06-04 17:00:46.877 I/AmFFmpegExtractor( 605): checkInList: iswhite:0, mime:audio/ogg, type:1, id:86021 tag:0
06-04 17:00:46.877 I/AmFFmpegExtractor( 605): checkInList: iswhite:1, mime:audio/ogg, type:1, id:86021 tag:0
06-04 17:00:46.877 E/AmFFmpegExtractor( 605): codec_ctx->properties: 0
06-04 17:00:46.877 I/AmFFmpegExtractor( 605): checkSupportInList ret 1
06-04 17:00:46.880 I/AmFFmpegExtractor( 605): checkInList: iswhite:0, mime:audio/ogg, type:1, id:86021 tag:0
06-04 17:00:46.880 I/AmFFmpegExtractor( 605): checkInList: iswhite:1, mime:audio/ogg, type:1, id:86021 tag:0
06-04 17:00:46.880 E/AmFFmpegExtractor( 605): codec_ctx->properties: 0
06-04 17:00:46.880 I/AmFFmpegExtractor( 605): checkSupportInList ret 0
06-04 17:00:46.880 E/AmFFmpegExtractor( 605): vendor do not support
06-04 17:00:46.900 D/BufferPoolAccessor2.0( 3054): bufferpool2 0xe096ff68 : 8(12582912 size) total buffers - 8(12582912 size) used buffers - 0/9 (recycle/alloc) - 9/937 (fetch/transfer)
06-04 17:00:46.921 D/ModernMediaScanner( 1471): Parsing date with millis failed for [2011]. We will retry without millis
06-04 17:00:46.921 D/ModernMediaScanner( 1471): Parsing date without millis failed for [2011]
06-04 17:00:46.926 E/MetadataRetrieverClient( 608): unable to dlopen metadata_retriever extension: dlopen failed: library "libmetadataretriever_ext.so" not found
06-04 17:00:46.930 I/AmFFmpegByteIOAdapter( 605): File size : 2965339
06-04 17:00:46.950 I/AmFFmpegExtractor( 605): checkInList: iswhite:0, mime:audio/ogg, type:1, id:86021 tag:0
06-04 17:00:46.950 I/AmFFmpegExtractor( 605): checkInList: iswhite:1, mime:audio/ogg, type:1, id:86021 tag:0
06-04 17:00:46.951 E/AmFFmpegExtractor( 605): codec_ctx->properties: 0
06-04 17:00:46.951 I/AmFFmpegExtractor( 605): checkSupportInList ret 1
06-04 17:00:46.953 I/AmFFmpegExtractor( 605): checkInList: iswhite:0, mime:audio/ogg, type:1, id:86021 tag:0
06-04 17:00:46.953 I/AmFFmpegExtractor( 605): checkInList: iswhite:1, mime:audio/ogg, type:1, id:86021 tag:0
06-04 17:00:46.953 E/AmFFmpegExtractor( 605): codec_ctx->properties: 0
06-04 17:00:46.953 I/AmFFmpegExtractor( 605): checkSupportInList ret 0
06-04 17:00:46.953 E/AmFFmpegExtractor( 605): vendor do not support
06-04 17:00:46.975 D/bbb ( 1595): onStartCommand begin !!!!!!! data分区剩余 54593MB
06-04 17:00:46.978 D/CompatibilityChangeReporter( 693): Compat change id reported: 171306433; UID 1000; state: ENABLED
06-04 17:00:46.978 D/CompatibilityChangeReporter( 693): Compat change id reported: 218533173; UID 1000; state: ENABLED
06-04 17:00:47.032 D/ModernMediaScanner( 1471): Parsing date with millis failed for [2011]. We will retry without millis
06-04 17:00:47.032 D/ModernMediaScanner( 1471): Parsing date without millis failed for [2011]
06-04 17:00:47.038 E/MetadataRetrieverClient( 608): unable to dlopen metadata_retriever extension: dlopen failed: library "libmetadataretriever_ext.so" not found
06-04 17:00:47.041 I/AmFFmpegByteIOAdapter( 605): File size : 3950148
06-04 17:00:47.079 I/AmFFmpegExtractor( 605): checkInList: iswhite:0, mime:audio/ogg, type:1, id:86021 tag:0
06-04 17:00:47.079 I/AmFFmpegExtractor( 605): checkInList: iswhite:1, mime:audio/ogg, type:1, id:86021 tag:0
06-04 17:00:47.079 E/AmFFmpegExtractor( 605): codec_ctx->properties: 0
06-04 17:00:47.079 I/AmFFmpegExtractor( 605): checkSupportInList ret 1
06-04 17:00:47.083 I/AmFFmpegExtractor( 605): checkInList: iswhite:0, mime:audio/ogg, type:1, id:86021 tag:0
06-04 17:00:47.084 I/AmFFmpegExtractor( 605): checkInList: iswhite:1, mime:audio/ogg, type:1, id:86021 tag:0
06-04 17:00:47.084 E/AmFFmpegExtractor( 605): codec_ctx->properties: 0
06-04 17:00:47.084 I/AmFFmpegExtractor( 605): checkSupportInList ret 0
06-04 17:00:47.084 E/AmFFmpegExtractor( 605): vendor do not support
06-04 17:00:47.139 I/virtual Data FFDemuxer::read()( 3054): read frame ret: End of file latestReceivedTime: 184092 getTotalTimeMillis: 6666 is exit: 0
06-04 17:00:47.139 I/virtual Data FFDemuxer::read()( 3054): list smooth loop
06-04 17:00:47.144 I/virtual StreamInfo FFDemuxer::getVideoStreamInfo()( 3054): video width: 1920 video height: 1080 video pixelFormat: 0 fps: 30
06-04 17:00:47.144 D/virtual Data FFDemuxer::read()( 3054): open next url: /data/user/0/com.dangbei.lerad.screensaver/files/download/61/city_1.mp4
06-04 17:00:47.167 D/TrafficStats( 3475): tagSocket(169) with statsTag=0xffffffff, statsUid=-1
06-04 17:00:47.168 D/ModernMediaScanner( 1471): Parsing date with millis failed for [2011]. We will retry without millis
06-04 17:00:47.169 D/ModernMediaScanner( 1471): Parsing date without millis failed for [2011]
06-04 17:00:47.181 W/MediaProvider( 1471): isAppCloneUserPair for user -1: false
06-04 17:00:47.185 W/System.err( 3475): java.lang.NullPointerException: Attempt to invoke virtual method 'byte[] java.net.NetworkInterface.getHardwareAddress()' on a null object reference
06-04 17:00:47.185 W/System.err( 3475): at b.f.f.y.g.b(Unknown Source:11)
06-04 17:00:47.185 W/System.err( 3475): at b.d.a.a.p.c0(Unknown Source:2)
06-04 17:00:47.185 W/System.err( 3475): at b.f.f.o.f.c.a(Unknown Source:23)
06-04 17:00:47.185 W/System.err( 3475): at b.f.f.d.b.c(:5)
06-04 17:00:47.185 W/System.err( 3475): at b.f.f.n.d$a.handleMessage(:3)
06-04 17:00:47.185 W/System.err( 3475): at android.os.Handler.dispatchMessage(Handler.java:106)
06-04 17:00:47.185 W/System.err( 3475): at android.os.Looper.loopOnce(Looper.java:205)
06-04 17:00:47.185 W/System.err( 3475): at android.os.Looper.loop(Looper.java:294)
06-04 17:00:47.185 W/System.err( 3475): at android.os.HandlerThread.run(HandlerThread.java:67)
06-04 17:00:47.187 W/MediaProvider( 1471): isAppCloneUserPair for user -1: false
06-04 17:00:47.194 I/PlatformDependent( 3475): Your platform does not provide complete low-level API for accessing direct buffers reliably. Unless explicitly requested, heap buffer will always be preferred to avoid potential system instability.
06-04 17:00:47.200 W/MediaProvider( 1471): isAppCloneUserPair for user -1: false
06-04 17:00:47.206 W/MediaProvider( 1471): isAppCloneUserPair for user -1: false
06-04 17:00:47.210 D/TrafficStats( 3475): tagSocket(209) with statsTag=0xffffffff, statsUid=-1
06-04 17:00:47.217 W/AudioCapabilities( 3475): Unsupported mime audio/vnd.dts.hd;profile=lbr
06-04 17:00:47.218 W/AudioCapabilities( 3475): Unsupported mime audio/ffmpeg
06-04 17:00:47.218 W/AudioCapabilities( 3475): Unsupported mime audio/mpeg-L1
06-04 17:00:47.218 W/AudioCapabilities( 3475): Unsupported mime audio/mpeg-L2
06-04 17:00:47.221 W/VideoCapabilities( 3475): Unsupported mime video/avs
06-04 17:00:47.221 W/VideoCapabilities( 3475): Unsupported mime video/avs2
06-04 17:00:47.214 I/Thread-33( 3475): type=1400 audit(0.0:988): avc: denied { read } for name="somaxconn" dev="proc" ino=53268 scontext=u:r:untrusted_app_27:s0:c44,c256,c512,c768 tcontext=u:object_r:proc_net:s0 tclass=file permissive=1 app=com.dangbei.screencast
06-04 17:00:47.223 W/VideoCapabilities( 3475): Unsupported mime video/x-motion-jpeg
06-04 17:00:47.223 W/VideoCapabilities( 3475): Unrecognized profile/level 0/4 for video/mpeg2
06-04 17:00:47.223 I/VideoCapabilities( 3475): Unsupported profile 3 for video/mpeg2
06-04 17:00:47.223 I/VideoCapabilities( 3475): Unsupported profile 4 for video/mpeg2
06-04 17:00:47.223 I/VideoCapabilities( 3475): Unsupported profile 5 for video/mpeg2
06-04 17:00:47.224 W/VideoCapabilities( 3475): Unrecognized profile/level 0/4 for video/mpeg2
06-04 17:00:47.224 I/VideoCapabilities( 3475): Unsupported profile 3 for video/mpeg2
06-04 17:00:47.224 I/VideoCapabilities( 3475): Unsupported profile 4 for video/mpeg2
06-04 17:00:47.224 I/VideoCapabilities( 3475): Unsupported profile 5 for video/mpeg2
06-04 17:00:47.224 I/VideoCapabilities( 3475): Unsupported profile 2 for video/mp4v-es
06-04 17:00:47.224 I/VideoCapabilities( 3475): Unsupported profile 8 for video/mp4v-es
06-04 17:00:47.224 I/VideoCapabilities( 3475): Unsupported profile 16 for video/mp4v-es
06-04 17:00:47.224 I/VideoCapabilities( 3475): Unsupported profile 1024 for video/mp4v-es
06-04 17:00:47.225 W/VideoCapabilities( 3475): Unsupported mime video/rm10
06-04 17:00:47.225 W/VideoCapabilities( 3475): Unsupported mime video/rm20
06-04 17:00:47.225 W/VideoCapabilities( 3475): Unsupported mime video/rm30
06-04 17:00:47.214 I/Thread-33( 3475): type=1400 audit(0.0:989): avc: denied { open } for path="/proc/sys/net/core/somaxconn" dev="proc" ino=53268 scontext=u:r:untrusted_app_27:s0:c44,c256,c512,c768 tcontext=u:object_r:proc_net:s0 tclass=file permissive=1 app=com.dangbei.screencast
06-04 17:00:47.226 W/VideoCapabilities( 3475): Unsupported mime video/rm40
06-04 17:00:47.226 W/VideoCapabilities( 3475): Unsupported mime video/vc1
06-04 17:00:47.227 W/VideoCapabilities( 3475): Unsupported mime video/vc1
06-04 17:00:47.227 W/VideoCapabilities( 3475): Unsupported mime video/x-vnd.on2.vp6a
06-04 17:00:47.228 W/VideoCapabilities( 3475): Unsupported mime video/x-vnd.on2.vp6f
06-04 17:00:47.229 W/MediaProvider( 1471): isAppCloneUserPair for user -1: false
06-04 17:00:47.230 W/VideoCapabilities( 3475): Unsupported mime video/wmv1
06-04 17:00:47.230 W/VideoCapabilities( 3475): Unsupported mime video/wmv2
06-04 17:00:47.231 W/VideoCapabilities( 3475): Unsupported mime video/wmv3
06-04 17:00:47.214 I/Thread-33( 3475): type=1400 audit(0.0:990): avc: denied { getattr } for path="/proc/sys/net/core/somaxconn" dev="proc" ino=53268 scontext=u:r:untrusted_app_27:s0:c44,c256,c512,c768 tcontext=u:object_r:proc_net:s0 tclass=file permissive=1 app=com.dangbei.screencast
06-04 17:00:47.247 I/serviceDiscovery( 693): [MdnsAdvertiser] Adding service name: 当贝投屏C0, type: _airplay._tcp, hostAddresses: , port: 34155, network: null, txtRecord: srcvers=220.68features=0x527FFFF7,0x1E'pi=2e388006-13ba-4041-9a67-25dd4a43d536Cpk=b07727d6f6cd6e08b58ede525ec3cdeaa252ad9f683feb212ef8a205246554e7vv=2 flags=0x4model=AppleTV2,1deviceid=1c:79:2d:20:62:83 with ID 6 and subtype null
06-04 17:00:47.251 E/MetadataRetrieverClient( 608): unable to dlopen metadata_retriever extension: dlopen failed: library "libmetadataretriever_ext.so" not found
06-04 17:00:47.256 I/AmFFmpegByteIOAdapter( 605): File size : 3006650
06-04 17:00:47.258 I/AmFFmpegExtractor( 605): checkInList: iswhite:0, mime:audio/flac, type:1, id:86028 tag:0
06-04 17:00:47.258 I/AmFFmpegExtractor( 605): checkInList: iswhite:1, mime:audio/flac, type:1, id:86028 tag:0
06-04 17:00:47.259 I/serviceDiscovery( 693): [MdnsAdvertiser] Adding service name: 1c792d206283@当贝投屏C0, type: _raop._tcp, hostAddresses: , port: 38233, network: null, txtRecord: txtvers=1 am=AppleTV2,1ch=2
06-04 17:00:47.259 I/serviceDiscovery( 693): cn=0,1,2,3da=trueet=0,3,5ft=0x527FFFF7,0x1Emd=0,1,2Cpk=b07727d6f6cd6e08b58ede525ec3cdeaa252ad9f683feb212ef8a205246554e7pw=falsesf=0x4sr=44100ss=16sv=falsetp=UDPvn=65537 vs=220.68vv=2 rhd=5.6.0.0 with ID 7 and subtype null
06-04 17:00:47.258 E/AmFFmpegExtractor( 605): codec_ctx->properties: 0
06-04 17:00:47.259 I/AmFFmpegExtractor( 605): checkSupportInList ret 1
06-04 17:00:47.261 I/AmFFmpegExtractor( 605): checkInList: iswhite:0, mime:audio/flac, type:1, id:86028 tag:0
06-04 17:00:47.261 I/AmFFmpegExtractor( 605): checkInList: iswhite:1, mime:audio/flac, type:1, id:86028 tag:0
06-04 17:00:47.261 E/AmFFmpegExtractor( 605): codec_ctx->properties: 0
06-04 17:00:47.261 I/AmFFmpegExtractor( 605): checkSupportInList ret 1
06-04 17:00:47.262 I/AmFFmpegExtractor( 605): SniffAmFFmpeg ok, confidence = 0.050000
06-04 17:00:47.276 D/ModernMediaScanner( 1471): Parsing date with millis failed for [2011]. We will retry without millis
06-04 17:00:47.277 D/ModernMediaScanner( 1471): Parsing date without millis failed for [2011]
06-04 17:00:47.287 E/MetadataRetrieverClient( 608): unable to dlopen metadata_retriever extension: dlopen failed: library "libmetadataretriever_ext.so" not found
06-04 17:00:47.296 I/AmFFmpegByteIOAdapter( 605): File size : 4010537
06-04 17:00:47.298 I/AmFFmpegExtractor( 605): checkInList: iswhite:0, mime:audio/flac, type:1, id:86028 tag:0
06-04 17:00:47.298 I/AmFFmpegExtractor( 605): checkInList: iswhite:1, mime:audio/flac, type:1, id:86028 tag:0
06-04 17:00:47.298 E/AmFFmpegExtractor( 605): codec_ctx->properties: 0
06-04 17:00:47.298 I/AmFFmpegExtractor( 605): checkSupportInList ret 1
06-04 17:00:47.299 I/AmFFmpegExtractor( 605): checkInList: iswhite:0, mime:audio/flac, type:1, id:86028 tag:0
06-04 17:00:47.299 I/AmFFmpegExtractor( 605): checkInList: iswhite:1, mime:audio/flac, type:1, id:86028 tag:0
06-04 17:00:47.299 E/AmFFmpegExtractor( 605): codec_ctx->properties: 0
06-04 17:00:47.299 I/AmFFmpegExtractor( 605): checkSupportInList ret 1
06-04 17:00:47.299 I/AmFFmpegExtractor( 605): SniffAmFFmpeg ok, confidence = 0.050000
06-04 17:00:47.314 D/ModernMediaScanner( 1471): Parsing date with millis failed for [2011]. We will retry without millis
06-04 17:00:47.315 D/ModernMediaScanner( 1471): Parsing date without millis failed for [2011]
06-04 17:00:47.319 E/MetadataRetrieverClient( 608): unable to dlopen metadata_retriever extension: dlopen failed: library "libmetadataretriever_ext.so" not found
06-04 17:00:47.332 I/AmFFmpegByteIOAdapter( 605): File size : 7027857
06-04 17:00:47.334 I/AmFFmpegExtractor( 605): checkInList: iswhite:0, mime:audio/flac, type:1, id:86028 tag:0
06-04 17:00:47.334 I/AmFFmpegExtractor( 605): checkInList: iswhite:1, mime:audio/flac, type:1, id:86028 tag:0
06-04 17:00:47.334 E/AmFFmpegExtractor( 605): codec_ctx->properties: 0
06-04 17:00:47.334 I/AmFFmpegExtractor( 605): checkSupportInList ret 1
06-04 17:00:47.335 I/AmFFmpegExtractor( 605): checkInList: iswhite:0, mime:audio/flac, type:1, id:86028 tag:0
06-04 17:00:47.335 I/AmFFmpegExtractor( 605): checkInList: iswhite:1, mime:audio/flac, type:1, id:86028 tag:0
06-04 17:00:47.335 E/AmFFmpegExtractor( 605): codec_ctx->properties: 0
06-04 17:00:47.335 I/AmFFmpegExtractor( 605): checkSupportInList ret 1
06-04 17:00:47.335 I/AmFFmpegExtractor( 605): SniffAmFFmpeg ok, confidence = 0.050000
06-04 17:00:47.346 I/VDA ( 490): [0##5]"ServiceDeviceTask INs=943/950, OUTs=940/944"" {IN=7/8, OUT=9/13[kAtAccelerator(0) kAtDevice(4) kAtClient(9)]}"
06-04 17:00:47.350 D/ModernMediaScanner( 1471): Parsing date with millis failed for [2011]. We will retry without millis
06-04 17:00:47.350 D/ModernMediaScanner( 1471): Parsing date without millis failed for [2011]
06-04 17:00:47.355 E/MetadataRetrieverClient( 608): unable to dlopen metadata_retriever extension: dlopen failed: library "libmetadataretriever_ext.so" not found
06-04 17:00:47.361 I/AmFFmpegByteIOAdapter( 605): File size : 7916999
06-04 17:00:47.363 I/AmFFmpegExtractor( 605): checkInList: iswhite:0, mime:audio/flac, type:1, id:86028 tag:0
06-04 17:00:47.364 I/AmFFmpegExtractor( 605): checkInList: iswhite:1, mime:audio/flac, type:1, id:86028 tag:0
06-04 17:00:47.364 E/AmFFmpegExtractor( 605): codec_ctx->properties: 0
06-04 17:00:47.364 I/AmFFmpegExtractor( 605): checkSupportInList ret 1
06-04 17:00:47.365 I/AmFFmpegExtractor( 605): checkInList: iswhite:0, mime:audio/flac, type:1, id:86028 tag:0
06-04 17:00:47.365 I/AmFFmpegExtractor( 605): checkInList: iswhite:1, mime:audio/flac, type:1, id:86028 tag:0
06-04 17:00:47.365 E/AmFFmpegExtractor( 605): codec_ctx->properties: 0
06-04 17:00:47.365 I/AmFFmpegExtractor( 605): checkSupportInList ret 1
06-04 17:00:47.365 I/AmFFmpegExtractor( 605): SniffAmFFmpeg ok, confidence = 0.050000
06-04 17:00:47.384 D/ModernMediaScanner( 1471): Parsing date with millis failed for [2011]. We will retry without millis
06-04 17:00:47.384 D/ModernMediaScanner( 1471): Parsing date without millis failed for [2011]
06-04 17:00:47.390 E/MetadataRetrieverClient( 608): unable to dlopen metadata_retriever extension: dlopen failed: library "libmetadataretriever_ext.so" not found
06-04 17:00:47.397 I/AmFFmpegByteIOAdapter( 605): File size : 17360781
06-04 17:00:47.399 I/AmFFmpegExtractor( 605): checkInList: iswhite:0, mime:audio/flac, type:1, id:86028 tag:0
06-04 17:00:47.400 I/AmFFmpegExtractor( 605): checkInList: iswhite:1, mime:audio/flac, type:1, id:86028 tag:0
06-04 17:00:47.400 E/AmFFmpegExtractor( 605): codec_ctx->properties: 0
06-04 17:00:47.400 I/AmFFmpegExtractor( 605): checkSupportInList ret 1
06-04 17:00:47.401 I/AmFFmpegExtractor( 605): checkInList: iswhite:0, mime:audio/flac, type:1, id:86028 tag:0
06-04 17:00:47.402 I/AmFFmpegExtractor( 605): checkInList: iswhite:1, mime:audio/flac, type:1, id:86028 tag:0
06-04 17:00:47.402 E/AmFFmpegExtractor( 605): codec_ctx->properties: 0
06-04 17:00:47.402 I/AmFFmpegExtractor( 605): checkSupportInList ret 1
06-04 17:00:47.402 I/AmFFmpegExtractor( 605): SniffAmFFmpeg ok, confidence = 0.050000
06-04 17:00:47.420 D/ModernMediaScanner( 1471): Parsing date with millis failed for [2011]. We will retry without millis
06-04 17:00:47.420 D/ModernMediaScanner( 1471): Parsing date without millis failed for [2011]
06-04 17:00:47.424 E/MetadataRetrieverClient( 608): unable to dlopen metadata_retriever extension: dlopen failed: library "libmetadataretriever_ext.so" not found
06-04 17:00:47.440 I/AmFFmpegByteIOAdapter( 605): File size : 17613543
06-04 17:00:47.443 I/AmFFmpegExtractor( 605): checkInList: iswhite:0, mime:audio/flac, type:1, id:86028 tag:0
06-04 17:00:47.443 I/AmFFmpegExtractor( 605): checkInList: iswhite:1, mime:audio/flac, type:1, id:86028 tag:0
06-04 17:00:47.443 E/AmFFmpegExtractor( 605): codec_ctx->properties: 0
06-04 17:00:47.443 I/AmFFmpegExtractor( 605): checkSupportInList ret 1
06-04 17:00:47.446 I/AmFFmpegExtractor( 605): checkInList: iswhite:0, mime:audio/flac, type:1, id:86028 tag:0
06-04 17:00:47.446 I/AmFFmpegExtractor( 605): checkInList: iswhite:1, mime:audio/flac, type:1, id:86028 tag:0
06-04 17:00:47.446 E/AmFFmpegExtractor( 605): codec_ctx->properties: 0
06-04 17:00:47.446 I/AmFFmpegExtractor( 605): checkSupportInList ret 1
06-04 17:00:47.446 I/AmFFmpegExtractor( 605): SniffAmFFmpeg ok, confidence = 0.050000
06-04 17:00:47.464 D/ModernMediaScanner( 1471): Parsing date with millis failed for [2011]. We will retry without millis
06-04 17:00:47.464 D/ModernMediaScanner( 1471): Parsing date without millis failed for [2011]
06-04 17:00:47.470 W/MediaProvider( 1471): isAppCloneUserPair for user -1: false
06-04 17:00:47.485 W/MediaProvider( 1471): isAppCloneUserPair for user -1: false
06-04 17:00:47.492 W/MediaProvider( 1471): isAppCloneUserPair for user -1: false
06-04 17:00:47.498 W/MediaProvider( 1471): isAppCloneUserPair for user -1: false
06-04 17:00:47.504 W/MediaProvider( 1471): isAppCloneUserPair for user -1: false
06-04 17:00:47.512 W/MediaProvider( 1471): isAppCloneUserPair for user -1: false
06-04 17:00:47.519 W/MediaProvider( 1471): isAppCloneUserPair for user -1: false
06-04 17:00:47.553 E/MetadataRetrieverClient( 608): unable to dlopen metadata_retriever extension: dlopen failed: library "libmetadataretriever_ext.so" not found
06-04 17:00:47.566 I/AmFFmpegByteIOAdapter( 605): File size : 5623296
06-04 17:00:47.567 I/AmFFmpegExtractor( 605): checkInList: iswhite:0, mime:audio/ac3, type:1, id:86019 tag:0
06-04 17:00:47.567 I/AmFFmpegExtractor( 605): checkInList: iswhite:1, mime:audio/ac3, type:1, id:86019 tag:0
06-04 17:00:47.567 E/AmFFmpegExtractor( 605): true: iswhite:1, type:1, id:86019 tag:ffffffff
06-04 17:00:47.567 I/AmFFmpegExtractor( 605): checkSupportInList ret 1
06-04 17:00:47.567 I/AmFFmpegExtractor( 605): is in white list : 1
06-04 17:00:47.567 I/AmFFmpegExtractor( 605): SniffAmFFmpeg ok, confidence = 0.800000
06-04 17:00:47.579 W/AString ( 605): ctor got NULL, using empty string instead
06-04 17:00:47.579 I/AmFFmpegExtractor( 605):
06-04 17:00:47.579 I/AmFFmpegExtractor( 605): -----------AmFFmpegExtractor Info---------
06-04 17:00:47.579 I/AmFFmpegExtractor( 605):
06-04 17:00:47.579 I/AmFFmpegExtractor( 605): MM-module-name:Extractor,Version:5.1.7-g0c7d1d4(build:6351)
06-04 17:00:47.579 I/AmFFmpegExtractor( 605):
06-04 17:00:47.579 I/AmFFmpegExtractor( 605): ARCH = arm
06-04 17:00:47.579 I/AmFFmpegExtractor( 605): Author: multi-media team
06-04 17:00:47.579 I/AmFFmpegExtractor( 605): Branch name: * (HEAD detached at 0c7d1d4)
06-04 17:00:47.579 I/AmFFmpegExtractor( 605): Last Commit Info:
06-04 17:00:47.579 I/AmFFmpegExtractor( 605): commit 0c7d1d450b4d7ecd11fc2ddd21a6e67e11d0b24d
06-04 17:00:47.579 I/AmFFmpegExtractor( 605): Author: wang.ren
06-04 17:00:47.579 I/AmFFmpegExtractor( 605): Date: Mon Nov 18 08:39:16 2024 +0000
06-04 17:00:47.579 I/AmFFmpegExtractor( 605): AmFFmpegExtractor: CB2 invalid nal length when parse nal data [1/1]
06-04 17:00:47.579 I/AmFFmpegExtractor( 605): PD#SWPL-190774
06-04 17:00:47.579 I/AmFFmpegExtractor( 605): Change-Id: I639741fa67a5b027e7d8eaa1b588f753d2326e47
06-04 17:00:47.579 I/AmFFmpegExtractor( 605): Uncommitted-file-num:1
06-04 17:00:47.579 I/AmFFmpegExtractor( 605): Build-time: Thu Nov 28 13:44:43 CST 2024
06-04 17:00:47.579 I/AmFFmpegExtractor( 605): Build-name: drm.autobuild
06-04 17:00:47.579 I/AmFFmpegExtractor( 605): -----------------------------------------
06-04 17:00:47.579 I/AmFFmpegExtractor( 605): media.ffmpegextractor.loglevel 16
06-04 17:00:47.579 I/AmFFmpegExtractor( 605): vendor.media.ffmpegextractor.ESLen264Check : 10
06-04 17:00:47.579 I/AmFFmpegExtractor( 605): vendor.media.ffmpegextractor.ESLen265Check : 50
06-04 17:00:47.579 I/AmFFmpegByteIOAdapter( 605): File size : 5623296
06-04 17:00:47.582 I/AmFFmpegExtractor( 605): AmFFmpegExtractor mInputFormat name {ac3 [(null)]}
06-04 17:00:47.583 I/AmFFmpegExtractor( 605): ///////////////start dump format
06-04 17:00:47.583 I/AmFFmpegExtractor( 605): [init 3386] audio/ac3
06-04 17:00:47.584 I/AmFFmpegExtractor( 605): isMusic major_brand:null
06-04 17:00:47.584 E/AmFFmpegExtractor( 605): [checkStreamValid]:sample_rate:48000, channels:2
06-04 17:00:47.584 I/AmFFmpegExtractor( 605): Stream 1(1) [audio/ac3][codecid:0x15003(0x15003)] found.
06-04 17:00:47.584 I/AmFFmpegExtractor( 605): [AmFFmpegSource 717]startTimeUs:0, seekable:1
06-04 17:00:47.584 I/AmFFmpegExtractor( 605): [init 753](0xee340550)
06-04 17:00:47.584 E/AmFFmpegExtractor( 605): mAudioMuxRead 0
06-04 17:00:47.584 I/AmFFmpegExtractor( 605): init kKeyDuration = 234304000
06-04 17:00:47.584 I/AmFFmpegExtractor( 605): audio:demux: fmt = -1
06-04 17:00:47.584 I/AmFFmpegExtractor( 605): audio:demux: channels = 2
06-04 17:00:47.584 I/AmFFmpegExtractor( 605): audio:demux: sample_rate = 48000
06-04 17:00:47.584 I/AmFFmpegExtractor( 605): audio:demux: bit_rate = 192000
06-04 17:00:47.584 I/AmFFmpegExtractor( 605): audio:demux: codec_id = 86019
06-04 17:00:47.584 I/AmFFmpegExtractor( 605): audio:demux: stream startTimeUs = 0
06-04 17:00:47.584 I/AmFFmpegExtractor( 605): audio:demux: block_align = 0
06-04 17:00:47.584 E/AmFFmpegExtractor( 605): kKeyMediaLanguage audio lang null
06-04 17:00:47.584 I/AmFFmpegExtractor( 605): Mime:audio/ac3
06-04 17:00:47.584 I/StreamFormatter( 605): Creating formatter for codec id : 86019 extradata size : 0
06-04 17:00:47.584 I/AmFFmpegExtractor( 605): [init 3565] mIsDolbyVison:0, i:0
06-04 17:00:47.584 I/AmFFmpegExtractor( 605): Not use Thread, by reason of has no activity audio or video.
06-04 17:00:47.587 I/AmFFmpegExtractor( 605): [~AmFFmpegSource 732]
06-04 17:00:47.587 I/AmFFmpegExtractor( 605): [~AmFFmpegExtractor 2720]
