06-04 17:01:04.421 I/BLE_Service( 3876): mConnRunnable, looking on bonded devices in order to find connection target...
06-04 17:01:04.421 I/BLE_Service( 3876): connectToBondedDevices><
06-04 17:01:04.422 I/android.hardware.bluetooth@1.0-impl( 480): [HandleIncomingEvent-549]: rec adv direct packet
06-04 17:01:04.423 I/BLE_Service( 3876): bondedDevices size:1
06-04 17:01:04.424 I/BLE_Service( 3876): GetToBondedDevicesMacAddress><
06-04 17:01:04.425 I/BLE_Service( 3876): bondedDevices size: 1
06-04 17:01:04.426 W/System.err( 3876): java.io.FileNotFoundException: /sys/class/aml_btusb/aml_btusb/aml_rclist: open failed: ENOENT (No such file or directory)
06-04 17:01:04.426 W/System.err( 3876): at libcore.io.IoBridge.open(IoBridge.java:574)
06-04 17:01:04.426 W/System.err( 3876): at java.io.FileOutputStream.(FileOutputStream.java:236)
06-04 17:01:04.426 W/System.err( 3876): at java.io.FileOutputStream.(FileOutputStream.java:125)
06-04 17:01:04.426 W/System.err( 3876): at java.io.FileWriter.(FileWriter.java:66)
06-04 17:01:04.426 W/System.err( 3876): at com.droidlogic.btpair.DialogBluetoothService.writeFileFromString(DialogBluetoothService.java:294)
06-04 17:01:04.426 W/System.err( 3876): at com.droidlogic.btpair.DialogBluetoothService.GetToBondedDevicesMacAddress(DialogBluetoothService.java:452)
06-04 17:01:04.426 W/System.err( 3876): at com.droidlogic.btpair.DialogBluetoothService$2.run(DialogBluetoothService.java:349)
06-04 17:01:04.426 W/System.err( 3876): at android.os.Handler.handleCallback(Handler.java:958)
06-04 17:01:04.426 W/System.err( 3876): at android.os.Handler.dispatchMessage(Handler.java:99)
06-04 17:01:04.426 W/System.err( 3876): at android.os.Looper.loopOnce(Looper.java:205)
06-04 17:01:04.426 W/System.err( 3876): at android.os.Looper.loop(Looper.java:294)
06-04 17:01:04.426 W/System.err( 3876): at android.app.ActivityThread.main(ActivityThread.java:8255)
06-04 17:01:04.426 W/System.err( 3876): at java.lang.reflect.Method.invoke(Native Method)
06-04 17:01:04.426 W/System.err( 3876): at com.android.internal.os.RuntimeInit$MethodAndArgsCaller.run(RuntimeInit.java:552)
06-04 17:01:04.426 I/android.hardware.bluetooth@1.0-impl( 480): [HandleIncomingEvent-549]: rec adv direct packet
06-04 17:01:04.426 W/System.err( 3876): at com.android.internal.os.ZygoteInit.main(ZygoteInit.java:978)
06-04 17:01:04.426 W/System.err( 3876): Caused by: android.system.ErrnoException: open failed: ENOENT (No such file or directory)
06-04 17:01:04.427 W/System.err( 3876): at libcore.io.Linux.open(Native Method)
06-04 17:01:04.427 W/System.err( 3876): at libcore.io.ForwardingOs.open(ForwardingOs.java:563)
06-04 17:01:04.427 W/System.err( 3876): at libcore.io.BlockGuardOs.open(BlockGuardOs.java:274)
06-04 17:01:04.427 W/System.err( 3876): at libcore.io.ForwardingOs.open(ForwardingOs.java:563)
06-04 17:01:04.427 W/System.err( 3876): at android.app.ActivityThread$AndroidOs.open(ActivityThread.java:8138)
06-04 17:01:04.427 W/System.err( 3876): at libcore.io.IoBridge.open(IoBridge.java:560)
06-04 17:01:04.427 W/System.err( 3876): ... 14 more
06-04 17:01:04.428 I/BLE_Service( 3876): Device Name: Dangbei, MAC Address: E4:BB:D3:57:C0:22
06-04 17:01:04.429 W/System.err( 3876): java.io.FileNotFoundException: /sys/class/aml_btusb/aml_btusb/aml_rclist: open failed: ENOENT (No such file or directory)
06-04 17:01:04.429 W/System.err( 3876): at libcore.io.IoBridge.open(IoBridge.java:574)
06-04 17:01:04.429 W/System.err( 3876): at java.io.FileInputStream.(FileInputStream.java:160)
06-04 17:01:04.429 W/System.err( 3876): at java.io.FileReader.(FileReader.java:75)
06-04 17:01:04.429 W/System.err( 3876): at com.droidlogic.btpair.DialogBluetoothService.readCurrentMacAddresses(DialogBluetoothService.java:325)
06-04 17:01:04.429 W/System.err( 3876): at com.droidlogic.btpair.DialogBluetoothService.writeMacAddressToFile(DialogBluetoothService.java:307)
06-04 17:01:04.429 W/System.err( 3876): at com.droidlogic.btpair.DialogBluetoothService.GetToBondedDevicesMacAddress(DialogBluetoothService.java:456)
06-04 17:01:04.429 W/System.err( 3876): at com.droidlogic.btpair.DialogBluetoothService$2.run(DialogBluetoothService.java:349)
06-04 17:01:04.429 W/System.err( 3876): at android.os.Handler.handleCallback(Handler.java:958)
06-04 17:01:04.429 W/System.err( 3876): at android.os.Handler.dispatchMessage(Handler.java:99)
06-04 17:01:04.429 W/System.err( 3876): at android.os.Looper.loopOnce(Looper.java:205)
06-04 17:01:04.429 W/System.err( 3876): at android.os.Looper.loop(Looper.java:294)
06-04 17:01:04.429 W/System.err( 3876): at android.app.ActivityThread.main(ActivityThread.java:8255)
06-04 17:01:04.429 W/System.err( 3876): at java.lang.reflect.Method.invoke(Native Method)
06-04 17:01:04.430 W/System.err( 3876): at com.android.internal.os.RuntimeInit$MethodAndArgsCaller.run(RuntimeInit.java:552)
06-04 17:01:04.430 W/System.err( 3876): at com.android.internal.os.ZygoteInit.main(ZygoteInit.java:978)
06-04 17:01:04.430 W/System.err( 3876): Caused by: android.system.ErrnoException: open failed: ENOENT (No such file or directory)
06-04 17:01:04.430 W/System.err( 3876): at libcore.io.Linux.open(Native Method)
06-04 17:01:04.430 I/android.hardware.bluetooth@1.0-impl( 480): [HandleIncomingEvent-549]: rec adv direct packet
06-04 17:01:04.430 W/System.err( 3876): at libcore.io.ForwardingOs.open(ForwardingOs.java:563)
06-04 17:01:04.430 W/System.err( 3876): at libcore.io.BlockGuardOs.open(BlockGuardOs.java:274)
06-04 17:01:04.430 W/System.err( 3876): at libcore.io.ForwardingOs.open(ForwardingOs.java:563)
06-04 17:01:04.430 W/System.err( 3876): at android.app.ActivityThread$AndroidOs.open(ActivityThread.java:8138)
06-04 17:01:04.430 W/System.err( 3876): at libcore.io.IoBridge.open(IoBridge.java:560)
06-04 17:01:04.430 W/System.err( 3876): ... 14 more
06-04 17:01:04.430 E/BLE_Service( 3876): error /sys/class/aml_btusb/aml_btusb/aml_rclist: open failed: ENOENT (No such file or directory)
06-04 17:01:04.431 W/System.err( 3876): java.io.FileNotFoundException: /sys/class/aml_btusb/aml_btusb/aml_rclist: open failed: ENOENT (No such file or directory)
06-04 17:01:04.431 W/System.err( 3876): at libcore.io.IoBridge.open(IoBridge.java:574)
06-04 17:01:04.431 W/System.err( 3876): at java.io.FileOutputStream.(FileOutputStream.java:236)
06-04 17:01:04.431 W/System.err( 3876): at java.io.FileOutputStream.(FileOutputStream.java:125)
06-04 17:01:04.431 W/System.err( 3876): at java.io.FileWriter.(FileWriter.java:66)
06-04 17:01:04.431 W/System.err( 3876): at com.droidlogic.btpair.DialogBluetoothService.writeMacAddressToFile(DialogBluetoothService.java:310)
06-04 17:01:04.431 W/System.err( 3876): at com.droidlogic.btpair.DialogBluetoothService.GetToBondedDevicesMacAddress(DialogBluetoothService.java:456)
06-04 17:01:04.431 W/System.err( 3876): at com.droidlogic.btpair.DialogBluetoothService$2.run(DialogBluetoothService.java:349)
06-04 17:01:04.431 W/System.err( 3876): at android.os.Handler.handleCallback(Handler.java:958)
06-04 17:01:04.431 W/System.err( 3876): at android.os.Handler.dispatchMessage(Handler.java:99)
06-04 17:01:04.431 W/System.err( 3876): at android.os.Looper.loopOnce(Looper.java:205)
06-04 17:01:04.431 W/System.err( 3876): at android.os.Looper.loop(Looper.java:294)
06-04 17:01:04.431 W/System.err( 3876): at android.app.ActivityThread.main(ActivityThread.java:8255)
06-04 17:01:04.431 W/System.err( 3876): at java.lang.reflect.Method.invoke(Native Method)
06-04 17:01:04.431 W/System.err( 3876): at com.android.internal.os.RuntimeInit$MethodAndArgsCaller.run(RuntimeInit.java:552)
06-04 17:01:04.431 W/System.err( 3876): at com.android.internal.os.ZygoteInit.main(ZygoteInit.java:978)
06-04 17:01:04.431 W/System.err( 3876): Caused by: android.system.ErrnoException: open failed: ENOENT (No such file or directory)
06-04 17:01:04.431 W/System.err( 3876): at libcore.io.Linux.open(Native Method)
06-04 17:01:04.431 W/System.err( 3876): at libcore.io.ForwardingOs.open(ForwardingOs.java:563)
06-04 17:01:04.431 W/System.err( 3876): at libcore.io.BlockGuardOs.open(BlockGuardOs.java:274)
06-04 17:01:04.431 W/System.err( 3876): at libcore.io.ForwardingOs.open(ForwardingOs.java:563)
06-04 17:01:04.431 W/System.err( 3876): at android.app.ActivityThread$AndroidOs.open(ActivityThread.java:8138)
06-04 17:01:04.431 W/System.err( 3876): at libcore.io.IoBridge.open(IoBridge.java:560)
06-04 17:01:04.431 W/System.err( 3876): ... 14 more
06-04 17:01:04.435 D/BluetoothA2dp( 3876): Proxy object connected
06-04 17:01:04.441 D/BluetoothHeadset( 3876): Proxy object connected
06-04 17:01:04.444 I/android.hardware.bluetooth@1.0-impl( 480): [HandleIncomingEvent-549]: rec adv direct packet
06-04 17:01:04.444 D/BluetoothHearingAid( 3876): Proxy object connected
06-04 17:01:04.447 D/BluetoothHidHost( 3876): Proxy object connected
06-04 17:01:04.449 D/BluetoothPan( 3876): Proxy object connected
06-04 17:01:04.450 D/CachedBluetoothDevice( 3876): onProfileStateChanged: profile HID, device XX:XX:XX:XX:C0:22, newProfileState 2
06-04 17:01:04.450 D/BluetoothAdapter( 3876): getActiveDevices(profile= A2DP)
06-04 17:01:04.451 I/BluetoothAdapterService( 1104): getActiveDevices: A2dp device: null
06-04 17:01:04.451 D/BluetoothAdapter( 3876): getActiveDevices(profile= HEADSET)
06-04 17:01:04.452 I/BluetoothAdapterService( 1104): getActiveDevices: Headset device: null
06-04 17:01:04.453 D/BluetoothAdapter( 3876): getActiveDevices(profile= HEARING_AID)
06-04 17:01:04.454 I/BluetoothAdapterService( 1104): getActiveDevices: Hearing Aid devices: Left[null] - Right[null]
06-04 17:01:04.456 I/android.hardware.bluetooth@1.0-impl( 480): [HandleIncomingEvent-549]: rec adv direct packet
06-04 17:01:04.460 I/android.hardware.bluetooth@1.0-impl( 480): [HandleIncomingEvent-549]: rec adv direct packet
06-04 17:01:04.464 I/android.hardware.bluetooth@1.0-impl( 480): [HandleIncomingEvent-549]: rec adv direct packet
06-04 17:01:04.465 I/AmFFmpegByteIOAdapter( 605): File size : 152273013
06-04 17:01:04.474 I/android.hardware.bluetooth@1.0-impl( 480): [HandleIncomingEvent-549]: rec adv direct packet
06-04 17:01:04.476 E/exFFmpeg( 605): [mov_read_header:8628] pts_only set.
06-04 17:01:04.476 E/AmFFmpegExtractor( 605): major_brand:mp42
06-04 17:01:04.476 E/AmFFmpegExtractor( 605): compatible_brands:isommp42
06-04 17:01:04.477 I/AmFFmpegExtractor( 605): checkInList: iswhite:0, mime:video/mp4, type:0, id:27 tag:31637661
06-04 17:01:04.477 I/AmFFmpegExtractor( 605): checkInList: iswhite:1, mime:video/mp4, type:0, id:27 tag:31637661
06-04 17:01:04.477 E/AmFFmpegExtractor( 605): codec_ctx->properties: 0
06-04 17:01:04.477 I/AmFFmpegExtractor( 605): checkInList: iswhite:0, mime:video/mp4, type:1, id:86018 tag:6134706d
06-04 17:01:04.477 I/AmFFmpegExtractor( 605): checkInList: iswhite:1, mime:video/mp4, type:1, id:86018 tag:6134706d
06-04 17:01:04.477 E/AmFFmpegExtractor( 605): codec_ctx->properties: 0
06-04 17:01:04.477 I/AmFFmpegExtractor( 605): checkSupportInList ret 1
06-04 17:01:04.489 I/android.hardware.bluetooth@1.0-impl( 480): [HandleIncomingEvent-549]: rec adv direct packet
06-04 17:01:04.494 I/android.hardware.bluetooth@1.0-impl( 480): [HandleIncomingEvent-549]: rec adv direct packet
06-04 17:01:04.497 I/android.hardware.bluetooth@1.0-impl( 480): [HandleIncomingEvent-549]: rec adv direct packet
06-04 17:01:04.508 I/android.hardware.bluetooth@1.0-impl( 480): [HandleIncomingEvent-549]: rec adv direct packet
06-04 17:01:04.511 I/android.hardware.bluetooth@1.0-impl( 480): [HandleIncomingEvent-549]: rec adv direct packet
06-04 17:01:04.561 I/android.hardware.bluetooth@1.0-impl( 480): [HandleIncomingEvent-549]: rec adv direct packet
06-04 17:01:04.565 I/android.hardware.bluetooth@1.0-impl( 480): [HandleIncomingEvent-549]: rec adv direct packet
06-04 17:01:04.579 I/android.hardware.bluetooth@1.0-impl( 480): [HandleIncomingEvent-549]: rec adv direct packet
06-04 17:01:04.583 I/android.hardware.bluetooth@1.0-impl( 480): [HandleIncomingEvent-549]: rec adv direct packet
06-04 17:01:04.595 I/android.hardware.bluetooth@1.0-impl( 480): [HandleIncomingEvent-549]: rec adv direct packet
06-04 17:01:04.599 I/android.hardware.bluetooth@1.0-impl( 480): [HandleIncomingEvent-549]: rec adv direct packet
06-04 17:01:04.612 I/android.hardware.bluetooth@1.0-impl( 480): [HandleIncomingEvent-549]: rec adv direct packet
06-04 17:01:04.617 I/android.hardware.bluetooth@1.0-impl( 480): [HandleIncomingEvent-549]: rec adv direct packet
06-04 17:01:04.621 I/android.hardware.bluetooth@1.0-impl( 480): [HandleIncomingEvent-549]: rec adv direct packet
06-04 17:01:04.625 I/android.hardware.bluetooth@1.0-impl( 480): [HandleIncomingEvent-549]: rec adv direct packet
06-04 17:01:04.629 I/android.hardware.bluetooth@1.0-impl( 480): [HandleIncomingEvent-549]: rec adv direct packet
06-04 17:01:04.633 I/android.hardware.bluetooth@1.0-impl( 480): [HandleIncomingEvent-549]: rec adv direct packet
06-04 17:01:04.643 I/android.hardware.bluetooth@1.0-impl( 480): [HandleIncomingEvent-549]: rec adv direct packet
06-04 17:01:04.666 I/android.hardware.bluetooth@1.0-impl( 480): [HandleIncomingEvent-549]: rec adv direct packet
06-04 17:01:04.688 I/android.hardware.bluetooth@1.0-impl( 480): [HandleIncomingEvent-549]: rec adv direct packet
06-04 17:01:04.718 I/android.hardware.bluetooth@1.0-impl( 480): [HandleIncomingEvent-549]: rec adv direct packet
06-04 17:01:04.722 I/android.hardware.bluetooth@1.0-impl( 480): [HandleIncomingEvent-549]: rec adv direct packet
06-04 17:01:04.734 I/android.hardware.bluetooth@1.0-impl( 480): [HandleIncomingEvent-549]: rec adv direct packet
06-04 17:01:04.735 E/AmFFmpegExtractor( 605): major_brand:mp42
06-04 17:01:04.735 E/AmFFmpegExtractor( 605): compatible_brands:isommp42
06-04 17:01:04.735 I/AmFFmpegExtractor( 605): checkInList: iswhite:0, mime:video/mp4, type:0, id:27 tag:31637661
06-04 17:01:04.735 I/AmFFmpegExtractor( 605): checkInList: iswhite:1, mime:video/mp4, type:0, id:27 tag:31637661
06-04 17:01:04.735 E/AmFFmpegExtractor( 605): codec_ctx->properties: 0
06-04 17:01:04.735 I/AmFFmpegExtractor( 605): checkInList: iswhite:0, mime:video/mp4, type:1, id:86018 tag:6134706d
06-04 17:01:04.735 I/AmFFmpegExtractor( 605): checkInList: iswhite:1, mime:video/mp4, type:1, id:86018 tag:6134706d
06-04 17:01:04.735 E/AmFFmpegExtractor( 605): codec_ctx->properties: 0
06-04 17:01:04.735 I/AmFFmpegExtractor( 605): checkSupportInList ret 1
06-04 17:01:04.735 I/AmFFmpegExtractor( 605): SniffAmFFmpeg ok, confidence = 0.050000
06-04 17:01:04.752 I/android.hardware.bluetooth@1.0-impl( 480): [HandleIncomingEvent-549]: rec adv direct packet
06-04 17:01:04.755 E/MetadataRetrieverClient( 608): unable to dlopen metadata_retriever extension: dlopen failed: library "libmetadataretriever_ext.so" not found
06-04 17:01:04.758 I/AmFFmpegByteIOAdapter( 605): File size : 152273013
06-04 17:01:04.759 I/android.hardware.bluetooth@1.0-impl( 480): [HandleIncomingEvent-549]: rec adv direct packet
06-04 17:01:04.766 E/exFFmpeg( 605): [mov_read_header:8628] pts_only set.
06-04 17:01:04.766 E/AmFFmpegExtractor( 605): major_brand:mp42
06-04 17:01:04.766 E/AmFFmpegExtractor( 605): compatible_brands:isommp42
06-04 17:01:04.766 I/AmFFmpegExtractor( 605): checkInList: iswhite:0, mime:video/mp4, type:0, id:27 tag:31637661
06-04 17:01:04.766 I/AmFFmpegExtractor( 605): checkInList: iswhite:1, mime:video/mp4, type:0, id:27 tag:31637661
06-04 17:01:04.766 E/AmFFmpegExtractor( 605): codec_ctx->properties: 0
06-04 17:01:04.766 I/AmFFmpegExtractor( 605): checkInList: iswhite:0, mime:video/mp4, type:1, id:86018 tag:6134706d
06-04 17:01:04.766 I/AmFFmpegExtractor( 605): checkInList: iswhite:1, mime:video/mp4, type:1, id:86018 tag:6134706d
06-04 17:01:04.766 E/AmFFmpegExtractor( 605): codec_ctx->properties: 0
06-04 17:01:04.766 I/AmFFmpegExtractor( 605): checkSupportInList ret 1
06-04 17:01:04.781 I/android.hardware.bluetooth@1.0-impl( 480): [HandleIncomingEvent-549]: rec adv direct packet
06-04 17:01:04.786 I/android.hardware.bluetooth@1.0-impl( 480): [HandleIncomingEvent-549]: rec adv direct packet
06-04 17:01:04.789 I/android.hardware.bluetooth@1.0-impl( 480): [HandleIncomingEvent-549]: rec adv direct packet
06-04 17:01:04.819 I/android.hardware.bluetooth@1.0-impl( 480): [HandleIncomingEvent-549]: rec adv direct packet
06-04 17:01:04.822 D/AudioTrack( 3876): stop(35): called with 24600 frames delivered
06-04 17:01:04.823 I/android.hardware.bluetooth@1.0-impl( 480): [HandleIncomingEvent-549]: rec adv direct packet
06-04 17:01:04.824 D/SoundEffectManager( 3876): getDualEffectMode:3
06-04 17:01:04.827 I/android.hardware.bluetooth@1.0-impl( 480): [HandleIncomingEvent-549]: rec adv direct packet
06-04 17:01:04.829 D/SoundEffectManager( 3876): setSoundMode = 0
06-04 17:01:04.829 D/SoundEffectManager( 3876): init() dolbyMs12AudioConfig: Y, dtsVirtualxConfig: 0
06-04 17:01:04.831 I/android.hardware.bluetooth@1.0-impl( 480): [HandleIncomingEvent-549]: rec adv direct packet
06-04 17:01:04.842 D/XM_HIDREAD( 1992): poll ret=1, event=1
06-04 17:01:04.842 D/XM_HIDREAD( 1992): [9 bytes]:01 00 00 52 00 00 00 00 00
06-04 17:01:04.844 I/SogouIME( 1447): onKeyDown: keyoCode=19
06-04 17:01:04.844 I/DefaultIMS( 1447): onKeyDown: keyoCode=19
06-04 17:01:04.845 I/android.hardware.bluetooth@1.0-impl( 480): [HandleIncomingEvent-549]: rec adv direct packet
06-04 17:01:04.853 I/android.hardware.bluetooth@1.0-impl( 480): [HandleIncomingEvent-549]: rec adv direct packet
06-04 17:01:04.857 I/android.hardware.bluetooth@1.0-impl( 480): [HandleIncomingEvent-549]: rec adv direct packet
06-04 17:01:04.861 I/android.hardware.bluetooth@1.0-impl( 480): [HandleIncomingEvent-549]: rec adv direct packet
06-04 17:01:04.862 I/audio_hw_hal_primary( 479): [audiohal_get_latency:1333] io 13: out:0xeb480010 frames:1152 rate:48000 whole_latency:24 alsa_latency:24
06-04 17:01:04.881 I/WifiHAL ( 506): call wifi_get_link_stats handler
06-04 17:01:04.882 I/WifiHAL ( 506): Creating message to get link statistics; iface = 16
06-04 17:01:04.882 D/WifiHAL ( 506): error code -95 mapped to -3
06-04 17:01:04.882 E/WifiStaIfaceAidlImpl( 693): getLinkLayerStats failed with service-specific exception: android.os.ServiceSpecificException: (code 4)
06-04 17:01:04.884 I/audio_hw_hal_primary( 479): [audiohal_get_latency:1333] io 13: out:0xeb480010 frames:1152 rate:48000 whole_latency:24 alsa_latency:24
06-04 17:01:04.887 I/android.hardware.bluetooth@1.0-impl( 480): [HandleIncomingEvent-549]: rec adv direct packet
06-04 17:01:04.894 I/android.hardware.bluetooth@1.0-impl( 480): [HandleIncomingEvent-549]: rec adv direct packet
06-04 17:01:04.901 I/audio_hw_hal_primary( 479): [audiohal_get_latency:1333] io 13: out:0xeb480010 frames:1024 rate:48000 whole_latency:21 alsa_latency:21
06-04 17:01:04.921 I/android.hardware.bluetooth@1.0-impl( 480): [HandleIncomingEvent-549]: rec adv direct packet
06-04 17:01:04.923 I/audio_hw_hal_primary( 479): [audiohal_get_latency:1333] io 13: out:0xeb480010 frames:1024 rate:48000 whole_latency:21 alsa_latency:21
06-04 17:01:04.928 I/android.hardware.bluetooth@1.0-impl( 480): [HandleIncomingEvent-549]: rec adv direct packet
06-04 17:01:04.933 I/android.hardware.bluetooth@1.0-impl( 480): [HandleIncomingEvent-549]: rec adv direct packet
06-04 17:01:04.941 I/audio_hw_hal_primary( 479): [audiohal_get_latency:1333] io 13: out:0xeb480010 frames:1152 rate:48000 whole_latency:24 alsa_latency:24
06-04 17:01:04.946 I/android.hardware.bluetooth@1.0-impl( 480): [HandleIncomingEvent-549]: rec adv direct packet
06-04 17:01:04.950 I/android.hardware.bluetooth@1.0-impl( 480): [HandleIncomingEvent-549]: rec adv direct packet
06-04 17:01:04.955 I/android.hardware.bluetooth@1.0-impl( 480): [HandleIncomingEvent-549]: rec adv direct packet
06-04 17:01:04.962 I/android.hardware.bluetooth@1.0-impl( 480): [HandleIncomingEvent-549]: rec adv direct packet
06-04 17:01:04.962 I/audio_hw_hal_primary( 479): [audiohal_get_latency:1333] io 13: out:0xeb480010 frames:1152 rate:48000 whole_latency:24 alsa_latency:24
06-04 17:01:04.977 D/XM_HIDREAD( 1992): poll ret=1, event=1
06-04 17:01:04.977 D/XM_HIDREAD( 1992): [9 bytes]:01 00 00 00 00 00 00 00 00
06-04 17:01:04.979 I/SogouIME( 1447): onKeyUp: keyoCode=19
06-04 17:01:04.979 I/DefaultIMS( 1447): onKeyUp: keyoCode=19
06-04 17:01:04.981 I/audio_hw_hal_primary( 479): [audiohal_get_latency:1333] io 13: out:0xeb480010 frames:1024 rate:48000 whole_latency:21 alsa_latency:21
06-04 17:01:04.984 I/android.hardware.bluetooth@1.0-impl( 480): [HandleIncomingEvent-549]: rec adv direct packet
06-04 17:01:04.992 I/android.hardware.bluetooth@1.0-impl( 480): [HandleIncomingEvent-549]: rec adv direct packet
06-04 17:01:05.003 I/audio_hw_hal_primary( 479): [audiohal_get_latency:1333] io 13: out:0xeb480010 frames:1280 rate:48000 whole_latency:26 alsa_latency:26
06-04 17:01:05.004 D/audioserver( 527): logFgsApiEnd: FGS Logger Transaction failed, -129
06-04 17:01:05.022 D/audioserver( 527): logFgsApiEnd: FGS Logger Transaction failed, -129
06-04 17:01:05.049 D/BluetoothAdapterService( 1104): cancelDiscovery
06-04 17:01:05.049 I/bt_btif_dm( 1104): packages/modules/Bluetooth/system/btif/src/btif_dm.cc:2470 btif_dm_cancel_discovery: Cancel search
06-04 17:01:05.050 I/bluetooth( 1104): packages/modules/Bluetooth/system/bta/dm/bta_dm_main.cc:96 bta_dm_search_sm_execute: state:BTA_DM_SEARCH_IDLE, event:BTA_DM_API_SEARCH_CANCEL_EVT[0x201]
06-04 17:01:05.059 E/AmFFmpegExtractor( 605): major_brand:mp42
06-04 17:01:05.060 E/AmFFmpegExtractor( 605): compatible_brands:isommp42
06-04 17:01:05.060 I/AmFFmpegExtractor( 605): checkInList: iswhite:0, mime:video/mp4, type:0, id:27 tag:31637661
06-04 17:01:05.060 I/AmFFmpegExtractor( 605): checkInList: iswhite:1, mime:video/mp4, type:0, id:27 tag:31637661
06-04 17:01:05.060 E/AmFFmpegExtractor( 605): codec_ctx->properties: 0
06-04 17:01:05.060 I/AmFFmpegExtractor( 605): checkInList: iswhite:0, mime:video/mp4, type:1, id:86018 tag:6134706d
06-04 17:01:05.060 I/AmFFmpegExtractor( 605): checkInList: iswhite:1, mime:video/mp4, type:1, id:86018 tag:6134706d
06-04 17:01:05.060 E/AmFFmpegExtractor( 605): codec_ctx->properties: 0
06-04 17:01:05.060 I/AmFFmpegExtractor( 605): checkSupportInList ret 1
06-04 17:01:05.060 I/AmFFmpegExtractor( 605): SniffAmFFmpeg ok, confidence = 0.050000
06-04 17:01:05.090 E/MetadataRetrieverClient( 608): unable to dlopen metadata_retriever extension: dlopen failed: library "libmetadataretriever_ext.so" not found
06-04 17:01:05.189 I/AmFFmpegByteIOAdapter( 605): File size : 141359522
06-04 17:01:05.204 E/exFFmpeg( 605): [mov_read_header:8628] pts_only set.
06-04 17:01:05.204 E/AmFFmpegExtractor( 605): major_brand:mp42
06-04 17:01:05.204 E/AmFFmpegExtractor( 605): compatible_brands:isommp42
06-04 17:01:05.204 I/AmFFmpegExtractor( 605): checkInList: iswhite:0, mime:video/mp4, type:0, id:27 tag:31637661
06-04 17:01:05.205 I/AmFFmpegExtractor( 605): checkInList: iswhite:1, mime:video/mp4, type:0, id:27 tag:31637661
06-04 17:01:05.205 E/AmFFmpegExtractor( 605): codec_ctx->properties: 0
06-04 17:01:05.205 I/AmFFmpegExtractor( 605): checkInList: iswhite:0, mime:video/mp4, type:1, id:86018 tag:6134706d
06-04 17:01:05.205 I/AmFFmpegExtractor( 605): checkInList: iswhite:1, mime:video/mp4, type:1, id:86018 tag:6134706d
06-04 17:01:05.205 E/AmFFmpegExtractor( 605): codec_ctx->properties: 0
06-04 17:01:05.205 I/AmFFmpegExtractor( 605): checkSupportInList ret 1
06-04 17:01:05.356 I/android.hardware.bluetooth@1.0-impl( 480): [HandleIncomingEvent-549]: rec adv direct packet
06-04 17:01:05.485 D/XM_HIDREAD( 1992): poll ret=1, event=1
06-04 17:01:05.485 D/XM_HIDREAD( 1992): [9 bytes]:01 00 00 51 00 00 00 00 00
06-04 17:01:05.486 I/SogouIME( 1447): onKeyDown: keyoCode=20
06-04 17:01:05.486 I/DefaultIMS( 1447): onKeyDown: keyoCode=20
06-04 17:01:05.516 E/AmFFmpegExtractor( 605): major_brand:mp42
06-04 17:01:05.517 E/AmFFmpegExtractor( 605): compatible_brands:isommp42
06-04 17:01:05.517 I/AmFFmpegExtractor( 605): checkInList: iswhite:0, mime:video/mp4, type:0, id:27 tag:31637661
06-04 17:01:05.517 I/AmFFmpegExtractor( 605): checkInList: iswhite:1, mime:video/mp4, type:0, id:27 tag:31637661
06-04 17:01:05.517 E/AmFFmpegExtractor( 605): codec_ctx->properties: 0
06-04 17:01:05.517 I/AmFFmpegExtractor( 605): checkInList: iswhite:0, mime:video/mp4, type:1, id:86018 tag:6134706d
06-04 17:01:05.517 I/AmFFmpegExtractor( 605): checkInList: iswhite:1, mime:video/mp4, type:1, id:86018 tag:6134706d
06-04 17:01:05.517 E/AmFFmpegExtractor( 605): codec_ctx->properties: 0
06-04 17:01:05.517 I/AmFFmpegExtractor( 605): checkSupportInList ret 1
06-04 17:01:05.517 I/AmFFmpegExtractor( 605): SniffAmFFmpeg ok, confidence = 0.050000
06-04 17:01:05.532 E/MetadataRetrieverClient( 608): unable to dlopen metadata_retriever extension: dlopen failed: library "libmetadataretriever_ext.so" not found
06-04 17:01:05.535 I/AmFFmpegByteIOAdapter( 605): File size : 141359522
06-04 17:01:05.539 D/XM_HIDREAD( 1992): poll ret=1, event=1
06-04 17:01:05.539 D/XM_HIDREAD( 1992): [9 bytes]:01 00 00 00 00 00 00 00 00
06-04 17:01:05.541 E/exFFmpeg( 605): [mov_read_header:8628] pts_only set.
06-04 17:01:05.541 I/SogouIME( 1447): onKeyUp: keyoCode=20
06-04 17:01:05.541 I/DefaultIMS( 1447): onKeyUp: keyoCode=20
06-04 17:01:05.542 E/AmFFmpegExtractor( 605): major_brand:mp42
06-04 17:01:05.542 E/AmFFmpegExtractor( 605): compatible_brands:isommp42
06-04 17:01:05.542 I/AmFFmpegExtractor( 605): checkInList: iswhite:0, mime:video/mp4, type:0, id:27 tag:31637661
06-04 17:01:05.542 I/AmFFmpegExtractor( 605): checkInList: iswhite:1, mime:video/mp4, type:0, id:27 tag:31637661
06-04 17:01:05.542 E/AmFFmpegExtractor( 605): codec_ctx->properties: 0
06-04 17:01:05.542 I/AmFFmpegExtractor( 605): checkInList: iswhite:0, mime:video/mp4, type:1, id:86018 tag:6134706d
06-04 17:01:05.542 I/AmFFmpegExtractor( 605): checkInList: iswhite:1, mime:video/mp4, type:1, id:86018 tag:6134706d
06-04 17:01:05.542 E/AmFFmpegExtractor( 605): codec_ctx->properties: 0
06-04 17:01:05.542 I/AmFFmpegExtractor( 605): checkSupportInList ret 1
06-04 17:01:05.550 I/cling--ap-5( 3475): type=1400 audit(0.0:1016): avc: denied { search } for name="net" dev="sysfs" ino=12344 scontext=u:r:untrusted_app_27:s0:c44,c256,c512,c768 tcontext=u:object_r:sysfs_net:s0 tclass=dir permissive=1 app=com.dangbei.screencast
06-04 17:01:05.703 D/PickerSyncController( 1471): syncAllMedia
06-04 17:01:05.703 D/PickerSyncController( 1471): syncAllMediaFromProvider() LOCAL, auth=com.android.providers.media.photopicker, retry=true
06-04 17:01:05.703 D/PickerSyncController( 1471): getSyncRequestParams() LOCAL, auth=com.android.providers.media.photopicker
06-04 17:01:05.715 D/PickerSyncController( 1471): Latest ID/Gen=1407:d95db49e-19f8-43f5-a939-1add587f188f:02e24445e2443ee3:external_primary/2562
06-04 17:01:05.715 D/PickerSyncController( 1471): Cached ID/Gen=1407:d95db49e-19f8-43f5-a939-1add587f188f:02e24445e2443ee3:external_primary/2553
06-04 17:01:05.715 D/PickerSyncController( 1471): RESULT=SyncRequestParams{type=MEDIA_INCREMENTAL, gen=2553, latest=Bundle[{last_media_sync_generation=2562, media_collection_id=1407:d95db49e-19f8-43f5-a939-1add587f188f:02e24445e2443ee3:external_primary}]}
06-04 17:01:05.716 I/PickerSyncController( 1471): Executing SyncAdd. isLocal: true. authority: com.android.providers.media.photopicker
06-04 17:01:05.741 I/PickerSyncController( 1471): Paged sync successful. QueryArgs: Bundle[{android.provider.extra.SYNC_GENERATION=2553}]. Result count: 30. Cursor count: 30
06-04 17:01:05.742 I/PickerSyncController( 1471): Executing SyncRemove. isLocal: true. authority: com.android.providers.media.photopicker
06-04 17:01:05.745 I/PickerSyncController( 1471): Paged sync successful. QueryArgs: Bundle[{android.provider.extra.SYNC_GENERATION=2553}]. Result count: 0. Cursor count: 0
06-04 17:01:05.746 D/PickerSyncController( 1471): syncAllMediaFromProvider() CLOUD, auth=null, retry=true
06-04 17:01:05.746 D/PickerSyncController( 1471): getSyncRequestParams() CLOUD, auth=null
06-04 17:01:05.746 D/PickerSyncController( 1471): RESULT=SyncRequestParams{type=MEDIA_RESET, gen=0, latest=null}
06-04 17:01:05.746 I/PickerSyncController( 1471): Executing SyncReset. isLocal: false. authority: null
06-04 17:01:05.746 I/PickerSyncController( 1471): SyncReset. isLocal:false. authority: null. result count: 0
06-04 17:01:05.747 D/PickerSyncController( 1471): Ignoring cache media info for null authority with bundle: null
06-04 17:01:05.747 I/PickerSyncController( 1471): Executing SyncAlbumReset. isLocal: true. authority: com.android.providers.media.photopicker. albumId: null
06-04 17:01:05.747 I/PickerSyncController( 1471): Successfully executed SyncResetAlbum. authority: com.android.providers.media.photopicker. albumId: null. Result count: 0
06-04 17:01:05.747 I/PickerSyncController( 1471): Executing SyncAlbumReset. isLocal: false. authority: null. albumId: null
06-04 17:01:05.747 I/PickerSyncController( 1471): Successfully executed SyncResetAlbum. authority: null. albumId: null. Result count: 0
06-04 17:01:05.760 D/WifiNl80211Manager( 693): Scan result ready event
06-04 17:01:05.760 D/WifiNative( 693): Scan result ready event
06-04 17:01:05.774 D/WificondScannerImpl( 693): Filtering out 2 scan results.
06-04 17:01:05.803 E/ccc ( 2935): cccccc SCAN_RESULTS_AVAILABLE_ACTION hhhh
06-04 17:01:05.803 E/hq ( 1489): NetWorkStateReceiver:::NetWorkStateReceiver onReceive: 网络变化广播 >>>> intent.action=android.net.wifi.SCAN_RESULTS
06-04 17:01:05.806 I/WifiHAL ( 506): call wifi_get_link_stats handler
06-04 17:01:05.806 I/WifiHAL ( 506): Creating message to get link statistics; iface = 16
06-04 17:01:05.806 D/WifiHAL ( 506): error code -95 mapped to -3
06-04 17:01:05.807 E/WifiStaIfaceAidlImpl( 693): getLinkLayerStats failed with service-specific exception: android.os.ServiceSpecificException: (code 4)
06-04 17:01:05.818 E/ccc ( 2935): cccccc result is not empty call back
06-04 17:01:05.819 E/ccc ( 2935): cccccc 666666666666666
06-04 17:01:05.820 W/eventbuscore( 1489): post Event:com.dangbei.leard.base.entity.event.NetWifiRssiEvent
06-04 17:01:05.826 E/AmFFmpegExtractor( 605): major_brand:mp42
06-04 17:01:05.826 E/AmFFmpegExtractor( 605): compatible_brands:isommp42
06-04 17:01:05.826 I/AmFFmpegExtractor( 605): checkInList: iswhite:0, mime:video/mp4, type:0, id:27 tag:31637661
06-04 17:01:05.826 I/AmFFmpegExtractor( 605): checkInList: iswhite:1, mime:video/mp4, type:0, id:27 tag:31637661
06-04 17:01:05.826 E/AmFFmpegExtractor( 605): codec_ctx->properties: 0
06-04 17:01:05.826 I/AmFFmpegExtractor( 605): checkInList: iswhite:0, mime:video/mp4, type:1, id:86018 tag:6134706d
06-04 17:01:05.826 I/AmFFmpegExtractor( 605): checkInList: iswhite:1, mime:video/mp4, type:1, id:86018 tag:6134706d
06-04 17:01:05.826 E/AmFFmpegExtractor( 605): codec_ctx->properties: 0
06-04 17:01:05.826 I/AmFFmpegExtractor( 605): checkSupportInList ret 1
06-04 17:01:05.826 I/AmFFmpegExtractor( 605): SniffAmFFmpeg ok, confidence = 0.050000
06-04 17:01:05.832 E/ccc ( 2935): cccccc sort 4 53
06-04 17:01:05.902 E/MetadataRetrieverClient( 608): unable to dlopen metadata_retriever extension: dlopen failed: library "libmetadataretriever_ext.so" not found
06-04 17:01:05.948 I/AmFFmpegByteIOAdapter( 605): File size : 94047861
06-04 17:01:05.957 E/exFFmpeg( 605): [mov_read_header:8628] pts_only set.
06-04 17:01:05.957 E/AmFFmpegExtractor( 605): major_brand:mp42
06-04 17:01:05.957 E/AmFFmpegExtractor( 605): compatible_brands:isommp42
06-04 17:01:05.957 I/AmFFmpegExtractor( 605): checkInList: iswhite:0, mime:video/mp4, type:0, id:27 tag:31637661
06-04 17:01:05.957 I/AmFFmpegExtractor( 605): checkInList: iswhite:1, mime:video/mp4, type:0, id:27 tag:31637661
06-04 17:01:05.957 E/AmFFmpegExtractor( 605): codec_ctx->properties: 0
06-04 17:01:05.957 I/AmFFmpegExtractor( 605): checkInList: iswhite:0, mime:video/mp4, type:1, id:86018 tag:6134706d
06-04 17:01:05.957 I/AmFFmpegExtractor( 605): checkInList: iswhite:1, mime:video/mp4, type:1, id:86018 tag:6134706d
06-04 17:01:05.957 E/AmFFmpegExtractor( 605): codec_ctx->properties: 0
06-04 17:01:05.957 I/AmFFmpegExtractor( 605): checkSupportInList ret 1
06-04 17:01:06.191 E/AmFFmpegExtractor( 605): major_brand:mp42
06-04 17:01:06.191 E/AmFFmpegExtractor( 605): compatible_brands:isommp42
06-04 17:01:06.191 I/AmFFmpegExtractor( 605): checkInList: iswhite:0, mime:video/mp4, type:0, id:27 tag:31637661
06-04 17:01:06.191 I/AmFFmpegExtractor( 605): checkInList: iswhite:1, mime:video/mp4, type:0, id:27 tag:31637661
06-04 17:01:06.191 E/AmFFmpegExtractor( 605): codec_ctx->properties: 0
06-04 17:01:06.191 I/AmFFmpegExtractor( 605): checkInList: iswhite:0, mime:video/mp4, type:1, id:86018 tag:6134706d
06-04 17:01:06.191 I/AmFFmpegExtractor( 605): checkInList: iswhite:1, mime:video/mp4, type:1, id:86018 tag:6134706d
06-04 17:01:06.191 E/AmFFmpegExtractor( 605): codec_ctx->properties: 0
06-04 17:01:06.191 I/AmFFmpegExtractor( 605): checkSupportInList ret 1
06-04 17:01:06.192 I/AmFFmpegExtractor( 605): SniffAmFFmpeg ok, confidence = 0.050000
06-04 17:01:06.208 E/MetadataRetrieverClient( 608): unable to dlopen metadata_retriever extension: dlopen failed: library "libmetadataretriever_ext.so" not found
06-04 17:01:06.211 I/AmFFmpegByteIOAdapter( 605): File size : 94047861
06-04 17:01:06.218 E/exFFmpeg( 605): [mov_read_header:8628] pts_only set.
06-04 17:01:06.218 E/AmFFmpegExtractor( 605): major_brand:mp42
06-04 17:01:06.218 E/AmFFmpegExtractor( 605): compatible_brands:isommp42
06-04 17:01:06.218 I/AmFFmpegExtractor( 605): checkInList: iswhite:0, mime:video/mp4, type:0, id:27 tag:31637661
06-04 17:01:06.218 I/AmFFmpegExtractor( 605): checkInList: iswhite:1, mime:video/mp4, type:0, id:27 tag:31637661
06-04 17:01:06.218 E/AmFFmpegExtractor( 605): codec_ctx->properties: 0
06-04 17:01:06.218 I/AmFFmpegExtractor( 605): checkInList: iswhite:0, mime:video/mp4, type:1, id:86018 tag:6134706d
06-04 17:01:06.218 I/AmFFmpegExtractor( 605): checkInList: iswhite:1, mime:video/mp4, type:1, id:86018 tag:6134706d
06-04 17:01:06.218 E/AmFFmpegExtractor( 605): codec_ctx->properties: 0
06-04 17:01:06.218 I/AmFFmpegExtractor( 605): checkSupportInList ret 1
06-04 17:01:06.432 E/AmFFmpegExtractor( 605): major_brand:mp42
06-04 17:01:06.433 E/AmFFmpegExtractor( 605): compatible_brands:isommp42
06-04 17:01:06.433 I/AmFFmpegExtractor( 605): checkInList: iswhite:0, mime:video/mp4, type:0, id:27 tag:31637661
06-04 17:01:06.433 I/AmFFmpegExtractor( 605): checkInList: iswhite:1, mime:video/mp4, type:0, id:27 tag:31637661
06-04 17:01:06.433 E/AmFFmpegExtractor( 605): codec_ctx->properties: 0
06-04 17:01:06.433 I/AmFFmpegExtractor( 605): checkInList: iswhite:0, mime:video/mp4, type:1, id:86018 tag:6134706d
06-04 17:01:06.433 I/AmFFmpegExtractor( 605): checkInList: iswhite:1, mime:video/mp4, type:1, id:86018 tag:6134706d
06-04 17:01:06.433 E/AmFFmpegExtractor( 605): codec_ctx->properties: 0
06-04 17:01:06.433 I/AmFFmpegExtractor( 605): checkSupportInList ret 1
06-04 17:01:06.433 I/AmFFmpegExtractor( 605): SniffAmFFmpeg ok, confidence = 0.050000
06-04 17:01:06.454 E/MetadataRetrieverClient( 608): unable to dlopen metadata_retriever extension: dlopen failed: library "libmetadataretriever_ext.so" not found
06-04 17:01:06.497 I/AmFFmpegByteIOAdapter( 605): File size : 157952079
06-04 17:01:06.505 E/exFFmpeg( 605): [mov_read_header:8628] pts_only set.
06-04 17:01:06.506 E/AmFFmpegExtractor( 605): major_brand:mp42
06-04 17:01:06.506 E/AmFFmpegExtractor( 605): compatible_brands:isommp42
06-04 17:01:06.506 I/AmFFmpegExtractor( 605): checkInList: iswhite:0, mime:video/mp4, type:0, id:27 tag:31637661
06-04 17:01:06.506 I/AmFFmpegExtractor( 605): checkInList: iswhite:1, mime:video/mp4, type:0, id:27 tag:31637661
06-04 17:01:06.506 E/AmFFmpegExtractor( 605): codec_ctx->properties: 0
06-04 17:01:06.506 I/AmFFmpegExtractor( 605): checkInList: iswhite:0, mime:video/mp4, type:1, id:86018 tag:6134706d
06-04 17:01:06.506 I/AmFFmpegExtractor( 605): checkInList: iswhite:1, mime:video/mp4, type:1, id:86018 tag:6134706d
06-04 17:01:06.506 E/AmFFmpegExtractor( 605): codec_ctx->properties: 0
06-04 17:01:06.506 I/AmFFmpegExtractor( 605): checkSupportInList ret 1
06-04 17:01:06.528 D/XM_HIDREAD( 1992): poll ret=1, event=1
06-04 17:01:06.528 D/XM_HIDREAD( 1992): [9 bytes]:01 00 00 52 00 00 00 00 00
06-04 17:01:06.530 I/SogouIME( 1447): onKeyDown: keyoCode=19
06-04 17:01:06.530 I/DefaultIMS( 1447): onKeyDown: keyoCode=19
06-04 17:01:06.708 D/XM_HIDREAD( 1992): poll ret=1, event=1
06-04 17:01:06.709 D/XM_HIDREAD( 1992): [9 bytes]:01 00 00 00 00 00 00 00 00
06-04 17:01:06.711 I/SogouIME( 1447): onKeyUp: keyoCode=19
06-04 17:01:06.711 I/DefaultIMS( 1447): onKeyUp: keyoCode=19
06-04 17:01:06.737 D/BluetoothAdapterService( 1104): cancelDiscovery
06-04 17:01:06.737 I/bt_btif_dm( 1104): packages/modules/Bluetooth/system/btif/src/btif_dm.cc:2470 btif_dm_cancel_discovery: Cancel search
06-04 17:01:06.737 I/bluetooth( 1104): packages/modules/Bluetooth/system/bta/dm/bta_dm_main.cc:96 bta_dm_search_sm_execute: state:BTA_DM_SEARCH_IDLE, event:BTA_DM_API_SEARCH_CANCEL_EVT[0x201]
06-04 17:01:06.848 E/AmFFmpegExtractor( 605): major_brand:mp42
06-04 17:01:06.848 E/AmFFmpegExtractor( 605): compatible_brands:isommp42
06-04 17:01:06.848 I/AmFFmpegExtractor( 605): checkInList: iswhite:0, mime:video/mp4, type:0, id:27 tag:31637661
06-04 17:01:06.848 I/AmFFmpegExtractor( 605): checkInList: iswhite:1, mime:video/mp4, type:0, id:27 tag:31637661
06-04 17:01:06.848 E/AmFFmpegExtractor( 605): codec_ctx->properties: 0
06-04 17:01:06.848 I/AmFFmpegExtractor( 605): checkInList: iswhite:0, mime:video/mp4, type:1, id:86018 tag:6134706d
06-04 17:01:06.848 I/AmFFmpegExtractor( 605): checkInList: iswhite:1, mime:video/mp4, type:1, id:86018 tag:6134706d
06-04 17:01:06.848 E/AmFFmpegExtractor( 605): codec_ctx->properties: 0
06-04 17:01:06.848 I/AmFFmpegExtractor( 605): checkSupportInList ret 1
06-04 17:01:06.849 I/AmFFmpegExtractor( 605): SniffAmFFmpeg ok, confidence = 0.050000
06-04 17:01:06.866 E/MetadataRetrieverClient( 608): unable to dlopen metadata_retriever extension: dlopen failed: library "libmetadataretriever_ext.so" not found
06-04 17:01:06.869 I/AmFFmpegByteIOAdapter( 605): File size : 157952079
06-04 17:01:06.874 E/exFFmpeg( 605): [mov_read_header:8628] pts_only set.
06-04 17:01:06.875 E/AmFFmpegExtractor( 605): major_brand:mp42
06-04 17:01:06.875 E/AmFFmpegExtractor( 605): compatible_brands:isommp42
06-04 17:01:06.875 I/AmFFmpegExtractor( 605): checkInList: iswhite:0, mime:video/mp4, type:0, id:27 tag:31637661
06-04 17:01:06.875 I/AmFFmpegExtractor( 605): checkInList: iswhite:1, mime:video/mp4, type:0, id:27 tag:31637661
06-04 17:01:06.875 E/AmFFmpegExtractor( 605): codec_ctx->properties: 0
06-04 17:01:06.875 I/AmFFmpegExtractor( 605): checkInList: iswhite:0, mime:video/mp4, type:1, id:86018 tag:6134706d
06-04 17:01:06.875 I/AmFFmpegExtractor( 605): checkInList: iswhite:1, mime:video/mp4, type:1, id:86018 tag:6134706d
06-04 17:01:06.875 E/AmFFmpegExtractor( 605): codec_ctx->properties: 0
06-04 17:01:06.875 I/AmFFmpegExtractor( 605): checkSupportInList ret 1
06-04 17:01:07.222 E/AmFFmpegExtractor( 605): major_brand:mp42
06-04 17:01:07.223 E/AmFFmpegExtractor( 605): compatible_brands:isommp42
06-04 17:01:07.223 I/AmFFmpegExtractor( 605): checkInList: iswhite:0, mime:video/mp4, type:0, id:27 tag:31637661
06-04 17:01:07.223 I/AmFFmpegExtractor( 605): checkInList: iswhite:1, mime:video/mp4, type:0, id:27 tag:31637661
06-04 17:01:07.223 E/AmFFmpegExtractor( 605): codec_ctx->properties: 0
06-04 17:01:07.223 I/AmFFmpegExtractor( 605): checkInList: iswhite:0, mime:video/mp4, type:1, id:86018 tag:6134706d
06-04 17:01:07.223 I/AmFFmpegExtractor( 605): checkInList: iswhite:1, mime:video/mp4, type:1, id:86018 tag:6134706d
06-04 17:01:07.223 E/AmFFmpegExtractor( 605): codec_ctx->properties: 0
06-04 17:01:07.223 I/AmFFmpegExtractor( 605): checkSupportInList ret 1
06-04 17:01:07.223 I/AmFFmpegExtractor( 605): SniffAmFFmpeg ok, confidence = 0.050000
06-04 17:01:07.252 E/MetadataRetrieverClient( 608): unable to dlopen metadata_retriever extension: dlopen failed: library "libmetadataretriever_ext.so" not found
06-04 17:01:07.305 I/AmFFmpegByteIOAdapter( 605): File size : 34561653
06-04 17:01:07.313 I/audio_hw_hal_alsamgr( 479): alsa format =0x1 delay frames =1024 total frames=5649920
06-04 17:01:07.333 E/exFFmpeg( 605): [mov_read_header:8628] pts_only set.
06-04 17:01:07.334 E/AmFFmpegExtractor( 605): major_brand:isom
06-04 17:01:07.334 E/AmFFmpegExtractor( 605): compatible_brands:mp41
06-04 17:01:07.334 I/AmFFmpegExtractor( 605): checkInList: iswhite:0, mime:video/mp4, type:0, id:27 tag:31637661
06-04 17:01:07.334 I/AmFFmpegExtractor( 605): checkInList: iswhite:1, mime:video/mp4, type:0, id:27 tag:31637661
06-04 17:01:07.334 E/AmFFmpegExtractor( 605): codec_ctx->properties: 0
06-04 17:01:07.334 I/AmFFmpegExtractor( 605): checkInList: iswhite:0, mime:video/mp4, type:1, id:86019 tag:332d6361
06-04 17:01:07.334 I/AmFFmpegExtractor( 605): checkInList: iswhite:1, mime:video/mp4, type:1, id:86019 tag:332d6361
06-04 17:01:07.335 E/AmFFmpegExtractor( 605): true: iswhite:1, type:1, id:86019 tag:ffffffff
06-04 17:01:07.335 E/AmFFmpegExtractor( 605): codec_ctx->properties: 0
06-04 17:01:07.335 I/AmFFmpegExtractor( 605): checkSupportInList ret 1
06-04 17:01:07.335 I/AmFFmpegExtractor( 605): is in white list : 1
06-04 17:01:07.335 I/AmFFmpegExtractor( 605): SniffAmFFmpeg ok, confidence = 0.800000
06-04 17:01:07.355 W/AString ( 605): ctor got NULL, using empty string instead
06-04 17:01:07.355 I/AmFFmpegExtractor( 605):
06-04 17:01:07.355 I/AmFFmpegExtractor( 605): -----------AmFFmpegExtractor Info---------
06-04 17:01:07.355 I/AmFFmpegExtractor( 605):
06-04 17:01:07.355 I/AmFFmpegExtractor( 605): MM-module-name:Extractor,Version:5.1.7-g0c7d1d4(build:6351)
06-04 17:01:07.355 I/AmFFmpegExtractor( 605):
06-04 17:01:07.355 I/AmFFmpegExtractor( 605): ARCH = arm
06-04 17:01:07.355 I/AmFFmpegExtractor( 605): Author: multi-media team
06-04 17:01:07.355 I/AmFFmpegExtractor( 605): Branch name: * (HEAD detached at 0c7d1d4)
06-04 17:01:07.355 I/AmFFmpegExtractor( 605): Last Commit Info:
06-04 17:01:07.355 I/AmFFmpegExtractor( 605): commit 0c7d1d450b4d7ecd11fc2ddd21a6e67e11d0b24d
06-04 17:01:07.355 I/AmFFmpegExtractor( 605): Author: wang.ren
06-04 17:01:07.355 I/AmFFmpegExtractor( 605): Date: Mon Nov 18 08:39:16 2024 +0000
06-04 17:01:07.355 I/AmFFmpegExtractor( 605): AmFFmpegExtractor: CB2 invalid nal length when parse nal data [1/1]
06-04 17:01:07.355 I/AmFFmpegExtractor( 605): PD#SWPL-190774
06-04 17:01:07.355 I/AmFFmpegExtractor( 605): Change-Id: I639741fa67a5b027e7d8eaa1b588f753d2326e47
06-04 17:01:07.355 I/AmFFmpegExtractor( 605): Uncommitted-file-num:1
06-04 17:01:07.355 I/AmFFmpegExtractor( 605): Build-time: Thu Nov 28 13:44:43 CST 2024
06-04 17:01:07.355 I/AmFFmpegExtractor( 605): Build-name: drm.autobuild
06-04 17:01:07.355 I/AmFFmpegExtractor( 605): -----------------------------------------
06-04 17:01:07.355 I/AmFFmpegExtractor( 605): media.ffmpegextractor.loglevel 16
06-04 17:01:07.355 I/AmFFmpegExtractor( 605): vendor.media.ffmpegextractor.ESLen264Check : 10
06-04 17:01:07.355 I/AmFFmpegExtractor( 605): vendor.media.ffmpegextractor.ESLen265Check : 50
06-04 17:01:07.355 I/AmFFmpegByteIOAdapter( 605): File size : 34561653
06-04 17:01:07.357 I/AmFFmpegExtractor( 605): AmFFmpegExtractor mInputFormat name {mov,mp4,m4a,3gp,3g2,mj2 [(null)]}
06-04 17:01:07.367 E/exFFmpeg( 605): [mov_read_header:8628] pts_only set.
06-04 17:01:07.455 I/AmFFmpegExtractor( 605): ///////////////start dump format
06-04 17:01:07.456 I/AmFFmpegExtractor( 605): [init 3386] video/mp4
06-04 17:01:07.457 I/AmFFmpegExtractor( 605): isMusic major_brand:isom
06-04 17:01:07.457 I/AmFFmpegExtractor( 605): Stream 0(0) [video/avc][codecid:0x1b(0x1b)] found.
06-04 17:01:07.457 I/AmFFmpegExtractor( 605): [AmFFmpegSource 717]startTimeUs:0, seekable:1
06-04 17:01:07.457 I/AmFFmpegExtractor( 605): [init 753](0xee340550)
06-04 17:01:07.457 E/AmFFmpegExtractor( 605): mAudioMuxRead 0
06-04 17:01:07.457 I/AmFFmpegExtractor( 605): init kKeyDuration = 229584000
06-04 17:01:07.457 I/AmFFmpegExtractor( 605): VIDEO stream startTimeUs = 0
06-04 17:01:07.457 I/AmFFmpegExtractor( 605): video:demux: extradata_size = 38
06-04 17:01:07.457 I/AmFFmpegExtractor( 605): video:demux: has b-frame = 0
06-04 17:01:07.457 I/AmFFmpegExtractor( 605): video:demux: width = 480, height = 272
06-04 17:01:07.457 I/AmFFmpegExtractor( 605): SAR [1:1]
06-04 17:01:07.457 E/AmFFmpegExtractor( 605): demux: frame_number = 5510
06-04 17:01:07.457 I/AmFFmpegExtractor( 605): init kKeyFrameRate = 24(24.000000)
06-04 17:01:07.457 I/AmFFmpegExtractor( 605): set frame-rate 24 rationalFramerate num 24 den 1
06-04 17:01:07.457 I/AmFFmpegExtractor( 605): mIsDolbyVison :0, mCreate_two_tracks_dv:0, codec_id: 27(AVC:27,HEVC:173), DvCFG:0(0), TAG:avc1
06-04 17:01:07.457 I/AmFFmpegExtractor( 605): set tag nCFG
06-04 17:01:07.457 I/AmFFmpegExtractor( 605): Mime:video/avc
06-04 17:01:07.457 I/StreamFormatter( 605): Creating formatter for codec id : 27 extradata size : 38
06-04 17:01:07.457 I/AmFFmpegExtractor( 605): [init 3565] mIsDolbyVison:0, i:0
06-04 17:01:07.458 I/AmFFmpegExtractor( 605): Stream 1(1) [audio/ac3][codecid:0x15003(0x15003)] found.
06-04 17:01:07.458 I/AmFFmpegExtractor( 605): [AmFFmpegSource 717]startTimeUs:0, seekable:1
06-04 17:01:07.458 I/AmFFmpegExtractor( 605): [init 753](0xee341ba0)
06-04 17:01:07.458 E/AmFFmpegExtractor( 605): mAudioMuxRead 0
06-04 17:01:07.458 I/AmFFmpegExtractor( 605): init kKeyDuration = 229584000
06-04 17:01:07.458 I/AmFFmpegExtractor( 605): audio:demux: fmt = -1
06-04 17:01:07.458 I/AmFFmpegExtractor( 605): audio:demux: channels = 2
06-04 17:01:07.458 I/AmFFmpegExtractor( 605): audio:demux: sample_rate = 44100
06-04 17:01:07.458 I/AmFFmpegExtractor( 605): audio:demux: bit_rate = 192000
06-04 17:01:07.458 I/AmFFmpegExtractor( 605): audio:demux: codec_id = 86019
06-04 17:01:07.458 I/AmFFmpegExtractor( 605): audio:demux: stream startTimeUs = 0
06-04 17:01:07.458 I/AmFFmpegExtractor( 605): audio:demux: block_align = 0
06-04 17:01:07.458 I/AmFFmpegExtractor( 605): Mime:audio/ac3
06-04 17:01:07.458 I/StreamFormatter( 605): Creating formatter for codec id : 86019 extradata size : 0
06-04 17:01:07.458 I/AmFFmpegExtractor( 605): [init 3565] mIsDolbyVison:0, i:1
06-04 17:01:07.458 I/AmFFmpegExtractor( 605): pthread_create OK pid:-443039296
06-04 17:01:07.458 I/AmFFmpegExtractor( 605): feedMore_task in
06-04 17:01:07.460 I/AmAVUtils( 608): set default max-input-size to 1887436
06-04 17:01:07.460 I/AmFFmpegExtractor( 605): feedMore_task out toBeExit:1 , err:0
06-04 17:01:07.461 I/AmFFmpegExtractor( 605): [~AmFFmpegExtractor 2707] feedMore task has exited.
06-04 17:01:07.461 I/AmFFmpegExtractor( 605): [~AmFFmpegSource 732]
06-04 17:01:07.461 I/AmFFmpegExtractor( 605): [~AmFFmpegSource 732]
06-04 17:01:07.462 E/MetadataRetrieverClient( 608): unable to dlopen metadata_retriever extension: dlopen failed: library "libmetadataretriever_ext.so" not found
06-04 17:01:07.463 I/AmFFmpegExtractor( 605): [~AmFFmpegExtractor 2720]
06-04 17:01:07.463 I/AmFFmpegExtractor( 605): [~AmFFmpegExtractor 2723]
06-04 17:01:07.463 W/RefBase ( 605): RefBase: Explicit destruction, weak count = 0 (in 0xea103424). Use sp<> to manage this object.
06-04 17:01:07.463 W/RefBase ( 605): CallStack::getCurrentInternal not linked, returning null
06-04 17:01:07.463 W/RefBase ( 605): CallStack::logStackInternal not linked
06-04 17:01:07.465 I/AmFFmpegByteIOAdapter( 605): File size : 34561653
06-04 17:01:07.472 E/exFFmpeg( 605): [mov_read_header:8628] pts_only set.
06-04 17:01:07.473 E/AmFFmpegExtractor( 605): major_brand:isom
06-04 17:01:07.473 E/AmFFmpegExtractor( 605): compatible_brands:mp41
06-04 17:01:07.473 I/AmFFmpegExtractor( 605): checkInList: iswhite:0, mime:video/mp4, type:0, id:27 tag:31637661
06-04 17:01:07.473 I/AmFFmpegExtractor( 605): checkInList: iswhite:1, mime:video/mp4, type:0, id:27 tag:31637661
06-04 17:01:07.473 E/AmFFmpegExtractor( 605): codec_ctx->properties: 0
06-04 17:01:07.473 I/AmFFmpegExtractor( 605): checkInList: iswhite:0, mime:video/mp4, type:1, id:86019 tag:332d6361
06-04 17:01:07.473 I/AmFFmpegExtractor( 605): checkInList: iswhite:1, mime:video/mp4, type:1, id:86019 tag:332d6361
06-04 17:01:07.473 E/AmFFmpegExtractor( 605): true: iswhite:1, type:1, id:86019 tag:ffffffff
06-04 17:01:07.473 E/AmFFmpegExtractor( 605): codec_ctx->properties: 0
06-04 17:01:07.473 I/AmFFmpegExtractor( 605): checkSupportInList ret 1
06-04 17:01:07.473 I/AmFFmpegExtractor( 605): is in white list : 1
06-04 17:01:07.473 I/AmFFmpegExtractor( 605): SniffAmFFmpeg ok, confidence = 0.800000
06-04 17:01:07.487 W/AString ( 605): ctor got NULL, using empty string instead
06-04 17:01:07.487 I/AmFFmpegExtractor( 605):
06-04 17:01:07.487 I/AmFFmpegExtractor( 605): -----------AmFFmpegExtractor Info---------
06-04 17:01:07.487 I/AmFFmpegExtractor( 605):
06-04 17:01:07.487 I/AmFFmpegExtractor( 605): MM-module-name:Extractor,Version:5.1.7-g0c7d1d4(build:6351)
06-04 17:01:07.487 I/AmFFmpegExtractor( 605):
06-04 17:01:07.487 I/AmFFmpegExtractor( 605): ARCH = arm
06-04 17:01:07.487 I/AmFFmpegExtractor( 605): Author: multi-media team
06-04 17:01:07.487 I/AmFFmpegExtractor( 605): Branch name: * (HEAD detached at 0c7d1d4)
06-04 17:01:07.487 I/AmFFmpegExtractor( 605): Last Commit Info:
06-04 17:01:07.487 I/AmFFmpegExtractor( 605): commit 0c7d1d450b4d7ecd11fc2ddd21a6e67e11d0b24d
06-04 17:01:07.487 I/AmFFmpegExtractor( 605): Author: wang.ren
06-04 17:01:07.487 I/AmFFmpegExtractor( 605): Date: Mon Nov 18 08:39:16 2024 +0000
06-04 17:01:07.487 I/AmFFmpegExtractor( 605): AmFFmpegExtractor: CB2 invalid nal length when parse nal data [1/1]
06-04 17:01:07.487 I/AmFFmpegExtractor( 605): PD#SWPL-190774
06-04 17:01:07.487 I/AmFFmpegExtractor( 605): Change-Id: I639741fa67a5b027e7d8eaa1b588f753d2326e47
06-04 17:01:07.487 I/AmFFmpegExtractor( 605): Uncommitted-file-num:1
06-04 17:01:07.487 I/AmFFmpegExtractor( 605): Build-time: Thu Nov 28 13:44:43 CST 2024
06-04 17:01:07.487 I/AmFFmpegExtractor( 605): Build-name: drm.autobuild
