06-04 17:00:57.885 W/System.err( 2834): at android.app.LoadedApk$ReceiverDispatcher$Args.$r8$lambda$gDuJqgxY6Zb-ifyeubKeivTLAwk(Unknown Source:0)
06-04 17:00:57.885 W/System.err( 2834): at android.app.LoadedApk$ReceiverDispatcher$Args$$ExternalSyntheticLambda0.run(Unknown Source:2)
06-04 17:00:57.885 W/System.err( 2834): at android.os.Handler.handleCallback(Handler.java:958)
06-04 17:00:57.885 W/System.err( 2834): at android.os.Handler.dispatchMessage(Handler.java:99)
06-04 17:00:57.885 W/System.err( 2834): at android.os.Looper.loopOnce(Looper.java:205)
06-04 17:00:57.885 W/System.err( 2834): at android.os.Looper.loop(Looper.java:294)
06-04 17:00:57.885 W/System.err( 2834): at android.app.ActivityThread.main(ActivityThread.java:8255)
06-04 17:00:57.885 W/System.err( 2834): at java.lang.reflect.Method.invoke(Native Method)
06-04 17:00:57.885 W/System.err( 2834): at com.android.internal.os.RuntimeInit$MethodAndArgsCaller.run(RuntimeInit.java:552)
06-04 17:00:57.885 W/System.err( 2834): at com.android.internal.os.ZygoteInit.main(ZygoteInit.java:978)
06-04 17:00:57.885 W/System.err( 2834): Caused by: android.system.ErrnoException: open failed: ENOENT (No such file or directory)
06-04 17:00:57.885 W/System.err( 2834): at libcore.io.Linux.open(Native Method)
06-04 17:00:57.885 W/System.err( 2834): at libcore.io.ForwardingOs.open(ForwardingOs.java:563)
06-04 17:00:57.885 W/System.err( 2834): at libcore.io.BlockGuardOs.open(BlockGuardOs.java:274)
06-04 17:00:57.885 W/System.err( 2834): at libcore.io.ForwardingOs.open(ForwardingOs.java:563)
06-04 17:00:57.885 W/System.err( 2834): at android.app.ActivityThread$AndroidOs.open(ActivityThread.java:8138)
06-04 17:00:57.886 W/System.err( 2834): at libcore.io.IoBridge.open(IoBridge.java:560)
06-04 17:00:57.886 W/System.err( 2834): ... 17 more
06-04 17:00:57.886 E/BLE_Service( 2834): error /sys/class/aml_btusb/aml_btusb/aml_rclist: open failed: ENOENT (No such file or directory)
06-04 17:00:57.886 W/System.err( 2834): java.io.FileNotFoundException: /sys/class/aml_btusb/aml_btusb/aml_rclist: open failed: ENOENT (No such file or directory)
06-04 17:00:57.886 W/System.err( 2834): at libcore.io.IoBridge.open(IoBridge.java:574)
06-04 17:00:57.886 W/System.err( 2834): at java.io.FileOutputStream.(FileOutputStream.java:236)
06-04 17:00:57.886 W/System.err( 2834): at java.io.FileOutputStream.(FileOutputStream.java:125)
06-04 17:00:57.886 W/System.err( 2834): at java.io.FileWriter.(FileWriter.java:66)
06-04 17:00:57.886 W/System.err( 2834): at com.droidlogic.btpair.DialogBluetoothService.writeMacAddressToFile(DialogBluetoothService.java:310)
06-04 17:00:57.886 W/System.err( 2834): at com.droidlogic.btpair.DialogBluetoothService.-$$Nest$mwriteMacAddressToFile(Unknown Source:0)
06-04 17:00:57.886 W/System.err( 2834): at com.droidlogic.btpair.DialogBluetoothService$1.onReceive(DialogBluetoothService.java:233)
06-04 17:00:57.886 W/System.err( 2834): at android.app.LoadedApk$ReceiverDispatcher$Args.lambda$getRunnable$0(LoadedApk.java:1811)
06-04 17:00:57.886 W/System.err( 2834): at android.app.LoadedApk$ReceiverDispatcher$Args.$r8$lambda$gDuJqgxY6Zb-ifyeubKeivTLAwk(Unknown Source:0)
06-04 17:00:57.886 W/System.err( 2834): at android.app.LoadedApk$ReceiverDispatcher$Args$$ExternalSyntheticLambda0.run(Unknown Source:2)
06-04 17:00:57.886 W/System.err( 2834): at android.os.Handler.handleCallback(Handler.java:958)
06-04 17:00:57.886 W/System.err( 2834): at android.os.Handler.dispatchMessage(Handler.java:99)
06-04 17:00:57.887 W/System.err( 2834): at android.os.Looper.loopOnce(Looper.java:205)
06-04 17:00:57.887 W/System.err( 2834): at android.os.Looper.loop(Looper.java:294)
06-04 17:00:57.887 W/System.err( 2834): at android.app.ActivityThread.main(ActivityThread.java:8255)
06-04 17:00:57.887 W/System.err( 2834): at java.lang.reflect.Method.invoke(Native Method)
06-04 17:00:57.887 W/System.err( 2834): at com.android.internal.os.RuntimeInit$MethodAndArgsCaller.run(RuntimeInit.java:552)
06-04 17:00:57.887 W/System.err( 2834): at com.android.internal.os.ZygoteInit.main(ZygoteInit.java:978)
06-04 17:00:57.887 W/System.err( 2834): Caused by: android.system.ErrnoException: open failed: ENOENT (No such file or directory)
06-04 17:00:57.887 W/System.err( 2834): at libcore.io.Linux.open(Native Method)
06-04 17:00:57.887 W/System.err( 2834): at libcore.io.ForwardingOs.open(ForwardingOs.java:563)
06-04 17:00:57.887 W/System.err( 2834): at libcore.io.BlockGuardOs.open(BlockGuardOs.java:274)
06-04 17:00:57.887 W/System.err( 2834): at libcore.io.ForwardingOs.open(ForwardingOs.java:563)
06-04 17:00:57.887 W/System.err( 2834): at android.app.ActivityThread$AndroidOs.open(ActivityThread.java:8138)
06-04 17:00:57.887 W/System.err( 2834): at libcore.io.IoBridge.open(IoBridge.java:560)
06-04 17:00:57.887 W/System.err( 2834): ... 17 more
06-04 17:00:57.889 W/BluetoothHidHostService( 1104): no state change: 1
06-04 17:00:57.890 D/CachedBluetoothDevice( 982): onProfileStateChanged: profile HID, device XX:XX:XX:XX:C0:22, newProfileState 1
06-04 17:00:57.893 D/AdapterProperties( 1104): PROFILE_CONNECTION_STATE_CHANGE: profile=4, device=XX:XX:XX:XX:C0:22, 0 -> 1
06-04 17:00:57.894 D/BluetoothAdapter( 982): getActiveDevices(profile= A2DP)
06-04 17:00:57.895 D/AdapterProperties( 1104): ADAPTER_CONNECTION_STATE_CHANGE: XX:XX:XX:XX:C0:22: 0 -> 1
06-04 17:00:57.897 I/BluetoothAdapterService( 1104): getActiveDevices: A2dp device: null
06-04 17:00:57.897 D/BluetoothAdapter( 982): getActiveDevices(profile= HEADSET)
06-04 17:00:57.899 I/wpa_supplicant( 1177): wpa_driver_nl80211_driver_cmd: wifi vendor: aml_w2_s
06-04 17:00:57.899 D/CachedBluetoothDevice( 2834): connect CachedBluetoothDevice{anonymizedAddress=XX:XX:XX:XX:C0:22, name=Dangbei, groupId=-1, member=[]}
06-04 17:00:57.899 I/wpa_supplicant( 1177): wpa_driver_nl80211_driver_cmd: wlan0: private command: BTCOEXSCAN-START
06-04 17:00:57.903 I/BluetoothAdapterService( 1104): getActiveDevices: Headset device: null
06-04 17:00:57.904 D/BluetoothAdapter( 982): getActiveDevices(profile= HEARING_AID)
06-04 17:00:57.904 V/BluetoothDatabase( 1104): getProfileConnectionPolicy: device XX:XX:XX:XX:C0:22 profile=A2DP, connectionPolicy=-1
06-04 17:00:57.904 V/BluetoothDatabase( 1104): getProfileConnectionPolicy: device XX:XX:XX:XX:C0:22 profile=HEADSET, connectionPolicy=-1
06-04 17:00:57.905 V/BluetoothDatabase( 1104): getProfileConnectionPolicy: device XX:XX:XX:XX:C0:22 profile=HID_HOST, connectionPolicy=100
06-04 17:00:57.905 V/BluetoothDatabase( 1104): getProfileConnectionPolicy: device XX:XX:XX:XX:C0:22 profile=HID_HOST, connectionPolicy=100
06-04 17:00:57.905 I/BluetoothAdapterService( 1104): connectEnabledProfiles: Connecting Hid Host Profile
06-04 17:00:57.905 E/BluetoothHidHostService( 1104): Hid Device not disconnected: XX:XX:XX:XX:C0:22
06-04 17:00:57.905 D/CachedBluetoothDevice( 2834): onProfileStateChanged: profile HID, device XX:XX:XX:XX:C0:22, newProfileState 1
06-04 17:00:57.906 D/BluetoothAdapter( 2834): getActiveDevices(profile= A2DP)
06-04 17:00:57.907 I/BluetoothAdapterService( 1104): getActiveDevices: Hearing Aid devices: Left[null] - Right[null]
06-04 17:00:57.908 I/BluetoothAdapterService( 1104): getActiveDevices: A2dp device: null
06-04 17:00:57.909 D/BluetoothAdapter( 2834): getActiveDevices(profile= HEADSET)
06-04 17:00:57.911 I/BluetoothAdapterService( 1104): getActiveDevices: Headset device: null
06-04 17:00:57.912 D/BluetoothAdapter( 2834): getActiveDevices(profile= HEARING_AID)
06-04 17:00:57.915 I/BluetoothAdapterService( 1104): getActiveDevices: Hearing Aid devices: Left[null] - Right[null]
06-04 17:00:57.979 D/BluetoothHidHost( 1438): Proxy object connected
06-04 17:00:57.979 D/BluetoothHidHost( 1438): connect(E4:BB:D3:57:C0:22)
06-04 17:00:57.980 E/BluetoothHidHostService( 1104): Hid Device not disconnected: XX:XX:XX:XX:C0:22
06-04 17:00:57.981 D/BluetoothHidHost( 1438): Unbinding service...
06-04 17:00:57.981 D/BluetoothHidHost( 1438): Proxy object disconnected
06-04 17:00:58.015 I/AmFFmpegExtractor( 605): ///////////////start dump format
06-04 17:00:58.015 I/AmFFmpegExtractor( 605): [init 3386] video/avi
06-04 17:00:58.015 I/AmFFmpegExtractor( 605): isMusic major_brand:null
06-04 17:00:58.016 I/AmFFmpegExtractor( 605): Stream 0(0) [video/mp4v-es][codecid:0xc(0xc)] found.
06-04 17:00:58.016 I/AmFFmpegExtractor( 605): [AmFFmpegSource 717]startTimeUs:0, seekable:1
06-04 17:00:58.016 I/AmFFmpegExtractor( 605): [init 753](0xee3413c0)
06-04 17:00:58.016 E/AmFFmpegExtractor( 605): mAudioMuxRead 0
06-04 17:00:58.016 I/AmFFmpegExtractor( 605): init kKeyDuration = 6367361000
06-04 17:00:58.016 I/AmFFmpegExtractor( 605): av_find_input_format is avi
06-04 17:00:58.016 I/AmFFmpegExtractor( 605): VIDEO stream startTimeUs = 0
06-04 17:00:58.016 I/AmFFmpegExtractor( 605): video:demux: extradata_size = 60
06-04 17:00:58.016 I/AmFFmpegExtractor( 605): video:demux: has b-frame = 1
06-04 17:00:58.016 I/AmFFmpegExtractor( 605): video:demux: width = 720, height = 304
06-04 17:00:58.016 I/AmFFmpegExtractor( 605): SAR [1:1]
06-04 17:00:58.016 E/AmFFmpegExtractor( 605): demux: frame_number = 152664
06-04 17:00:58.016 I/AmFFmpegExtractor( 605): init kKeyFrameRate = 24(23.969999)
06-04 17:00:58.016 I/AmFFmpegExtractor( 605): set frame-rate 24 rationalFramerate num 24000 den 1001
06-04 17:00:58.016 I/AmFFmpegExtractor( 605): av_find_input_format avi set UNSTABLE_PTS
06-04 17:00:58.016 I/AmFFmpegExtractor( 605): mIsDolbyVison :0, mCreate_two_tracks_dv:0, codec_id: 12(AVC:27,HEVC:173), DvCFG:0(0), TAG:XVID
06-04 17:00:58.016 I/AmFFmpegExtractor( 605): Mime:video/mp4v-es
06-04 17:00:58.016 I/StreamFormatter( 605): Creating formatter for codec id : 12 extradata size : 60
06-04 17:00:58.016 I/AmFFmpegExtractor( 605): [init 3565] mIsDolbyVison:0, i:0
06-04 17:00:58.016 I/AmFFmpegExtractor( 605): Stream 1(1) [audio/ac3][codecid:0x15003(0x15003)] found.
06-04 17:00:58.016 I/AmFFmpegExtractor( 605): [AmFFmpegSource 717]startTimeUs:0, seekable:1
06-04 17:00:58.016 I/AmFFmpegExtractor( 605): [init 753](0xee340550)
06-04 17:00:58.016 E/AmFFmpegExtractor( 605): mAudioMuxRead 0
06-04 17:00:58.016 I/AmFFmpegExtractor( 605): init kKeyDuration = 6367361000
06-04 17:00:58.016 I/AmFFmpegExtractor( 605): av_find_input_format is avi
06-04 17:00:58.016 I/AmFFmpegExtractor( 605): audio:demux: fmt = -1
06-04 17:00:58.016 I/AmFFmpegExtractor( 605): audio:demux: channels = 2
06-04 17:00:58.016 I/AmFFmpegExtractor( 605): audio:demux: sample_rate = 48000
06-04 17:00:58.016 I/AmFFmpegExtractor( 605): audio:demux: bit_rate = 384000
06-04 17:00:58.016 I/AmFFmpegExtractor( 605): audio:demux: codec_id = 86019
06-04 17:00:58.016 I/AmFFmpegExtractor( 605): audio:demux: stream startTimeUs = 0
06-04 17:00:58.016 I/AmFFmpegExtractor( 605): audio:demux: block_align = 1
06-04 17:00:58.016 E/AmFFmpegExtractor( 605): kKeyMediaLanguage audio lang null
06-04 17:00:58.016 I/AmFFmpegExtractor( 605): Mime:audio/ac3
06-04 17:00:58.016 I/StreamFormatter( 605): Creating formatter for codec id : 86019 extradata size : 0
06-04 17:00:58.016 I/AmFFmpegExtractor( 605): [init 3565] mIsDolbyVison:0, i:1
06-04 17:00:58.017 I/AmFFmpegExtractor( 605): pthread_create OK pid:-445062720
06-04 17:00:58.017 I/AmFFmpegExtractor( 605): feedMore_task in
06-04 17:00:58.018 I/AmAVUtils( 608): set default max-input-size to 1887436
06-04 17:00:58.021 I/AmFFmpegExtractor( 605): feedMore_task out toBeExit:1 , err:0
06-04 17:00:58.021 I/AmFFmpegExtractor( 605): [~AmFFmpegExtractor 2707] feedMore task has exited.
06-04 17:00:58.021 I/AmFFmpegExtractor( 605): [~AmFFmpegSource 732]
06-04 17:00:58.021 I/AmFFmpegExtractor( 605): [~AmFFmpegSource 732]
06-04 17:00:58.024 I/AmFFmpegExtractor( 605): [~AmFFmpegExtractor 2720]
06-04 17:00:58.024 I/AmFFmpegExtractor( 605): [~AmFFmpegExtractor 2723]
06-04 17:00:58.024 W/RefBase ( 605): RefBase: Explicit destruction, weak count = 0 (in 0xea1073e4). Use sp<> to manage this object.
06-04 17:00:58.024 W/RefBase ( 605): CallStack::getCurrentInternal not linked, returning null
06-04 17:00:58.024 W/RefBase ( 605): CallStack::logStackInternal not linked
06-04 17:00:58.025 E/MetadataRetrieverClient( 608): unable to dlopen metadata_retriever extension: dlopen failed: library "libmetadataretriever_ext.so" not found
06-04 17:00:58.030 I/AmFFmpegExtractor( 605): fast startup in ffmpegextractor for avi stream.
06-04 17:00:58.030 I/AmFFmpegExtractor( 605): is in white list : 1
06-04 17:00:58.030 I/AmFFmpegExtractor( 605): SniffAmFFmpeg ok, confidence = 0.800000
06-04 17:00:58.044 W/AString ( 605): ctor got NULL, using empty string instead
06-04 17:00:58.045 I/AmFFmpegExtractor( 605):
06-04 17:00:58.045 I/AmFFmpegExtractor( 605): -----------AmFFmpegExtractor Info---------
06-04 17:00:58.045 I/AmFFmpegExtractor( 605):
06-04 17:00:58.045 I/AmFFmpegExtractor( 605): MM-module-name:Extractor,Version:5.1.7-g0c7d1d4(build:6351)
06-04 17:00:58.045 I/AmFFmpegExtractor( 605):
06-04 17:00:58.045 I/AmFFmpegExtractor( 605): ARCH = arm
06-04 17:00:58.045 I/AmFFmpegExtractor( 605): Author: multi-media team
06-04 17:00:58.045 I/AmFFmpegExtractor( 605): Branch name: * (HEAD detached at 0c7d1d4)
06-04 17:00:58.045 I/AmFFmpegExtractor( 605): Last Commit Info:
06-04 17:00:58.045 I/AmFFmpegExtractor( 605): commit 0c7d1d450b4d7ecd11fc2ddd21a6e67e11d0b24d
06-04 17:00:58.045 I/AmFFmpegExtractor( 605): Author: wang.ren
06-04 17:00:58.045 I/AmFFmpegExtractor( 605): Date: Mon Nov 18 08:39:16 2024 +0000
06-04 17:00:58.045 I/AmFFmpegExtractor( 605): AmFFmpegExtractor: CB2 invalid nal length when parse nal data [1/1]
06-04 17:00:58.045 I/AmFFmpegExtractor( 605): PD#SWPL-190774
06-04 17:00:58.045 I/AmFFmpegExtractor( 605): Change-Id: I639741fa67a5b027e7d8eaa1b588f753d2326e47
06-04 17:00:58.045 I/AmFFmpegExtractor( 605): Uncommitted-file-num:1
06-04 17:00:58.045 I/AmFFmpegExtractor( 605): Build-time: Thu Nov 28 13:44:43 CST 2024
06-04 17:00:58.045 I/AmFFmpegExtractor( 605): Build-name: drm.autobuild
06-04 17:00:58.045 I/AmFFmpegExtractor( 605): -----------------------------------------
06-04 17:00:58.045 I/AmFFmpegExtractor( 605): media.ffmpegextractor.loglevel 16
06-04 17:00:58.045 I/AmFFmpegExtractor( 605): vendor.media.ffmpegextractor.ESLen264Check : 10
06-04 17:00:58.045 I/AmFFmpegExtractor( 605): vendor.media.ffmpegextractor.ESLen265Check : 50
06-04 17:00:58.045 I/AmFFmpegByteIOAdapter( 605): File size : 557348864
06-04 17:00:58.046 I/AmFFmpegExtractor( 605): AmFFmpegExtractor mInputFormat name {avi [(null)]}
06-04 17:00:58.170 I/virtual void MediaDecoder::run()( 3054): notify decode next url: /data/user/0/com.dangbei.lerad.screensaver/files/download/61/city_1.mp4
06-04 17:00:58.170 E/screen_saver2( 3054): onDecodeNextStream: 0
06-04 17:00:58.170 E/screen_saver2( 3054): 本地记录index和回调的不一致
06-04 17:00:58.186 D/AdManager( 3054): advertisementNum: 4
06-04 17:00:58.356 D/PickerSyncController( 1471): syncAllMedia
06-04 17:00:58.356 D/PickerSyncController( 1471): syncAllMediaFromProvider() LOCAL, auth=com.android.providers.media.photopicker, retry=true
06-04 17:00:58.356 D/PickerSyncController( 1471): getSyncRequestParams() LOCAL, auth=com.android.providers.media.photopicker
06-04 17:00:58.367 D/PickerSyncController( 1471): Latest ID/Gen=1407:d95db49e-19f8-43f5-a939-1add587f188f:02e24445e2443ee3:external_primary/2553
06-04 17:00:58.367 D/PickerSyncController( 1471): Cached ID/Gen=1407:d95db49e-19f8-43f5-a939-1add587f188f:02e24445e2443ee3:external_primary/2527
06-04 17:00:58.367 D/PickerSyncController( 1471): RESULT=SyncRequestParams{type=MEDIA_INCREMENTAL, gen=2527, latest=Bundle[{last_media_sync_generation=2553, media_collection_id=1407:d95db49e-19f8-43f5-a939-1add587f188f:02e24445e2443ee3:external_primary}]}
06-04 17:00:58.367 I/PickerSyncController( 1471): Executing SyncAdd. isLocal: true. authority: com.android.providers.media.photopicker
06-04 17:00:58.416 V/PickerDbFacade( 1471): Failed to insert picker db media. ContentValues: standard_mime_type_extension=0 size_bytes=0 orientation=0 height=0 date_taken_ms=1464557774000 duration_ms=0 sync_generation=2550 mime_type=image/x-ms-bmp width=0 is_favorite=0 local_id=1000017054 is_visible=1
06-04 17:00:58.416 V/PickerDbFacade( 1471): android.database.sqlite.SQLiteConstraintException: CHECK constraint failed: size_bytes > 0 (code 275 SQLITE_CONSTRAINT_CHECK)
06-04 17:00:58.416 V/PickerDbFacade( 1471): at android.database.sqlite.SQLiteConnection.nativeExecuteForLastInsertedRowId(Native Method)
06-04 17:00:58.416 V/PickerDbFacade( 1471): at android.database.sqlite.SQLiteConnection.executeForLastInsertedRowId(SQLiteConnection.java:961)
06-04 17:00:58.416 V/PickerDbFacade( 1471): at android.database.sqlite.SQLiteSession.executeForLastInsertedRowId(SQLiteSession.java:790)
06-04 17:00:58.416 V/PickerDbFacade( 1471): at android.database.sqlite.SQLiteStatement.executeInsert(SQLiteStatement.java:89)
06-04 17:00:58.416 V/PickerDbFacade( 1471): at android.database.DatabaseUtils.executeInsert(DatabaseUtils.java:199)
06-04 17:00:58.416 V/PickerDbFacade( 1471): at android.database.sqlite.SQLiteQueryBuilder.insert(SQLiteQueryBuilder.java:629)
06-04 17:00:58.416 V/PickerDbFacade( 1471): at com.android.providers.media.photopicker.data.PickerDbFacade$AddMediaOperation.insertMedia(PickerDbFacade.java:476)
06-04 17:00:58.416 V/PickerDbFacade( 1471): at com.android.providers.media.photopicker.data.PickerDbFacade$AddMediaOperation.upsertMedia(PickerDbFacade.java:490)
06-04 17:00:58.416 V/PickerDbFacade( 1471): at com.android.providers.media.photopicker.data.PickerDbFacade$AddMediaOperation.executeInternal(PickerDbFacade.java:450)
06-04 17:00:58.416 V/PickerDbFacade( 1471): at com.android.providers.media.photopicker.data.PickerDbFacade$DbWriteOperation.execute(PickerDbFacade.java:335)
06-04 17:00:58.416 V/PickerDbFacade( 1471): at com.android.providers.media.photopicker.PickerSyncController.executePagedSync(PickerSyncController.java:987)
06-04 17:00:58.416 V/PickerDbFacade( 1471): at com.android.providers.media.photopicker.PickerSyncController.executeSyncAdd(PickerSyncController.java:719)
06-04 17:00:58.416 V/PickerDbFacade( 1471): at com.android.providers.media.photopicker.PickerSyncController.syncAllMediaFromProvider(PickerSyncController.java:643)
06-04 17:00:58.416 V/PickerDbFacade( 1471): at com.android.providers.media.photopicker.PickerSyncController.syncAllMediaFromLocalProvider(PickerSyncController.java:213)
06-04 17:00:58.416 V/PickerDbFacade( 1471): at com.android.providers.media.photopicker.PickerSyncController.syncAllMedia(PickerSyncController.java:197)
06-04 17:00:58.416 V/PickerDbFacade( 1471): at com.android.providers.media.photopicker.PickerSyncController$$ExternalSyntheticLambda0.run(R8$$SyntheticClass:0)
06-04 17:00:58.416 V/PickerDbFacade( 1471): at android.os.Handler.handleCallback(Handler.java:958)
06-04 17:00:58.416 V/PickerDbFacade( 1471): at android.os.Handler.dispatchMessage(Handler.java:99)
06-04 17:00:58.416 V/PickerDbFacade( 1471): at android.os.Looper.loopOnce(Looper.java:205)
06-04 17:00:58.416 V/PickerDbFacade( 1471): at android.os.Looper.loop(Looper.java:294)
06-04 17:00:58.416 V/PickerDbFacade( 1471): at android.os.HandlerThread.run(HandlerThread.java:67)
06-04 17:00:58.416 V/PickerDbFacade( 1471): Retrying failed insert as update. ContentValues: standard_mime_type_extension=0 size_bytes=0 orientation=0 height=0 date_taken_ms=1464557774000 duration_ms=0 sync_generation=2550 mime_type=image/x-ms-bmp width=0 is_favorite=0 local_id=1000017054 is_visible=1
06-04 17:00:58.419 V/PickerDbFacade( 1471): Failed to update picker db media. ContentValues: standard_mime_type_extension=0 size_bytes=0 orientation=0 height=0 date_taken_ms=1464557774000 duration_ms=0 sync_generation=2550 mime_type=image/x-ms-bmp width=0 is_favorite=0 local_id=1000017054 is_visible=1
06-04 17:00:58.421 V/PickerDbFacade( 1471): Failed to insert picker db media. ContentValues: standard_mime_type_extension=0 size_bytes=0 orientation=0 height=0 date_taken_ms=1464557774000 duration_ms=0 sync_generation=2550 mime_type=image/x-ms-bmp width=0 is_favorite=0 local_id=1000017054 is_visible=1
06-04 17:00:58.421 V/PickerDbFacade( 1471): android.database.sqlite.SQLiteConstraintException: CHECK constraint failed: size_bytes > 0 (code 275 SQLITE_CONSTRAINT_CHECK)
06-04 17:00:58.421 V/PickerDbFacade( 1471): at android.database.sqlite.SQLiteConnection.nativeExecuteForLastInsertedRowId(Native Method)
06-04 17:00:58.421 V/PickerDbFacade( 1471): at android.database.sqlite.SQLiteConnection.executeForLastInsertedRowId(SQLiteConnection.java:961)
06-04 17:00:58.421 V/PickerDbFacade( 1471): at android.database.sqlite.SQLiteSession.executeForLastInsertedRowId(SQLiteSession.java:790)
06-04 17:00:58.421 V/PickerDbFacade( 1471): at android.database.sqlite.SQLiteStatement.executeInsert(SQLiteStatement.java:89)
06-04 17:00:58.421 V/PickerDbFacade( 1471): at android.database.DatabaseUtils.executeInsert(DatabaseUtils.java:199)
06-04 17:00:58.421 V/PickerDbFacade( 1471): at android.database.sqlite.SQLiteQueryBuilder.insert(SQLiteQueryBuilder.java:629)
06-04 17:00:58.421 V/PickerDbFacade( 1471): at com.android.providers.media.photopicker.data.PickerDbFacade$AddMediaOperation.insertMedia(PickerDbFacade.java:476)
06-04 17:00:58.421 V/PickerDbFacade( 1471): at com.android.providers.media.photopicker.data.PickerDbFacade$AddMediaOperation.upsertMedia(PickerDbFacade.java:490)
06-04 17:00:58.421 V/PickerDbFacade( 1471): at com.android.providers.media.photopicker.data.PickerDbFacade$AddMediaOperation.executeInternal(PickerDbFacade.java:467)
06-04 17:00:58.421 V/PickerDbFacade( 1471): at com.android.providers.media.photopicker.data.PickerDbFacade$DbWriteOperation.execute(PickerDbFacade.java:335)
06-04 17:00:58.421 V/PickerDbFacade( 1471): at com.android.providers.media.photopicker.PickerSyncController.executePagedSync(PickerSyncController.java:987)
06-04 17:00:58.421 V/PickerDbFacade( 1471): at com.android.providers.media.photopicker.PickerSyncController.executeSyncAdd(PickerSyncController.java:719)
06-04 17:00:58.421 V/PickerDbFacade( 1471): at com.android.providers.media.photopicker.PickerSyncController.syncAllMediaFromProvider(PickerSyncController.java:643)
06-04 17:00:58.421 V/PickerDbFacade( 1471): at com.android.providers.media.photopicker.PickerSyncController.syncAllMediaFromLocalProvider(PickerSyncController.java:213)
06-04 17:00:58.421 V/PickerDbFacade( 1471): at com.android.providers.media.photopicker.PickerSyncController.syncAllMedia(PickerSyncController.java:197)
06-04 17:00:58.421 V/PickerDbFacade( 1471): at com.android.providers.media.photopicker.PickerSyncController$$ExternalSyntheticLambda0.run(R8$$SyntheticClass:0)
06-04 17:00:58.421 V/PickerDbFacade( 1471): at android.os.Handler.handleCallback(Handler.java:958)
06-04 17:00:58.421 V/PickerDbFacade( 1471): at android.os.Handler.dispatchMessage(Handler.java:99)
06-04 17:00:58.421 V/PickerDbFacade( 1471): at android.os.Looper.loopOnce(Looper.java:205)
06-04 17:00:58.421 V/PickerDbFacade( 1471): at android.os.Looper.loop(Looper.java:294)
06-04 17:00:58.421 V/PickerDbFacade( 1471): at android.os.HandlerThread.run(HandlerThread.java:67)
06-04 17:00:58.421 V/PickerDbFacade( 1471): Retrying failed insert as update. ContentValues: standard_mime_type_extension=0 size_bytes=0 orientation=0 height=0 date_taken_ms=1464557774000 duration_ms=0 sync_generation=2550 mime_type=image/x-ms-bmp width=0 is_favorite=0 local_id=1000017054 is_visible=1
06-04 17:00:58.422 V/PickerDbFacade( 1471): Failed to update picker db media. ContentValues: standard_mime_type_extension=0 size_bytes=0 orientation=0 height=0 date_taken_ms=1464557774000 duration_ms=0 sync_generation=2550 mime_type=image/x-ms-bmp width=0 is_favorite=0 local_id=1000017054 is_visible=1
06-04 17:00:58.426 I/PickerSyncController( 1471): Paged sync successful. QueryArgs: Bundle[{android.provider.extra.SYNC_GENERATION=2527}]. Result count: 224. Cursor count: 225
06-04 17:00:58.427 I/PickerSyncController( 1471): Executing SyncRemove. isLocal: true. authority: com.android.providers.media.photopicker
06-04 17:00:58.429 I/PickerSyncController( 1471): Paged sync successful. QueryArgs: Bundle[{android.provider.extra.SYNC_GENERATION=2527}]. Result count: 0. Cursor count: 0
06-04 17:00:58.430 D/PickerSyncController( 1471): syncAllMediaFromProvider() CLOUD, auth=null, retry=true
06-04 17:00:58.430 D/PickerSyncController( 1471): getSyncRequestParams() CLOUD, auth=null
06-04 17:00:58.430 D/PickerSyncController( 1471): RESULT=SyncRequestParams{type=MEDIA_RESET, gen=0, latest=null}
06-04 17:00:58.430 I/PickerSyncController( 1471): Executing SyncReset. isLocal: false. authority: null
06-04 17:00:58.430 I/PickerSyncController( 1471): SyncReset. isLocal:false. authority: null. result count: 0
06-04 17:00:58.430 D/PickerSyncController( 1471): Ignoring cache media info for null authority with bundle: null
06-04 17:00:58.430 I/PickerSyncController( 1471): Executing SyncAlbumReset. isLocal: true. authority: com.android.providers.media.photopicker. albumId: null
06-04 17:00:58.430 I/PickerSyncController( 1471): Successfully executed SyncResetAlbum. authority: com.android.providers.media.photopicker. albumId: null. Result count: 0
06-04 17:00:58.431 I/PickerSyncController( 1471): Executing SyncAlbumReset. isLocal: false. authority: null. albumId: null
06-04 17:00:58.431 I/PickerSyncController( 1471): Successfully executed SyncResetAlbum. authority: null. albumId: null. Result count: 0
06-04 17:00:58.489 I/AmFFmpegExtractor( 605): ///////////////start dump format
06-04 17:00:58.489 I/AmFFmpegExtractor( 605): [init 3386] video/avi
06-04 17:00:58.489 I/AmFFmpegExtractor( 605): isMusic major_brand:null
06-04 17:00:58.489 I/AmFFmpegExtractor( 605): Stream 0(0) [video/mp4v-es][codecid:0xc(0xc)] found.
06-04 17:00:58.489 I/AmFFmpegExtractor( 605): [AmFFmpegSource 717]startTimeUs:0, seekable:1
06-04 17:00:58.489 I/AmFFmpegExtractor( 605): [init 753](0xee340550)
06-04 17:00:58.489 E/AmFFmpegExtractor( 605): mAudioMuxRead 0
06-04 17:00:58.489 I/AmFFmpegExtractor( 605): init kKeyDuration = 3454760000
06-04 17:00:58.489 I/AmFFmpegExtractor( 605): av_find_input_format is avi
06-04 17:00:58.489 I/AmFFmpegExtractor( 605): VIDEO stream startTimeUs = 0
06-04 17:00:58.489 I/AmFFmpegExtractor( 605): video:demux: extradata_size = 68
06-04 17:00:58.489 I/AmFFmpegExtractor( 605): video:demux: has b-frame = 0
06-04 17:00:58.489 I/AmFFmpegExtractor( 605): video:demux: width = 352, height = 288
06-04 17:00:58.489 I/AmFFmpegExtractor( 605): SAR [1:1]
06-04 17:00:58.489 E/AmFFmpegExtractor( 605): demux: frame_number = 86369
06-04 17:00:58.489 I/AmFFmpegExtractor( 605): init kKeyFrameRate = 25(25.000000)
06-04 17:00:58.489 I/AmFFmpegExtractor( 605): set frame-rate 25 rationalFramerate num 25 den 1
06-04 17:00:58.490 I/AmFFmpegExtractor( 605): av_find_input_format avi mpeg4 has no B frames, not set UNSTABLE_PTS
06-04 17:00:58.490 I/AmFFmpegExtractor( 605): mIsDolbyVison :0, mCreate_two_tracks_dv:0, codec_id: 12(AVC:27,HEVC:173), DvCFG:0(0), TAG:XVID
06-04 17:00:58.490 I/AmFFmpegExtractor( 605): Mime:video/mp4v-es
06-04 17:00:58.490 I/StreamFormatter( 605): Creating formatter for codec id : 12 extradata size : 68
06-04 17:00:58.490 I/AmFFmpegExtractor( 605): [init 3565] mIsDolbyVison:0, i:0
06-04 17:00:58.490 I/AmFFmpegExtractor( 605): Stream 1(1) [audio/raw][codecid:0x10000(0x10000)] found.
06-04 17:00:58.490 I/AmFFmpegExtractor( 605): [AmFFmpegSource 717]startTimeUs:0, seekable:1
06-04 17:00:58.490 I/AmFFmpegExtractor( 605): [init 753](0xee341ba0)
06-04 17:00:58.490 E/AmFFmpegExtractor( 605): mAudioMuxRead 0
06-04 17:00:58.490 I/AmFFmpegExtractor( 605): init kKeyDuration = 3454760000
06-04 17:00:58.490 I/AmFFmpegExtractor( 605): av_find_input_format is avi
06-04 17:00:58.490 I/AmFFmpegExtractor( 605): audio:demux: fmt = 1
06-04 17:00:58.490 I/AmFFmpegExtractor( 605): audio:demux: channels = 1
06-04 17:00:58.490 I/AmFFmpegExtractor( 605): audio:demux: sample_rate = 48000
06-04 17:00:58.490 I/AmFFmpegExtractor( 605): audio:demux: bit_rate = 768000
06-04 17:00:58.490 I/AmFFmpegExtractor( 605): audio:demux: codec_id = 65536
06-04 17:00:58.490 I/AmFFmpegExtractor( 605): audio:demux: stream startTimeUs = 0
06-04 17:00:58.490 I/AmFFmpegExtractor( 605): audio:demux: block_align = 2
06-04 17:00:58.490 E/AmFFmpegExtractor( 605): kKeyMediaLanguage audio lang null
06-04 17:00:58.490 I/AmFFmpegExtractor( 605): Mime:audio/raw
06-04 17:00:58.490 I/StreamFormatter( 605): Creating formatter for codec id : 65536 extradata size : 0
06-04 17:00:58.490 E/RAWFormatter( 605): RAWFormatter mAudioMuxRead 2
06-04 17:00:58.490 I/RAWFormatter( 605): bitdepth:16
06-04 17:00:58.490 I/AmFFmpegExtractor( 605): [init 3565] mIsDolbyVison:0, i:1
06-04 17:00:58.490 I/AmFFmpegExtractor( 605): pthread_create OK pid:-428359232
06-04 17:00:58.490 I/AmFFmpegExtractor( 605): feedMore_task in
06-04 17:00:58.491 I/AmAVUtils( 608): set default max-input-size to 1887436
06-04 17:00:58.494 I/AmFFmpegExtractor( 605): feedMore_task out toBeExit:1 , err:0
06-04 17:00:58.494 I/AmFFmpegExtractor( 605): [~AmFFmpegExtractor 2707] feedMore task has exited.
06-04 17:00:58.494 I/AmFFmpegExtractor( 605): [~AmFFmpegSource 732]
06-04 17:00:58.494 I/AmFFmpegExtractor( 605): [~AmFFmpegSource 732]
06-04 17:00:58.495 I/AmFFmpegExtractor( 605): [~AmFFmpegExtractor 2720]
06-04 17:00:58.495 I/AmFFmpegExtractor( 605): [~AmFFmpegExtractor 2723]
06-04 17:00:58.496 W/RefBase ( 605): RefBase: Explicit destruction, weak count = 0 (in 0xea100cd4). Use sp<> to manage this object.
06-04 17:00:58.496 W/RefBase ( 605): CallStack::getCurrentInternal not linked, returning null
06-04 17:00:58.496 W/RefBase ( 605): CallStack::logStackInternal not linked
06-04 17:00:58.497 W/MediaProvider( 1471): isAppCloneUserPair for user -1: false
06-04 17:00:58.502 W/MediaProvider( 1471): isAppCloneUserPair for user -1: false
06-04 17:00:58.509 W/MediaProvider( 1471): isAppCloneUserPair for user -1: false
06-04 17:00:58.512 W/MediaProvider( 1471): isAppCloneUserPair for user -1: false
06-04 17:00:58.516 W/MediaProvider( 1471): isAppCloneUserPair for user -1: false
06-04 17:00:58.521 W/MediaProvider( 1471): isAppCloneUserPair for user -1: false
06-04 17:00:58.525 W/MediaProvider( 1471): isAppCloneUserPair for user -1: false
06-04 17:00:58.529 W/MediaProvider( 1471): isAppCloneUserPair for user -1: false
06-04 17:00:58.533 W/MediaProvider( 1471): isAppCloneUserPair for user -1: false
06-04 17:00:58.541 W/MediaProvider( 1471): isAppCloneUserPair for user -1: false
06-04 17:00:58.546 W/MediaProvider( 1471): isAppCloneUserPair for user -1: false
06-04 17:00:58.551 W/MediaProvider( 1471): isAppCloneUserPair for user -1: false
06-04 17:00:58.555 W/MediaProvider( 1471): isAppCloneUserPair for user -1: false
06-04 17:00:58.560 W/MediaProvider( 1471): isAppCloneUserPair for user -1: false
06-04 17:00:58.564 W/MediaProvider( 1471): isAppCloneUserPair for user -1: false
06-04 17:00:58.568 W/MediaProvider( 1471): isAppCloneUserPair for user -1: false
06-04 17:00:58.577 W/MediaProvider( 1471): isAppCloneUserPair for user -1: false
06-04 17:00:58.581 W/MediaProvider( 1471): isAppCloneUserPair for user -1: false
06-04 17:00:58.585 W/MediaProvider( 1471): isAppCloneUserPair for user -1: false
06-04 17:00:58.589 W/MediaProvider( 1471): isAppCloneUserPair for user -1: false
06-04 17:00:58.593 W/MediaProvider( 1471): isAppCloneUserPair for user -1: false
06-04 17:00:58.652 W/MediaProvider( 1471): isAppCloneUserPair for user -1: false
06-04 17:00:58.657 W/MediaProvider( 1471): isAppCloneUserPair for user -1: false
06-04 17:00:58.660 W/MediaProvider( 1471): isAppCloneUserPair for user -1: false
06-04 17:00:58.664 W/MediaProvider( 1471): isAppCloneUserPair for user -1: false
06-04 17:00:58.667 W/MediaProvider( 1471): isAppCloneUserPair for user -1: false
06-04 17:00:58.671 W/MediaProvider( 1471): isAppCloneUserPair for user -1: false
06-04 17:00:58.674 W/MediaProvider( 1471): isAppCloneUserPair for user -1: false
06-04 17:00:58.678 W/MediaProvider( 1471): isAppCloneUserPair for user -1: false
06-04 17:00:58.681 W/MediaProvider( 1471): isAppCloneUserPair for user -1: false
06-04 17:00:58.684 W/MediaProvider( 1471): isAppCloneUserPair for user -1: false
06-04 17:00:58.688 W/MediaProvider( 1471): isAppCloneUserPair for user -1: false
06-04 17:00:58.691 W/MediaProvider( 1471): isAppCloneUserPair for user -1: false
06-04 17:00:58.698 E/MetadataRetrieverClient( 608): unable to dlopen metadata_retriever extension: dlopen failed: library "libmetadataretriever_ext.so" not found
06-04 17:00:58.709 I/VDA ( 490): [0##5]"ServiceDeviceTask INs=1283/1290, OUTs=1280/1284"" {IN=7/8, OUT=9/13[kAtAccelerator(0) kAtDevice(4) kAtClient(9)]}"
06-04 17:00:58.714 I/AmFFmpegByteIOAdapter( 605): File size : 20028906
06-04 17:00:58.717 I/AmFFmpegExtractor( 605): checkSupportInList ret 1
06-04 17:00:58.731 I/AmFFmpegExtractor( 605): checkInList: iswhite:0, mime:video/x-flv, type:1, id:86017 tag:0
06-04 17:00:58.731 I/AmFFmpegExtractor( 605): checkInList: iswhite:1, mime:video/x-flv, type:1, id:86017 tag:0
06-04 17:00:58.731 E/AmFFmpegExtractor( 605): true: iswhite:1, type:-1, id:-1 tag:ffffffff
06-04 17:00:58.731 E/AmFFmpegExtractor( 605): codec_ctx->properties: 0
06-04 17:00:58.731 I/AmFFmpegExtractor( 605): checkInList: iswhite:0, mime:video/x-flv, type:0, id:21 tag:0
06-04 17:00:58.731 I/AmFFmpegExtractor( 605): checkInList: iswhite:1, mime:video/x-flv, type:0, id:21 tag:0
06-04 17:00:58.731 E/AmFFmpegExtractor( 605): true: iswhite:1, type:-1, id:-1 tag:ffffffff
06-04 17:00:58.732 E/AmFFmpegExtractor( 605): codec_ctx->properties: 0
06-04 17:00:58.732 I/AmFFmpegExtractor( 605): checkSupportInList ret 1
06-04 17:00:58.733 I/AmFFmpegExtractor( 605): is in white list : 1
06-04 17:00:58.733 I/AmFFmpegExtractor( 605): SniffAmFFmpeg ok, confidence = 0.800000
06-04 17:00:58.752 W/AString ( 605): ctor got NULL, using empty string instead
06-04 17:00:58.752 I/AmFFmpegExtractor( 605):
06-04 17:00:58.752 I/AmFFmpegExtractor( 605): -----------AmFFmpegExtractor Info---------
06-04 17:00:58.752 I/AmFFmpegExtractor( 605):
06-04 17:00:58.752 I/AmFFmpegExtractor( 605): MM-module-name:Extractor,Version:5.1.7-g0c7d1d4(build:6351)
06-04 17:00:58.752 I/AmFFmpegExtractor( 605):
06-04 17:00:58.752 I/AmFFmpegExtractor( 605): ARCH = arm
06-04 17:00:58.752 I/AmFFmpegExtractor( 605): Author: multi-media team
06-04 17:00:58.752 I/AmFFmpegExtractor( 605): Branch name: * (HEAD detached at 0c7d1d4)
06-04 17:00:58.752 I/AmFFmpegExtractor( 605): Last Commit Info:
06-04 17:00:58.752 I/AmFFmpegExtractor( 605): commit 0c7d1d450b4d7ecd11fc2ddd21a6e67e11d0b24d
06-04 17:00:58.752 I/AmFFmpegExtractor( 605): Author: wang.ren
06-04 17:00:58.752 I/AmFFmpegExtractor( 605): Date: Mon Nov 18 08:39:16 2024 +0000
06-04 17:00:58.752 I/AmFFmpegExtractor( 605): AmFFmpegExtractor: CB2 invalid nal length when parse nal data [1/1]
06-04 17:00:58.752 I/AmFFmpegExtractor( 605): PD#SWPL-190774
06-04 17:00:58.752 I/AmFFmpegExtractor( 605): Change-Id: I639741fa67a5b027e7d8eaa1b588f753d2326e47
06-04 17:00:58.752 I/AmFFmpegExtractor( 605): Uncommitted-file-num:1
06-04 17:00:58.752 I/AmFFmpegExtractor( 605): Build-time: Thu Nov 28 13:44:43 CST 2024
06-04 17:00:58.752 I/AmFFmpegExtractor( 605): Build-name: drm.autobuild
06-04 17:00:58.752 I/AmFFmpegExtractor( 605): -----------------------------------------
06-04 17:00:58.752 I/AmFFmpegExtractor( 605): media.ffmpegextractor.loglevel 16
06-04 17:00:58.752 I/AmFFmpegExtractor( 605): vendor.media.ffmpegextractor.ESLen264Check : 10
06-04 17:00:58.752 I/AmFFmpegExtractor( 605): vendor.media.ffmpegextractor.ESLen265Check : 50
06-04 17:00:58.752 I/AmFFmpegByteIOAdapter( 605): File size : 20028906
06-04 17:00:58.753 I/AmFFmpegExtractor( 605): AmFFmpegExtractor mInputFormat name {flv [(null)]}
06-04 17:00:58.765 I/AmFFmpegExtractor( 605): ///////////////start dump format
06-04 17:00:58.765 I/AmFFmpegExtractor( 605): [init 3386] video/x-flv
06-04 17:00:58.765 I/AmFFmpegExtractor( 605): isMusic major_brand:null
06-04 17:00:58.765 I/AmFFmpegExtractor( 605): Stream 1(1) [audio/mpeg][codecid:0x15001(0x15001)] found.
06-04 17:00:58.766 I/AmFFmpegExtractor( 605): [AmFFmpegSource 717]startTimeUs:0, seekable:1
06-04 17:00:58.766 I/AmFFmpegExtractor( 605): [init 753](0xee341ba0)
06-04 17:00:58.766 E/AmFFmpegExtractor( 605): mAudioMuxRead 0
06-04 17:00:58.766 I/AmFFmpegExtractor( 605): init kKeyDuration = 180667000
06-04 17:00:58.766 I/AmFFmpegExtractor( 605): audio:demux: fmt = 8
06-04 17:00:58.766 I/AmFFmpegExtractor( 605): audio:demux: channels = 2
06-04 17:00:58.766 I/AmFFmpegExtractor( 605): audio:demux: sample_rate = 22050
06-04 17:00:58.766 I/AmFFmpegExtractor( 605): audio:demux: bit_rate = 98381
06-04 17:00:58.766 I/AmFFmpegExtractor( 605): audio:demux: codec_id = 86017
06-04 17:00:58.766 I/AmFFmpegExtractor( 605): audio:demux: stream startTimeUs = 0
06-04 17:00:58.766 I/AmFFmpegExtractor( 605): audio:demux: block_align = 0
06-04 17:00:58.766 E/AmFFmpegExtractor( 605): kKeyMediaLanguage audio lang null
06-04 17:00:58.766 I/AmFFmpegExtractor( 605): Mime:audio/mpeg
06-04 17:00:58.766 I/StreamFormatter( 605): Creating formatter for codec id : 86017 extradata size : 0
06-04 17:00:58.766 I/AmFFmpegExtractor( 605): [init 3565] mIsDolbyVison:0, i:0
06-04 17:00:58.766 I/AmFFmpegExtractor( 605): Stream 0(0) [video/3gpp][codecid:0x15(0x15)] found.
06-04 17:00:58.766 I/AmFFmpegExtractor( 605): [AmFFmpegSource 717]startTimeUs:0, seekable:1
06-04 17:00:58.766 I/AmFFmpegExtractor( 605): [init 753](0xee340550)
06-04 17:00:58.766 E/AmFFmpegExtractor( 605): mAudioMuxRead 0
06-04 17:00:58.766 I/AmFFmpegExtractor( 605): init kKeyDuration = 180667000
06-04 17:00:58.766 I/AmFFmpegExtractor( 605): VIDEO stream startTimeUs = 0
06-04 17:00:58.766 I/AmFFmpegExtractor( 605): video:demux: extradata_size = 0
06-04 17:00:58.766 I/AmFFmpegExtractor( 605): video:demux: has b-frame = 0
06-04 17:00:58.766 I/AmFFmpegExtractor( 605): video:demux: width = 640, height = 480
06-04 17:00:58.766 E/AmFFmpegExtractor( 605): demux: frame_number = 0
06-04 17:00:58.766 I/AmFFmpegExtractor( 605): init kKeyFrameRate = 23(23.000000)
06-04 17:00:58.766 I/AmFFmpegExtractor( 605): set frame-rate 23 rationalFramerate num 23 den 1
06-04 17:00:58.766 I/AmFFmpegExtractor( 605): mIsDolbyVison :0, mCreate_two_tracks_dv:0, codec_id: 21(AVC:27,HEVC:173), DvCFG:0(0), TAG:
06-04 17:00:58.767 I/AmFFmpegExtractor( 605): is flv
06-04 17:00:58.767 I/AmFFmpegExtractor( 605): Mime:video/3gpp
06-04 17:00:58.767 I/StreamFormatter( 605): Creating formatter for codec id : 21 extradata size : 0
06-04 17:00:58.767 I/AmFFmpegExtractor( 605): [init 3565] mIsDolbyVison:0, i:1
06-04 17:00:58.767 I/AmFFmpegExtractor( 605): pthread_create OK pid:-430468672
06-04 17:00:58.767 I/AmFFmpegExtractor( 605): feedMore_task in
06-04 17:00:58.769 I/AmAVUtils( 608): set default max-input-size to 1887436
06-04 17:00:58.773 I/AmFFmpegExtractor( 605): feedMore_task out toBeExit:1 , err:0
06-04 17:00:58.773 I/AmFFmpegExtractor( 605): [~AmFFmpegExtractor 2707] feedMore task has exited.
06-04 17:00:58.773 I/AmFFmpegExtractor( 605): [~AmFFmpegSource 732]
06-04 17:00:58.773 I/AmFFmpegExtractor( 605): [~AmFFmpegSource 732]
06-04 17:00:58.774 I/AmFFmpegExtractor( 605): [~AmFFmpegExtractor 2720]
06-04 17:00:58.774 I/AmFFmpegExtractor( 605): [~AmFFmpegExtractor 2723]
06-04 17:00:58.774 W/RefBase ( 605): RefBase: Explicit destruction, weak count = 0 (in 0xea100124). Use sp<> to manage this object.
06-04 17:00:58.774 W/RefBase ( 605): CallStack::getCurrentInternal not linked, returning null
06-04 17:00:58.774 W/RefBase ( 605): CallStack::logStackInternal not linked
06-04 17:00:58.776 E/MetadataRetrieverClient( 608): unable to dlopen metadata_retriever extension: dlopen failed: library "libmetadataretriever_ext.so" not found
06-04 17:00:58.785 I/AmFFmpegByteIOAdapter( 605): File size : 149868628
06-04 17:00:58.795 E/exFFmpeg( 605): [mov_read_header:8628] pts_only set.
06-04 17:00:58.796 E/AmFFmpegExtractor( 605): major_brand:mp42
06-04 17:00:58.796 E/AmFFmpegExtractor( 605): compatible_brands:isomavc1mp42
06-04 17:00:58.796 I/AmFFmpegExtractor( 605): checkInList: iswhite:0, mime:video/mp4, type:1, id:86018 tag:6134706d
06-04 17:00:58.796 I/AmFFmpegExtractor( 605): checkInList: iswhite:1, mime:video/mp4, type:1, id:86018 tag:6134706d
06-04 17:00:58.796 E/AmFFmpegExtractor( 605): codec_ctx->properties: 0
06-04 17:00:58.796 I/AmFFmpegExtractor( 605): checkInList: iswhite:0, mime:video/mp4, type:0, id:27 tag:31637661
06-04 17:00:58.796 I/AmFFmpegExtractor( 605): checkInList: iswhite:1, mime:video/mp4, type:0, id:27 tag:31637661
06-04 17:00:58.796 E/AmFFmpegExtractor( 605): codec_ctx->properties: 0
06-04 17:00:58.796 I/AmFFmpegExtractor( 605): checkSupportInList ret 1
06-04 17:00:58.821 I/bluetooth( 1104): packages/modules/Bluetooth/system/bta/dm/bta_dm_main.cc:96 bta_dm_search_sm_execute: state:BTA_DM_SEARCH_IDLE, event:BTA_DM_DISC_CLOSE_TOUT_EVT[0x208]
06-04 17:00:58.821 I/bluetooth( 1104): packages/modules/Bluetooth/system/stack/gatt/gatt_api.cc:1578 GATT_Disconnect: conn_id=3
06-04 17:00:58.821 W/bluetooth( 1104): packages/modules/Bluetooth/system/stack/gatt/gatt_main.cc:357 gatt_update_app_hold_link_status: attempt to remove non-existing gatt_if=3
06-04 17:00:58.821 I/bluetooth( 1104): packages/modules/Bluetooth/system/stack/gatt/gatt_main.cc:389 gatt_update_app_use_link_flag: App status is not updated for gatt_if=3
06-04 17:00:58.821 I/bt_bta_dm( 1104): packages/modules/Bluetooth/system/bta/dm/bta_dm_act.cc:4487 bta_dm_gattc_callback: BTA_GATTC_CLOSE_EVT reason = 22
06-04 17:00:58.842 E/AmFFmpegExtractor( 605): major_brand:mp42
06-04 17:00:58.842 E/AmFFmpegExtractor( 605): compatible_brands:isomavc1mp42
06-04 17:00:58.842 I/AmFFmpegExtractor( 605): checkInList: iswhite:0, mime:video/mp4, type:1, id:86018 tag:6134706d
06-04 17:00:58.842 I/AmFFmpegExtractor( 605): checkInList: iswhite:1, mime:video/mp4, type:1, id:86018 tag:6134706d
06-04 17:00:58.842 E/AmFFmpegExtractor( 605): codec_ctx->properties: 0
06-04 17:00:58.842 I/AmFFmpegExtractor( 605): checkInList: iswhite:0, mime:video/mp4, type:0, id:27 tag:31637661
06-04 17:00:58.842 I/AmFFmpegExtractor( 605): checkInList: iswhite:1, mime:video/mp4, type:0, id:27 tag:31637661
06-04 17:00:58.842 E/AmFFmpegExtractor( 605): codec_ctx->properties: 0
06-04 17:00:58.842 I/AmFFmpegExtractor( 605): checkSupportInList ret 1
06-04 17:00:58.842 I/AmFFmpegExtractor( 605): SniffAmFFmpeg ok, confidence = 0.050000
06-04 17:00:58.867 I/WifiHAL ( 506): call wifi_get_link_stats handler
06-04 17:00:58.867 I/WifiHAL ( 506): Creating message to get link statistics; iface = 16
06-04 17:00:58.867 D/WifiHAL ( 506): error code -95 mapped to -3
06-04 17:00:58.868 E/WifiStaIfaceAidlImpl( 693): getLinkLayerStats failed with service-specific exception: android.os.ServiceSpecificException: (code 4)
06-04 17:00:58.878 W/MediaProvider( 1471): isAppCloneUserPair for user -1: false
06-04 17:00:58.884 W/MediaProvider( 1471): isAppCloneUserPair for user -1: false
06-04 17:00:58.888 W/MediaProvider( 1471): isAppCloneUserPair for user -1: false
06-04 17:00:58.925 E/MetadataRetrieverClient( 608): unable to dlopen metadata_retriever extension: dlopen failed: library "libmetadataretriever_ext.so" not found
06-04 17:00:58.976 I/AmFFmpegExtractor( 605): fast startup in ffmpegextractor for avi stream.
06-04 17:00:58.976 I/AmFFmpegExtractor( 605): is in white list : 1
06-04 17:00:58.976 I/AmFFmpegExtractor( 605): SniffAmFFmpeg ok, confidence = 0.800000
06-04 17:00:58.992 W/AString ( 605): ctor got NULL, using empty string instead
06-04 17:00:58.992 I/AmFFmpegExtractor( 605):
06-04 17:00:58.992 I/AmFFmpegExtractor( 605): -----------AmFFmpegExtractor Info---------
06-04 17:00:58.992 I/AmFFmpegExtractor( 605):
06-04 17:00:58.992 I/AmFFmpegExtractor( 605): MM-module-name:Extractor,Version:5.1.7-g0c7d1d4(build:6351)
06-04 17:00:58.992 I/AmFFmpegExtractor( 605):
06-04 17:00:58.992 I/AmFFmpegExtractor( 605): ARCH = arm
06-04 17:00:58.992 I/AmFFmpegExtractor( 605): Author: multi-media team
06-04 17:00:58.992 I/AmFFmpegExtractor( 605): Branch name: * (HEAD detached at 0c7d1d4)
06-04 17:00:58.992 I/AmFFmpegExtractor( 605): Last Commit Info:
06-04 17:00:58.992 I/AmFFmpegExtractor( 605): commit 0c7d1d450b4d7ecd11fc2ddd21a6e67e11d0b24d
06-04 17:00:58.992 I/AmFFmpegExtractor( 605): Author: wang.ren
06-04 17:00:58.992 I/AmFFmpegExtractor( 605): Date: Mon Nov 18 08:39:16 2024 +0000
06-04 17:00:58.992 I/AmFFmpegExtractor( 605): AmFFmpegExtractor: CB2 invalid nal length when parse nal data [1/1]
06-04 17:00:58.992 I/AmFFmpegExtractor( 605): PD#SWPL-190774
06-04 17:00:58.992 I/AmFFmpegExtractor( 605): Change-Id: I639741fa67a5b027e7d8eaa1b588f753d2326e47
06-04 17:00:58.992 I/AmFFmpegExtractor( 605): Uncommitted-file-num:1
06-04 17:00:58.992 I/AmFFmpegExtractor( 605): Build-time: Thu Nov 28 13:44:43 CST 2024
06-04 17:00:58.992 I/AmFFmpegExtractor( 605): Build-name: drm.autobuild
06-04 17:00:58.992 I/AmFFmpegExtractor( 605): -----------------------------------------
06-04 17:00:58.992 I/AmFFmpegExtractor( 605): media.ffmpegextractor.loglevel 16
06-04 17:00:58.992 I/AmFFmpegExtractor( 605): vendor.media.ffmpegextractor.ESLen264Check : 10
06-04 17:00:58.992 I/AmFFmpegExtractor( 605): vendor.media.ffmpegextractor.ESLen265Check : 50
06-04 17:00:58.992 I/AmFFmpegByteIOAdapter( 605): File size : 2292310
06-04 17:00:58.993 I/AmFFmpegExtractor( 605): AmFFmpegExtractor mInputFormat name {avi [(null)]}
06-04 17:00:59.008 I/AmFFmpegExtractor( 605): ///////////////start dump format
06-04 17:00:59.008 I/AmFFmpegExtractor( 605): [init 3386] video/avi
06-04 17:00:59.008 I/AmFFmpegExtractor( 605): isMusic major_brand:null
06-04 17:00:59.008 I/AmFFmpegExtractor( 605): Stream 0(0) [video/mp4v-es][codecid:0x10(0x10)] found.
06-04 17:00:59.008 I/AmFFmpegExtractor( 605): isDIVX : unsupported tag: DIV3.
06-04 17:00:59.008 I/AmFFmpegExtractor( 605): Stream 1(1) [audio/mpeg][codecid:0x15001(0x15001)] found.
06-04 17:00:59.008 I/AmFFmpegExtractor( 605): [AmFFmpegSource 717]startTimeUs:0, seekable:1
06-04 17:00:59.008 I/AmFFmpegExtractor( 605): [init 753](0xee340550)
06-04 17:00:59.008 E/AmFFmpegExtractor( 605): mAudioMuxRead 0
06-04 17:00:59.008 I/AmFFmpegExtractor( 605): init kKeyDuration = 15000000
06-04 17:00:59.008 I/AmFFmpegExtractor( 605): av_find_input_format is avi
06-04 17:00:59.009 I/AmFFmpegExtractor( 605): audio:demux: fmt = 8
06-04 17:00:59.009 I/AmFFmpegExtractor( 605): audio:demux: channels = 2
06-04 17:00:59.009 I/AmFFmpegExtractor( 605): audio:demux: sample_rate = 48000
06-04 17:00:59.009 I/AmFFmpegExtractor( 605): audio:demux: bit_rate = 128000
06-04 17:00:59.009 I/AmFFmpegExtractor( 605): audio:demux: codec_id = 86017
06-04 17:00:59.009 I/AmFFmpegExtractor( 605): audio:demux: stream startTimeUs = 0
06-04 17:00:59.009 I/AmFFmpegExtractor( 605): audio:demux: block_align = 1
06-04 17:00:59.009 E/AmFFmpegExtractor( 605): kKeyMediaLanguage audio lang null
06-04 17:00:59.009 I/AmFFmpegExtractor( 605): Mime:audio/mpeg
06-04 17:00:59.009 I/StreamFormatter( 605): Creating formatter for codec id : 86017 extradata size : 12
06-04 17:00:59.009 I/AmFFmpegExtractor( 605): [init 3565] mIsDolbyVison:0, i:1
06-04 17:00:59.009 I/AmFFmpegExtractor( 605): Not use Thread, by reason of has no activity audio or video.
06-04 17:00:59.010 I/AmFFmpegExtractor( 605): [~AmFFmpegSource 732]
06-04 17:00:59.010 I/AmFFmpegExtractor( 605): [~AmFFmpegExtractor 2720]
06-04 17:00:59.010 I/AmFFmpegExtractor( 605): [~AmFFmpegExtractor 2723]
06-04 17:00:59.010 W/RefBase ( 605): RefBase: Explicit destruction, weak count = 0 (in 0xea1009a4). Use sp<> to manage this object.
06-04 17:00:59.010 W/RefBase ( 605): CallStack::getCurrentInternal not linked, returning null
06-04 17:00:59.010 W/RefBase ( 605): CallStack::logStackInternal not linked
06-04 17:00:59.012 E/MetadataRetrieverClient( 608): unable to dlopen metadata_retriever extension: dlopen failed: library "libmetadataretriever_ext.so" not found
06-04 17:00:59.014 I/bluetooth( 1104): packages/modules/Bluetooth/system/stack/gatt/gatt_api.cc:1578 GATT_Disconnect: conn_id=6
06-04 17:00:59.014 W/bluetooth( 1104): packages/modules/Bluetooth/system/stack/gatt/gatt_main.cc:357 gatt_update_app_hold_link_status: attempt to remove non-existing gatt_if=6
06-04 17:00:59.014 I/bluetooth( 1104): packages/modules/Bluetooth/system/stack/gatt/gatt_main.cc:389 gatt_update_app_use_link_flag: App status is not updated for gatt_if=6
06-04 17:00:59.014 I/bt_srvc ( 1104): packages/modules/Bluetooth/system/stack/srvc/srvc_dis.cc:206 dis_gatt_c_read_dis_value_cmpl: dis_gatt_c_read_dis_value_cmpl conn_id:6 attr_mask = 0x0100
06-04 17:00:59.016 I/AmFFmpegExtractor( 605): fast startup in ffmpegextractor for avi stream.
06-04 17:00:59.016 I/AmFFmpegExtractor( 605): is in white list : 1
06-04 17:00:59.016 I/AmFFmpegExtractor( 605): SniffAmFFmpeg ok, confidence = 0.800000
06-04 17:00:59.037 W/AString ( 605): ctor got NULL, using empty string instead
06-04 17:00:59.037 I/AmFFmpegExtractor( 605):
06-04 17:00:59.037 I/AmFFmpegExtractor( 605): -----------AmFFmpegExtractor Info---------
06-04 17:00:59.037 I/AmFFmpegExtractor( 605):
06-04 17:00:59.037 I/AmFFmpegExtractor( 605): MM-module-name:Extractor,Version:5.1.7-g0c7d1d4(build:6351)
06-04 17:00:59.037 I/AmFFmpegExtractor( 605):
06-04 17:00:59.037 I/AmFFmpegExtractor( 605): ARCH = arm
06-04 17:00:59.037 I/AmFFmpegExtractor( 605): Author: multi-media team
06-04 17:00:59.037 I/AmFFmpegExtractor( 605): Branch name: * (HEAD detached at 0c7d1d4)
06-04 17:00:59.037 I/AmFFmpegExtractor( 605): Last Commit Info:
06-04 17:00:59.037 I/AmFFmpegExtractor( 605): commit 0c7d1d450b4d7ecd11fc2ddd21a6e67e11d0b24d
06-04 17:00:59.037 I/AmFFmpegExtractor( 605): Author: wang.ren
06-04 17:00:59.037 I/AmFFmpegExtractor( 605): Date: Mon Nov 18 08:39:16 2024 +0000
06-04 17:00:59.037 I/AmFFmpegExtractor( 605): AmFFmpegExtractor: CB2 invalid nal length when parse nal data [1/1]
06-04 17:00:59.037 I/AmFFmpegExtractor( 605): PD#SWPL-190774
06-04 17:00:59.037 I/AmFFmpegExtractor( 605): Change-Id: I639741fa67a5b027e7d8eaa1b588f753d2326e47
