06-04 12:13:12.724 D/SystemServerTimingAsync( 693): ssm.onCompletedEventUser-0_{|Unlocked|}_com.android.server.gpu.GpuService
06-04 12:13:12.724 D/SystemServerTimingAsync( 693): ssm.onCompletedEventUser-0_{|Unlocked|}_com.android.server.security.rkp.RemoteProvisioningService
06-04 12:13:12.724 D/SystemServerTimingAsync( 693): ssm.onCompletedEventUser-0_{|Unlocked|}_com.android.server.security.KeyChainSystemService
06-04 12:13:12.724 D/SystemServerTimingAsync( 693): ssm.onCompletedEventUser-0_{|Unlocked|}_com.android.server.BinaryTransparencyService
06-04 12:13:12.724 D/SystemServerTimingAsync( 693): ssm.onCompletedEventUser-0_{|Unlocked|}_com.android.server.accounts.AccountManagerService$Lifecycle
06-04 12:13:12.724 D/SystemServerTimingAsync( 693): ssm.onCompletedEventUser-0_{|Unlocked|}_com.android.server.content.ContentService$Lifecycle
06-04 12:13:12.724 D/SystemServerTimingAsync( 693): ssm.onCompletedEventUser-0_{|Unlocked|}_com.android.server.DropBoxManagerService
06-04 12:13:12.724 D/SystemServerTimingAsync( 693): ssm.onCompletedEventUser-0_{|Unlocked|}_com.android.role.RoleService
06-04 12:13:12.724 D/SystemServerTimingAsync( 693): ssm.onCompletedEventUser-0_{|Unlocked|}_com.android.server.vibrator.VibratorManagerService$Lifecycle
06-04 12:13:12.724 D/SystemServerTimingAsync( 693): ssm.onCompletedEventUser-0_{|Unlocked|}_com.android.server.tare.InternalResourceService
06-04 12:13:12.724 D/SystemServerTimingAsync( 693): ssm.onCompletedEventUser-0_{|Unlocked|}_com.android.server.alarm.AlarmManagerService
06-04 12:13:12.724 D/SystemServerTimingAsync( 693): ssm.onCompletedEventUser-0_{|Unlocked|}_com.android.server.devicestate.DeviceStateManagerService
06-04 12:13:12.724 D/SystemServerTimingAsync( 693): ssm.onCompletedEventUser-0_{|Unlocked|}_com.android.server.camera.CameraServiceProxy
06-04 12:13:12.724 D/SystemServerTimingAsync( 693): ssm.onCompletedEventUser-0_{|Unlocked|}_com.android.server.bluetooth.BluetoothService
06-04 12:13:12.724 D/SystemServerTimingAsync( 693): ssm.onCompletedEventUser-0_{|Unlocked|}_com.android.server.connectivity.IpConnectivityMetrics
06-04 12:13:12.725 D/SystemServerTimingAsync( 693): ssm.onCompletedEventUser-0_{|Unlocked|}_com.android.server.deviceconfig.DeviceConfigInit$Lifecycle
06-04 12:13:12.725 D/SystemServerTimingAsync( 693): ssm.onCompletedEventUser-0_{|Unlocked|}_com.android.server.PinnerService
06-04 12:13:12.725 D/SystemServerTimingAsync( 693): ssm.onCompletedEventUser-0_{|Unlocked|}_com.android.server.integrity.AppIntegrityManagerService
06-04 12:13:12.725 D/SystemServerTimingAsync( 693): ssm.onCompletedEventUser-0_{|Unlocked|}_com.android.server.logcat.LogcatManagerService
06-04 12:13:12.725 D/SystemServerTimingAsync( 693): ssm.onCompletedEventUser-0_{|Unlocked|}_com.android.server.inputmethod.InputMethodManagerService$Lifecycle
06-04 12:13:12.725 D/SystemServerTimingAsync( 693): ssm.onCompletedEventUser-0_{|Unlocked|}_com.android.server.accessibility.AccessibilityManagerService$Lifecycle
06-04 12:13:12.725 D/SystemServerTimingAsync( 693): ssm.onCompletedEventUser-0_{|Unlocked|}_com.android.server.StorageManagerService$Lifecycle
06-04 12:13:12.725 D/SystemServerTimingAsync( 693): ssm.onCompletedEventUser-0_{|Unlocked|}_com.android.server.usage.StorageStatsService$Lifecycle
06-04 12:13:12.725 D/SystemServerTimingAsync( 693): ssm.onCompletedEventUser-0_{|Unlocked|}_com.android.server.UiModeManagerService
06-04 12:13:12.725 D/SystemServerTimingAsync( 693): ssm.onCompletedEventUser-0_{|Unlocked|}_com.android.server.locales.LocaleManagerService
06-04 12:13:12.725 D/SystemServerTimingAsync( 693): ssm.onCompletedEventUser-0_{|Unlocked|}_com.android.server.grammaticalinflection.GrammaticalInflectionService
06-04 12:13:12.725 D/SystemServerTimingAsync( 693): ssm.onCompletedEventUser-0_{|Unlocked|}_com.android.server.apphibernation.AppHibernationService
06-04 12:13:12.725 D/SystemServerTimingAsync( 693): ssm.onCompletedEventUser-0_{|Unlocked|}_com.android.server.locksettings.LockSettingsService$Lifecycle
06-04 12:13:12.725 D/SystemServerTimingAsync( 693): ssm.onCompletedEventUser-0_{|Unlocked|}_com.android.server.PersistentDataBlockService
06-04 12:13:12.725 D/SystemServerTimingAsync( 693): ssm.onCompletedEventUser-0_{|Unlocked|}_com.android.server.testharness.TestHarnessModeService
06-04 12:13:12.725 D/SystemServerTimingAsync( 693): ssm.onCompletedEventUser-0_{|Unlocked|}_com.android.server.oemlock.OemLockService
06-04 12:13:12.725 D/SystemServerTimingAsync( 693): ssm.onCompletedEventUser-0_{|Unlocked|}_com.android.server.DeviceIdleController
06-04 12:13:12.725 D/SystemServerTimingAsync( 693): ssm.onCompletedEventUser-0_{|Unlocked|}_com.android.server.devicepolicy.DevicePolicyManagerService$Lifecycle
06-04 12:13:12.725 D/SystemServerTimingAsync( 693): ssm.onCompletedEventUser-0_{|Unlocked|}_com.android.server.texttospeech.TextToSpeechManagerService
06-04 12:13:12.725 D/SystemServerTimingAsync( 693): ssm.onCompletedEventUser-0_{|Unlocked|}_com.android.server.ambientcontext.AmbientContextManagerService
06-04 12:13:12.725 D/SystemServerTimingAsync( 693): ssm.onCompletedEventUser-0_{|Unlocked|}_com.android.server.wearable.WearableSensingManagerService
06-04 12:13:12.725 D/SystemServerTimingAsync( 693): ssm.onCompletedEventUser-0_{|Unlocked|}_com.android.server.speech.SpeechRecognitionManagerService
06-04 12:13:12.725 D/SystemServerTimingAsync( 693): ssm.onCompletedEventUser-0_{|Unlocked|}_com.android.server.searchui.SearchUiManagerService
06-04 12:13:12.725 D/SystemServerTimingAsync( 693): ssm.onCompletedEventUser-0_{|Unlocked|}_com.android.server.smartspace.SmartspaceManagerService
06-04 12:13:12.725 D/SystemServerTimingAsync( 693): ssm.onCompletedEventUser-0_{|Unlocked|}_com.android.server.graphics.fonts.FontManagerService$Lifecycle
06-04 12:13:12.725 D/SystemServerTimingAsync( 693): ssm.onCompletedEventUser-0_{|Unlocked|}_com.android.server.textservices.TextServicesManagerService$Lifecycle
06-04 12:13:12.725 D/SystemServerTimingAsync( 693): ssm.onCompletedEventUser-0_{|Unlocked|}_com.android.server.textclassifier.TextClassificationManagerService$Lifecycle
06-04 12:13:12.725 D/SystemServerTimingAsync( 693): ssm.onCompletedEventUser-0_{|Unlocked|}_com.android.server.NetworkScoreService$Lifecycle
06-04 12:13:12.725 D/SystemServerTimingAsync( 693): ssm.onCompletedEventUser-0_{|Unlocked|}_com.android.server.NetworkStatsServiceInitializer
06-04 12:13:12.725 D/SystemServerTimingAsync( 693): ssm.onCompletedEventUser-0_{|Unlocked|}_com.android.server.wifi.WifiService
06-04 12:13:12.725 D/SystemServerTimingAsync( 693): ssm.onCompletedEventUser-0_{|Unlocked|}_com.android.server.wifi.scanner.WifiScanningService
06-04 12:13:12.725 D/SystemServerTimingAsync( 693): ssm.onCompletedEventUser-0_{|Unlocked|}_com.android.server.wifi.p2p.WifiP2pService
06-04 12:13:12.725 D/SystemServerTimingAsync( 693): ssm.onCompletedEventUser-0_{|Unlocked|}_com.android.server.ConnectivityServiceInitializer
06-04 12:13:12.725 D/SystemServerTimingAsync( 693): ssm.onCompletedEventUser-0_{|Unlocked|}_com.android.server.notification.NotificationManagerService
06-04 12:13:12.725 D/SystemServerTimingAsync( 693): ssm.onCompletedEventUser-0_{|Unlocked|}_com.android.server.storage.DeviceStorageMonitorService
06-04 12:13:12.725 D/SystemServerTimingAsync( 693): ssm.onCompletedEventUser-0_{|Unlocked|}_com.android.server.timedetector.TimeDetectorService$Lifecycle
06-04 12:13:12.725 D/SystemServerTimingAsync( 693): ssm.onCompletedEventUser-0_{|Unlocked|}_com.android.server.location.LocationManagerService$Lifecycle
06-04 12:13:12.725 D/SystemServerTimingAsync( 693): ssm.onCompletedEventUser-0_{|Unlocked|}_com.android.server.timezonedetector.TimeZoneDetectorService$Lifecycle
06-04 12:13:12.725 D/SystemServerTimingAsync( 693): ssm.onCompletedEventUser-0_{|Unlocked|}_com.android.server.location.altitude.AltitudeService$Lifecycle
06-04 12:13:12.725 D/SystemServerTimingAsync( 693): ssm.onCompletedEventUser-0_{|Unlocked|}_com.android.server.timezonedetector.location.LocationTimeZoneManagerService$Lifecycle
06-04 12:13:12.725 D/SystemServerTimingAsync( 693): ssm.onCompletedEventUser-0_{|Unlocked|}_com.android.server.search.SearchManagerService$Lifecycle
06-04 12:13:12.725 D/SystemServerTimingAsync( 693): ssm.onCompletedEventUser-0_{|Unlocked|}_com.android.server.wallpaper.WallpaperManagerService$Lifecycle
06-04 12:13:12.725 D/SystemServerTimingAsync( 693): ssm.onCompletedEventUser-0_{|Unlocked|}_com.android.server.wallpapereffectsgeneration.WallpaperEffectsGenerationManagerService
06-04 12:13:12.725 D/SystemServerTimingAsync( 693): ssm.onCompletedEventUser-0_{|Unlocked|}_com.android.server.audio.AudioService$Lifecycle
06-04 12:13:12.726 D/SystemServerTimingAsync( 693): ssm.onCompletedEventUser-0_{|Unlocked|}_com.android.server.soundtrigger_middleware.SoundTriggerMiddlewareService$Lifecycle
06-04 12:13:12.726 D/SystemServerTimingAsync( 693): ssm.onCompletedEventUser-0_{|Unlocked|}_com.android.server.adb.AdbService$Lifecycle
06-04 12:13:12.726 D/SystemServerTimingAsync( 693): ssm.onCompletedEventUser-0_{|Unlocked|}_com.android.server.usb.UsbService$Lifecycle
06-04 12:13:12.726 D/SystemServerTimingAsync( 693): ssm.onCompletedEventUser-0_{|Unlocked|}_com.android.server.twilight.TwilightService
06-04 12:13:12.726 D/SystemServerTimingAsync( 693): ssm.onCompletedEventUser-0_{|Unlocked|}_com.android.server.display.color.ColorDisplayService
06-04 12:13:12.726 D/SystemServerTimingAsync( 693): ssm.onCompletedEventUser-0_{|Unlocked|}_com.android.server.job.JobSchedulerService
06-04 12:13:12.726 D/SystemServerTimingAsync( 693): ssm.onCompletedEventUser-0_{|Unlocked|}_com.android.server.net.watchlist.NetworkWatchlistService$Lifecycle
06-04 12:13:12.726 D/SystemServerTimingAsync( 693): ssm.onCompletedEventUser-0_{|Unlocked|}_com.android.server.soundtrigger.SoundTriggerService
06-04 12:13:12.726 D/SystemServerTimingAsync( 693): ssm.onCompletedEventUser-0_{|Unlocked|}_com.android.server.trust.TrustManagerService
06-04 12:13:12.726 D/SystemServerTimingAsync( 693): ssm.onCompletedEventUser-0_{|Unlocked|}_com.android.server.backup.BackupManagerService$Lifecycle
06-04 12:13:12.726 D/SystemServerTimingAsync( 693): ssm.onCompletedEventUser-0_{|Unlocked|}_com.android.server.appwidget.AppWidgetService
06-04 12:13:12.726 D/SystemServerTimingAsync( 693): ssm.onCompletedEventUser-0_{|Unlocked|}_com.android.server.voiceinteraction.VoiceInteractionManagerService
06-04 12:13:12.726 D/SystemServerTimingAsync( 693): ssm.onCompletedEventUser-0_{|Unlocked|}_com.android.server.GestureLauncherService
06-04 12:13:12.726 D/SystemServerTimingAsync( 693): ssm.onCompletedEventUser-0_{|Unlocked|}_com.android.server.SensorNotificationService
06-04 12:13:12.726 D/SystemServerTimingAsync( 693): ssm.onCompletedEventUser-0_{|Unlocked|}_com.android.server.emergency.EmergencyAffordanceService
06-04 12:13:12.726 D/SystemServerTimingAsync( 693): ssm.onCompletedEventUser-0_{|Unlocked|}_com.android.server.blob.BlobStoreManagerService
06-04 12:13:12.726 D/SystemServerTimingAsync( 693): ssm.onCompletedEventUser-0_{|Unlocked|}_com.android.server.dreams.DreamManagerService
06-04 12:13:12.726 D/SystemServerTimingAsync( 693): ssm.onCompletedEventUser-0_{|Unlocked|}_com.android.server.security.AttestationVerificationManagerService
06-04 12:13:12.726 D/SystemServerTimingAsync( 693): ssm.onCompletedEventUser-0_{|Unlocked|}_com.android.server.restrictions.RestrictionsManagerService
06-04 12:13:12.726 D/SystemServerTimingAsync( 693): ssm.onCompletedEventUser-0_{|Unlocked|}_com.android.server.media.MediaSessionService
06-04 12:13:12.726 D/SystemServerTimingAsync( 693): ssm.onCompletedEventUser-0_{|Unlocked|}_com.android.server.hdmi.HdmiControlService
06-04 12:13:12.726 D/SystemServerTimingAsync( 693): ssm.onCompletedEventUser-0_{|Unlocked|}_com.android.server.tv.interactive.TvInteractiveAppManagerService
06-04 12:13:12.726 D/SystemServerTimingAsync( 693): ssm.onCompletedEventUser-0_{|Unlocked|}_com.android.server.tv.TvInputManagerService
06-04 12:13:12.726 D/SystemServerTimingAsync( 693): ssm.onCompletedEventUser-0_{|Unlocked|}_com.android.server.media.MediaResourceMonitorService
06-04 12:13:12.726 D/SystemServerTimingAsync( 693): ssm.onCompletedEventUser-0_{|Unlocked|}_com.android.server.tv.TvRemoteService
06-04 12:13:12.726 D/SystemServerTimingAsync( 693): ssm.onCompletedEventUser-0_{|Unlocked|}_com.android.server.biometrics.BiometricService
06-04 12:13:12.726 D/SystemServerTimingAsync( 693): ssm.onCompletedEventUser-0_{|Unlocked|}_com.android.server.biometrics.AuthService
06-04 12:13:12.726 D/SystemServerTimingAsync( 693): ssm.onCompletedEventUser-0_{|Unlocked|}_com.android.server.pm.ShortcutService$Lifecycle
06-04 12:13:12.726 D/SystemServerTimingAsync( 693): ssm.onCompletedEventUser-0_{|Unlocked|}_com.android.server.pm.LauncherAppsService
06-04 12:13:12.726 D/SystemServerTimingAsync( 693): ssm.onCompletedEventUser-0_{|Unlocked|}_com.android.server.pm.CrossProfileAppsService
06-04 12:13:12.726 D/SystemServerTimingAsync( 693): ssm.onCompletedEventUser-0_{|Unlocked|}_com.android.server.people.PeopleService
06-04 12:13:12.726 D/SystemServerTimingAsync( 693): ssm.onCompletedEventUser-0_{|Unlocked|}_com.android.server.media.metrics.MediaMetricsManagerService
06-04 12:13:12.726 D/SystemServerTimingAsync( 693): ssm.onCompletedEventUser-0_{|Unlocked|}_com.android.server.pm.BackgroundInstallControlService
06-04 12:13:12.726 D/SystemServerTimingAsync( 693): ssm.onCompletedEventUser-0_{|Unlocked|}_com.android.server.media.projection.MediaProjectionManagerService
06-04 12:13:12.726 D/SystemServerTimingAsync( 693): ssm.onCompletedEventUser-0_{|Unlocked|}_com.android.server.slice.SliceManagerService$Lifecycle
06-04 12:13:12.727 D/SystemServerTimingAsync( 693): ssm.onCompletedEventUser-0_{|Unlocked|}_com.android.server.stats.StatsCompanion$Lifecycle
06-04 12:13:12.727 D/SystemServerTimingAsync( 693): ssm.onCompletedEventUser-0_{|Unlocked|}_com.android.server.scheduling.RebootReadinessManagerService$Lifecycle
06-04 12:13:12.727 D/SystemServerTimingAsync( 693): ssm.onCompletedEventUser-0_{|Unlocked|}_com.android.server.stats.pull.StatsPullAtomService
06-04 12:13:12.727 D/SystemServerTimingAsync( 693): ssm.onCompletedEventUser-0_{|Unlocked|}_com.android.server.stats.bootstrap.StatsBootstrapAtomService$Lifecycle
06-04 12:13:12.727 D/SystemServerTimingAsync( 693): ssm.onCompletedEventUser-0_{|Unlocked|}_com.android.server.incident.IncidentCompanionService
06-04 12:13:12.727 D/SystemServerTimingAsync( 693): ssm.onCompletedEventUser-0_{|Unlocked|}_com.android.server.sdksandbox.SdkSandboxManagerService$Lifecycle
06-04 12:13:12.727 D/SystemServerTimingAsync( 693): ssm.onCompletedEventUser-0_{|Unlocked|}_com.android.server.adservices.AdServicesManagerService$Lifecycle
06-04 12:13:12.727 D/SystemServerTimingAsync( 693): ssm.onCompletedEventUser-0_{|Unlocked|}_com.android.server.ondevicepersonalization.OnDevicePersonalizationSystemService$Lifecycle
06-04 12:13:12.727 D/SystemServerTimingAsync( 693): ssm.onCompletedEventUser-0_{|Unlocked|}_com.android.server.autofill.AutofillManagerService
06-04 12:13:12.727 D/SystemServerTimingAsync( 693): ssm.onCompletedEventUser-0_{|Unlocked|}_com.android.server.clipboard.ClipboardService
06-04 12:13:12.727 D/SystemServerTimingAsync( 693): ssm.onCompletedEventUser-0_{|Unlocked|}_com.android.server.appbinding.AppBindingService$Lifecycle
06-04 12:13:12.727 D/SystemServerTimingAsync( 693): ssm.onCompletedEventUser-0_{|Unlocked|}_com.android.server.tracing.TracingServiceProxy
06-04 12:13:12.727 D/SystemServerTimingAsync( 693): ssm.onCompletedEventUser-0_{|Unlocked|}_com.android.server.policy.PermissionPolicyService
06-04 12:13:12.727 D/SystemServerTimingAsync( 693): ssm.onCompletedEventUser-0_{|Unlocked|}_com.android.server.pm.StagingManager$Lifecycle
06-04 12:13:12.727 D/SystemServerTimingAsync( 693): ssm.onCompletedEventUser-0_{|Unlocked|}_com.android.server.app.GameManagerService$Lifecycle
06-04 12:13:12.727 D/SystemServerTimingAsync( 693): ssm.onCompletedEventUser-0_{|Unlocked|}_com.android.safetycenter.SafetyCenterService
06-04 12:13:12.727 D/SystemServerTimingAsync( 693): ssm.onCompletedEventUser-0_{|Unlocked|}_com.android.server.appsearch.AppSearchModule$Lifecycle
06-04 12:13:12.727 D/SystemServerTimingAsync( 693): ssm.onCompletedEventUser-0_{|Unlocked|}_com.android.server.media.MediaCommunicationService
06-04 12:13:12.727 D/SystemServerTimingAsync( 693): ssm.onCompletedEventUser-0_{|Unlocked|}_com.android.server.compat.overrides.AppCompatOverridesService$Lifecycle
06-04 12:13:12.727 D/SystemServerTimingAsync( 693): ssm.onCompletedEventUser-0_{|Unlocked|}_com.android.server.healthconnect.HealthConnectManagerService
06-04 12:13:12.728 D/SystemServerTimingAsync( 693): ssm.onCompletedEventUser-0_{|Unlocked|}_com.android.server.devicelock.DeviceLockService
06-04 12:13:12.731 D/CompatibilityChangeReporter( 693): Compat change id reported: 271850009; UID 10027; state: DISABLED
06-04 12:13:12.731 D/CompatibilityChangeReporter( 693): Compat change id reported: 253665015; UID 10027; state: DISABLED
06-04 12:13:12.731 D/CompatibilityChangeReporter( 693): Compat change id reported: 194532703; UID 10027; state: DISABLED
06-04 12:13:12.735 D/SystemServerTimingAsync( 693): ssm.onCompletedEventUser-0_{|Unlocked|}_com.android.server.os.DeviceIdentifiersPolicyService
06-04 12:13:12.775 I/BroadcastQueue( 693): BOOT_COMPLETED_BROADCAST_COMPLETION_LATENCY_REPORTED action:android.intent.action.BOOT_COMPLETED dispatchLatency:-25486 completeLatency:5014 dispatchRealLatency:-25486 completeRealLatency:5014 receiversSize:39 userId:0 userType:android.os.usertype.full.SYSTEM
06-04 12:13:12.775 I/ActivityManager( 693): Finished processing BOOT_COMPLETED for u0
06-04 12:13:12.789 W/ActivityManager( 693): Background start not allowed: service Intent { act=com.dangbei.screencast.STARTUP pkg=com.dangbei.screencast } to com.dangbei.screencast/.startup.StartupService from pid=2219 uid=10044 pkg=com.dangbei.screencast startFg?=false
06-04 12:13:12.797 W/ActivityManager( 693): Background start not allowed: service Intent { act=com.dangbei.screencast.STARTUP pkg=com.dangbei.screencast } to com.dangbei.screencast/.startup.StartupService from pid=2219 uid=10044 pkg=com.dangbei.screencast startFg?=false
06-04 12:13:13.074 W/OverlayManager( 693): service 'idmap' died
06-04 12:13:16.138 D/OomAdjuster( 693): Not killing cached processes
06-04 12:13:16.142 D/CompatibilityChangeReporter( 693): Compat change id reported: 253665015; UID 10016; state: ENABLED
06-04 12:13:16.142 D/CompatibilityChangeReporter( 693): Compat change id reported: 194532703; UID 10016; state: ENABLED
06-04 12:13:17.026 W/BroadcastLoopers( 693): Found previously unknown looper Thread[appscheduling.default,5,main]
06-04 12:13:18.267 I/keystore2( 286): system/security/keystore2/src/watchdog.rs:319 - Watchdog thread idle -> terminating. Have a great day.
06-04 12:13:18.325 I/vold ( 251): Mounting public fuse volume
06-04 12:13:18.330 I/vold ( 251): Bind mounting /mnt/media_rw/02E24445E2443EE3 to /mnt/pass_through/0/02E24445E2443EE3
06-04 12:13:18.331 I/StorageSessionController( 693): On volume mount VolumeInfo{public:8,1}:
06-04 12:13:18.331 I/StorageSessionController( 693): type=PUBLIC diskId=disk:8,0 partGuid= mountFlags=VISIBLE_FOR_WRITE
06-04 12:13:18.331 I/StorageSessionController( 693): mountUserId=0 state=CHECKING
06-04 12:13:18.331 I/StorageSessionController( 693): fsType=ntfs fsUuid=02E24445E2443EE3 fsLabel=meida
06-04 12:13:18.331 I/StorageSessionController( 693): path=/storage/02E24445E2443EE3 internalPath=/mnt/media_rw/02E24445E2443EE3
06-04 12:13:18.333 I/StorageSessionController( 693): Creating and starting session with id: public:8,1
06-04 12:13:18.347 D/ActivityManager( 693): freezing 1479 com.android.music
06-04 12:13:19.338 I/vold ( 251): Configuring read_ahead of /mnt/user/0/02E24445E2443EE3 fuse filesystem to 256kb
06-04 12:13:19.339 I/vold ( 251): Writing 256 to /sys/class/bdi/0:111/read_ahead_kb
06-04 12:13:19.339 I/vold ( 251): Configuring max_ratio of /mnt/user/0/02E24445E2443EE3 fuse filesystem to 40
06-04 12:13:19.339 I/vold ( 251): Writing 40 to /sys/class/bdi/0:111/max_ratio
06-04 12:13:19.341 I/StorageManagerService( 693): Mounted volume VolumeInfo{public:8,1}:
06-04 12:13:19.341 I/StorageManagerService( 693): type=PUBLIC diskId=disk:8,0 partGuid= mountFlags=VISIBLE_FOR_WRITE
06-04 12:13:19.341 I/StorageManagerService( 693): mountUserId=0 state=MOUNTED
06-04 12:13:19.341 I/StorageManagerService( 693): fsType=ntfs fsUuid=02E24445E2443EE3 fsLabel=meida
06-04 12:13:19.341 I/StorageManagerService( 693): path=/storage/02E24445E2443EE3 internalPath=/mnt/media_rw/02E24445E2443EE3
06-04 12:13:19.342 I/StorageSessionController( 693): Notifying volume state changed for session with id: public:8,1
06-04 12:13:19.347 W/BroadcastLoopers( 693): Found previously unknown looper Thread[StorageManagerService,5,main]
06-04 12:13:19.348 I/StorageSessionController( 693): Notifying volume state changed for session with id: emulated;0
06-04 12:13:19.356 I/StorageSessionController( 693): Notifying volume state changed for session with id: emulated;0
06-04 12:13:19.376 W/BroadcastLoopers( 693): Found previously unknown looper Thread[PackageManager,5,main]
06-04 12:13:19.395 W/BroadcastLoopers( 693): Found previously unknown looper Thread[android.bg,5,main]
06-04 12:13:19.398 I/StorageSessionController( 693): Notifying volume state changed for session with id: public:8,1
06-04 12:13:19.411 W/VoiceInteractionManager( 693): no available voice recognition services found for user 0
06-04 12:13:19.434 I/StorageSessionController( 693): Notifying volume state changed for session with id: public:8,1
06-04 12:13:19.447 W/Looper ( 1489): Slow dispatch took 8941ms main h=android.os.Handler c=z6.b@99d26f3 m=0
06-04 12:13:19.454 W/Looper ( 1489): Slow delivery took 8927ms main h=android.view.Choreographer$FrameHandler c=android.view.Choreographer$FrameDisplayEventReceiver@ae436dc m=0
06-04 12:13:19.468 D/CompatibilityChangeReporter( 693): Compat change id reported: 161145287; UID 1000; state: DISABLED
06-04 12:13:19.469 D/CompatibilityChangeReporter( 693): Compat change id reported: 161145287; UID 1000; state: ENABLED
06-04 12:13:19.501 D/CompatibilityChangeReporter( 693): Compat change id reported: 149924527; UID 10044; state: ENABLED
06-04 12:13:19.508 D/CompatibilityChangeReporter( 693): Compat change id reported: 132649864; UID 10044; state: DISABLED
06-04 12:13:19.515 D/CompatibilityChangeReporter( 693): Compat change id reported: 182734110; UID 10056; state: ENABLED
06-04 12:13:19.558 D/StorageManagerService( 693): Volume emulated;0 broadcasting checking to UserHandle{0}
06-04 12:13:19.559 D/StorageManagerService( 693): Volume emulated;0 broadcasting mounted to UserHandle{0}
06-04 12:13:19.563 D/StorageManagerService( 693): Volume public:8,1 broadcasting checking to UserHandle{0}
06-04 12:13:19.564 D/StorageManagerService( 693): Volume public:8,1 broadcasting mounted to UserHandle{0}
06-04 12:13:19.617 D/CompatibilityChangeReporter( 693): Compat change id reported: 161145287; UID 10044; state: DISABLED
06-04 12:13:19.644 D/CompatibilityChangeReporter( 693): Compat change id reported: 214016041; UID 1000; state: DISABLED
06-04 12:13:19.644 D/CompatibilityChangeReporter( 693): Compat change id reported: 214016041; UID 1000; state: ENABLED
06-04 12:13:19.683 W/Looper ( 1489): Drained
06-04 12:13:19.695 D/CompatibilityChangeReporter( 693): Compat change id reported: 161145287; UID 10074; state: ENABLED
06-04 12:13:19.706 W/NotificationHistory( 693): Attempted to add notif for locked/gone/disabled user 0
06-04 12:13:19.915 D/CompatibilityChangeReporter( 693): Compat change id reported: 135634846; UID 10019; state: DISABLED
06-04 12:13:19.915 D/CompatibilityChangeReporter( 693): Compat change id reported: 177438394; UID 10019; state: DISABLED
06-04 12:13:19.915 D/CompatibilityChangeReporter( 693): Compat change id reported: 135772972; UID 10019; state: DISABLED
06-04 12:13:19.915 D/CompatibilityChangeReporter( 693): Compat change id reported: 135754954; UID 10019; state: ENABLED
06-04 12:13:19.916 D/CompatibilityChangeReporter( 693): Compat change id reported: 143937733; UID 10019; state: ENABLED
06-04 12:13:19.924 W/Looper ( 2219): Slow dispatch took 7289ms main h=android.app.ActivityThread$H c=null m=110
06-04 12:13:19.925 W/Looper ( 2219): Slow delivery took 7155ms main h=android.app.ActivityThread$H c=null m=164
06-04 12:13:19.957 I/ActivityManager( 693): Background started FGS: Allowed [callingPackage: com.dangbei.screencast; callingUid: 10044; uidState: CEM ; uidBFSL: n/a; intent: Intent { act=com.dangbei.screencast.STARTUP pkg=com.dangbei.screencast }; code:SYSTEM_ALERT_WINDOW_PERMISSION; tempAllowListReason:; targetSdkVersion:28; callerTargetSdkVersion:28; startForegroundCount:0; bindFromPackage:null: isBindService:false]
06-04 12:13:19.962 I/ActivityManager( 693): Start proc 2374:com.android.externalstorage/u0a19 for broadcast {com.android.externalstorage/com.android.externalstorage.MountReceiver}
06-04 12:13:19.977 D/CompatibilityChangeReporter( 693): Compat change id reported: 170668199; UID 10044; state: DISABLED
06-04 12:13:19.977 W/ActivityManager( 693): Foreground service started from background can not have location/camera/microphone access: service com.dangbei.screencast/.startup.StartupService
06-04 12:13:19.977 D/CompatibilityChangeReporter( 693): Compat change id reported: 255038118; UID 10044; state: DISABLED
06-04 12:13:19.977 D/CompatibilityChangeReporter( 693): Compat change id reported: 255042465; UID 10044; state: DISABLED
06-04 12:13:19.979 W/ForegroundServiceTypeLoggerModule( 693): Foreground service start for UID: 10044 does not have any types
06-04 12:13:19.981 I/ActivityManager( 693): Deferring FGS notification in legacy app com.dangbei.screencast/u0a44 : Notification(channel=channel_record shortcut=null contentView=null vibrate=null sound=null defaults=0x0 flags=0x60 color=0x00000000 category=transport vis=PUBLIC)
06-04 12:13:20.024 D/CompatibilityChangeReporter( 693): Compat change id reported: 168419799; UID 10019; state: DISABLED
06-04 12:13:20.024 D/CompatibilityChangeReporter( 693): Compat change id reported: 273564678; UID 10019; state: DISABLED
06-04 12:13:20.029 D/CompatibilityChangeReporter( 693): Compat change id reported: 265195908; UID 10019; state: ENABLED
06-04 12:13:20.040 D/CompatibilityChangeReporter( 693): Compat change id reported: 170503758; UID 10019; state: ENABLED
06-04 12:13:20.133 I/ActivityManager( 693): Background started FGS: Allowed [callingPackage: com.dangbei.screencast; callingUid: 10044; uidState: FGS ; uidBFSL: [BFSL]; intent: Intent { cmp=com.dangbei.screencast/.huaweicast.service.HuaweiCastService }; code:PROC_STATE_FGS; tempAllowListReason:; targetSdkVersion:28; callerTargetSdkVersion:28; startForegroundCount:0; bindFromPackage:null: isBindService:false]
06-04 12:13:20.237 I/ActivityManager( 693): com.tv.filemanager.os is exempt from freezer
06-04 12:13:20.237 D/CompatibilityChangeReporter( 693): Compat change id reported: 135634846; UID 10041; state: DISABLED
06-04 12:13:20.238 D/CompatibilityChangeReporter( 693): Compat change id reported: 177438394; UID 10041; state: DISABLED
06-04 12:13:20.238 D/CompatibilityChangeReporter( 693): Compat change id reported: 135772972; UID 10041; state: DISABLED
06-04 12:13:20.238 D/CompatibilityChangeReporter( 693): Compat change id reported: 135754954; UID 10041; state: DISABLED
06-04 12:13:20.240 D/CompatibilityChangeReporter( 693): Compat change id reported: 143937733; UID 10041; state: DISABLED
06-04 12:13:20.260 W/Looper ( 2219): Drained
06-04 12:13:20.320 D/CompatibilityChangeReporter( 693): Compat change id reported: 261072174; UID 10044; state: DISABLED
06-04 12:13:20.324 W/ActivityManager( 693): Slow operation: 87ms so far, now at startProcess: returned from zygote!
06-04 12:13:20.324 W/ActivityManager( 693): Slow operation: 87ms so far, now at startProcess: done updating battery stats
06-04 12:13:20.324 W/ActivityManager( 693): Slow operation: 87ms so far, now at startProcess: building log message
06-04 12:13:20.324 I/ActivityManager( 693): Start proc 2435:com.tv.filemanager.os/u0a41 for broadcast {com.tv.filemanager.os/com.dangbei.lerad.filemanager.receives.USBReceiver}
06-04 12:13:20.324 W/ActivityManager( 693): Slow operation: 87ms so far, now at startProcess: starting to update pids map
06-04 12:13:20.325 W/ActivityManager( 693): Slow operation: 88ms so far, now at startProcess: done updating pids map
06-04 12:13:20.325 W/ActivityManager( 693): Foreground service started from background can not have location/camera/microphone access: service com.dangbei.screencast/.huaweicast.service.HuaweiCastService
06-04 12:13:20.327 W/ForegroundServiceTypeLoggerModule( 693): Foreground service start for UID: 10044 does not have any types
06-04 12:13:20.474 D/CompatibilityChangeReporter( 693): Compat change id reported: 168419799; UID 10041; state: DISABLED
06-04 12:13:20.475 D/CompatibilityChangeReporter( 693): Compat change id reported: 273564678; UID 10041; state: DISABLED
06-04 12:13:20.484 D/CompatibilityChangeReporter( 693): Compat change id reported: 265195908; UID 10041; state: ENABLED
06-04 12:13:20.496 D/CompatibilityChangeReporter( 693): Compat change id reported: 170503758; UID 10041; state: DISABLED
06-04 12:13:20.769 D/CompatibilityChangeReporter( 693): Compat change id reported: 149924527; UID 10041; state: ENABLED
06-04 12:13:20.770 D/CompatibilityChangeReporter( 693): Compat change id reported: 132649864; UID 10041; state: DISABLED
06-04 12:13:20.925 D/CompatibilityChangeReporter( 693): Compat change id reported: 161145287; UID 10041; state: DISABLED
06-04 12:13:20.961 E/ActivityThread( 2435): Failed to find provider info for lerad.provider.etna
06-04 12:13:20.998 I/ActivityManager( 693): com.oranth.usbopenft is exempt from freezer
06-04 12:13:20.999 D/CompatibilityChangeReporter( 693): Compat change id reported: 135634846; UID 1000; state: DISABLED
06-04 12:13:21.027 I/ActivityManager( 693): Start proc 2498:com.oranth.usbopenft/1000 for broadcast {com.oranth.usbopenft/com.oranth.usbopenft.UsbReceiver}
06-04 12:13:21.067 D/CompatibilityChangeReporter( 693): Compat change id reported: 168419799; UID 1000; state: DISABLED
06-04 12:13:21.067 D/CompatibilityChangeReporter( 693): Compat change id reported: 273564678; UID 1000; state: DISABLED
06-04 12:13:21.166 D/OomAdjuster( 693): Not killing cached processes
06-04 12:13:21.190 W/WindowManager( 693): [addWindow] title:
06-04 12:13:21.221 D/CoreBackPreview( 693): Window{aeff94f u0 com.tv.filemanager.os}: Setting back callback OnBackInvokedCallbackInfo{mCallback=android.window.IOnBackInvokedCallback$Stub$Proxy@267361, mPriority=0, mIsAnimationCallback=false}
06-04 12:13:21.298 W/ContextImpl( 693): Calling a method in the system process without a qualified user: android.app.ContextImpl.startService:1899 com.android.server.wm.DisplayPolicy.lambda$focusChangedLw$5:2126 com.android.server.wm.DisplayPolicy.$r8$lambda$Znxk63oh-WzVnzo_WQefN7uxV48:0 com.android.server.wm.DisplayPolicy$$ExternalSyntheticLambda13.run:0 android.os.Handler.handleCallback:958
06-04 12:13:21.892 D/CompatibilityChangeReporter( 693): Compat change id reported: 214016041; UID 10041; state: DISABLED
06-04 12:13:22.014 W/NotificationHistory( 693): Attempted to add notif for locked/gone/disabled user 0
06-04 12:13:22.790 I/ActivityManager( 693): Skip zero pid ANR, process=WebViewLoader-armeabi-v7a
06-04 12:13:23.766 I/ActivityManager( 693): Waited long enough for: ServiceRecord{c96f152 u0 com.oranth.storage/.MainService}
06-04 12:13:24.074 I/ActivityManager( 693): Waited long enough for: ServiceRecord{50cf104 u0 com.droidlogic.mictoggle/.AssistantMicMuteService}
06-04 12:13:24.761 I/ActivityManager( 693): Waited long enough for: ServiceRecord{81ef14b u0 com.dangbei.lerad.rocky/com.dangbei.phrike.core.PhrikeDownloadService}
06-04 12:13:25.156 D/CompatibilityChangeReporter( 693): Compat change id reported: 135634846; UID 10044; state: DISABLED
06-04 12:13:25.158 D/CompatibilityChangeReporter( 693): Compat change id reported: 143937733; UID 10044; state: DISABLED
06-04 12:13:25.177 I/ActivityManager( 693): Start proc 2603:com.huawei.connection/u0a44 for service {com.dangbei.screencast/com.huawei.connection.service.NearFieldManagerService}
06-04 12:13:25.214 D/CompatibilityChangeReporter( 693): Compat change id reported: 168419799; UID 10044; state: DISABLED
06-04 12:13:25.215 D/CompatibilityChangeReporter( 693): Compat change id reported: 273564678; UID 10044; state: DISABLED
06-04 12:13:25.226 D/CompatibilityChangeReporter( 693): Compat change id reported: 170503758; UID 10044; state: DISABLED
06-04 12:13:29.123 D/OomAdjuster( 693): Not killing cached processes
06-04 12:13:30.194 W/NotificationHistory( 693): Attempted to add notif for locked/gone/disabled user 0
06-04 12:13:30.431 D/ActivityManager( 693): freezing 2374 com.android.externalstorage
06-04 16:59:46.930 E/LazyAlarmStore( 693): Removed TIME_TICK alarm
06-04 16:59:46.935 I/JobScheduler( 693): RTC now valid; recalculating persisted job windows
06-04 16:59:46.954 W/SyncManager( 693): Clock is valid now.
06-04 16:59:46.954 D/ConditionProviders.SCP( 693): onReceive android.intent.action.TIME_SET
06-04 16:59:46.956 D/ConditionProviders.SCP( 693): evaluateSubscriptionLocked cal=ScheduleCalendar[mDays={1, 2, 3, 4, 5, 6, 7}, mSchedule=ScheduleInfo{days=[1, 2, 3, 4, 5, 6, 7], startHour=22, startMinute=0, endHour=7, endMinute=0, exitAtAlarm=true, nextAlarm=Thu Jan 01 08:00:00 GMT+08:00 1970 (0)}], now=Wed Jun 04 16:59:46 GMT+08:00 2025 (1749027586954), nextUserAlarmTime=Thu Jan 01 08:00:00 GMT+08:00 1970 (0)
06-04 16:59:46.956 D/ConditionProviders.SCP( 693): notifyCondition condition://android/schedule?days=1.2.3.4.5.6.7&start=22.0&end=7.0&exitAtAlarm=true STATE_FALSE reason=!meetsSchedule
06-04 16:59:46.957 D/ConditionProviders.SCP( 693): Scheduling evaluate for Wed Jun 04 22:00:00 GMT+08:00 2025 (1749045600000), in +5h0m13s46ms, now=Wed Jun 04 16:59:46 GMT+08:00 2025 (1749027586954)
06-04 16:59:46.958 D/CompatibilityChangeReporter( 693): Compat change id reported: 171306433; UID 1000; state: ENABLED
06-04 16:59:46.958 D/CompatibilityChangeReporter( 693): Compat change id reported: 218533173; UID 1000; state: ENABLED
06-04 16:59:46.979 I/UsageStatsService( 693): User[0] Time changed in by 17174 seconds
06-04 16:59:46.979 I/UsageStatsService( 693): User[0] Flushing usage stats to disk
06-04 16:59:46.985 D/CompatibilityChangeReporter( 693): Compat change id reported: 143231523; UID 1000; state: DISABLED
06-04 16:59:47.001 I/UsageStatsDatabase( 693): Time changed by +4h46m14s755ms. files deleted: 0 files moved: 4
06-04 16:59:47.007 I/UsageStatsService( 693): User[0] Rollover scheduled @ 2025-06-05 16:59:22(1749113962357)
06-04 16:59:47.011 D/CompatibilityChangeReporter( 693): Compat change id reported: 218533173; UID 10018; state: ENABLED
06-04 16:59:47.011 D/CompatibilityChangeReporter( 693): Compat change id reported: 262645982; UID 10018; state: ENABLED
06-04 16:59:47.012 D/CompatibilityChangeReporter( 693): Compat change id reported: 218533173; UID 10040; state: DISABLED
06-04 16:59:47.012 D/CompatibilityChangeReporter( 693): Compat change id reported: 262645982; UID 10040; state: DISABLED
06-04 16:59:47.013 D/CompatibilityChangeReporter( 693): Compat change id reported: 218533173; UID 10019; state: ENABLED
06-04 16:59:47.014 D/CompatibilityChangeReporter( 693): Compat change id reported: 262645982; UID 10019; state: ENABLED
06-04 16:59:47.015 D/CompatibilityChangeReporter( 693): Compat change id reported: 218533173; UID 10026; state: ENABLED
06-04 16:59:47.015 D/CompatibilityChangeReporter( 693): Compat change id reported: 262645982; UID 10026; state: ENABLED
06-04 16:59:47.018 D/CompatibilityChangeReporter( 693): Compat change id reported: 218533173; UID 10027; state: DISABLED
06-04 16:59:47.019 D/CompatibilityChangeReporter( 693): Compat change id reported: 262645982; UID 10027; state: DISABLED
06-04 16:59:47.019 D/CompatibilityChangeReporter( 693): Compat change id reported: 218533173; UID 10044; state: DISABLED
06-04 16:59:47.020 D/CompatibilityChangeReporter( 693): Compat change id reported: 262645982; UID 10044; state: DISABLED
06-04 16:59:47.021 D/CompatibilityChangeReporter( 693): Compat change id reported: 218533173; UID 10060; state: ENABLED
06-04 16:59:47.022 D/CompatibilityChangeReporter( 693): Compat change id reported: 262645982; UID 10060; state: ENABLED
06-04 16:59:47.024 D/CompatibilityChangeReporter( 693): Compat change id reported: 218533173; UID 10024; state: ENABLED
06-04 16:59:47.024 D/CompatibilityChangeReporter( 693): Compat change id reported: 262645982; UID 10024; state: ENABLED
06-04 16:59:47.025 D/CompatibilityChangeReporter( 693): Compat change id reported: 218533173; UID 10021; state: ENABLED
06-04 16:59:47.026 D/CompatibilityChangeReporter( 693): Compat change id reported: 262645982; UID 10021; state: ENABLED
06-04 16:59:47.028 D/CompatibilityChangeReporter( 693): Compat change id reported: 218533173; UID 10041; state: DISABLED
06-04 16:59:47.028 D/CompatibilityChangeReporter( 693): Compat change id reported: 262645982; UID 10041; state: DISABLED
06-04 16:59:47.030 D/CompatibilityChangeReporter( 693): Compat change id reported: 218533173; UID 10049; state: DISABLED
06-04 16:59:47.030 D/CompatibilityChangeReporter( 693): Compat change id reported: 262645982; UID 10049; state: DISABLED
06-04 16:59:47.031 D/CompatibilityChangeReporter( 693): Compat change id reported: 218533173; UID 10017; state: ENABLED
06-04 16:59:47.031 D/CompatibilityChangeReporter( 693): Compat change id reported: 262645982; UID 10017; state: ENABLED
06-04 16:59:47.032 D/CompatibilityChangeReporter( 693): Compat change id reported: 218533173; UID 10056; state: ENABLED
06-04 16:59:47.032 D/CompatibilityChangeReporter( 693): Compat change id reported: 262645982; UID 10056; state: ENABLED
06-04 16:59:47.033 D/CompatibilityChangeReporter( 693): Compat change id reported: 218533173; UID 10074; state: ENABLED
06-04 16:59:47.033 D/CompatibilityChangeReporter( 693): Compat change id reported: 262645982; UID 10074; state: ENABLED
06-04 16:59:50.721 I/keystore2( 286): system/security/keystore2/src/watchdog.rs:319 - Watchdog thread idle -> terminating. Have a great day.
06-04 16:59:51.910 D/OomAdjuster( 693): Not killing cached processes
06-04 16:59:51.985 D/CompatibilityChangeReporter( 693): Compat change id reported: 261072174; UID 1000; state: ENABLED
06-04 16:59:56.080 D/ActivityManager( 693): freezing 2056 com.android.providers.tv
06-04 16:59:56.932 D/CoreBackPreview( 693): Window{aeff94f u0 com.tv.filemanager.os}: Setting back callback null
06-04 16:59:56.933 I/UsageStatsService( 693): Time changed in by 17174 seconds
06-04 16:59:56.934 D/OomAdjuster( 693): Not killing cached processes
06-04 16:59:56.957 V/WindowManager( 693): Unknown focus tokens, dropping reportFocusChanged
06-04 16:59:56.980 D/CompatibilityChangeReporter( 693): Compat change id reported: 214016041; UID 1000; state: DISABLED
06-04 16:59:56.980 D/CompatibilityChangeReporter( 693): Compat change id reported: 214016041; UID 1000; state: ENABLED
06-04 16:59:57.044 W/ContextImpl( 693): Calling a method in the system process without a qualified user: android.app.ContextImpl.startService:1899 com.android.server.wm.DisplayPolicy.lambda$focusChangedLw$5:2126 com.android.server.wm.DisplayPolicy.$r8$lambda$Znxk63oh-WzVnzo_WQefN7uxV48:0 com.android.server.wm.DisplayPolicy$$ExternalSyntheticLambda13.run:0 android.os.Handler.handleCallback:958
06-04 16:59:57.192 W/NotificationHistory( 693): Attempted to remove channel for locked/gone/disabled user 0
06-04 16:59:57.197 D/CompatibilityChangeReporter( 693): Compat change id reported: 175319604; UID 1000; state: DISABLED
06-04 16:59:57.197 D/CompatibilityChangeReporter( 693): Compat change id reported: 175319604; UID 1000; state: ENABLED
06-04 16:59:57.199 D/CompatibilityChangeReporter( 693): Compat change id reported: 195579280; UID 1000; state: DISABLED
06-04 16:59:57.199 D/CompatibilityChangeReporter( 693): Compat change id reported: 195579280; UID 1000; state: ENABLED
06-04 16:59:57.200 D/CompatibilityChangeReporter( 693): Compat change id reported: 175319604; UID 10052; state: ENABLED
06-04 16:59:57.201 D/CompatibilityChangeReporter( 693): Compat change id reported: 195579280; UID 10052; state: ENABLED
06-04 16:59:57.201 D/CompatibilityChangeReporter( 693): Compat change id reported: 175319604; UID 10062; state: ENABLED
06-04 16:59:57.202 D/CompatibilityChangeReporter( 693): Compat change id reported: 195579280; UID 10062; state: ENABLED
06-04 16:59:58.734 W/ContextImpl( 1000): Calling a method in the system process without a qualified user: android.app.ContextImpl.startActivity:1102 android.content.ContextWrapper.startActivity:436 com.droidlogic.btpair.DialogBluetoothService$1.onReceive:248 android.app.LoadedApk$ReceiverDispatcher$Args.lambda$getRunnable$0:1811 android.app.LoadedApk$ReceiverDispatcher$Args.$r8$lambda$gDuJqgxY6Zb-ifyeubKeivTLAwk:0
06-04 16:59:58.735 W/ContextImpl( 1000): Calling a method in the system process without a qualified user: android.app.ContextImpl.startActivity:1114 android.app.ContextImpl.startActivity:1103 android.content.ContextWrapper.startActivity:436 com.droidlogic.btpair.DialogBluetoothService$1.onReceive:248 android.app.LoadedApk$ReceiverDispatcher$Args.lambda$getRunnable$0:1811
06-04 16:59:58.737 I/ActivityTaskManager( 693): START u0 {flg=0x10000000 cmp=com.android.tv.settings/.accessories.AddAccessoryActivity (has extras)} with LAUNCH_MULTIPLE from uid 1000 result code=-92 --------- beginning of crash
06-04 16:59:58.738 E/AndroidRuntime( 1000): FATAL EXCEPTION: main
06-04 16:59:58.738 E/AndroidRuntime( 1000): Process: com.droidlogic, PID: 1000
06-04 16:59:58.738 E/AndroidRuntime( 1000): java.lang.RuntimeException: Error receiving broadcast Intent { act=android.bluetooth.device.action.BOND_STATE_CHANGED flg=0x10 (has extras) } in com.droidlogic.btpair.DialogBluetoothService$1@e7faad
06-04 16:59:58.738 E/AndroidRuntime( 1000): at android.app.LoadedApk$ReceiverDispatcher$Args.lambda$getRunnable$0(LoadedApk.java:1819)
06-04 16:59:58.738 E/AndroidRuntime( 1000): at android.app.LoadedApk$ReceiverDispatcher$Args.$r8$lambda$gDuJqgxY6Zb-ifyeubKeivTLAwk(Unknown Source:0)
06-04 16:59:58.738 E/AndroidRuntime( 1000): at android.app.LoadedApk$ReceiverDispatcher$Args$$ExternalSyntheticLambda0.run(Unknown Source:2)
06-04 16:59:58.738 E/AndroidRuntime( 1000): at android.os.Handler.handleCallback(Handler.java:958)
06-04 16:59:58.738 E/AndroidRuntime( 1000): at android.os.Handler.dispatchMessage(Handler.java:99)
06-04 16:59:58.738 E/AndroidRuntime( 1000): at android.os.Looper.loopOnce(Looper.java:205)
06-04 16:59:58.738 E/AndroidRuntime( 1000): at android.os.Looper.loop(Looper.java:294)
06-04 16:59:58.738 E/AndroidRuntime( 1000): at android.app.ActivityThread.main(ActivityThread.java:8255)
06-04 16:59:58.738 E/AndroidRuntime( 1000): at java.lang.reflect.Method.invoke(Native Method)
06-04 16:59:58.738 E/AndroidRuntime( 1000): at com.android.internal.os.RuntimeInit$MethodAndArgsCaller.run(RuntimeInit.java:552)
06-04 16:59:58.738 E/AndroidRuntime( 1000): at com.android.internal.os.ZygoteInit.main(ZygoteInit.java:978)
06-04 16:59:58.738 E/AndroidRuntime( 1000): Caused by: android.content.ActivityNotFoundException: Unable to find explicit activity class {com.android.tv.settings/com.android.tv.settings.accessories.AddAccessoryActivity}; have you declared this activity in your AndroidManifest.xml, or does your intent not match its declared ?
06-04 16:59:58.738 E/AndroidRuntime( 1000): at android.app.Instrumentation.checkStartActivityResult(Instrumentation.java:2236)
06-04 16:59:58.738 E/AndroidRuntime( 1000): at android.app.Instrumentation.execStartActivity(Instrumentation.java:1878)
06-04 16:59:58.738 E/AndroidRuntime( 1000): at android.app.ContextImpl.startActivity(ContextImpl.java:1132)
06-04 16:59:58.738 E/AndroidRuntime( 1000): at android.app.ContextImpl.startActivity(ContextImpl.java:1103)
06-04 16:59:58.738 E/AndroidRuntime( 1000): at android.content.ContextWrapper.startActivity(ContextWrapper.java:436)
06-04 16:59:58.738 E/AndroidRuntime( 1000): at com.droidlogic.btpair.DialogBluetoothService$1.onReceive(DialogBluetoothService.java:248)
06-04 16:59:58.738 E/AndroidRuntime( 1000): at android.app.LoadedApk$ReceiverDispatcher$Args.lambda$getRunnable$0(LoadedApk.java:1811)
06-04 16:59:58.738 E/AndroidRuntime( 1000): ... 10 more
06-04 16:59:58.742 I/DropBoxManagerService( 693): add tag=system_app_crash isTagEnabled=true flags=0x2
06-04 16:59:58.770 I/ActivityManager( 693): Process com.droidlogic (pid 1000) has died: pers PER
06-04 16:59:58.771 W/ActivityManager( 693): Scheduling restart of crashed service com.droidlogic/.AiPqService in 0ms for persistent
06-04 16:59:58.771 W/ActivityManager( 693): Scheduling restart of crashed service com.droidlogic/.audioservice.services.AudioEffectsService in 0ms for persistent
06-04 16:59:58.771 W/ActivityManager( 693): Scheduling restart of crashed service com.droidlogic/.NtpService in 0ms for persistent
06-04 16:59:58.771 W/ActivityManager( 693): Scheduling restart of crashed service com.droidlogic/.ShutdownService in 0ms for persistent
06-04 16:59:58.771 W/ActivityManager( 693): Scheduling restart of crashed service com.droidlogic/.hdmi.HdmiCecService in 0ms for persistent
06-04 16:59:58.771 W/ActivityManager( 693): Scheduling restart of crashed service com.droidlogic/.FrameRateService in 0ms for persistent
06-04 16:59:58.771 W/ActivityManager( 693): Scheduling restart of crashed service com.droidlogic/.btpair.DialogBluetoothService in 0ms for persistent
06-04 16:59:58.771 W/ActivityManager( 693): Scheduling restart of crashed service com.droidlogic/.btpair.AudioVideoDevReconnectService in 0ms for persistent
06-04 16:59:58.772 W/ActivityManager( 693): Re-adding persistent process ProcessRecord{bc6c389 1000:com.droidlogic/1000}
06-04 16:59:58.772 I/ActivityManager( 693): com.droidlogic is exempt from freezer
06-04 16:59:58.773 D/CompatibilityChangeReporter( 693): Compat change id reported: 135634846; UID 1000; state: DISABLED
06-04 16:59:58.775 E/ActivityManager( 693): Restarting service that is not needed: ServiceRecord{ed124cc u0 com.droidlogic/.AiPqService}
06-04 16:59:58.776 E/ActivityManager( 693): Restarting service that is not needed: ServiceRecord{95b6044 u0 com.droidlogic/.FrameRateService}
06-04 16:59:58.787 I/ActivityManager( 693): Start proc 2834:com.droidlogic/1000 for restart com.droidlogic
06-04 16:59:58.818 D/CompatibilityChangeReporter( 693): Compat change id reported: 168419799; UID 1000; state: DISABLED
06-04 16:59:58.818 D/CompatibilityChangeReporter( 693): Compat change id reported: 273564678; UID 1000; state: DISABLED
06-04 16:59:58.895 D/HDMI ( 693): Process pid:2834 is calling addHotplugEventListener
06-04 16:59:59.314 D/CompatibilityChangeReporter( 693): Compat change id reported: 214016041; UID 1000; state: DISABLED
06-04 16:59:59.315 D/CompatibilityChangeReporter( 693): Compat change id reported: 214016041; UID 1000; state: ENABLED
06-04 17:00:00.016 E/ActivityManager( 693): Restarting service that is not needed: ServiceRecord{ed124cc u0 com.droidlogic/.AiPqService}
06-04 17:00:00.017 E/ActivityManager( 693): Restarting service that is not needed: ServiceRecord{95b6044 u0 com.droidlogic/.FrameRateService}
06-04 17:00:00.019 W/ContextImpl( 2834): Calling a method in the system process without a qualified user: android.app.ContextImpl.startService:1899 android.content.ContextWrapper.startService:825 com.droidlogic.DroidlogicApplication$1.handleMessage:93 android.os.Handler.dispatchMessage:106 android.os.Looper.loopOnce:205
06-04 17:00:00.027 D/CompatibilityChangeReporter( 693): Compat change id reported: 161145287; UID 1000; state: DISABLED
06-04 17:00:00.027 D/CompatibilityChangeReporter( 693): Compat change id reported: 161145287; UID 1000; state: ENABLED
06-04 17:00:00.041 D/HDMI ( 693): addVendorCommandListener 1877008
06-04 17:00:00.079 D/CompatibilityChangeReporter( 693): Compat change id reported: 171306433; UID 1000; state: ENABLED
06-04 17:00:00.080 D/CompatibilityChangeReporter( 693): Compat change id reported: 218533173; UID 1000; state: ENABLED
06-04 17:00:00.132 E/SettingsState( 693): Failed to write settings, restoring old file
06-04 17:00:00.132 E/SettingsState( 693): java.io.SyncFailedException: sync failed
06-04 17:00:00.132 E/SettingsState( 693): at java.io.FileDescriptor.sync(Native Method)
06-04 17:00:00.132 E/SettingsState( 693): at com.android.providers.settings.SettingsState.doWriteState(SettingsState.java:925)
06-04 17:00:00.132 E/SettingsState( 693): at com.android.providers.settings.SettingsState.-$$Nest$mdoWriteState(SettingsState.java:0)
06-04 17:00:00.132 E/SettingsState( 693): at com.android.providers.settings.SettingsState$MyHandler.handleMessage(SettingsState.java:1279)
06-04 17:00:00.132 E/SettingsState( 693): at android.os.Handler.dispatchMessage(Handler.java:106)
06-04 17:00:00.132 E/SettingsState( 693): at android.os.Looper.loopOnce(Looper.java:205)
06-04 17:00:00.132 E/SettingsState( 693): at android.os.Looper.loop(Looper.java:294)
06-04 17:00:00.132 E/SettingsState( 693): at android.os.HandlerThread.run(HandlerThread.java:67)
06-04 17:00:01.933 D/ActivityManager( 693): freezing 1691 android.process.media
06-04 17:00:01.934 D/ActivityManager( 693): freezing 1615 android.process.acore
06-04 17:00:03.987 D/CompatibilityChangeReporter( 693): Compat change id reported: 265464455; UID 1000; state: DISABLED
06-04 17:00:03.988 D/CompatibilityChangeReporter( 693): Compat change id reported: 265452344; UID 1000; state: DISABLED
06-04 17:00:03.989 D/CompatibilityChangeReporter( 693): Compat change id reported: 266124927; UID 1000; state: DISABLED
06-04 17:00:03.989 D/CompatibilityChangeReporter( 693): Compat change id reported: 265451093; UID 1000; state: DISABLED
