06-04 12:13:07.076 W/Looper ( 693): Slow dispatch took 159ms main h=android.app.ActivityThread$H c=android.app.LoadedApk$ReceiverDispatcher$Args$$ExternalSyntheticLambda0@1cd0f12 m=0
06-04 12:13:07.080 D/ActivityManagerTiming( 693): OnBootPhase_1000_com.android.server.oemlock.OemLockService
06-04 12:13:07.080 D/ActivityManagerTiming( 693): OnBootPhase_1000_com.android.server.DeviceIdleController
06-04 12:13:07.080 D/ActivityManagerTiming( 693): OnBootPhase_1000_com.android.server.devicepolicy.DevicePolicyManagerService$Lifecycle
06-04 12:13:07.080 D/ActivityManagerTiming( 693): OnBootPhase_1000_com.android.server.texttospeech.TextToSpeechManagerService
06-04 12:13:07.080 D/ActivityManagerTiming( 693): OnBootPhase_1000_com.android.server.ambientcontext.AmbientContextManagerService
06-04 12:13:07.080 D/ActivityManagerTiming( 693): OnBootPhase_1000_com.android.server.wearable.WearableSensingManagerService
06-04 12:13:07.080 D/ActivityManagerTiming( 693): OnBootPhase_1000_com.android.server.speech.SpeechRecognitionManagerService
06-04 12:13:07.080 D/ActivityManagerTiming( 693): OnBootPhase_1000_com.android.server.searchui.SearchUiManagerService
06-04 12:13:07.080 D/ActivityManagerTiming( 693): OnBootPhase_1000_com.android.server.smartspace.SmartspaceManagerService
06-04 12:13:07.080 D/ActivityManagerTiming( 693): OnBootPhase_1000_com.android.server.graphics.fonts.FontManagerService$Lifecycle
06-04 12:13:07.080 D/ActivityManagerTiming( 693): OnBootPhase_1000_com.android.server.textservices.TextServicesManagerService$Lifecycle
06-04 12:13:07.080 D/ActivityManagerTiming( 693): OnBootPhase_1000_com.android.server.textclassifier.TextClassificationManagerService$Lifecycle
06-04 12:13:07.080 D/ActivityManagerTiming( 693): OnBootPhase_1000_com.android.server.NetworkScoreService$Lifecycle
06-04 12:13:07.080 D/ActivityManagerTiming( 693): OnBootPhase_1000_com.android.server.NetworkStatsServiceInitializer
06-04 12:13:07.080 D/ActivityManagerTiming( 693): OnBootPhase_1000_com.android.server.wifi.WifiService
06-04 12:13:07.081 D/ActivityManagerTiming( 693): OnBootPhase_1000_com.android.server.wifi.scanner.WifiScanningService
06-04 12:13:07.081 D/ActivityManagerTiming( 693): OnBootPhase_1000_com.android.server.wifi.p2p.WifiP2pService
06-04 12:13:07.081 D/ActivityManagerTiming( 693): OnBootPhase_1000_com.android.server.ConnectivityServiceInitializer
06-04 12:13:07.081 D/CompatibilityChangeReporter( 693): Compat change id reported: 161145287; UID 1000; state: DISABLED
06-04 12:13:07.082 D/CompatibilityChangeReporter( 693): Compat change id reported: 161145287; UID 1000; state: ENABLED
06-04 12:13:07.084 D/ActivityManagerTiming( 693): OnBootPhase_1000_com.android.server.notification.NotificationManagerService
06-04 12:13:07.085 D/ActivityManagerTiming( 693): OnBootPhase_1000_com.android.server.storage.DeviceStorageMonitorService
06-04 12:13:07.085 D/ActivityManagerTiming( 693): OnBootPhase_1000_com.android.server.timedetector.TimeDetectorService$Lifecycle
06-04 12:13:07.085 D/ActivityManagerTiming( 693): OnBootPhase_1000_com.android.server.location.LocationManagerService$Lifecycle
06-04 12:13:07.085 D/ActivityManagerTiming( 693): OnBootPhase_1000_com.android.server.timezonedetector.TimeZoneDetectorService$Lifecycle
06-04 12:13:07.085 D/ActivityManagerTiming( 693): OnBootPhase_1000_com.android.server.location.altitude.AltitudeService$Lifecycle
06-04 12:13:07.085 D/ActivityManagerTiming( 693): OnBootPhase_1000_com.android.server.timezonedetector.location.LocationTimeZoneManagerService$Lifecycle
06-04 12:13:07.085 D/ActivityManagerTiming( 693): OnBootPhase_1000_com.android.server.search.SearchManagerService$Lifecycle
06-04 12:13:07.085 D/ActivityManagerTiming( 693): OnBootPhase_1000_com.android.server.wallpaper.WallpaperManagerService$Lifecycle
06-04 12:13:07.085 D/ActivityManagerTiming( 693): OnBootPhase_1000_com.android.server.wallpapereffectsgeneration.WallpaperEffectsGenerationManagerService
06-04 12:13:07.085 D/ActivityManagerTiming( 693): OnBootPhase_1000_com.android.server.audio.AudioService$Lifecycle
06-04 12:13:07.085 D/ActivityManagerTiming( 693): OnBootPhase_1000_com.android.server.soundtrigger_middleware.SoundTriggerMiddlewareService$Lifecycle
06-04 12:13:07.085 D/ActivityManagerTiming( 693): OnBootPhase_1000_com.android.server.adb.AdbService$Lifecycle
06-04 12:13:07.086 D/ActivityManagerTiming( 693): OnBootPhase_1000_com.android.server.usb.UsbService$Lifecycle
06-04 12:13:07.086 D/ActivityManagerTiming( 693): OnBootPhase_1000_com.android.server.twilight.TwilightService
06-04 12:13:07.087 D/ActivityManagerTiming( 693): OnBootPhase_1000_com.android.server.display.color.ColorDisplayService
06-04 12:13:07.087 D/ActivityManagerTiming( 693): OnBootPhase_1000_com.android.server.job.JobSchedulerService
06-04 12:13:07.087 D/ActivityManagerTiming( 693): OnBootPhase_1000_com.android.server.soundtrigger.SoundTriggerService
06-04 12:13:07.087 D/SoundTriggerService( 693): onBootPhase: 1000 : false
06-04 12:13:07.088 D/ActivityManagerTiming( 693): OnBootPhase_1000_com.android.server.trust.TrustManagerService
06-04 12:13:07.088 D/ActivityManagerTiming( 693): OnBootPhase_1000_com.android.server.backup.BackupManagerService$Lifecycle
06-04 12:13:07.088 I/UsbDeviceManager( 693): Setting USB config to
06-04 12:13:07.088 D/UsbDeviceManager( 693): setUsbConfig(4) request:1
06-04 12:13:07.089 D/ActivityManagerTiming( 693): OnBootPhase_1000_com.android.server.appwidget.AppWidgetService
06-04 12:13:07.089 D/ActivityManagerTiming( 693): OnBootPhase_1000_com.android.server.voiceinteraction.VoiceInteractionManagerService
06-04 12:13:07.089 D/ActivityManagerTiming( 693): OnBootPhase_1000_com.android.server.GestureLauncherService
06-04 12:13:07.089 D/ActivityManagerTiming( 693): OnBootPhase_1000_com.android.server.SensorNotificationService
06-04 12:13:07.092 D/CompatibilityChangeReporter( 693): Compat change id reported: 168936375; UID 1000; state: DISABLED
06-04 12:13:07.092 D/CompatibilityChangeReporter( 693): Compat change id reported: 168936375; UID 1000; state: ENABLED
06-04 12:13:07.098 D/CompatibilityChangeReporter( 693): Compat change id reported: 73144566; UID 1000; state: DISABLED
06-04 12:13:07.099 D/CompatibilityChangeReporter( 693): Compat change id reported: 73144566; UID 1000; state: ENABLED
06-04 12:13:07.101 D/ActivityManagerTiming( 693): OnBootPhase_1000_com.android.server.emergency.EmergencyAffordanceService
06-04 12:13:07.101 D/ActivityManagerTiming( 693): OnBootPhase_1000_com.android.server.blob.BlobStoreManagerService
06-04 12:13:07.107 D/ActivityManagerTiming( 693): OnBootPhase_1000_com.android.server.dreams.DreamManagerService
06-04 12:13:07.107 D/ActivityManagerTiming( 693): OnBootPhase_1000_com.android.server.security.AttestationVerificationManagerService
06-04 12:13:07.107 D/ActivityManagerTiming( 693): OnBootPhase_1000_com.android.server.restrictions.RestrictionsManagerService
06-04 12:13:07.107 D/ActivityManagerTiming( 693): OnBootPhase_1000_com.android.server.media.MediaSessionService
06-04 12:13:07.109 D/ActivityManagerTiming( 693): OnBootPhase_1000_com.android.server.hdmi.HdmiControlService
06-04 12:13:07.109 D/ActivityManagerTiming( 693): OnBootPhase_1000_com.android.server.tv.interactive.TvInteractiveAppManagerService
06-04 12:13:07.109 D/ActivityManagerTiming( 693): OnBootPhase_1000_com.android.server.tv.TvInputManagerService
06-04 12:13:07.109 D/ActivityManagerTiming( 693): OnBootPhase_1000_com.android.server.media.MediaResourceMonitorService
06-04 12:13:07.109 D/ActivityManagerTiming( 693): OnBootPhase_1000_com.android.server.tv.TvRemoteService
06-04 12:13:07.109 D/ActivityManagerTiming( 693): OnBootPhase_1000_com.android.server.biometrics.BiometricService
06-04 12:13:07.109 D/ActivityManagerTiming( 693): OnBootPhase_1000_com.android.server.biometrics.AuthService
06-04 12:13:07.109 D/ActivityManagerTiming( 693): OnBootPhase_1000_com.android.server.pm.ShortcutService$Lifecycle
06-04 12:13:07.109 D/ActivityManagerTiming( 693): OnBootPhase_1000_com.android.server.pm.LauncherAppsService
06-04 12:13:07.109 D/ActivityManagerTiming( 693): OnBootPhase_1000_com.android.server.pm.CrossProfileAppsService
06-04 12:13:07.109 D/ActivityManagerTiming( 693): OnBootPhase_1000_com.android.server.people.PeopleService
06-04 12:13:07.110 D/ActivityManagerTiming( 693): OnBootPhase_1000_com.android.server.media.metrics.MediaMetricsManagerService
06-04 12:13:07.110 D/ActivityManagerTiming( 693): OnBootPhase_1000_com.android.server.pm.BackgroundInstallControlService
06-04 12:13:07.110 D/ActivityManagerTiming( 693): OnBootPhase_1000_com.android.server.media.projection.MediaProjectionManagerService
06-04 12:13:07.110 D/ActivityManagerTiming( 693): OnBootPhase_1000_com.android.server.slice.SliceManagerService$Lifecycle
06-04 12:13:07.110 D/ActivityManagerTiming( 693): OnBootPhase_1000_com.android.server.stats.StatsCompanion$Lifecycle
06-04 12:13:07.110 D/ActivityManagerTiming( 693): OnBootPhase_1000_com.android.server.scheduling.RebootReadinessManagerService$Lifecycle
06-04 12:13:07.110 D/ActivityManagerTiming( 693): OnBootPhase_1000_com.android.server.stats.pull.StatsPullAtomService
06-04 12:13:07.110 D/ActivityManagerTiming( 693): OnBootPhase_1000_com.android.server.stats.bootstrap.StatsBootstrapAtomService$Lifecycle
06-04 12:13:07.110 D/ActivityManagerTiming( 693): OnBootPhase_1000_com.android.server.incident.IncidentCompanionService
06-04 12:13:07.110 D/ActivityManagerTiming( 693): OnBootPhase_1000_com.android.server.sdksandbox.SdkSandboxManagerService$Lifecycle
06-04 12:13:07.110 D/ActivityManagerTiming( 693): OnBootPhase_1000_com.android.server.adservices.AdServicesManagerService$Lifecycle
06-04 12:13:07.110 D/ActivityManagerTiming( 693): OnBootPhase_1000_com.android.server.ondevicepersonalization.OnDevicePersonalizationSystemService$Lifecycle
06-04 12:13:07.110 D/ActivityManagerTiming( 693): OnBootPhase_1000_com.android.server.autofill.AutofillManagerService
06-04 12:13:07.110 D/ActivityManagerTiming( 693): OnBootPhase_1000_com.android.server.clipboard.ClipboardService
06-04 12:13:07.110 D/ActivityManagerTiming( 693): OnBootPhase_1000_com.android.server.appbinding.AppBindingService$Lifecycle
06-04 12:13:07.110 D/ActivityManagerTiming( 693): OnBootPhase_1000_com.android.server.tracing.TracingServiceProxy
06-04 12:13:07.110 D/ActivityManagerTiming( 693): OnBootPhase_1000_com.android.server.policy.PermissionPolicyService
06-04 12:13:07.110 D/ActivityManagerTiming( 693): OnBootPhase_1000_com.android.server.pm.StagingManager$Lifecycle
06-04 12:13:07.112 I/HdmiControlService( 693): bootCompleted
06-04 12:13:07.113 D/ActivityManagerTiming( 693): OnBootPhase_1000_com.android.server.app.GameManagerService$Lifecycle
06-04 12:13:07.113 D/GameManagerService( 693): onBootCompleted
06-04 12:13:07.114 V/GameManagerService( 693): Game loading power mode OFF (game manager service start/restart)
06-04 12:13:07.114 V/GameManagerService( 693): Game power mode OFF (game manager service start/restart)
06-04 12:13:07.115 D/ActivityManagerTiming( 693): OnBootPhase_1000_com.android.safetycenter.SafetyCenterService
06-04 12:13:07.116 D/ActivityManagerTiming( 693): OnBootPhase_1000_com.android.server.appsearch.AppSearchModule$Lifecycle
06-04 12:13:07.116 D/ActivityManagerTiming( 693): OnBootPhase_1000_com.android.server.media.MediaCommunicationService
06-04 12:13:07.116 D/ActivityManagerTiming( 693): OnBootPhase_1000_com.android.server.compat.overrides.AppCompatOverridesService$Lifecycle
06-04 12:13:07.116 D/ActivityManagerTiming( 693): OnBootPhase_1000_com.android.server.healthconnect.HealthConnectManagerService
06-04 12:13:07.116 D/ActivityManagerTiming( 693): OnBootPhase_1000_com.android.server.devicelock.DeviceLockService
06-04 12:13:07.116 D/DeviceLockService( 693): onBootPhase: 1000
06-04 12:13:07.116 V/ActivityManagerTiming( 693): TotalBootTime took to complete: 10091ms
06-04 12:13:07.116 D/SystemServerInitThreadPool( 693): Shutdown requested
06-04 12:13:07.116 D/SystemServerTiming( 693): WaitInitThreadPoolShutdown
06-04 12:13:07.118 D/SystemServerInitThreadPool( 693): Shutdown successful
06-04 12:13:07.120 I/ActivityManager( 693): User 0 state changed from BOOTING to RUNNING_LOCKED
06-04 12:13:07.127 I/LockSettingsService( 693): Unwrapping synthetic password for unsecured user 0
06-04 12:13:07.157 D/vold ( 251): fscrypt_unlock_user_key 0 serial=0
06-04 12:13:07.157 D/vold ( 251): Trying user CE key /data/misc/vold/user_keys/ce/0/current
06-04 12:13:07.159 D/vold ( 251): Successfully retrieved key
06-04 12:13:07.159 D/vold ( 251): Installed fscrypt key with ref 0c9d6c91b091b0cc393ff792b9ace51f to /data
06-04 12:13:07.160 D/vold ( 251): Added fscrypt-provisioning key for 0c9d6c91b091b0cc393ff792b9ace51f to session keyring
06-04 12:13:07.160 D/vold ( 251): Installed ce key for user 0
06-04 12:13:07.160 I/LockSettingsService( 693): Unlocked CE storage for unsecured user 0
06-04 12:13:07.161 D/SystemServerTiming( 693): finishUserUnlocking-0
06-04 12:13:07.161 D/ActivityManager( 693): Started unlocking user 0
06-04 12:13:07.161 D/ActivityManager( 693): Unlocking user 0 progress 0
06-04 12:13:07.161 D/ActivityManager( 693): Unlocking user 0 progress 5
06-04 12:13:07.161 D/SystemServerTiming( 693): UM.onBeforeUnlockUser-0
06-04 12:13:07.162 D/SystemServerTiming( 693): prepareUserData-0
06-04 12:13:07.162 D/vold ( 251): fscrypt_prepare_user_storage for volume null, user 0, serial 0, flags 2
06-04 12:13:07.162 D/vold ( 251): Preparing: /data/system_ce/0
06-04 12:13:07.163 I/vold ( 251): Verified that /data/system_ce/0 has the encryption policy 0c9d6c91b091b0cc393ff792b9ace51f v2 modes 1/4 flags 0xa
06-04 12:13:07.163 D/vold ( 251): Preparing: /data/vendor_ce/0
06-04 12:13:07.164 I/vold ( 251): Verified that /data/vendor_ce/0 has the encryption policy 0c9d6c91b091b0cc393ff792b9ace51f v2 modes 1/4 flags 0xa
06-04 12:13:07.164 D/vold ( 251): Preparing: /data/media/0
06-04 12:13:07.166 I/vold ( 251): Verified that /data/media/0 has the encryption policy 0c9d6c91b091b0cc393ff792b9ace51f v2 modes 1/4 flags 0xa
06-04 12:13:07.166 D/vold ( 251): Preparing: /data/misc_ce/0
06-04 12:13:07.167 I/vold ( 251): Verified that /data/misc_ce/0 has the encryption policy 0c9d6c91b091b0cc393ff792b9ace51f v2 modes 1/4 flags 0xa
06-04 12:13:07.167 D/vold ( 251): Preparing: /data/user/0
06-04 12:13:07.168 I/vold ( 251): Verified that /data/user/0 has the encryption policy 0c9d6c91b091b0cc393ff792b9ace51f v2 modes 1/4 flags 0xa
06-04 12:13:07.168 D/vold ( 251): Starting restorecon of /data/system_ce/0
06-04 12:13:07.172 V/WindowManager( 693): app ------------- force_land :0
06-04 12:13:07.173 D/vold ( 251): Finished restorecon of /data/system_ce/0
06-04 12:13:07.173 D/vold ( 251): Starting restorecon of /data/vendor_ce/0
06-04 12:13:07.177 V/WindowManager( 693): app ------------- force_land :0
06-04 12:13:07.177 D/vold ( 251): Finished restorecon of /data/vendor_ce/0
06-04 12:13:07.177 D/ColorDisplayService( 693): setUp: currentUser=0
06-04 12:13:07.177 D/vold ( 251): Starting restorecon of /data/misc_ce/0
06-04 12:13:07.186 D/vold ( 251): Finished restorecon of /data/misc_ce/0
06-04 12:13:07.186 D/vold ( 251): /system/bin/vold_prepare_subdirs
06-04 12:13:07.186 D/vold ( 251): prepare
06-04 12:13:07.186 D/vold ( 251):
06-04 12:13:07.186 D/vold ( 251): 0
06-04 12:13:07.186 D/vold ( 251): 2
06-04 12:13:07.206 I/ActivityManager( 693): com.android.devicelockcontroller is exempt from freezer
06-04 12:13:07.206 D/CompatibilityChangeReporter( 693): Compat change id reported: 135634846; UID 10064; state: DISABLED
06-04 12:13:07.206 D/CompatibilityChangeReporter( 693): Compat change id reported: 177438394; UID 10064; state: DISABLED
06-04 12:13:07.206 D/CompatibilityChangeReporter( 693): Compat change id reported: 135772972; UID 10064; state: DISABLED
06-04 12:13:07.206 D/CompatibilityChangeReporter( 693): Compat change id reported: 135754954; UID 10064; state: ENABLED
06-04 12:13:07.207 D/CompatibilityChangeReporter( 693): Compat change id reported: 143937733; UID 10064; state: ENABLED
06-04 12:13:07.243 I/ActivityManager( 693): Start proc 1387:com.android.devicelockcontroller/u0a64 for broadcast {com.android.devicelockcontroller/com.android.devicelockcontroller.receivers.LockedBootCompletedReceiver}
06-04 12:13:07.271 D/CompatibilityChangeReporter( 693): Compat change id reported: 168419799; UID 10064; state: DISABLED
06-04 12:13:07.273 D/CompatibilityChangeReporter( 693): Compat change id reported: 273564678; UID 10064; state: DISABLED
06-04 12:13:07.276 D/CompatibilityChangeReporter( 693): Compat change id reported: 265195908; UID 10064; state: ENABLED
06-04 12:13:07.295 D/CompatibilityChangeReporter( 693): Compat change id reported: 170503758; UID 10064; state: ENABLED
06-04 12:13:07.356 V/UserDataPreparer( 693): Found /data/user/0 with serial number 0
06-04 12:13:07.356 V/UserDataPreparer( 693): Found /data/system_ce/0 with serial number 0
06-04 12:13:07.358 D/UserDataPreparer( 693): Setting property: sys.user.0.ce_available=true
06-04 12:13:07.359 D/SystemServerTiming( 693): reconcileAppsData-0
06-04 12:13:07.359 V/PackageManager( 693): reconcileAppsData for null u0 0x2 migrateAppData=false
06-04 12:13:07.364 W/PackageManager( 693): Skipping preparing app data for com.android.configinfrastructure
06-04 12:13:07.364 W/PackageManager( 693): Skipping preparing app data for com.android.appsearch
06-04 12:13:07.364 W/PackageManager( 693): Skipping preparing app data for com.android.adservices
06-04 12:13:07.364 W/PackageManager( 693): Skipping preparing app data for com.android.scheduling
06-04 12:13:07.364 W/PackageManager( 693): Skipping preparing app data for com.google.android.widevine.nonupdatable
06-04 12:13:07.364 W/PackageManager( 693): Skipping preparing app data for com.android.permission
06-04 12:13:07.364 W/PackageManager( 693): Skipping preparing app data for com.android.art
06-04 12:13:07.364 W/PackageManager( 693): Skipping preparing app data for com.android.uwb
06-04 12:13:07.364 W/PackageManager( 693): Skipping preparing app data for com.android.tethering
06-04 12:13:07.364 W/PackageManager( 693): Skipping preparing app data for com.android.btservices
06-04 12:13:07.364 W/PackageManager( 693): Skipping preparing app data for com.android.media.swcodec
06-04 12:13:07.364 W/PackageManager( 693): Skipping preparing app data for com.android.conscrypt
06-04 12:13:07.365 W/PackageManager( 693): Skipping preparing app data for com.android.adbd
06-04 12:13:07.365 W/PackageManager( 693): Skipping preparing app data for com.android.i18n
06-04 12:13:07.365 W/PackageManager( 693): Skipping preparing app data for com.android.rkpd
06-04 12:13:07.365 W/PackageManager( 693): Skipping preparing app data for com.android.virt
06-04 12:13:07.365 W/PackageManager( 693): Skipping preparing app data for com.android.wifi
06-04 12:13:07.367 W/PackageManager( 693): Skipping preparing app data for com.android.runtime
06-04 12:13:07.367 W/PackageManager( 693): Skipping preparing app data for com.android.devicelock
06-04 12:13:07.367 W/PackageManager( 693): Skipping preparing app data for com.android.apex.cts.shim
06-04 12:13:07.367 W/PackageManager( 693): Skipping preparing app data for com.android.neuralnetworks
06-04 12:13:07.367 W/PackageManager( 693): Skipping preparing app data for com.android.healthfitness
06-04 12:13:07.369 W/PackageManager( 693): Skipping preparing app data for com.android.resolv
06-04 12:13:07.369 W/PackageManager( 693): Skipping preparing app data for com.android.sdkext
06-04 12:13:07.371 W/PackageManager( 693): Skipping preparing app data for com.android.tzdata
06-04 12:13:07.371 W/PackageManager( 693): Skipping preparing app data for com.android.vndk.v34
06-04 12:13:07.372 W/PackageManager( 693): Skipping preparing app data for com.android.os.statsd
06-04 12:13:07.372 W/PackageManager( 693): Skipping preparing app data for com.android.extservices
06-04 12:13:07.372 W/PackageManager( 693): Skipping preparing app data for com.amlogic.mediaextractor
06-04 12:13:07.372 W/PackageManager( 693): Skipping preparing app data for com.android.ipsec
06-04 12:13:07.372 W/PackageManager( 693): Skipping preparing app data for com.android.media
06-04 12:13:07.372 W/PackageManager( 693): Skipping preparing app data for com.android.sdksandbox
06-04 12:13:07.373 W/PackageManager( 693): Skipping preparing app data for com.android.mediaprovider
06-04 12:13:07.373 W/PackageManager( 693): Skipping preparing app data for com.android.ondevicepersonalization
06-04 12:13:07.377 W/NotificationHistory( 693): Attempted to add notif for locked/gone/disabled user 0
06-04 12:13:07.479 I/DeviceLockControllerApplication( 1387): onCreate
06-04 12:13:07.486 I/DeviceStateControllerImpl( 1387): Starting state is 0
06-04 12:13:07.489 I/UserRestrictionsPolicyHandler( 1387): Build type DEBUG = false
06-04 12:13:07.509 D/CompatibilityChangeReporter( 693): Compat change id reported: 261072174; UID 10064; state: ENABLED
06-04 12:13:07.514 I/DlcClient( 1387): Binding com.android.devicelockcontroller/.storage.SetupParametersService
06-04 12:13:07.523 I/DeviceLockControllerApplication( 1387): Policies enforced
06-04 12:13:07.567 V/PackageManager( 693): reconcileAppsData finished 142 packages
06-04 12:13:07.567 I/ActivityManager( 693): User 0 state changed from RUNNING_LOCKED to RUNNING_UNLOCKING
06-04 12:13:07.568 D/ActivityManager( 693): Unlocking user 0 progress 20
06-04 12:13:07.568 W/Looper ( 693): Slow dispatch took 407ms android.fg h=android.os.Handler c=com.android.server.am.UserController$$ExternalSyntheticLambda2@bb139ee m=0
06-04 12:13:07.568 W/Looper ( 693): Slow delivery took 406ms android.fg h=android.os.Handler c=com.android.server.am.UserController$$ExternalSyntheticLambda9@6305e8f m=0
06-04 12:13:07.568 D/SystemServerTimingAsync( 693): ssm.UnlockingUser-0
06-04 12:13:07.568 I/SystemServiceManager( 693): Calling onUnlockingUser 0
06-04 12:13:07.568 D/SystemServerTimingAsync( 693): ssm.onUnlockingUser-0_com.android.server.security.FileIntegrityService
06-04 12:13:07.568 D/SystemServerTimingAsync( 693): ssm.onUnlockingUser-0_com.android.server.pm.Installer
06-04 12:13:07.568 D/SystemServerTimingAsync( 693): ssm.onUnlockingUser-0_com.android.server.os.DeviceIdentifiersPolicyService
06-04 12:13:07.568 D/SystemServerTimingAsync( 693): ssm.onUnlockingUser-0_com.android.server.flags.FeatureFlagsService
06-04 12:13:07.568 D/SystemServerTimingAsync( 693): ssm.onUnlockingUser-0_com.android.server.uri.UriGrantsManagerService$Lifecycle
06-04 12:13:07.568 D/SystemServerTimingAsync( 693): ssm.onUnlockingUser-0_com.android.server.powerstats.PowerStatsService
06-04 12:13:07.568 D/SystemServerTimingAsync( 693): ssm.onUnlockingUser-0_com.android.server.permission.access.AccessCheckingService
06-04 12:13:07.568 D/SystemServerTimingAsync( 693): ssm.onUnlockingUser-0_com.android.server.wm.ActivityTaskManagerService$Lifecycle
06-04 12:13:07.568 D/SystemServerTimingAsync( 693): ssm.onUnlockingUser-0_com.android.server.am.ActivityManagerService$Lifecycle
06-04 12:13:07.569 D/SystemServerTimingAsync( 693): ssm.onUnlockingUser-0_com.android.server.pm.DataLoaderManagerService
06-04 12:13:07.569 D/SystemServerTimingAsync( 693): ssm.onUnlockingUser-0_com.android.server.power.PowerManagerService
06-04 12:13:07.569 D/SystemServerTimingAsync( 693): ssm.onUnlockingUser-0_com.android.server.power.ThermalManagerService
06-04 12:13:07.569 D/SystemServerTimingAsync( 693): ssm.onUnlockingUser-0_com.android.server.power.hint.HintManagerService
06-04 12:13:07.569 D/SystemServerTimingAsync( 693): ssm.onUnlockingUser-0_com.android.server.recoverysystem.RecoverySystemService$Lifecycle
06-04 12:13:07.569 D/SystemServerTimingAsync( 693): ssm.onUnlockingUser-0_com.android.server.lights.LightsService
06-04 12:13:07.569 D/SystemServerTimingAsync( 693): ssm.onUnlockingUser-0_com.android.server.display.DisplayManagerService
06-04 12:13:07.569 D/SystemServerTimingAsync( 693): ssm.onUnlockingUser-0_com.android.server.pm.verify.domain.DomainVerificationService
06-04 12:13:07.569 D/SystemServerTimingAsync( 693): ssm.onUnlockingUser-0_com.android.server.pm.PackageInstallerService$Lifecycle
06-04 12:13:07.569 D/SystemServerTimingAsync( 693): ssm.onUnlockingUser-0_com.android.server.pm.UserManagerService$LifeCycle
06-04 12:13:07.569 D/SystemServerTimingAsync( 693): ssm.onUnlockingUser-0_com.android.server.om.OverlayManagerService
06-04 12:13:07.569 D/SystemServerTimingAsync( 693): ssm.onUnlockingUser-0_com.android.server.resources.ResourcesManagerService
06-04 12:13:07.569 D/SystemServerTimingAsync( 693): ssm.onUnlockingUser-0_com.android.server.sensorprivacy.SensorPrivacyService
06-04 12:13:07.569 D/SystemServerTimingAsync( 693): ssm.onUnlockingUser-0_com.android.server.sensors.SensorService
06-04 12:13:07.569 D/SystemServerTimingAsync( 693): ssm.onUnlockingUser-0_com.android.server.SystemConfigService
06-04 12:13:07.569 D/SystemServerTimingAsync( 693): ssm.onUnlockingUser-0_com.android.server.BatteryService
06-04 12:13:07.569 D/SystemServerTimingAsync( 693): ssm.onUnlockingUser-0_com.android.server.usage.UsageStatsService
06-04 12:13:07.569 D/SystemServerTimingAsync( 693): ssm.onUnlockingUser-0_com.android.server.webkit.WebViewUpdateService
06-04 12:13:07.569 D/SystemServerTimingAsync( 693): ssm.onUnlockingUser-0_com.android.server.CachedDeviceStateService
06-04 12:13:07.569 D/SystemServerTimingAsync( 693): ssm.onUnlockingUser-0_com.android.server.BinderCallsStatsService$LifeCycle
06-04 12:13:07.569 D/SystemServerTimingAsync( 693): ssm.onUnlockingUser-0_com.android.server.LooperStatsService$Lifecycle
06-04 12:13:07.569 D/SystemServerTimingAsync( 693): ssm.onUnlockingUser-0_com.android.server.rollback.RollbackManagerService
06-04 12:13:07.569 I/BroadcastQueue( 693): BOOT_COMPLETED_BROADCAST_COMPLETION_LATENCY_REPORTED action:android.intent.action.LOCKED_BOOT_COMPLETED dispatchLatency:41 completeLatency:443 dispatchRealLatency:41 completeRealLatency:443 receiversSize:4 userId:0 userType:android.os.usertype.full.SYSTEM
06-04 12:13:07.570 D/SystemServerTimingAsync( 693): ssm.onUnlockingUser-0_com.android.server.os.NativeTombstoneManagerService
06-04 12:13:07.570 D/SystemServerTimingAsync( 693): ssm.onUnlockingUser-0_com.android.server.os.BugreportManagerService
06-04 12:13:07.570 D/SystemServerTimingAsync( 693): ssm.onUnlockingUser-0_com.android.server.gpu.GpuService
06-04 12:13:07.570 D/SystemServerTimingAsync( 693): ssm.onUnlockingUser-0_com.android.server.security.rkp.RemoteProvisioningService
06-04 12:13:07.570 D/SystemServerTimingAsync( 693): ssm.onUnlockingUser-0_com.android.server.security.KeyChainSystemService
06-04 12:13:07.570 D/SystemServerTimingAsync( 693): ssm.onUnlockingUser-0_com.android.server.BinaryTransparencyService
06-04 12:13:07.570 D/SystemServerTimingAsync( 693): ssm.onUnlockingUser-0_com.android.server.accounts.AccountManagerService$Lifecycle
06-04 12:13:07.570 D/SystemServerTimingAsync( 693): ssm.onUnlockingUser-0_com.android.server.content.ContentService$Lifecycle
06-04 12:13:07.570 W/Looper ( 693): Drained
06-04 12:13:07.570 D/SystemServerTimingAsync( 693): ssm.onUnlockingUser-0_com.android.server.deviceconfig.DeviceConfigInit$Lifecycle
06-04 12:13:07.570 D/SystemServerTimingAsync( 693): ssm.onUnlockingUser-0_com.android.server.DropBoxManagerService
06-04 12:13:07.570 D/SystemServerTimingAsync( 693): ssm.onUnlockingUser-0_com.android.role.RoleService
06-04 12:13:07.571 D/SystemServerTimingAsync( 693): ssm.onUnlockingUser-0_com.android.server.vibrator.VibratorManagerService$Lifecycle
06-04 12:13:07.571 D/SystemServerTimingAsync( 693): ssm.onUnlockingUser-0_com.android.server.tare.InternalResourceService
06-04 12:13:07.571 D/SystemServerTimingAsync( 693): ssm.onUnlockingUser-0_com.android.server.alarm.AlarmManagerService
06-04 12:13:07.571 D/SystemServerTimingAsync( 693): ssm.onUnlockingUser-0_com.android.server.devicestate.DeviceStateManagerService
06-04 12:13:07.571 D/SystemServerTimingAsync( 693): ssm.onUnlockingUser-0_com.android.server.camera.CameraServiceProxy
06-04 12:13:07.571 D/SystemServerTimingAsync( 693): ssm.onUnlockingUser-0_com.android.server.bluetooth.BluetoothService
06-04 12:13:07.571 D/SystemServerTimingAsync( 693): ssm.onUnlockingUser-0_com.android.server.connectivity.IpConnectivityMetrics
06-04 12:13:07.571 D/SystemServerTimingAsync( 693): ssm.onUnlockingUser-0_com.android.server.net.watchlist.NetworkWatchlistService$Lifecycle
06-04 12:13:07.571 D/SystemServerTimingAsync( 693): ssm.onUnlockingUser-0_com.android.server.PinnerService
06-04 12:13:07.571 D/SystemServerTimingAsync( 693): ssm.onUnlockingUser-0_com.android.server.integrity.AppIntegrityManagerService
06-04 12:13:07.571 D/SystemServerTimingAsync( 693): ssm.onUnlockingUser-0_com.android.server.logcat.LogcatManagerService
06-04 12:13:07.571 D/SystemServerTimingAsync( 693): ssm.onUnlockingUser-0_com.android.server.inputmethod.InputMethodManagerService$Lifecycle
06-04 12:13:07.572 D/SystemServerTimingAsync( 693): ssm.onUnlockingUser-0_com.android.server.accessibility.AccessibilityManagerService$Lifecycle
06-04 12:13:07.572 D/SystemServerTimingAsync( 693): ssm.onUnlockingUser-0_com.android.server.StorageManagerService$Lifecycle
06-04 12:13:07.572 D/StorageManagerService( 693): onUnlockUser 0
06-04 12:13:07.572 I/StorageSessionController( 693): On user unlock 0
06-04 12:13:07.572 I/StorageSessionController( 693): Initialialising...
06-04 12:13:07.575 I/vold ( 251): onUserStarted: 0
06-04 12:13:07.576 D/SystemServerTimingAsync( 693): ssm.onUnlockingUser-0_com.android.server.usage.StorageStatsService$Lifecycle
06-04 12:13:07.576 D/SystemServerTimingAsync( 693): ssm.onUnlockingUser-0_com.android.server.UiModeManagerService
06-04 12:13:07.576 D/SystemServerTimingAsync( 693): ssm.onUnlockingUser-0_com.android.server.locales.LocaleManagerService
06-04 12:13:07.576 D/SystemServerTimingAsync( 693): ssm.onUnlockingUser-0_com.android.server.grammaticalinflection.GrammaticalInflectionService
06-04 12:13:07.576 D/SystemServerTimingAsync( 693): ssm.onUnlockingUser-0_com.android.server.apphibernation.AppHibernationService
06-04 12:13:07.577 D/vold ( 251): /system/bin/sgdisk
06-04 12:13:07.577 D/vold ( 251): --android-dump
06-04 12:13:07.577 D/vold ( 251): /dev/block/vold/disk:8,0
06-04 12:13:07.577 D/SystemServerTimingAsync( 693): ssm.onUnlockingUser-0_com.android.server.locksettings.LockSettingsService$Lifecycle
06-04 12:13:07.577 D/SystemServerTimingAsync( 693): ssm.onUnlockingUser-0_com.android.server.PersistentDataBlockService
06-04 12:13:07.577 D/SystemServerTimingAsync( 693): ssm.onUnlockingUser-0_com.android.server.testharness.TestHarnessModeService
06-04 12:13:07.577 D/SystemServerTimingAsync( 693): ssm.onUnlockingUser-0_com.android.server.oemlock.OemLockService
06-04 12:13:07.577 D/SystemServerTimingAsync( 693): ssm.onUnlockingUser-0_com.android.server.DeviceIdleController
06-04 12:13:07.577 D/SystemServerTimingAsync( 693): ssm.onUnlockingUser-0_com.android.server.devicepolicy.DevicePolicyManagerService$Lifecycle
06-04 12:13:07.578 D/SystemServerTimingAsync( 693): ssm.onUnlockingUser-0_com.android.server.texttospeech.TextToSpeechManagerService
06-04 12:13:07.578 D/SystemServerTimingAsync( 693): ssm.onUnlockingUser-0_com.android.server.ambientcontext.AmbientContextManagerService
06-04 12:13:07.579 I/AmbientContextManagerService( 693): serviceNames sent in newServiceListLocked is null, or empty
06-04 12:13:07.579 D/SystemServerTimingAsync( 693): ssm.onUnlockingUser-0_com.android.server.wearable.WearableSensingManagerService
06-04 12:13:07.579 D/LockSettingsService( 693): Hiding encryption notification for user 0
06-04 12:13:07.579 D/WearableSensingManagerService( 693): onServiceRemoved
06-04 12:13:07.579 D/WearableSensingManagerPerUserService( 693): Trying to cancel the remote request. Reason: Service destroyed.
06-04 12:13:07.579 D/SystemServerTimingAsync( 693): ssm.onUnlockingUser-0_com.android.server.speech.SpeechRecognitionManagerService
06-04 12:13:07.579 D/SystemServerTimingAsync( 693): ssm.onUnlockingUser-0_com.android.server.searchui.SearchUiManagerService
06-04 12:13:07.580 D/SystemServerTimingAsync( 693): ssm.onUnlockingUser-0_com.android.server.smartspace.SmartspaceManagerService
06-04 12:13:07.580 D/SystemServerTimingAsync( 693): ssm.onUnlockingUser-0_com.android.server.graphics.fonts.FontManagerService$Lifecycle
06-04 12:13:07.580 D/SystemServerTimingAsync( 693): ssm.onUnlockingUser-0_com.android.server.textservices.TextServicesManagerService$Lifecycle
06-04 12:13:07.580 W/TextServicesManagerService( 693): no available spell checker services found
06-04 12:13:07.581 D/SystemServerTimingAsync( 693): ssm.onUnlockingUser-0_com.android.server.textclassifier.TextClassificationManagerService$Lifecycle
06-04 12:13:07.581 D/SystemServerTimingAsync( 693): ssm.onUnlockingUser-0_com.android.server.NetworkScoreService$Lifecycle
06-04 12:13:07.581 D/SystemServerTimingAsync( 693): ssm.onUnlockingUser-0_com.android.server.NetworkStatsServiceInitializer
06-04 12:13:07.581 D/SystemServerTimingAsync( 693): ssm.onUnlockingUser-0_com.android.server.wifi.WifiService
06-04 12:13:07.582 I/HibernationStateDiskStore( 693): No hibernation file on disk for file /data/system_ce/0/hibernation/states
06-04 12:13:07.583 V/StorageManagerService( 693): Found primary storage at VolumeInfo{emulated;0}:
06-04 12:13:07.583 V/StorageManagerService( 693): type=EMULATED diskId=null partGuid= mountFlags=0 mountUserId=0
06-04 12:13:07.583 V/StorageManagerService( 693): state=UNMOUNTED
06-04 12:13:07.583 V/StorageManagerService( 693): fsType=null fsUuid=null fsLabel=null
06-04 12:13:07.583 V/StorageManagerService( 693): path=null internalPath=null
06-04 12:13:07.590 D/SystemServerTimingAsync( 693): ssm.onUnlockingUser-0_com.android.server.wifi.scanner.WifiScanningService
06-04 12:13:07.590 D/SystemServerTimingAsync( 693): ssm.onUnlockingUser-0_com.android.server.wifi.p2p.WifiP2pService
06-04 12:13:07.590 D/SystemServerTimingAsync( 693): ssm.onUnlockingUser-0_com.android.server.ConnectivityServiceInitializer
06-04 12:13:07.590 D/SystemServerTimingAsync( 693): ssm.onUnlockingUser-0_com.android.server.notification.NotificationManagerService
06-04 12:13:07.590 D/SystemServerTimingAsync( 693): ssm.onUnlockingUser-0_com.android.server.storage.DeviceStorageMonitorService
06-04 12:13:07.590 D/SystemServerTimingAsync( 693): ssm.onUnlockingUser-0_com.android.server.timedetector.TimeDetectorService$Lifecycle
06-04 12:13:07.590 D/SystemServerTimingAsync( 693): ssm.onUnlockingUser-0_com.android.server.location.LocationManagerService$Lifecycle
06-04 12:13:07.590 D/SystemServerTimingAsync( 693): ssm.onUnlockingUser-0_com.android.server.timezonedetector.TimeZoneDetectorService$Lifecycle
06-04 12:13:07.590 D/SystemServerTimingAsync( 693): ssm.onUnlockingUser-0_com.android.server.location.altitude.AltitudeService$Lifecycle
06-04 12:13:07.590 D/SystemServerTimingAsync( 693): ssm.onUnlockingUser-0_com.android.server.timezonedetector.location.LocationTimeZoneManagerService$Lifecycle
06-04 12:13:07.590 D/SystemServerTimingAsync( 693): ssm.onUnlockingUser-0_com.android.server.search.SearchManagerService$Lifecycle
06-04 12:13:07.590 D/SystemServerTimingAsync( 693): ssm.onUnlockingUser-0_com.android.server.wallpaper.WallpaperManagerService$Lifecycle
06-04 12:13:07.590 D/SystemServerTimingAsync( 693): ssm.onUnlockingUser-0_com.android.server.wallpapereffectsgeneration.WallpaperEffectsGenerationManagerService
06-04 12:13:07.591 D/SystemServerTimingAsync( 693): ssm.onUnlockingUser-0_com.android.server.audio.AudioService$Lifecycle
06-04 12:13:07.591 D/SystemServerTimingAsync( 693): ssm.onUnlockingUser-0_com.android.server.soundtrigger_middleware.SoundTriggerMiddlewareService$Lifecycle
06-04 12:13:07.591 D/SystemServerTimingAsync( 693): ssm.onUnlockingUser-0_com.android.server.adb.AdbService$Lifecycle
06-04 12:13:07.591 D/SystemServerTimingAsync( 693): ssm.onUnlockingUser-0_com.android.server.usb.UsbService$Lifecycle
06-04 12:13:07.592 D/CompatibilityChangeReporter( 693): Compat change id reported: 261072174; UID 1000; state: ENABLED
06-04 12:13:07.592 W/BatteryExternalStatsWorker( 693): error reading modem stats:ERROR_PHONE_NOT_AVAILABLE
06-04 12:13:07.596 D/SystemServerTimingAsync( 693): ssm.onUnlockingUser-0_com.android.server.twilight.TwilightService
06-04 12:13:07.597 D/SystemServerTimingAsync( 693): ssm.onUnlockingUser-0_com.android.server.display.color.ColorDisplayService
06-04 12:13:07.597 D/SystemServerTimingAsync( 693): ssm.onUnlockingUser-0_com.android.server.job.JobSchedulerService
06-04 12:13:07.597 D/SystemServerTimingAsync( 693): ssm.onUnlockingUser-0_com.android.server.soundtrigger.SoundTriggerService
06-04 12:13:07.597 D/SystemServerTimingAsync( 693): ssm.onUnlockingUser-0_com.android.server.trust.TrustManagerService
06-04 12:13:07.597 D/SystemServerTimingAsync( 693): ssm.onUnlockingUser-0_com.android.server.backup.BackupManagerService$Lifecycle
06-04 12:13:07.597 D/SystemServerTimingAsync( 693): ssm.onUnlockingUser-0_com.android.server.appwidget.AppWidgetService
06-04 12:13:07.597 D/SystemServerTimingAsync( 693): ssm.onUnlockingUser-0_com.android.server.voiceinteraction.VoiceInteractionManagerService
06-04 12:13:07.597 W/BatteryExternalStatsWorker( 693): error reading Bluetooth stats: 11
06-04 12:13:07.599 I/BackupManagerService( 693): Starting service for user: 0
06-04 12:13:07.599 W/VoiceInteractionManager( 693): no available voice recognition services found for user 0
06-04 12:13:07.600 D/SystemServerTimingAsync( 693): ssm.onUnlockingUser-0_com.android.server.GestureLauncherService
06-04 12:13:07.600 D/SystemServerTimingAsync( 693): ssm.onUnlockingUser-0_com.android.server.SensorNotificationService
06-04 12:13:07.600 D/SystemServerTimingAsync( 693): ssm.onUnlockingUser-0_com.android.server.emergency.EmergencyAffordanceService
06-04 12:13:07.600 D/SystemServerTimingAsync( 693): ssm.onUnlockingUser-0_com.android.server.blob.BlobStoreManagerService
06-04 12:13:07.600 D/SystemServerTimingAsync( 693): ssm.onUnlockingUser-0_com.android.server.dreams.DreamManagerService
06-04 12:13:07.600 D/SystemServerTimingAsync( 693): ssm.onUnlockingUser-0_com.android.server.security.AttestationVerificationManagerService
06-04 12:13:07.604 D/SystemServerTimingAsync( 693): ssm.onUnlockingUser-0_com.android.server.restrictions.RestrictionsManagerService
06-04 12:13:07.604 D/SystemServerTimingAsync( 693): ssm.onUnlockingUser-0_com.android.server.media.MediaSessionService
06-04 12:13:07.604 D/SystemServerTimingAsync( 693): ssm.onUnlockingUser-0_com.android.server.hdmi.HdmiControlService
06-04 12:13:07.604 D/SystemServerTimingAsync( 693): ssm.onUnlockingUser-0_com.android.server.tv.interactive.TvInteractiveAppManagerService
06-04 12:13:07.604 D/SystemServerTimingAsync( 693): ssm.onUnlockingUser-0_com.android.server.tv.TvInputManagerService
06-04 12:13:07.605 D/SystemServerTimingAsync( 693): ssm.onUnlockingUser-0_com.android.server.media.MediaResourceMonitorService
06-04 12:13:07.605 D/SystemServerTimingAsync( 693): ssm.onUnlockingUser-0_com.android.server.tv.TvRemoteService
06-04 12:13:07.605 D/SystemServerTimingAsync( 693): ssm.onUnlockingUser-0_com.android.server.biometrics.BiometricService
06-04 12:13:07.605 D/SystemServerTimingAsync( 693): ssm.onUnlockingUser-0_com.android.server.biometrics.AuthService
06-04 12:13:07.605 D/SystemServerTimingAsync( 693): ssm.onUnlockingUser-0_com.android.server.pm.ShortcutService$Lifecycle
06-04 12:13:07.606 D/SystemServerTimingAsync( 693): ssm.onUnlockingUser-0_com.android.server.pm.LauncherAppsService
06-04 12:13:07.606 D/SystemServerTimingAsync( 693): ssm.onUnlockingUser-0_com.android.server.pm.CrossProfileAppsService
06-04 12:13:07.606 D/SystemServerTimingAsync( 693): ssm.onUnlockingUser-0_com.android.server.people.PeopleService
06-04 12:13:07.606 D/SystemServerTimingAsync( 693): ssm.onUnlockingUser-0_com.android.server.media.metrics.MediaMetricsManagerService
06-04 12:13:07.606 D/SystemServerTimingAsync( 693): ssm.onUnlockingUser-0_com.android.server.pm.BackgroundInstallControlService
06-04 12:13:07.606 D/SystemServerTimingAsync( 693): ssm.onUnlockingUser-0_com.android.server.media.projection.MediaProjectionManagerService
06-04 12:13:07.606 D/SystemServerTimingAsync( 693): ssm.onUnlockingUser-0_com.android.server.slice.SliceManagerService$Lifecycle
06-04 12:13:07.606 D/SystemServerTimingAsync( 693): ssm.onUnlockingUser-0_com.android.server.stats.StatsCompanion$Lifecycle
06-04 12:13:07.606 D/SystemServerTimingAsync( 693): ssm.onUnlockingUser-0_com.android.server.scheduling.RebootReadinessManagerService$Lifecycle
06-04 12:13:07.606 D/SystemServerTimingAsync( 693): ssm.onUnlockingUser-0_com.android.server.stats.pull.StatsPullAtomService
06-04 12:13:07.606 D/SystemServerTimingAsync( 693): ssm.onUnlockingUser-0_com.android.server.stats.bootstrap.StatsBootstrapAtomService$Lifecycle
06-04 12:13:07.607 D/SystemServerTimingAsync( 693): ssm.onUnlockingUser-0_com.android.server.incident.IncidentCompanionService
06-04 12:13:07.608 D/SystemServerTimingAsync( 693): ssm.onUnlockingUser-0_com.android.server.sdksandbox.SdkSandboxManagerService$Lifecycle
06-04 12:13:07.608 D/SystemServerTimingAsync( 693): ssm.onUnlockingUser-0_com.android.server.adservices.AdServicesManagerService$Lifecycle
06-04 12:13:07.608 D/SystemServerTimingAsync( 693): ssm.onUnlockingUser-0_com.android.server.ondevicepersonalization.OnDevicePersonalizationSystemService$Lifecycle
06-04 12:13:07.608 D/SystemServerTimingAsync( 693): ssm.onUnlockingUser-0_com.android.server.autofill.AutofillManagerService
06-04 12:13:07.608 V/BackupManagerService( 693): [UserID:0] Starting with transport com.android.localtransport/.LocalTransport
06-04 12:13:07.609 D/SystemServerTimingAsync( 693): ssm.onUnlockingUser-0_com.android.server.clipboard.ClipboardService
06-04 12:13:07.609 D/SystemServerTimingAsync( 693): ssm.onUnlockingUser-0_com.android.server.appbinding.AppBindingService$Lifecycle
06-04 12:13:07.610 W/AppBindingService( 693): [Default SMS app] u0 Target package not found
06-04 12:13:07.610 D/SystemServerTimingAsync( 693): ssm.onUnlockingUser-0_com.android.server.tracing.TracingServiceProxy
06-04 12:13:07.610 D/SystemServerTimingAsync( 693): ssm.onUnlockingUser-0_com.android.server.policy.PermissionPolicyService
06-04 12:13:07.610 D/SystemServerTimingAsync( 693): ssm.onUnlockingUser-0_com.android.server.pm.StagingManager$Lifecycle
06-04 12:13:07.610 D/SystemServerTimingAsync( 693): ssm.onUnlockingUser-0_com.android.server.app.GameManagerService$Lifecycle
06-04 12:13:07.610 D/BackupManagerService( 693): [UserID:0] Started thread backup-0
06-04 12:13:07.610 D/SystemServerTimingAsync( 693): ssm.onUnlockingUser-0_com.android.safetycenter.SafetyCenterService
06-04 12:13:07.610 D/SystemServerTimingAsync( 693): ssm.onUnlockingUser-0_com.android.server.appsearch.AppSearchModule$Lifecycle
06-04 12:13:07.623 D/SystemServerTimingAsync( 693): ssm.onUnlockingUser-0_com.android.server.media.MediaCommunicationService
06-04 12:13:07.623 D/SystemServerTimingAsync( 693): ssm.onUnlockingUser-0_com.android.server.compat.overrides.AppCompatOverridesService$Lifecycle
06-04 12:13:07.623 D/SystemServerTimingAsync( 693): ssm.onUnlockingUser-0_com.android.server.healthconnect.HealthConnectManagerService
06-04 12:13:07.623 D/SystemServerTimingAsync( 693): ssm.onUnlockingUser-0_com.android.server.devicelock.DeviceLockService
06-04 12:13:07.623 D/DeviceLockService( 693): onUserUnlocking
06-04 12:13:07.625 I/ActivityTaskManager( 693): Loading recents for user 0 into memory.
06-04 12:13:07.625 D/SystemServerTiming( 693): finishUserUnlocked-0
06-04 12:13:07.626 I/ActivityManager( 693): User 0 state changed from RUNNING_UNLOCKING to RUNNING_UNLOCKED
06-04 12:13:07.638 V/SystemServerTiming( 693): SystemUserUnlock took to complete: 477ms
06-04 12:13:07.641 I/UsageStatsService( 693): User[0] Rollover scheduled @ 2025-06-05 12:13:07(1749096787602)
06-04 12:13:07.641 I/UsageStatsService( 693): Time changed in by 1749010362 seconds
06-04 12:13:07.647 I/UsageStatsService( 693): User[0] Flushing usage stats to disk
06-04 12:13:07.653 D/vold ( 251): DISK mbr
06-04 12:13:07.654 D/vold ( 251): PART 1 7
06-04 12:13:07.660 V/PackageConfigPersister( 693): loadPackages: empty list files from /data/system_ce/0/package_configs
06-04 12:13:07.661 I/vold ( 251): now can access :/dev/block/sda1
06-04 12:13:07.662 I/ActivityManager( 693): com.dangbei.lerad.etna.haqu is exempt from freezer
06-04 12:13:07.662 W/vold ( 251): table kMbr part type 7
06-04 12:13:07.663 I/StorageManagerService( 693): Mounting volume VolumeInfo{emulated;0}:
06-04 12:13:07.663 I/StorageManagerService( 693): type=EMULATED diskId=null partGuid= mountFlags=PRIMARY|VISIBLE_FOR_WRITE
06-04 12:13:07.663 I/StorageManagerService( 693): mountUserId=0 state=UNMOUNTED
06-04 12:13:07.663 I/StorageManagerService( 693): fsType=null fsUuid=null fsLabel=null
06-04 12:13:07.663 I/StorageManagerService( 693): path=null internalPath=null
06-04 12:13:07.664 I/vold ( 251): Mounting emulated fuse volume
06-04 12:13:07.664 D/CompatibilityChangeReporter( 693): Compat change id reported: 135634846; UID 1000; state: DISABLED
06-04 12:13:07.667 W/BroadcastLoopers( 693): Found previously unknown looper Thread[ActivityManager,5,main]
06-04 12:13:07.669 I/ActivityManager( 693): Posting BOOT_COMPLETED user #0
06-04 12:13:07.670 D/SystemServerTimingAsync( 693): ssm.UnlockedUser-0
06-04 12:13:07.670 I/SystemServiceManager( 693): Calling onUnlockedUser 0
06-04 12:13:07.670 D/SystemServerTimingAsync( 693): ssm.onUnlockedUser-0_com.android.server.security.FileIntegrityService
06-04 12:13:07.670 D/SystemServerTimingAsync( 693): ssm.onUnlockedUser-0_com.android.server.pm.Installer
06-04 12:13:07.670 D/SystemServerTimingAsync( 693): ssm.onUnlockedUser-0_com.android.server.os.DeviceIdentifiersPolicyService
06-04 12:13:07.670 D/SystemServerTimingAsync( 693): ssm.onUnlockedUser-0_com.android.server.flags.FeatureFlagsService
06-04 12:13:07.670 D/SystemServerTimingAsync( 693): ssm.onUnlockedUser-0_com.android.server.uri.UriGrantsManagerService$Lifecycle
06-04 12:13:07.670 D/SystemServerTimingAsync( 693): ssm.onUnlockedUser-0_com.android.server.powerstats.PowerStatsService
06-04 12:13:07.670 D/SystemServerTimingAsync( 693): ssm.onUnlockedUser-0_com.android.server.permission.access.AccessCheckingService
06-04 12:13:07.670 D/SystemServerTimingAsync( 693): ssm.onUnlockedUser-0_com.android.server.wm.ActivityTaskManagerService$Lifecycle
06-04 12:13:07.671 I/LaunchParamsPersister( 693): Didn't find launch param folder for user 0
06-04 12:13:07.672 D/SystemServerTimingAsync( 693): ssm.onUnlockedUser-0_com.android.server.am.ActivityManagerService$Lifecycle
06-04 12:13:07.672 D/SystemServerTimingAsync( 693): ssm.onUnlockedUser-0_com.android.server.pm.DataLoaderManagerService
06-04 12:13:07.672 D/SystemServerTimingAsync( 693): ssm.onUnlockedUser-0_com.android.server.power.PowerManagerService
06-04 12:13:07.672 D/SystemServerTimingAsync( 693): ssm.onUnlockedUser-0_com.android.server.power.ThermalManagerService
06-04 12:13:07.672 D/SystemServerTimingAsync( 693): ssm.onUnlockedUser-0_com.android.server.power.hint.HintManagerService
06-04 12:13:07.672 D/SystemServerTimingAsync( 693): ssm.onUnlockedUser-0_com.android.server.recoverysystem.RecoverySystemService$Lifecycle
06-04 12:13:07.672 D/SystemServerTimingAsync( 693): ssm.onUnlockedUser-0_com.android.server.lights.LightsService
06-04 12:13:07.672 D/SystemServerTimingAsync( 693): ssm.onUnlockedUser-0_com.android.server.display.DisplayManagerService
06-04 12:13:07.672 D/SystemServerTimingAsync( 693): ssm.onUnlockedUser-0_com.android.server.pm.verify.domain.DomainVerificationService
06-04 12:13:07.672 D/SystemServerTimingAsync( 693): ssm.onUnlockedUser-0_com.android.server.pm.PackageInstallerService$Lifecycle
06-04 12:13:07.672 D/SystemServerTimingAsync( 693): ssm.onUnlockedUser-0_com.android.server.pm.UserManagerService$LifeCycle
06-04 12:13:07.672 D/SystemServerTimingAsync( 693): ssm.onUnlockedUser-0_com.android.server.om.OverlayManagerService
06-04 12:13:07.672 D/SystemServerTimingAsync( 693): ssm.onUnlockedUser-0_com.android.server.resources.ResourcesManagerService
06-04 12:13:07.672 D/SystemServerTimingAsync( 693): ssm.onUnlockedUser-0_com.android.server.sensorprivacy.SensorPrivacyService
06-04 12:13:07.672 D/SystemServerTimingAsync( 693): ssm.onUnlockedUser-0_com.android.server.sensors.SensorService
06-04 12:13:07.672 D/SystemServerTimingAsync( 693): ssm.onUnlockedUser-0_com.android.server.SystemConfigService
06-04 12:13:07.672 D/SystemServerTimingAsync( 693): ssm.onUnlockedUser-0_com.android.server.BatteryService
06-04 12:13:07.672 D/SystemServerTimingAsync( 693): ssm.onUnlockedUser-0_com.android.server.usage.UsageStatsService
06-04 12:13:07.672 D/SystemServerTimingAsync( 693): ssm.onUnlockedUser-0_com.android.server.webkit.WebViewUpdateService
06-04 12:13:07.672 D/SystemServerTimingAsync( 693): ssm.onUnlockedUser-0_com.android.server.CachedDeviceStateService
06-04 12:13:07.672 D/SystemServerTimingAsync( 693): ssm.onUnlockedUser-0_com.android.server.BinderCallsStatsService$LifeCycle
06-04 12:13:07.672 D/SystemServerTimingAsync( 693): ssm.onUnlockedUser-0_com.android.server.LooperStatsService$Lifecycle
06-04 12:13:07.672 D/SystemServerTimingAsync( 693): ssm.onUnlockedUser-0_com.android.server.rollback.RollbackManagerService
06-04 12:13:07.672 D/SystemServerTimingAsync( 693): ssm.onUnlockedUser-0_com.android.server.os.NativeTombstoneManagerService
06-04 12:13:07.672 D/SystemServerTimingAsync( 693): ssm.onUnlockedUser-0_com.android.server.os.BugreportManagerService
06-04 12:13:07.672 D/SystemServerTimingAsync( 693): ssm.onUnlockedUser-0_com.android.server.gpu.GpuService
06-04 12:13:07.672 D/SystemServerTimingAsync( 693): ssm.onUnlockedUser-0_com.android.server.security.rkp.RemoteProvisioningService
06-04 12:13:07.672 D/SystemServerTimingAsync( 693): ssm.onUnlockedUser-0_com.android.server.security.KeyChainSystemService
06-04 12:13:07.672 D/SystemServerTimingAsync( 693): ssm.onUnlockedUser-0_com.android.server.BinaryTransparencyService
