06-04 17:01:17.036 I/AmFFmpegExtractor( 605): video:demux: has b-frame = 1
06-04 17:01:17.036 I/AmFFmpegExtractor( 605): video:demux: width = 704, height = 400
06-04 17:01:17.036 I/AmFFmpegExtractor( 605): SAR [1:1]
06-04 17:01:17.036 E/AmFFmpegExtractor( 605): demux: frame_number = 0
06-04 17:01:17.036 I/AmFFmpegExtractor( 605): init kKeyFrameRate = 24(23.969999)
06-04 17:01:17.036 I/AmFFmpegExtractor( 605): set frame-rate 24 rationalFramerate num 2997 den 125
06-04 17:01:17.036 I/AmFFmpegExtractor( 605): av_find_input_format webm set UNSTABLE_PTS
06-04 17:01:17.036 I/AmFFmpegExtractor( 605): mIsDolbyVison :0, mCreate_two_tracks_dv:0, codec_id: 12(AVC:27,HEVC:173), DvCFG:0(0), TAG:XVID
06-04 17:01:17.036 I/AmFFmpegExtractor( 605): Mime:video/mp4v-es
06-04 17:01:17.036 I/StreamFormatter( 605): Creating formatter for codec id : 12 extradata size : 58
06-04 17:01:17.036 I/AmFFmpegExtractor( 605): [init 3565] mIsDolbyVison:0, i:0
06-04 17:01:17.036 I/AmFFmpegExtractor( 605): Stream 1(1) [audio/ac3][codecid:0x15003(0x15003)] found.
06-04 17:01:17.036 I/AmFFmpegExtractor( 605): [AmFFmpegSource 717]startTimeUs:0, seekable:1
06-04 17:01:17.036 I/AmFFmpegExtractor( 605): [init 753](0xee343c70)
06-04 17:01:17.036 E/AmFFmpegExtractor( 605): mAudioMuxRead 0
06-04 17:01:17.036 I/AmFFmpegExtractor( 605): init kKeyDuration = 289344000
06-04 17:01:17.036 I/AmFFmpegExtractor( 605): audio:demux: fmt = -1
06-04 17:01:17.036 I/AmFFmpegExtractor( 605): audio:demux: channels = 2
06-04 17:01:17.036 I/AmFFmpegExtractor( 605): audio:demux: sample_rate = 48000
06-04 17:01:17.036 I/AmFFmpegExtractor( 605): audio:demux: bit_rate = 224000
06-04 17:01:17.036 I/AmFFmpegExtractor( 605): audio:demux: codec_id = 86019
06-04 17:01:17.036 I/AmFFmpegExtractor( 605): audio:demux: stream startTimeUs = 0
06-04 17:01:17.036 I/AmFFmpegExtractor( 605): audio:demux: block_align = 0
06-04 17:01:17.036 I/AmFFmpegExtractor( 605): Mime:audio/ac3
06-04 17:01:17.036 I/StreamFormatter( 605): Creating formatter for codec id : 86019 extradata size : 0
06-04 17:01:17.036 I/AmFFmpegExtractor( 605): [init 3565] mIsDolbyVison:0, i:1
06-04 17:01:17.036 I/AmFFmpegExtractor( 605): Stream 1(1) [audio/ac3][codecid:0x15003(0x15003)] found.
06-04 17:01:17.036 I/AmFFmpegExtractor( 605): [AmFFmpegSource 717]startTimeUs:0, seekable:1
06-04 17:01:17.036 I/AmFFmpegExtractor( 605): [init 753](0xee3435e0)
06-04 17:01:17.036 E/AmFFmpegExtractor( 605): mAudioMuxRead 0
06-04 17:01:17.036 I/AmFFmpegExtractor( 605): init kKeyDuration = 289344000
06-04 17:01:17.036 I/AmFFmpegExtractor( 605): audio:demux: fmt = -1
06-04 17:01:17.036 I/AmFFmpegExtractor( 605): audio:demux: channels = 2
06-04 17:01:17.036 I/AmFFmpegExtractor( 605): audio:demux: sample_rate = 48000
06-04 17:01:17.036 I/AmFFmpegExtractor( 605): audio:demux: bit_rate = 224000
06-04 17:01:17.036 I/AmFFmpegExtractor( 605): audio:demux: codec_id = 86019
06-04 17:01:17.036 I/AmFFmpegExtractor( 605): audio:demux: stream startTimeUs = 0
06-04 17:01:17.036 I/AmFFmpegExtractor( 605): audio:demux: block_align = 0
06-04 17:01:17.036 I/AmFFmpegExtractor( 605): Mime:audio/ac3
06-04 17:01:17.036 I/StreamFormatter( 605): Creating formatter for codec id : 86019 extradata size : 0
06-04 17:01:17.036 I/AmFFmpegExtractor( 605): [init 3565] mIsDolbyVison:0, i:2
06-04 17:01:17.036 I/AmFFmpegExtractor( 605): Stream 3(3) [subtitle/dvd][codecid:0x17000(0x17000)] found.
06-04 17:01:17.036 I/AmFFmpegExtractor( 605): [AmFFmpegSource 717]startTimeUs:0, seekable:0
06-04 17:01:17.036 I/AmFFmpegExtractor( 605): [init 753](0xee342b60)
06-04 17:01:17.036 E/AmFFmpegExtractor( 605): mAudioMuxRead 0
06-04 17:01:17.037 I/AmFFmpegExtractor( 605): init kKeyDuration = 289344000
06-04 17:01:17.037 I/AmFFmpegExtractor( 605): Mime:subtitle/dvd
06-04 17:01:17.037 I/StreamFormatter( 605): Creating formatter for codec id : 94208 extradata size : 347
06-04 17:01:17.037 I/AmFFmpegExtractor( 605): [init 3565] mIsDolbyVison:0, i:3
06-04 17:01:17.037 I/AmFFmpegExtractor( 605): pthread_create OK pid:-430980672
06-04 17:01:17.037 I/AmFFmpegExtractor( 605): feedMore_task in
06-04 17:01:17.039 I/AmAVUtils( 608): set default max-input-size to 1887436
06-04 17:01:17.042 I/AmFFmpegExtractor( 605): feedMore_task out toBeExit:1 , err:0
06-04 17:01:17.042 I/AmFFmpegExtractor( 605): [~AmFFmpegExtractor 2707] feedMore task has exited.
06-04 17:01:17.042 I/AmFFmpegExtractor( 605): [~AmFFmpegSource 732]
06-04 17:01:17.043 I/AmFFmpegExtractor( 605): [~AmFFmpegSource 732]
06-04 17:01:17.043 I/AmFFmpegExtractor( 605): [~AmFFmpegSource 732]
06-04 17:01:17.043 I/AmFFmpegExtractor( 605): [~AmFFmpegSource 732]
06-04 17:01:17.045 I/AmFFmpegExtractor( 605): [~AmFFmpegExtractor 2720]
06-04 17:01:17.045 I/AmFFmpegExtractor( 605): [~AmFFmpegExtractor 2723]
06-04 17:01:17.045 W/RefBase ( 605): RefBase: Explicit destruction, weak count = 0 (in 0xea104da4). Use sp<> to manage this object.
06-04 17:01:17.045 W/RefBase ( 605): CallStack::getCurrentInternal not linked, returning null
06-04 17:01:17.045 W/RefBase ( 605): CallStack::logStackInternal not linked
06-04 17:01:17.045 E/MetadataRetrieverClient( 608): unable to dlopen metadata_retriever extension: dlopen failed: library "libmetadataretriever_ext.so" not found
06-04 17:01:17.050 I/AmFFmpegByteIOAdapter( 605): File size : 177605300
06-04 17:01:17.069 I/AmFFmpegExtractor( 605): checkInList: iswhite:0, mime:video/x-matroska, type:0, id:12 tag:44495658
06-04 17:01:17.069 I/AmFFmpegExtractor( 605): checkInList: iswhite:1, mime:video/x-matroska, type:0, id:12 tag:44495658
06-04 17:01:17.069 E/AmFFmpegExtractor( 605): codec_ctx->properties: 0
06-04 17:01:17.069 I/AmFFmpegExtractor( 605): checkInList: iswhite:0, mime:video/x-matroska, type:1, id:86017 tag:0
06-04 17:01:17.069 I/AmFFmpegExtractor( 605): checkInList: iswhite:1, mime:video/x-matroska, type:1, id:86017 tag:0
06-04 17:01:17.069 E/AmFFmpegExtractor( 605): codec_ctx->properties: 0
06-04 17:01:17.069 I/AmFFmpegExtractor( 605): checkInList: iswhite:0, mime:video/x-matroska, type:1, id:86017 tag:0
06-04 17:01:17.070 I/AmFFmpegExtractor( 605): checkInList: iswhite:1, mime:video/x-matroska, type:1, id:86017 tag:0
06-04 17:01:17.070 E/AmFFmpegExtractor( 605): codec_ctx->properties: 0
06-04 17:01:17.070 I/AmFFmpegExtractor( 605): checkSupportInList ret 1
06-04 17:01:17.075 I/AmFFmpegExtractor( 605): checkInList: iswhite:0, mime:video/x-matroska, type:0, id:12 tag:44495658
06-04 17:01:17.075 I/AmFFmpegExtractor( 605): checkInList: iswhite:1, mime:video/x-matroska, type:0, id:12 tag:44495658
06-04 17:01:17.075 E/AmFFmpegExtractor( 605): codec_ctx->properties: 0
06-04 17:01:17.075 I/AmFFmpegExtractor( 605): checkInList: iswhite:0, mime:video/x-matroska, type:1, id:86017 tag:0
06-04 17:01:17.075 I/AmFFmpegExtractor( 605): checkInList: iswhite:1, mime:video/x-matroska, type:1, id:86017 tag:0
06-04 17:01:17.075 E/AmFFmpegExtractor( 605): codec_ctx->properties: 0
06-04 17:01:17.075 I/AmFFmpegExtractor( 605): checkInList: iswhite:0, mime:video/x-matroska, type:1, id:86017 tag:0
06-04 17:01:17.075 I/AmFFmpegExtractor( 605): checkInList: iswhite:1, mime:video/x-matroska, type:1, id:86017 tag:0
06-04 17:01:17.075 E/AmFFmpegExtractor( 605): codec_ctx->properties: 0
06-04 17:01:17.075 I/AmFFmpegExtractor( 605): checkSupportInList ret 1
06-04 17:01:17.076 I/AmFFmpegExtractor( 605): SniffAmFFmpeg ok, confidence = 0.050000
06-04 17:01:17.087 I/AmAVUtils( 608): set default max-input-size to 1887436
06-04 17:01:17.093 E/MetadataRetrieverClient( 608): unable to dlopen metadata_retriever extension: dlopen failed: library "libmetadataretriever_ext.so" not found
06-04 17:01:17.098 I/AmFFmpegExtractor( 605): fast startup in ffmpegextractor for avi stream.
06-04 17:01:17.098 I/AmFFmpegExtractor( 605): is in white list : 1
06-04 17:01:17.098 I/AmFFmpegExtractor( 605): SniffAmFFmpeg ok, confidence = 0.800000
06-04 17:01:17.105 W/AString ( 605): ctor got NULL, using empty string instead
06-04 17:01:17.105 I/AmFFmpegExtractor( 605):
06-04 17:01:17.105 I/AmFFmpegExtractor( 605): -----------AmFFmpegExtractor Info---------
06-04 17:01:17.105 I/AmFFmpegExtractor( 605):
06-04 17:01:17.105 I/AmFFmpegExtractor( 605): MM-module-name:Extractor,Version:5.1.7-g0c7d1d4(build:6351)
06-04 17:01:17.105 I/AmFFmpegExtractor( 605):
06-04 17:01:17.105 I/AmFFmpegExtractor( 605): ARCH = arm
06-04 17:01:17.105 I/AmFFmpegExtractor( 605): Author: multi-media team
06-04 17:01:17.105 I/AmFFmpegExtractor( 605): Branch name: * (HEAD detached at 0c7d1d4)
06-04 17:01:17.105 I/AmFFmpegExtractor( 605): Last Commit Info:
06-04 17:01:17.105 I/AmFFmpegExtractor( 605): commit 0c7d1d450b4d7ecd11fc2ddd21a6e67e11d0b24d
06-04 17:01:17.105 I/AmFFmpegExtractor( 605): Author: wang.ren
06-04 17:01:17.105 I/AmFFmpegExtractor( 605): Date: Mon Nov 18 08:39:16 2024 +0000
06-04 17:01:17.105 I/AmFFmpegExtractor( 605): AmFFmpegExtractor: CB2 invalid nal length when parse nal data [1/1]
06-04 17:01:17.105 I/AmFFmpegExtractor( 605): PD#SWPL-190774
06-04 17:01:17.105 I/AmFFmpegExtractor( 605): Change-Id: I639741fa67a5b027e7d8eaa1b588f753d2326e47
06-04 17:01:17.105 I/AmFFmpegExtractor( 605): Uncommitted-file-num:1
06-04 17:01:17.105 I/AmFFmpegExtractor( 605): Build-time: Thu Nov 28 13:44:43 CST 2024
06-04 17:01:17.105 I/AmFFmpegExtractor( 605): Build-name: drm.autobuild
06-04 17:01:17.105 I/AmFFmpegExtractor( 605): -----------------------------------------
06-04 17:01:17.105 I/AmFFmpegExtractor( 605): media.ffmpegextractor.loglevel 16
06-04 17:01:17.105 I/AmFFmpegExtractor( 605): vendor.media.ffmpegextractor.ESLen264Check : 10
06-04 17:01:17.105 I/AmFFmpegExtractor( 605): vendor.media.ffmpegextractor.ESLen265Check : 50
06-04 17:01:17.105 I/AmFFmpegByteIOAdapter( 605): File size : 724814942
06-04 17:01:17.108 I/AmFFmpegExtractor( 605): AmFFmpegExtractor mInputFormat name {avi [(null)]}
06-04 17:01:17.477 I/AmFFmpegExtractor( 605): ///////////////start dump format
06-04 17:01:17.477 I/AmFFmpegExtractor( 605): [init 3386] video/avi
06-04 17:01:17.478 I/AmFFmpegExtractor( 605): isMusic major_brand:null
06-04 17:01:17.478 I/AmFFmpegExtractor( 605): Stream 0(0) [video/mp4v-es][codecid:0xc(0xc)] found.
06-04 17:01:17.478 I/AmFFmpegExtractor( 605): [AmFFmpegSource 717]startTimeUs:0, seekable:1
06-04 17:01:17.478 I/AmFFmpegExtractor( 605): [init 753](0xee342770)
06-04 17:01:17.478 E/AmFFmpegExtractor( 605): mAudioMuxRead 0
06-04 17:01:17.478 I/AmFFmpegExtractor( 605): init kKeyDuration = 6015921775
06-04 17:01:17.478 I/AmFFmpegExtractor( 605): av_find_input_format is avi
06-04 17:01:17.478 I/AmFFmpegExtractor( 605): VIDEO stream startTimeUs = 0
06-04 17:01:17.478 I/AmFFmpegExtractor( 605): video:demux: extradata_size = 46
06-04 17:01:17.478 I/AmFFmpegExtractor( 605): video:demux: has b-frame = 1
06-04 17:01:17.478 I/AmFFmpegExtractor( 605): video:demux: width = 640, height = 288
06-04 17:01:17.478 I/AmFFmpegExtractor( 605): SAR [1:1]
06-04 17:01:17.478 E/AmFFmpegExtractor( 605): demux: frame_number = 144238
06-04 17:01:17.478 I/AmFFmpegExtractor( 605): init kKeyFrameRate = 24(23.969999)
06-04 17:01:17.478 I/AmFFmpegExtractor( 605): set frame-rate 24 rationalFramerate num 10000000 den 417083
06-04 17:01:17.478 I/AmFFmpegExtractor( 605): av_find_input_format avi set UNSTABLE_PTS
06-04 17:01:17.478 I/AmFFmpegExtractor( 605): mIsDolbyVison :0, mCreate_two_tracks_dv:0, codec_id: 12(AVC:27,HEVC:173), DvCFG:0(0), TAG:XVID
06-04 17:01:17.478 I/AmFFmpegExtractor( 605): Mime:video/mp4v-es
06-04 17:01:17.478 I/StreamFormatter( 605): Creating formatter for codec id : 12 extradata size : 46
06-04 17:01:17.478 I/AmFFmpegExtractor( 605): [init 3565] mIsDolbyVison:0, i:0
06-04 17:01:17.478 I/AmFFmpegExtractor( 605): Stream 1(1) [audio/mpeg][codecid:0x15001(0x15001)] found.
06-04 17:01:17.478 I/AmFFmpegExtractor( 605): [AmFFmpegSource 717]startTimeUs:0, seekable:1
06-04 17:01:17.478 I/AmFFmpegExtractor( 605): [init 753](0xee3439d0)
06-04 17:01:17.478 E/AmFFmpegExtractor( 605): mAudioMuxRead 0
06-04 17:01:17.478 I/AmFFmpegExtractor( 605): init kKeyDuration = 6015921775
06-04 17:01:17.478 I/AmFFmpegExtractor( 605): av_find_input_format is avi
06-04 17:01:17.479 I/AmFFmpegExtractor( 605): audio:demux: fmt = 8
06-04 17:01:17.479 I/AmFFmpegExtractor( 605): audio:demux: channels = 2
06-04 17:01:17.479 I/AmFFmpegExtractor( 605): audio:demux: sample_rate = 32000
06-04 17:01:17.479 I/AmFFmpegExtractor( 605): audio:demux: bit_rate = 96000
06-04 17:01:17.479 I/AmFFmpegExtractor( 605): audio:demux: codec_id = 86017
06-04 17:01:17.479 I/AmFFmpegExtractor( 605): audio:demux: stream startTimeUs = 0
06-04 17:01:17.479 I/AmFFmpegExtractor( 605): audio:demux: block_align = 1
06-04 17:01:17.479 E/AmFFmpegExtractor( 605): kKeyMediaLanguage audio lang null
06-04 17:01:17.479 I/AmFFmpegExtractor( 605): Mime:audio/mpeg
06-04 17:01:17.479 I/StreamFormatter( 605): Creating formatter for codec id : 86017 extradata size : 12
06-04 17:01:17.479 I/AmFFmpegExtractor( 605): [init 3565] mIsDolbyVison:0, i:1
06-04 17:01:17.479 I/AmFFmpegExtractor( 605): pthread_create OK pid:-430980672
06-04 17:01:17.480 I/AmFFmpegExtractor( 605): feedMore_task in
06-04 17:01:17.481 I/AmAVUtils( 608): set default max-input-size to 1887436
06-04 17:01:17.484 I/AmFFmpegExtractor( 605): feedMore_task out toBeExit:1 , err:0
06-04 17:01:17.484 I/AmFFmpegExtractor( 605): [~AmFFmpegExtractor 2707] feedMore task has exited.
06-04 17:01:17.484 I/AmFFmpegExtractor( 605): [~AmFFmpegSource 732]
06-04 17:01:17.484 I/AmFFmpegExtractor( 605): [~AmFFmpegSource 732]
06-04 17:01:17.485 I/AmFFmpegExtractor( 605): [~AmFFmpegExtractor 2720]
06-04 17:01:17.485 I/AmFFmpegExtractor( 605): [~AmFFmpegExtractor 2723]
06-04 17:01:17.485 W/RefBase ( 605): RefBase: Explicit destruction, weak count = 0 (in 0xea102654). Use sp<> to manage this object.
06-04 17:01:17.485 W/RefBase ( 605): CallStack::getCurrentInternal not linked, returning null
06-04 17:01:17.485 W/RefBase ( 605): CallStack::logStackInternal not linked
06-04 17:01:17.487 E/MetadataRetrieverClient( 608): unable to dlopen metadata_retriever extension: dlopen failed: library "libmetadataretriever_ext.so" not found
06-04 17:01:17.492 I/AmFFmpegByteIOAdapter( 605): File size : 251307767
06-04 17:01:17.507 I/AmFFmpegExtractor( 605): checkInList: iswhite:0, mime:video/x-matroska, type:0, id:12 tag:30355844
06-04 17:01:17.508 I/AmFFmpegExtractor( 605): checkInList: iswhite:1, mime:video/x-matroska, type:0, id:12 tag:30355844
06-04 17:01:17.508 E/AmFFmpegExtractor( 605): codec_ctx->properties: 0
06-04 17:01:17.508 I/AmFFmpegExtractor( 605): checkInList: iswhite:0, mime:video/x-matroska, type:1, id:86018 tag:0
06-04 17:01:17.508 I/AmFFmpegExtractor( 605): checkInList: iswhite:1, mime:video/x-matroska, type:1, id:86018 tag:0
06-04 17:01:17.508 E/AmFFmpegExtractor( 605): true: iswhite:1, type:1, id:86018 tag:ffffffff
06-04 17:01:17.508 E/AmFFmpegExtractor( 605): codec_ctx->properties: 0
06-04 17:01:17.508 I/AmFFmpegExtractor( 605): checkSupportInList ret 1
06-04 17:01:17.508 I/AmFFmpegExtractor( 605): is in white list : 1
06-04 17:01:17.508 I/AmFFmpegExtractor( 605): SniffAmFFmpeg ok, confidence = 0.800000
06-04 17:01:17.524 W/AString ( 605): ctor got NULL, using empty string instead
06-04 17:01:17.525 I/AmFFmpegExtractor( 605):
06-04 17:01:17.525 I/AmFFmpegExtractor( 605): -----------AmFFmpegExtractor Info---------
06-04 17:01:17.525 I/AmFFmpegExtractor( 605):
06-04 17:01:17.525 I/AmFFmpegExtractor( 605): MM-module-name:Extractor,Version:5.1.7-g0c7d1d4(build:6351)
06-04 17:01:17.525 I/AmFFmpegExtractor( 605):
06-04 17:01:17.525 I/AmFFmpegExtractor( 605): ARCH = arm
06-04 17:01:17.525 I/AmFFmpegExtractor( 605): Author: multi-media team
06-04 17:01:17.525 I/AmFFmpegExtractor( 605): Branch name: * (HEAD detached at 0c7d1d4)
06-04 17:01:17.525 I/AmFFmpegExtractor( 605): Last Commit Info:
06-04 17:01:17.525 I/AmFFmpegExtractor( 605): commit 0c7d1d450b4d7ecd11fc2ddd21a6e67e11d0b24d
06-04 17:01:17.525 I/AmFFmpegExtractor( 605): Author: wang.ren
06-04 17:01:17.525 I/AmFFmpegExtractor( 605): Date: Mon Nov 18 08:39:16 2024 +0000
06-04 17:01:17.525 I/AmFFmpegExtractor( 605): AmFFmpegExtractor: CB2 invalid nal length when parse nal data [1/1]
06-04 17:01:17.525 I/AmFFmpegExtractor( 605): PD#SWPL-190774
06-04 17:01:17.525 I/AmFFmpegExtractor( 605): Change-Id: I639741fa67a5b027e7d8eaa1b588f753d2326e47
06-04 17:01:17.525 I/AmFFmpegExtractor( 605): Uncommitted-file-num:1
06-04 17:01:17.525 I/AmFFmpegExtractor( 605): Build-time: Thu Nov 28 13:44:43 CST 2024
06-04 17:01:17.525 I/AmFFmpegExtractor( 605): Build-name: drm.autobuild
06-04 17:01:17.525 I/AmFFmpegExtractor( 605): -----------------------------------------
06-04 17:01:17.525 I/AmFFmpegExtractor( 605): media.ffmpegextractor.loglevel 16
06-04 17:01:17.525 I/AmFFmpegExtractor( 605): vendor.media.ffmpegextractor.ESLen264Check : 10
06-04 17:01:17.525 I/AmFFmpegExtractor( 605): vendor.media.ffmpegextractor.ESLen265Check : 50
06-04 17:01:17.525 I/AmFFmpegByteIOAdapter( 605): File size : 251307767
06-04 17:01:17.526 I/AmFFmpegExtractor( 605): AmFFmpegExtractor mInputFormat name {matroska,webm [(null)]}
06-04 17:01:17.532 I/AmFFmpegExtractor( 605): ///////////////start dump format
06-04 17:01:17.532 I/AmFFmpegExtractor( 605): [init 3386] video/x-matroska
06-04 17:01:17.532 I/AmFFmpegExtractor( 605): isMusic major_brand:null
06-04 17:01:17.533 I/AmFFmpegExtractor( 605): Stream 0(0) [video/mp4v-es][codecid:0xc(0xc)] found.
06-04 17:01:17.533 I/AmFFmpegExtractor( 605): isDIVX : unsupported tag: DX50.
06-04 17:01:17.533 I/AmFFmpegExtractor( 605): Stream 1(1) [audio/mp4a-latm][codecid:0x15002(0x15002)] found.
06-04 17:01:17.533 I/AmFFmpegExtractor( 605): [AmFFmpegSource 717]startTimeUs:0, seekable:1
06-04 17:01:17.533 I/AmFFmpegExtractor( 605): [init 753](0xee3439d0)
06-04 17:01:17.533 E/AmFFmpegExtractor( 605): mAudioMuxRead 0
06-04 17:01:17.533 I/AmFFmpegExtractor( 605): init kKeyDuration = 1530026000
06-04 17:01:17.533 I/AmFFmpegExtractor( 605): audio:demux: fmt = 8
06-04 17:01:17.533 I/AmFFmpegExtractor( 605): audio:demux: channels = 2
06-04 17:01:17.533 I/AmFFmpegExtractor( 605): audio:demux: sample_rate = 48000
06-04 17:01:17.533 I/AmFFmpegExtractor( 605): audio:demux: bit_rate = 0
06-04 17:01:17.533 I/AmFFmpegExtractor( 605): audio:demux: codec_id = 86018
06-04 17:01:17.533 I/AmFFmpegExtractor( 605): audio:demux: stream startTimeUs = 0
06-04 17:01:17.533 I/AmFFmpegExtractor( 605): audio:demux: block_align = 0
06-04 17:01:17.533 E/AmFFmpegExtractor( 605): kKeyMediaLanguage audio lang null
06-04 17:01:17.533 I/AmFFmpegExtractor( 605): Mime:audio/mp4a-latm
06-04 17:01:17.533 I/AmFFmpegExtractor( 605): aac profile:2
06-04 17:01:17.533 I/AmFFmpegExtractor( 605): Mime:audio/mp4a-latm, profile:2 hasextradata:1, mMeta MimeType:audio/mp4a-latm, mExtractor->mIsSetFfmpegFlag:0
06-04 17:01:17.533 I/StreamFormatter( 605): Creating formatter for codec id : 86018 extradata size : 5
06-04 17:01:17.533 I/AmFFmpegExtractor( 605): [init 3565] mIsDolbyVison:0, i:1
06-04 17:01:17.533 I/AmFFmpegExtractor( 605): Not use Thread, by reason of has no activity audio or video.
06-04 17:01:17.538 I/AmFFmpegExtractor( 605): [~AmFFmpegSource 732]
06-04 17:01:17.539 I/AmFFmpegExtractor( 605): [~AmFFmpegExtractor 2720]
06-04 17:01:17.539 I/AmFFmpegExtractor( 605): [~AmFFmpegExtractor 2723]
06-04 17:01:17.539 W/RefBase ( 605): RefBase: Explicit destruction, weak count = 0 (in 0xea1073e4). Use sp<> to manage this object.
06-04 17:01:17.539 W/RefBase ( 605): CallStack::getCurrentInternal not linked, returning null
06-04 17:01:17.539 W/RefBase ( 605): CallStack::logStackInternal not linked
06-04 17:01:17.542 E/MetadataRetrieverClient( 608): unable to dlopen metadata_retriever extension: dlopen failed: library "libmetadataretriever_ext.so" not found
06-04 17:01:17.546 I/AmFFmpegByteIOAdapter( 605): File size : 664258593
06-04 17:01:17.571 I/AmFFmpegExtractor( 605): checkInList: iswhite:0, mime:video/x-matroska, type:0, id:27 tag:0
06-04 17:01:17.571 I/AmFFmpegExtractor( 605): checkInList: iswhite:1, mime:video/x-matroska, type:0, id:27 tag:0
06-04 17:01:17.571 E/AmFFmpegExtractor( 605): true: iswhite:1, type:0, id:27 tag:ffffffff
06-04 17:01:17.571 E/AmFFmpegExtractor( 605): codec_ctx->properties: 0
06-04 17:01:17.571 I/AmFFmpegExtractor( 605): checkInList: iswhite:0, mime:video/x-matroska, type:1, id:86028 tag:0
06-04 17:01:17.571 I/AmFFmpegExtractor( 605): checkInList: iswhite:1, mime:video/x-matroska, type:1, id:86028 tag:0
06-04 17:01:17.571 E/AmFFmpegExtractor( 605): codec_ctx->properties: 0
06-04 17:01:17.571 I/AmFFmpegExtractor( 605): checkSupportInList ret 1
06-04 17:01:17.571 I/AmFFmpegExtractor( 605): is in white list : 1
06-04 17:01:17.571 I/AmFFmpegExtractor( 605): SniffAmFFmpeg ok, confidence = 0.800000
06-04 17:01:17.590 W/AString ( 605): ctor got NULL, using empty string instead
06-04 17:01:17.590 I/AmFFmpegExtractor( 605):
06-04 17:01:17.590 I/AmFFmpegExtractor( 605): -----------AmFFmpegExtractor Info---------
06-04 17:01:17.590 I/AmFFmpegExtractor( 605):
06-04 17:01:17.590 I/AmFFmpegExtractor( 605): MM-module-name:Extractor,Version:5.1.7-g0c7d1d4(build:6351)
06-04 17:01:17.590 I/AmFFmpegExtractor( 605):
06-04 17:01:17.590 I/AmFFmpegExtractor( 605): ARCH = arm
06-04 17:01:17.590 I/AmFFmpegExtractor( 605): Author: multi-media team
06-04 17:01:17.590 I/AmFFmpegExtractor( 605): Branch name: * (HEAD detached at 0c7d1d4)
06-04 17:01:17.590 I/AmFFmpegExtractor( 605): Last Commit Info:
06-04 17:01:17.590 I/AmFFmpegExtractor( 605): commit 0c7d1d450b4d7ecd11fc2ddd21a6e67e11d0b24d
06-04 17:01:17.590 I/AmFFmpegExtractor( 605): Author: wang.ren
06-04 17:01:17.590 I/AmFFmpegExtractor( 605): Date: Mon Nov 18 08:39:16 2024 +0000
06-04 17:01:17.590 I/AmFFmpegExtractor( 605): AmFFmpegExtractor: CB2 invalid nal length when parse nal data [1/1]
06-04 17:01:17.590 I/AmFFmpegExtractor( 605): PD#SWPL-190774
06-04 17:01:17.590 I/AmFFmpegExtractor( 605): Change-Id: I639741fa67a5b027e7d8eaa1b588f753d2326e47
06-04 17:01:17.590 I/AmFFmpegExtractor( 605): Uncommitted-file-num:1
06-04 17:01:17.590 I/AmFFmpegExtractor( 605): Build-time: Thu Nov 28 13:44:43 CST 2024
06-04 17:01:17.590 I/AmFFmpegExtractor( 605): Build-name: drm.autobuild
06-04 17:01:17.590 I/AmFFmpegExtractor( 605): -----------------------------------------
06-04 17:01:17.590 I/AmFFmpegExtractor( 605): media.ffmpegextractor.loglevel 16
06-04 17:01:17.590 I/AmFFmpegExtractor( 605): vendor.media.ffmpegextractor.ESLen264Check : 10
06-04 17:01:17.590 I/AmFFmpegExtractor( 605): vendor.media.ffmpegextractor.ESLen265Check : 50
06-04 17:01:17.590 I/AmFFmpegByteIOAdapter( 605): File size : 664258593
06-04 17:01:17.592 I/AmFFmpegExtractor( 605): AmFFmpegExtractor mInputFormat name {matroska,webm [(null)]}
06-04 17:01:17.624 I/AmFFmpegExtractor( 605): ///////////////start dump format
06-04 17:01:17.625 I/AmFFmpegExtractor( 605): [init 3386] video/x-matroska
06-04 17:01:17.625 I/AmFFmpegExtractor( 605): isMusic major_brand:null
06-04 17:01:17.625 I/AmFFmpegExtractor( 605): Stream 0(0) [video/avc][codecid:0x1b(0x1b)] found.
06-04 17:01:17.625 I/AmFFmpegExtractor( 605): [AmFFmpegSource 717]startTimeUs:0, seekable:1
06-04 17:01:17.625 I/AmFFmpegExtractor( 605): [init 753](0xee3439d0)
06-04 17:01:17.625 E/AmFFmpegExtractor( 605): mAudioMuxRead 0
06-04 17:01:17.625 I/AmFFmpegExtractor( 605): init kKeyDuration = 1336962000
06-04 17:01:17.625 I/AmFFmpegExtractor( 605): VIDEO stream startTimeUs = 0
06-04 17:01:17.625 I/AmFFmpegExtractor( 605): video:demux: extradata_size = 40
06-04 17:01:17.625 I/AmFFmpegExtractor( 605): video:demux: has b-frame = 2
06-04 17:01:17.625 I/AmFFmpegExtractor( 605): video:demux: width = 1280, height = 720
06-04 17:01:17.625 E/AmFFmpegExtractor( 605): demux: frame_number = 0
06-04 17:01:17.625 I/AmFFmpegExtractor( 605): init kKeyFrameRate = 24(23.969999)
06-04 17:01:17.625 I/AmFFmpegExtractor( 605): set frame-rate 24 rationalFramerate num 2997 den 125
06-04 17:01:17.625 I/AmFFmpegExtractor( 605): av_find_input_format webm set UNSTABLE_PTS
06-04 17:01:17.625 I/AmFFmpegExtractor( 605): mIsDolbyVison :0, mCreate_two_tracks_dv:0, codec_id: 27(AVC:27,HEVC:173), DvCFG:0(0), TAG:
06-04 17:01:17.625 I/AmFFmpegExtractor( 605): Mime:video/avc
06-04 17:01:17.625 I/StreamFormatter( 605): Creating formatter for codec id : 27 extradata size : 40
06-04 17:01:17.626 I/AmFFmpegExtractor( 605): [init 3565] mIsDolbyVison:0, i:0
06-04 17:01:17.626 I/AmFFmpegExtractor( 605): Stream 1(1) [audio/ffmpeg][codecid:0x1500c(0x1500c)] found.
06-04 17:01:17.626 I/AmFFmpegExtractor( 605): [AmFFmpegSource 717]startTimeUs:0, seekable:1
06-04 17:01:17.626 I/AmFFmpegExtractor( 605): [init 753](0xee342770)
06-04 17:01:17.626 E/AmFFmpegExtractor( 605): mAudioMuxRead 0
06-04 17:01:17.626 I/AmFFmpegExtractor( 605): init kKeyDuration = 1336962000
06-04 17:01:17.626 I/AmFFmpegExtractor( 605): audio:demux: fmt = 1
06-04 17:01:17.626 I/AmFFmpegExtractor( 605): audio:demux: channels = 2
06-04 17:01:17.626 I/AmFFmpegExtractor( 605): audio:demux: sample_rate = 48000
06-04 17:01:17.626 I/AmFFmpegExtractor( 605): audio:demux: bit_rate = 0
06-04 17:01:17.626 I/AmFFmpegExtractor( 605): audio:demux: codec_id = 86028
06-04 17:01:17.626 I/AmFFmpegExtractor( 605): audio:demux: stream startTimeUs = 0
06-04 17:01:17.626 I/AmFFmpegExtractor( 605): audio:demux: block_align = 0
06-04 17:01:17.626 I/AmFFmpegExtractor( 605): Mime:audio/ffmpeg
06-04 17:01:17.626 I/StreamFormatter( 605): Creating formatter for codec id : 86028 extradata size : 34
06-04 17:01:17.626 I/AmFFmpegExtractor( 605): [init 3565] mIsDolbyVison:0, i:1
06-04 17:01:17.626 I/AmFFmpegExtractor( 605): pthread_create OK pid:-437534272
06-04 17:01:17.626 I/AmFFmpegExtractor( 605): feedMore_task in
06-04 17:01:17.628 I/AmAVUtils( 608): set default max-input-size to 1887436
06-04 17:01:17.631 I/AmFFmpegExtractor( 605): feedMore_task out toBeExit:1 , err:0
06-04 17:01:17.632 I/AmFFmpegExtractor( 605): [~AmFFmpegExtractor 2707] feedMore task has exited.
06-04 17:01:17.632 I/AmFFmpegExtractor( 605): [~AmFFmpegSource 732]
06-04 17:01:17.632 I/AmFFmpegExtractor( 605): [~AmFFmpegSource 732]
06-04 17:01:17.632 I/AmFFmpegExtractor( 605): [~AmFFmpegExtractor 2720]
06-04 17:01:17.632 I/AmFFmpegExtractor( 605): [~AmFFmpegExtractor 2723]
06-04 17:01:17.632 W/RefBase ( 605): RefBase: Explicit destruction, weak count = 0 (in 0xea102a94). Use sp<> to manage this object.
06-04 17:01:17.632 W/RefBase ( 605): CallStack::getCurrentInternal not linked, returning null
06-04 17:01:17.632 W/RefBase ( 605): CallStack::logStackInternal not linked
06-04 17:01:17.634 E/MetadataRetrieverClient( 608): unable to dlopen metadata_retriever extension: dlopen failed: library "libmetadataretriever_ext.so" not found
06-04 17:01:17.638 I/AmFFmpegByteIOAdapter( 605): File size : 271554290
06-04 17:01:17.660 I/AmFFmpegExtractor( 605): checkInList: iswhite:0, mime:video/x-matroska, type:0, id:12 tag:44495658
06-04 17:01:17.660 I/AmFFmpegExtractor( 605): checkInList: iswhite:1, mime:video/x-matroska, type:0, id:12 tag:44495658
06-04 17:01:17.660 E/AmFFmpegExtractor( 605): codec_ctx->properties: 0
06-04 17:01:17.660 I/AmFFmpegExtractor( 605): checkInList: iswhite:0, mime:video/x-matroska, type:1, id:86018 tag:0
06-04 17:01:17.660 I/AmFFmpegExtractor( 605): checkInList: iswhite:1, mime:video/x-matroska, type:1, id:86018 tag:0
06-04 17:01:17.660 E/AmFFmpegExtractor( 605): true: iswhite:1, type:1, id:86018 tag:ffffffff
06-04 17:01:17.660 E/AmFFmpegExtractor( 605): codec_ctx->properties: 0
06-04 17:01:17.660 I/AmFFmpegExtractor( 605): checkSupportInList ret 1
06-04 17:01:17.660 I/AmFFmpegExtractor( 605): is in white list : 1
06-04 17:01:17.660 I/AmFFmpegExtractor( 605): SniffAmFFmpeg ok, confidence = 0.800000
06-04 17:01:17.676 W/AString ( 605): ctor got NULL, using empty string instead
06-04 17:01:17.676 I/AmFFmpegExtractor( 605):
06-04 17:01:17.676 I/AmFFmpegExtractor( 605): -----------AmFFmpegExtractor Info---------
06-04 17:01:17.676 I/AmFFmpegExtractor( 605):
06-04 17:01:17.676 I/AmFFmpegExtractor( 605): MM-module-name:Extractor,Version:5.1.7-g0c7d1d4(build:6351)
06-04 17:01:17.676 I/AmFFmpegExtractor( 605):
06-04 17:01:17.676 I/AmFFmpegExtractor( 605): ARCH = arm
06-04 17:01:17.676 I/AmFFmpegExtractor( 605): Author: multi-media team
06-04 17:01:17.676 I/AmFFmpegExtractor( 605): Branch name: * (HEAD detached at 0c7d1d4)
06-04 17:01:17.676 I/AmFFmpegExtractor( 605): Last Commit Info:
06-04 17:01:17.676 I/AmFFmpegExtractor( 605): commit 0c7d1d450b4d7ecd11fc2ddd21a6e67e11d0b24d
06-04 17:01:17.676 I/AmFFmpegExtractor( 605): Author: wang.ren
06-04 17:01:17.676 I/AmFFmpegExtractor( 605): Date: Mon Nov 18 08:39:16 2024 +0000
06-04 17:01:17.676 I/AmFFmpegExtractor( 605): AmFFmpegExtractor: CB2 invalid nal length when parse nal data [1/1]
06-04 17:01:17.676 I/AmFFmpegExtractor( 605): PD#SWPL-190774
06-04 17:01:17.676 I/AmFFmpegExtractor( 605): Change-Id: I639741fa67a5b027e7d8eaa1b588f753d2326e47
06-04 17:01:17.676 I/AmFFmpegExtractor( 605): Uncommitted-file-num:1
06-04 17:01:17.676 I/AmFFmpegExtractor( 605): Build-time: Thu Nov 28 13:44:43 CST 2024
06-04 17:01:17.676 I/AmFFmpegExtractor( 605): Build-name: drm.autobuild
06-04 17:01:17.676 I/AmFFmpegExtractor( 605): -----------------------------------------
06-04 17:01:17.676 I/AmFFmpegExtractor( 605): media.ffmpegextractor.loglevel 16
06-04 17:01:17.676 I/AmFFmpegExtractor( 605): vendor.media.ffmpegextractor.ESLen264Check : 10
06-04 17:01:17.676 I/AmFFmpegExtractor( 605): vendor.media.ffmpegextractor.ESLen265Check : 50
06-04 17:01:17.676 I/AmFFmpegByteIOAdapter( 605): File size : 271554290
06-04 17:01:17.677 I/AmFFmpegExtractor( 605): AmFFmpegExtractor mInputFormat name {matroska,webm [(null)]}
06-04 17:01:17.683 I/AmFFmpegExtractor( 605): ///////////////start dump format
06-04 17:01:17.683 I/AmFFmpegExtractor( 605): [init 3386] video/x-matroska
06-04 17:01:17.683 I/AmFFmpegExtractor( 605): isMusic major_brand:null
06-04 17:01:17.683 I/AmFFmpegExtractor( 605): Stream 0(0) [video/mp4v-es][codecid:0xc(0xc)] found.
06-04 17:01:17.684 I/AmFFmpegExtractor( 605): [AmFFmpegSource 717]startTimeUs:0, seekable:1
06-04 17:01:17.684 I/AmFFmpegExtractor( 605): [init 753](0xee342770)
06-04 17:01:17.684 E/AmFFmpegExtractor( 605): mAudioMuxRead 0
06-04 17:01:17.684 I/AmFFmpegExtractor( 605): init kKeyDuration = 1454937500
06-04 17:01:17.684 I/AmFFmpegExtractor( 605): VIDEO stream startTimeUs = 0
06-04 17:01:17.684 I/AmFFmpegExtractor( 605): video:demux: extradata_size = 66
06-04 17:01:17.684 I/AmFFmpegExtractor( 605): video:demux: has b-frame = 1
06-04 17:01:17.684 I/AmFFmpegExtractor( 605): video:demux: width = 640, height = 480
06-04 17:01:17.684 I/AmFFmpegExtractor( 605): SAR [1:1]
06-04 17:01:17.684 E/AmFFmpegExtractor( 605): demux: frame_number = 0
06-04 17:01:17.684 I/AmFFmpegExtractor( 605): init kKeyFrameRate = 30(29.639999)
06-04 17:01:17.684 I/AmFFmpegExtractor( 605): set frame-rate 30 rationalFramerate num 29759 den 1004
06-04 17:01:17.684 I/AmFFmpegExtractor( 605): av_find_input_format webm set UNSTABLE_PTS
06-04 17:01:17.684 I/AmFFmpegExtractor( 605): mIsDolbyVison :0, mCreate_two_tracks_dv:0, codec_id: 12(AVC:27,HEVC:173), DvCFG:0(0), TAG:XVID
06-04 17:01:17.684 I/AmFFmpegExtractor( 605): Mime:video/mp4v-es
06-04 17:01:17.684 I/StreamFormatter( 605): Creating formatter for codec id : 12 extradata size : 66
06-04 17:01:17.684 I/AmFFmpegExtractor( 605): [init 3565] mIsDolbyVison:0, i:0
06-04 17:01:17.684 I/AmFFmpegExtractor( 605): Stream 1(1) [audio/mp4a-latm][codecid:0x15002(0x15002)] found.
06-04 17:01:17.684 I/AmFFmpegExtractor( 605): [AmFFmpegSource 717]startTimeUs:0, seekable:1
06-04 17:01:17.684 I/AmFFmpegExtractor( 605): [init 753](0xee3439d0)
06-04 17:01:17.684 E/AmFFmpegExtractor( 605): mAudioMuxRead 0
06-04 17:01:17.684 I/AmFFmpegExtractor( 605): init kKeyDuration = 1454937500
06-04 17:01:17.684 I/AmFFmpegExtractor( 605): audio:demux: fmt = 8
06-04 17:01:17.684 I/AmFFmpegExtractor( 605): audio:demux: channels = 2
06-04 17:01:17.684 I/AmFFmpegExtractor( 605): audio:demux: sample_rate = 48000
06-04 17:01:17.684 I/AmFFmpegExtractor( 605): audio:demux: bit_rate = 0
06-04 17:01:17.684 I/AmFFmpegExtractor( 605): audio:demux: codec_id = 86018
06-04 17:01:17.684 I/AmFFmpegExtractor( 605): audio:demux: stream startTimeUs = 0
06-04 17:01:17.684 I/AmFFmpegExtractor( 605): audio:demux: block_align = 0
06-04 17:01:17.684 I/AmFFmpegExtractor( 605): Mime:audio/mp4a-latm
06-04 17:01:17.684 I/AmFFmpegExtractor( 605): aac profile:2
06-04 17:01:17.685 I/AmFFmpegExtractor( 605): Mime:audio/mp4a-latm, profile:2 hasextradata:1, mMeta MimeType:audio/mp4a-latm, mExtractor->mIsSetFfmpegFlag:0
06-04 17:01:17.685 I/StreamFormatter( 605): Creating formatter for codec id : 86018 extradata size : 2
06-04 17:01:17.685 I/AmFFmpegExtractor( 605): [init 3565] mIsDolbyVison:0, i:1
06-04 17:01:17.685 I/AmFFmpegExtractor( 605): pthread_create OK pid:-437534272
06-04 17:01:17.685 I/AmFFmpegExtractor( 605): feedMore_task in
06-04 17:01:17.687 I/AmAVUtils( 608): set default max-input-size to 1887436
06-04 17:01:17.691 I/AmFFmpegExtractor( 605): feedMore_task out toBeExit:1 , err:0
06-04 17:01:17.692 I/AmFFmpegExtractor( 605): [~AmFFmpegExtractor 2707] feedMore task has exited.
06-04 17:01:17.692 I/AmFFmpegExtractor( 605): [~AmFFmpegSource 732]
06-04 17:01:17.692 I/AmFFmpegExtractor( 605): [~AmFFmpegSource 732]
06-04 17:01:17.692 I/AmFFmpegExtractor( 605): [~AmFFmpegExtractor 2720]
06-04 17:01:17.692 I/AmFFmpegExtractor( 605): [~AmFFmpegExtractor 2723]
06-04 17:01:17.692 W/RefBase ( 605): RefBase: Explicit destruction, weak count = 0 (in 0xea106c74). Use sp<> to manage this object.
06-04 17:01:17.692 W/RefBase ( 605): CallStack::getCurrentInternal not linked, returning null
06-04 17:01:17.692 W/RefBase ( 605): CallStack::logStackInternal not linked
06-04 17:01:17.696 W/MediaProvider( 1471): isAppCloneUserPair for user -1: false
06-04 17:01:17.700 W/MediaProvider( 1471): isAppCloneUserPair for user -1: false
06-04 17:01:17.710 W/MediaProvider( 1471): isAppCloneUserPair for user -1: false
06-04 17:01:17.716 W/MediaProvider( 1471): isAppCloneUserPair for user -1: false
06-04 17:01:17.723 W/MediaProvider( 1471): isAppCloneUserPair for user -1: false
06-04 17:01:17.728 W/MediaProvider( 1471): isAppCloneUserPair for user -1: false
06-04 17:01:17.734 W/MediaProvider( 1471): isAppCloneUserPair for user -1: false
06-04 17:01:17.741 W/MediaProvider( 1471): isAppCloneUserPair for user -1: false
06-04 17:01:17.747 W/MediaProvider( 1471): isAppCloneUserPair for user -1: false
06-04 17:01:17.753 W/MediaProvider( 1471): isAppCloneUserPair for user -1: false
06-04 17:01:17.772 E/MetadataRetrieverClient( 608): unable to dlopen metadata_retriever extension: dlopen failed: library "libmetadataretriever_ext.so" not found
06-04 17:01:17.780 I/AmFFmpegByteIOAdapter( 605): File size : 11401220
06-04 17:01:17.782 I/AmFFmpegExtractor( 605): checkSupportInList ret 1
06-04 17:01:17.956 I/AmFFmpegExtractor( 605): checkInList: iswhite:0, mime:video/mp2p, type:0, id:1 tag:0
06-04 17:01:17.956 I/AmFFmpegExtractor( 605): checkInList: iswhite:1, mime:video/mp2p, type:0, id:1 tag:0
06-04 17:01:17.956 E/AmFFmpegExtractor( 605): codec_ctx->properties: 0
06-04 17:01:17.956 I/AmFFmpegExtractor( 605): checkInList: iswhite:0, mime:video/mp2p, type:1, id:86016 tag:0
06-04 17:01:17.956 I/AmFFmpegExtractor( 605): checkInList: iswhite:1, mime:video/mp2p, type:1, id:86016 tag:0
06-04 17:01:17.956 E/AmFFmpegExtractor( 605): true: iswhite:1, type:1, id:86016 tag:ffffffff
06-04 17:01:17.956 E/AmFFmpegExtractor( 605): codec_ctx->properties: 0
06-04 17:01:17.956 I/AmFFmpegExtractor( 605): checkSupportInList ret 1
06-04 17:01:17.957 I/AmFFmpegExtractor( 605): is in white list : 1
06-04 17:01:17.957 I/AmFFmpegExtractor( 605): SniffAmFFmpeg ok, confidence = 0.800000
06-04 17:01:17.973 W/AString ( 605): ctor got NULL, using empty string instead
06-04 17:01:17.973 I/AmFFmpegExtractor( 605):
06-04 17:01:17.973 I/AmFFmpegExtractor( 605): -----------AmFFmpegExtractor Info---------
06-04 17:01:17.973 I/AmFFmpegExtractor( 605):
06-04 17:01:17.973 I/AmFFmpegExtractor( 605): MM-module-name:Extractor,Version:5.1.7-g0c7d1d4(build:6351)
06-04 17:01:17.973 I/AmFFmpegExtractor( 605):
06-04 17:01:17.973 I/AmFFmpegExtractor( 605): ARCH = arm
06-04 17:01:17.973 I/AmFFmpegExtractor( 605): Author: multi-media team
06-04 17:01:17.973 I/AmFFmpegExtractor( 605): Branch name: * (HEAD detached at 0c7d1d4)
06-04 17:01:17.973 I/AmFFmpegExtractor( 605): Last Commit Info:
06-04 17:01:17.973 I/AmFFmpegExtractor( 605): commit 0c7d1d450b4d7ecd11fc2ddd21a6e67e11d0b24d
06-04 17:01:17.973 I/AmFFmpegExtractor( 605): Author: wang.ren
06-04 17:01:17.973 I/AmFFmpegExtractor( 605): Date: Mon Nov 18 08:39:16 2024 +0000
06-04 17:01:17.973 I/AmFFmpegExtractor( 605): AmFFmpegExtractor: CB2 invalid nal length when parse nal data [1/1]
06-04 17:01:17.973 I/AmFFmpegExtractor( 605): PD#SWPL-190774
06-04 17:01:17.973 I/AmFFmpegExtractor( 605): Change-Id: I639741fa67a5b027e7d8eaa1b588f753d2326e47
06-04 17:01:17.973 I/AmFFmpegExtractor( 605): Uncommitted-file-num:1
06-04 17:01:17.973 I/AmFFmpegExtractor( 605): Build-time: Thu Nov 28 13:44:43 CST 2024
06-04 17:01:17.973 I/AmFFmpegExtractor( 605): Build-name: drm.autobuild
06-04 17:01:17.973 I/AmFFmpegExtractor( 605): -----------------------------------------
06-04 17:01:17.973 I/AmFFmpegExtractor( 605): media.ffmpegextractor.loglevel 16
06-04 17:01:17.973 I/AmFFmpegExtractor( 605): vendor.media.ffmpegextractor.ESLen264Check : 10
06-04 17:01:17.973 I/AmFFmpegExtractor( 605): vendor.media.ffmpegextractor.ESLen265Check : 50
06-04 17:01:17.973 I/AmFFmpegByteIOAdapter( 605): File size : 11401220
06-04 17:01:17.975 I/AmFFmpegExtractor( 605): AmFFmpegExtractor mInputFormat name {mpeg [(null)]}
06-04 17:01:18.057 I/AmFFmpegExtractor( 605): ///////////////start dump format
06-04 17:01:18.058 I/AmFFmpegExtractor( 605): [init 3386] video/mp2p
06-04 17:01:18.058 I/AmFFmpegExtractor( 605): isMusic major_brand:null
06-04 17:01:18.058 I/AmFFmpegExtractor( 605): Stream 0(0) [video/mpeg2][codecid:0x1(0x1)] found.
06-04 17:01:18.058 I/AmFFmpegExtractor( 605): [AmFFmpegSource 717]startTimeUs:532789, seekable:1
06-04 17:01:18.058 I/AmFFmpegExtractor( 605): [init 753](0xee3439d0)
06-04 17:01:18.058 E/AmFFmpegExtractor( 605): mAudioMuxRead 0
06-04 17:01:18.058 I/AmFFmpegExtractor( 605): init kKeyDuration = 20544000
06-04 17:01:18.058 I/AmFFmpegExtractor( 605): VIDEO stream startTimeUs = 532789
06-04 17:01:18.058 I/AmFFmpegExtractor( 605): video:demux: extradata_size = 76
06-04 17:01:18.058 I/AmFFmpegExtractor( 605): video:demux: has b-frame = 1
06-04 17:01:18.058 I/AmFFmpegExtractor( 605): video:demux: width = 720, height = 480
06-04 17:01:18.058 I/AmFFmpegExtractor( 605): SAR [200:219]
06-04 17:01:18.058 E/AmFFmpegExtractor( 605): demux: frame_number = 0
06-04 17:01:18.058 I/AmFFmpegExtractor( 605): init kKeyFrameRate = 30(29.969999)
06-04 17:01:18.058 I/AmFFmpegExtractor( 605): set frame-rate 30 rationalFramerate num 30000 den 1001
06-04 17:01:18.059 I/AmFFmpegExtractor( 605): mIsDolbyVison :0, mCreate_two_tracks_dv:0, codec_id: 1(AVC:27,HEVC:173), DvCFG:0(0), TAG:
06-04 17:01:18.059 I/AmFFmpegExtractor( 605): Mime:video/mpeg2
06-04 17:01:18.059 I/StreamFormatter( 605): Creating formatter for codec id : 1 extradata size : 76
06-04 17:01:18.059 I/AmFFmpegExtractor( 605): [init 3565] mIsDolbyVison:0, i:0
06-04 17:01:18.059 I/AmFFmpegExtractor( 605): Stream 1(1) [audio/ffmpeg][codecid:0x15000(0x15000)] found.
06-04 17:01:18.059 I/AmFFmpegExtractor( 605): [AmFFmpegSource 717]startTimeUs:532789, seekable:1
06-04 17:01:18.059 I/AmFFmpegExtractor( 605): [init 753](0xee342770)
06-04 17:01:18.059 E/AmFFmpegExtractor( 605): mAudioMuxRead 0
06-04 17:01:18.059 I/AmFFmpegExtractor( 605): init kKeyDuration = 20544000
06-04 17:01:18.059 I/AmFFmpegExtractor( 605): audio:demux: fmt = 6
06-04 17:01:18.059 I/AmFFmpegExtractor( 605): audio:demux: channels = 2
06-04 17:01:18.059 I/AmFFmpegExtractor( 605): audio:demux: sample_rate = 48000
06-04 17:01:18.059 I/AmFFmpegExtractor( 605): audio:demux: bit_rate = 384000
06-04 17:01:18.059 I/AmFFmpegExtractor( 605): audio:demux: codec_id = 86016
06-04 17:01:18.059 I/AmFFmpegExtractor( 605): audio:demux: stream startTimeUs = 532789
06-04 17:01:18.059 I/AmFFmpegExtractor( 605): audio:demux: block_align = 0
06-04 17:01:18.059 E/AmFFmpegExtractor( 605): kKeyMediaLanguage audio lang null
06-04 17:01:18.059 I/AmFFmpegExtractor( 605): Mime:audio/ffmpeg
06-04 17:01:18.059 I/StreamFormatter( 605): Creating formatter for codec id : 86016 extradata size : 0
06-04 17:01:18.059 I/AmFFmpegExtractor( 605): [init 3565] mIsDolbyVison:0, i:1
06-04 17:01:18.059 I/AmFFmpegExtractor( 605): pthread_create OK pid:-430980672
06-04 17:01:18.059 I/AmFFmpegExtractor( 605): feedMore_task in
06-04 17:01:18.061 I/AmAVUtils( 608): set default max-input-size to 1887436
06-04 17:01:18.064 I/AmFFmpegExtractor( 605): feedMore_task out toBeExit:1 , err:0
06-04 17:01:18.064 I/AmFFmpegExtractor( 605): [~AmFFmpegExtractor 2707] feedMore task has exited.
06-04 17:01:18.064 I/AmFFmpegExtractor( 605): [~AmFFmpegSource 732]
06-04 17:01:18.064 I/AmFFmpegExtractor( 605): [~AmFFmpegSource 732]
06-04 17:01:18.064 I/AmFFmpegExtractor( 605): [~AmFFmpegExtractor 2720]
06-04 17:01:18.064 I/AmFFmpegExtractor( 605): [~AmFFmpegExtractor 2723]
06-04 17:01:18.064 W/RefBase ( 605): RefBase: Explicit destruction, weak count = 0 (in 0xea106c74). Use sp<> to manage this object.
06-04 17:01:18.064 W/RefBase ( 605): CallStack::getCurrentInternal not linked, returning null
06-04 17:01:18.064 W/RefBase ( 605): CallStack::logStackInternal not linked
06-04 17:01:18.067 E/MetadataRetrieverClient( 608): unable to dlopen metadata_retriever extension: dlopen failed: library "libmetadataretriever_ext.so" not found
06-04 17:01:18.070 I/AmFFmpegByteIOAdapter( 605): File size : 11235332
06-04 17:01:18.072 I/AmFFmpegExtractor( 605): checkSupportInList ret 1
06-04 17:01:18.232 I/AmFFmpegExtractor( 605): checkInList: iswhite:0, mime:video/mp2p, type:0, id:1 tag:0
06-04 17:01:18.232 I/AmFFmpegExtractor( 605): checkInList: iswhite:1, mime:video/mp2p, type:0, id:1 tag:0
06-04 17:01:18.232 E/AmFFmpegExtractor( 605): codec_ctx->properties: 0
06-04 17:01:18.232 I/AmFFmpegExtractor( 605): checkInList: iswhite:0, mime:video/mp2p, type:1, id:86017 tag:0
06-04 17:01:18.232 I/AmFFmpegExtractor( 605): checkInList: iswhite:1, mime:video/mp2p, type:1, id:86017 tag:0
06-04 17:01:18.232 E/AmFFmpegExtractor( 605): codec_ctx->properties: 0
06-04 17:01:18.232 I/AmFFmpegExtractor( 605): checkSupportInList ret 1
06-04 17:01:18.233 I/AmFFmpegExtractor( 605): SniffAmFFmpeg ok, confidence = 0.050000
06-04 17:01:18.249 I/ESQueue ( 605): found MPEG2 video codec config (720 x 480)
06-04 17:01:18.337 I/AmAVUtils( 608): set default max-input-size to 1887436
06-04 17:01:18.344 E/MetadataRetrieverClient( 608): unable to dlopen metadata_retriever extension: dlopen failed: library "libmetadataretriever_ext.so" not found
06-04 17:01:18.348 I/AmFFmpegByteIOAdapter( 605): File size : 6117376
06-04 17:01:18.350 I/AmFFmpegExtractor( 605): checkSupportInList ret 1
06-04 17:01:18.485 I/AmFFmpegExtractor( 605): checkInList: iswhite:0, mime:video/mp2p, type:0, id:1 tag:0
06-04 17:01:18.485 I/AmFFmpegExtractor( 605): checkInList: iswhite:1, mime:video/mp2p, type:0, id:1 tag:0
06-04 17:01:18.485 E/AmFFmpegExtractor( 605): codec_ctx->properties: 0
06-04 17:01:18.485 I/AmFFmpegExtractor( 605): checkInList: iswhite:0, mime:video/mp2p, type:1, id:86016 tag:0
06-04 17:01:18.485 I/AmFFmpegExtractor( 605): checkInList: iswhite:1, mime:video/mp2p, type:1, id:86016 tag:0
06-04 17:01:18.485 E/AmFFmpegExtractor( 605): true: iswhite:1, type:1, id:86016 tag:ffffffff
06-04 17:01:18.485 E/AmFFmpegExtractor( 605): codec_ctx->properties: 0
06-04 17:01:18.485 I/AmFFmpegExtractor( 605): checkSupportInList ret 1
06-04 17:01:18.485 I/AmFFmpegExtractor( 605): is in white list : 1
06-04 17:01:18.485 I/AmFFmpegExtractor( 605): SniffAmFFmpeg ok, confidence = 0.800000
06-04 17:01:18.486 W/AString ( 605): ctor got NULL, using empty string instead
06-04 17:01:18.486 I/AmFFmpegExtractor( 605):
06-04 17:01:18.486 I/AmFFmpegExtractor( 605): -----------AmFFmpegExtractor Info---------
06-04 17:01:18.486 I/AmFFmpegExtractor( 605):
06-04 17:01:18.486 I/AmFFmpegExtractor( 605): MM-module-name:Extractor,Version:5.1.7-g0c7d1d4(build:6351)
06-04 17:01:18.486 I/AmFFmpegExtractor( 605):
06-04 17:01:18.486 I/AmFFmpegExtractor( 605): ARCH = arm
06-04 17:01:18.486 I/AmFFmpegExtractor( 605): Author: multi-media team
06-04 17:01:18.486 I/AmFFmpegExtractor( 605): Branch name: * (HEAD detached at 0c7d1d4)
06-04 17:01:18.486 I/AmFFmpegExtractor( 605): Last Commit Info:
06-04 17:01:18.486 I/AmFFmpegExtractor( 605): commit 0c7d1d450b4d7ecd11fc2ddd21a6e67e11d0b24d
06-04 17:01:18.486 I/AmFFmpegExtractor( 605): Author: wang.ren
06-04 17:01:18.486 I/AmFFmpegExtractor( 605): Date: Mon Nov 18 08:39:16 2024 +0000
06-04 17:01:18.486 I/AmFFmpegExtractor( 605): AmFFmpegExtractor: CB2 invalid nal length when parse nal data [1/1]
06-04 17:01:18.486 I/AmFFmpegExtractor( 605): PD#SWPL-190774
06-04 17:01:18.486 I/AmFFmpegExtractor( 605): Change-Id: I639741fa67a5b027e7d8eaa1b588f753d2326e47
06-04 17:01:18.486 I/AmFFmpegExtractor( 605): Uncommitted-file-num:1
06-04 17:01:18.486 I/AmFFmpegExtractor( 605): Build-time: Thu Nov 28 13:44:43 CST 2024
06-04 17:01:18.486 I/AmFFmpegExtractor( 605): Build-name: drm.autobuild
06-04 17:01:18.486 I/AmFFmpegExtractor( 605): -----------------------------------------
06-04 17:01:18.486 I/AmFFmpegExtractor( 605): media.ffmpegextractor.loglevel 16
06-04 17:01:18.486 I/AmFFmpegExtractor( 605): vendor.media.ffmpegextractor.ESLen264Check : 10
06-04 17:01:18.486 I/AmFFmpegExtractor( 605): vendor.media.ffmpegextractor.ESLen265Check : 50
06-04 17:01:18.487 I/AmFFmpegByteIOAdapter( 605): File size : 6117376
06-04 17:01:18.487 I/AmFFmpegExtractor( 605): AmFFmpegExtractor mInputFormat name {mpeg [(null)]}
06-04 17:01:18.542 I/AmFFmpegExtractor( 605): ///////////////start dump format
06-04 17:01:18.542 I/AmFFmpegExtractor( 605): [init 3386] video/mp2p
06-04 17:01:18.542 I/AmFFmpegExtractor( 605): isMusic major_brand:null
06-04 17:01:18.542 I/AmFFmpegExtractor( 605): Stream 0(0) [video/mpeg2][codecid:0x1(0x1)] found.
06-04 17:01:18.542 I/AmFFmpegExtractor( 605): [AmFFmpegSource 717]startTimeUs:0, seekable:1
06-04 17:01:18.542 I/AmFFmpegExtractor( 605): [init 753](0xee342770)
06-04 17:01:18.542 E/AmFFmpegExtractor( 605): mAudioMuxRead 0
06-04 17:01:18.542 I/AmFFmpegExtractor( 605): init kKeyDuration = 14948278
06-04 17:01:18.542 I/AmFFmpegExtractor( 605): VIDEO stream startTimeUs = 0
06-04 17:01:18.542 I/AmFFmpegExtractor( 605): video:demux: extradata_size = 12
06-04 17:01:18.542 I/AmFFmpegExtractor( 605): video:demux: has b-frame = 1
06-04 17:01:18.542 I/AmFFmpegExtractor( 605): video:demux: width = 640, height = 480
06-04 17:01:18.542 I/AmFFmpegExtractor( 605): SAR [200:219]
06-04 17:01:18.542 E/AmFFmpegExtractor( 605): demux: frame_number = 0
06-04 17:01:18.543 I/AmFFmpegExtractor( 605): init kKeyFrameRate = 30(29.969999)
06-04 17:01:18.543 I/AmFFmpegExtractor( 605): set frame-rate 30 rationalFramerate num 30000 den 1001
06-04 17:01:18.543 I/AmFFmpegExtractor( 605): mIsDolbyVison :0, mCreate_two_tracks_dv:0, codec_id: 1(AVC:27,HEVC:173), DvCFG:0(0), TAG:
06-04 17:01:18.543 I/AmFFmpegExtractor( 605): Mime:video/mpeg2
06-04 17:01:18.543 I/StreamFormatter( 605): Creating formatter for codec id : 1 extradata size : 12
06-04 17:01:18.543 I/AmFFmpegExtractor( 605): [init 3565] mIsDolbyVison:0, i:0
06-04 17:01:18.543 I/AmFFmpegExtractor( 605): Stream 1(1) [audio/ffmpeg][codecid:0x15000(0x15000)] found.
06-04 17:01:18.543 I/AmFFmpegExtractor( 605): [AmFFmpegSource 717]startTimeUs:0, seekable:1
06-04 17:01:18.543 I/AmFFmpegExtractor( 605): [init 753](0xee3439d0)
06-04 17:01:18.543 E/AmFFmpegExtractor( 605): mAudioMuxRead 0
06-04 17:01:18.543 I/AmFFmpegExtractor( 605): init kKeyDuration = 14948278
06-04 17:01:18.543 I/AmFFmpegExtractor( 605): audio:demux: fmt = 6
06-04 17:01:18.543 I/AmFFmpegExtractor( 605): audio:demux: channels = 2
06-04 17:01:18.543 I/AmFFmpegExtractor( 605): audio:demux: sample_rate = 44100
06-04 17:01:18.543 I/AmFFmpegExtractor( 605): audio:demux: bit_rate = 192000
06-04 17:01:18.543 I/AmFFmpegExtractor( 605): audio:demux: codec_id = 86016
06-04 17:01:18.543 I/AmFFmpegExtractor( 605): audio:demux: stream startTimeUs = 0
06-04 17:01:18.543 I/AmFFmpegExtractor( 605): audio:demux: block_align = 0
06-04 17:01:18.543 E/AmFFmpegExtractor( 605): kKeyMediaLanguage audio lang null
06-04 17:01:18.543 I/AmFFmpegExtractor( 605): Mime:audio/ffmpeg
06-04 17:01:18.543 I/StreamFormatter( 605): Creating formatter for codec id : 86016 extradata size : 0
06-04 17:01:18.543 I/AmFFmpegExtractor( 605): [init 3565] mIsDolbyVison:0, i:1
06-04 17:01:18.543 I/AmFFmpegExtractor( 605): pthread_create OK pid:-432029248
06-04 17:01:18.543 I/AmFFmpegExtractor( 605): feedMore_task in
06-04 17:01:18.545 I/AmAVUtils( 608): set default max-input-size to 1887436
06-04 17:01:18.548 I/AmFFmpegExtractor( 605): feedMore_task out toBeExit:1 , err:0
06-04 17:01:18.548 I/AmFFmpegExtractor( 605): [~AmFFmpegExtractor 2707] feedMore task has exited.
06-04 17:01:18.548 I/AmFFmpegExtractor( 605): [~AmFFmpegSource 732]
06-04 17:01:18.548 I/AmFFmpegExtractor( 605): [~AmFFmpegSource 732]
06-04 17:01:18.548 I/AmFFmpegExtractor( 605): [~AmFFmpegExtractor 2720]
06-04 17:01:18.548 I/AmFFmpegExtractor( 605): [~AmFFmpegExtractor 2723]
06-04 17:01:18.548 W/RefBase ( 605): RefBase: Explicit destruction, weak count = 0 (in 0xea106c74). Use sp<> to manage this object.
06-04 17:01:18.548 W/RefBase ( 605): CallStack::getCurrentInternal not linked, returning null
06-04 17:01:18.548 W/RefBase ( 605): CallStack::logStackInternal not linked
06-04 17:01:18.551 W/MediaProvider( 1471): isAppCloneUserPair for user -1: false
06-04 17:01:18.554 W/MediaProvider( 1471): isAppCloneUserPair for user -1: false
06-04 17:01:18.560 W/MediaProvider( 1471): isAppCloneUserPair for user -1: false
