06-04 12:13:07.672 D/SystemServerTimingAsync( 693): ssm.onUnlockedUser-0_com.android.server.accounts.AccountManagerService$Lifecycle
06-04 12:13:07.672 D/SystemServerTimingAsync( 693): ssm.onUnlockedUser-0_com.android.server.content.ContentService$Lifecycle
06-04 12:13:07.672 D/SystemServerTimingAsync( 693): ssm.onUnlockedUser-0_com.android.server.deviceconfig.DeviceConfigInit$Lifecycle
06-04 12:13:07.672 D/SystemServerTimingAsync( 693): ssm.onUnlockedUser-0_com.android.server.DropBoxManagerService
06-04 12:13:07.672 D/SystemServerTimingAsync( 693): ssm.onUnlockedUser-0_com.android.role.RoleService
06-04 12:13:07.672 D/SystemServerTimingAsync( 693): ssm.onUnlockedUser-0_com.android.server.vibrator.VibratorManagerService$Lifecycle
06-04 12:13:07.672 D/SystemServerTimingAsync( 693): ssm.onUnlockedUser-0_com.android.server.tare.InternalResourceService
06-04 12:13:07.672 D/SystemServerTimingAsync( 693): ssm.onUnlockedUser-0_com.android.server.alarm.AlarmManagerService
06-04 12:13:07.672 D/SystemServerTimingAsync( 693): ssm.onUnlockedUser-0_com.android.server.devicestate.DeviceStateManagerService
06-04 12:13:07.672 D/SystemServerTimingAsync( 693): ssm.onUnlockedUser-0_com.android.server.camera.CameraServiceProxy
06-04 12:13:07.672 D/SystemServerTimingAsync( 693): ssm.onUnlockedUser-0_com.android.server.bluetooth.BluetoothService
06-04 12:13:07.672 D/SystemServerTimingAsync( 693): ssm.onUnlockedUser-0_com.android.server.connectivity.IpConnectivityMetrics
06-04 12:13:07.672 D/SystemServerTimingAsync( 693): ssm.onUnlockedUser-0_com.android.server.net.watchlist.NetworkWatchlistService$Lifecycle
06-04 12:13:07.672 D/SystemServerTimingAsync( 693): ssm.onUnlockedUser-0_com.android.server.PinnerService
06-04 12:13:07.672 D/SystemServerTimingAsync( 693): ssm.onUnlockedUser-0_com.android.server.integrity.AppIntegrityManagerService
06-04 12:13:07.672 D/SystemServerTimingAsync( 693): ssm.onUnlockedUser-0_com.android.server.logcat.LogcatManagerService
06-04 12:13:07.672 D/SystemServerTimingAsync( 693): ssm.onUnlockedUser-0_com.android.server.inputmethod.InputMethodManagerService$Lifecycle
06-04 12:13:07.672 D/SystemServerTimingAsync( 693): ssm.onUnlockedUser-0_com.android.server.accessibility.AccessibilityManagerService$Lifecycle
06-04 12:13:07.672 D/SystemServerTimingAsync( 693): ssm.onUnlockedUser-0_com.android.server.StorageManagerService$Lifecycle
06-04 12:13:07.673 D/SystemServerTimingAsync( 693): ssm.onUnlockedUser-0_com.android.server.usage.StorageStatsService$Lifecycle
06-04 12:13:07.673 D/SystemServerTimingAsync( 693): ssm.onUnlockedUser-0_com.android.server.UiModeManagerService
06-04 12:13:07.673 D/SystemServerTimingAsync( 693): ssm.onUnlockedUser-0_com.android.server.locales.LocaleManagerService
06-04 12:13:07.673 D/SystemServerTimingAsync( 693): ssm.onUnlockedUser-0_com.android.server.grammaticalinflection.GrammaticalInflectionService
06-04 12:13:07.673 D/SystemServerTimingAsync( 693): ssm.onUnlockedUser-0_com.android.server.apphibernation.AppHibernationService
06-04 12:13:07.673 D/SystemServerTimingAsync( 693): ssm.onUnlockedUser-0_com.android.server.locksettings.LockSettingsService$Lifecycle
06-04 12:13:07.673 D/SystemServerTimingAsync( 693): ssm.onUnlockedUser-0_com.android.server.PersistentDataBlockService
06-04 12:13:07.673 D/SystemServerTimingAsync( 693): ssm.onUnlockedUser-0_com.android.server.testharness.TestHarnessModeService
06-04 12:13:07.673 D/SystemServerTimingAsync( 693): ssm.onUnlockedUser-0_com.android.server.oemlock.OemLockService
06-04 12:13:07.673 D/SystemServerTimingAsync( 693): ssm.onUnlockedUser-0_com.android.server.DeviceIdleController
06-04 12:13:07.673 D/SystemServerTimingAsync( 693): ssm.onUnlockedUser-0_com.android.server.devicepolicy.DevicePolicyManagerService$Lifecycle
06-04 12:13:07.675 E/TaskPersister( 693): File error accessing recents directory (directory doesn't exist?).
06-04 12:13:07.676 D/CompatibilityChangeReporter( 693): Compat change id reported: 214016041; UID 1000; state: DISABLED
06-04 12:13:07.676 D/CompatibilityChangeReporter( 693): Compat change id reported: 214016041; UID 1000; state: ENABLED
06-04 12:13:07.677 D/SystemServerTimingAsync( 693): ssm.onUnlockedUser-0_com.android.server.texttospeech.TextToSpeechManagerService
06-04 12:13:07.677 D/SystemServerTimingAsync( 693): ssm.onUnlockedUser-0_com.android.server.ambientcontext.AmbientContextManagerService
06-04 12:13:07.677 D/SystemServerTimingAsync( 693): ssm.onUnlockedUser-0_com.android.server.wearable.WearableSensingManagerService
06-04 12:13:07.677 D/SystemServerTimingAsync( 693): ssm.onUnlockedUser-0_com.android.server.speech.SpeechRecognitionManagerService
06-04 12:13:07.677 D/SystemServerTimingAsync( 693): ssm.onUnlockedUser-0_com.android.server.searchui.SearchUiManagerService
06-04 12:13:07.677 D/SystemServerTimingAsync( 693): ssm.onUnlockedUser-0_com.android.server.smartspace.SmartspaceManagerService
06-04 12:13:07.678 D/SystemServerTimingAsync( 693): ssm.onUnlockedUser-0_com.android.server.graphics.fonts.FontManagerService$Lifecycle
06-04 12:13:07.678 D/SystemServerTimingAsync( 693): ssm.onUnlockedUser-0_com.android.server.textservices.TextServicesManagerService$Lifecycle
06-04 12:13:07.678 D/SystemServerTimingAsync( 693): ssm.onUnlockedUser-0_com.android.server.textclassifier.TextClassificationManagerService$Lifecycle
06-04 12:13:07.678 D/SystemServerTimingAsync( 693): ssm.onUnlockedUser-0_com.android.server.NetworkScoreService$Lifecycle
06-04 12:13:07.678 D/SystemServerTimingAsync( 693): ssm.onUnlockedUser-0_com.android.server.NetworkStatsServiceInitializer
06-04 12:13:07.678 D/SystemServerTimingAsync( 693): ssm.onUnlockedUser-0_com.android.server.wifi.WifiService
06-04 12:13:07.678 D/SystemServerTimingAsync( 693): ssm.onUnlockedUser-0_com.android.server.wifi.scanner.WifiScanningService
06-04 12:13:07.678 D/SystemServerTimingAsync( 693): ssm.onUnlockedUser-0_com.android.server.wifi.p2p.WifiP2pService
06-04 12:13:07.678 D/SystemServerTimingAsync( 693): ssm.onUnlockedUser-0_com.android.server.ConnectivityServiceInitializer
06-04 12:13:07.678 D/SystemServerTimingAsync( 693): ssm.onUnlockedUser-0_com.android.server.notification.NotificationManagerService
06-04 12:13:07.685 I/NotificationHistory( 693): Attempted to unlock gone/disabled user 0
06-04 12:13:07.686 D/SystemServerTimingAsync( 693): ssm.onUnlockedUser-0_com.android.server.storage.DeviceStorageMonitorService
06-04 12:13:07.686 D/SystemServerTimingAsync( 693): ssm.onUnlockedUser-0_com.android.server.timedetector.TimeDetectorService$Lifecycle
06-04 12:13:07.686 D/SystemServerTimingAsync( 693): ssm.onUnlockedUser-0_com.android.server.location.LocationManagerService$Lifecycle
06-04 12:13:07.686 D/SystemServerTimingAsync( 693): ssm.onUnlockedUser-0_com.android.server.timezonedetector.TimeZoneDetectorService$Lifecycle
06-04 12:13:07.686 D/SystemServerTimingAsync( 693): ssm.onUnlockedUser-0_com.android.server.location.altitude.AltitudeService$Lifecycle
06-04 12:13:07.686 D/SystemServerTimingAsync( 693): ssm.onUnlockedUser-0_com.android.server.timezonedetector.location.LocationTimeZoneManagerService$Lifecycle
06-04 12:13:07.686 D/SystemServerTimingAsync( 693): ssm.onUnlockedUser-0_com.android.server.search.SearchManagerService$Lifecycle
06-04 12:13:07.686 D/SystemServerTimingAsync( 693): ssm.onUnlockedUser-0_com.android.server.wallpaper.WallpaperManagerService$Lifecycle
06-04 12:13:07.686 D/SystemServerTimingAsync( 693): ssm.onUnlockedUser-0_com.android.server.wallpapereffectsgeneration.WallpaperEffectsGenerationManagerService
06-04 12:13:07.686 D/SystemServerTimingAsync( 693): ssm.onUnlockedUser-0_com.android.server.audio.AudioService$Lifecycle
06-04 12:13:07.686 D/SystemServerTimingAsync( 693): ssm.onUnlockedUser-0_com.android.server.soundtrigger_middleware.SoundTriggerMiddlewareService$Lifecycle
06-04 12:13:07.686 D/SystemServerTimingAsync( 693): ssm.onUnlockedUser-0_com.android.server.adb.AdbService$Lifecycle
06-04 12:13:07.686 D/SystemServerTimingAsync( 693): ssm.onUnlockedUser-0_com.android.server.usb.UsbService$Lifecycle
06-04 12:13:07.686 D/SystemServerTimingAsync( 693): ssm.onUnlockedUser-0_com.android.server.twilight.TwilightService
06-04 12:13:07.686 D/SystemServerTimingAsync( 693): ssm.onUnlockedUser-0_com.android.server.display.color.ColorDisplayService
06-04 12:13:07.686 D/SystemServerTimingAsync( 693): ssm.onUnlockedUser-0_com.android.server.job.JobSchedulerService
06-04 12:13:07.686 D/SystemServerTimingAsync( 693): ssm.onUnlockedUser-0_com.android.server.soundtrigger.SoundTriggerService
06-04 12:13:07.686 D/SystemServerTimingAsync( 693): ssm.onUnlockedUser-0_com.android.server.trust.TrustManagerService
06-04 12:13:07.686 D/SystemServerTimingAsync( 693): ssm.onUnlockedUser-0_com.android.server.backup.BackupManagerService$Lifecycle
06-04 12:13:07.689 D/CompatibilityChangeReporter( 693): Compat change id reported: 135634846; UID 10040; state: DISABLED
06-04 12:13:07.689 I/vold ( 251): Bind mounting /data/media to /mnt/pass_through/0/emulated
06-04 12:13:07.690 D/SystemServerTimingAsync( 693): ssm.onUnlockedUser-0_com.android.server.appwidget.AppWidgetService
06-04 12:13:07.690 D/SystemServerTimingAsync( 693): ssm.onUnlockedUser-0_com.android.server.voiceinteraction.VoiceInteractionManagerService
06-04 12:13:07.690 D/SystemServerTimingAsync( 693): ssm.onUnlockedUser-0_com.android.server.GestureLauncherService
06-04 12:13:07.690 D/SystemServerTimingAsync( 693): ssm.onUnlockedUser-0_com.android.server.SensorNotificationService
06-04 12:13:07.690 D/SystemServerTimingAsync( 693): ssm.onUnlockedUser-0_com.android.server.emergency.EmergencyAffordanceService
06-04 12:13:07.690 D/SystemServerTimingAsync( 693): ssm.onUnlockedUser-0_com.android.server.blob.BlobStoreManagerService
06-04 12:13:07.690 D/SystemServerTimingAsync( 693): ssm.onUnlockedUser-0_com.android.server.dreams.DreamManagerService
06-04 12:13:07.690 D/SystemServerTimingAsync( 693): ssm.onUnlockedUser-0_com.android.server.security.AttestationVerificationManagerService
06-04 12:13:07.690 D/SystemServerTimingAsync( 693): ssm.onUnlockedUser-0_com.android.server.restrictions.RestrictionsManagerService
06-04 12:13:07.690 D/SystemServerTimingAsync( 693): ssm.onUnlockedUser-0_com.android.server.media.MediaSessionService
06-04 12:13:07.690 D/SystemServerTimingAsync( 693): ssm.onUnlockedUser-0_com.android.server.hdmi.HdmiControlService
06-04 12:13:07.690 D/SystemServerTimingAsync( 693): ssm.onUnlockedUser-0_com.android.server.tv.interactive.TvInteractiveAppManagerService
06-04 12:13:07.690 D/SystemServerTimingAsync( 693): ssm.onUnlockedUser-0_com.android.server.tv.TvInputManagerService
06-04 12:13:07.690 D/SystemServerTimingAsync( 693): ssm.onUnlockedUser-0_com.android.server.media.MediaResourceMonitorService
06-04 12:13:07.690 D/SystemServerTimingAsync( 693): ssm.onUnlockedUser-0_com.android.server.tv.TvRemoteService
06-04 12:13:07.690 D/SystemServerTimingAsync( 693): ssm.onUnlockedUser-0_com.android.server.biometrics.BiometricService
06-04 12:13:07.690 D/SystemServerTimingAsync( 693): ssm.onUnlockedUser-0_com.android.server.biometrics.AuthService
06-04 12:13:07.690 D/SystemServerTimingAsync( 693): ssm.onUnlockedUser-0_com.android.server.pm.ShortcutService$Lifecycle
06-04 12:13:07.690 D/SystemServerTimingAsync( 693): ssm.onUnlockedUser-0_com.android.server.pm.LauncherAppsService
06-04 12:13:07.690 D/SystemServerTimingAsync( 693): ssm.onUnlockedUser-0_com.android.server.pm.CrossProfileAppsService
06-04 12:13:07.691 D/SystemServerTimingAsync( 693): ssm.onUnlockedUser-0_com.android.server.people.PeopleService
06-04 12:13:07.691 D/SystemServerTimingAsync( 693): ssm.onUnlockedUser-0_com.android.server.media.metrics.MediaMetricsManagerService
06-04 12:13:07.691 D/SystemServerTimingAsync( 693): ssm.onUnlockedUser-0_com.android.server.pm.BackgroundInstallControlService
06-04 12:13:07.691 D/SystemServerTimingAsync( 693): ssm.onUnlockedUser-0_com.android.server.media.projection.MediaProjectionManagerService
06-04 12:13:07.691 D/SystemServerTimingAsync( 693): ssm.onUnlockedUser-0_com.android.server.slice.SliceManagerService$Lifecycle
06-04 12:13:07.691 D/SystemServerTimingAsync( 693): ssm.onUnlockedUser-0_com.android.server.stats.StatsCompanion$Lifecycle
06-04 12:13:07.691 D/SystemServerTimingAsync( 693): ssm.onUnlockedUser-0_com.android.server.scheduling.RebootReadinessManagerService$Lifecycle
06-04 12:13:07.691 D/SystemServerTimingAsync( 693): ssm.onUnlockedUser-0_com.android.server.stats.pull.StatsPullAtomService
06-04 12:13:07.691 D/SystemServerTimingAsync( 693): ssm.onUnlockedUser-0_com.android.server.stats.bootstrap.StatsBootstrapAtomService$Lifecycle
06-04 12:13:07.692 I/StorageSessionController( 693): On volume mount VolumeInfo{emulated;0}:
06-04 12:13:07.692 I/StorageSessionController( 693): type=EMULATED diskId=null partGuid= mountFlags=PRIMARY|VISIBLE_FOR_WRITE
06-04 12:13:07.692 I/StorageSessionController( 693): mountUserId=0 state=CHECKING
06-04 12:13:07.692 I/StorageSessionController( 693): fsType=null fsUuid=null fsLabel=null
06-04 12:13:07.692 I/StorageSessionController( 693): path=/storage/emulated internalPath=/data/media
06-04 12:13:07.692 D/SystemServerTimingAsync( 693): ssm.onUnlockedUser-0_com.android.server.incident.IncidentCompanionService
06-04 12:13:07.692 D/SystemServerTimingAsync( 693): ssm.onUnlockedUser-0_com.android.server.sdksandbox.SdkSandboxManagerService$Lifecycle
06-04 12:13:07.692 D/SystemServerTimingAsync( 693): ssm.onUnlockedUser-0_com.android.server.adservices.AdServicesManagerService$Lifecycle
06-04 12:13:07.692 D/SystemServerTimingAsync( 693): ssm.onUnlockedUser-0_com.android.server.ondevicepersonalization.OnDevicePersonalizationSystemService$Lifecycle
06-04 12:13:07.692 D/SystemServerTimingAsync( 693): ssm.onUnlockedUser-0_com.android.server.autofill.AutofillManagerService
06-04 12:13:07.692 D/SystemServerTimingAsync( 693): ssm.onUnlockedUser-0_com.android.server.clipboard.ClipboardService
06-04 12:13:07.692 D/SystemServerTimingAsync( 693): ssm.onUnlockedUser-0_com.android.server.appbinding.AppBindingService$Lifecycle
06-04 12:13:07.692 D/SystemServerTimingAsync( 693): ssm.onUnlockedUser-0_com.android.server.tracing.TracingServiceProxy
06-04 12:13:07.692 D/SystemServerTimingAsync( 693): ssm.onUnlockedUser-0_com.android.server.policy.PermissionPolicyService
06-04 12:13:07.692 D/SystemServerTimingAsync( 693): ssm.onUnlockedUser-0_com.android.server.pm.StagingManager$Lifecycle
06-04 12:13:07.692 D/SystemServerTimingAsync( 693): ssm.onUnlockedUser-0_com.android.server.app.GameManagerService$Lifecycle
06-04 12:13:07.692 D/SystemServerTimingAsync( 693): ssm.onUnlockedUser-0_com.android.safetycenter.SafetyCenterService
06-04 12:13:07.692 D/SystemServerTimingAsync( 693): ssm.onUnlockedUser-0_com.android.server.appsearch.AppSearchModule$Lifecycle
06-04 12:13:07.692 D/SystemServerTimingAsync( 693): ssm.onUnlockedUser-0_com.android.server.media.MediaCommunicationService
06-04 12:13:07.692 D/SystemServerTimingAsync( 693): ssm.onUnlockedUser-0_com.android.server.compat.overrides.AppCompatOverridesService$Lifecycle
06-04 12:13:07.692 D/SystemServerTimingAsync( 693): ssm.onUnlockedUser-0_com.android.server.healthconnect.HealthConnectManagerService
06-04 12:13:07.692 D/HealthConnectManagerService( 693): switchToSetupForUser: UserHandle{0}
06-04 12:13:07.693 D/HealthConnectBackupRestore( 693): Performing user switch operations.
06-04 12:13:07.693 I/StorageSessionController( 693): Creating connection for user: 0
06-04 12:13:07.693 I/StorageSessionController( 693): Creating and starting session with id: emulated;0
06-04 12:13:07.695 I/StorageUserConnection( 693): Binding to the ExternalStorageService for user 0
06-04 12:13:07.701 D/CompatibilityChangeReporter( 693): Compat change id reported: 135634846; UID 10056; state: DISABLED
06-04 12:13:07.703 I/StorageUserConnection( 693): Bound to the ExternalStorageService for user 0
06-04 12:13:07.711 I/ActivityManager( 693): Start proc 1438:com.dangbei.lerad.etna.haqu/1000 for added application com.dangbei.lerad.etna.haqu
06-04 12:13:07.711 D/CompatibilityChangeReporter( 693): Compat change id reported: 143937733; UID 10040; state: DISABLED
06-04 12:13:07.714 D/AppWidgetServiceImpl( 693): Unable to load widget provider info from xml for ComponentInfo{com.android.deskclock/com.android.alarmclock.AnalogAppWidgetProvider}
06-04 12:13:07.718 D/SystemServerTimingAsync( 693): ssm.onUnlockedUser-0_com.android.server.devicelock.DeviceLockService
06-04 12:13:07.730 E/BackupPasswordManager( 693): Unable to read backup pw version
06-04 12:13:07.745 V/WindowManagerShell( 982): Transition requested: android.os.BinderProxy@4af8577 TransitionRequestInfo { type = 2, triggerTask = TaskInfo{userId=0 taskId=3 displayId=0 isRunning=false baseIntent=Intent { act=android.intent.action.MAIN cat=[android.intent.category.HOME] flg=0x10800100 cmp=com.android.tv.settings/.system.FallbackHome } baseActivity=null topActivity=null origActivity=null realActivity=ComponentInfo{com.android.tv.settings/com.android.tv.settings.system.FallbackHome} numActivities=0 lastActiveTime=24354 supportsMultiWindow=true resizeMode=0 isResizeable=false minWidth=-1 minHeight=-1 defaultMinSize=220 token=WCT{android.window.IWindowContainerToken$Stub$Proxy@a7045e4} topActivityType=2 pictureInPictureParams=null shouldDockBigOverlays=false launchIntoPipHostTaskId=-1 lastParentTaskIdBeforePip=-1 displayCutoutSafeInsets=null topActivityInfo=null launchCookies=[] positionInParent=Point(0, 0) parentTaskId=-1 isFocused=true isVisible=true isVisibleRequested=true isSleeping=false topActivityInSizeCompat=false topActivityEligibleForLetterboxEducation= false isLetterboxDoubleTapEnabled= false topActivityEligibleForUserAspectRatioButton= false topActivityBoundsLetterboxed= false isFromLetterboxDoubleTap= false topActivityLetterboxVerticalPosition= -1 topActivityLetterboxHorizontalPosition= -1 topActivityLetterboxWidth=-1 topActivityLetterboxHeight=-1 isUserFullscreenOverrideEnabled=false isTopActivityTransparent=false locusId=null displayAreaFeatureId=1 cameraCompatControlState=hidden}, remoteTransition = null, displayChange = null, flags = 0 }
06-04 12:13:07.747 D/AppWidgetServiceImpl( 693): Unable to load widget provider info from xml for ComponentInfo{com.android.deskclock/com.android.alarmclock.DigitalAppWidgetProvider}
06-04 12:13:07.748 D/AppWidgetServiceImpl( 693): Unable to load widget provider info from xml for ComponentInfo{com.android.systemui/com.android.systemui.people.widget.PeopleSpaceWidgetProvider}
06-04 12:13:07.748 I/AppWidgetServiceImpl( 693): Processing of handleUserUnlocked u0 took 67 ms
06-04 12:13:07.753 D/CompatibilityChangeReporter( 693): Compat change id reported: 265464455; UID 1000; state: DISABLED
06-04 12:13:07.754 D/CompatibilityChangeReporter( 693): Compat change id reported: 265452344; UID 1000; state: DISABLED
06-04 12:13:07.754 D/CompatibilityChangeReporter( 693): Compat change id reported: 266124927; UID 1000; state: DISABLED
06-04 12:13:07.755 D/CompatibilityChangeReporter( 693): Compat change id reported: 265451093; UID 1000; state: DISABLED
06-04 12:13:07.755 D/CompatibilityChangeReporter( 693): Compat change id reported: 265456536; UID 1000; state: DISABLED
06-04 12:13:07.755 D/CompatibilityChangeReporter( 693): Compat change id reported: 255940284; UID 1000; state: DISABLED
06-04 12:13:07.755 D/CompatibilityChangeReporter( 693): Compat change id reported: 236283604; UID 1000; state: DISABLED
06-04 12:13:07.756 D/CompatibilityChangeReporter( 693): Compat change id reported: 263959004; UID 1000; state: DISABLED
06-04 12:13:07.756 D/CompatibilityChangeReporter( 693): Compat change id reported: 264304459; UID 1000; state: DISABLED
06-04 12:13:07.756 D/CompatibilityChangeReporter( 693): Compat change id reported: 264301586; UID 1000; state: DISABLED
06-04 12:13:07.756 D/CompatibilityChangeReporter( 693): Compat change id reported: 254631730; UID 1000; state: DISABLED
06-04 12:13:07.757 D/CompatibilityChangeReporter( 693): Compat change id reported: 273509367; UID 1000; state: DISABLED
06-04 12:13:07.757 D/CompatibilityChangeReporter( 693): Compat change id reported: 263259275; UID 1000; state: DISABLED
06-04 12:13:07.759 D/CompatibilityChangeReporter( 693): Compat change id reported: 174042980; UID 1000; state: DISABLED
06-04 12:13:07.759 D/CompatibilityChangeReporter( 693): Compat change id reported: 174042936; UID 1000; state: DISABLED
06-04 12:13:07.760 D/CompatibilityChangeReporter( 693): Compat change id reported: 181136395; UID 1000; state: DISABLED
06-04 12:13:07.763 W/ActivityManager( 693): Slow operation: 77ms so far, now at startProcess: returned from zygote!
06-04 12:13:07.767 D/CompatibilityChangeReporter( 693): Compat change id reported: 261072174; UID 1002; state: ENABLED
06-04 12:13:07.775 W/ActivityManager( 693): Slow operation: 89ms so far, now at startProcess: done updating battery stats
06-04 12:13:07.776 W/ActivityManager( 693): Slow operation: 90ms so far, now at startProcess: building log message
06-04 12:13:07.776 I/ActivityManager( 693): Start proc 1447:com.sohu.inputmethod.sogou.tv/u0a40 for service {com.sohu.inputmethod.sogou.tv/com.sohu.inputmethod.sogou.tv.SogouIME}
06-04 12:13:07.776 W/ActivityManager( 693): Slow operation: 90ms so far, now at startProcess: starting to update pids map
06-04 12:13:07.777 W/ContextImpl( 1000): Calling a method in the system process without a qualified user: android.app.ContextImpl.startService:1899 android.content.ContextWrapper.startService:825 android.content.ContextWrapper.startService:825 com.droidlogic.btpair.FastBootComplete.onReceive:20 android.app.ActivityThread.handleReceiver:4494
06-04 12:13:07.787 D/CompatibilityChangeReporter( 693): Compat change id reported: 194480991; UID 1000; state: ENABLED
06-04 12:13:07.794 E/BackupPasswordManager( 693): Unable to read saved backup pw hash
06-04 12:13:07.796 D/CompatibilityChangeReporter( 693): Compat change id reported: 197654537; UID 1000; state: DISABLED
06-04 12:13:07.799 I/ActivityTaskManager( 693): START u0 {act=android.intent.action.MAIN cat=[android.intent.category.HOME] flg=0x10000100 cmp=com.dangbei.leard.leradlauncher/com.dangbei.launcher.home.LauncherActivity (has extras)} with LAUNCH_SINGLE_TASK from uid 0 (BAL_ALLOW_ALLOWLISTED_UID) result code=0
06-04 12:13:07.805 I/HealthConnectBackupRestore( 693): Attempt to schedule download timeout job with state: 0
06-04 12:13:07.806 I/HealthConnectBackupRestore( 693): Attempt to schedule staging timeout job with state: 0
06-04 12:13:07.806 I/HealthConnectBackupRestore( 693): Attempt to schedule merging timeout job with state: 0
06-04 12:13:07.806 W/ActivityManager( 693): Slow operation: 120ms so far, now at startProcess: done updating pids map
06-04 12:13:07.806 W/ActivityManager( 693): Slow operation: 106ms so far, now at startProcess: asking zygote to start proc
06-04 12:13:07.812 V/NotificationAssistants( 693): disabling notification assistant for user 0: ComponentInfo{android.ext.services/android.ext.services.notification.Assistant}
06-04 12:13:07.812 D/NotificationListeners( 693): Removing active service ComponentInfo{android.ext.services/android.ext.services.notification.Assistant}
06-04 12:13:07.812 D/CompatibilityChangeReporter( 693): Compat change id reported: 143937733; UID 10056; state: ENABLED
06-04 12:13:07.814 D/CompatibilityChangeReporter( 693): Compat change id reported: 168419799; UID 1000; state: DISABLED
06-04 12:13:07.815 D/CompatibilityChangeReporter( 693): Compat change id reported: 273564678; UID 1000; state: DISABLED
06-04 12:13:07.818 D/CompatibilityChangeReporter( 693): Compat change id reported: 168419799; UID 10040; state: DISABLED
06-04 12:13:07.818 D/CompatibilityChangeReporter( 693): Compat change id reported: 273564678; UID 10040; state: DISABLED
06-04 12:13:07.822 D/CompatibilityChangeReporter( 693): Compat change id reported: 161252188; UID 10049; state: DISABLED
06-04 12:13:07.825 D/CompatibilityChangeReporter( 693): Compat change id reported: 135634846; UID 10049; state: DISABLED
06-04 12:13:07.825 D/CompatibilityChangeReporter( 693): Compat change id reported: 177438394; UID 10049; state: DISABLED
06-04 12:13:07.825 D/CompatibilityChangeReporter( 693): Compat change id reported: 135772972; UID 10049; state: DISABLED
06-04 12:13:07.825 D/CompatibilityChangeReporter( 693): Compat change id reported: 135754954; UID 10049; state: ENABLED
06-04 12:13:07.828 I/ActivityManager( 693): com.dangbei.leard.leradlauncher is exempt from freezer
06-04 12:13:07.828 D/CompatibilityChangeReporter( 693): Compat change id reported: 135634846; UID 1000; state: DISABLED
06-04 12:13:07.831 V/NotificationAssistants( 693): enabling notification assistant for 0: ComponentInfo{android.ext.services/android.ext.services.notification.Assistant}
06-04 12:13:07.831 V/NotificationAssistants( 693): binding: Intent { act=android.service.notification.NotificationAssistantService cmp=android.ext.services/.notification.Assistant (has extras) }
06-04 12:13:07.836 D/CompatibilityChangeReporter( 693): Compat change id reported: 161252188; UID 1000; state: DISABLED
06-04 12:13:07.837 I/ActivityManager( 693): com.android.keychain is exempt from freezer
06-04 12:13:07.838 I/MediaSessionStack( 693): addSession to bottom of stack | record: com.android.bluetooth/BluetoothMediaBrowserService (userId=0)
06-04 12:13:07.844 D/CompatibilityChangeReporter( 693): Compat change id reported: 265195908; UID 10040; state: ENABLED
06-04 12:13:07.851 V/BackupManagerService( 693): [UserID:0] No ancestral data
06-04 12:13:07.856 D/SystemServerTiming( 693): getUserSwitchability-0
06-04 12:13:07.856 D/SystemServerTiming( 693): TM.isInCall
06-04 12:13:07.858 D/SystemServerTiming( 693): hasUserRestriction-DISALLOW_USER_SWITCH
06-04 12:13:07.858 D/SystemServerTiming( 693): getInt-ALLOW_USER_SWITCHING_WHEN_SYSTEM_USER_LOCKED
06-04 12:13:07.858 D/SystemServerTiming( 693): isUserUnlocked-USER_SYSTEM
06-04 12:13:07.859 W/ActivityManager( 693): Slow operation: 159ms so far, now at startProcess: returned from zygote!
06-04 12:13:07.860 W/ActivityManager( 693): Slow operation: 160ms so far, now at startProcess: done updating battery stats
06-04 12:13:07.860 I/Watchdog( 693): Interesting Java process com.android.providers.media.module started. Pid 1471
06-04 12:13:07.860 W/ActivityManager( 693): Slow operation: 160ms so far, now at startProcess: building log message
06-04 12:13:07.860 I/ActivityManager( 693): Start proc 1471:com.android.providers.media.module/u0a56 for service {com.android.providers.media.module/com.android.providers.media.fuse.ExternalStorageServiceImpl}
06-04 12:13:07.860 W/ActivityManager( 693): Slow operation: 160ms so far, now at startProcess: starting to update pids map
06-04 12:13:07.860 W/ActivityManager( 693): Slow operation: 160ms so far, now at startProcess: done updating pids map
06-04 12:13:07.860 D/CompatibilityChangeReporter( 693): Compat change id reported: 143937733; UID 10049; state: ENABLED
06-04 12:13:07.861 D/CompatibilityChangeReporter( 693): Compat change id reported: 170503758; UID 10040; state: DISABLED
06-04 12:13:07.879 W/ContextImpl( 1000): Calling a method in the system process without a qualified user: android.app.ContextImpl.startService:1899 android.content.ContextWrapper.startService:825 android.content.ContextWrapper.startService:825 com.droidlogic.btpair.FastBootComplete.onReceive:23 android.app.ActivityThread.handleReceiver:4494
06-04 12:13:07.882 D/SystemServerTiming( 693): getUserSwitchability-0
06-04 12:13:07.882 D/SystemServerTiming( 693): TM.isInCall
06-04 12:13:07.883 D/SystemServerTiming( 693): hasUserRestriction-DISALLOW_USER_SWITCH
06-04 12:13:07.883 D/SystemServerTiming( 693): getInt-ALLOW_USER_SWITCHING_WHEN_SYSTEM_USER_LOCKED
06-04 12:13:07.883 D/SystemServerTiming( 693): isUserUnlocked-USER_SYSTEM
06-04 12:13:07.891 I/ActivityManager( 693): com.oranth.ledstatus is exempt from freezer
06-04 12:13:07.900 D/SystemServerTiming( 693): getUserSwitchability-0
06-04 12:13:07.900 D/SystemServerTiming( 693): TM.isInCall
06-04 12:13:07.901 D/SystemServerTiming( 693): hasUserRestriction-DISALLOW_USER_SWITCH
06-04 12:13:07.901 D/SystemServerTiming( 693): getInt-ALLOW_USER_SWITCHING_WHEN_SYSTEM_USER_LOCKED
06-04 12:13:07.901 D/SystemServerTiming( 693): isUserUnlocked-USER_SYSTEM
06-04 12:13:07.903 D/SystemServerTiming( 693): getUserSwitchability-0
06-04 12:13:07.903 D/SystemServerTiming( 693): TM.isInCall
06-04 12:13:07.906 D/WindowManagerShell( 982): TvPipController: onTaskStackChanged()
06-04 12:13:07.907 D/SystemServerTiming( 693): hasUserRestriction-DISALLOW_USER_SWITCH
06-04 12:13:07.907 D/SystemServerTiming( 693): getInt-ALLOW_USER_SWITCHING_WHEN_SYSTEM_USER_LOCKED
06-04 12:13:07.908 D/SystemServerTiming( 693): isUserUnlocked-USER_SYSTEM
06-04 12:13:07.914 W/ActivityManager( 693): Slow operation: 90ms so far, now at startProcess: returned from zygote!
06-04 12:13:07.915 W/ActivityManager( 693): Slow operation: 91ms so far, now at startProcess: done updating battery stats
06-04 12:13:07.915 W/ActivityManager( 693): Slow operation: 91ms so far, now at startProcess: building log message
06-04 12:13:07.915 I/ActivityManager( 693): Start proc 1479:com.android.music/u0a49 for service {com.android.music/com.android.music.MediaPlaybackService}
06-04 12:13:07.915 W/ActivityManager( 693): Slow operation: 91ms so far, now at startProcess: starting to update pids map
06-04 12:13:07.915 W/ActivityManager( 693): Slow operation: 91ms so far, now at startProcess: done updating pids map
06-04 12:13:07.915 W/ActivityManager( 693): Slow operation: 87ms so far, now at startProcess: asking zygote to start proc
06-04 12:13:07.917 D/SystemServerTiming( 693): getUserSwitchability-0
06-04 12:13:07.918 D/SystemServerTiming( 693): TM.isInCall
06-04 12:13:07.921 D/SystemServerTiming( 693): hasUserRestriction-DISALLOW_USER_SWITCH
06-04 12:13:07.921 D/SystemServerTiming( 693): getInt-ALLOW_USER_SWITCHING_WHEN_SYSTEM_USER_LOCKED
06-04 12:13:07.921 D/SystemServerTiming( 693): isUserUnlocked-USER_SYSTEM
06-04 12:13:07.926 D/SystemServerTiming( 693): getUserSwitchability-0
06-04 12:13:07.926 D/SystemServerTiming( 693): TM.isInCall
06-04 12:13:07.928 D/SystemServerTiming( 693): hasUserRestriction-DISALLOW_USER_SWITCH
06-04 12:13:07.928 D/SystemServerTiming( 693): getInt-ALLOW_USER_SWITCHING_WHEN_SYSTEM_USER_LOCKED
06-04 12:13:07.928 D/SystemServerTiming( 693): isUserUnlocked-USER_SYSTEM
06-04 12:13:07.930 D/CompatibilityChangeReporter( 693): Compat change id reported: 168419799; UID 10056; state: DISABLED
06-04 12:13:07.930 D/CompatibilityChangeReporter( 693): Compat change id reported: 273564678; UID 10056; state: DISABLED
06-04 12:13:07.930 I/SyncManager( 693): Loaded persisted syncs: 0 periodic syncs, 0 oneshot syncs, 0 total system server jobs, JobStats: FirstLoad: 5/3/0 LastSave: -1/-1/-1
06-04 12:13:07.931 D/SystemServerTiming( 693): getUserSwitchability-0
06-04 12:13:07.931 D/SystemServerTiming( 693): TM.isInCall
06-04 12:13:07.934 V/NotificationAssistants( 693): 0 notification assistant service connected: ComponentInfo{android.ext.services/android.ext.services.notification.Assistant}
06-04 12:13:07.937 D/SystemServerTiming( 693): hasUserRestriction-DISALLOW_USER_SWITCH
06-04 12:13:07.937 D/SystemServerTiming( 693): getInt-ALLOW_USER_SWITCHING_WHEN_SYSTEM_USER_LOCKED
06-04 12:13:07.937 D/SystemServerTiming( 693): isUserUnlocked-USER_SYSTEM
06-04 12:13:07.938 D/CompatibilityChangeReporter( 693): Compat change id reported: 265195908; UID 10056; state: ENABLED
06-04 12:13:07.949 W/ActivityManager( 693): Slow operation: 121ms so far, now at startProcess: returned from zygote!
06-04 12:13:07.950 W/ActivityManager( 693): Slow operation: 122ms so far, now at startProcess: done updating battery stats
06-04 12:13:07.950 W/ActivityManager( 693): Slow operation: 122ms so far, now at startProcess: building log message
06-04 12:13:07.950 I/ActivityManager( 693): Start proc 1489:com.dangbei.leard.leradlauncher/1000 for top-activity {com.dangbei.leard.leradlauncher/com.dangbei.launcher.home.LauncherActivity}
06-04 12:13:07.950 W/ActivityManager( 693): Slow operation: 122ms so far, now at startProcess: starting to update pids map
06-04 12:13:07.950 W/ActivityManager( 693): Slow operation: 122ms so far, now at startProcess: done updating pids map
06-04 12:13:07.950 W/ActivityManager( 693): Slow operation: 113ms so far, now at startProcess: asking zygote to start proc
06-04 12:13:07.954 D/SystemServerTiming( 693): getUserSwitchability-0
06-04 12:13:07.954 D/SystemServerTiming( 693): TM.isInCall
06-04 12:13:07.954 D/SystemServerTiming( 693): hasUserRestriction-DISALLOW_USER_SWITCH
06-04 12:13:07.955 D/SystemServerTiming( 693): getInt-ALLOW_USER_SWITCHING_WHEN_SYSTEM_USER_LOCKED
06-04 12:13:07.955 D/SystemServerTiming( 693): isUserUnlocked-USER_SYSTEM
06-04 12:13:07.966 D/CompatibilityChangeReporter( 693): Compat change id reported: 170503758; UID 10056; state: ENABLED
06-04 12:13:07.974 V/BackupManagerConstants( 693): getKeyValueBackupIntervalMilliseconds(...) returns 14400000
06-04 12:13:07.974 V/BackupManagerConstants( 693): getKeyValueBackupFuzzMilliseconds(...) returns 600000
06-04 12:13:07.974 V/BackupManagerConstants( 693): getKeyValueBackupRequiredNetworkType(...) returns 1
06-04 12:13:07.983 V/BackupManagerConstants( 693): getKeyValueBackupRequireCharging(...) returns true
06-04 12:13:07.983 V/KeyValueBackupJob( 693): Scheduling k/v pass in 244 minutes
06-04 12:13:07.985 D/CompatibilityChangeReporter( 693): Compat change id reported: 271850009; UID 1000; state: DISABLED
06-04 12:13:07.985 D/CompatibilityChangeReporter( 693): Compat change id reported: 271850009; UID 1000; state: ENABLED
06-04 12:13:07.990 D/CompatibilityChangeReporter( 693): Compat change id reported: 168419799; UID 1000; state: DISABLED
06-04 12:13:07.991 D/CompatibilityChangeReporter( 693): Compat change id reported: 273564678; UID 1000; state: DISABLED
06-04 12:13:07.996 W/ActivityManager( 693): Slow operation: 159ms so far, now at startProcess: returned from zygote!
06-04 12:13:07.996 W/ActivityManager( 693): Slow operation: 159ms so far, now at startProcess: done updating battery stats
06-04 12:13:07.996 W/ActivityManager( 693): Slow operation: 159ms so far, now at startProcess: building log message
06-04 12:13:07.996 I/ActivityManager( 693): Start proc 1517:com.android.keychain/1000 for service {com.android.keychain/com.android.keychain.KeyChainService}
06-04 12:13:07.996 W/ActivityManager( 693): Slow operation: 159ms so far, now at startProcess: starting to update pids map
06-04 12:13:07.996 W/ActivityManager( 693): Slow operation: 159ms so far, now at startProcess: done updating pids map
06-04 12:13:07.996 W/ActivityManager( 693): Slow operation: 106ms so far, now at startProcess: asking zygote to start proc
06-04 12:13:08.000 D/CompatibilityChangeReporter( 693): Compat change id reported: 271850009; UID 1000; state: ENABLED
06-04 12:13:08.001 D/CompatibilityChangeReporter( 693): Compat change id reported: 271850009; UID 1000; state: DISABLED
06-04 12:13:08.011 W/ActivityManager( 693): Slow operation: 121ms so far, now at startProcess: returned from zygote!
06-04 12:13:08.011 W/ActivityManager( 693): Slow operation: 121ms so far, now at startProcess: done updating battery stats
06-04 12:13:08.011 W/ActivityManager( 693): Slow operation: 121ms so far, now at startProcess: building log message
06-04 12:13:08.011 I/ActivityManager( 693): Start proc 1520:com.oranth.ledstatus/1000 for broadcast {com.oranth.ledstatus/com.oranth.ledstatus.BootCompletedReceiver}
06-04 12:13:08.011 W/ActivityManager( 693): Slow operation: 121ms so far, now at startProcess: starting to update pids map
06-04 12:13:08.011 W/ActivityManager( 693): Slow operation: 121ms so far, now at startProcess: done updating pids map
06-04 12:13:08.014 I/MediaSessionStack( 693): addSession to bottom of stack | record: com.android.bluetooth/BluetoothMediaBrowserService (userId=0)
06-04 12:13:08.039 I/BackupManagerService( 693): isBackupEnabled() => false due to absent settings file
06-04 12:13:08.039 D/BackupManagerService( 693): user:0 readBackupEnableState enabled:false
06-04 12:13:08.040 I/BackupManagerService( 693): [UserID:0] Backup enabled => false
06-04 12:13:08.102 D/CompatibilityChangeReporter( 693): Compat change id reported: 168419799; UID 1000; state: DISABLED
06-04 12:13:08.103 D/CompatibilityChangeReporter( 693): Compat change id reported: 273564678; UID 1000; state: DISABLED
06-04 12:13:08.124 D/CompatibilityChangeReporter( 693): Compat change id reported: 168419799; UID 10049; state: DISABLED
06-04 12:13:08.124 D/CompatibilityChangeReporter( 693): Compat change id reported: 273564678; UID 10049; state: DISABLED
06-04 12:13:08.131 D/CompatibilityChangeReporter( 693): Compat change id reported: 265195908; UID 10049; state: ENABLED
06-04 12:13:08.148 D/CompatibilityChangeReporter( 693): Compat change id reported: 271850009; UID 1000; state: DISABLED
06-04 12:13:08.149 D/CompatibilityChangeReporter( 693): Compat change id reported: 271850009; UID 1000; state: ENABLED
06-04 12:13:08.150 D/CompatibilityChangeReporter( 693): Compat change id reported: 170503758; UID 10049; state: DISABLED
06-04 12:13:08.172 V/WindowManager( 693): app ------------- force_land :0
06-04 12:13:08.190 D/CompatibilityChangeReporter( 693): Compat change id reported: 168419799; UID 1000; state: DISABLED
06-04 12:13:08.191 D/CompatibilityChangeReporter( 693): Compat change id reported: 273564678; UID 1000; state: DISABLED
06-04 12:13:08.212 V/BackupManagerConstants( 693): getKeyValueBackupIntervalMilliseconds(...) returns 14400000
06-04 12:13:08.212 V/BackupManagerConstants( 693): getKeyValueBackupFuzzMilliseconds(...) returns 600000
06-04 12:13:08.212 V/BackupManagerConstants( 693): getKeyValueBackupRequiredNetworkType(...) returns 1
06-04 12:13:08.212 V/BackupManagerConstants( 693): getKeyValueBackupRequireCharging(...) returns true
06-04 12:13:08.212 V/KeyValueBackupJob( 693): Scheduling k/v pass in 247 minutes
06-04 12:13:08.276 D/CompatibilityChangeReporter( 693): Compat change id reported: 261072174; UID 10052; state: ENABLED
06-04 12:13:08.292 D/OomAdjuster( 693): Not killing cached processes
06-04 12:13:08.294 I/MediaSessionStack( 693): addSession to bottom of stack | record: com.android.music/MediaPlaybackService (userId=0)
06-04 12:13:08.327 W/WindowManager( 693): [addWindow] title:InputMethod
06-04 12:13:08.343 D/CoreBackPreview( 693): Window{5641707 u0 InputMethod}: Setting back callback OnBackInvokedCallbackInfo{mCallback=android.window.IOnBackInvokedCallback$Stub$Proxy@350e359, mPriority=0, mIsAnimationCallback=false}
06-04 12:13:08.350 D/CompatibilityChangeReporter( 693): Compat change id reported: 161145287; UID 10040; state: DISABLED
06-04 12:13:08.396 I/ActivityManager( 693): com.oranth.storage is exempt from freezer
06-04 12:13:08.397 D/CompatibilityChangeReporter( 693): Compat change id reported: 135634846; UID 1000; state: DISABLED
06-04 12:13:08.419 W/ContextImpl( 1520): Calling a method in the system process without a qualified user: android.app.ContextImpl.startService:1899 android.content.ContextWrapper.startService:825 android.content.ContextWrapper.startService:825 com.oranth.ledstatus.BootCompletedReceiver.onReceive:15 android.app.ActivityThread.handleReceiver:4494
06-04 12:13:08.468 W/ActivityManager( 693): Slow operation: 72ms so far, now at startProcess: returned from zygote!
06-04 12:13:08.494 D/CompatibilityChangeReporter( 693): Compat change id reported: 161145287; UID 1000; state: DISABLED
06-04 12:13:08.495 D/CompatibilityChangeReporter( 693): Compat change id reported: 161145287; UID 1000; state: ENABLED
06-04 12:13:08.496 W/ActivityManager( 693): Slow operation: 100ms so far, now at startProcess: done updating battery stats
06-04 12:13:08.496 W/ActivityManager( 693): Slow operation: 100ms so far, now at startProcess: building log message
06-04 12:13:08.496 I/ActivityManager( 693): Start proc 1595:com.oranth.storage/1000 for broadcast {com.oranth.storage/com.oranth.storage.BootCompletedReceiver}
06-04 12:13:08.496 W/ActivityManager( 693): Slow operation: 100ms so far, now at startProcess: starting to update pids map
06-04 12:13:08.496 W/ActivityManager( 693): Slow operation: 100ms so far, now at startProcess: done updating pids map
06-04 12:13:08.507 D/CompatibilityChangeReporter( 693): Compat change id reported: 161145287; UID 10056; state: ENABLED
06-04 12:13:08.537 D/CompatibilityChangeReporter( 693): Compat change id reported: 135634846; UID 10017; state: DISABLED
06-04 12:13:08.537 D/CompatibilityChangeReporter( 693): Compat change id reported: 177438394; UID 10017; state: DISABLED
06-04 12:13:08.537 D/CompatibilityChangeReporter( 693): Compat change id reported: 135772972; UID 10017; state: DISABLED
06-04 12:13:08.537 D/CompatibilityChangeReporter( 693): Compat change id reported: 135754954; UID 10017; state: ENABLED
06-04 12:13:08.538 D/CompatibilityChangeReporter( 693): Compat change id reported: 143937733; UID 10017; state: ENABLED
06-04 12:13:08.559 I/ActivityManager( 693): Start proc 1615:android.process.acore/u0a17 for content provider {com.android.providers.contacts/com.android.providers.contacts.ContactsProvider2}
06-04 12:13:08.580 D/CompatibilityChangeReporter( 693): Compat change id reported: 261072174; UID 1000; state: ENABLED
06-04 12:13:08.585 D/CompatibilityChangeReporter( 693): Compat change id reported: 168419799; UID 1000; state: DISABLED
06-04 12:13:08.586 D/CompatibilityChangeReporter( 693): Compat change id reported: 273564678; UID 1000; state: DISABLED
06-04 12:13:08.598 D/CompatibilityChangeReporter( 693): Compat change id reported: 168419799; UID 10017; state: DISABLED
06-04 12:13:08.599 D/CompatibilityChangeReporter( 693): Compat change id reported: 273564678; UID 10017; state: DISABLED
06-04 12:13:08.602 I/StorageUserConnection( 693): Service: [ComponentInfo{com.android.providers.media.module/com.android.providers.media.fuse.ExternalStorageServiceImpl}] connected. User [0]
06-04 12:13:08.604 D/CompatibilityChangeReporter( 693): Compat change id reported: 265195908; UID 10017; state: ENABLED
06-04 12:13:08.610 D/CompatibilityChangeReporter( 693): Compat change id reported: 170503758; UID 10017; state: ENABLED
06-04 12:13:08.634 D/CompatibilityChangeReporter( 693): Compat change id reported: 149924527; UID 10040; state: ENABLED
06-04 12:13:08.636 D/CompatibilityChangeReporter( 693): Compat change id reported: 132649864; UID 10040; state: DISABLED
06-04 12:13:08.638 D/CompatibilityChangeReporter( 693): Compat change id reported: 149924527; UID 1000; state: ENABLED
06-04 12:13:08.639 D/CompatibilityChangeReporter( 693): Compat change id reported: 132649864; UID 1000; state: DISABLED
06-04 12:13:08.745 D/CompatibilityChangeReporter( 693): Compat change id reported: 161145287; UID 10017; state: ENABLED
06-04 12:13:08.760 W/ContextImpl( 1595): Calling a method in the system process without a qualified user: android.app.ContextImpl.startService:1899 android.content.ContextWrapper.startService:825 android.content.ContextWrapper.startService:825 com.oranth.storage.BootCompletedReceiver.onReceive:15 android.app.ActivityThread.handleReceiver:4494
06-04 12:13:08.773 E/BootReceiver( 693): Could not open /sys/kernel/tracing/instances/bootreceiver/trace_pipe
06-04 12:13:08.773 E/BootReceiver( 693): android.system.ErrnoException: open failed: ENOENT (No such file or directory)
06-04 12:13:08.773 E/BootReceiver( 693): at libcore.io.Linux.open(Native Method)
06-04 12:13:08.773 E/BootReceiver( 693): at libcore.io.ForwardingOs.open(ForwardingOs.java:563)
06-04 12:13:08.773 E/BootReceiver( 693): at libcore.io.BlockGuardOs.open(BlockGuardOs.java:274)
06-04 12:13:08.773 E/BootReceiver( 693): at android.system.Os.open(Os.java:494)
06-04 12:13:08.773 E/BootReceiver( 693): at com.android.server.BootReceiver.onReceive(BootReceiver.java:164)
06-04 12:13:08.773 E/BootReceiver( 693): at android.app.ActivityThread.handleReceiver(ActivityThread.java:4494)
06-04 12:13:08.773 E/BootReceiver( 693): at android.app.ActivityThread.-$$Nest$mhandleReceiver(Unknown Source:0)
06-04 12:13:08.773 E/BootReceiver( 693): at android.app.ActivityThread$H.handleMessage(ActivityThread.java:2285)
06-04 12:13:08.773 E/BootReceiver( 693): at android.os.Handler.dispatchMessage(Handler.java:106)
06-04 12:13:08.773 E/BootReceiver( 693): at android.os.Looper.loopOnce(Looper.java:205)
06-04 12:13:08.773 E/BootReceiver( 693): at android.os.Looper.loop(Looper.java:294)
06-04 12:13:08.773 E/BootReceiver( 693): at com.android.server.SystemServer.run(SystemServer.java:982)
06-04 12:13:08.773 E/BootReceiver( 693): at com.android.server.SystemServer.main(SystemServer.java:668)
06-04 12:13:08.773 E/BootReceiver( 693): at java.lang.reflect.Method.invoke(Native Method)
06-04 12:13:08.773 E/BootReceiver( 693): at com.android.internal.os.RuntimeInit$MethodAndArgsCaller.run(RuntimeInit.java:552)
06-04 12:13:08.773 E/BootReceiver( 693): at com.android.internal.os.ZygoteInit.main(ZygoteInit.java:956)
06-04 12:13:08.778 W/ContextImpl( 1438): Calling a method in the system process without a qualified user: android.app.ContextImpl.startService:1899 android.content.ContextWrapper.startService:825 com.dangbei.lerad.etna.core.EtnaManager.startService:64 com.dangbei.lerad.etna.core.EtnaManager.init:39 com.dangbei.lerad.etna.haqu.EtnaApplication.init:87
06-04 12:13:08.791 D/CompatibilityChangeReporter( 693): Compat change id reported: 171306433; UID 1000; state: ENABLED
06-04 12:13:08.791 D/CompatibilityChangeReporter( 693): Compat change id reported: 218533173; UID 1000; state: ENABLED
06-04 12:13:08.797 D/CountryDetector( 693): The first listener is added
06-04 12:13:08.797 W/ContextImpl( 1000): Calling a method in the system process without a qualified user: android.app.ContextImpl.startService:1899 android.content.ContextWrapper.startService:825 android.content.ContextWrapper.startService:825 com.droidlogic.BootComplete.onReceive:116 android.app.ActivityThread.handleReceiver:4494
06-04 12:13:08.800 W/ContextImpl( 1438): Calling a method in the system process without a qualified user: android.app.ContextImpl.startService:1899 android.content.ContextWrapper.startService:825 com.dangbei.andes.CoreService$Companion.start:29 com.dangbei.lerad.etna.haqu.EtnaApplication.init:88 com.dangbei.lerad.etna.haqu.EtnaApplication.onCreate:59
06-04 12:13:08.802 W/ContextImpl( 1000): Calling a method in the system process without a qualified user: android.app.ContextImpl.startForegroundService:1905 android.content.ContextWrapper.startForegroundService:830 android.content.ContextWrapper.startForegroundService:830 com.droidlogic.BootComplete.onReceive:125 android.app.ActivityThread.handleReceiver:4494
06-04 12:13:08.804 W/ActivityManager( 693): Unable to start service Intent { cmp=com.android.tv.mdnsoffloadcmd/.MdnsOffloadCmdService } U=0: not found
06-04 12:13:08.805 W/ContextImpl( 1000): Calling a method in the system process without a qualified user: android.app.ContextImpl.startService:1899 android.content.ContextWrapper.startService:825 android.content.ContextWrapper.startService:825 com.droidlogic.BootComplete.onReceive:127 android.app.ActivityThread.handleReceiver:4494
06-04 12:13:08.817 W/ContextImpl( 1000): Calling a method in the system process without a qualified user: android.app.ContextImpl.startService:1899 android.content.ContextWrapper.startService:825 android.content.ContextWrapper.startService:825 com.droidlogic.BootComplete.onReceive:128 android.app.ActivityThread.handleReceiver:4494
06-04 12:13:08.838 W/ContextImpl( 1000): Calling a method in the system process without a qualified user: android.app.ContextImpl.stopService:1911 android.content.ContextWrapper.stopService:835 android.content.ContextWrapper.stopService:835 com.droidlogic.BootComplete$2.onChange:276 com.droidlogic.BootComplete.updateDeveloperOptionsWatcher:283
06-04 12:13:08.839 I/DropBoxManagerService( 693): add tag=SYSTEM_BOOT isTagEnabled=true flags=0x2
06-04 12:13:08.842 I/BootReceiver( 693): Copying audit failures to DropBox
06-04 12:13:08.844 W/ContextImpl( 1000): Calling a method in the system process without a qualified user: android.app.ContextImpl.startService:1899 android.content.ContextWrapper.startService:825 android.content.ContextWrapper.startService:825 com.droidlogic.BootComplete.onReceive:173 android.app.ActivityThread.handleReceiver:4494
06-04 12:13:08.844 I/BootReceiver( 693): Checking for fsck errors
06-04 12:13:08.844 D/HDMI ( 693): Process pid:1438 is calling addHotplugEventListener
06-04 12:13:08.847 I/BootReceiver( 693): fs_stat, partition:param stat:0x1001b
06-04 12:13:08.848 I/BootReceiver( 693): fs_stat, partition:tee stat:0xb
06-04 12:13:08.848 I/BootReceiver( 693): fs_stat, partition:factory stat:0x0
06-04 12:13:08.848 I/BootReceiver( 693): fs_stat, partition:userdata stat:0x0
06-04 12:13:08.851 I/ActivityManager( 693): com.droidlogic.mictoggle is exempt from freezer
06-04 12:13:08.851 D/CompatibilityChangeReporter( 693): Compat change id reported: 135634846; UID 1000; state: DISABLED
06-04 12:13:08.856 D/CompatibilityChangeReporter( 693): Compat change id reported: 135634846; UID 10018; state: DISABLED
06-04 12:13:08.856 D/CompatibilityChangeReporter( 693): Compat change id reported: 177438394; UID 10018; state: DISABLED
06-04 12:13:08.856 D/CompatibilityChangeReporter( 693): Compat change id reported: 135772972; UID 10018; state: DISABLED
06-04 12:13:08.856 D/CompatibilityChangeReporter( 693): Compat change id reported: 135754954; UID 10018; state: ENABLED
06-04 12:13:08.857 D/HDMI ( 693): addVendorCommandListener 1877008
06-04 12:13:08.865 W/ContextImpl( 1438): Calling a method in the system process without a qualified user: android.app.ContextImpl.bindService:1988 android.content.ContextWrapper.bindService:861 com.dangbei.lerad.etna.lib.client.EtnaClient.bindServer:138 com.dangbei.lerad.etna.lib.client.EtnaClient.access$600:29 com.dangbei.lerad.etna.lib.client.EtnaClient$3.call:205
