06-04 17:01:26.204 I/AmFFmpegExtractor( 605): audio:demux: channels = 2
06-04 17:01:26.204 I/AmFFmpegExtractor( 605): audio:demux: sample_rate = 48000
06-04 17:01:26.204 I/AmFFmpegExtractor( 605): audio:demux: bit_rate = 128000
06-04 17:01:26.204 I/AmFFmpegExtractor( 605): audio:demux: codec_id = 86019
06-04 17:01:26.204 I/AmFFmpegExtractor( 605): audio:demux: stream startTimeUs = 600000000
06-04 17:01:26.204 I/AmFFmpegExtractor( 605): audio:demux: block_align = 0
06-04 17:01:26.204 E/AmFFmpegExtractor( 605): kKeyMediaLanguage audio lang null
06-04 17:01:26.204 I/AmFFmpegExtractor( 605): Mime:audio/ac3
06-04 17:01:26.204 I/StreamFormatter( 605): Creating formatter for codec id : 86019 extradata size : 0
06-04 17:01:26.204 I/AmFFmpegExtractor( 605): [init 3565] mIsDolbyVison:0, i:1
06-04 17:01:26.204 W/AmFFmpegUtils( 605): Unsupported codec id : 0
06-04 17:01:26.204 I/AmFFmpegExtractor( 605): Stream -1(-1) [UNKNOWN][codecid:0x0(0x0)] found.
06-04 17:01:26.205 I/AmFFmpegExtractor( 605): pthread_create OK pid:-449732160
06-04 17:01:26.205 I/AmFFmpegExtractor( 605): feedMore_task in
06-04 17:01:26.206 I/AmAVUtils( 608): set default max-input-size to 1887436
06-04 17:01:26.209 I/AmFFmpegExtractor( 605): feedMore_task out toBeExit:1 , err:0
06-04 17:01:26.209 I/AmFFmpegExtractor( 605): [~AmFFmpegExtractor 2707] feedMore task has exited.
06-04 17:01:26.209 I/AmFFmpegExtractor( 605): [~AmFFmpegSource 732]
06-04 17:01:26.209 I/AmFFmpegExtractor( 605): [~AmFFmpegSource 732]
06-04 17:01:26.210 I/AmFFmpegExtractor( 605): [~AmFFmpegExtractor 2720]
06-04 17:01:26.210 I/AmFFmpegExtractor( 605): [~AmFFmpegExtractor 2723]
06-04 17:01:26.210 W/RefBase ( 605): RefBase: Explicit destruction, weak count = 0 (in 0xea103b94). Use sp<> to manage this object.
06-04 17:01:26.210 W/RefBase ( 605): CallStack::getCurrentInternal not linked, returning null
06-04 17:01:26.210 W/RefBase ( 605): CallStack::logStackInternal not linked
06-04 17:01:26.212 E/MetadataRetrieverClient( 608): unable to dlopen metadata_retriever extension: dlopen failed: library "libmetadataretriever_ext.so" not found
06-04 17:01:26.217 I/AmFFmpegByteIOAdapter( 605): File size : 670769152
06-04 17:01:26.219 E/exFFmpeg( 605): HDMV --- HDPR
06-04 17:01:26.220 I/AmFFmpegExtractor( 605): checkInList: iswhite:0, mime:video/mp2ts, type:0, id:27 tag:564d4448
06-04 17:01:26.220 I/AmFFmpegExtractor( 605): checkInList: iswhite:1, mime:video/mp2ts, type:0, id:27 tag:564d4448
06-04 17:01:26.220 E/AmFFmpegExtractor( 605): codec_ctx->properties: 0
06-04 17:01:26.220 I/AmFFmpegExtractor( 605): checkInList: iswhite:0, mime:video/mp2ts, type:1, id:86019 tag:332d4341
06-04 17:01:26.220 I/AmFFmpegExtractor( 605): checkInList: iswhite:1, mime:video/mp2ts, type:1, id:86019 tag:332d4341
06-04 17:01:26.220 E/AmFFmpegExtractor( 605): true: iswhite:1, type:1, id:86019 tag:ffffffff
06-04 17:01:26.220 E/AmFFmpegExtractor( 605): codec_ctx->properties: 0
06-04 17:01:26.220 I/AmFFmpegExtractor( 605): checkInList: iswhite:0, mime:video/mp2ts, type:-1, id:0 tag:332d4341
06-04 17:01:26.220 W/AmFFmpegUtils( 605): Unsupported codec id : 0
06-04 17:01:26.220 I/AmFFmpegExtractor( 605): checkInList: iswhite:1, mime:video/mp2ts, type:-1, id:0 tag:332d4341
06-04 17:01:26.220 E/AmFFmpegExtractor( 605): codec_ctx->properties: 0
06-04 17:01:26.220 I/AmFFmpegExtractor( 605): checkSupportInList ret 1
06-04 17:01:26.221 I/AmFFmpegExtractor( 605): is in white list : 1
06-04 17:01:26.221 I/AmFFmpegExtractor( 605): SniffAmFFmpeg ok, confidence = 0.800000
06-04 17:01:26.236 W/AString ( 605): ctor got NULL, using empty string instead
06-04 17:01:26.236 I/AmFFmpegExtractor( 605):
06-04 17:01:26.236 I/AmFFmpegExtractor( 605): -----------AmFFmpegExtractor Info---------
06-04 17:01:26.236 I/AmFFmpegExtractor( 605):
06-04 17:01:26.236 I/AmFFmpegExtractor( 605): MM-module-name:Extractor,Version:5.1.7-g0c7d1d4(build:6351)
06-04 17:01:26.236 I/AmFFmpegExtractor( 605):
06-04 17:01:26.236 I/AmFFmpegExtractor( 605): ARCH = arm
06-04 17:01:26.236 I/AmFFmpegExtractor( 605): Author: multi-media team
06-04 17:01:26.236 I/AmFFmpegExtractor( 605): Branch name: * (HEAD detached at 0c7d1d4)
06-04 17:01:26.236 I/AmFFmpegExtractor( 605): Last Commit Info:
06-04 17:01:26.236 I/AmFFmpegExtractor( 605): commit 0c7d1d450b4d7ecd11fc2ddd21a6e67e11d0b24d
06-04 17:01:26.236 I/AmFFmpegExtractor( 605): Author: wang.ren
06-04 17:01:26.236 I/AmFFmpegExtractor( 605): Date: Mon Nov 18 08:39:16 2024 +0000
06-04 17:01:26.236 I/AmFFmpegExtractor( 605): AmFFmpegExtractor: CB2 invalid nal length when parse nal data [1/1]
06-04 17:01:26.236 I/AmFFmpegExtractor( 605): PD#SWPL-190774
06-04 17:01:26.236 I/AmFFmpegExtractor( 605): Change-Id: I639741fa67a5b027e7d8eaa1b588f753d2326e47
06-04 17:01:26.236 I/AmFFmpegExtractor( 605): Uncommitted-file-num:1
06-04 17:01:26.236 I/AmFFmpegExtractor( 605): Build-time: Thu Nov 28 13:44:43 CST 2024
06-04 17:01:26.236 I/AmFFmpegExtractor( 605): Build-name: drm.autobuild
06-04 17:01:26.236 I/AmFFmpegExtractor( 605): -----------------------------------------
06-04 17:01:26.236 I/AmFFmpegExtractor( 605): media.ffmpegextractor.loglevel 16
06-04 17:01:26.237 I/AmFFmpegExtractor( 605): vendor.media.ffmpegextractor.ESLen264Check : 10
06-04 17:01:26.237 I/AmFFmpegExtractor( 605): vendor.media.ffmpegextractor.ESLen265Check : 50
06-04 17:01:26.237 I/AmFFmpegByteIOAdapter( 605): File size : 670769152
06-04 17:01:26.237 I/AmFFmpegExtractor( 605): AmFFmpegExtractor mInputFormat name {mpegts [(null)]}
06-04 17:01:26.238 E/exFFmpeg( 605): HDMV --- HDPR
06-04 17:01:26.438 I/AmFFmpegExtractor( 605): ///////////////start dump format
06-04 17:01:26.438 I/AmFFmpegExtractor( 605): [init 3386] video/mp2ts
06-04 17:01:26.439 I/AmFFmpegExtractor( 605): isMusic major_brand:null
06-04 17:01:26.439 I/AmFFmpegExtractor( 605): Stream 0(0) [video/avc][codecid:0x1b(0x1b)] found.
06-04 17:01:26.439 I/AmFFmpegExtractor( 605): [AmFFmpegSource 717]startTimeUs:38164240000, seekable:1
06-04 17:01:26.439 I/AmFFmpegExtractor( 605): [init 753](0xee341510)
06-04 17:01:26.439 E/AmFFmpegExtractor( 605): mAudioMuxRead 0
06-04 17:01:26.439 I/AmFFmpegExtractor( 605): init kKeyDuration = 211660000
06-04 17:01:26.439 I/AmFFmpegExtractor( 605): VIDEO stream startTimeUs = 38164240000
06-04 17:01:26.439 I/AmFFmpegExtractor( 605): video:demux: extradata_size = 194
06-04 17:01:26.439 I/AmFFmpegExtractor( 605): video:demux: has b-frame = 1
06-04 17:01:26.439 I/AmFFmpegExtractor( 605): video:demux: width = 1920, height = 1080
06-04 17:01:26.439 I/AmFFmpegExtractor( 605): SAR [1:1]
06-04 17:01:26.439 E/AmFFmpegExtractor( 605): demux: frame_number = 0
06-04 17:01:26.439 I/AmFFmpegExtractor( 605): init kKeyFrameRate = 25(25.000000)
06-04 17:01:26.439 I/AmFFmpegExtractor( 605): set frame-rate 25 rationalFramerate num 25 den 1
06-04 17:01:26.439 I/AmFFmpegExtractor( 605): mIsDolbyVison :0, mCreate_two_tracks_dv:0, codec_id: 27(AVC:27,HEVC:173), DvCFG:0(0), TAG:HDMV
06-04 17:01:26.439 I/AmFFmpegExtractor( 605): set tag nCFG
06-04 17:01:26.439 I/AmFFmpegExtractor( 605): Mime:video/avc
06-04 17:01:26.439 I/StreamFormatter( 605): Creating formatter for codec id : 27 extradata size : 194
06-04 17:01:26.439 I/AVCTSFormatter( 605): skip avc nalu DELIMITER
06-04 17:01:26.439 D/AVCTSFormatter( 605): actual extra size:188
06-04 17:01:26.439 I/AmFFmpegExtractor( 605): [init 3565] mIsDolbyVison:0, i:0
06-04 17:01:26.439 I/AmFFmpegExtractor( 605): Stream 1(1) [audio/ac3][codecid:0x15003(0x15003)] found.
06-04 17:01:26.439 I/AmFFmpegExtractor( 605): [AmFFmpegSource 717]startTimeUs:38164240000, seekable:1
06-04 17:01:26.439 I/AmFFmpegExtractor( 605): [init 753](0xee3413c0)
06-04 17:01:26.439 E/AmFFmpegExtractor( 605): mAudioMuxRead 0
06-04 17:01:26.439 I/AmFFmpegExtractor( 605): init kKeyDuration = 211660000
06-04 17:01:26.439 I/AmFFmpegExtractor( 605): audio:demux: fmt = -1
06-04 17:01:26.439 I/AmFFmpegExtractor( 605): audio:demux: channels = 2
06-04 17:01:26.439 I/AmFFmpegExtractor( 605): audio:demux: sample_rate = 48000
06-04 17:01:26.439 I/AmFFmpegExtractor( 605): audio:demux: bit_rate = 448000
06-04 17:01:26.439 I/AmFFmpegExtractor( 605): audio:demux: codec_id = 86019
06-04 17:01:26.439 I/AmFFmpegExtractor( 605): audio:demux: stream startTimeUs = 38164240000
06-04 17:01:26.439 I/AmFFmpegExtractor( 605): audio:demux: block_align = 0
06-04 17:01:26.439 E/AmFFmpegExtractor( 605): kKeyMediaLanguage audio lang null
06-04 17:01:26.439 I/AmFFmpegExtractor( 605): Mime:audio/ac3
06-04 17:01:26.439 I/StreamFormatter( 605): Creating formatter for codec id : 86019 extradata size : 0
06-04 17:01:26.440 I/AmFFmpegExtractor( 605): [init 3565] mIsDolbyVison:0, i:1
06-04 17:01:26.440 W/AmFFmpegUtils( 605): Unsupported codec id : 0
06-04 17:01:26.440 I/AmFFmpegExtractor( 605): Stream -1(-1) [UNKNOWN][codecid:0x0(0x0)] found.
06-04 17:01:26.440 I/AmFFmpegExtractor( 605): pthread_create OK pid:-443883072
06-04 17:01:26.440 I/AmFFmpegExtractor( 605): feedMore_task in
06-04 17:01:26.441 I/AmAVUtils( 608): set default max-input-size to 1887436
06-04 17:01:26.443 I/AmFFmpegExtractor( 605): feedMore_task out toBeExit:1 , err:0
06-04 17:01:26.443 I/AmFFmpegExtractor( 605): [~AmFFmpegExtractor 2707] feedMore task has exited.
06-04 17:01:26.443 I/AmFFmpegExtractor( 605): [~AmFFmpegSource 732]
06-04 17:01:26.444 I/AmFFmpegExtractor( 605): [~AmFFmpegSource 732]
06-04 17:01:26.446 I/AmFFmpegExtractor( 605): [~AmFFmpegExtractor 2720]
06-04 17:01:26.446 I/AmFFmpegExtractor( 605): [~AmFFmpegExtractor 2723]
06-04 17:01:26.446 W/RefBase ( 605): RefBase: Explicit destruction, weak count = 0 (in 0xea103534). Use sp<> to manage this object.
06-04 17:01:26.446 W/RefBase ( 605): CallStack::getCurrentInternal not linked, returning null
06-04 17:01:26.446 W/RefBase ( 605): CallStack::logStackInternal not linked
06-04 17:01:26.447 W/MediaProvider( 1471): isAppCloneUserPair for user -1: false
06-04 17:01:26.451 W/MediaProvider( 1471): isAppCloneUserPair for user -1: false
06-04 17:01:26.460 W/MediaProvider( 1471): isAppCloneUserPair for user -1: false
06-04 17:01:26.463 W/MediaProvider( 1471): isAppCloneUserPair for user -1: false
06-04 17:01:26.467 W/MediaProvider( 1471): isAppCloneUserPair for user -1: false
06-04 17:01:26.503 E/MetadataRetrieverClient( 608): unable to dlopen metadata_retriever extension: dlopen failed: library "libmetadataretriever_ext.so" not found
06-04 17:01:26.509 I/AmFFmpegExtractor( 605): fast startup in ffmpegextractor for avi stream.
06-04 17:01:26.509 I/AmFFmpegExtractor( 605): is in white list : 1
06-04 17:01:26.509 I/AmFFmpegExtractor( 605): SniffAmFFmpeg ok, confidence = 0.800000
06-04 17:01:26.528 W/AString ( 605): ctor got NULL, using empty string instead
06-04 17:01:26.528 I/AmFFmpegExtractor( 605):
06-04 17:01:26.528 I/AmFFmpegExtractor( 605): -----------AmFFmpegExtractor Info---------
06-04 17:01:26.528 I/AmFFmpegExtractor( 605):
06-04 17:01:26.528 I/AmFFmpegExtractor( 605): MM-module-name:Extractor,Version:5.1.7-g0c7d1d4(build:6351)
06-04 17:01:26.528 I/AmFFmpegExtractor( 605):
06-04 17:01:26.528 I/AmFFmpegExtractor( 605): ARCH = arm
06-04 17:01:26.528 I/AmFFmpegExtractor( 605): Author: multi-media team
06-04 17:01:26.528 I/AmFFmpegExtractor( 605): Branch name: * (HEAD detached at 0c7d1d4)
06-04 17:01:26.528 I/AmFFmpegExtractor( 605): Last Commit Info:
06-04 17:01:26.528 I/AmFFmpegExtractor( 605): commit 0c7d1d450b4d7ecd11fc2ddd21a6e67e11d0b24d
06-04 17:01:26.528 I/AmFFmpegExtractor( 605): Author: wang.ren
06-04 17:01:26.528 I/AmFFmpegExtractor( 605): Date: Mon Nov 18 08:39:16 2024 +0000
06-04 17:01:26.528 I/AmFFmpegExtractor( 605): AmFFmpegExtractor: CB2 invalid nal length when parse nal data [1/1]
06-04 17:01:26.528 I/AmFFmpegExtractor( 605): PD#SWPL-190774
06-04 17:01:26.528 I/AmFFmpegExtractor( 605): Change-Id: I639741fa67a5b027e7d8eaa1b588f753d2326e47
06-04 17:01:26.528 I/AmFFmpegExtractor( 605): Uncommitted-file-num:1
06-04 17:01:26.528 I/AmFFmpegExtractor( 605): Build-time: Thu Nov 28 13:44:43 CST 2024
06-04 17:01:26.528 I/AmFFmpegExtractor( 605): Build-name: drm.autobuild
06-04 17:01:26.528 I/AmFFmpegExtractor( 605): -----------------------------------------
06-04 17:01:26.528 I/AmFFmpegExtractor( 605): media.ffmpegextractor.loglevel 16
06-04 17:01:26.528 I/AmFFmpegExtractor( 605): vendor.media.ffmpegextractor.ESLen264Check : 10
06-04 17:01:26.528 I/AmFFmpegExtractor( 605): vendor.media.ffmpegextractor.ESLen265Check : 50
06-04 17:01:26.528 I/AmFFmpegByteIOAdapter( 605): File size : 16202684
06-04 17:01:26.530 I/AmFFmpegExtractor( 605): AmFFmpegExtractor mInputFormat name {avi [(null)]}
06-04 17:01:26.769 I/AmFFmpegExtractor( 605): ///////////////start dump format
06-04 17:01:26.769 I/AmFFmpegExtractor( 605): [init 3386] video/avi
06-04 17:01:26.769 I/AmFFmpegExtractor( 605): isMusic major_brand:null
06-04 17:01:26.769 I/AmFFmpegExtractor( 605): Stream 0(0) [video/mp4v-es][codecid:0xc(0xc)] found.
06-04 17:01:26.770 I/AmFFmpegExtractor( 605): [AmFFmpegSource 717]startTimeUs:0, seekable:1
06-04 17:01:26.770 I/AmFFmpegExtractor( 605): [init 753](0xee3413c0)
06-04 17:01:26.770 E/AmFFmpegExtractor( 605): mAudioMuxRead 0
06-04 17:01:26.770 I/AmFFmpegExtractor( 605): init kKeyDuration = 4200040000
06-04 17:01:26.770 I/AmFFmpegExtractor( 605): av_find_input_format is avi
06-04 17:01:26.770 I/AmFFmpegExtractor( 605): VIDEO stream startTimeUs = 0
06-04 17:01:26.770 I/AmFFmpegExtractor( 605): video:demux: extradata_size = 60
06-04 17:01:26.770 I/AmFFmpegExtractor( 605): video:demux: has b-frame = 1
06-04 17:01:26.770 I/AmFFmpegExtractor( 605): video:demux: width = 720, height = 576
06-04 17:01:26.770 I/AmFFmpegExtractor( 605): SAR [64:45]
06-04 17:01:26.770 E/AmFFmpegExtractor( 605): demux: frame_number = 105001
06-04 17:01:26.770 I/AmFFmpegExtractor( 605): init kKeyFrameRate = 25(25.000000)
06-04 17:01:26.770 I/AmFFmpegExtractor( 605): set frame-rate 25 rationalFramerate num 25 den 1
06-04 17:01:26.770 I/AmFFmpegExtractor( 605): av_find_input_format avi set UNSTABLE_PTS
06-04 17:01:26.770 I/AmFFmpegExtractor( 605): mIsDolbyVison :0, mCreate_two_tracks_dv:0, codec_id: 12(AVC:27,HEVC:173), DvCFG:0(0), TAG:XVID
06-04 17:01:26.770 I/AmFFmpegExtractor( 605): Mime:video/mp4v-es
06-04 17:01:26.771 I/StreamFormatter( 605): Creating formatter for codec id : 12 extradata size : 60
06-04 17:01:26.771 I/AmFFmpegExtractor( 605): [init 3565] mIsDolbyVison:0, i:0
06-04 17:01:26.771 I/AmFFmpegExtractor( 605): Not use Thread, by reason of has no activity audio or video.
06-04 17:01:26.774 I/AmAVUtils( 608): set default max-input-size to 1887436
06-04 17:01:26.779 I/AmFFmpegExtractor( 605): [~AmFFmpegSource 732]
06-04 17:01:26.779 I/AmFFmpegExtractor( 605): [~AmFFmpegExtractor 2720]
06-04 17:01:26.780 I/AmFFmpegExtractor( 605): [~AmFFmpegExtractor 2723]
06-04 17:01:26.780 W/RefBase ( 605): RefBase: Explicit destruction, weak count = 0 (in 0xea1070b4). Use sp<> to manage this object.
06-04 17:01:26.780 W/RefBase ( 605): CallStack::getCurrentInternal not linked, returning null
06-04 17:01:26.780 W/RefBase ( 605): CallStack::logStackInternal not linked
06-04 17:01:26.785 E/MetadataRetrieverClient( 608): unable to dlopen metadata_retriever extension: dlopen failed: library "libmetadataretriever_ext.so" not found
06-04 17:01:26.799 I/AmFFmpegByteIOAdapter( 605): File size : 112417601
06-04 17:01:26.806 E/exFFmpeg( 605): [mov_read_header:8628] pts_only set.
06-04 17:01:26.806 E/AmFFmpegExtractor( 605): major_brand:mp42
06-04 17:01:26.806 E/AmFFmpegExtractor( 605): compatible_brands:isommp42
06-04 17:01:26.806 I/AmFFmpegExtractor( 605): checkInList: iswhite:0, mime:video/mp4, type:0, id:27 tag:31637661
06-04 17:01:26.806 I/AmFFmpegExtractor( 605): checkInList: iswhite:1, mime:video/mp4, type:0, id:27 tag:31637661
06-04 17:01:26.806 E/AmFFmpegExtractor( 605): codec_ctx->properties: 0
06-04 17:01:26.806 I/AmFFmpegExtractor( 605): checkInList: iswhite:0, mime:video/mp4, type:1, id:86018 tag:6134706d
06-04 17:01:26.806 I/AmFFmpegExtractor( 605): checkInList: iswhite:1, mime:video/mp4, type:1, id:86018 tag:6134706d
06-04 17:01:26.806 E/AmFFmpegExtractor( 605): codec_ctx->properties: 0
06-04 17:01:26.806 I/AmFFmpegExtractor( 605): checkSupportInList ret 1
06-04 17:01:26.904 E/AmFFmpegExtractor( 605): major_brand:mp42
06-04 17:01:26.904 E/AmFFmpegExtractor( 605): compatible_brands:isommp42
06-04 17:01:26.904 I/AmFFmpegExtractor( 605): checkInList: iswhite:0, mime:video/mp4, type:0, id:27 tag:31637661
06-04 17:01:26.904 I/AmFFmpegExtractor( 605): checkInList: iswhite:1, mime:video/mp4, type:0, id:27 tag:31637661
06-04 17:01:26.904 E/AmFFmpegExtractor( 605): codec_ctx->properties: 0
06-04 17:01:26.904 I/AmFFmpegExtractor( 605): checkInList: iswhite:0, mime:video/mp4, type:1, id:86018 tag:6134706d
06-04 17:01:26.904 I/AmFFmpegExtractor( 605): checkInList: iswhite:1, mime:video/mp4, type:1, id:86018 tag:6134706d
06-04 17:01:26.904 E/AmFFmpegExtractor( 605): codec_ctx->properties: 0
06-04 17:01:26.904 I/AmFFmpegExtractor( 605): checkSupportInList ret 1
06-04 17:01:26.904 I/AmFFmpegExtractor( 605): SniffAmFFmpeg ok, confidence = 0.050000
06-04 17:01:26.924 E/MetadataRetrieverClient( 608): unable to dlopen metadata_retriever extension: dlopen failed: library "libmetadataretriever_ext.so" not found
06-04 17:01:26.927 I/AmFFmpegByteIOAdapter( 605): File size : 112417601
06-04 17:01:26.934 E/exFFmpeg( 605): [mov_read_header:8628] pts_only set.
06-04 17:01:26.934 E/AmFFmpegExtractor( 605): major_brand:mp42
06-04 17:01:26.934 E/AmFFmpegExtractor( 605): compatible_brands:isommp42
06-04 17:01:26.934 I/AmFFmpegExtractor( 605): checkInList: iswhite:0, mime:video/mp4, type:0, id:27 tag:31637661
06-04 17:01:26.934 I/AmFFmpegExtractor( 605): checkInList: iswhite:1, mime:video/mp4, type:0, id:27 tag:31637661
06-04 17:01:26.934 E/AmFFmpegExtractor( 605): codec_ctx->properties: 0
06-04 17:01:26.934 I/AmFFmpegExtractor( 605): checkInList: iswhite:0, mime:video/mp4, type:1, id:86018 tag:6134706d
06-04 17:01:26.934 I/AmFFmpegExtractor( 605): checkInList: iswhite:1, mime:video/mp4, type:1, id:86018 tag:6134706d
06-04 17:01:26.934 E/AmFFmpegExtractor( 605): codec_ctx->properties: 0
06-04 17:01:26.934 I/AmFFmpegExtractor( 605): checkSupportInList ret 1
06-04 17:01:27.038 E/AmFFmpegExtractor( 605): major_brand:mp42
06-04 17:01:27.038 E/AmFFmpegExtractor( 605): compatible_brands:isommp42
06-04 17:01:27.038 I/AmFFmpegExtractor( 605): checkInList: iswhite:0, mime:video/mp4, type:0, id:27 tag:31637661
06-04 17:01:27.038 I/AmFFmpegExtractor( 605): checkInList: iswhite:1, mime:video/mp4, type:0, id:27 tag:31637661
06-04 17:01:27.038 E/AmFFmpegExtractor( 605): codec_ctx->properties: 0
06-04 17:01:27.038 I/AmFFmpegExtractor( 605): checkInList: iswhite:0, mime:video/mp4, type:1, id:86018 tag:6134706d
06-04 17:01:27.038 I/AmFFmpegExtractor( 605): checkInList: iswhite:1, mime:video/mp4, type:1, id:86018 tag:6134706d
06-04 17:01:27.038 E/AmFFmpegExtractor( 605): codec_ctx->properties: 0
06-04 17:01:27.038 I/AmFFmpegExtractor( 605): checkSupportInList ret 1
06-04 17:01:27.039 I/AmFFmpegExtractor( 605): SniffAmFFmpeg ok, confidence = 0.050000
06-04 17:01:27.061 E/MetadataRetrieverClient( 608): unable to dlopen metadata_retriever extension: dlopen failed: library "libmetadataretriever_ext.so" not found
06-04 17:01:27.123 I/AmFFmpegExtractor( 605): fast startup in ffmpegextractor for avi stream.
06-04 17:01:27.123 I/AmFFmpegExtractor( 605): is in white list : 1
06-04 17:01:27.123 I/AmFFmpegExtractor( 605): SniffAmFFmpeg ok, confidence = 0.800000
06-04 17:01:27.141 W/AString ( 605): ctor got NULL, using empty string instead
06-04 17:01:27.141 I/AmFFmpegExtractor( 605):
06-04 17:01:27.141 I/AmFFmpegExtractor( 605): -----------AmFFmpegExtractor Info---------
06-04 17:01:27.141 I/AmFFmpegExtractor( 605):
06-04 17:01:27.141 I/AmFFmpegExtractor( 605): MM-module-name:Extractor,Version:5.1.7-g0c7d1d4(build:6351)
06-04 17:01:27.141 I/AmFFmpegExtractor( 605):
06-04 17:01:27.141 I/AmFFmpegExtractor( 605): ARCH = arm
06-04 17:01:27.141 I/AmFFmpegExtractor( 605): Author: multi-media team
06-04 17:01:27.141 I/AmFFmpegExtractor( 605): Branch name: * (HEAD detached at 0c7d1d4)
06-04 17:01:27.141 I/AmFFmpegExtractor( 605): Last Commit Info:
06-04 17:01:27.141 I/AmFFmpegExtractor( 605): commit 0c7d1d450b4d7ecd11fc2ddd21a6e67e11d0b24d
06-04 17:01:27.141 I/AmFFmpegExtractor( 605): Author: wang.ren
06-04 17:01:27.141 I/AmFFmpegExtractor( 605): Date: Mon Nov 18 08:39:16 2024 +0000
06-04 17:01:27.141 I/AmFFmpegExtractor( 605): AmFFmpegExtractor: CB2 invalid nal length when parse nal data [1/1]
06-04 17:01:27.141 I/AmFFmpegExtractor( 605): PD#SWPL-190774
06-04 17:01:27.141 I/AmFFmpegExtractor( 605): Change-Id: I639741fa67a5b027e7d8eaa1b588f753d2326e47
06-04 17:01:27.141 I/AmFFmpegExtractor( 605): Uncommitted-file-num:1
06-04 17:01:27.141 I/AmFFmpegExtractor( 605): Build-time: Thu Nov 28 13:44:43 CST 2024
06-04 17:01:27.141 I/AmFFmpegExtractor( 605): Build-name: drm.autobuild
06-04 17:01:27.141 I/AmFFmpegExtractor( 605): -----------------------------------------
06-04 17:01:27.141 I/AmFFmpegExtractor( 605): media.ffmpegextractor.loglevel 16
06-04 17:01:27.141 I/AmFFmpegExtractor( 605): vendor.media.ffmpegextractor.ESLen264Check : 10
06-04 17:01:27.141 I/AmFFmpegExtractor( 605): vendor.media.ffmpegextractor.ESLen265Check : 50
06-04 17:01:27.142 I/AmFFmpegByteIOAdapter( 605): File size : 101318144
06-04 17:01:27.143 I/AmFFmpegExtractor( 605): AmFFmpegExtractor mInputFormat name {avi [(null)]}
06-04 17:01:27.253 I/AmFFmpegExtractor( 605): ///////////////start dump format
06-04 17:01:27.253 I/AmFFmpegExtractor( 605): [init 3386] video/avi
06-04 17:01:27.254 I/AmFFmpegExtractor( 605): isMusic major_brand:null
06-04 17:01:27.254 I/AmFFmpegExtractor( 605): Stream 0(0) [video/mp4v-es][codecid:0xc(0xc)] found.
06-04 17:01:27.254 I/AmFFmpegExtractor( 605): [AmFFmpegSource 717]startTimeUs:0, seekable:1
06-04 17:01:27.254 I/AmFFmpegExtractor( 605): [init 753](0xee3413c0)
06-04 17:01:27.254 E/AmFFmpegExtractor( 605): mAudioMuxRead 0
06-04 17:01:27.254 I/AmFFmpegExtractor( 605): init kKeyDuration = 294360733
06-04 17:01:27.254 I/AmFFmpegExtractor( 605): av_find_input_format is avi
06-04 17:01:27.254 I/AmFFmpegExtractor( 605): VIDEO stream startTimeUs = 0
06-04 17:01:27.254 I/AmFFmpegExtractor( 605): video:demux: extradata_size = 55
06-04 17:01:27.254 I/AmFFmpegExtractor( 605): video:demux: has b-frame = 0
06-04 17:01:27.254 I/AmFFmpegExtractor( 605): video:demux: width = 640, height = 480
06-04 17:01:27.254 I/AmFFmpegExtractor( 605): SAR [1:1]
06-04 17:01:27.254 E/AmFFmpegExtractor( 605): demux: frame_number = 8822
06-04 17:01:27.254 I/AmFFmpegExtractor( 605): init kKeyFrameRate = 30(29.969999)
06-04 17:01:27.254 I/AmFFmpegExtractor( 605): set frame-rate 30 rationalFramerate num 30000 den 1001
06-04 17:01:27.254 I/AmFFmpegExtractor( 605): av_find_input_format avi mpeg4 has no B frames, not set UNSTABLE_PTS
06-04 17:01:27.254 I/AmFFmpegExtractor( 605): mIsDolbyVison :0, mCreate_two_tracks_dv:0, codec_id: 12(AVC:27,HEVC:173), DvCFG:0(0), TAG:XVID
06-04 17:01:27.254 I/AmFFmpegExtractor( 605): Mime:video/mp4v-es
06-04 17:01:27.254 I/StreamFormatter( 605): Creating formatter for codec id : 12 extradata size : 55
06-04 17:01:27.254 I/AmFFmpegExtractor( 605): [init 3565] mIsDolbyVison:0, i:0
06-04 17:01:27.254 I/AmFFmpegExtractor( 605): Stream 1(1) [audio/raw][codecid:0x10000(0x10000)] found.
06-04 17:01:27.254 I/AmFFmpegExtractor( 605): [AmFFmpegSource 717]startTimeUs:0, seekable:1
06-04 17:01:27.254 I/AmFFmpegExtractor( 605): [init 753](0xee341510)
06-04 17:01:27.255 E/AmFFmpegExtractor( 605): mAudioMuxRead 0
06-04 17:01:27.255 I/AmFFmpegExtractor( 605): init kKeyDuration = 294360733
06-04 17:01:27.255 I/AmFFmpegExtractor( 605): av_find_input_format is avi
06-04 17:01:27.255 I/AmFFmpegExtractor( 605): audio:demux: fmt = 1
06-04 17:01:27.255 I/AmFFmpegExtractor( 605): audio:demux: channels = 2
06-04 17:01:27.255 I/AmFFmpegExtractor( 605): audio:demux: sample_rate = 48000
06-04 17:01:27.255 I/AmFFmpegExtractor( 605): audio:demux: bit_rate = 1536000
06-04 17:01:27.255 I/AmFFmpegExtractor( 605): audio:demux: codec_id = 65536
06-04 17:01:27.255 I/AmFFmpegExtractor( 605): audio:demux: stream startTimeUs = 0
06-04 17:01:27.255 I/AmFFmpegExtractor( 605): audio:demux: block_align = 4
06-04 17:01:27.255 E/AmFFmpegExtractor( 605): kKeyMediaLanguage audio lang null
06-04 17:01:27.255 I/AmFFmpegExtractor( 605): Mime:audio/raw
06-04 17:01:27.255 I/StreamFormatter( 605): Creating formatter for codec id : 65536 extradata size : 0
06-04 17:01:27.255 E/RAWFormatter( 605): RAWFormatter mAudioMuxRead 2
06-04 17:01:27.255 I/RAWFormatter( 605): bitdepth:16
06-04 17:01:27.255 I/AmFFmpegExtractor( 605): [init 3565] mIsDolbyVison:0, i:1
06-04 17:01:27.255 I/AmFFmpegExtractor( 605): pthread_create OK pid:-444104256
06-04 17:01:27.255 I/AmFFmpegExtractor( 605): feedMore_task in
06-04 17:01:27.257 I/AmAVUtils( 608): set default max-input-size to 1887436
06-04 17:01:27.260 I/AmFFmpegExtractor( 605): feedMore_task out toBeExit:1 , err:0
06-04 17:01:27.260 I/AmFFmpegExtractor( 605): [~AmFFmpegExtractor 2707] feedMore task has exited.
06-04 17:01:27.261 I/AmFFmpegExtractor( 605): [~AmFFmpegSource 732]
06-04 17:01:27.261 I/AmFFmpegExtractor( 605): [~AmFFmpegSource 732]
06-04 17:01:27.261 I/AmFFmpegExtractor( 605): [~AmFFmpegExtractor 2720]
06-04 17:01:27.261 I/AmFFmpegExtractor( 605): [~AmFFmpegExtractor 2723]
06-04 17:01:27.261 W/RefBase ( 605): RefBase: Explicit destruction, weak count = 0 (in 0xea104da4). Use sp<> to manage this object.
06-04 17:01:27.261 W/RefBase ( 605): CallStack::getCurrentInternal not linked, returning null
06-04 17:01:27.261 W/RefBase ( 605): CallStack::logStackInternal not linked
06-04 17:01:27.264 E/MetadataRetrieverClient( 608): unable to dlopen metadata_retriever extension: dlopen failed: library "libmetadataretriever_ext.so" not found
06-04 17:01:27.274 I/AmFFmpegExtractor( 605): fast startup in ffmpegextractor for avi stream.
06-04 17:01:27.274 I/AmFFmpegExtractor( 605): is in white list : 1
06-04 17:01:27.274 I/AmFFmpegExtractor( 605): SniffAmFFmpeg ok, confidence = 0.800000
06-04 17:01:27.304 W/AString ( 605): ctor got NULL, using empty string instead
06-04 17:01:27.305 I/AmFFmpegExtractor( 605):
06-04 17:01:27.305 I/AmFFmpegExtractor( 605): -----------AmFFmpegExtractor Info---------
06-04 17:01:27.305 I/AmFFmpegExtractor( 605):
06-04 17:01:27.305 I/AmFFmpegExtractor( 605): MM-module-name:Extractor,Version:5.1.7-g0c7d1d4(build:6351)
06-04 17:01:27.305 I/AmFFmpegExtractor( 605):
06-04 17:01:27.305 I/AmFFmpegExtractor( 605): ARCH = arm
06-04 17:01:27.305 I/AmFFmpegExtractor( 605): Author: multi-media team
06-04 17:01:27.305 I/AmFFmpegExtractor( 605): Branch name: * (HEAD detached at 0c7d1d4)
06-04 17:01:27.305 I/AmFFmpegExtractor( 605): Last Commit Info:
06-04 17:01:27.305 I/AmFFmpegExtractor( 605): commit 0c7d1d450b4d7ecd11fc2ddd21a6e67e11d0b24d
06-04 17:01:27.305 I/AmFFmpegExtractor( 605): Author: wang.ren
06-04 17:01:27.305 I/AmFFmpegExtractor( 605): Date: Mon Nov 18 08:39:16 2024 +0000
06-04 17:01:27.305 I/AmFFmpegExtractor( 605): AmFFmpegExtractor: CB2 invalid nal length when parse nal data [1/1]
06-04 17:01:27.305 I/AmFFmpegExtractor( 605): PD#SWPL-190774
06-04 17:01:27.305 I/AmFFmpegExtractor( 605): Change-Id: I639741fa67a5b027e7d8eaa1b588f753d2326e47
06-04 17:01:27.305 I/AmFFmpegExtractor( 605): Uncommitted-file-num:1
06-04 17:01:27.305 I/AmFFmpegExtractor( 605): Build-time: Thu Nov 28 13:44:43 CST 2024
06-04 17:01:27.305 I/AmFFmpegExtractor( 605): Build-name: drm.autobuild
06-04 17:01:27.305 I/AmFFmpegExtractor( 605): -----------------------------------------
06-04 17:01:27.305 I/AmFFmpegExtractor( 605): media.ffmpegextractor.loglevel 16
06-04 17:01:27.305 I/AmFFmpegExtractor( 605): vendor.media.ffmpegextractor.ESLen264Check : 10
06-04 17:01:27.305 I/AmFFmpegExtractor( 605): vendor.media.ffmpegextractor.ESLen265Check : 50
06-04 17:01:27.305 I/AmFFmpegByteIOAdapter( 605): File size : 1561360
06-04 17:01:27.307 I/AmFFmpegExtractor( 605): AmFFmpegExtractor mInputFormat name {avi [(null)]}
06-04 17:01:27.333 I/AmFFmpegExtractor( 605): ///////////////start dump format
06-04 17:01:27.333 I/AmFFmpegExtractor( 605): [init 3386] video/avi
06-04 17:01:27.333 I/AmFFmpegExtractor( 605): isMusic major_brand:null
06-04 17:01:27.334 I/AmFFmpegExtractor( 605): Stream 0(0) [video/mp4v-es][codecid:0xc(0xc)] found.
06-04 17:01:27.334 I/AmFFmpegExtractor( 605): isDIVX : unsupported tag: DIVX.
06-04 17:01:27.334 I/AmFFmpegExtractor( 605): Stream 1(1) [audio/mpeg][codecid:0x15001(0x15001)] found.
06-04 17:01:27.334 I/AmFFmpegExtractor( 605): [AmFFmpegSource 717]startTimeUs:0, seekable:1
06-04 17:01:27.334 I/AmFFmpegExtractor( 605): [init 753](0xee3413c0)
06-04 17:01:27.334 E/AmFFmpegExtractor( 605): mAudioMuxRead 0
06-04 17:01:27.334 I/AmFFmpegExtractor( 605): init kKeyDuration = 44966667
06-04 17:01:27.334 I/AmFFmpegExtractor( 605): av_find_input_format is avi
06-04 17:01:27.334 I/AmFFmpegExtractor( 605): audio:demux: fmt = 8
06-04 17:01:27.334 I/AmFFmpegExtractor( 605): audio:demux: channels = 2
06-04 17:01:27.334 I/AmFFmpegExtractor( 605): audio:demux: sample_rate = 44100
06-04 17:01:27.334 I/AmFFmpegExtractor( 605): audio:demux: bit_rate = 31848
06-04 17:01:27.334 I/AmFFmpegExtractor( 605): audio:demux: codec_id = 86017
06-04 17:01:27.334 I/AmFFmpegExtractor( 605): audio:demux: stream startTimeUs = 0
06-04 17:01:27.334 I/AmFFmpegExtractor( 605): audio:demux: block_align = 1152
06-04 17:01:27.334 E/AmFFmpegExtractor( 605): kKeyMediaLanguage audio lang null
06-04 17:01:27.334 I/AmFFmpegExtractor( 605): Mime:audio/mpeg
06-04 17:01:27.334 I/StreamFormatter( 605): Creating formatter for codec id : 86017 extradata size : 12
06-04 17:01:27.334 I/AmFFmpegExtractor( 605): [init 3565] mIsDolbyVison:0, i:1
06-04 17:01:27.334 I/AmFFmpegExtractor( 605): Not use Thread, by reason of has no activity audio or video.
06-04 17:01:27.339 I/AmFFmpegExtractor( 605): [~AmFFmpegSource 732]
06-04 17:01:27.339 I/AmFFmpegExtractor( 605): [~AmFFmpegExtractor 2720]
06-04 17:01:27.339 I/AmFFmpegExtractor( 605): [~AmFFmpegExtractor 2723]
06-04 17:01:27.339 W/RefBase ( 605): RefBase: Explicit destruction, weak count = 0 (in 0xea1070b4). Use sp<> to manage this object.
06-04 17:01:27.339 W/RefBase ( 605): CallStack::getCurrentInternal not linked, returning null
06-04 17:01:27.339 W/RefBase ( 605): CallStack::logStackInternal not linked
06-04 17:01:27.360 E/MetadataRetrieverClient( 608): unable to dlopen metadata_retriever extension: dlopen failed: library "libmetadataretriever_ext.so" not found
06-04 17:01:27.371 I/AmFFmpegExtractor( 605): fast startup in ffmpegextractor for avi stream.
06-04 17:01:27.371 I/AmFFmpegExtractor( 605): is in white list : 1
06-04 17:01:27.371 I/AmFFmpegExtractor( 605): SniffAmFFmpeg ok, confidence = 0.800000
06-04 17:01:27.390 W/AString ( 605): ctor got NULL, using empty string instead
06-04 17:01:27.390 I/AmFFmpegExtractor( 605):
06-04 17:01:27.390 I/AmFFmpegExtractor( 605): -----------AmFFmpegExtractor Info---------
06-04 17:01:27.390 I/AmFFmpegExtractor( 605):
06-04 17:01:27.390 I/AmFFmpegExtractor( 605): MM-module-name:Extractor,Version:5.1.7-g0c7d1d4(build:6351)
06-04 17:01:27.390 I/AmFFmpegExtractor( 605):
06-04 17:01:27.390 I/AmFFmpegExtractor( 605): ARCH = arm
06-04 17:01:27.390 I/AmFFmpegExtractor( 605): Author: multi-media team
06-04 17:01:27.390 I/AmFFmpegExtractor( 605): Branch name: * (HEAD detached at 0c7d1d4)
06-04 17:01:27.390 I/AmFFmpegExtractor( 605): Last Commit Info:
06-04 17:01:27.390 I/AmFFmpegExtractor( 605): commit 0c7d1d450b4d7ecd11fc2ddd21a6e67e11d0b24d
06-04 17:01:27.390 I/AmFFmpegExtractor( 605): Author: wang.ren
06-04 17:01:27.390 I/AmFFmpegExtractor( 605): Date: Mon Nov 18 08:39:16 2024 +0000
06-04 17:01:27.390 I/AmFFmpegExtractor( 605): AmFFmpegExtractor: CB2 invalid nal length when parse nal data [1/1]
06-04 17:01:27.390 I/AmFFmpegExtractor( 605): PD#SWPL-190774
06-04 17:01:27.390 I/AmFFmpegExtractor( 605): Change-Id: I639741fa67a5b027e7d8eaa1b588f753d2326e47
06-04 17:01:27.390 I/AmFFmpegExtractor( 605): Uncommitted-file-num:1
06-04 17:01:27.390 I/AmFFmpegExtractor( 605): Build-time: Thu Nov 28 13:44:43 CST 2024
06-04 17:01:27.390 I/AmFFmpegExtractor( 605): Build-name: drm.autobuild
06-04 17:01:27.390 I/AmFFmpegExtractor( 605): -----------------------------------------
06-04 17:01:27.390 I/AmFFmpegExtractor( 605): media.ffmpegextractor.loglevel 16
06-04 17:01:27.390 I/AmFFmpegExtractor( 605): vendor.media.ffmpegextractor.ESLen264Check : 10
06-04 17:01:27.390 I/AmFFmpegExtractor( 605): vendor.media.ffmpegextractor.ESLen265Check : 50
06-04 17:01:27.390 I/AmFFmpegByteIOAdapter( 605): File size : 498586
06-04 17:01:27.391 I/AmFFmpegExtractor( 605): AmFFmpegExtractor mInputFormat name {avi [(null)]}
06-04 17:01:27.404 I/AmFFmpegExtractor( 605): ///////////////start dump format
06-04 17:01:27.404 I/AmFFmpegExtractor( 605): [init 3386] video/avi
06-04 17:01:27.404 I/AmFFmpegExtractor( 605): isMusic major_brand:null
06-04 17:01:27.404 I/AmFFmpegExtractor( 605): Stream 0(0) [video/mp4v-es][codecid:0xc(0xc)] found.
06-04 17:01:27.404 I/AmFFmpegExtractor( 605): isDIVX : unsupported tag: DIVX.
06-04 17:01:27.404 I/AmFFmpegExtractor( 605): Stream 1(1) [audio/mpeg][codecid:0x15001(0x15001)] found.
06-04 17:01:27.404 I/AmFFmpegExtractor( 605): [AmFFmpegSource 717]startTimeUs:0, seekable:1
06-04 17:01:27.404 I/AmFFmpegExtractor( 605): [init 753](0xee3420e0)
06-04 17:01:27.404 E/AmFFmpegExtractor( 605): mAudioMuxRead 0
06-04 17:01:27.404 I/AmFFmpegExtractor( 605): init kKeyDuration = 39933333
06-04 17:01:27.405 I/AmFFmpegExtractor( 605): av_find_input_format is avi
06-04 17:01:27.405 I/AmFFmpegExtractor( 605): audio:demux: fmt = 8
06-04 17:01:27.405 I/AmFFmpegExtractor( 605): audio:demux: channels = 2
06-04 17:01:27.405 I/AmFFmpegExtractor( 605): audio:demux: sample_rate = 44100
06-04 17:01:27.405 I/AmFFmpegExtractor( 605): audio:demux: bit_rate = 31848
06-04 17:01:27.405 I/AmFFmpegExtractor( 605): audio:demux: codec_id = 86017
06-04 17:01:27.405 I/AmFFmpegExtractor( 605): audio:demux: stream startTimeUs = 0
06-04 17:01:27.405 I/AmFFmpegExtractor( 605): audio:demux: block_align = 1152
06-04 17:01:27.405 E/AmFFmpegExtractor( 605): kKeyMediaLanguage audio lang null
06-04 17:01:27.405 I/AmFFmpegExtractor( 605): Mime:audio/mpeg
06-04 17:01:27.405 I/StreamFormatter( 605): Creating formatter for codec id : 86017 extradata size : 12
06-04 17:01:27.405 I/AmFFmpegExtractor( 605): [init 3565] mIsDolbyVison:0, i:1
06-04 17:01:27.405 I/AmFFmpegExtractor( 605): Not use Thread, by reason of has no activity audio or video.
06-04 17:01:27.410 I/AmFFmpegExtractor( 605): [~AmFFmpegSource 732]
06-04 17:01:27.410 I/AmFFmpegExtractor( 605): [~AmFFmpegExtractor 2720]
06-04 17:01:27.410 I/AmFFmpegExtractor( 605): [~AmFFmpegExtractor 2723]
06-04 17:01:27.410 W/RefBase ( 605): RefBase: Explicit destruction, weak count = 0 (in 0xea1070b4). Use sp<> to manage this object.
06-04 17:01:27.410 W/RefBase ( 605): CallStack::getCurrentInternal not linked, returning null
06-04 17:01:27.410 W/RefBase ( 605): CallStack::logStackInternal not linked
06-04 17:01:27.413 E/MetadataRetrieverClient( 608): unable to dlopen metadata_retriever extension: dlopen failed: library "libmetadataretriever_ext.so" not found
06-04 17:01:27.421 I/AmFFmpegExtractor( 605): fast startup in ffmpegextractor for avi stream.
06-04 17:01:27.421 I/AmFFmpegExtractor( 605): is in white list : 1
06-04 17:01:27.421 I/AmFFmpegExtractor( 605): SniffAmFFmpeg ok, confidence = 0.800000
06-04 17:01:27.446 W/AString ( 605): ctor got NULL, using empty string instead
06-04 17:01:27.446 I/AmFFmpegExtractor( 605):
06-04 17:01:27.446 I/AmFFmpegExtractor( 605): -----------AmFFmpegExtractor Info---------
06-04 17:01:27.446 I/AmFFmpegExtractor( 605):
06-04 17:01:27.446 I/AmFFmpegExtractor( 605): MM-module-name:Extractor,Version:5.1.7-g0c7d1d4(build:6351)
06-04 17:01:27.446 I/AmFFmpegExtractor( 605):
06-04 17:01:27.446 I/AmFFmpegExtractor( 605): ARCH = arm
06-04 17:01:27.446 I/AmFFmpegExtractor( 605): Author: multi-media team
06-04 17:01:27.446 I/AmFFmpegExtractor( 605): Branch name: * (HEAD detached at 0c7d1d4)
06-04 17:01:27.446 I/AmFFmpegExtractor( 605): Last Commit Info:
06-04 17:01:27.446 I/AmFFmpegExtractor( 605): commit 0c7d1d450b4d7ecd11fc2ddd21a6e67e11d0b24d
06-04 17:01:27.446 I/AmFFmpegExtractor( 605): Author: wang.ren
06-04 17:01:27.446 I/AmFFmpegExtractor( 605): Date: Mon Nov 18 08:39:16 2024 +0000
06-04 17:01:27.446 I/AmFFmpegExtractor( 605): AmFFmpegExtractor: CB2 invalid nal length when parse nal data [1/1]
06-04 17:01:27.446 I/AmFFmpegExtractor( 605): PD#SWPL-190774
06-04 17:01:27.446 I/AmFFmpegExtractor( 605): Change-Id: I639741fa67a5b027e7d8eaa1b588f753d2326e47
06-04 17:01:27.446 I/AmFFmpegExtractor( 605): Uncommitted-file-num:1
06-04 17:01:27.446 I/AmFFmpegExtractor( 605): Build-time: Thu Nov 28 13:44:43 CST 2024
06-04 17:01:27.446 I/AmFFmpegExtractor( 605): Build-name: drm.autobuild
06-04 17:01:27.446 I/AmFFmpegExtractor( 605): -----------------------------------------
06-04 17:01:27.447 I/AmFFmpegExtractor( 605): media.ffmpegextractor.loglevel 16
06-04 17:01:27.447 I/AmFFmpegExtractor( 605): vendor.media.ffmpegextractor.ESLen264Check : 10
06-04 17:01:27.447 I/AmFFmpegExtractor( 605): vendor.media.ffmpegextractor.ESLen265Check : 50
06-04 17:01:27.447 I/AmFFmpegByteIOAdapter( 605): File size : 498586
06-04 17:01:27.448 I/AmFFmpegExtractor( 605): AmFFmpegExtractor mInputFormat name {avi [(null)]}
06-04 17:01:27.463 I/AmFFmpegExtractor( 605): ///////////////start dump format
06-04 17:01:27.463 I/AmFFmpegExtractor( 605): [init 3386] video/avi
06-04 17:01:27.463 I/AmFFmpegExtractor( 605): isMusic major_brand:null
06-04 17:01:27.463 I/AmFFmpegExtractor( 605): Stream 0(0) [video/mp4v-es][codecid:0xc(0xc)] found.
06-04 17:01:27.463 I/AmFFmpegExtractor( 605): isDIVX : unsupported tag: DIVX.
06-04 17:01:27.463 I/AmFFmpegExtractor( 605): Stream 1(1) [audio/mpeg][codecid:0x15001(0x15001)] found.
06-04 17:01:27.463 I/AmFFmpegExtractor( 605): [AmFFmpegSource 717]startTimeUs:0, seekable:1
06-04 17:01:27.464 I/AmFFmpegExtractor( 605): [init 753](0xee340010)
06-04 17:01:27.464 E/AmFFmpegExtractor( 605): mAudioMuxRead 0
06-04 17:01:27.464 I/AmFFmpegExtractor( 605): init kKeyDuration = 39933333
06-04 17:01:27.464 I/AmFFmpegExtractor( 605): av_find_input_format is avi
06-04 17:01:27.464 I/AmFFmpegExtractor( 605): audio:demux: fmt = 8
06-04 17:01:27.464 I/AmFFmpegExtractor( 605): audio:demux: channels = 2
06-04 17:01:27.464 I/AmFFmpegExtractor( 605): audio:demux: sample_rate = 44100
06-04 17:01:27.464 I/AmFFmpegExtractor( 605): audio:demux: bit_rate = 31848
06-04 17:01:27.464 I/AmFFmpegExtractor( 605): audio:demux: codec_id = 86017
06-04 17:01:27.464 I/AmFFmpegExtractor( 605): audio:demux: stream startTimeUs = 0
06-04 17:01:27.464 I/AmFFmpegExtractor( 605): audio:demux: block_align = 1152
06-04 17:01:27.464 E/AmFFmpegExtractor( 605): kKeyMediaLanguage audio lang null
06-04 17:01:27.464 I/AmFFmpegExtractor( 605): Mime:audio/mpeg
06-04 17:01:27.464 I/StreamFormatter( 605): Creating formatter for codec id : 86017 extradata size : 12
06-04 17:01:27.464 I/AmFFmpegExtractor( 605): [init 3565] mIsDolbyVison:0, i:1
06-04 17:01:27.464 I/AmFFmpegExtractor( 605): Not use Thread, by reason of has no activity audio or video.
06-04 17:01:27.471 I/AmFFmpegExtractor( 605): [~AmFFmpegSource 732]
06-04 17:01:27.471 I/AmFFmpegExtractor( 605): [~AmFFmpegExtractor 2720]
06-04 17:01:27.471 I/AmFFmpegExtractor( 605): [~AmFFmpegExtractor 2723]
06-04 17:01:27.472 W/RefBase ( 605): RefBase: Explicit destruction, weak count = 0 (in 0xea1070b4). Use sp<> to manage this object.
06-04 17:01:27.472 W/RefBase ( 605): CallStack::getCurrentInternal not linked, returning null
06-04 17:01:27.472 W/RefBase ( 605): CallStack::logStackInternal not linked
06-04 17:01:27.477 E/MetadataRetrieverClient( 608): unable to dlopen metadata_retriever extension: dlopen failed: library "libmetadataretriever_ext.so" not found
06-04 17:01:27.483 I/AmFFmpegExtractor( 605): fast startup in ffmpegextractor for avi stream.
06-04 17:01:27.483 I/AmFFmpegExtractor( 605): is in white list : 1
06-04 17:01:27.483 I/AmFFmpegExtractor( 605): SniffAmFFmpeg ok, confidence = 0.800000
06-04 17:01:27.510 W/AString ( 605): ctor got NULL, using empty string instead
06-04 17:01:27.510 I/AmFFmpegExtractor( 605):
06-04 17:01:27.510 I/AmFFmpegExtractor( 605): -----------AmFFmpegExtractor Info---------
06-04 17:01:27.510 I/AmFFmpegExtractor( 605):
06-04 17:01:27.510 I/AmFFmpegExtractor( 605): MM-module-name:Extractor,Version:5.1.7-g0c7d1d4(build:6351)
06-04 17:01:27.510 I/AmFFmpegExtractor( 605):
06-04 17:01:27.510 I/AmFFmpegExtractor( 605): ARCH = arm
06-04 17:01:27.510 I/AmFFmpegExtractor( 605): Author: multi-media team
06-04 17:01:27.510 I/AmFFmpegExtractor( 605): Branch name: * (HEAD detached at 0c7d1d4)
06-04 17:01:27.510 I/AmFFmpegExtractor( 605): Last Commit Info:
06-04 17:01:27.510 I/AmFFmpegExtractor( 605): commit 0c7d1d450b4d7ecd11fc2ddd21a6e67e11d0b24d
06-04 17:01:27.510 I/AmFFmpegExtractor( 605): Author: wang.ren
06-04 17:01:27.510 I/AmFFmpegExtractor( 605): Date: Mon Nov 18 08:39:16 2024 +0000
06-04 17:01:27.510 I/AmFFmpegExtractor( 605): AmFFmpegExtractor: CB2 invalid nal length when parse nal data [1/1]
06-04 17:01:27.510 I/AmFFmpegExtractor( 605): PD#SWPL-190774
06-04 17:01:27.510 I/AmFFmpegExtractor( 605): Change-Id: I639741fa67a5b027e7d8eaa1b588f753d2326e47
06-04 17:01:27.510 I/AmFFmpegExtractor( 605): Uncommitted-file-num:1
06-04 17:01:27.510 I/AmFFmpegExtractor( 605): Build-time: Thu Nov 28 13:44:43 CST 2024
06-04 17:01:27.510 I/AmFFmpegExtractor( 605): Build-name: drm.autobuild
06-04 17:01:27.510 I/AmFFmpegExtractor( 605): -----------------------------------------
06-04 17:01:27.510 I/AmFFmpegExtractor( 605): media.ffmpegextractor.loglevel 16
06-04 17:01:27.510 I/AmFFmpegExtractor( 605): vendor.media.ffmpegextractor.ESLen264Check : 10
06-04 17:01:27.510 I/AmFFmpegExtractor( 605): vendor.media.ffmpegextractor.ESLen265Check : 50
06-04 17:01:27.511 I/AmFFmpegByteIOAdapter( 605): File size : 498586
06-04 17:01:27.512 I/AmFFmpegExtractor( 605): AmFFmpegExtractor mInputFormat name {avi [(null)]}
06-04 17:01:27.525 I/AmFFmpegExtractor( 605): ///////////////start dump format
06-04 17:01:27.526 I/AmFFmpegExtractor( 605): [init 3386] video/avi
06-04 17:01:27.526 I/AmFFmpegExtractor( 605): isMusic major_brand:null
06-04 17:01:27.526 I/AmFFmpegExtractor( 605): Stream 0(0) [video/mp4v-es][codecid:0xc(0xc)] found.
06-04 17:01:27.526 I/AmFFmpegExtractor( 605): isDIVX : unsupported tag: DIVX.
06-04 17:01:27.526 I/AmFFmpegExtractor( 605): Stream 1(1) [audio/mpeg][codecid:0x15001(0x15001)] found.
06-04 17:01:27.526 I/AmFFmpegExtractor( 605): [AmFFmpegSource 717]startTimeUs:0, seekable:1
06-04 17:01:27.526 I/AmFFmpegExtractor( 605): [init 753](0xee3431f0)
06-04 17:01:27.526 E/AmFFmpegExtractor( 605): mAudioMuxRead 0
06-04 17:01:27.526 I/AmFFmpegExtractor( 605): init kKeyDuration = 39933333
06-04 17:01:27.526 I/AmFFmpegExtractor( 605): av_find_input_format is avi
06-04 17:01:27.526 I/AmFFmpegExtractor( 605): audio:demux: fmt = 8
06-04 17:01:27.526 I/AmFFmpegExtractor( 605): audio:demux: channels = 2
06-04 17:01:27.526 I/AmFFmpegExtractor( 605): audio:demux: sample_rate = 44100
06-04 17:01:27.526 I/AmFFmpegExtractor( 605): audio:demux: bit_rate = 31848
06-04 17:01:27.526 I/AmFFmpegExtractor( 605): audio:demux: codec_id = 86017
06-04 17:01:27.526 I/AmFFmpegExtractor( 605): audio:demux: stream startTimeUs = 0
06-04 17:01:27.526 I/AmFFmpegExtractor( 605): audio:demux: block_align = 1152
06-04 17:01:27.526 E/AmFFmpegExtractor( 605): kKeyMediaLanguage audio lang null
06-04 17:01:27.526 I/AmFFmpegExtractor( 605): Mime:audio/mpeg
06-04 17:01:27.526 I/StreamFormatter( 605): Creating formatter for codec id : 86017 extradata size : 12
06-04 17:01:27.526 I/AmFFmpegExtractor( 605): [init 3565] mIsDolbyVison:0, i:1
06-04 17:01:27.526 I/AmFFmpegExtractor( 605): Not use Thread, by reason of has no activity audio or video.
06-04 17:01:27.531 I/AmFFmpegExtractor( 605): [~AmFFmpegSource 732]
06-04 17:01:27.531 I/AmFFmpegExtractor( 605): [~AmFFmpegExtractor 2720]
06-04 17:01:27.531 I/AmFFmpegExtractor( 605): [~AmFFmpegExtractor 2723]
06-04 17:01:27.531 W/RefBase ( 605): RefBase: Explicit destruction, weak count = 0 (in 0xea1070b4). Use sp<> to manage this object.
06-04 17:01:27.531 W/RefBase ( 605): CallStack::getCurrentInternal not linked, returning null
06-04 17:01:27.531 W/RefBase ( 605): CallStack::logStackInternal not linked
06-04 17:01:27.537 E/MetadataRetrieverClient( 608): unable to dlopen metadata_retriever extension: dlopen failed: library "libmetadataretriever_ext.so" not found
06-04 17:01:27.542 I/AmFFmpegExtractor( 605): fast startup in ffmpegextractor for avi stream.
06-04 17:01:27.543 I/AmFFmpegExtractor( 605): is in white list : 1
06-04 17:01:27.543 I/AmFFmpegExtractor( 605): SniffAmFFmpeg ok, confidence = 0.800000
06-04 17:01:27.561 W/AString ( 605): ctor got NULL, using empty string instead
06-04 17:01:27.562 I/AmFFmpegExtractor( 605):
06-04 17:01:27.562 I/AmFFmpegExtractor( 605): -----------AmFFmpegExtractor Info---------
06-04 17:01:27.562 I/AmFFmpegExtractor( 605):
06-04 17:01:27.562 I/AmFFmpegExtractor( 605): MM-module-name:Extractor,Version:5.1.7-g0c7d1d4(build:6351)
06-04 17:01:27.562 I/AmFFmpegExtractor( 605):
06-04 17:01:27.562 I/AmFFmpegExtractor( 605): ARCH = arm
06-04 17:01:27.562 I/AmFFmpegExtractor( 605): Author: multi-media team
06-04 17:01:27.562 I/AmFFmpegExtractor( 605): Branch name: * (HEAD detached at 0c7d1d4)
06-04 17:01:27.562 I/AmFFmpegExtractor( 605): Last Commit Info:
06-04 17:01:27.562 I/AmFFmpegExtractor( 605): commit 0c7d1d450b4d7ecd11fc2ddd21a6e67e11d0b24d
06-04 17:01:27.562 I/AmFFmpegExtractor( 605): Author: wang.ren
06-04 17:01:27.562 I/AmFFmpegExtractor( 605): Date: Mon Nov 18 08:39:16 2024 +0000
06-04 17:01:27.562 I/AmFFmpegExtractor( 605): AmFFmpegExtractor: CB2 invalid nal length when parse nal data [1/1]
06-04 17:01:27.562 I/AmFFmpegExtractor( 605): PD#SWPL-190774
06-04 17:01:27.562 I/AmFFmpegExtractor( 605): Change-Id: I639741fa67a5b027e7d8eaa1b588f753d2326e47
06-04 17:01:27.562 I/AmFFmpegExtractor( 605): Uncommitted-file-num:1
06-04 17:01:27.562 I/AmFFmpegExtractor( 605): Build-time: Thu Nov 28 13:44:43 CST 2024
06-04 17:01:27.562 I/AmFFmpegExtractor( 605): Build-name: drm.autobuild
06-04 17:01:27.562 I/AmFFmpegExtractor( 605): -----------------------------------------
06-04 17:01:27.562 I/AmFFmpegExtractor( 605): media.ffmpegextractor.loglevel 16
06-04 17:01:27.562 I/AmFFmpegExtractor( 605): vendor.media.ffmpegextractor.ESLen264Check : 10
06-04 17:01:27.562 I/AmFFmpegExtractor( 605): vendor.media.ffmpegextractor.ESLen265Check : 50
06-04 17:01:27.562 I/AmFFmpegByteIOAdapter( 605): File size : 498586
06-04 17:01:27.563 I/AmFFmpegExtractor( 605): AmFFmpegExtractor mInputFormat name {avi [(null)]}
06-04 17:01:27.574 I/AmFFmpegExtractor( 605): ///////////////start dump format
06-04 17:01:27.574 I/AmFFmpegExtractor( 605): [init 3386] video/avi
06-04 17:01:27.574 I/AmFFmpegExtractor( 605): isMusic major_brand:null
06-04 17:01:27.575 I/AmFFmpegExtractor( 605): Stream 0(0) [video/mp4v-es][codecid:0xc(0xc)] found.
06-04 17:01:27.575 I/AmFFmpegExtractor( 605): isDIVX : unsupported tag: DIVX.
06-04 17:01:27.575 I/AmFFmpegExtractor( 605): Stream 1(1) [audio/mpeg][codecid:0x15001(0x15001)] found.
06-04 17:01:27.575 I/AmFFmpegExtractor( 605): [AmFFmpegSource 717]startTimeUs:0, seekable:1
06-04 17:01:27.575 I/AmFFmpegExtractor( 605): [init 753](0xee341a50)
06-04 17:01:27.575 E/AmFFmpegExtractor( 605): mAudioMuxRead 0
06-04 17:01:27.575 I/AmFFmpegExtractor( 605): init kKeyDuration = 39933333
06-04 17:01:27.575 I/AmFFmpegExtractor( 605): av_find_input_format is avi
06-04 17:01:27.575 I/AmFFmpegExtractor( 605): audio:demux: fmt = 8
06-04 17:01:27.575 I/AmFFmpegExtractor( 605): audio:demux: channels = 2
06-04 17:01:27.575 I/AmFFmpegExtractor( 605): audio:demux: sample_rate = 44100
06-04 17:01:27.575 I/AmFFmpegExtractor( 605): audio:demux: bit_rate = 31848
06-04 17:01:27.575 I/AmFFmpegExtractor( 605): audio:demux: codec_id = 86017
06-04 17:01:27.575 I/AmFFmpegExtractor( 605): audio:demux: stream startTimeUs = 0
06-04 17:01:27.575 I/AmFFmpegExtractor( 605): audio:demux: block_align = 1152
06-04 17:01:27.575 E/AmFFmpegExtractor( 605): kKeyMediaLanguage audio lang null
06-04 17:01:27.575 I/AmFFmpegExtractor( 605): Mime:audio/mpeg
06-04 17:01:27.575 I/StreamFormatter( 605): Creating formatter for codec id : 86017 extradata size : 12
06-04 17:01:27.575 I/AmFFmpegExtractor( 605): [init 3565] mIsDolbyVison:0, i:1
06-04 17:01:27.575 I/AmFFmpegExtractor( 605): Not use Thread, by reason of has no activity audio or video.
06-04 17:01:27.579 I/AmFFmpegExtractor( 605): [~AmFFmpegSource 732]
06-04 17:01:27.579 I/AmFFmpegExtractor( 605): [~AmFFmpegExtractor 2720]
06-04 17:01:27.579 I/AmFFmpegExtractor( 605): [~AmFFmpegExtractor 2723]
06-04 17:01:27.579 W/RefBase ( 605): RefBase: Explicit destruction, weak count = 0 (in 0xea1070b4). Use sp<> to manage this object.
06-04 17:01:27.580 W/RefBase ( 605): CallStack::getCurrentInternal not linked, returning null
06-04 17:01:27.580 W/RefBase ( 605): CallStack::logStackInternal not linked
06-04 17:01:27.584 E/MetadataRetrieverClient( 608): unable to dlopen metadata_retriever extension: dlopen failed: library "libmetadataretriever_ext.so" not found
06-04 17:01:27.588 I/AmFFmpegExtractor( 605): fast startup in ffmpegextractor for avi stream.
06-04 17:01:27.588 I/AmFFmpegExtractor( 605): is in white list : 1
06-04 17:01:27.588 I/AmFFmpegExtractor( 605): SniffAmFFmpeg ok, confidence = 0.800000
06-04 17:01:27.615 W/AString ( 605): ctor got NULL, using empty string instead
06-04 17:01:27.615 I/AmFFmpegExtractor( 605):
06-04 17:01:27.615 I/AmFFmpegExtractor( 605): -----------AmFFmpegExtractor Info---------
06-04 17:01:27.615 I/AmFFmpegExtractor( 605):
06-04 17:01:27.615 I/AmFFmpegExtractor( 605): MM-module-name:Extractor,Version:5.1.7-g0c7d1d4(build:6351)
