06-04 17:00:59.380 D/EventHub( 693): No input device configuration file found for device 'Dangbei Consumer Control'.
06-04 17:00:59.381 W/EventHub( 693): Unable to disable kernel key repeat for /dev/input/event10: Function not implemented
06-04 17:00:59.382 I/EventHub( 693): usingClockIoctl=true
06-04 17:00:59.382 I/EventHub( 693): New device: id=13, fd=388, path='/dev/input/event10', name='Dangbei Consumer Control', classes=KEYBOARD | DPAD | JOYSTICK | EXTERNAL, configuration='', keyLayout='/vendor/usr/keylayout/Vendor_000d_Product_3838.kl', keyCharacterMap='/system/usr/keychars/Generic.kcm', builtinKeyboard=false,
06-04 17:00:59.382 I/InputReader( 693): Device added: id=11, eventHubId=13, name='Dangbei Consumer Control', descriptor='9b78fec6d5f191e2bd1737ee556b82ef802210c0',sources=KEYBOARD | DPAD | JOYSTICK
06-04 17:00:59.382 I/InputReader( 693): Device added: id=11, eventHubId=12, name='Dangbei', descriptor='3b5a3e9d598bafe39ea755ce316acc64fb33ff4e',sources=KEYBOARD | DPAD | JOYSTICK
06-04 17:00:59.382 W/MediaProvider( 1471): isAppCloneUserPair for user -1: false
06-04 17:00:59.385 D/BluetoothAdapter( 982): getActiveDevices(profile= HEADSET)
06-04 17:00:59.386 I/BluetoothAdapterService( 1104): getActiveDevices: A2dp device: null
06-04 17:00:59.386 D/BluetoothAdapter( 2834): getActiveDevices(profile= HEADSET)
06-04 17:00:59.389 I/BluetoothAdapterService( 1104): getActiveDevices: Headset device: null
06-04 17:00:59.389 D/BluetoothAdapter( 982): getActiveDevices(profile= HEARING_AID)
06-04 17:00:59.395 I/BluetoothAdapterService( 1104): getActiveDevices: Headset device: null
06-04 17:00:59.395 D/BluetoothAdapter( 2834): getActiveDevices(profile= HEARING_AID)
06-04 17:00:59.396 I/BluetoothAdapterService( 1104): getActiveDevices: Hearing Aid devices: Left[null] - Right[null]
06-04 17:00:59.398 I/BluetoothAdapterService( 1104): getActiveDevices: Hearing Aid devices: Left[null] - Right[null]
06-04 17:00:59.411 E/MetadataRetrieverClient( 608): unable to dlopen metadata_retriever extension: dlopen failed: library "libmetadataretriever_ext.so" not found
06-04 17:00:59.415 I/AmFFmpegByteIOAdapter( 605): File size : 29648789
06-04 17:00:59.436 E/exFFmpeg( 605): [mov_read_header:8628] pts_only set.
06-04 17:00:59.437 E/AmFFmpegExtractor( 605): major_brand:qt
06-04 17:00:59.437 E/AmFFmpegExtractor( 605): compatible_brands:qt
06-04 17:00:59.437 I/AmFFmpegExtractor( 605): checkInList: iswhite:0, mime:video/mp4, type:0, id:12 tag:7634706d
06-04 17:00:59.437 I/AmFFmpegExtractor( 605): checkInList: iswhite:1, mime:video/mp4, type:0, id:12 tag:7634706d
06-04 17:00:59.437 E/AmFFmpegExtractor( 605): codec_ctx->properties: 0
06-04 17:00:59.437 I/AmFFmpegExtractor( 605): checkInList: iswhite:0, mime:video/mp4, type:1, id:86018 tag:6134706d
06-04 17:00:59.437 I/AmFFmpegExtractor( 605): checkInList: iswhite:1, mime:video/mp4, type:1, id:86018 tag:6134706d
06-04 17:00:59.437 E/AmFFmpegExtractor( 605): codec_ctx->properties: 0
06-04 17:00:59.437 I/AmFFmpegExtractor( 605): checkSupportInList ret 1
06-04 17:00:59.440 E/AmFFmpegExtractor( 605): major_brand:qt
06-04 17:00:59.440 E/AmFFmpegExtractor( 605): compatible_brands:qt
06-04 17:00:59.440 I/AmFFmpegExtractor( 605): checkInList: iswhite:0, mime:video/mp4, type:0, id:12 tag:7634706d
06-04 17:00:59.440 I/AmFFmpegExtractor( 605): checkInList: iswhite:1, mime:video/mp4, type:0, id:12 tag:7634706d
06-04 17:00:59.440 E/AmFFmpegExtractor( 605): codec_ctx->properties: 0
06-04 17:00:59.440 I/AmFFmpegExtractor( 605): checkInList: iswhite:0, mime:video/mp4, type:1, id:86018 tag:6134706d
06-04 17:00:59.440 I/AmFFmpegExtractor( 605): checkInList: iswhite:1, mime:video/mp4, type:1, id:86018 tag:6134706d
06-04 17:00:59.440 E/AmFFmpegExtractor( 605): codec_ctx->properties: 0
06-04 17:00:59.440 I/AmFFmpegExtractor( 605): checkSupportInList ret 1
06-04 17:00:59.440 I/AmFFmpegExtractor( 605): SniffAmFFmpeg ok, confidence = 0.050000
06-04 17:00:59.465 E/MetadataRetrieverClient( 608): unable to dlopen metadata_retriever extension: dlopen failed: library "libmetadataretriever_ext.so" not found
06-04 17:00:59.469 I/AmFFmpegByteIOAdapter( 605): File size : 292662071
06-04 17:00:59.474 E/XM_HIDREAD( 1992): trying to reopen hidraw: /dev/hidraw1
06-04 17:00:59.474 D/XM_HIDREAD( 1992): ready open:/dev/hidraw1
06-04 17:00:59.474 D/XM_HIDREAD( 1992): open:/dev/hidraw1 resultFD:9
06-04 17:00:59.474 D/XM_HIDREAD( 1992): 1 ready ioctl hidrawFD 9
06-04 17:00:59.474 D/XM_HIDREAD( 1992): 2 ready ioctl hidrawFD 9
06-04 17:00:59.474 D/XM_HIDREAD( 1992): 3 ready ioctl hidrawFD 9
06-04 17:00:59.474 D/XM_HIDREAD( 1992): 4 ready ioctl hidrawFD 9
06-04 17:00:59.474 D/XM_HIDREAD( 1992): ioctl hidrawFD HIDIOCGRDESC ret 0
06-04 17:00:59.474 D/XM_HIDREAD( 1992): dinfo.vendor:13,dinfo.product:14392
06-04 17:00:59.474 D/XM_HIDREAD( 1992): m_pid:0x3838,m_vid:0x000d
06-04 17:00:59.474 D/XM_HIDREAD( 1992): /dev/hidraw1 open succussfully!
06-04 17:00:59.474 D/XM_HIDREAD( 1992): add@ add@/devices/virtual/wakeup/wakeup32
06-04 17:00:59.474 D/XM_HIDREAD( 1992): add@ add@/devices/virtual/wakeup/wakeup33
06-04 17:00:59.470 I/xm_hidread( 1992): type=1400 audit(0.0:996): avc: denied { read write } for name="hidraw1" dev="tmpfs" ino=898 scontext=u:r:init:s0 tcontext=u:object_r:hidraw_audio_device:s0 tclass=chr_file permissive=1
06-04 17:00:59.470 I/xm_hidread( 1992): type=1400 audit(0.0:997): avc: denied { open } for path="/dev/hidraw1" dev="tmpfs" ino=898 scontext=u:r:init:s0 tcontext=u:object_r:hidraw_audio_device:s0 tclass=chr_file permissive=1
06-04 17:00:59.481 E/AmFFmpegExtractor( 605): major_brand:qt
06-04 17:00:59.481 E/AmFFmpegExtractor( 605): compatible_brands:qt niko
06-04 17:00:59.481 I/AmFFmpegExtractor( 605): checkInList: iswhite:0, mime:video/mp4, type:0, id:27 tag:31637661
06-04 17:00:59.481 I/AmFFmpegExtractor( 605): checkInList: iswhite:1, mime:video/mp4, type:0, id:27 tag:31637661
06-04 17:00:59.481 E/AmFFmpegExtractor( 605): codec_ctx->properties: 0
06-04 17:00:59.481 I/AmFFmpegExtractor( 605): checkInList: iswhite:0, mime:video/mp4, type:1, id:65536 tag:74776f73
06-04 17:00:59.481 I/AmFFmpegExtractor( 605): checkInList: iswhite:1, mime:video/mp4, type:1, id:65536 tag:74776f73
06-04 17:00:59.481 E/AmFFmpegExtractor( 605): codec_ctx->properties: 0
06-04 17:00:59.481 I/AmFFmpegExtractor( 605): checkSupportInList ret 1
06-04 17:00:59.470 I/xm_hidread( 1992): type=1400 audit(0.0:998): avc: denied { ioctl } for path="/dev/hidraw1" dev="tmpfs" ino=898 ioctlcmd=0x4803 scontext=u:r:init:s0 tcontext=u:object_r:hidraw_audio_device:s0 tclass=chr_file permissive=1
06-04 17:00:59.577 D/XM_HIDREAD( 1992): poll ret=1, event=1
06-04 17:00:59.577 D/XM_HIDREAD( 1992): [9 bytes]:01 00 00 4F 00 00 00 00 00
06-04 17:00:59.579 I/SogouIME( 1447): onKeyDown: keyoCode=22
06-04 17:00:59.579 I/DefaultIMS( 1447): onKeyDown: keyoCode=22
06-04 17:00:59.584 V/WindowManagerShell( 982): Transition requested: android.os.BinderProxy@3dbe17e TransitionRequestInfo { type = 2, triggerTask = TaskInfo{userId=0 taskId=24 displayId=0 isRunning=false baseIntent=Intent { flg=0x10000000 cmp=com.dangbei.lerad.screensaver/.ui.app.dream.ScreenSaverActivity } baseActivity=null topActivity=null origActivity=null realActivity=ComponentInfo{com.dangbei.lerad.screensaver/com.dangbei.lerad.screensaver.ui.app.dream.ScreenSaverActivity} numActivities=0 lastActiveTime=78479 supportsMultiWindow=true resizeMode=1 isResizeable=true minWidth=-1 minHeight=-1 defaultMinSize=220 token=WCT{android.window.IWindowContainerToken$Stub$Proxy@8c796df} topActivityType=1 pictureInPictureParams=null shouldDockBigOverlays=false launchIntoPipHostTaskId=-1 lastParentTaskIdBeforePip=-1 displayCutoutSafeInsets=null topActivityInfo=null launchCookies=[] positionInParent=Point(0, 0) parentTaskId=-1 isFocused=false isVisible=true isVisibleRequested=true isSleeping=false topActivityInSizeCompat=false topActivityEligibleForLetterboxEducation= false isLetterboxDoubleTapEnabled= false topActivityEligibleForUserAspectRatioButton= false topActivityBoundsLetterboxed= false isFromLetterboxDoubleTap= false topActivityLetterboxVerticalPosition= -1 topActivityLetterboxHorizontalPosition= -1 topActivityLetterboxWidth=-1 topActivityLetterboxHeight=-1 isUserFullscreenOverrideEnabled=false isTopActivityTransparent=false locusId=null displayAreaFeatureId=1 cameraCompatControlState=hidden}, remoteTransition = null, displayChange = null, flags = 0 }
06-04 17:00:59.592 W/ActivityTaskManager( 693): Finishing task with all activities already finished
06-04 17:00:59.592 W/ActivityTaskManager( 693): Duplicate finish request for r=ActivityRecord{c5429e3 u0 com.dangbei.lerad.screensaver/.ui.app.dream.ScreenSaverActivity t24 f}}
06-04 17:00:59.598 I/rad.screensaver( 3054): System.exit called, status: 0
06-04 17:00:59.598 I/AndroidRuntime( 3054): VM exiting with result code 0, cleanup skipped.
06-04 17:00:59.605 I/BpBinder( 266): onLastStrongRef automatically unlinking death recipients:
06-04 17:00:59.647 I/Codec2-Component@1.2( 490): Client died ! notify and release the component !!
06-04 17:00:59.647 I/C2VdecComponent( 490): [0##5]"[release]"
06-04 17:00:59.647 I/C2VdecComponent( 490): [0##5]"[reset]"
06-04 17:00:59.647 I/C2VdecComponent( 490): [0##5]"[stop]"
06-04 17:00:59.647 I/C2VdecComponent( 490): [0##5]"[onStop]"
06-04 17:00:59.648 I/VideoDecWraper( 490): [0##5]"stop"
06-04 17:00:59.648 I/AmVideoDec( 490): [No--1]-[0]"reset\n"
06-04 17:00:59.648 I/VDA ( 490): [0##5]"Reset"
06-04 17:00:59.648 I/VDA ( 490): [0##5]"ResetTask\n"
06-04 17:00:59.648 I/AmlManagePts( 490): [0]"resetPtsInfo into\n"
06-04 17:00:59.648 I/AmlManagePts( 490): [0]"resetOutPutInfo into\n"
06-04 17:00:59.649 I/VDA ( 490): [0##5]"FinishReset\n"
06-04 17:00:59.649 I/VDA ( 490): [0##5]"StopInputStream input_streamon 1, input_buffer_map_.size 8\n"
06-04 17:00:59.649 I/VDA ( 490): [0##5]"----stop input VIDIOC_STREAMOFF----\n"
06-04 17:00:59.649 I/VDA ( 490): [0##5]"StopDevicePoll\n"
06-04 17:00:59.650 I/VDA ( 490): [0##5]"----stop output VIDIOC_STREAMOFF----\n"
06-04 17:00:59.655 I/ActivityManager( 693): Process com.dangbei.lerad.screensaver (pid 3054) has died: fg TOP
06-04 17:00:59.656 I/libprocessgroup( 693): Successfully killed process cgroup uid 10043 pid 3054 in 0ms
06-04 17:00:59.656 I/VDA ( 490): [0##5]"SendPictureReady\n"
06-04 17:00:59.656 I/VDA ( 490): [0##5]"post ResetDoneTask\n"
06-04 17:00:59.656 I/VDA ( 490): [0##5]"ResetDoneTask\n"
06-04 17:00:59.656 I/VDA ( 490): [0##5]"StartDevicePoll\n"
06-04 17:00:59.656 I/VDA ( 490): [0##5]"NotifyResetDone\n"
06-04 17:00:59.656 I/AmVideoDec( 490): [No--1]-[0]"notifyResetDone\n"
06-04 17:00:59.656 I/VideoDecWraper( 490): [0##5]"onResetDone\n"
06-04 17:00:59.656 I/C2VdecComponent( 490): [0##5]"[NotifyFlushOrStopDone]"
06-04 17:00:59.656 I/C2VdecComponent( 490): [0##5]"[onFlushOrStopDone]"
06-04 17:00:59.656 I/C2VdecComponent( 490): [0##5]"[onStopDone]"
06-04 17:00:59.656 I/C2VdecComponent( 490): [reportAbandonedWorks] no-tunnel mode abandon bitstreamid:1307 mediatimeus:43764000
06-04 17:00:59.656 I/C2VdecComponent( 490): [reportAbandonedWorks] no-tunnel mode abandon bitstreamid:1308 mediatimeus:43631000
06-04 17:00:59.656 I/C2VdecComponent( 490): [reportAbandonedWorks] no-tunnel mode abandon bitstreamid:1310 mediatimeus:43564000
06-04 17:00:59.656 I/C2VdecComponent( 490): [reportAbandonedWorks] no-tunnel mode abandon bitstreamid:1311 mediatimeus:43598000
06-04 17:00:59.656 I/C2VdecComponent( 490): [reportAbandonedWorks] no-tunnel mode abandon bitstreamid:1312 mediatimeus:43664000
06-04 17:00:59.656 I/C2VdecComponent( 490): [reportAbandonedWorks] no-tunnel mode abandon bitstreamid:1313 mediatimeus:43698000
06-04 17:00:59.656 I/C2VdecComponent( 490): [reportAbandonedWorks] no-tunnel mode abandon bitstreamid:1314 mediatimeus:43731000
06-04 17:00:59.656 I/C2VdecComponent( 490): [reportAbandonedWorks] no-tunnel mode abandon bitstreamid:1315 mediatimeus:44031000
06-04 17:00:59.656 I/C2VdecComponent( 490): [reportAbandonedWorks] no-tunnel mode abandon bitstreamid:1316 mediatimeus:43898000
06-04 17:00:59.656 I/C2VdecComponent( 490): [reportAbandonedWorks] no-tunnel mode abandon bitstreamid:1317 mediatimeus:43798000
06-04 17:00:59.657 I/android.hardware.media.c2@1.2-service( 490): (null) is not set, used defaultValue = 0
06-04 17:00:59.657 E/Codec2-Component@1.2( 490): Component::Listener::onWorkDone_nb -- transaction failed.
06-04 17:00:59.657 I/C2VdecComponent( 490): [0##5]"[onStopDone] clear decoder duration"
06-04 17:00:59.657 I/C2VdecDeviceUtil( 490): [0#5]"into clearDecoderDuration"
06-04 17:00:59.657 I/AmlManagePts( 490): [0]"setDuration error duration[0]type[2]\n"
06-04 17:00:59.658 I/C2VdecBlockPoolUtil( 490): ~C2VdecBlockPoolUtil success:1311 count:2572 fetch level:0.509720
06-04 17:00:59.658 I/C2VdecComponent( 490): [0##5]"[stop] done"
06-04 17:00:59.658 I/C2VdecComponent( 490): [0##5]"[onDestroy]"
06-04 17:00:59.658 I/C2VdecDequeueThreadUtil( 490): ~DequeueThreadUtil!!
06-04 17:00:59.658 I/VideoDecWraper( 490): [0##5]"destroy"
06-04 17:00:59.658 D/ResmanWrapper( 490): ~resManWrapper fd = 10
06-04 17:00:59.658 D/resman ( 490): release all resource, fd = 10
06-04 17:00:59.659 I/VDA ( 490): [0##5]"Destroy:1702"
06-04 17:00:59.659 I/VDA ( 490): [0##5]"DestroyTask INS=0/0, OUTS=0/0"" {IN=0/8, OUT=13/13[kAtAccelerator(0) kAtDevice(0) kAtClient(13)]}"
06-04 17:00:59.659 I/VDA ( 490): [0##5]"StopDevicePoll\n"
06-04 17:00:59.659 V/WindowManager( 693): app ------------- force_land :0
06-04 17:00:59.659 I/VDA ( 490): [0##5]"StopInputStream input_streamon 0, input_buffer_map_.size 8\n"
06-04 17:00:59.659 I/AmlManagePts( 490): [0]"resetPtsInfo into\n"
06-04 17:00:59.659 I/AmlManagePts( 490): [0]"resetOutPutInfo into\n"
06-04 17:00:59.659 I/VDA ( 490): [0##5]"DestroyInputBuffers:5083"
06-04 17:00:59.660 I/VDA ( 490): [0##5]"DestroyOutputBuffers:5126"
06-04 17:00:59.661 I/VDA ( 490): [0##5]"DestroyTask:4223"
06-04 17:00:59.661 I/VDA ( 490): [0##5]"DestroyTask:4225 destroy done signal."
06-04 17:00:59.662 I/BufferPoolWraper( 490): [1]"free bufferpool region memory"
06-04 17:00:59.662 I/dmabufmanage( 490): dmabufmanage_uninit-122 UnRegister dmabuf manager success 2
06-04 17:00:59.662 I/BufferPoolWraper( 490): [1]"~BufferPoolWraper:163"
06-04 17:00:59.662 I/AmlManagePts( 490): [0]"~AmlManagePts into\n"
06-04 17:00:59.662 I/VDA ( 490): [0##5]"~V4L2VideoDecodeAccelerator:679"
06-04 17:00:59.663 D/DisplayManagerService( 693): Drop pending events for gone uid 10043
06-04 17:00:59.665 I/ResourceManagerMetrics( 608): pushConcurrentUsageReport: Concurrent Codec Usage Report for the Process[pid(3054): uid(10043)] is Peak { VideoDec[ HW: 1 ] } Peak Pixels: 2073600
06-04 17:00:59.667 E/mediaserver( 608): unlinkToDeath: removed reference to death recipient but unlink failed: DEAD_OBJECT
06-04 17:00:59.667 E/IPCThreadState( 608): attemptIncStrongHandle(2): Not supported
06-04 17:00:59.667 I/Zygote ( 469): Process 3054 exited cleanly (0)
06-04 17:00:59.669 I/WindowManager( 693): WIN DEATH: Window{5e8a82b u0 com.dangbei.lerad.screensaver/com.dangbei.lerad.screensaver.ui.app.dream.ScreenSaverActivity}
06-04 17:00:59.670 W/InputManager-JNI( 693): Input channel object '5e8a82b com.dangbei.lerad.screensaver/com.dangbei.lerad.screensaver.ui.app.dream.ScreenSaverActivity (client)' was disposed without first being removed with the input manager!
06-04 17:00:59.672 I/hq ( 1489): 当小贝:::showMessage from=mActivityLifecycleCallbacks
06-04 17:00:59.672 I/ImeTracker( 693): com.dangbei.lerad.screensaver:d054196b: onRequestHide at ORIGIN_SERVER_HIDE_INPUT reason HIDE_REMOVE_CLIENT
06-04 17:00:59.673 I/ImeTracker( 693): com.dangbei.lerad.screensaver:d054196b: onCancelled at PHASE_SERVER_SHOULD_HIDE
06-04 17:00:59.673 I/hq ( 1489): 当小贝:::showMessage 没有消息需要显示
06-04 17:00:59.682 I/SystemControl( 321): [/UEventObserver.cpp, HDMITxUenventThreadLoop, 451] HDMI TX switch_name:0, switch_state:
06-04 17:00:59.683 I/SystemControl-FRA( 321): [/FrameRateAutoAdaption.cpp, isFrameRateOn, 176] hdmi frame rate is on
06-04 17:00:59.678 I/xm_hidread( 1992): type=1400 audit(0.0:999): avc: denied { read } for scontext=u:r:init:s0 tcontext=u:r:init:s0 tclass=netlink_kobject_uevent_socket permissive=1
06-04 17:00:59.684 D/XM_HIDREAD( 1992): remove@ remove@/devices/platform/vdec/ammvdec_h265_v4l.0
06-04 17:00:59.690 I/VideoDecWraper( 490): [0##5]"~VideoDecWraper"
06-04 17:00:59.690 I/AmVideoDec( 490): [No--1]-[0]"~AmVideoDec IN[1318:1318] OUT[1311:1307]\n"
06-04 17:00:59.690 I/C2VdecDeviceUtil( 490): [~DeviceUtil:70]
06-04 17:00:59.690 I/C2VdecDeviceUtil( 490): setSkipReallocBufMode:0
06-04 17:00:59.691 I/C2VdecDeviceUtil( 490): [~DeviceUtil:76] clear vendor.media.llp
06-04 17:00:59.691 I/C2VdecGrallocWraper( 490): free slot:0
06-04 17:00:59.691 I/gralloc ( 490): am_gralloc_set_uvm_decoder_para: parameters:[slot_id=0,w*h(0*0),w_align=0,h_align=0,size=0]
06-04 17:00:59.691 I/C2VdecComponent( 490): [0##5]"[onDestroy] done"
06-04 17:00:59.694 E/OpenGLRenderer( 1489): Unable to match the desired swap behavior.
06-04 17:00:59.698 I/breathe ( 3190): type=1400 audit(0.0:1000): avc: denied { ioctl } for path="/dev/spidev1.0" dev="tmpfs" ino=528 ioctlcmd=0x6b00 scontext=u:r:init:s0 tcontext=u:object_r:device:s0 tclass=chr_file permissive=1
06-04 17:00:59.704 D/TrafficStats( 1489): tagSocket(114) with statsTag=0xffffffff, statsUid=-1
06-04 17:00:59.708 I/C2VdecComponent( 490): [0##5]"~C2VdecComponent start"
06-04 17:00:59.708 I/C2VdecComponent( 490): [0##5]"~C2VdecComponent done"
06-04 17:00:59.715 D/TrafficStats( 1489): tagSocket(113) with statsTag=0xffffffff, statsUid=-1
06-04 17:00:59.723 D/XM_HIDREAD( 1992): poll ret=1, event=1
06-04 17:00:59.723 D/XM_HIDREAD( 1992): [9 bytes]:01 00 00 00 00 00 00 00 00
06-04 17:00:59.726 W/InputDispatcher( 693): Waiting because no window has focus but ActivityRecord{1cae1a7 u0 com.dangbei.leard.leradlauncher/com.dangbei.launcher.home.LauncherActivity t22} may eventually add a window when it finishes starting up. Will wait for 5000ms
06-04 17:00:59.731 W/SQLiteLog( 1489): (28) double-quoted string literal: "UjftmJwNeB//pVBx7mhtEX6c02o/CHSRE7TV37TxEjVRsGeKTtpR4l1Miq/2qQuSjnMMX9W9f1E6
06-04 17:00:59.731 W/SQLiteLog( 1489): crJwQi1aQQ==
06-04 17:00:59.731 W/SQLiteLog( 1489): "
06-04 17:00:59.731 W/SQLiteLog( 1489): (28) double-quoted string literal: "6AA3CEF57844C0B62D9CD1F6EA76682F"
06-04 17:00:59.731 W/SQLiteLog( 1489): (28) double-quoted string literal: "1749027615030"
06-04 17:00:59.731 W/SQLiteLog( 1489): (28) double-quoted string literal: "6AA3CEF57844C0B62D9CD1F6EA76682F"
06-04 17:00:59.737 V/WindowManager( 693): Sent Transition #6 createdAt=06-04 17:00:59.583 via request=TransitionRequestInfo { type = 2, triggerTask = TaskInfo{userId=0 taskId=24 displayId=0 isRunning=false baseIntent=Intent { flg=0x10000000 cmp=com.dangbei.lerad.screensaver/.ui.app.dream.ScreenSaverActivity } baseActivity=null topActivity=null origActivity=null realActivity=ComponentInfo{com.dangbei.lerad.screensaver/com.dangbei.lerad.screensaver.ui.app.dream.ScreenSaverActivity} numActivities=0 lastActiveTime=78479 supportsMultiWindow=true resizeMode=1 isResizeable=true minWidth=-1 minHeight=-1 defaultMinSize=220 token=WCT{RemoteToken{34e04ff Task{d2b2fe0 #24 type=standard A=10043:com.dangbei.lerad.screensaver}}} topActivityType=1 pictureInPictureParams=null shouldDockBigOverlays=false launchIntoPipHostTaskId=-1 lastParentTaskIdBeforePip=-1 displayCutoutSafeInsets=null topActivityInfo=null launchCookies=[] positionInParent=Point(0, 0) parentTaskId=-1 isFocused=false isVisible=true isVisibleRequested=true isSleeping=false topActivityInSizeCompat=false topActivityEligibleForLetterboxEducation= false isLetterboxDoubleTapEnabled= false topActivityEligibleForUserAspectRatioButton= false topActivityBoundsLetterboxed= false isFromLetterboxDoubleTap= false topActivityLetterboxVerticalPosition= -1 topActivityLetterboxHorizontalPosition= -1 topActivityLetterboxWidth=-1 topActivityLetterboxHeight=-1 isUserFullscreenOverrideEnabled=false isTopActivityTransparent=false locusId=null displayAreaFeatureId=1 cameraCompatControlState=hidden}, remoteTransition = null, displayChange = null, flags = 0 }
06-04 17:00:59.737 V/WindowManager( 693): startWCT=WindowContainerTransaction { changes = {} hops = [] errorCallbackToken=null taskFragmentOrganizer=null }
06-04 17:00:59.737 V/WindowManager( 693): info={id=6 t=CLOSE f=0x0 trk=0 r=[0@Point(0, 0)] c=[{WCT{RemoteToken{49bbab0 Task{47adf01 #1 type=home}}} m=TO_FRONT f=NONE leash=Surface(name=Task=1)/@0x42b3192 sb=Rect(0, 0 - 1920, 1080) eb=Rect(0, 0 - 1920, 1080) d=0},{WCT{RemoteToken{34e04ff Task{d2b2fe0 #24 type=standard A=10043:com.dangbei.lerad.screensaver}}} m=CLOSE f=NONE leash=Surface(name=Task=24)/@0xcb7f1a3 sb=Rect(0, 0 - 1920, 1080) eb=Rect(0, 0 - 1920, 1080) d=0}]}
06-04 17:00:59.738 V/WindowManagerShell( 982): onTransitionReady android.os.BinderProxy@3dbe17e: {id=6 t=CLOSE f=0x0 trk=0 r=[0@Point(0, 0)] c=[{WCT{android.window.IWindowContainerToken$Stub$Proxy@ab8c1fb} m=TO_FRONT f=NONE leash=Surface(name=Task=1)/@0xc6d5f2c sb=Rect(0, 0 - 1920, 1080) eb=Rect(0, 0 - 1920, 1080) d=0},{WCT{android.window.IWindowContainerToken$Stub$Proxy@ee74218} m=CLOSE f=NONE leash=Surface(name=Task=24)/@0x5991df5 sb=Rect(0, 0 - 1920, 1080) eb=Rect(0, 0 - 1920, 1080) d=0}]}
06-04 17:00:59.738 V/WindowManagerShell( 982): Playing animation for (#6)android.os.BinderProxy@3dbe17e@0
06-04 17:00:59.738 V/WindowManagerShell( 982): try handler com.android.wm.shell.keyguard.KeyguardTransitionHandler@7ce9605
06-04 17:00:59.739 V/WindowManagerShell( 982): try handler com.android.wm.shell.pip.tv.TvPipTransition@189965a
06-04 17:00:59.739 V/WindowManagerShell( 982): try handler com.android.wm.shell.activityembedding.ActivityEmbeddingController@700a08b
06-04 17:00:59.739 V/WindowManagerShell( 982): try handler com.android.wm.shell.transition.RemoteTransitionHandler@2b0e568
06-04 17:00:59.739 V/WindowManagerShell( 982): Transition doesn't have explicit remote, search filters for match for {id=6 t=CLOSE f=0x0 trk=0 r=[0@Point(0, 0)] c=[{WCT{android.window.IWindowContainerToken$Stub$Proxy@ab8c1fb} m=TO_FRONT f=NONE leash=Surface(name=Task=1)/@0xc6d5f2c sb=Rect(0, 0 - 1920, 1080) eb=Rect(0, 0 - 1920, 1080) d=0},{WCT{android.window.IWindowContainerToken$Stub$Proxy@ee74218} m=CLOSE f=NONE leash=Surface(name=Task=24)/@0x5991df5 sb=Rect(0, 0 - 1920, 1080) eb=Rect(0, 0 - 1920, 1080) d=0}]}
06-04 17:00:59.739 V/WindowManagerShell( 982): Delegate animation for #6 to null
06-04 17:00:59.739 V/WindowManagerShell( 982): try handler com.android.wm.shell.transition.DefaultTransitionHandler@1a78d81
06-04 17:00:59.739 V/WindowManagerShell( 982): start default transition animation, info = {id=6 t=CLOSE f=0x0 trk=0 r=[0@Point(0, 0)] c=[{WCT{android.window.IWindowContainerToken$Stub$Proxy@ab8c1fb} m=TO_FRONT f=NONE leash=Surface(name=Task=1)/@0xc6d5f2c sb=Rect(0, 0 - 1920, 1080) eb=Rect(0, 0 - 1920, 1080) d=0},{WCT{android.window.IWindowContainerToken$Stub$Proxy@ee74218} m=CLOSE f=NONE leash=Surface(name=Task=24)/@0x5991df5 sb=Rect(0, 0 - 1920, 1080) eb=Rect(0, 0 - 1920, 1080) d=0}]}
06-04 17:00:59.740 V/WindowManagerShell( 982): loadAnimation: anim=android.view.animation.AlphaAnimation@ac782d7 animAttr=0xb type=CLOSE isEntrance=false
06-04 17:00:59.741 V/WindowManagerShell( 982): loadAnimation: anim=android.view.animation.AlphaAnimation@e7416ad animAttr=0xa type=CLOSE isEntrance=true
06-04 17:00:59.743 V/WindowManagerShell( 982): animated by com.android.wm.shell.transition.DefaultTransitionHandler@1a78d81
06-04 17:00:59.750 W/SQLiteLog( 1489): (28) double-quoted string literal: "1749027615030"
06-04 17:00:59.750 W/SQLiteLog( 1489): (28) double-quoted string literal: "0"
06-04 17:00:59.750 W/SQLiteLog( 1489): (28) double-quoted string literal: ""
06-04 17:00:59.750 W/SQLiteLog( 1489): (28) double-quoted string literal: ""
06-04 17:00:59.750 W/SQLiteLog( 1489): (28) double-quoted string literal: "6AA3CEF57844C0B62D9CD1F6EA76682F"
06-04 17:00:59.761 I/ImeTracker( 693): com.dangbei.leard.leradlauncher:2a96554d: onRequestHide at ORIGIN_SERVER_HIDE_INPUT reason HIDE_ALWAYS_HIDDEN_STATE
06-04 17:00:59.761 I/ImeTracker( 693): com.dangbei.leard.leradlauncher:2a96554d: onCancelled at PHASE_SERVER_SHOULD_HIDE
06-04 17:00:59.763 I/DefaultIMS( 1447): onStartInput attribute=android.view.inputmethod.EditorInfo@35d1927 restarting=false inputType: 0
06-04 17:00:59.764 I/SogouIME( 1447): onKeyUp: keyoCode=22
06-04 17:00:59.764 I/DefaultIMS( 1447): onKeyUp: keyoCode=22
06-04 17:00:59.765 E/SecondScreen( 1489): FirstScreenLayoutView dispatchKeyEvent 22
06-04 17:00:59.767 W/ActivityManager( 693): pid 693 system sent binder code 3 with flags 1 to frozen apps and got error -32
06-04 17:00:59.768 W/WindowManager( 693): Failed to deliver inset control state change to w=Window{5e8a82b u0 com.dangbei.lerad.screensaver/com.dangbei.lerad.screensaver.ui.app.dream.ScreenSaverActivity EXITING}
06-04 17:00:59.768 W/WindowManager( 693): android.os.DeadObjectException
06-04 17:00:59.768 W/WindowManager( 693): at android.os.BinderProxy.transactNative(Native Method)
06-04 17:00:59.768 W/WindowManager( 693): at android.os.BinderProxy.transact(BinderProxy.java:584)
06-04 17:00:59.768 W/WindowManager( 693): at android.view.IWindow$Stub$Proxy.insetsControlChanged(IWindow.java:479)
06-04 17:00:59.768 W/WindowManager( 693): at com.android.server.wm.WindowState.notifyInsetsControlChanged(WindowState.java:3818)
06-04 17:00:59.768 W/WindowManager( 693): at com.android.server.wm.InsetsStateController.lambda$notifyPendingInsetsControlChanged$3(InsetsStateController.java:369)
06-04 17:00:59.768 W/WindowManager( 693): at com.android.server.wm.InsetsStateController.$r8$lambda$8yykPRG1GyNq_J17QvL9d5xANMc(InsetsStateController.java:0)
06-04 17:00:59.768 W/WindowManager( 693): at com.android.server.wm.InsetsStateController$$ExternalSyntheticLambda2.run(R8$$SyntheticClass:0)
06-04 17:00:59.768 W/WindowManager( 693): at com.android.server.wm.WindowAnimator.executeAfterPrepareSurfacesRunnables(WindowAnimator.java:294)
06-04 17:00:59.768 W/WindowManager( 693): at com.android.server.wm.RootWindowContainer.performSurfacePlacementNoTrace(RootWindowContainer.java:811)
06-04 17:00:59.768 W/WindowManager( 693): at com.android.server.wm.RootWindowContainer.performSurfacePlacement(RootWindowContainer.java:756)
06-04 17:00:59.768 W/WindowManager( 693): at com.android.server.wm.WindowSurfacePlacer.performSurfacePlacementLoop(WindowSurfacePlacer.java:177)
06-04 17:00:59.768 W/WindowManager( 693): at com.android.server.wm.WindowSurfacePlacer.performSurfacePlacement(WindowSurfacePlacer.java:126)
06-04 17:00:59.768 W/WindowManager( 693): at com.android.server.wm.WindowSurfacePlacer.performSurfacePlacement(WindowSurfacePlacer.java:115)
06-04 17:00:59.768 W/WindowManager( 693): at com.android.server.wm.WindowSurfacePlacer$Traverser.run(WindowSurfacePlacer.java:57)
06-04 17:00:59.768 W/WindowManager( 693): at android.os.Handler.handleCallback(Handler.java:958)
06-04 17:00:59.768 W/WindowManager( 693): at android.os.Handler.dispatchMessage(Handler.java:99)
06-04 17:00:59.768 W/WindowManager( 693): at android.os.Looper.loopOnce(Looper.java:205)
06-04 17:00:59.768 W/WindowManager( 693): at android.os.Looper.loop(Looper.java:294)
06-04 17:00:59.768 W/WindowManager( 693): at android.os.HandlerThread.run(HandlerThread.java:67)
06-04 17:00:59.768 W/WindowManager( 693): at com.android.server.ServiceThread.run(ServiceThread.java:46)
06-04 17:00:59.786 W/ContextImpl( 693): Calling a method in the system process without a qualified user: android.app.ContextImpl.startService:1899 com.android.server.wm.DisplayPolicy.lambda$focusChangedLw$5:2126 com.android.server.wm.DisplayPolicy.$r8$lambda$Znxk63oh-WzVnzo_WQefN7uxV48:0 com.android.server.wm.DisplayPolicy$$ExternalSyntheticLambda13.run:0 android.os.Handler.handleCallback:958
06-04 17:00:59.791 D/aaa ( 1520): LedStatusService onStartCommand begin
06-04 17:00:59.792 D/aaa ( 1520): topPkg is -------------- :com.dangbei.leard.leradlauncher
06-04 17:00:59.797 D/aaa ( 1520): WiFi is connect
06-04 17:00:59.805 E/d.leradlauncher( 1489): Invalid resource ID 0x00000000.
06-04 17:00:59.798 I/init ( 3806): type=1400 audit(0.0:1001): avc: denied { execute_no_trans } for path="/vendor/bin/led_switch.sh" dev="dm-11" ino=331701 scontext=u:r:init:s0 tcontext=u:object_r:vendor_file:s0 tclass=file permissive=1
06-04 17:00:59.822 I/led_switch.sh( 3806): type=1400 audit(0.0:1002): avc: denied { write } for name="led_swith.txt" dev="dm-50" ino=349 scontext=u:r:init:s0 tcontext=u:object_r:shell_data_file:s0 tclass=file permissive=1 bug=b/77873135
06-04 17:00:59.846 W/SQLiteLog( 1489): (28) double-quoted string literal: "6AA3CEF57844C0B62D9CD1F6EA76682F"
06-04 17:00:59.846 W/SQLiteLog( 1489): (28) double-quoted string literal: "ADC4B98B7017EE38F05835A6E5493127"
06-04 17:00:59.848 D/CompatibilityChangeReporter( 1489): Compat change id reported: 247079863; UID 1000; state: DISABLED
06-04 17:00:59.851 W/SQLiteLog( 1489): (28) double-quoted string literal: "ADC4B98B7017EE38F05835A6E5493127"
06-04 17:00:59.851 W/SQLiteLog( 1489): (28) double-quoted string literal: ""
06-04 17:00:59.852 W/SQLiteLog( 1489): (28) double-quoted string literal: "ADC4B98B7017EE38F05835A6E5493127"
06-04 17:00:59.852 W/SQLiteLog( 1489): (28) double-quoted string literal: "-1"
06-04 17:00:59.880 D/TrafficStats( 1489): tagSocket(113) with statsTag=0xffffffff, statsUid=-1
06-04 17:00:59.900 W/SQLiteLog( 1489): (28) double-quoted string literal: "6AA3CEF57844C0B62D9CD1F6EA76682F"
06-04 17:00:59.908 D/MobclickAgent( 1489): 创建新会话: ADC4B98B7017EE38F05835A6E5493127
06-04 17:01:00.071 E/AmFFmpegExtractor( 605): major_brand:qt
06-04 17:01:00.071 E/AmFFmpegExtractor( 605): compatible_brands:qt niko
06-04 17:01:00.071 I/AmFFmpegExtractor( 605): checkInList: iswhite:0, mime:video/mp4, type:0, id:27 tag:31637661
06-04 17:01:00.071 I/AmFFmpegExtractor( 605): checkInList: iswhite:1, mime:video/mp4, type:0, id:27 tag:31637661
06-04 17:01:00.071 E/AmFFmpegExtractor( 605): codec_ctx->properties: 0
06-04 17:01:00.071 I/AmFFmpegExtractor( 605): checkInList: iswhite:0, mime:video/mp4, type:1, id:65536 tag:74776f73
06-04 17:01:00.071 I/AmFFmpegExtractor( 605): checkInList: iswhite:1, mime:video/mp4, type:1, id:65536 tag:74776f73
06-04 17:01:00.071 E/AmFFmpegExtractor( 605): codec_ctx->properties: 0
06-04 17:01:00.071 I/AmFFmpegExtractor( 605): checkSupportInList ret 1
06-04 17:01:00.073 I/AmFFmpegExtractor( 605): SniffAmFFmpeg ok, confidence = 0.050000
06-04 17:01:00.084 D/XM_HIDREAD( 1992): poll ret=1, event=1
06-04 17:01:00.084 D/XM_HIDREAD( 1992): [9 bytes]:01 00 00 29 00 00 00 00 00
06-04 17:01:00.086 I/SogouIME( 1447): onKeyDown: keyoCode=4
06-04 17:01:00.086 I/DefaultIMS( 1447): onKeyDown: keyoCode=4
06-04 17:01:00.087 E/SecondScreen( 1489): FirstScreenLayoutView dispatchKeyEvent 4
06-04 17:01:00.088 I/SampleTable( 605): There are reordered frames present.
06-04 17:01:00.097 D/TrafficStats( 1489): tagSocket(145) with statsTag=0xffffffff, statsUid=-1
06-04 17:01:00.113 I/DefaultIMS( 1447): onStartInput attribute=android.view.inputmethod.EditorInfo@7f820c3 restarting=false inputType: 0
06-04 17:01:00.155 V/WindowManagerShell( 982): Transition animation finished (aborted=false), notifying core (#6)android.os.BinderProxy@3dbe17e@0
06-04 17:01:00.159 V/WindowManager( 693): Finish Transition #6: created at
06-04 17:00:59.583 collect-started=0.069ms request-sent=0.214ms started=4.536ms ready=77.531ms sent=152.531ms finished=575.636ms
06-04 17:01:00.160 W/ActivityManager( 693): pid 693 system sent binder code 7 with flags 1 to frozen apps and got error -32
06-04 17:01:00.160 D/ActivityManager( 693): Too many transaction errors, throttling freezer binder callback.
06-04 17:01:00.160 W/WindowManager( 693): Exception thrown during dispatchAppVisibility Window{5e8a82b u0 com.dangbei.lerad.screensaver/com.dangbei.lerad.screensaver.ui.app.dream.ScreenSaverActivity EXITING}
06-04 17:01:00.160 W/WindowManager( 693): android.os.DeadObjectException
06-04 17:01:00.160 W/WindowManager( 693): at android.os.BinderProxy.transactNative(Native Method)
06-04 17:01:00.160 W/WindowManager( 693): at android.os.BinderProxy.transact(BinderProxy.java:584)
06-04 17:01:00.160 W/WindowManager( 693): at android.view.IWindow$Stub$Proxy.dispatchAppVisibility(IWindow.java:546)
06-04 17:01:00.160 W/WindowManager( 693): at com.android.server.wm.WindowState.sendAppVisibilityToClients(WindowState.java:3287)
06-04 17:01:00.160 W/WindowManager( 693): at com.android.server.wm.WindowContainer.sendAppVisibilityToClients(WindowContainer.java:1299)
06-04 17:01:00.160 W/WindowManager( 693): at com.android.server.wm.WindowToken.setClientVisible(WindowToken.java:409)
06-04 17:01:00.160 W/WindowManager( 693): at com.android.server.wm.ActivityRecord.setClientVisible(ActivityRecord.java:6950)
06-04 17:01:00.160 W/WindowManager( 693): at com.android.server.wm.ActivityRecord.postApplyAnimation(ActivityRecord.java:5648)
06-04 17:01:00.160 W/WindowManager( 693): at com.android.server.wm.ActivityRecord.commitVisibility(ActivityRecord.java:5590)
06-04 17:01:00.160 W/WindowManager( 693): at com.android.server.wm.Transition.finishTransition(Transition.java:1198)
06-04 17:01:00.160 W/WindowManager( 693): at com.android.server.wm.TransitionController.finishTransition(TransitionController.java:886)
06-04 17:01:00.160 W/WindowManager( 693): at com.android.server.wm.WindowOrganizerController.finishTransition(WindowOrganizerController.java:419)
06-04 17:01:00.160 W/WindowManager( 693): at android.window.IWindowOrganizerController$Stub.onTransact(IWindowOrganizerController.java:280)
06-04 17:01:00.160 W/WindowManager( 693): at com.android.server.wm.WindowOrganizerController.onTransact(WindowOrganizerController.java:183)
06-04 17:01:00.160 W/WindowManager( 693): at android.os.Binder.execTransactInternal(Binder.java:1363)
06-04 17:01:00.160 W/WindowManager( 693): at android.os.Binder.execTransact(Binder.java:1304)
06-04 17:01:00.160 I/Process ( 693): Sending signal. PID: 3054 SIG: 9
06-04 17:01:00.164 D/TrafficStats( 1489): tagSocket(113) with statsTag=0xffffffff, statsUid=-1
06-04 17:01:00.165 W/ActivityManager( 693): setHasOverlayUi called on unknown pid: 3054
06-04 17:01:00.167 V/WindowManagerShell( 982): Track 0 became idle
06-04 17:01:00.167 V/WindowManagerShell( 982): All active transition animations finished
06-04 17:01:00.189 E/BpTransactionCompletedListener( 266): Failed to transact (-32)
06-04 17:01:00.252 D/XM_HIDREAD( 1992): poll ret=1, event=1
06-04 17:01:00.252 D/XM_HIDREAD( 1992): [9 bytes]:01 00 00 00 00 00 00 00 00
06-04 17:01:00.254 I/SogouIME( 1447): onKeyUp: keyoCode=4
06-04 17:01:00.254 I/DefaultIMS( 1447): onKeyUp: keyoCode=4
06-04 17:01:00.254 E/SecondScreen( 1489): FirstScreenLayoutView dispatchKeyEvent 4
06-04 17:01:00.544 E/MetadataRetrieverClient( 608): unable to dlopen metadata_retriever extension: dlopen failed: library "libmetadataretriever_ext.so" not found
06-04 17:01:00.549 I/AmFFmpegByteIOAdapter( 605): File size : 725106140
06-04 17:01:00.613 E/AmFFmpegExtractor( 605): major_brand:qt
06-04 17:01:00.613 E/AmFFmpegExtractor( 605): compatible_brands:qt
06-04 17:01:00.613 I/AmFFmpegExtractor( 605): checkInList: iswhite:0, mime:video/mp4, type:0, id:27 tag:31637661
06-04 17:01:00.613 I/AmFFmpegExtractor( 605): checkInList: iswhite:1, mime:video/mp4, type:0, id:27 tag:31637661
06-04 17:01:00.613 E/AmFFmpegExtractor( 605): codec_ctx->properties: 0
06-04 17:01:00.613 I/AmFFmpegExtractor( 605): checkInList: iswhite:0, mime:video/mp4, type:2, id:0 tag:64636d74
06-04 17:01:00.613 W/AmFFmpegUtils( 605): Unsupported codec id : 0
06-04 17:01:00.613 I/AmFFmpegExtractor( 605): checkInList: iswhite:1, mime:video/mp4, type:2, id:0 tag:64636d74
06-04 17:01:00.613 E/AmFFmpegExtractor( 605): codec_ctx->properties: 0
06-04 17:01:00.613 I/AmFFmpegExtractor( 605): checkInList: iswhite:0, mime:video/mp4, type:1, id:86018 tag:6134706d
06-04 17:01:00.613 I/AmFFmpegExtractor( 605): checkInList: iswhite:1, mime:video/mp4, type:1, id:86018 tag:6134706d
06-04 17:01:00.613 E/AmFFmpegExtractor( 605): codec_ctx->properties: 0
06-04 17:01:00.613 I/AmFFmpegExtractor( 605): checkSupportInList ret 1
06-04 17:01:00.632 E/AmFFmpegExtractor( 605): major_brand:qt
06-04 17:01:00.632 E/AmFFmpegExtractor( 605): compatible_brands:qt
06-04 17:01:00.632 I/AmFFmpegExtractor( 605): checkInList: iswhite:0, mime:video/mp4, type:0, id:27 tag:31637661
06-04 17:01:00.632 I/AmFFmpegExtractor( 605): checkInList: iswhite:1, mime:video/mp4, type:0, id:27 tag:31637661
06-04 17:01:00.632 E/AmFFmpegExtractor( 605): codec_ctx->properties: 0
06-04 17:01:00.633 I/AmFFmpegExtractor( 605): checkInList: iswhite:0, mime:video/mp4, type:2, id:0 tag:64636d74
06-04 17:01:00.633 W/AmFFmpegUtils( 605): Unsupported codec id : 0
06-04 17:01:00.633 I/AmFFmpegExtractor( 605): checkInList: iswhite:1, mime:video/mp4, type:2, id:0 tag:64636d74
06-04 17:01:00.633 E/AmFFmpegExtractor( 605): codec_ctx->properties: 0
06-04 17:01:00.633 I/AmFFmpegExtractor( 605): checkInList: iswhite:0, mime:video/mp4, type:1, id:86018 tag:6134706d
06-04 17:01:00.633 I/AmFFmpegExtractor( 605): checkInList: iswhite:1, mime:video/mp4, type:1, id:86018 tag:6134706d
06-04 17:01:00.633 E/AmFFmpegExtractor( 605): codec_ctx->properties: 0
06-04 17:01:00.633 I/AmFFmpegExtractor( 605): checkSupportInList ret 1
06-04 17:01:00.633 I/AmFFmpegExtractor( 605): SniffAmFFmpeg ok, confidence = 0.050000
06-04 17:01:00.645 I/SampleTable( 605): There are reordered frames present.
06-04 17:01:00.652 D/MPEG4Extractor( 605): Terminal code for udta
06-04 17:01:00.652 D/MPEG4Extractor( 605): Terminal code for udta
06-04 17:01:00.669 D/MPEG4Extractor( 605): Terminal code for udta
06-04 17:01:00.669 D/MPEG4Extractor( 605): Terminal code for udta
06-04 17:01:00.682 W/MediaProvider( 1471): isAppCloneUserPair for user -1: false
06-04 17:01:00.687 W/MediaProvider( 1471): isAppCloneUserPair for user -1: false
06-04 17:01:00.691 W/MediaProvider( 1471): isAppCloneUserPair for user -1: false
06-04 17:01:00.696 W/MediaProvider( 1471): isAppCloneUserPair for user -1: false
06-04 17:01:00.746 E/MetadataRetrieverClient( 608): unable to dlopen metadata_retriever extension: dlopen failed: library "libmetadataretriever_ext.so" not found
06-04 17:01:00.768 I/AmFFmpegByteIOAdapter( 605): File size : 124259917
06-04 17:01:00.769 D/XM_HIDREAD( 1992): poll ret=1, event=1
06-04 17:01:00.769 D/XM_HIDREAD( 1992): [9 bytes]:01 00 00 52 00 00 00 00 00
06-04 17:01:00.773 I/SogouIME( 1447): onKeyDown: keyoCode=19
06-04 17:01:00.773 I/DefaultIMS( 1447): onKeyDown: keyoCode=19
06-04 17:01:00.774 E/SecondScreen( 1489): FirstScreenLayoutView dispatchKeyEvent 19
06-04 17:01:00.778 E/exFFmpeg( 605): [mov_read_header:8628] pts_only set.
06-04 17:01:00.779 E/AmFFmpegExtractor( 605): major_brand:mp42
06-04 17:01:00.779 E/AmFFmpegExtractor( 605): compatible_brands:isommp42
06-04 17:01:00.779 I/AmFFmpegExtractor( 605): checkInList: iswhite:0, mime:video/mp4, type:0, id:27 tag:31637661
06-04 17:01:00.779 I/AmFFmpegExtractor( 605): checkInList: iswhite:1, mime:video/mp4, type:0, id:27 tag:31637661
06-04 17:01:00.779 E/AmFFmpegExtractor( 605): codec_ctx->properties: 0
06-04 17:01:00.779 I/AmFFmpegExtractor( 605): checkInList: iswhite:0, mime:video/mp4, type:1, id:86018 tag:6134706d
06-04 17:01:00.779 I/AmFFmpegExtractor( 605): checkInList: iswhite:1, mime:video/mp4, type:1, id:86018 tag:6134706d
06-04 17:01:00.779 E/AmFFmpegExtractor( 605): codec_ctx->properties: 0
06-04 17:01:00.779 I/AmFFmpegExtractor( 605): checkSupportInList ret 1
06-04 17:01:00.938 D/XM_HIDREAD( 1992): poll ret=1, event=1
06-04 17:01:00.938 D/XM_HIDREAD( 1992): [9 bytes]:01 00 00 00 00 00 00 00 00
06-04 17:01:00.940 I/SogouIME( 1447): onKeyUp: keyoCode=19
06-04 17:01:00.940 I/DefaultIMS( 1447): onKeyUp: keyoCode=19
06-04 17:01:00.941 E/SecondScreen( 1489): FirstScreenLayoutView dispatchKeyEvent 19
06-04 17:01:01.054 E/AmFFmpegExtractor( 605): major_brand:mp42
06-04 17:01:01.054 E/AmFFmpegExtractor( 605): compatible_brands:isommp42
06-04 17:01:01.054 I/AmFFmpegExtractor( 605): checkInList: iswhite:0, mime:video/mp4, type:0, id:27 tag:31637661
06-04 17:01:01.054 I/AmFFmpegExtractor( 605): checkInList: iswhite:1, mime:video/mp4, type:0, id:27 tag:31637661
06-04 17:01:01.054 E/AmFFmpegExtractor( 605): codec_ctx->properties: 0
06-04 17:01:01.054 I/AmFFmpegExtractor( 605): checkInList: iswhite:0, mime:video/mp4, type:1, id:86018 tag:6134706d
06-04 17:01:01.054 I/AmFFmpegExtractor( 605): checkInList: iswhite:1, mime:video/mp4, type:1, id:86018 tag:6134706d
06-04 17:01:01.055 E/AmFFmpegExtractor( 605): codec_ctx->properties: 0
06-04 17:01:01.055 I/AmFFmpegExtractor( 605): checkSupportInList ret 1
06-04 17:01:01.055 I/AmFFmpegExtractor( 605): SniffAmFFmpeg ok, confidence = 0.050000
06-04 17:01:01.070 E/MetadataRetrieverClient( 608): unable to dlopen metadata_retriever extension: dlopen failed: library "libmetadataretriever_ext.so" not found
06-04 17:01:01.072 I/AmFFmpegByteIOAdapter( 605): File size : 124259917
06-04 17:01:01.078 E/exFFmpeg( 605): [mov_read_header:8628] pts_only set.
06-04 17:01:01.079 E/AmFFmpegExtractor( 605): major_brand:mp42
06-04 17:01:01.079 E/AmFFmpegExtractor( 605): compatible_brands:isommp42
06-04 17:01:01.079 I/AmFFmpegExtractor( 605): checkInList: iswhite:0, mime:video/mp4, type:0, id:27 tag:31637661
06-04 17:01:01.079 I/AmFFmpegExtractor( 605): checkInList: iswhite:1, mime:video/mp4, type:0, id:27 tag:31637661
06-04 17:01:01.079 E/AmFFmpegExtractor( 605): codec_ctx->properties: 0
06-04 17:01:01.079 I/AmFFmpegExtractor( 605): checkInList: iswhite:0, mime:video/mp4, type:1, id:86018 tag:6134706d
06-04 17:01:01.079 I/AmFFmpegExtractor( 605): checkInList: iswhite:1, mime:video/mp4, type:1, id:86018 tag:6134706d
06-04 17:01:01.079 E/AmFFmpegExtractor( 605): codec_ctx->properties: 0
06-04 17:01:01.079 I/AmFFmpegExtractor( 605): checkSupportInList ret 1
06-04 17:01:01.335 E/AmFFmpegExtractor( 605): major_brand:mp42
06-04 17:01:01.335 E/AmFFmpegExtractor( 605): compatible_brands:isommp42
06-04 17:01:01.335 I/AmFFmpegExtractor( 605): checkInList: iswhite:0, mime:video/mp4, type:0, id:27 tag:31637661
06-04 17:01:01.335 I/AmFFmpegExtractor( 605): checkInList: iswhite:1, mime:video/mp4, type:0, id:27 tag:31637661
06-04 17:01:01.335 E/AmFFmpegExtractor( 605): codec_ctx->properties: 0
06-04 17:01:01.335 I/AmFFmpegExtractor( 605): checkInList: iswhite:0, mime:video/mp4, type:1, id:86018 tag:6134706d
06-04 17:01:01.335 I/AmFFmpegExtractor( 605): checkInList: iswhite:1, mime:video/mp4, type:1, id:86018 tag:6134706d
06-04 17:01:01.335 E/AmFFmpegExtractor( 605): codec_ctx->properties: 0
06-04 17:01:01.335 I/AmFFmpegExtractor( 605): checkSupportInList ret 1
06-04 17:01:01.336 I/AmFFmpegExtractor( 605): SniffAmFFmpeg ok, confidence = 0.050000
06-04 17:01:01.361 E/MetadataRetrieverClient( 608): unable to dlopen metadata_retriever extension: dlopen failed: library "libmetadataretriever_ext.so" not found
06-04 17:01:01.364 I/AmFFmpegByteIOAdapter( 605): File size : 90767746
06-04 17:01:01.370 E/exFFmpeg( 605): [mov_read_header:8628] pts_only set.
06-04 17:01:01.371 E/AmFFmpegExtractor( 605): major_brand:mp42
06-04 17:01:01.371 E/AmFFmpegExtractor( 605): compatible_brands:isommp42
06-04 17:01:01.371 I/AmFFmpegExtractor( 605): checkInList: iswhite:0, mime:video/mp4, type:0, id:27 tag:31637661
06-04 17:01:01.371 I/AmFFmpegExtractor( 605): checkInList: iswhite:1, mime:video/mp4, type:0, id:27 tag:31637661
06-04 17:01:01.371 E/AmFFmpegExtractor( 605): codec_ctx->properties: 0
06-04 17:01:01.371 I/AmFFmpegExtractor( 605): checkInList: iswhite:0, mime:video/mp4, type:1, id:86018 tag:6134706d
06-04 17:01:01.371 I/AmFFmpegExtractor( 605): checkInList: iswhite:1, mime:video/mp4, type:1, id:86018 tag:6134706d
06-04 17:01:01.371 E/AmFFmpegExtractor( 605): codec_ctx->properties: 0
06-04 17:01:01.371 I/AmFFmpegExtractor( 605): checkSupportInList ret 1
06-04 17:01:01.377 D/XM_HIDREAD( 1992): poll ret=1, event=1
06-04 17:01:01.377 D/XM_HIDREAD( 1992): [9 bytes]:01 00 00 4F 00 00 00 00 00
06-04 17:01:01.379 I/SogouIME( 1447): onKeyDown: keyoCode=22
06-04 17:01:01.379 I/DefaultIMS( 1447): onKeyDown: keyoCode=22
06-04 17:01:01.380 E/SecondScreen( 1489): FirstScreenLayoutView dispatchKeyEvent 22
06-04 17:01:01.500 D/XM_HIDREAD( 1992): poll ret=1, event=1
06-04 17:01:01.501 D/XM_HIDREAD( 1992): [9 bytes]:01 00 00 00 00 00 00 00 00
06-04 17:01:01.502 I/SogouIME( 1447): onKeyUp: keyoCode=22
06-04 17:01:01.502 I/DefaultIMS( 1447): onKeyUp: keyoCode=22
06-04 17:01:01.503 E/SecondScreen( 1489): FirstScreenLayoutView dispatchKeyEvent 22
06-04 17:01:01.591 E/AmFFmpegExtractor( 605): major_brand:mp42
06-04 17:01:01.591 E/AmFFmpegExtractor( 605): compatible_brands:isommp42
06-04 17:01:01.591 I/AmFFmpegExtractor( 605): checkInList: iswhite:0, mime:video/mp4, type:0, id:27 tag:31637661
06-04 17:01:01.591 I/AmFFmpegExtractor( 605): checkInList: iswhite:1, mime:video/mp4, type:0, id:27 tag:31637661
06-04 17:01:01.591 E/AmFFmpegExtractor( 605): codec_ctx->properties: 0
06-04 17:01:01.591 I/AmFFmpegExtractor( 605): checkInList: iswhite:0, mime:video/mp4, type:1, id:86018 tag:6134706d
06-04 17:01:01.591 I/AmFFmpegExtractor( 605): checkInList: iswhite:1, mime:video/mp4, type:1, id:86018 tag:6134706d
06-04 17:01:01.591 E/AmFFmpegExtractor( 605): codec_ctx->properties: 0
06-04 17:01:01.591 I/AmFFmpegExtractor( 605): checkSupportInList ret 1
06-04 17:01:01.591 I/AmFFmpegExtractor( 605): SniffAmFFmpeg ok, confidence = 0.050000
06-04 17:01:01.602 D/XM_HIDREAD( 1992): poll ret=1, event=1
06-04 17:01:01.602 D/XM_HIDREAD( 1992): [9 bytes]:01 00 00 4F 00 00 00 00 00
06-04 17:01:01.604 I/SogouIME( 1447): onKeyDown: keyoCode=22
06-04 17:01:01.604 I/DefaultIMS( 1447): onKeyDown: keyoCode=22
06-04 17:01:01.604 E/SecondScreen( 1489): FirstScreenLayoutView dispatchKeyEvent 22
06-04 17:01:01.609 E/MetadataRetrieverClient( 608): unable to dlopen metadata_retriever extension: dlopen failed: library "libmetadataretriever_ext.so" not found
06-04 17:01:01.612 I/AmFFmpegByteIOAdapter( 605): File size : 90767746
06-04 17:01:01.617 E/exFFmpeg( 605): [mov_read_header:8628] pts_only set.
06-04 17:01:01.617 E/AmFFmpegExtractor( 605): major_brand:mp42
06-04 17:01:01.617 E/AmFFmpegExtractor( 605): compatible_brands:isommp42
06-04 17:01:01.617 I/AmFFmpegExtractor( 605): checkInList: iswhite:0, mime:video/mp4, type:0, id:27 tag:31637661
06-04 17:01:01.617 I/AmFFmpegExtractor( 605): checkInList: iswhite:1, mime:video/mp4, type:0, id:27 tag:31637661
06-04 17:01:01.617 E/AmFFmpegExtractor( 605): codec_ctx->properties: 0
06-04 17:01:01.617 I/AmFFmpegExtractor( 605): checkInList: iswhite:0, mime:video/mp4, type:1, id:86018 tag:6134706d
06-04 17:01:01.617 I/AmFFmpegExtractor( 605): checkInList: iswhite:1, mime:video/mp4, type:1, id:86018 tag:6134706d
06-04 17:01:01.617 E/AmFFmpegExtractor( 605): codec_ctx->properties: 0
06-04 17:01:01.617 I/AmFFmpegExtractor( 605): checkSupportInList ret 1
06-04 17:01:01.737 D/XM_HIDREAD( 1992): poll ret=1, event=1
06-04 17:01:01.737 D/XM_HIDREAD( 1992): [9 bytes]:01 00 00 00 00 00 00 00 00
06-04 17:01:01.739 I/SogouIME( 1447): onKeyUp: keyoCode=22
06-04 17:01:01.739 I/DefaultIMS( 1447): onKeyUp: keyoCode=22
06-04 17:01:01.739 E/SecondScreen( 1489): FirstScreenLayoutView dispatchKeyEvent 22
06-04 17:01:01.843 E/AmFFmpegExtractor( 605): major_brand:mp42
06-04 17:01:01.844 E/AmFFmpegExtractor( 605): compatible_brands:isommp42
06-04 17:01:01.844 I/AmFFmpegExtractor( 605): checkInList: iswhite:0, mime:video/mp4, type:0, id:27 tag:31637661
06-04 17:01:01.844 I/AmFFmpegExtractor( 605): checkInList: iswhite:1, mime:video/mp4, type:0, id:27 tag:31637661
06-04 17:01:01.844 E/AmFFmpegExtractor( 605): codec_ctx->properties: 0
06-04 17:01:01.844 I/AmFFmpegExtractor( 605): checkInList: iswhite:0, mime:video/mp4, type:1, id:86018 tag:6134706d
06-04 17:01:01.844 I/AmFFmpegExtractor( 605): checkInList: iswhite:1, mime:video/mp4, type:1, id:86018 tag:6134706d
06-04 17:01:01.844 E/AmFFmpegExtractor( 605): codec_ctx->properties: 0
06-04 17:01:01.844 I/AmFFmpegExtractor( 605): checkSupportInList ret 1
06-04 17:01:01.844 I/AmFFmpegExtractor( 605): SniffAmFFmpeg ok, confidence = 0.050000
06-04 17:01:01.864 E/MetadataRetrieverClient( 608): unable to dlopen metadata_retriever extension: dlopen failed: library "libmetadataretriever_ext.so" not found
06-04 17:01:01.875 I/WifiHAL ( 506): call wifi_get_link_stats handler
06-04 17:01:01.875 I/WifiHAL ( 506): Creating message to get link statistics; iface = 16
06-04 17:01:01.875 D/WifiHAL ( 506): error code -95 mapped to -3
06-04 17:01:01.875 E/WifiStaIfaceAidlImpl( 693): getLinkLayerStats failed with service-specific exception: android.os.ServiceSpecificException: (code 4)
06-04 17:01:01.882 D/InstantWifi( 693): Receive Wifi is connected, freq = 5745 and currentNetworkId : 0, wifiinfo = SSID: , BSSID: 02:00:00:00:00:00, MAC: 02:00:00:00:00:00, IP: /192.168.3.125, Security type: 2, Supplicant state: COMPLETED, Wi-Fi standard: 6, RSSI: -53, Link speed: 1200Mbps, Tx Link speed: 1200Mbps, Max Supported Tx Link speed: 1200Mbps, Rx Link speed: 6Mbps, Max Supported Rx Link speed: 1200Mbps, Frequency: 5745MHz, Net ID: -1, Metered hint: false, score: 60, isUsable: true, CarrierMerged: false, SubscriptionId: -1, IsPrimary: 1, Trusted: true, Restricted: false, Ephemeral: false, OEM paid: false, OEM private: false, OSU AP: false, FQDN: , Provider friendly name: , Requesting package name: MLO Information: , Is TID-To-Link negotiation supported by the AP: false, AP MLD Address: , AP MLO Link Id: , AP MLO Affiliated links:
06-04 17:01:01.951 D/XM_HIDREAD( 1992): poll ret=1, event=1
06-04 17:01:01.951 D/XM_HIDREAD( 1992): [9 bytes]:01 00 00 28 00 00 00 00 00
06-04 17:01:01.953 I/SogouIME( 1447): onKeyDown: keyoCode=23
06-04 17:01:01.953 I/DefaultIMS( 1447): onKeyDown: keyoCode=23
06-04 17:01:01.954 E/SecondScreen( 1489): FirstScreenLayoutView dispatchKeyEvent 23
06-04 17:01:01.961 I/AmFFmpegByteIOAdapter( 605): File size : 111259237
