06-04 17:01:20.352 I/AmFFmpegExtractor( 605): Mime:audio/mp4a-latm, profile:2 hasextradata:1, mMeta MimeType:audio/mp4a-latm, mExtractor->mIsSetFfmpegFlag:0
06-04 17:01:20.352 I/StreamFormatter( 605): Creating formatter for codec id : 86018 extradata size : 2
06-04 17:01:20.352 I/AmFFmpegExtractor( 605): [init 3565] mIsDolbyVison:0, i:0
06-04 17:01:20.352 I/AmFFmpegExtractor( 605): Stream 0(0) [video/rm40][codecid:0x45(0x45)] found.
06-04 17:01:20.352 I/AmFFmpegExtractor( 605): [AmFFmpegSource 717]startTimeUs:0, seekable:1
06-04 17:01:20.352 I/AmFFmpegExtractor( 605): [init 753](0xee3413c0)
06-04 17:01:20.352 E/AmFFmpegExtractor( 605): mAudioMuxRead 0
06-04 17:01:20.352 I/AmFFmpegExtractor( 605): init kKeyDuration = 4300299000
06-04 17:01:20.352 I/AmFFmpegExtractor( 605): VIDEO stream startTimeUs = 0
06-04 17:01:20.353 I/AmFFmpegExtractor( 605): video:demux: extradata_size = 8
06-04 17:01:20.353 I/AmFFmpegExtractor( 605): video:demux: has b-frame = 1
06-04 17:01:20.353 I/AmFFmpegExtractor( 605): video:demux: width = 480, height = 360
06-04 17:01:20.353 E/AmFFmpegExtractor( 605): demux: frame_number = 0
06-04 17:01:20.353 I/AmFFmpegExtractor( 605): init kKeyFrameRate = 23(23.000000)
06-04 17:01:20.353 I/AmFFmpegExtractor( 605): set frame-rate 23 rationalFramerate num 23 den 1
06-04 17:01:20.353 I/AmFFmpegExtractor( 605): mIsDolbyVison :0, mCreate_two_tracks_dv:0, codec_id: 69(AVC:27,HEVC:173), DvCFG:0(0), TAG:RV40
06-04 17:01:20.353 I/AmFFmpegExtractor( 605): Mime:video/rm40
06-04 17:01:20.353 I/StreamFormatter( 605): Creating formatter for codec id : 69 extradata size : 8
06-04 17:01:20.353 I/AmFFmpegExtractor( 605): [init 3565] mIsDolbyVison:0, i:1
06-04 17:01:20.353 I/AmFFmpegExtractor( 605): pthread_create OK pid:-446348864
06-04 17:01:20.353 I/AmFFmpegExtractor( 605): feedMore_task in
06-04 17:01:20.354 I/AmAVUtils( 608): set default max-input-size to 1887436
06-04 17:01:20.356 I/AmFFmpegExtractor( 605): feedMore_task out toBeExit:1 , err:0
06-04 17:01:20.356 I/AmFFmpegExtractor( 605): [~AmFFmpegExtractor 2707] feedMore task has exited.
06-04 17:01:20.356 I/AmFFmpegExtractor( 605): [~AmFFmpegSource 732]
06-04 17:01:20.356 I/AmFFmpegExtractor( 605): [~AmFFmpegSource 732]
06-04 17:01:20.357 I/AmFFmpegExtractor( 605): [~AmFFmpegExtractor 2720]
06-04 17:01:20.357 I/AmFFmpegExtractor( 605): [~AmFFmpegExtractor 2723]
06-04 17:01:20.357 W/RefBase ( 605): RefBase: Explicit destruction, weak count = 0 (in 0xea100454). Use sp<> to manage this object.
06-04 17:01:20.357 W/RefBase ( 605): CallStack::getCurrentInternal not linked, returning null
06-04 17:01:20.357 W/RefBase ( 605): CallStack::logStackInternal not linked
06-04 17:01:20.359 E/MetadataRetrieverClient( 608): unable to dlopen metadata_retriever extension: dlopen failed: library "libmetadataretriever_ext.so" not found
06-04 17:01:20.363 I/AmFFmpegByteIOAdapter( 605): File size : 525939971
06-04 17:01:20.390 E/exFFmpeg( 605): [rm @ 0xea2cf290] Invalid stream index 2 for index at pos 525939971
06-04 17:01:20.390 I/AmFFmpegExtractor( 605): checkInList: iswhite:0, mime:video/rm40, type:0, id:69 tag:30345652
06-04 17:01:20.390 I/AmFFmpegExtractor( 605): checkInList: iswhite:1, mime:video/rm40, type:0, id:69 tag:30345652
06-04 17:01:20.390 E/AmFFmpegExtractor( 605): codec_ctx->properties: 0
06-04 17:01:20.390 I/AmFFmpegExtractor( 605): checkInList: iswhite:0, mime:video/rm40, type:1, id:86036 tag:6b6f6f63
06-04 17:01:20.391 I/AmFFmpegExtractor( 605): checkInList: iswhite:1, mime:video/rm40, type:1, id:86036 tag:6b6f6f63
06-04 17:01:20.391 E/AmFFmpegExtractor( 605): true: iswhite:1, type:1, id:86036 tag:ffffffff
06-04 17:01:20.391 E/AmFFmpegExtractor( 605): codec_ctx->properties: 0
06-04 17:01:20.391 I/AmFFmpegExtractor( 605): checkSupportInList ret 1
06-04 17:01:20.391 I/AmFFmpegExtractor( 605): is in white list : 1
06-04 17:01:20.391 I/AmFFmpegExtractor( 605): SniffAmFFmpeg ok, confidence = 0.800000
06-04 17:01:20.406 W/AString ( 605): ctor got NULL, using empty string instead
06-04 17:01:20.406 I/AmFFmpegExtractor( 605):
06-04 17:01:20.406 I/AmFFmpegExtractor( 605): -----------AmFFmpegExtractor Info---------
06-04 17:01:20.406 I/AmFFmpegExtractor( 605):
06-04 17:01:20.406 I/AmFFmpegExtractor( 605): MM-module-name:Extractor,Version:5.1.7-g0c7d1d4(build:6351)
06-04 17:01:20.406 I/AmFFmpegExtractor( 605):
06-04 17:01:20.406 I/AmFFmpegExtractor( 605): ARCH = arm
06-04 17:01:20.406 I/AmFFmpegExtractor( 605): Author: multi-media team
06-04 17:01:20.406 I/AmFFmpegExtractor( 605): Branch name: * (HEAD detached at 0c7d1d4)
06-04 17:01:20.406 I/AmFFmpegExtractor( 605): Last Commit Info:
06-04 17:01:20.406 I/AmFFmpegExtractor( 605): commit 0c7d1d450b4d7ecd11fc2ddd21a6e67e11d0b24d
06-04 17:01:20.406 I/AmFFmpegExtractor( 605): Author: wang.ren
06-04 17:01:20.406 I/AmFFmpegExtractor( 605): Date: Mon Nov 18 08:39:16 2024 +0000
06-04 17:01:20.406 I/AmFFmpegExtractor( 605): AmFFmpegExtractor: CB2 invalid nal length when parse nal data [1/1]
06-04 17:01:20.406 I/AmFFmpegExtractor( 605): PD#SWPL-190774
06-04 17:01:20.406 I/AmFFmpegExtractor( 605): Change-Id: I639741fa67a5b027e7d8eaa1b588f753d2326e47
06-04 17:01:20.406 I/AmFFmpegExtractor( 605): Uncommitted-file-num:1
06-04 17:01:20.406 I/AmFFmpegExtractor( 605): Build-time: Thu Nov 28 13:44:43 CST 2024
06-04 17:01:20.406 I/AmFFmpegExtractor( 605): Build-name: drm.autobuild
06-04 17:01:20.406 I/AmFFmpegExtractor( 605): -----------------------------------------
06-04 17:01:20.406 I/AmFFmpegExtractor( 605): media.ffmpegextractor.loglevel 16
06-04 17:01:20.407 I/AmFFmpegExtractor( 605): vendor.media.ffmpegextractor.ESLen264Check : 10
06-04 17:01:20.407 I/AmFFmpegExtractor( 605): vendor.media.ffmpegextractor.ESLen265Check : 50
06-04 17:01:20.407 I/AmFFmpegByteIOAdapter( 605): File size : 525939971
06-04 17:01:20.408 I/AmFFmpegExtractor( 605): AmFFmpegExtractor mInputFormat name {rm [(null)]}
06-04 17:01:20.416 E/exFFmpeg( 605): [rm @ 0xea2cf290] Invalid stream index 2 for index at pos 525939971
06-04 17:01:20.428 I/AmFFmpegExtractor( 605): ///////////////start dump format
06-04 17:01:20.428 I/AmFFmpegExtractor( 605): [init 3386] video/rm40
06-04 17:01:20.428 I/AmFFmpegExtractor( 605): isMusic major_brand:null
06-04 17:01:20.428 I/AmFFmpegExtractor( 605): Stream 0(0) [video/rm40][codecid:0x45(0x45)] found.
06-04 17:01:20.428 I/AmFFmpegExtractor( 605): [AmFFmpegSource 717]startTimeUs:0, seekable:1
06-04 17:01:20.428 I/AmFFmpegExtractor( 605): [init 753](0xee341ba0)
06-04 17:01:20.428 E/AmFFmpegExtractor( 605): mAudioMuxRead 0
06-04 17:01:20.429 I/AmFFmpegExtractor( 605): init kKeyDuration = 6424769000
06-04 17:01:20.429 I/AmFFmpegExtractor( 605): VIDEO stream startTimeUs = 0
06-04 17:01:20.429 I/AmFFmpegExtractor( 605): video:demux: extradata_size = 8
06-04 17:01:20.429 I/AmFFmpegExtractor( 605): video:demux: has b-frame = 1
06-04 17:01:20.429 I/AmFFmpegExtractor( 605): video:demux: width = 640, height = 360
06-04 17:01:20.429 I/AmFFmpegExtractor( 605): SAR [225:226]
06-04 17:01:20.429 E/AmFFmpegExtractor( 605): demux: frame_number = 0
06-04 17:01:20.429 I/AmFFmpegExtractor( 605): init kKeyFrameRate = 26(26.000000)
06-04 17:01:20.429 I/AmFFmpegExtractor( 605): set frame-rate 26 rationalFramerate num 26 den 1
06-04 17:01:20.429 I/AmFFmpegExtractor( 605): mIsDolbyVison :0, mCreate_two_tracks_dv:0, codec_id: 69(AVC:27,HEVC:173), DvCFG:0(0), TAG:RV40
06-04 17:01:20.429 I/AmFFmpegExtractor( 605): Mime:video/rm40
06-04 17:01:20.429 I/StreamFormatter( 605): Creating formatter for codec id : 69 extradata size : 8
06-04 17:01:20.429 I/AmFFmpegExtractor( 605): [init 3565] mIsDolbyVison:0, i:0
06-04 17:01:20.429 I/AmFFmpegExtractor( 605): Stream 1(1) [audio/ffmpeg][codecid:0x15014(0x15014)] found.
06-04 17:01:20.429 I/AmFFmpegExtractor( 605): [AmFFmpegSource 717]startTimeUs:0, seekable:1
06-04 17:01:20.429 I/AmFFmpegExtractor( 605): [init 753](0xee3413c0)
06-04 17:01:20.429 E/AmFFmpegExtractor( 605): mAudioMuxRead 0
06-04 17:01:20.429 I/AmFFmpegExtractor( 605): init kKeyDuration = 6424769000
06-04 17:01:20.429 I/AmFFmpegExtractor( 605): audio:demux: fmt = 8
06-04 17:01:20.429 I/AmFFmpegExtractor( 605): audio:demux: channels = 2
06-04 17:01:20.429 I/AmFFmpegExtractor( 605): audio:demux: sample_rate = 22050
06-04 17:01:20.429 I/AmFFmpegExtractor( 605): audio:demux: bit_rate = 32041
06-04 17:01:20.429 I/AmFFmpegExtractor( 605): audio:demux: codec_id = 86036
06-04 17:01:20.429 I/AmFFmpegExtractor( 605): audio:demux: stream startTimeUs = 0
06-04 17:01:20.429 I/AmFFmpegExtractor( 605): audio:demux: block_align = 93
06-04 17:01:20.429 E/AmFFmpegExtractor( 605): kKeyMediaLanguage audio lang null
06-04 17:01:20.429 I/AmFFmpegExtractor( 605): Mime:audio/ffmpeg
06-04 17:01:20.429 I/StreamFormatter( 605): Creating formatter for codec id : 86036 extradata size : 16
06-04 17:01:20.429 I/AmFFmpegExtractor( 605): [init 3565] mIsDolbyVison:0, i:1
06-04 17:01:20.429 I/AmFFmpegExtractor( 605): pthread_create OK pid:-446656064
06-04 17:01:20.430 I/AmFFmpegExtractor( 605): feedMore_task in
06-04 17:01:20.432 I/AmAVUtils( 608): set default max-input-size to 1887436
06-04 17:01:20.434 I/AmFFmpegExtractor( 605): feedMore_task out toBeExit:1 , err:0
06-04 17:01:20.434 I/AmFFmpegExtractor( 605): [~AmFFmpegExtractor 2707] feedMore task has exited.
06-04 17:01:20.434 I/AmFFmpegExtractor( 605): [~AmFFmpegSource 732]
06-04 17:01:20.434 I/AmFFmpegExtractor( 605): [~AmFFmpegSource 732]
06-04 17:01:20.435 I/AmFFmpegExtractor( 605): [~AmFFmpegExtractor 2720]
06-04 17:01:20.435 I/AmFFmpegExtractor( 605): [~AmFFmpegExtractor 2723]
06-04 17:01:20.435 W/RefBase ( 605): RefBase: Explicit destruction, weak count = 0 (in 0xea1073e4). Use sp<> to manage this object.
06-04 17:01:20.435 W/RefBase ( 605): CallStack::getCurrentInternal not linked, returning null
06-04 17:01:20.435 W/RefBase ( 605): CallStack::logStackInternal not linked
06-04 17:01:20.438 E/MetadataRetrieverClient( 608): unable to dlopen metadata_retriever extension: dlopen failed: library "libmetadataretriever_ext.so" not found
06-04 17:01:20.442 I/AmFFmpegByteIOAdapter( 605): File size : 174776865
06-04 17:01:20.447 E/exFFmpeg( 605): [rm @ 0xea2cf290] Invalid stream index 2 for index at pos 174776865
06-04 17:01:20.448 I/AmFFmpegExtractor( 605): checkInList: iswhite:0, mime:video/rm40, type:1, id:86036 tag:6b6f6f63
06-04 17:01:20.448 I/AmFFmpegExtractor( 605): checkInList: iswhite:1, mime:video/rm40, type:1, id:86036 tag:6b6f6f63
06-04 17:01:20.448 E/AmFFmpegExtractor( 605): true: iswhite:1, type:1, id:86036 tag:ffffffff
06-04 17:01:20.448 E/AmFFmpegExtractor( 605): codec_ctx->properties: 0
06-04 17:01:20.448 I/AmFFmpegExtractor( 605): checkInList: iswhite:0, mime:video/rm40, type:0, id:69 tag:30345652
06-04 17:01:20.448 I/AmFFmpegExtractor( 605): checkInList: iswhite:1, mime:video/rm40, type:0, id:69 tag:30345652
06-04 17:01:20.448 E/AmFFmpegExtractor( 605): codec_ctx->properties: 0
06-04 17:01:20.448 I/AmFFmpegExtractor( 605): checkSupportInList ret 1
06-04 17:01:20.448 I/AmFFmpegExtractor( 605): is in white list : 1
06-04 17:01:20.448 I/AmFFmpegExtractor( 605): SniffAmFFmpeg ok, confidence = 0.800000
06-04 17:01:20.462 W/AString ( 605): ctor got NULL, using empty string instead
06-04 17:01:20.462 I/AmFFmpegExtractor( 605):
06-04 17:01:20.462 I/AmFFmpegExtractor( 605): -----------AmFFmpegExtractor Info---------
06-04 17:01:20.462 I/AmFFmpegExtractor( 605):
06-04 17:01:20.462 I/AmFFmpegExtractor( 605): MM-module-name:Extractor,Version:5.1.7-g0c7d1d4(build:6351)
06-04 17:01:20.462 I/AmFFmpegExtractor( 605):
06-04 17:01:20.462 I/AmFFmpegExtractor( 605): ARCH = arm
06-04 17:01:20.462 I/AmFFmpegExtractor( 605): Author: multi-media team
06-04 17:01:20.462 I/AmFFmpegExtractor( 605): Branch name: * (HEAD detached at 0c7d1d4)
06-04 17:01:20.462 I/AmFFmpegExtractor( 605): Last Commit Info:
06-04 17:01:20.462 I/AmFFmpegExtractor( 605): commit 0c7d1d450b4d7ecd11fc2ddd21a6e67e11d0b24d
06-04 17:01:20.462 I/AmFFmpegExtractor( 605): Author: wang.ren
06-04 17:01:20.462 I/AmFFmpegExtractor( 605): Date: Mon Nov 18 08:39:16 2024 +0000
06-04 17:01:20.462 I/AmFFmpegExtractor( 605): AmFFmpegExtractor: CB2 invalid nal length when parse nal data [1/1]
06-04 17:01:20.462 I/AmFFmpegExtractor( 605): PD#SWPL-190774
06-04 17:01:20.462 I/AmFFmpegExtractor( 605): Change-Id: I639741fa67a5b027e7d8eaa1b588f753d2326e47
06-04 17:01:20.462 I/AmFFmpegExtractor( 605): Uncommitted-file-num:1
06-04 17:01:20.462 I/AmFFmpegExtractor( 605): Build-time: Thu Nov 28 13:44:43 CST 2024
06-04 17:01:20.462 I/AmFFmpegExtractor( 605): Build-name: drm.autobuild
06-04 17:01:20.462 I/AmFFmpegExtractor( 605): -----------------------------------------
06-04 17:01:20.462 I/AmFFmpegExtractor( 605): media.ffmpegextractor.loglevel 16
06-04 17:01:20.462 I/AmFFmpegExtractor( 605): vendor.media.ffmpegextractor.ESLen264Check : 10
06-04 17:01:20.462 I/AmFFmpegExtractor( 605): vendor.media.ffmpegextractor.ESLen265Check : 50
06-04 17:01:20.462 I/AmFFmpegByteIOAdapter( 605): File size : 174776865
06-04 17:01:20.463 I/AmFFmpegExtractor( 605): AmFFmpegExtractor mInputFormat name {rm [(null)]}
06-04 17:01:20.464 E/exFFmpeg( 605): [rm @ 0xea2cf290] Invalid stream index 2 for index at pos 174776865
06-04 17:01:20.481 I/AmFFmpegExtractor( 605): ///////////////start dump format
06-04 17:01:20.482 I/AmFFmpegExtractor( 605): [init 3386] video/rm40
06-04 17:01:20.482 I/AmFFmpegExtractor( 605): isMusic major_brand:null
06-04 17:01:20.482 I/AmFFmpegExtractor( 605): Stream 1(1) [audio/ffmpeg][codecid:0x15014(0x15014)] found.
06-04 17:01:20.482 I/AmFFmpegExtractor( 605): [AmFFmpegSource 717]startTimeUs:0, seekable:1
06-04 17:01:20.482 I/AmFFmpegExtractor( 605): [init 753](0xee3413c0)
06-04 17:01:20.482 E/AmFFmpegExtractor( 605): mAudioMuxRead 0
06-04 17:01:20.482 I/AmFFmpegExtractor( 605): init kKeyDuration = 956661000
06-04 17:01:20.482 I/AmFFmpegExtractor( 605): audio:demux: fmt = 8
06-04 17:01:20.482 I/AmFFmpegExtractor( 605): audio:demux: channels = 2
06-04 17:01:20.482 I/AmFFmpegExtractor( 605): audio:demux: sample_rate = 44100
06-04 17:01:20.482 I/AmFFmpegExtractor( 605): audio:demux: bit_rate = 64082
06-04 17:01:20.482 I/AmFFmpegExtractor( 605): audio:demux: codec_id = 86036
06-04 17:01:20.482 I/AmFFmpegExtractor( 605): audio:demux: stream startTimeUs = 0
06-04 17:01:20.482 I/AmFFmpegExtractor( 605): audio:demux: block_align = 186
06-04 17:01:20.482 E/AmFFmpegExtractor( 605): kKeyMediaLanguage audio lang null
06-04 17:01:20.482 I/AmFFmpegExtractor( 605): Mime:audio/ffmpeg
06-04 17:01:20.482 I/StreamFormatter( 605): Creating formatter for codec id : 86036 extradata size : 16
06-04 17:01:20.482 I/AmFFmpegExtractor( 605): [init 3565] mIsDolbyVison:0, i:0
06-04 17:01:20.482 I/AmFFmpegExtractor( 605): Stream 0(0) [video/rm40][codecid:0x45(0x45)] found.
06-04 17:01:20.482 I/AmFFmpegExtractor( 605): [AmFFmpegSource 717]startTimeUs:0, seekable:1
06-04 17:01:20.482 I/AmFFmpegExtractor( 605): [init 753](0xee341ba0)
06-04 17:01:20.482 E/AmFFmpegExtractor( 605): mAudioMuxRead 0
06-04 17:01:20.482 I/AmFFmpegExtractor( 605): init kKeyDuration = 956661000
06-04 17:01:20.482 I/AmFFmpegExtractor( 605): VIDEO stream startTimeUs = 0
06-04 17:01:20.482 I/AmFFmpegExtractor( 605): video:demux: extradata_size = 8
06-04 17:01:20.482 I/AmFFmpegExtractor( 605): video:demux: has b-frame = 1
06-04 17:01:20.482 I/AmFFmpegExtractor( 605): video:demux: width = 1024, height = 576
06-04 17:01:20.482 E/AmFFmpegExtractor( 605): demux: frame_number = 0
06-04 17:01:20.482 I/AmFFmpegExtractor( 605): init kKeyFrameRate = 24(23.969999)
06-04 17:01:20.482 I/AmFFmpegExtractor( 605): set frame-rate 24 rationalFramerate num 785645 den 32768
06-04 17:01:20.483 I/AmFFmpegExtractor( 605): mIsDolbyVison :0, mCreate_two_tracks_dv:0, codec_id: 69(AVC:27,HEVC:173), DvCFG:0(0), TAG:RV40
06-04 17:01:20.483 I/AmFFmpegExtractor( 605): Mime:video/rm40
06-04 17:01:20.483 I/StreamFormatter( 605): Creating formatter for codec id : 69 extradata size : 8
06-04 17:01:20.483 I/AmFFmpegExtractor( 605): [init 3565] mIsDolbyVison:0, i:1
06-04 17:01:20.483 I/AmFFmpegExtractor( 605): pthread_create OK pid:-441019968
06-04 17:01:20.483 I/AmFFmpegExtractor( 605): feedMore_task in
06-04 17:01:20.485 I/AmAVUtils( 608): set default max-input-size to 1887436
06-04 17:01:20.487 I/AmFFmpegExtractor( 605): feedMore_task out toBeExit:1 , err:0
06-04 17:01:20.487 I/AmFFmpegExtractor( 605): [~AmFFmpegExtractor 2707] feedMore task has exited.
06-04 17:01:20.487 I/AmFFmpegExtractor( 605): [~AmFFmpegSource 732]
06-04 17:01:20.487 I/AmFFmpegExtractor( 605): [~AmFFmpegSource 732]
06-04 17:01:20.488 I/AmFFmpegExtractor( 605): [~AmFFmpegExtractor 2720]
06-04 17:01:20.488 I/AmFFmpegExtractor( 605): [~AmFFmpegExtractor 2723]
06-04 17:01:20.488 W/RefBase ( 605): RefBase: Explicit destruction, weak count = 0 (in 0xea103974). Use sp<> to manage this object.
06-04 17:01:20.488 W/RefBase ( 605): CallStack::getCurrentInternal not linked, returning null
06-04 17:01:20.488 W/RefBase ( 605): CallStack::logStackInternal not linked
06-04 17:01:20.491 W/MediaProvider( 1471): isAppCloneUserPair for user -1: false
06-04 17:01:20.497 W/MediaProvider( 1471): isAppCloneUserPair for user -1: false
06-04 17:01:20.508 W/MediaProvider( 1471): isAppCloneUserPair for user -1: false
06-04 17:01:20.517 W/MediaProvider( 1471): isAppCloneUserPair for user -1: false
06-04 17:01:20.551 W/MediaProvider( 1471): isAppCloneUserPair for user -1: false
06-04 17:01:20.555 W/MediaProvider( 1471): isAppCloneUserPair for user -1: false
06-04 17:01:20.561 W/MediaProvider( 1471): isAppCloneUserPair for user -1: false
06-04 17:01:20.565 W/MediaProvider( 1471): isAppCloneUserPair for user -1: false
06-04 17:01:20.569 W/MediaProvider( 1471): isAppCloneUserPair for user -1: false
06-04 17:01:20.573 W/MediaProvider( 1471): isAppCloneUserPair for user -1: false
06-04 17:01:20.580 W/MediaProvider( 1471): isAppCloneUserPair for user -1: false
06-04 17:01:20.584 W/MediaProvider( 1471): isAppCloneUserPair for user -1: false
06-04 17:01:20.604 W/MediaProvider( 1471): isAppCloneUserPair for user -1: false
06-04 17:01:20.608 W/MediaProvider( 1471): isAppCloneUserPair for user -1: false
06-04 17:01:20.619 W/MediaProvider( 1471): isAppCloneUserPair for user -1: false
06-04 17:01:20.622 W/MediaProvider( 1471): isAppCloneUserPair for user -1: false
06-04 17:01:20.626 W/MediaProvider( 1471): isAppCloneUserPair for user -1: false
06-04 17:01:20.636 W/MediaProvider( 1471): isAppCloneUserPair for user -1: false
06-04 17:01:20.640 W/MediaProvider( 1471): isAppCloneUserPair for user -1: false
06-04 17:01:20.644 W/MediaProvider( 1471): isAppCloneUserPair for user -1: false
06-04 17:01:20.667 E/MetadataRetrieverClient( 608): unable to dlopen metadata_retriever extension: dlopen failed: library "libmetadataretriever_ext.so" not found
06-04 17:01:20.688 I/AmFFmpegByteIOAdapter( 605): File size : 11599976
06-04 17:01:20.690 I/AmFFmpegExtractor( 605): checkInList: iswhite:0, mime:video/mp2ts, type:0, id:2 tag:2
06-04 17:01:20.690 I/AmFFmpegExtractor( 605): checkInList: iswhite:1, mime:video/mp2ts, type:0, id:2 tag:2
06-04 17:01:20.690 E/AmFFmpegExtractor( 605): codec_ctx->properties: 0
06-04 17:01:20.690 I/AmFFmpegExtractor( 605): checkInList: iswhite:0, mime:video/mp2ts, type:1, id:86017 tag:4
06-04 17:01:20.690 I/AmFFmpegExtractor( 605): checkInList: iswhite:1, mime:video/mp2ts, type:1, id:86017 tag:4
06-04 17:01:20.690 E/AmFFmpegExtractor( 605): codec_ctx->properties: 0
06-04 17:01:20.690 I/AmFFmpegExtractor( 605): checkSupportInList ret 1
06-04 17:01:20.724 E/exFFmpeg( 605): [mpegts @ 0xea2cf290] max resync size reached, could not find sync byte
06-04 17:01:20.730 E/exFFmpeg( 605): [mpegts @ 0xea2cf290] max resync size reached, could not find sync byte
06-04 17:01:20.732 E/exFFmpeg( 605): [mpegts @ 0xea2cf290] max resync size reached, could not find sync byte
06-04 17:01:20.746 E/exFFmpeg( 605): [mpegts @ 0xea2cf290] max resync size reached, could not find sync byte
06-04 17:01:20.752 E/exFFmpeg( 605): [mpegts @ 0xea2cf290] max resync size reached, could not find sync byte
06-04 17:01:20.754 E/exFFmpeg( 605): [mpegts @ 0xea2cf290] max resync size reached, could not find sync byte
06-04 17:01:20.756 E/exFFmpeg( 605): [mpegts @ 0xea2cf290] max resync size reached, could not find sync byte
06-04 17:01:20.758 E/exFFmpeg( 605): [mpegts @ 0xea2cf290] max resync size reached, could not find sync byte
06-04 17:01:20.761 E/exFFmpeg( 605): [mpegts @ 0xea2cf290] max resync size reached, could not find sync byte
06-04 17:01:20.763 E/exFFmpeg( 605): [mpegts @ 0xea2cf290] max resync size reached, could not find sync byte
06-04 17:01:20.774 E/exFFmpeg( 605): [mpegts @ 0xea2cf290] max resync size reached, could not find sync byte
06-04 17:01:20.781 E/exFFmpeg( 605): [mpegts @ 0xea2cf290] max resync size reached, could not find sync byte
06-04 17:01:20.783 E/exFFmpeg( 605): [mpegts @ 0xea2cf290] max resync size reached, could not find sync byte
06-04 17:01:20.785 E/exFFmpeg( 605): [mpegts @ 0xea2cf290] max resync size reached, could not find sync byte
06-04 17:01:20.787 E/exFFmpeg( 605): [mpegts @ 0xea2cf290] max resync size reached, could not find sync byte
06-04 17:01:20.789 E/exFFmpeg( 605): [mpegts @ 0xea2cf290] max resync size reached, could not find sync byte
06-04 17:01:20.792 E/exFFmpeg( 605): [mpegts @ 0xea2cf290] max resync size reached, could not find sync byte
06-04 17:01:20.794 E/exFFmpeg( 605): [mpegts @ 0xea2cf290] max resync size reached, could not find sync byte
06-04 17:01:20.797 E/exFFmpeg( 605): [mpegts @ 0xea2cf290] max resync size reached, could not find sync byte
06-04 17:01:20.799 E/exFFmpeg( 605): [mpegts @ 0xea2cf290] max resync size reached, could not find sync byte
06-04 17:01:20.802 E/exFFmpeg( 605): [mpegts @ 0xea2cf290] max resync size reached, could not find sync byte
06-04 17:01:20.804 E/exFFmpeg( 605): [mpegts @ 0xea2cf290] max resync size reached, could not find sync byte
06-04 17:01:20.805 E/exFFmpeg( 605): [mpegts @ 0xea2cf290] max resync size reached, could not find sync byte
06-04 17:01:20.807 E/exFFmpeg( 605): [mpegts @ 0xea2cf290] max resync size reached, could not find sync byte
06-04 17:01:20.809 E/exFFmpeg( 605): [mpegts @ 0xea2cf290] max resync size reached, could not find sync byte
06-04 17:01:20.820 E/exFFmpeg( 605): [mpegts @ 0xea2cf290] max resync size reached, could not find sync byte
06-04 17:01:20.826 E/exFFmpeg( 605): [mpegts @ 0xea2cf290] max resync size reached, could not find sync byte
06-04 17:01:20.828 E/exFFmpeg( 605): [mpegts @ 0xea2cf290] max resync size reached, could not find sync byte
06-04 17:01:20.831 E/exFFmpeg( 605): [mpegts @ 0xea2cf290] max resync size reached, could not find sync byte
06-04 17:01:20.833 E/exFFmpeg( 605): [mpegts @ 0xea2cf290] max resync size reached, could not find sync byte
06-04 17:01:20.835 E/exFFmpeg( 605): [mpegts @ 0xea2cf290] max resync size reached, could not find sync byte
06-04 17:01:20.837 E/exFFmpeg( 605): [mpegts @ 0xea2cf290] max resync size reached, could not find sync byte
06-04 17:01:20.839 E/exFFmpeg( 605): [mpegts @ 0xea2cf290] max resync size reached, could not find sync byte
06-04 17:01:20.841 E/exFFmpeg( 605): [mpegts @ 0xea2cf290] max resync size reached, could not find sync byte
06-04 17:01:20.845 E/exFFmpeg( 605): [mpegts @ 0xea2cf290] max resync size reached, could not find sync byte
06-04 17:01:20.848 E/exFFmpeg( 605): [mpegts @ 0xea2cf290] max resync size reached, could not find sync byte
06-04 17:01:20.850 E/exFFmpeg( 605): [mpegts @ 0xea2cf290] max resync size reached, could not find sync byte
06-04 17:01:20.853 E/exFFmpeg( 605): [mpegts @ 0xea2cf290] max resync size reached, could not find sync byte
06-04 17:01:20.855 E/exFFmpeg( 605): [mpegts @ 0xea2cf290] max resync size reached, could not find sync byte
06-04 17:01:20.857 E/exFFmpeg( 605): [mpegts @ 0xea2cf290] max resync size reached, could not find sync byte
06-04 17:01:20.859 E/exFFmpeg( 605): [mpegts @ 0xea2cf290] max resync size reached, could not find sync byte
06-04 17:01:20.860 E/exFFmpeg( 605): [mpegts @ 0xea2cf290] max resync size reached, could not find sync byte
06-04 17:01:20.862 E/exFFmpeg( 605): [mpegts @ 0xea2cf290] max resync size reached, could not find sync byte
06-04 17:01:20.864 E/exFFmpeg( 605): [mpegts @ 0xea2cf290] max resync size reached, could not find sync byte
06-04 17:01:20.866 E/exFFmpeg( 605): [mpegts @ 0xea2cf290] max resync size reached, could not find sync byte
06-04 17:01:20.868 E/exFFmpeg( 605): [mpegts @ 0xea2cf290] max resync size reached, could not find sync byte
06-04 17:01:20.870 E/exFFmpeg( 605): [mpegts @ 0xea2cf290] max resync size reached, could not find sync byte
06-04 17:01:20.871 E/exFFmpeg( 605): [mpegts @ 0xea2cf290] max resync size reached, could not find sync byte
06-04 17:01:20.873 E/exFFmpeg( 605): [mpegts @ 0xea2cf290] max resync size reached, could not find sync byte
06-04 17:01:20.874 E/exFFmpeg( 605): [mpegts @ 0xea2cf290] max resync size reached, could not find sync byte
06-04 17:01:20.876 E/exFFmpeg( 605): [mpegts @ 0xea2cf290] max resync size reached, could not find sync byte
06-04 17:01:20.877 E/exFFmpeg( 605): [mpegts @ 0xea2cf290] max resync size reached, could not find sync byte
06-04 17:01:20.879 E/exFFmpeg( 605): [mpegts @ 0xea2cf290] max resync size reached, could not find sync byte
06-04 17:01:20.881 E/exFFmpeg( 605): [mpegts @ 0xea2cf290] max resync size reached, could not find sync byte
06-04 17:01:20.883 E/exFFmpeg( 605): [mpegts @ 0xea2cf290] max resync size reached, could not find sync byte
06-04 17:01:20.892 E/exFFmpeg( 605): [mpegts @ 0xea2cf290] max resync size reached, could not find sync byte
06-04 17:01:20.897 E/exFFmpeg( 605): [mpegts @ 0xea2cf290] max resync size reached, could not find sync byte
06-04 17:01:20.898 E/exFFmpeg( 605): [mpegts @ 0xea2cf290] max resync size reached, could not find sync byte
06-04 17:01:20.900 E/exFFmpeg( 605): [mpegts @ 0xea2cf290] max resync size reached, could not find sync byte
06-04 17:01:20.901 E/exFFmpeg( 605): [mpegts @ 0xea2cf290] max resync size reached, could not find sync byte
06-04 17:01:20.904 E/exFFmpeg( 605): [mpegts @ 0xea2cf290] max resync size reached, could not find sync byte
06-04 17:01:20.906 E/exFFmpeg( 605): [mpegts @ 0xea2cf290] max resync size reached, could not find sync byte
06-04 17:01:20.909 E/exFFmpeg( 605): [mpegts @ 0xea2cf290] max resync size reached, could not find sync byte
06-04 17:01:20.911 E/exFFmpeg( 605): [mpegts @ 0xea2cf290] max resync size reached, could not find sync byte
06-04 17:01:20.914 E/exFFmpeg( 605): [mpegts @ 0xea2cf290] max resync size reached, could not find sync byte
06-04 17:01:20.915 E/exFFmpeg( 605): [mpegts @ 0xea2cf290] max resync size reached, could not find sync byte
06-04 17:01:20.918 E/exFFmpeg( 605): [mpegts @ 0xea2cf290] max resync size reached, could not find sync byte
06-04 17:01:20.919 E/exFFmpeg( 605): [mpegts @ 0xea2cf290] max resync size reached, could not find sync byte
06-04 17:01:20.921 E/exFFmpeg( 605): [mpegts @ 0xea2cf290] max resync size reached, could not find sync byte
06-04 17:01:20.924 E/exFFmpeg( 605): [mpegts @ 0xea2cf290] max resync size reached, could not find sync byte
06-04 17:01:20.926 E/exFFmpeg( 605): [mpegts @ 0xea2cf290] max resync size reached, could not find sync byte
06-04 17:01:20.928 E/exFFmpeg( 605): [mpegts @ 0xea2cf290] max resync size reached, could not find sync byte
06-04 17:01:20.930 E/exFFmpeg( 605): [mpegts @ 0xea2cf290] max resync size reached, could not find sync byte
06-04 17:01:20.932 E/exFFmpeg( 605): [mpegts @ 0xea2cf290] max resync size reached, could not find sync byte
06-04 17:01:20.934 E/exFFmpeg( 605): [mpegts @ 0xea2cf290] max resync size reached, could not find sync byte
06-04 17:01:20.936 E/exFFmpeg( 605): [mpegts @ 0xea2cf290] max resync size reached, could not find sync byte
06-04 17:01:20.937 E/exFFmpeg( 605): [mpegts @ 0xea2cf290] max resync size reached, could not find sync byte
06-04 17:01:20.939 E/exFFmpeg( 605): [mpegts @ 0xea2cf290] max resync size reached, could not find sync byte
06-04 17:01:20.942 E/exFFmpeg( 605): [mpegts @ 0xea2cf290] max resync size reached, could not find sync byte
06-04 17:01:20.945 E/exFFmpeg( 605): [mpegts @ 0xea2cf290] max resync size reached, could not find sync byte
06-04 17:01:20.947 E/exFFmpeg( 605): [mpegts @ 0xea2cf290] max resync size reached, could not find sync byte
06-04 17:01:20.948 E/exFFmpeg( 605): [mpegts @ 0xea2cf290] max resync size reached, could not find sync byte
06-04 17:01:20.950 E/exFFmpeg( 605): [mpegts @ 0xea2cf290] max resync size reached, could not find sync byte
06-04 17:01:20.951 E/exFFmpeg( 605): [mpegts @ 0xea2cf290] max resync size reached, could not find sync byte
06-04 17:01:20.952 E/exFFmpeg( 605): [mpegts @ 0xea2cf290] max resync size reached, could not find sync byte
06-04 17:01:20.953 E/exFFmpeg( 605): [mpegts @ 0xea2cf290] max resync size reached, could not find sync byte
06-04 17:01:20.954 E/exFFmpeg( 605): [mpegts @ 0xea2cf290] max resync size reached, could not find sync byte
06-04 17:01:20.956 E/exFFmpeg( 605): [mpegts @ 0xea2cf290] max resync size reached, could not find sync byte
06-04 17:01:20.958 E/exFFmpeg( 605): [mpegts @ 0xea2cf290] max resync size reached, could not find sync byte
06-04 17:01:20.959 E/exFFmpeg( 605): [mpegts @ 0xea2cf290] max resync size reached, could not find sync byte
06-04 17:01:20.961 E/exFFmpeg( 605): [mpegts @ 0xea2cf290] max resync size reached, could not find sync byte
06-04 17:01:20.963 E/exFFmpeg( 605): [mpegts @ 0xea2cf290] max resync size reached, could not find sync byte
06-04 17:01:20.964 E/exFFmpeg( 605): [mpegts @ 0xea2cf290] max resync size reached, could not find sync byte
06-04 17:01:20.966 E/exFFmpeg( 605): [mpegts @ 0xea2cf290] max resync size reached, could not find sync byte
06-04 17:01:20.967 E/exFFmpeg( 605): [mpegts @ 0xea2cf290] max resync size reached, could not find sync byte
06-04 17:01:20.968 E/exFFmpeg( 605): [mpegts @ 0xea2cf290] max resync size reached, could not find sync byte
06-04 17:01:20.969 E/exFFmpeg( 605): [mpegts @ 0xea2cf290] max resync size reached, could not find sync byte
06-04 17:01:20.970 E/exFFmpeg( 605): [mpegts @ 0xea2cf290] max resync size reached, could not find sync byte
06-04 17:01:20.972 E/exFFmpeg( 605): [mpegts @ 0xea2cf290] max resync size reached, could not find sync byte
06-04 17:01:20.973 E/exFFmpeg( 605): [mpegts @ 0xea2cf290] max resync size reached, could not find sync byte
06-04 17:01:20.974 E/exFFmpeg( 605): [mpegts @ 0xea2cf290] max resync size reached, could not find sync byte
06-04 17:01:20.975 E/exFFmpeg( 605): [mpegts @ 0xea2cf290] max resync size reached, could not find sync byte
06-04 17:01:20.976 E/exFFmpeg( 605): [mpegts @ 0xea2cf290] max resync size reached, could not find sync byte
06-04 17:01:20.978 E/exFFmpeg( 605): [mpegts @ 0xea2cf290] max resync size reached, could not find sync byte
06-04 17:01:20.979 E/exFFmpeg( 605): [mpegts @ 0xea2cf290] max resync size reached, could not find sync byte
06-04 17:01:20.980 E/exFFmpeg( 605): [mpegts @ 0xea2cf290] max resync size reached, could not find sync byte
06-04 17:01:20.982 E/exFFmpeg( 605): [mpegts @ 0xea2cf290] max resync size reached, could not find sync byte
06-04 17:01:20.983 E/exFFmpeg( 605): [mpegts @ 0xea2cf290] max resync size reached, could not find sync byte
06-04 17:01:20.984 E/exFFmpeg( 605): [mpegts @ 0xea2cf290] max resync size reached, could not find sync byte
06-04 17:01:20.985 E/exFFmpeg( 605): [mpegts @ 0xea2cf290] max resync size reached, could not find sync byte
06-04 17:01:20.986 E/exFFmpeg( 605): [mpegts @ 0xea2cf290] max resync size reached, could not find sync byte
06-04 17:01:20.987 E/exFFmpeg( 605): [mpegts @ 0xea2cf290] max resync size reached, could not find sync byte
06-04 17:01:20.988 E/exFFmpeg( 605): [mpegts @ 0xea2cf290] max resync size reached, could not find sync byte
06-04 17:01:20.989 E/exFFmpeg( 605): [mpegts @ 0xea2cf290] max resync size reached, could not find sync byte
06-04 17:01:20.990 E/exFFmpeg( 605): [mpegts @ 0xea2cf290] max resync size reached, could not find sync byte
06-04 17:01:21.112 E/exFFmpeg( 605): [mpegts @ 0xea2cf290] max resync size reached, could not find sync byte
06-04 17:01:21.113 E/exFFmpeg( 605): [mpegts @ 0xea2cf290] max resync size reached, could not find sync byte
06-04 17:01:21.114 E/exFFmpeg( 605): [mpegts @ 0xea2cf290] max resync size reached, could not find sync byte
06-04 17:01:21.116 E/exFFmpeg( 605): [mpegts @ 0xea2cf290] max resync size reached, could not find sync byte
06-04 17:01:21.118 E/exFFmpeg( 605): [mpegts @ 0xea2cf290] max resync size reached, could not find sync byte
06-04 17:01:21.120 E/exFFmpeg( 605): [mpegts @ 0xea2cf290] max resync size reached, could not find sync byte
06-04 17:01:21.121 E/exFFmpeg( 605): [mpegts @ 0xea2cf290] max resync size reached, could not find sync byte
06-04 17:01:21.123 E/exFFmpeg( 605): [mpegts @ 0xea2cf290] max resync size reached, could not find sync byte
06-04 17:01:21.125 E/exFFmpeg( 605): [mpegts @ 0xea2cf290] max resync size reached, could not find sync byte
06-04 17:01:21.127 E/exFFmpeg( 605): [mpegts @ 0xea2cf290] max resync size reached, could not find sync byte
06-04 17:01:21.129 E/exFFmpeg( 605): [mpegts @ 0xea2cf290] max resync size reached, could not find sync byte
06-04 17:01:21.131 E/exFFmpeg( 605): [mpegts @ 0xea2cf290] max resync size reached, could not find sync byte
06-04 17:01:21.133 E/exFFmpeg( 605): [mpegts @ 0xea2cf290] max resync size reached, could not find sync byte
06-04 17:01:21.135 E/exFFmpeg( 605): [mpegts @ 0xea2cf290] max resync size reached, could not find sync byte
06-04 17:01:21.136 E/exFFmpeg( 605): [mpegts @ 0xea2cf290] max resync size reached, could not find sync byte
06-04 17:01:21.137 E/exFFmpeg( 605): [mpegts @ 0xea2cf290] max resync size reached, could not find sync byte
06-04 17:01:21.138 E/exFFmpeg( 605): [mpegts @ 0xea2cf290] max resync size reached, could not find sync byte
06-04 17:01:21.140 E/exFFmpeg( 605): [mpegts @ 0xea2cf290] max resync size reached, could not find sync byte
06-04 17:01:21.141 E/exFFmpeg( 605): [mpegts @ 0xea2cf290] max resync size reached, could not find sync byte
06-04 17:01:21.142 E/exFFmpeg( 605): [mpegts @ 0xea2cf290] max resync size reached, could not find sync byte
06-04 17:01:21.144 E/exFFmpeg( 605): [mpegts @ 0xea2cf290] max resync size reached, could not find sync byte
06-04 17:01:21.146 E/exFFmpeg( 605): [mpegts @ 0xea2cf290] max resync size reached, could not find sync byte
06-04 17:01:21.147 E/exFFmpeg( 605): [mpegts @ 0xea2cf290] max resync size reached, could not find sync byte
06-04 17:01:21.150 E/exFFmpeg( 605): [mpegts @ 0xea2cf290] max resync size reached, could not find sync byte
06-04 17:01:21.152 E/exFFmpeg( 605): [mpegts @ 0xea2cf290] max resync size reached, could not find sync byte
06-04 17:01:21.154 E/exFFmpeg( 605): [mpegts @ 0xea2cf290] max resync size reached, could not find sync byte
06-04 17:01:21.155 E/exFFmpeg( 605): [mpegts @ 0xea2cf290] max resync size reached, could not find sync byte
06-04 17:01:21.157 E/exFFmpeg( 605): [mpegts @ 0xea2cf290] max resync size reached, could not find sync byte
06-04 17:01:21.159 E/exFFmpeg( 605): [mpegts @ 0xea2cf290] max resync size reached, could not find sync byte
06-04 17:01:21.161 E/exFFmpeg( 605): [mpegts @ 0xea2cf290] max resync size reached, could not find sync byte
06-04 17:01:21.162 E/exFFmpeg( 605): [mpegts @ 0xea2cf290] max resync size reached, could not find sync byte
06-04 17:01:21.164 E/exFFmpeg( 605): [mpegts @ 0xea2cf290] max resync size reached, could not find sync byte
06-04 17:01:21.165 E/exFFmpeg( 605): [mpegts @ 0xea2cf290] max resync size reached, could not find sync byte
06-04 17:01:21.166 E/exFFmpeg( 605): [mpegts @ 0xea2cf290] max resync size reached, could not find sync byte
06-04 17:01:21.167 E/exFFmpeg( 605): [mpegts @ 0xea2cf290] max resync size reached, could not find sync byte
06-04 17:01:21.169 E/exFFmpeg( 605): [mpegts @ 0xea2cf290] max resync size reached, could not find sync byte
06-04 17:01:21.170 E/exFFmpeg( 605): [mpegts @ 0xea2cf290] max resync size reached, could not find sync byte
06-04 17:01:21.171 E/exFFmpeg( 605): [mpegts @ 0xea2cf290] max resync size reached, could not find sync byte
06-04 17:01:21.172 E/exFFmpeg( 605): [mpegts @ 0xea2cf290] max resync size reached, could not find sync byte
06-04 17:01:21.173 E/exFFmpeg( 605): [mpegts @ 0xea2cf290] max resync size reached, could not find sync byte
06-04 17:01:21.174 E/exFFmpeg( 605): [mpegts @ 0xea2cf290] max resync size reached, could not find sync byte
06-04 17:01:21.175 E/exFFmpeg( 605): [mpegts @ 0xea2cf290] max resync size reached, could not find sync byte
06-04 17:01:21.176 E/exFFmpeg( 605): [mpegts @ 0xea2cf290] max resync size reached, could not find sync byte
06-04 17:01:21.179 E/exFFmpeg( 605): [mpegts @ 0xea2cf290] max resync size reached, could not find sync byte
06-04 17:01:21.180 E/exFFmpeg( 605): [mpegts @ 0xea2cf290] max resync size reached, could not find sync byte
06-04 17:01:21.182 E/exFFmpeg( 605): [mpegts @ 0xea2cf290] max resync size reached, could not find sync byte
06-04 17:01:21.183 E/exFFmpeg( 605): [mpegts @ 0xea2cf290] max resync size reached, could not find sync byte
06-04 17:01:21.184 E/exFFmpeg( 605): [mpegts @ 0xea2cf290] max resync size reached, could not find sync byte
06-04 17:01:21.185 E/exFFmpeg( 605): [mpegts @ 0xea2cf290] max resync size reached, could not find sync byte
06-04 17:01:21.186 E/exFFmpeg( 605): [mpegts @ 0xea2cf290] max resync size reached, could not find sync byte
06-04 17:01:21.187 E/exFFmpeg( 605): [mpegts @ 0xea2cf290] max resync size reached, could not find sync byte
06-04 17:01:21.188 E/exFFmpeg( 605): [mpegts @ 0xea2cf290] max resync size reached, could not find sync byte
06-04 17:01:21.190 E/exFFmpeg( 605): [mpegts @ 0xea2cf290] max resync size reached, could not find sync byte
06-04 17:01:21.191 E/exFFmpeg( 605): [mpegts @ 0xea2cf290] max resync size reached, could not find sync byte
06-04 17:01:21.192 E/exFFmpeg( 605): [mpegts @ 0xea2cf290] max resync size reached, could not find sync byte
06-04 17:01:21.194 E/exFFmpeg( 605): [mpegts @ 0xea2cf290] max resync size reached, could not find sync byte
06-04 17:01:21.195 E/exFFmpeg( 605): [mpegts @ 0xea2cf290] max resync size reached, could not find sync byte
06-04 17:01:21.196 E/exFFmpeg( 605): [mpegts @ 0xea2cf290] max resync size reached, could not find sync byte
06-04 17:01:21.197 E/exFFmpeg( 605): [mpegts @ 0xea2cf290] max resync size reached, could not find sync byte
06-04 17:01:21.199 E/exFFmpeg( 605): [mpegts @ 0xea2cf290] max resync size reached, could not find sync byte
06-04 17:01:21.201 I/AmFFmpegExtractor( 605): checkInList: iswhite:0, mime:video/mp2ts, type:0, id:2 tag:2
06-04 17:01:21.201 I/AmFFmpegExtractor( 605): checkInList: iswhite:1, mime:video/mp2ts, type:0, id:2 tag:2
06-04 17:01:21.201 E/AmFFmpegExtractor( 605): codec_ctx->properties: 0
06-04 17:01:21.201 I/AmFFmpegExtractor( 605): checkInList: iswhite:0, mime:video/mp2ts, type:1, id:86017 tag:4
06-04 17:01:21.201 I/AmFFmpegExtractor( 605): checkInList: iswhite:1, mime:video/mp2ts, type:1, id:86017 tag:4
06-04 17:01:21.201 E/AmFFmpegExtractor( 605): codec_ctx->properties: 0
06-04 17:01:21.201 I/AmFFmpegExtractor( 605): checkSupportInList ret 1
06-04 17:01:21.201 I/AmFFmpegExtractor( 605): SniffAmFFmpeg ok, confidence = 0.050000
06-04 17:01:21.216 I/ESQueue ( 605): found MPEG2 video codec config (720 x 480)
06-04 17:01:21.476 I/MPEG2TSExtractor( 605): haveAudio=1, haveVideo=1, elaspedTime=265564
06-04 17:01:21.477 I/AmAVUtils( 608): set default max-input-size to 1887436
06-04 17:01:21.483 E/MetadataRetrieverClient( 608): unable to dlopen metadata_retriever extension: dlopen failed: library "libmetadataretriever_ext.so" not found
06-04 17:01:21.486 I/AmFFmpegByteIOAdapter( 605): File size : 480994052
06-04 17:01:21.503 I/AmFFmpegExtractor( 605): checkInList: iswhite:0, mime:video/mp2ts, type:0, id:2 tag:2
06-04 17:01:21.503 I/AmFFmpegExtractor( 605): checkInList: iswhite:1, mime:video/mp2ts, type:0, id:2 tag:2
06-04 17:01:21.503 E/AmFFmpegExtractor( 605): codec_ctx->properties: 0
06-04 17:01:21.503 I/AmFFmpegExtractor( 605): checkInList: iswhite:0, mime:video/mp2ts, type:1, id:86019 tag:81
06-04 17:01:21.503 I/AmFFmpegExtractor( 605): checkInList: iswhite:1, mime:video/mp2ts, type:1, id:86019 tag:81
06-04 17:01:21.503 E/AmFFmpegExtractor( 605): true: iswhite:1, type:1, id:86019 tag:ffffffff
06-04 17:01:21.503 E/AmFFmpegExtractor( 605): codec_ctx->properties: 0
06-04 17:01:21.503 I/AmFFmpegExtractor( 605): checkInList: iswhite:0, mime:video/mp2ts, type:-1, id:0 tag:5
06-04 17:01:21.503 W/AmFFmpegUtils( 605): Unsupported codec id : 0
06-04 17:01:21.503 I/AmFFmpegExtractor( 605): checkInList: iswhite:1, mime:video/mp2ts, type:-1, id:0 tag:5
06-04 17:01:21.503 E/AmFFmpegExtractor( 605): codec_ctx->properties: 0
06-04 17:01:21.503 I/AmFFmpegExtractor( 605): checkInList: iswhite:0, mime:video/mp2ts, type:-1, id:0 tag:b
06-04 17:01:21.503 W/AmFFmpegUtils( 605): Unsupported codec id : 0
06-04 17:01:21.503 I/AmFFmpegExtractor( 605): checkInList: iswhite:1, mime:video/mp2ts, type:-1, id:0 tag:b
06-04 17:01:21.503 E/AmFFmpegExtractor( 605): codec_ctx->properties: 0
06-04 17:01:21.503 I/AmFFmpegExtractor( 605): checkSupportInList ret 1
06-04 17:01:21.503 I/AmFFmpegExtractor( 605): is in white list : 1
06-04 17:01:21.503 I/AmFFmpegExtractor( 605): SniffAmFFmpeg ok, confidence = 0.800000
06-04 17:01:21.512 W/AString ( 605): ctor got NULL, using empty string instead
06-04 17:01:21.512 I/AmFFmpegExtractor( 605):
06-04 17:01:21.512 I/AmFFmpegExtractor( 605): -----------AmFFmpegExtractor Info---------
06-04 17:01:21.512 I/AmFFmpegExtractor( 605):
06-04 17:01:21.512 I/AmFFmpegExtractor( 605): MM-module-name:Extractor,Version:5.1.7-g0c7d1d4(build:6351)
06-04 17:01:21.512 I/AmFFmpegExtractor( 605):
06-04 17:01:21.512 I/AmFFmpegExtractor( 605): ARCH = arm
06-04 17:01:21.512 I/AmFFmpegExtractor( 605): Author: multi-media team
06-04 17:01:21.512 I/AmFFmpegExtractor( 605): Branch name: * (HEAD detached at 0c7d1d4)
06-04 17:01:21.512 I/AmFFmpegExtractor( 605): Last Commit Info:
06-04 17:01:21.512 I/AmFFmpegExtractor( 605): commit 0c7d1d450b4d7ecd11fc2ddd21a6e67e11d0b24d
06-04 17:01:21.512 I/AmFFmpegExtractor( 605): Author: wang.ren
06-04 17:01:21.512 I/AmFFmpegExtractor( 605): Date: Mon Nov 18 08:39:16 2024 +0000
06-04 17:01:21.512 I/AmFFmpegExtractor( 605): AmFFmpegExtractor: CB2 invalid nal length when parse nal data [1/1]
06-04 17:01:21.512 I/AmFFmpegExtractor( 605): PD#SWPL-190774
06-04 17:01:21.512 I/AmFFmpegExtractor( 605): Change-Id: I639741fa67a5b027e7d8eaa1b588f753d2326e47
06-04 17:01:21.512 I/AmFFmpegExtractor( 605): Uncommitted-file-num:1
06-04 17:01:21.512 I/AmFFmpegExtractor( 605): Build-time: Thu Nov 28 13:44:43 CST 2024
06-04 17:01:21.512 I/AmFFmpegExtractor( 605): Build-name: drm.autobuild
06-04 17:01:21.512 I/AmFFmpegExtractor( 605): -----------------------------------------
06-04 17:01:21.512 I/AmFFmpegExtractor( 605): media.ffmpegextractor.loglevel 16
06-04 17:01:21.512 I/AmFFmpegExtractor( 605): vendor.media.ffmpegextractor.ESLen264Check : 10
06-04 17:01:21.512 I/AmFFmpegExtractor( 605): vendor.media.ffmpegextractor.ESLen265Check : 50
06-04 17:01:21.512 I/AmFFmpegByteIOAdapter( 605): File size : 480994052
06-04 17:01:21.513 I/AmFFmpegExtractor( 605): AmFFmpegExtractor mInputFormat name {mpegts [(null)]}
06-04 17:01:21.535 E/exFFmpeg( 605): [mpeg2video @ 0xe69d6410] Invalid frame dimensions 0x0.
06-04 17:01:21.707 I/AmFFmpegExtractor( 605): ///////////////start dump format
06-04 17:01:21.708 I/AmFFmpegExtractor( 605): [init 3386] video/mp2ts
06-04 17:01:21.708 I/AmFFmpegExtractor( 605): isMusic major_brand:null
06-04 17:01:21.708 I/AmFFmpegExtractor( 605): Stream 0(0) [video/mpeg2][codecid:0x2(0x2)] found.
06-04 17:01:21.708 I/AmFFmpegExtractor( 605): [AmFFmpegSource 717]startTimeUs:69132024456, seekable:1
06-04 17:01:21.708 I/AmFFmpegExtractor( 605): [init 753](0xee3413c0)
06-04 17:01:21.708 E/AmFFmpegExtractor( 605): mAudioMuxRead 0
06-04 17:01:21.708 I/AmFFmpegExtractor( 605): init kKeyDuration = 198739000
06-04 17:01:21.709 I/AmFFmpegExtractor( 605): VIDEO stream startTimeUs = 69132024456
06-04 17:01:21.709 I/AmFFmpegExtractor( 605): video:demux: extradata_size = 100
06-04 17:01:21.709 I/AmFFmpegExtractor( 605): video:demux: has b-frame = 1
06-04 17:01:21.709 I/AmFFmpegExtractor( 605): video:demux: width = 1920, height = 1080
06-04 17:01:21.709 I/AmFFmpegExtractor( 605): SAR [1:1]
06-04 17:01:21.709 E/AmFFmpegExtractor( 605): demux: frame_number = 0
06-04 17:01:21.709 I/AmFFmpegExtractor( 605): init kKeyFrameRate = 30(29.969999)
06-04 17:01:21.709 I/AmFFmpegExtractor( 605): set frame-rate 30 rationalFramerate num 30000 den 1001
06-04 17:01:21.709 I/AmFFmpegExtractor( 605): mIsDolbyVison :0, mCreate_two_tracks_dv:0, codec_id: 2(AVC:27,HEVC:173), DvCFG:0(0), TAG:
06-04 17:01:21.709 I/AmFFmpegExtractor( 605): Mime:video/mpeg2
06-04 17:01:21.709 I/StreamFormatter( 605): Creating formatter for codec id : 2 extradata size : 100
06-04 17:01:21.709 I/AmFFmpegExtractor( 605): [init 3565] mIsDolbyVison:0, i:0
06-04 17:01:21.709 I/AmFFmpegExtractor( 605): Stream 1(1) [audio/ac3][codecid:0x15003(0x15003)] found.
06-04 17:01:21.709 I/AmFFmpegExtractor( 605): [AmFFmpegSource 717]startTimeUs:69132024456, seekable:1
06-04 17:01:21.709 I/AmFFmpegExtractor( 605): [init 753](0xee341ba0)
06-04 17:01:21.709 E/AmFFmpegExtractor( 605): mAudioMuxRead 0
06-04 17:01:21.709 I/AmFFmpegExtractor( 605): init kKeyDuration = 198739000
06-04 17:01:21.709 I/AmFFmpegExtractor( 605): audio:demux: fmt = -1
06-04 17:01:21.709 I/AmFFmpegExtractor( 605): audio:demux: channels = 2
06-04 17:01:21.709 I/AmFFmpegExtractor( 605): audio:demux: sample_rate = 48000
06-04 17:01:21.709 I/AmFFmpegExtractor( 605): audio:demux: bit_rate = 448000
06-04 17:01:21.709 I/AmFFmpegExtractor( 605): audio:demux: codec_id = 86019
06-04 17:01:21.709 I/AmFFmpegExtractor( 605): audio:demux: stream startTimeUs = 69132024456
06-04 17:01:21.709 I/AmFFmpegExtractor( 605): audio:demux: block_align = 0
06-04 17:01:21.709 I/AmFFmpegExtractor( 605): Mime:audio/ac3
06-04 17:01:21.709 I/StreamFormatter( 605): Creating formatter for codec id : 86019 extradata size : 0
06-04 17:01:21.710 I/AmFFmpegExtractor( 605): [init 3565] mIsDolbyVison:0, i:1
06-04 17:01:21.710 W/AmFFmpegUtils( 605): Unsupported codec id : 0
06-04 17:01:21.710 I/AmFFmpegExtractor( 605): Stream -1(-1) [UNKNOWN][codecid:0x0(0x0)] found.
06-04 17:01:21.710 W/AmFFmpegUtils( 605): Unsupported codec id : 0
06-04 17:01:21.710 I/AmFFmpegExtractor( 605): Stream -1(-1) [UNKNOWN][codecid:0x0(0x0)] found.
06-04 17:01:21.712 I/AmFFmpegExtractor( 605): Stream 1(1) [audio/ac3][codecid:0x15003(0x15003)] found.
06-04 17:01:21.713 I/AmFFmpegExtractor( 605): pthread_create OK pid:-443039296
06-04 17:01:21.713 I/AmFFmpegExtractor( 605): feedMore_task in
06-04 17:01:21.715 I/AmAVUtils( 608): set default max-input-size to 1887436
06-04 17:01:21.719 I/AmFFmpegExtractor( 605): feedMore_task out toBeExit:1 , err:0
06-04 17:01:21.719 I/AmFFmpegExtractor( 605): [~AmFFmpegExtractor 2707] feedMore task has exited.
06-04 17:01:21.719 I/AmFFmpegExtractor( 605): [~AmFFmpegSource 732]
06-04 17:01:21.719 I/AmFFmpegExtractor( 605): [~AmFFmpegSource 732]
06-04 17:01:21.719 I/AmFFmpegExtractor( 605): [~AmFFmpegExtractor 2720]
06-04 17:01:21.719 I/AmFFmpegExtractor( 605): [~AmFFmpegExtractor 2723]
06-04 17:01:21.720 W/RefBase ( 605): RefBase: Explicit destruction, weak count = 0 (in 0xea107604). Use sp<> to manage this object.
06-04 17:01:21.720 W/RefBase ( 605): CallStack::getCurrentInternal not linked, returning null
06-04 17:01:21.720 W/RefBase ( 605): CallStack::logStackInternal not linked
06-04 17:01:21.722 E/MetadataRetrieverClient( 608): unable to dlopen metadata_retriever extension: dlopen failed: library "libmetadataretriever_ext.so" not found
06-04 17:01:21.728 I/AmFFmpegByteIOAdapter( 605): File size : 31407656
06-04 17:01:21.730 I/AmFFmpegExtractor( 605): checkInList: iswhite:0, mime:video/mp2ts, type:0, id:27 tag:1b
06-04 17:01:21.730 I/AmFFmpegExtractor( 605): checkInList: iswhite:1, mime:video/mp2ts, type:0, id:27 tag:1b
06-04 17:01:21.731 E/AmFFmpegExtractor( 605): codec_ctx->properties: 0
06-04 17:01:21.731 I/AmFFmpegExtractor( 605): checkInList: iswhite:0, mime:video/mp2ts, type:1, id:86018 tag:f
06-04 17:01:21.731 I/AmFFmpegExtractor( 605): checkInList: iswhite:1, mime:video/mp2ts, type:1, id:86018 tag:f
06-04 17:01:21.731 E/AmFFmpegExtractor( 605): true: iswhite:1, type:1, id:86018 tag:ffffffff
06-04 17:01:21.731 E/AmFFmpegExtractor( 605): codec_ctx->properties: 0
06-04 17:01:21.731 I/AmFFmpegExtractor( 605): checkSupportInList ret 1
06-04 17:01:21.731 I/AmFFmpegExtractor( 605): is in white list : 1
06-04 17:01:21.731 I/AmFFmpegExtractor( 605): SniffAmFFmpeg ok, confidence = 0.800000
06-04 17:01:21.751 W/AString ( 605): ctor got NULL, using empty string instead
06-04 17:01:21.751 I/AmFFmpegExtractor( 605):
06-04 17:01:21.751 I/AmFFmpegExtractor( 605): -----------AmFFmpegExtractor Info---------
06-04 17:01:21.751 I/AmFFmpegExtractor( 605):
06-04 17:01:21.751 I/AmFFmpegExtractor( 605): MM-module-name:Extractor,Version:5.1.7-g0c7d1d4(build:6351)
06-04 17:01:21.751 I/AmFFmpegExtractor( 605):
06-04 17:01:21.751 I/AmFFmpegExtractor( 605): ARCH = arm
06-04 17:01:21.751 I/AmFFmpegExtractor( 605): Author: multi-media team
06-04 17:01:21.751 I/AmFFmpegExtractor( 605): Branch name: * (HEAD detached at 0c7d1d4)
06-04 17:01:21.751 I/AmFFmpegExtractor( 605): Last Commit Info:
06-04 17:01:21.751 I/AmFFmpegExtractor( 605): commit 0c7d1d450b4d7ecd11fc2ddd21a6e67e11d0b24d
06-04 17:01:21.751 I/AmFFmpegExtractor( 605): Author: wang.ren
06-04 17:01:21.751 I/AmFFmpegExtractor( 605): Date: Mon Nov 18 08:39:16 2024 +0000
06-04 17:01:21.751 I/AmFFmpegExtractor( 605): AmFFmpegExtractor: CB2 invalid nal length when parse nal data [1/1]
06-04 17:01:21.751 I/AmFFmpegExtractor( 605): PD#SWPL-190774
