06-04 17:02:00.728 V/WindowManager( 693): startWCT=WindowContainerTransaction { changes = {} hops = [] errorCallbackToken=null taskFragmentOrganizer=null }
06-04 17:02:00.728 V/WindowManager( 693): info={id=11 t=OPEN f=0x0 trk=0 r=[0@Point(0, 0)] c=[{WCT{RemoteToken{69ee78c Task{5df0a2e #27 type=standard A=10041:com.tv.filemanager.os}}} m=OPEN f=NONE leash=Surface(name=Task=27)/@0x30b4a19 sb=Rect(0, 0 - 1920, 1080) eb=Rect(0, 0 - 1920, 1080) d=0},{WCT{RemoteToken{49bbab0 Task{47adf01 #1 type=home}}} m=TO_BACK f=NONE leash=Surface(name=Task=1)/@0x42b3192 sb=Rect(0, 0 - 1920, 1080) eb=Rect(0, 0 - 1920, 1080) d=0}]}
06-04 17:02:00.732 D/CompatibilityChangeReporter( 693): Compat change id reported: 178209446; UID 10041; state: DISABLED
06-04 17:02:00.739 E/StorageManager( 1471): Failed to open /storage/emulated/0/DBTestDir@God/.probe to set project id.: No such file or directory
06-04 17:02:00.739 W/MediaProvider( 1471): Failed to update quota type for /storage/emulated/0/DBTestDir@God/.probe
06-04 17:02:00.739 W/MediaProvider( 1471): java.io.IOException: Failed to update quota type for /storage/emulated/0/DBTestDir@God/.probe
06-04 17:02:00.739 W/MediaProvider( 1471): at android.os.storage.StorageManager.updateExternalStorageFileQuotaType(StorageManager.java:2560)
06-04 17:02:00.739 W/MediaProvider( 1471): at com.android.providers.media.MediaProvider.updateQuotaTypeForFileInternal(MediaProvider.java:882)
06-04 17:02:00.739 W/MediaProvider( 1471): at com.android.providers.media.MediaProvider.lambda$onFileCreatedForFuse$16(MediaProvider.java:1968)
06-04 17:02:00.739 W/MediaProvider( 1471): at com.android.providers.media.MediaProvider.$r8$lambda$2xymPekDQJh5Kd8JDQRtxlL1z1s(MediaProvider.java:0)
06-04 17:02:00.739 W/MediaProvider( 1471): at com.android.providers.media.MediaProvider$$ExternalSyntheticLambda13.run(R8$$SyntheticClass:0)
06-04 17:02:00.739 W/MediaProvider( 1471): at android.os.Handler.handleCallback(Handler.java:958)
06-04 17:02:00.739 W/MediaProvider( 1471): at android.os.Handler.dispatchMessage(Handler.java:99)
06-04 17:02:00.739 W/MediaProvider( 1471): at android.os.Looper.loopOnce(Looper.java:205)
06-04 17:02:00.739 W/MediaProvider( 1471): at android.os.Looper.loop(Looper.java:294)
06-04 17:02:00.739 W/MediaProvider( 1471): at android.os.HandlerThread.run(HandlerThread.java:67)
06-04 17:02:00.768 I/ImeTracker( 693): com.tv.filemanager.os:8790fddf: onRequestHide at ORIGIN_SERVER_HIDE_INPUT reason HIDE_STATE_HIDDEN_FORWARD_NAV
06-04 17:02:00.769 W/ContextImpl( 693): Calling a method in the system process without a qualified user: android.app.ContextImpl.startService:1899 com.android.server.wm.DisplayPolicy.lambda$focusChangedLw$5:2126 com.android.server.wm.DisplayPolicy.$r8$lambda$Znxk63oh-WzVnzo_WQefN7uxV48:0 com.android.server.wm.DisplayPolicy$$ExternalSyntheticLambda13.run:0 android.os.Handler.handleCallback:958
06-04 17:02:00.769 I/ImeTracker( 693): com.tv.filemanager.os:8790fddf: onCancelled at PHASE_SERVER_SHOULD_HIDE
06-04 17:02:00.771 D/aaa ( 1520): LedStatusService onStartCommand begin
06-04 17:02:00.771 I/DefaultIMS( 1447): onStartInput attribute=android.view.inputmethod.EditorInfo@b8af302 restarting=false inputType: 0
06-04 17:02:00.773 D/aaa ( 1520): topPkg is -------------- :com.tv.filemanager.os
06-04 17:02:01.085 D/nStackXCoAP( 3620): IsInSameNetwork:[276] :IsInSameNetwork exec
06-04 17:02:01.086 I/nStackXDFinder( 3620): GetLocalInterfaceDetail:[461] :GetLocalInterfaceDetail in
06-04 17:02:01.086 E/nStackXCoAP( 3620): IsInSameNetwork:[281] :IsInSameNetwork: not priority process
06-04 17:02:01.086 D/nStackXCoAP( 3620): ParseServiceDiscover:[330] :new device join
06-04 17:02:01.086 E/nStackXDFinder( 3620): GetLocalIp:[401] :GetLocalIp exec
06-04 17:02:01.136 V/WindowManagerShell( 982): Transition animation finished (aborted=false), notifying core (#11)android.os.BinderProxy@ec49cc3@0
06-04 17:02:01.138 V/WindowManager( 693): Finish Transition #11: created at
06-04 17:02:00.453 collect-started=0.317ms request-sent=14.205ms started=15.901ms ready=26.746ms sent=261.679ms finished=684.246ms
06-04 17:02:01.141 V/WindowManagerShell( 982): Track 0 became idle
06-04 17:02:01.141 V/WindowManagerShell( 982): All active transition animations finished
06-04 17:02:01.598 D/nStackXCoAP( 3620): IsInSameNetwork:[276] :IsInSameNetwork exec
06-04 17:02:01.598 I/nStackXDFinder( 3620): GetLocalInterfaceDetail:[461] :GetLocalInterfaceDetail in
06-04 17:02:01.598 E/nStackXCoAP( 3620): IsInSameNetwork:[281] :IsInSameNetwork: not priority process
06-04 17:02:01.598 D/nStackXCoAP( 3620): ParseServiceDiscover:[330] :new device join
06-04 17:02:01.598 E/nStackXDFinder( 3620): GetLocalIp:[401] :GetLocalIp exec
06-04 17:02:01.806 I/cling--ap-3( 3475): type=1400 audit(0.0:1036): avc: denied { search } for name="net" dev="sysfs" ino=12344 scontext=u:r:untrusted_app_27:s0:c44,c256,c512,c768 tcontext=u:object_r:sysfs_net:s0 tclass=dir permissive=1 app=com.dangbei.screencast
06-04 17:02:01.806 I/cling--ap-3( 3475): type=1400 audit(0.0:1037): avc: denied { read } for name="address" dev="sysfs" ino=22126 scontext=u:r:untrusted_app_27:s0:c44,c256,c512,c768 tcontext=u:object_r:sysfs_net:s0 tclass=file permissive=1 app=com.dangbei.screencast
06-04 17:02:01.806 I/cling--ap-3( 3475): type=1400 audit(0.0:1038): avc: denied { open } for path="/sys/devices/virtual/net/dummy0/address" dev="sysfs" ino=22126 scontext=u:r:untrusted_app_27:s0:c44,c256,c512,c768 tcontext=u:object_r:sysfs_net:s0 tclass=file permissive=1 app=com.dangbei.screencast
06-04 17:02:01.806 I/cling--ap-3( 3475): type=1400 audit(0.0:1039): avc: denied { getattr } for path="/sys/devices/virtual/net/dummy0/address" dev="sysfs" ino=22126 scontext=u:r:untrusted_app_27:s0:c44,c256,c512,c768 tcontext=u:object_r:sysfs_net:s0 tclass=file permissive=1 app=com.dangbei.screencast
06-04 17:02:01.986 I/WifiHAL ( 506): call wifi_get_link_stats handler
06-04 17:02:01.986 I/WifiHAL ( 506): Creating message to get link statistics; iface = 16
06-04 17:02:01.986 D/WifiHAL ( 506): error code -95 mapped to -3
06-04 17:02:01.987 E/WifiStaIfaceAidlImpl( 693): getLinkLayerStats failed with service-specific exception: android.os.ServiceSpecificException: (code 4)
06-04 17:02:02.009 D/nStackXCoAP( 3620): IsInSameNetwork:[276] :IsInSameNetwork exec
06-04 17:02:02.009 I/nStackXDFinder( 3620): GetLocalInterfaceDetail:[461] :GetLocalInterfaceDetail in
06-04 17:02:02.009 E/nStackXCoAP( 3620): IsInSameNetwork:[281] :IsInSameNetwork: not priority process
06-04 17:02:02.009 D/nStackXCoAP( 3620): ParseServiceDiscover:[330] :new device join
06-04 17:02:02.009 E/nStackXDFinder( 3620): GetLocalIp:[401] :GetLocalIp exec
06-04 17:02:02.526 D/PickerSyncController( 1471): syncAllMedia
06-04 17:02:02.526 D/PickerSyncController( 1471): syncAllMediaFromProvider() LOCAL, auth=com.android.providers.media.photopicker, retry=true
06-04 17:02:02.526 D/PickerSyncController( 1471): getSyncRequestParams() LOCAL, auth=com.android.providers.media.photopicker
06-04 17:02:02.530 D/nStackXCoAP( 3620): IsInSameNetwork:[276] :IsInSameNetwork exec
06-04 17:02:02.530 I/nStackXDFinder( 3620): GetLocalInterfaceDetail:[461] :GetLocalInterfaceDetail in
06-04 17:02:02.530 E/nStackXCoAP( 3620): IsInSameNetwork:[281] :IsInSameNetwork: not priority process
06-04 17:02:02.530 D/nStackXCoAP( 3620): ParseServiceDiscover:[330] :new device join
06-04 17:02:02.530 E/nStackXDFinder( 3620): GetLocalIp:[401] :GetLocalIp exec
06-04 17:02:02.551 D/PickerSyncController( 1471): Latest ID/Gen=1407:d95db49e-19f8-43f5-a939-1add587f188f:02e24445e2443ee3:external_primary/2591
06-04 17:02:02.551 D/PickerSyncController( 1471): Cached ID/Gen=1407:d95db49e-19f8-43f5-a939-1add587f188f:02e24445e2443ee3:external_primary/2586
06-04 17:02:02.551 D/PickerSyncController( 1471): RESULT=SyncRequestParams{type=MEDIA_INCREMENTAL, gen=2586, latest=Bundle[{last_media_sync_generation=2591, media_collection_id=1407:d95db49e-19f8-43f5-a939-1add587f188f:02e24445e2443ee3:external_primary}]}
06-04 17:02:02.551 I/PickerSyncController( 1471): Executing SyncAdd. isLocal: true. authority: com.android.providers.media.photopicker
06-04 17:02:02.576 I/PickerSyncController( 1471): Paged sync successful. QueryArgs: Bundle[{android.provider.extra.SYNC_GENERATION=2586}]. Result count: 1. Cursor count: 1
06-04 17:02:02.577 I/PickerSyncController( 1471): Executing SyncRemove. isLocal: true. authority: com.android.providers.media.photopicker
06-04 17:02:02.580 I/PickerSyncController( 1471): Paged sync successful. QueryArgs: Bundle[{android.provider.extra.SYNC_GENERATION=2586}]. Result count: 0. Cursor count: 0
06-04 17:02:02.581 D/PickerSyncController( 1471): syncAllMediaFromProvider() CLOUD, auth=null, retry=true
06-04 17:02:02.581 D/PickerSyncController( 1471): getSyncRequestParams() CLOUD, auth=null
06-04 17:02:02.581 D/PickerSyncController( 1471): RESULT=SyncRequestParams{type=MEDIA_RESET, gen=0, latest=null}
06-04 17:02:02.581 I/PickerSyncController( 1471): Executing SyncReset. isLocal: false. authority: null
06-04 17:02:02.582 I/PickerSyncController( 1471): SyncReset. isLocal:false. authority: null. result count: 0
06-04 17:02:02.582 D/PickerSyncController( 1471): Ignoring cache media info for null authority with bundle: null
06-04 17:02:02.582 I/PickerSyncController( 1471): Executing SyncAlbumReset. isLocal: true. authority: com.android.providers.media.photopicker. albumId: null
06-04 17:02:02.582 I/PickerSyncController( 1471): Successfully executed SyncResetAlbum. authority: com.android.providers.media.photopicker. albumId: null. Result count: 0
06-04 17:02:02.582 I/PickerSyncController( 1471): Executing SyncAlbumReset. isLocal: false. authority: null. albumId: null
06-04 17:02:02.583 I/PickerSyncController( 1471): Successfully executed SyncResetAlbum. authority: null. albumId: null. Result count: 0
06-04 17:02:02.582 I/rainbow_flow( 3816): type=1400 audit(0.0:1040): avc: denied { ioctl } for path="/dev/spidev1.0" dev="tmpfs" ino=528 ioctlcmd=0x6b00 scontext=u:r:init:s0 tcontext=u:object_r:device:s0 tclass=chr_file permissive=1
06-04 17:02:02.939 D/DhcpClient( 1053): Received packet: 7e:77:3d:13:73:75 ACK: your new IP /192.168.3.156, netmask /255.255.254.0, gateways [/192.168.3.1] DNS servers: /202.96.134.133 /202.96.128.166 , lease time 3600
06-04 17:02:04.340 D/OomAdjuster( 693): Not killing cached processes
06-04 17:02:04.477 E/TaskPersister( 693): File error accessing recents directory (directory doesn't exist?).
06-04 17:02:04.994 I/WifiHAL ( 506): call wifi_get_link_stats handler
06-04 17:02:04.994 I/WifiHAL ( 506): Creating message to get link statistics; iface = 16
06-04 17:02:04.994 D/WifiHAL ( 506): error code -95 mapped to -3
06-04 17:02:04.995 E/WifiStaIfaceAidlImpl( 693): getLinkLayerStats failed with service-specific exception: android.os.ServiceSpecificException: (code 4)
06-04 17:02:07.999 I/WifiHAL ( 506): call wifi_get_link_stats handler
06-04 17:02:07.999 I/WifiHAL ( 506): Creating message to get link statistics; iface = 16
06-04 17:02:07.999 D/WifiHAL ( 506): error code -95 mapped to -3
06-04 17:02:08.000 E/WifiStaIfaceAidlImpl( 693): getLinkLayerStats failed with service-specific exception: android.os.ServiceSpecificException: (code 4)
06-04 17:02:10.440 D/DhcpClient( 1053): Received packet: 7e:77:3d:13:73:75 ACK: your new IP /192.168.3.156, netmask /255.255.254.0, gateways [/192.168.3.1] DNS servers: /202.96.134.133 /202.96.128.166 , lease time 3600
06-04 17:02:11.006 I/WifiHAL ( 506): call wifi_get_link_stats handler
06-04 17:02:11.007 I/WifiHAL ( 506): Creating message to get link statistics; iface = 16
06-04 17:02:11.007 D/WifiHAL ( 506): error code -95 mapped to -3
06-04 17:02:11.007 E/WifiStaIfaceAidlImpl( 693): getLinkLayerStats failed with service-specific exception: android.os.ServiceSpecificException: (code 4)
06-04 17:02:12.264 D/DhcpClient( 1053): Received packet: 7e:77:3d:13:73:75 ACK: your new IP /192.168.3.156, netmask /255.255.254.0, gateways [/192.168.3.1] DNS servers: /202.96.134.133 /202.96.128.166 , lease time 3600
06-04 17:02:14.013 I/WifiHAL ( 506): call wifi_get_link_stats handler
06-04 17:02:14.013 I/WifiHAL ( 506): Creating message to get link statistics; iface = 16
06-04 17:02:14.013 D/WifiHAL ( 506): error code -95 mapped to -3
06-04 17:02:14.014 E/WifiStaIfaceAidlImpl( 693): getLinkLayerStats failed with service-specific exception: android.os.ServiceSpecificException: (code 4)
06-04 17:02:14.351 D/OomAdjuster( 693): Not killing cached processes
06-04 17:02:16.401 D/nStackXCoAP( 3620): IsInSameNetwork:[276] :IsInSameNetwork exec
06-04 17:02:16.401 I/nStackXDFinder( 3620): GetLocalInterfaceDetail:[461] :GetLocalInterfaceDetail in
06-04 17:02:16.401 E/nStackXCoAP( 3620): IsInSameNetwork:[281] :IsInSameNetwork: not priority process
06-04 17:02:16.401 D/nStackXCoAP( 3620): ParseServiceDiscover:[330] :new device join
06-04 17:02:16.401 I/nStackXDFinder( 3620): NotifyDeviceListChanged:[540] :notify callback: device list changed callback is null
06-04 17:02:16.401 E/nStackXDFinder( 3620): GetLocalIp:[401] :GetLocalIp exec
06-04 17:02:16.806 D/nStackXCoAP( 3620): IsInSameNetwork:[276] :IsInSameNetwork exec
06-04 17:02:16.806 I/nStackXDFinder( 3620): GetLocalInterfaceDetail:[461] :GetLocalInterfaceDetail in
06-04 17:02:16.806 E/nStackXCoAP( 3620): IsInSameNetwork:[281] :IsInSameNetwork: not priority process
06-04 17:02:16.806 D/nStackXCoAP( 3620): ParseServiceDiscover:[330] :new device join
06-04 17:02:16.806 E/nStackXDFinder( 3620): GetLocalIp:[401] :GetLocalIp exec
06-04 17:02:17.021 I/WifiHAL ( 506): call wifi_get_link_stats handler
06-04 17:02:17.021 I/WifiHAL ( 506): Creating message to get link statistics; iface = 16
06-04 17:02:17.021 D/WifiHAL ( 506): error code -95 mapped to -3
06-04 17:02:17.022 E/WifiStaIfaceAidlImpl( 693): getLinkLayerStats failed with service-specific exception: android.os.ServiceSpecificException: (code 4)
06-04 17:02:17.296 D/nStackXCoAP( 3620): IsInSameNetwork:[276] :IsInSameNetwork exec
06-04 17:02:17.296 I/nStackXDFinder( 3620): GetLocalInterfaceDetail:[461] :GetLocalInterfaceDetail in
06-04 17:02:17.296 E/nStackXCoAP( 3620): IsInSameNetwork:[281] :IsInSameNetwork: not priority process
06-04 17:02:17.296 D/nStackXCoAP( 3620): ParseServiceDiscover:[330] :new device join
06-04 17:02:17.296 E/nStackXDFinder( 3620): GetLocalIp:[401] :GetLocalIp exec
06-04 17:02:17.777 D/nStackXCoAP( 3620): IsInSameNetwork:[276] :IsInSameNetwork exec
06-04 17:02:17.777 I/nStackXDFinder( 3620): GetLocalInterfaceDetail:[461] :GetLocalInterfaceDetail in
06-04 17:02:17.777 E/nStackXCoAP( 3620): IsInSameNetwork:[281] :IsInSameNetwork: not priority process
06-04 17:02:17.777 D/nStackXCoAP( 3620): ParseServiceDiscover:[330] :new device join
06-04 17:02:17.777 E/nStackXDFinder( 3620): GetLocalIp:[401] :GetLocalIp exec
06-04 17:02:18.320 D/nStackXCoAP( 3620): IsInSameNetwork:[276] :IsInSameNetwork exec
06-04 17:02:18.320 I/nStackXDFinder( 3620): GetLocalInterfaceDetail:[461] :GetLocalInterfaceDetail in
06-04 17:02:18.320 E/nStackXCoAP( 3620): IsInSameNetwork:[281] :IsInSameNetwork: not priority process
06-04 17:02:18.320 D/nStackXCoAP( 3620): ParseServiceDiscover:[330] :new device join
06-04 17:02:18.320 E/nStackXDFinder( 3620): GetLocalIp:[401] :GetLocalIp exec
06-04 17:02:19.322 D/nStackXCoAP( 3620): IsInSameNetwork:[276] :IsInSameNetwork exec
06-04 17:02:19.322 I/nStackXDFinder( 3620): GetLocalInterfaceDetail:[461] :GetLocalInterfaceDetail in
06-04 17:02:19.322 E/nStackXCoAP( 3620): IsInSameNetwork:[281] :IsInSameNetwork: not priority process
06-04 17:02:19.322 D/nStackXCoAP( 3620): ParseServiceDiscover:[330] :new device join
06-04 17:02:19.322 E/nStackXDFinder( 3620): GetLocalIp:[401] :GetLocalIp exec
06-04 17:02:19.831 D/nStackXCoAP( 3620): IsInSameNetwork:[276] :IsInSameNetwork exec
06-04 17:02:19.831 I/nStackXDFinder( 3620): GetLocalInterfaceDetail:[461] :GetLocalInterfaceDetail in
06-04 17:02:19.831 E/nStackXCoAP( 3620): IsInSameNetwork:[281] :IsInSameNetwork: not priority process
06-04 17:02:19.832 D/nStackXCoAP( 3620): ParseServiceDiscover:[330] :new device join
06-04 17:02:19.832 E/nStackXDFinder( 3620): GetLocalIp:[401] :GetLocalIp exec
06-04 17:02:20.027 I/WifiHAL ( 506): call wifi_get_link_stats handler
06-04 17:02:20.027 I/WifiHAL ( 506): Creating message to get link statistics; iface = 16
06-04 17:02:20.027 D/WifiHAL ( 506): error code -95 mapped to -3
06-04 17:02:20.027 E/WifiStaIfaceAidlImpl( 693): getLinkLayerStats failed with service-specific exception: android.os.ServiceSpecificException: (code 4)
06-04 17:02:20.854 D/nStackXCoAP( 3620): IsInSameNetwork:[276] :IsInSameNetwork exec
06-04 17:02:20.854 I/nStackXDFinder( 3620): GetLocalInterfaceDetail:[461] :GetLocalInterfaceDetail in
06-04 17:02:20.854 E/nStackXCoAP( 3620): IsInSameNetwork:[281] :IsInSameNetwork: not priority process
06-04 17:02:20.854 D/nStackXCoAP( 3620): ParseServiceDiscover:[330] :new device join
06-04 17:02:20.854 E/nStackXDFinder( 3620): GetLocalIp:[401] :GetLocalIp exec
06-04 17:02:22.882 I/Thread-9( 1471): type=1400 audit(0.0:1041): avc: denied { create } for name=".probe" scontext=u:r:mediaprovider_app:s0:c56,c256,c512,c768 tcontext=u:object_r:unlabeled:s0:c56,c256,c512,c768 tclass=file permissive=1 app=com.android.providers.media.module
06-04 17:02:22.946 I/Thread-9( 1471): type=1400 audit(0.0:1042): avc: denied { write } for path="/storage/02E24445E2443EE3/DBTestDir@God/.probe" dev="sda1" ino=72807 scontext=u:r:mediaprovider_app:s0:c56,c256,c512,c768 tcontext=u:object_r:unlabeled:s0 tclass=file permissive=1 app=com.android.providers.media.module
06-04 17:02:22.950 I/Thread-11( 1471): type=1400 audit(0.0:1043): avc: denied { remove_name } for name=".probe" dev="sda1" ino=72807 scontext=u:r:mediaprovider_app:s0:c56,c256,c512,c768 tcontext=u:object_r:unlabeled:s0 tclass=dir permissive=1 app=com.android.providers.media.module
06-04 17:02:22.950 I/Thread-11( 1471): type=1400 audit(0.0:1044): avc: denied { unlink } for name=".probe" dev="sda1" ino=72807 scontext=u:r:mediaprovider_app:s0:c56,c256,c512,c768 tcontext=u:object_r:unlabeled:s0 tclass=file permissive=1 app=com.android.providers.media.module
06-04 17:02:22.978 I/Thread-11( 1471): type=1400 audit(0.0:1045): avc: denied { rmdir } for name="DBTestDir@God" dev="sda1" ino=72806 scontext=u:r:mediaprovider_app:s0:c56,c256,c512,c768 tcontext=u:object_r:unlabeled:s0 tclass=dir permissive=1 app=com.android.providers.media.module
06-04 17:02:23.033 I/WifiHAL ( 506): call wifi_get_link_stats handler
06-04 17:02:23.033 I/WifiHAL ( 506): Creating message to get link statistics; iface = 16
06-04 17:02:23.033 D/WifiHAL ( 506): error code -95 mapped to -3
06-04 17:02:23.034 E/WifiStaIfaceAidlImpl( 693): getLinkLayerStats failed with service-specific exception: android.os.ServiceSpecificException: (code 4)
06-04 17:02:23.351 I/BaseRequest( 2435): complete
06-04 17:02:23.351 I/BaseRequest( 2435): success!=nulltrue
06-04 17:02:23.355 W/.filemanager.os( 2435): Accessing hidden method Landroid/os/storage/VolumeInfo;->getDescriptionComparator()Ljava/util/Comparator; (max-target-o, reflection, denied)
06-04 17:02:23.355 W/System.err( 2435): java.lang.NoSuchMethodException: android.os.storage.VolumeInfo.getDescriptionComparator []
06-04 17:02:23.363 W/System.err( 2435): at java.lang.Class.getMethod(Class.java:2937)
06-04 17:02:23.364 W/System.err( 2435): at java.lang.Class.getMethod(Class.java:2449)
06-04 17:02:23.364 W/System.err( 2435): at com.monster.godzilla.utlis.FileManagerSdcardUtils.getAllSDPath(FileManagerSdcardUtils.java:126)
06-04 17:02:23.364 W/System.err( 2435): at com.dangbei.lerad.filemanager.ui.home.ManagerHomeActivity.onRequestDiskInfo(ManagerHomeActivity.java:185)
06-04 17:02:23.364 W/System.err( 2435): at com.dangbei.lerad.filemanager.ui.home.ManagerHomePresenter.lambda$requestDiskInfo$2$ManagerHomePresenter(ManagerHomePresenter.java:127)
06-04 17:02:23.364 W/System.err( 2435): at com.dangbei.lerad.filemanager.ui.home.-$$Lambda$ManagerHomePresenter$RAAXS303rpWOtR1VxYYweKio5MI.call(Unknown Source:8)
06-04 17:02:23.364 W/System.err( 2435): at com.monster.godzilla.target.TargetDiskScan.call(TargetDiskScan.java:40)
06-04 17:02:23.364 W/System.err( 2435): at com.monster.godzilla.target.TargetDiskScan.call(TargetDiskScan.java:22)
06-04 17:02:23.364 W/System.err( 2435): at com.monster.godzilla.load.BaseRequest.complete(BaseRequest.java:86)
06-04 17:02:23.364 W/System.err( 2435): at com.monster.godzilla.load.RequestDiskScan$1.onNext(RequestDiskScan.java:97)
06-04 17:02:23.364 W/System.err( 2435): at com.monster.godzilla.load.RequestDiskScan$1.onNext(RequestDiskScan.java:55)
06-04 17:02:23.364 W/System.err( 2435): at com.monster.godzilla.utlis.ThreadManager$Subscriber$1.run(ThreadManager.java:197)
06-04 17:02:23.364 W/System.err( 2435): at android.os.Handler.handleCallback(Handler.java:958)
06-04 17:02:23.364 W/System.err( 2435): at android.os.Handler.dispatchMessage(Handler.java:99)
06-04 17:02:23.364 W/System.err( 2435): at android.os.Looper.loopOnce(Looper.java:205)
06-04 17:02:23.364 W/System.err( 2435): at android.os.Looper.loop(Looper.java:294)
06-04 17:02:23.364 W/System.err( 2435): at android.app.ActivityThread.main(ActivityThread.java:8255)
06-04 17:02:23.364 W/System.err( 2435): at java.lang.reflect.Method.invoke(Native Method)
06-04 17:02:23.364 W/System.err( 2435): at com.android.internal.os.RuntimeInit$MethodAndArgsCaller.run(RuntimeInit.java:552)
06-04 17:02:23.364 W/System.err( 2435): at com.android.internal.os.ZygoteInit.main(ZygoteInit.java:978)
06-04 17:02:23.395 D/sss ( 2435): 发现USB设备------------------>>2>/storage/02E24445E2443EE3
06-04 17:02:23.477 I/audio_hw_hal_alsamgr( 479): alsa format =0x1 delay frames =768 total frames=9306880
06-04 17:02:23.510 I/DefaultIMS( 1447): onStartInput attribute=android.view.inputmethod.EditorInfo@a6fe05a restarting=false inputType: 0
06-04 17:02:23.969 E/ccc ( 1438): cccccc sendCycleCheckBroadcast
06-04 17:02:23.970 W/ContextImpl( 1438): Calling a method in the system process without a qualified user: android.app.ContextImpl.sendBroadcast:1220 android.content.ContextWrapper.sendBroadcast:504 com.dangbei.etna.setting.core.SettingHelper.sendCycleToProjector:257 com.dangbei.etna.setting.core.SettingHelper.sendCycleCheckBroadcast:226 com.dangbei.etna.setting.core.SettingHelper.startLoop$lambda-0:185
06-04 17:02:23.972 W/ContextImpl( 1438): Calling a method in the system process without a qualified user: android.app.ContextImpl.sendBroadcast:1220 android.content.ContextWrapper.sendBroadcast:504 com.dangbei.etna.setting.core.SettingHelper.sendCycleToVoice:242 com.dangbei.etna.setting.core.SettingHelper.sendCycleCheckBroadcast:227 com.dangbei.etna.setting.core.SettingHelper.startLoop$lambda-0:185
06-04 17:02:23.973 D/OomAdjuster( 693): Not killing cached processes
06-04 17:02:23.976 D/RockyVoice( 1751): RestartReceiver onReceive
06-04 17:02:24.810 D/XM_HIDREAD( 1992): poll ret=1, event=1
06-04 17:02:24.810 D/XM_HIDREAD( 1992): [9 bytes]:01 00 00 4F 00 00 00 00 00
06-04 17:02:24.814 I/SogouIME( 1447): onKeyDown: keyoCode=22
06-04 17:02:24.814 I/DefaultIMS( 1447): onKeyDown: keyoCode=22
06-04 17:02:24.930 D/XM_HIDREAD( 1992): poll ret=1, event=1
06-04 17:02:24.930 D/XM_HIDREAD( 1992): [9 bytes]:01 00 00 00 00 00 00 00 00
06-04 17:02:24.933 I/SogouIME( 1447): onKeyUp: keyoCode=22
06-04 17:02:24.933 I/DefaultIMS( 1447): onKeyUp: keyoCode=22
06-04 17:02:25.310 D/XM_HIDREAD( 1992): poll ret=1, event=1
06-04 17:02:25.310 D/XM_HIDREAD( 1992): [9 bytes]:01 00 00 28 00 00 00 00 00
06-04 17:02:25.313 I/SogouIME( 1447): onKeyDown: keyoCode=23
06-04 17:02:25.313 I/DefaultIMS( 1447): onKeyDown: keyoCode=23
06-04 17:02:25.470 D/XM_HIDREAD( 1992): poll ret=1, event=1
06-04 17:02:25.470 D/XM_HIDREAD( 1992): [9 bytes]:01 00 00 00 00 00 00 00 00
06-04 17:02:25.472 I/SogouIME( 1447): onKeyUp: keyoCode=23
06-04 17:02:25.472 I/DefaultIMS( 1447): onKeyUp: keyoCode=23
06-04 17:02:25.474 E/hq_file ( 2435): disk click:/storage/02E24445E2443EE3
06-04 17:02:25.474 E/hq_file ( 2435): startActivity:/storage/02E24445E2443EE3_____position:0
06-04 17:02:25.474 E/hq_file ( 2435): startActivity:false
06-04 17:02:25.475 I/com.monster.godzilla.load.RequestDiskPath( 2435): doSomething
06-04 17:02:25.480 W/.filemanager.os( 2435): Accessing hidden method Landroid/os/storage/VolumeInfo;->getDescriptionComparator()Ljava/util/Comparator; (max-target-o, reflection, denied)
06-04 17:02:25.480 W/System.err( 2435): java.lang.NoSuchMethodException: android.os.storage.VolumeInfo.getDescriptionComparator []
06-04 17:02:25.480 W/System.err( 2435): at java.lang.Class.getMethod(Class.java:2937)
06-04 17:02:25.480 W/System.err( 2435): at java.lang.Class.getMethod(Class.java:2449)
06-04 17:02:25.480 W/System.err( 2435): at com.monster.godzilla.utlis.FileManagerSdcardUtils.getAllSDPath(FileManagerSdcardUtils.java:126)
06-04 17:02:25.480 W/System.err( 2435): at com.monster.godzilla.load.RequestDiskPath$1.onRun(RequestDiskPath.java:55)
06-04 17:02:25.480 W/System.err( 2435): at com.monster.godzilla.utlis.ThreadManager$ThreadPoolProxy$1.run(ThreadManager.java:105)
06-04 17:02:25.480 W/System.err( 2435): at java.util.concurrent.ThreadPoolExecutor.runWorker(ThreadPoolExecutor.java:1145)
06-04 17:02:25.480 W/System.err( 2435): at java.util.concurrent.ThreadPoolExecutor$Worker.run(ThreadPoolExecutor.java:644)
06-04 17:02:25.480 W/System.err( 2435): at java.lang.Thread.run(Thread.java:1012)
06-04 17:02:25.505 D/sss ( 2435): 发现USB设备------------------>>2>/storage/02E24445E2443EE3
06-04 17:02:25.506 I/BaseRequest( 2435): complete
06-04 17:02:25.506 I/BaseRequest( 2435): success!=nulltrue
06-04 17:02:25.506 E/hq_file ( 2435): startActivity:contains
06-04 17:02:25.510 E/CellBroadcastUtils( 693): getDefaultCellBroadcastReceiverPackageName: no package found
06-04 17:02:25.514 E/Transition( 693): Trying to add a ready-group twice: Display{#0 state=ON size=1920x1080 ROTATION_0}
06-04 17:02:25.515 I/ActivityTaskManager( 693): START u0 {flg=0x14000000 cmp=com.tv.filemanager.os/com.dangbei.lerad.filemanager.ui.info.ManagerDiskInfoActivity (has extras)} with LAUNCH_MULTIPLE from uid 10041 (BAL_ALLOW_VISIBLE_WINDOW) result code=0
06-04 17:02:25.516 E/hq_file ( 2435): startActivity:over
06-04 17:02:25.516 V/WindowManagerShell( 982): Transition requested: android.os.BinderProxy@1a4a9e9 TransitionRequestInfo { type = 1, triggerTask = TaskInfo{userId=0 taskId=27 displayId=0 isRunning=true baseIntent=Intent { act=android.intent.action.MAIN cat=[android.intent.category.LAUNCHER] flg=0x10000000 pkg=com.tv.filemanager.os cmp=com.tv.filemanager.os/com.dangbei.lerad.filemanager.ui.home.ManagerHomeActivity } baseActivity=ComponentInfo{com.tv.filemanager.os/com.dangbei.lerad.filemanager.ui.home.ManagerHomeActivity} topActivity=ComponentInfo{com.tv.filemanager.os/com.dangbei.lerad.filemanager.ui.info.ManagerDiskInfoActivity} origActivity=null realActivity=ComponentInfo{com.tv.filemanager.os/com.dangbei.lerad.filemanager.ui.home.ManagerHomeActivity} numActivities=2 lastActiveTime=208484 supportsMultiWindow=true resizeMode=1 isResizeable=true minWidth=-1 minHeight=-1 defaultMinSize=220 token=WCT{android.window.IWindowContainerToken$Stub$Proxy@217866e} topActivityType=1 pictureInPictureParams=null shouldDockBigOverlays=true launchIntoPipHostTaskId=-1 lastParentTaskIdBeforePip=-1 displayCutoutSafeInsets=null topActivityInfo=ActivityInfo{60df10f com.dangbei.lerad.filemanager.ui.info.ManagerDiskInfoActivity} launchCookies=[] positionInParent=Point(0, 0) parentTaskId=-1 isFocused=true isVisible=true isVisibleRequested=true isSleeping=false topActivityInSizeCompat=false topActivityEligibleForLetterboxEducation= false isLetterboxDoubleTapEnabled= false topActivityEligibleForUserAspectRatioButton= false topActivityBoundsLetterboxed= false isFromLetterboxDoubleTap= false topActivityLetterboxVerticalPosition= -1 topActivityLetterboxHorizontalPosition= -1 topActivityLetterboxWidth=-1 topActivityLetterboxHeight=-1 isUserFullscreenOverrideEnabled=false isTopActivityTransparent=false locusId=null displayAreaFeatureId=1 cameraCompatControlState=hidden}, remoteTransition = null, displayChange = null, flags = 0 }
06-04 17:02:25.522 V/WindowManager( 693): app ------------- force_land :0
06-04 17:02:25.522 V/WindowManager( 693): app ------------- force_land :0
06-04 17:02:25.522 V/WindowManager( 693): app ------------- force_land :0
06-04 17:02:25.533 V/WindowManager( 693): app ------------- force_land :0
06-04 17:02:25.535 E/hq_file ( 2435): startActivity:onCreate
06-04 17:02:25.541 I/BpBinder( 266): onLastStrongRef automatically unlinking death recipients:
06-04 17:02:25.550 E/hq_file ( 2435): initData:path:null
06-04 17:02:25.576 E/hq_file ( 2435): startActivity:onStart
06-04 17:02:25.577 E/hq_file ( 2435): loadData:path:/storage/02E24445E2443EE3
06-04 17:02:25.577 E/hq_file ( 2435): loadData:name:meida
06-04 17:02:25.577 E/hq_file ( 2435): loadData:canRead:true
06-04 17:02:25.577 E/hq_file ( 2435): loadData:isExsit:true
06-04 17:02:25.577 E/hq_file ( 2435): loadData:islocalUsb:false
06-04 17:02:25.581 E/hq_file ( 2435): startActivity:onResume
06-04 17:02:25.584 W/WindowManager( 693): [addWindow] title:com.tv.filemanager.os/com.dangbei.lerad.filemanager.ui.info.ManagerDiskInfoActivity
06-04 17:02:25.584 W/WindowManager( 693): Failed looking up window session=Session{6975762 2435:u0a10041} callers=com.android.server.wm.WindowManagerService.windowForClientLocked:6075 com.android.server.wm.Session.updateRequestedVisibleTypes:695 android.view.IWindowSession$Stub.onTransact:1034
06-04 17:02:25.592 D/CoreBackPreview( 693): Window{7db06f2 u0 com.tv.filemanager.os/com.dangbei.lerad.filemanager.ui.info.ManagerDiskInfoActivity}: Setting back callback OnBackInvokedCallbackInfo{mCallback=android.window.IOnBackInvokedCallback$Stub$Proxy@80383c0, mPriority=0, mIsAnimationCallback=false}
06-04 17:02:25.602 E/OpenGLRenderer( 2435): Unable to match the desired swap behavior.
06-04 17:02:25.611 D/TrafficStats( 2435): tagSocket(139) with statsTag=0xffffffff, statsUid=-1
06-04 17:02:25.616 D/StrictMode( 2435): StrictMode policy violation: android.os.strictmode.UntaggedSocketViolation: Untagged socket detected; use TrafficStats.setTrafficStatsTag() to track all network usage
06-04 17:02:25.616 D/StrictMode( 2435): at android.os.StrictMode.onUntaggedSocket(StrictMode.java:2287)
06-04 17:02:25.616 D/StrictMode( 2435): at android.os.StrictMode.noteUntaggedSocket(StrictMode.java:2741)
06-04 17:02:25.616 D/StrictMode( 2435): at android.net.TrafficStats$SocketTagger.tag(TrafficStats.java:255)
06-04 17:02:25.616 D/StrictMode( 2435): at libcore.io.BlockGuardOs.tagSocket(BlockGuardOs.java:55)
06-04 17:02:25.616 D/StrictMode( 2435): at libcore.io.BlockGuardOs.socket(BlockGuardOs.java:404)
06-04 17:02:25.616 D/StrictMode( 2435): at libcore.io.ForwardingOs.socket(ForwardingOs.java:821)
06-04 17:02:25.616 D/StrictMode( 2435): at libcore.io.IoBridge.socket(IoBridge.java:840)
06-04 17:02:25.616 D/StrictMode( 2435): at java.net.PlainSocketImpl.socketCreate(PlainSocketImpl.java:128)
06-04 17:02:25.616 D/StrictMode( 2435): at java.net.AbstractPlainSocketImpl.create(AbstractPlainSocketImpl.java:128)
06-04 17:02:25.616 D/StrictMode( 2435): at java.net.Socket.createImpl(Socket.java:514)
06-04 17:02:25.616 D/StrictMode( 2435): at java.net.Socket.getImpl(Socket.java:577)
06-04 17:02:25.616 D/StrictMode( 2435): at java.net.Socket.setSoTimeout(Socket.java:1203)
06-04 17:02:25.616 D/StrictMode( 2435): at okhttp3.internal.connection.RealConnection.connectSocket(RealConnection.java:185)
06-04 17:02:25.616 D/StrictMode( 2435): at okhttp3.internal.connection.RealConnection.buildConnection(RealConnection.java:173)
06-04 17:02:25.616 D/StrictMode( 2435): at okhttp3.internal.connection.RealConnection.connect(RealConnection.java:114)
06-04 17:02:25.616 D/StrictMode( 2435): at okhttp3.internal.connection.StreamAllocation.findConnection(StreamAllocation.java:193)
06-04 17:02:25.616 D/StrictMode( 2435): at okhttp3.internal.connection.StreamAllocation.findHealthyConnection(StreamAllocation.java:129)
06-04 17:02:25.616 D/StrictMode( 2435): at okhttp3.internal.connection.StreamAllocation.newStream(StreamAllocation.java:98)
06-04 17:02:25.616 D/StrictMode( 2435): at okhttp3.internal.connection.ConnectInterceptor.intercept(ConnectInterceptor.java:42)
06-04 17:02:25.616 D/StrictMode( 2435): at okhttp3.internal.http.RealInterceptorChain.proceed(RealInterceptorChain.java:92)
06-04 17:02:25.616 D/StrictMode( 2435): at okhttp3.internal.http.RealInterceptorChain.proceed(RealInterceptorChain.java:67)
06-04 17:02:25.616 D/StrictMode( 2435): at okhttp3.internal.cache.CacheInterceptor.intercept(CacheInterceptor.java:109)
06-04 17:02:25.616 D/StrictMode( 2435): at okhttp3.internal.http.RealInterceptorChain.proceed(RealInterceptorChain.java:92)
06-04 17:02:25.616 D/StrictMode( 2435): at okhttp3.internal.http.RealInterceptorChain.proceed(RealInterceptorChain.java:67)
06-04 17:02:25.616 D/StrictMode( 2435): at okhttp3.internal.http.BridgeInterceptor.intercept(BridgeInterceptor.java:93)
06-04 17:02:25.616 D/StrictMode( 2435): at okhttp3.internal.http.RealInterceptorChain.proceed(RealInterceptorChain.java:92)
06-04 17:02:25.616 D/StrictMode( 2435): at okhttp3.internal.http.RetryAndFollowUpInterceptor.intercept(RetryAndFollowUpInterceptor.java:124)
06-04 17:02:25.616 D/StrictMode( 2435): at okhttp3.internal.http.RealInterceptorChain.proceed(RealInterceptorChain.java:92)
06-04 17:02:25.616 D/StrictMode( 2435): at okhttp3.internal.http.RealInterceptorChain.proceed(RealInterceptorChain.java:67)
06-04 17:02:25.616 D/StrictMode( 2435): at okhttp3.RealCall.getResponseWithInterceptorChain(RealCall.java:170)
06-04 17:02:25.616 D/StrictMode( 2435): at okhttp3.RealCall.execute(RealCall.java:60)
06-04 17:02:25.616 D/StrictMode( 2435): at com.wangjiegulu.dal.request.XHttpObservable$3.subscribe(XHttpObservable.java:126)
06-04 17:02:25.616 D/StrictMode( 2435): at io.reactivex.internal.operators.observable.ObservableCreate.subscribeActual(ObservableCreate.java:40)
06-04 17:02:25.616 D/StrictMode( 2435): at io.reactivex.Observable.subscribe(Observable.java:12267)
06-04 17:02:25.616 D/StrictMode( 2435): at io.reactivex.internal.operators.observable.ObservableTimeoutTimed.subscribeActual(ObservableTimeoutTimed.java:47)
06-04 17:02:25.616 D/StrictMode( 2435): at io.reactivex.Observable.subscribe(Observable.java:12267)
06-04 17:02:25.616 D/StrictMode( 2435): at io.reactivex.internal.operators.observable.ObservableRetryBiPredicate$RetryBiObserver.subscribeNext(ObservableRetryBiPredicate.java:101)
06-04 17:02:25.616 D/StrictMode( 2435): at io.reactivex.internal.operators.observable.ObservableRetryBiPredicate.subscribeActual(ObservableRetryBiPredicate.java:39)
06-04 17:02:25.616 D/StrictMode( 2435): at io.reactivex.Observable.subscribe(Observable.java:12267)
06-04 17:02:25.616 D/StrictMode( 2435): at io.reactivex.internal.operators.observable.ObservableMap.subscribeActual(ObservableMap.java:32)
06-04 17:02:25.616 D/StrictMode( 2435): at io.reactivex.Observable.subscribe(Observable.java:12267)
06-04 17:02:25.616 D/StrictMode( 2435): at io.reactivex.internal.operators.observable.ObservableSubscribeOn$SubscribeTask.run(ObservableSubscribeOn.java:96)
06-04 17:02:25.616 D/StrictMode( 2435): at io.reactivex.internal.schedulers.ScheduledDirectTask.call(ScheduledDirectTask.java:38)
06-04 17:02:25.616 D/StrictMode( 2435): at io.reactivex.internal.schedulers.ScheduledDirectTask.call(ScheduledDirectTask.java:26)
06-04 17:02:25.616 D/StrictMode( 2435): at java.util.concurrent.FutureTask.run(FutureTask.java:264)
06-04 17:02:25.616 D/StrictMode( 2435): at java.util.concurrent.ThreadPoolExecutor.runWorker(ThreadPoolExecutor.java:1145)
06-04 17:02:25.616 D/StrictMode( 2435): at java.util.concurrent.ThreadPoolExecutor$Worker.run(ThreadPoolExecutor.java:644)
06-04 17:02:25.616 D/StrictMode( 2435): at java.lang.Thread.run(Thread.java:1012)
06-04 17:02:25.626 D/WindowManagerShell( 982): TvPipController: onTaskStackChanged()
06-04 17:02:25.637 W/View ( 2435): requestLayout() improperly called by com.dangbei.lerad.libui.control.layout.FitLinearLayout{8f50e09 VFE...C.. .F....ID 104,0-357,54} during layout: running second layout pass
06-04 17:02:25.637 W/View ( 2435): requestLayout() improperly called by com.dangbei.lerad.libui.control.widget.FitTextView{e93e80e V.ED..... ......ID 0,-23-252,77 #7f0a0123 app:id/disk_title_name} during layout: running second layout pass
06-04 17:02:25.657 I/ActivityTaskManager( 693): Displayed com.tv.filemanager.os/com.dangbei.lerad.filemanager.ui.info.ManagerDiskInfoActivity for user 0: +143ms
06-04 17:02:25.658 V/WindowManager( 693): Sent Transition #12 createdAt=06-04 17:02:25.509 via request=TransitionRequestInfo { type = 1, triggerTask = TaskInfo{userId=0 taskId=27 displayId=0 isRunning=true baseIntent=Intent { act=android.intent.action.MAIN cat=[android.intent.category.LAUNCHER] flg=0x10000000 pkg=com.tv.filemanager.os cmp=com.tv.filemanager.os/com.dangbei.lerad.filemanager.ui.home.ManagerHomeActivity } baseActivity=ComponentInfo{com.tv.filemanager.os/com.dangbei.lerad.filemanager.ui.home.ManagerHomeActivity} topActivity=ComponentInfo{com.tv.filemanager.os/com.dangbei.lerad.filemanager.ui.info.ManagerDiskInfoActivity} origActivity=null realActivity=ComponentInfo{com.tv.filemanager.os/com.dangbei.lerad.filemanager.ui.home.ManagerHomeActivity} numActivities=2 lastActiveTime=208484 supportsMultiWindow=true resizeMode=1 isResizeable=true minWidth=-1 minHeight=-1 defaultMinSize=220 token=WCT{RemoteToken{69ee78c Task{5df0a2e #27 type=standard A=10041:com.tv.filemanager.os}}} topActivityType=1 pictureInPictureParams=null shouldDockBigOverlays=true launchIntoPipHostTaskId=-1 lastParentTaskIdBeforePip=-1 displayCutoutSafeInsets=null topActivityInfo=ActivityInfo{37d1bec com.dangbei.lerad.filemanager.ui.info.ManagerDiskInfoActivity} launchCookies=[] positionInParent=Point(0, 0) parentTaskId=-1 isFocused=true isVisible=true isVisibleRequested=true isSleeping=false topActivityInSizeCompat=false topActivityEligibleForLetterboxEducation= false isLetterboxDoubleTapEnabled= false topActivityEligibleForUserAspectRatioButton= false topActivityBoundsLetterboxed= false isFromLetterboxDoubleTap= false topActivityLetterboxVerticalPosition= -1 topActivityLetterboxHorizontalPosition= -1 topActivityLetterboxWidth=-1 topActivityLetterboxHeight=-1 isUserFullscreenOverrideEnabled=false isTopActivityTransparent=false locusId=null displayAreaFeatureId=1 cameraCompatControlState=hidden}, remoteTransition = null, displayChange = null, flags = 0 }
06-04 17:02:25.658 V/WindowManager( 693): startWCT=WindowContainerTransaction { changes = {} hops = [] errorCallbackToken=null taskFragmentOrganizer=null }
06-04 17:02:25.658 V/WindowManager( 693): info={id=12 t=OPEN f=0x0 trk=0 r=[0@Point(0, 0)] c=[{null m=OPEN f=FILLS_TASK leash=Surface(name=ActivityRecord{2db3e9a u0 com.tv.filemanager.os/com.dangbei.lerad.filemanager.ui.info.ManagerDiskInfoActivity)/@0xa0ea03e sb=Rect(0, 0 - 0, 0) eb=Rect(0, 0 - 1920, 1080) d=-1->0 r=-1->0:-1},{null m=TO_BACK f=FILLS_TASK leash=Surface(name=ActivityRecord{b0ce4a9 u0 com.tv.filemanager.os/com.dangbei.lerad.filemanager.ui.home.ManagerHomeActivity)/@0x223c8f9 sb=Rect(0, 0 - 1920, 1080) eb=Rect(0, 0 - 1920, 1080) d=0}]}
06-04 17:02:25.662 V/WindowManagerShell( 982): onTransitionReady android.os.BinderProxy@1a4a9e9: {id=12 t=OPEN f=0x0 trk=0 r=[0@Point(0, 0)] c=[{null m=OPEN f=FILLS_TASK leash=Surface(name=ActivityRecord{2db3e9a u0 com.tv.filemanager.os/com.dangbei.lerad.filemanager.ui.info.ManagerDiskInfoActivity)/@0x3fc659c sb=Rect(0, 0 - 0, 0) eb=Rect(0, 0 - 1920, 1080) d=-1->0 r=-1->0:-1},{null m=TO_BACK f=FILLS_TASK leash=Surface(name=ActivityRecord{b0ce4a9 u0 com.tv.filemanager.os/com.dangbei.lerad.filemanager.ui.home.ManagerHomeActivity)/@0xc14fba5 sb=Rect(0, 0 - 1920, 1080) eb=Rect(0, 0 - 1920, 1080) d=0}]}
06-04 17:02:25.662 V/WindowManagerShell( 982): Playing animation for (#12)android.os.BinderProxy@1a4a9e9@0
06-04 17:02:25.662 V/WindowManagerShell( 982): try handler com.android.wm.shell.keyguard.KeyguardTransitionHandler@7ce9605
06-04 17:02:25.662 V/WindowManagerShell( 982): try handler com.android.wm.shell.pip.tv.TvPipTransition@189965a
06-04 17:02:25.662 V/WindowManagerShell( 982): try handler com.android.wm.shell.activityembedding.ActivityEmbeddingController@700a08b
06-04 17:02:25.662 V/WindowManagerShell( 982): try handler com.android.wm.shell.transition.RemoteTransitionHandler@2b0e568
06-04 17:02:25.662 V/WindowManagerShell( 982): Transition doesn't have explicit remote, search filters for match for {id=12 t=OPEN f=0x0 trk=0 r=[0@Point(0, 0)] c=[{null m=OPEN f=FILLS_TASK leash=Surface(name=ActivityRecord{2db3e9a u0 com.tv.filemanager.os/com.dangbei.lerad.filemanager.ui.info.ManagerDiskInfoActivity)/@0x3fc659c sb=Rect(0, 0 - 0, 0) eb=Rect(0, 0 - 1920, 1080) d=-1->0 r=-1->0:-1},{null m=TO_BACK f=FILLS_TASK leash=Surface(name=ActivityRecord{b0ce4a9 u0 com.tv.filemanager.os/com.dangbei.lerad.filemanager.ui.home.ManagerHomeActivity)/@0xc14fba5 sb=Rect(0, 0 - 1920, 1080) eb=Rect(0, 0 - 1920, 1080) d=0}]}
06-04 17:02:25.662 V/WindowManagerShell( 982): Delegate animation for #12 to null
06-04 17:02:25.662 V/WindowManagerShell( 982): try handler com.android.wm.shell.transition.DefaultTransitionHandler@1a78d81
06-04 17:02:25.663 V/WindowManagerShell( 982): start default transition animation, info = {id=12 t=OPEN f=0x0 trk=0 r=[0@Point(0, 0)] c=[{null m=OPEN f=FILLS_TASK leash=Surface(name=ActivityRecord{2db3e9a u0 com.tv.filemanager.os/com.dangbei.lerad.filemanager.ui.info.ManagerDiskInfoActivity)/@0x3fc659c sb=Rect(0, 0 - 0, 0) eb=Rect(0, 0 - 1920, 1080) d=-1->0 r=-1->0:-1},{null m=TO_BACK f=FILLS_TASK leash=Surface(name=ActivityRecord{b0ce4a9 u0 com.tv.filemanager.os/com.dangbei.lerad.filemanager.ui.home.ManagerHomeActivity)/@0xc14fba5 sb=Rect(0, 0 - 1920, 1080) eb=Rect(0, 0 - 1920, 1080) d=0}]}
06-04 17:02:25.664 V/WindowManagerShell( 982): Transition animation finished (aborted=false), notifying core (#12)android.os.BinderProxy@1a4a9e9@0
06-04 17:02:25.666 V/WindowManager( 693): Finish Transition #12: created at
06-04 17:02:25.509 collect-started=0.077ms request-sent=5.77ms started=8.075ms ready=16.175ms sent=144.835ms finished=156.419ms
06-04 17:02:25.668 V/WindowManagerShell( 982): Track 0 became idle
06-04 17:02:25.668 V/WindowManagerShell( 982): All active transition animations finished
06-04 17:02:25.668 V/WindowManagerShell( 982): animated by com.android.wm.shell.transition.DefaultTransitionHandler@1a78d81
06-04 17:02:25.668 V/WindowManagerShell( 982): Track 0 became idle
06-04 17:02:25.668 V/WindowManagerShell( 982): All active transition animations finished
06-04 17:02:25.699 W/ContextImpl( 693): Calling a method in the system process without a qualified user: android.app.ContextImpl.startService:1899 com.android.server.wm.DisplayPolicy.lambda$focusChangedLw$5:2126 com.android.server.wm.DisplayPolicy.$r8$lambda$Znxk63oh-WzVnzo_WQefN7uxV48:0 com.android.server.wm.DisplayPolicy$$ExternalSyntheticLambda13.run:0 android.os.Handler.handleCallback:958
06-04 17:02:25.702 D/aaa ( 1520): LedStatusService onStartCommand begin
06-04 17:02:25.703 D/aaa ( 1520): topPkg is -------------- :com.tv.filemanager.os
06-04 17:02:25.752 I/ImeTracker( 693): com.tv.filemanager.os:572cabb1: onRequestHide at ORIGIN_SERVER_HIDE_INPUT reason HIDE_STATE_HIDDEN_FORWARD_NAV
06-04 17:02:25.753 I/ImeTracker( 693): com.tv.filemanager.os:572cabb1: onCancelled at PHASE_SERVER_SHOULD_HIDE
06-04 17:02:25.754 I/DefaultIMS( 1447): onStartInput attribute=android.view.inputmethod.EditorInfo@93bf2bd restarting=false inputType: 0
06-04 17:02:25.765 I/BaseRequest( 2435): complete
06-04 17:02:25.765 I/BaseRequest( 2435): success!=nulltrue
06-04 17:02:26.039 I/WifiHAL ( 506): call wifi_get_link_stats handler
06-04 17:02:26.039 I/WifiHAL ( 506): Creating message to get link statistics; iface = 16
06-04 17:02:26.039 D/WifiHAL ( 506): error code -95 mapped to -3
06-04 17:02:26.040 E/WifiStaIfaceAidlImpl( 693): getLinkLayerStats failed with service-specific exception: android.os.ServiceSpecificException: (code 4)
06-04 17:02:27.251 D/XM_HIDREAD( 1992): poll ret=1, event=1
06-04 17:02:27.251 D/XM_HIDREAD( 1992): [9 bytes]:01 00 00 51 00 00 00 00 00
06-04 17:02:27.253 I/SogouIME( 1447): onKeyDown: keyoCode=20
06-04 17:02:27.254 I/DefaultIMS( 1447): onKeyDown: keyoCode=20
06-04 17:02:27.259 I/DefaultIMS( 1447): onStartInput attribute=android.view.inputmethod.EditorInfo@cad67ac restarting=false inputType: 0
06-04 17:02:27.654 I/SogouIME( 1447): onKeyDown: keyoCode=20
06-04 17:02:27.654 I/DefaultIMS( 1447): onKeyDown: keyoCode=20
06-04 17:02:27.703 I/SogouIME( 1447): onKeyDown: keyoCode=20
06-04 17:02:27.703 I/DefaultIMS( 1447): onKeyDown: keyoCode=20
06-04 17:02:27.773 I/SogouIME( 1447): onKeyDown: keyoCode=20
06-04 17:02:27.773 I/DefaultIMS( 1447): onKeyDown: keyoCode=20
06-04 17:02:27.899 I/SogouIME( 1447): onKeyDown: keyoCode=20
06-04 17:02:27.899 I/DefaultIMS( 1447): onKeyDown: keyoCode=20
06-04 17:02:27.994 I/SogouIME( 1447): onKeyDown: keyoCode=20
06-04 17:02:27.994 I/DefaultIMS( 1447): onKeyDown: keyoCode=20
06-04 17:02:28.093 I/SogouIME( 1447): onKeyDown: keyoCode=20
06-04 17:02:28.093 I/DefaultIMS( 1447): onKeyDown: keyoCode=20
06-04 17:02:28.190 D/XM_HIDREAD( 1992): poll ret=1, event=1
06-04 17:02:28.190 D/XM_HIDREAD( 1992): [9 bytes]:01 00 00 00 00 00 00 00 00
06-04 17:02:28.218 I/SogouIME( 1447): onKeyDown: keyoCode=20
06-04 17:02:28.218 I/DefaultIMS( 1447): onKeyDown: keyoCode=20
06-04 17:02:28.224 I/SogouIME( 1447): onKeyUp: keyoCode=20
06-04 17:02:28.224 I/DefaultIMS( 1447): onKeyUp: keyoCode=20
06-04 17:02:28.515 E/TaskPersister( 693): File error accessing recents directory (directory doesn't exist?).
06-04 17:02:28.951 D/XM_HIDREAD( 1992): poll ret=1, event=1
06-04 17:02:28.951 D/XM_HIDREAD( 1992): [9 bytes]:01 00 00 51 00 00 00 00 00
06-04 17:02:28.954 I/SogouIME( 1447): onKeyDown: keyoCode=20
06-04 17:02:28.954 I/DefaultIMS( 1447): onKeyDown: keyoCode=20
06-04 17:02:29.046 I/WifiHAL ( 506): call wifi_get_link_stats handler
06-04 17:02:29.046 I/WifiHAL ( 506): Creating message to get link statistics; iface = 16
06-04 17:02:29.047 D/WifiHAL ( 506): error code -95 mapped to -3
06-04 17:02:29.047 E/WifiStaIfaceAidlImpl( 693): getLinkLayerStats failed with service-specific exception: android.os.ServiceSpecificException: (code 4)
06-04 17:02:29.050 D/XM_HIDREAD( 1992): poll ret=1, event=1
06-04 17:02:29.050 D/XM_HIDREAD( 1992): [9 bytes]:01 00 00 00 00 00 00 00 00
06-04 17:02:29.053 I/SogouIME( 1447): onKeyUp: keyoCode=20
06-04 17:02:29.053 I/DefaultIMS( 1447): onKeyUp: keyoCode=20
06-04 17:02:29.930 D/XM_HIDREAD( 1992): poll ret=1, event=1
06-04 17:02:29.930 D/XM_HIDREAD( 1992): [9 bytes]:01 00 00 4F 00 00 00 00 00
06-04 17:02:29.933 I/SogouIME( 1447): onKeyDown: keyoCode=22
06-04 17:02:29.933 I/DefaultIMS( 1447): onKeyDown: keyoCode=22
06-04 17:02:30.050 D/XM_HIDREAD( 1992): poll ret=1, event=1
06-04 17:02:30.050 D/XM_HIDREAD( 1992): [9 bytes]:01 00 00 00 00 00 00 00 00
06-04 17:02:30.052 I/SogouIME( 1447): onKeyUp: keyoCode=22
06-04 17:02:30.053 I/DefaultIMS( 1447): onKeyUp: keyoCode=22
06-04 17:02:30.512 E/MetadataRetrieverClient( 608): unable to dlopen metadata_retriever extension: dlopen failed: library "libmetadataretriever_ext.so" not found
06-04 17:02:30.527 I/AmFFmpegByteIOAdapter( 605): File size : 3148832
06-04 17:02:30.529 I/AmFFmpegExtractor( 605): checkInList: iswhite:0, mime:audio/mpeg, type:1, id:86017 tag:0
06-04 17:02:30.529 I/AmFFmpegExtractor( 605): checkInList: iswhite:1, mime:audio/mpeg, type:1, id:86017 tag:0
06-04 17:02:30.529 E/AmFFmpegExtractor( 605): codec_ctx->properties: 0
06-04 17:02:30.529 I/AmFFmpegExtractor( 605): checkSupportInList ret 1
06-04 17:02:30.531 I/AmFFmpegExtractor( 605): checkInList: iswhite:0, mime:audio/mpeg, type:1, id:86017 tag:0
06-04 17:02:30.531 I/AmFFmpegExtractor( 605): checkInList: iswhite:1, mime:audio/mpeg, type:1, id:86017 tag:0
06-04 17:02:30.531 E/AmFFmpegExtractor( 605): codec_ctx->properties: 0
06-04 17:02:30.531 I/AmFFmpegExtractor( 605): checkSupportInList ret 0
06-04 17:02:30.531 E/AmFFmpegExtractor( 605): vendor do not support
06-04 17:02:30.630 D/XM_HIDREAD( 1992): poll ret=1, event=1
06-04 17:02:30.630 D/XM_HIDREAD( 1992): [9 bytes]:01 00 00 4F 00 00 00 00 00
06-04 17:02:30.632 I/SogouIME( 1447): onKeyDown: keyoCode=22
06-04 17:02:30.633 I/DefaultIMS( 1447): onKeyDown: keyoCode=22
06-04 17:02:30.653 W/ExifInterface( 1471): Invalid image: ExifInterface got an unsupported image format file(ExifInterface supports JPEG and some RAW image formats only) or a corrupted JPEG file to ExifInterface.
06-04 17:02:30.653 W/ExifInterface( 1471): java.io.IOException: Invalid byte order: 4749
06-04 17:02:30.653 W/ExifInterface( 1471): at android.media.ExifInterface.readByteOrder(ExifInterface.java:4008)
06-04 17:02:30.653 W/ExifInterface( 1471): at android.media.ExifInterface.parseTiffHeaders(ExifInterface.java:4015)
06-04 17:02:30.653 W/ExifInterface( 1471): at android.media.ExifInterface.getRawAttributes(ExifInterface.java:2974)
06-04 17:02:30.653 W/ExifInterface( 1471): at android.media.ExifInterface.loadAttributes(ExifInterface.java:2023)
06-04 17:02:30.653 W/ExifInterface( 1471): at android.media.ExifInterface.(ExifInterface.java:1640)
06-04 17:02:30.653 W/ExifInterface( 1471): at android.media.ExifInterface.(ExifInterface.java:1591)
06-04 17:02:30.653 W/ExifInterface( 1471): at com.android.providers.media.scan.ModernMediaScanner.scanItemImage(ModernMediaScanner.java:1376)
06-04 17:02:30.653 W/ExifInterface( 1471): at com.android.providers.media.scan.ModernMediaScanner.scanItem(ModernMediaScanner.java:1038)
06-04 17:02:30.653 W/ExifInterface( 1471): at com.android.providers.media.scan.ModernMediaScanner.-$$Nest$smscanItem(ModernMediaScanner.java:0)
06-04 17:02:30.653 W/ExifInterface( 1471): at com.android.providers.media.scan.ModernMediaScanner$Scan.visitFile(ModernMediaScanner.java:839)
