06-04 17:01:23.316 I/AmFFmpegExtractor( 605): audio:demux: stream startTimeUs = 0
06-04 17:01:23.316 I/AmFFmpegExtractor( 605): audio:demux: block_align = 0
06-04 17:01:23.316 I/AmFFmpegExtractor( 605): Mime:audio/vnd.dts
06-04 17:01:23.317 I/StreamFormatter( 605): Creating formatter for codec id : 86020 extradata size : 0
06-04 17:01:23.317 I/AmFFmpegExtractor( 605): [init 3565] mIsDolbyVison:0, i:1
06-04 17:01:23.317 I/AmFFmpegExtractor( 605): pthread_create OK pid:-451141184
06-04 17:01:23.317 I/AmFFmpegExtractor( 605): feedMore_task in
06-04 17:01:23.319 I/AmAVUtils( 608): set default max-input-size to 1887436
06-04 17:01:23.322 I/AmFFmpegExtractor( 605): feedMore_task out toBeExit:1 , err:0
06-04 17:01:23.322 I/AmFFmpegExtractor( 605): [~AmFFmpegExtractor 2707] feedMore task has exited.
06-04 17:01:23.322 I/AmFFmpegExtractor( 605): [~AmFFmpegSource 732]
06-04 17:01:23.322 I/AmFFmpegExtractor( 605): [~AmFFmpegSource 732]
06-04 17:01:23.323 I/AmFFmpegExtractor( 605): [~AmFFmpegExtractor 2720]
06-04 17:01:23.323 I/AmFFmpegExtractor( 605): [~AmFFmpegExtractor 2723]
06-04 17:01:23.323 W/RefBase ( 605): RefBase: Explicit destruction, weak count = 0 (in 0xea102654). Use sp<> to manage this object.
06-04 17:01:23.323 W/RefBase ( 605): CallStack::getCurrentInternal not linked, returning null
06-04 17:01:23.323 W/RefBase ( 605): CallStack::logStackInternal not linked
06-04 17:01:23.325 E/MetadataRetrieverClient( 608): unable to dlopen metadata_retriever extension: dlopen failed: library "libmetadataretriever_ext.so" not found
06-04 17:01:23.331 I/AmFFmpegByteIOAdapter( 605): File size : 155994868
06-04 17:01:23.339 E/AmFFmpegExtractor( 605): major_brand:mp42
06-04 17:01:23.339 E/AmFFmpegExtractor( 605): compatible_brands:mp42isom
06-04 17:01:23.339 I/AmFFmpegExtractor( 605): checkInList: iswhite:0, mime:video/mp4, type:0, id:27 tag:31637661
06-04 17:01:23.339 I/AmFFmpegExtractor( 605): checkInList: iswhite:1, mime:video/mp4, type:0, id:27 tag:31637661
06-04 17:01:23.339 E/AmFFmpegExtractor( 605): codec_ctx->properties: 0
06-04 17:01:23.339 I/AmFFmpegExtractor( 605): checkInList: iswhite:0, mime:video/mp4, type:1, id:86020 tag:65737464
06-04 17:01:23.339 I/AmFFmpegExtractor( 605): checkInList: iswhite:1, mime:video/mp4, type:1, id:86020 tag:65737464
06-04 17:01:23.339 E/AmFFmpegExtractor( 605): true: iswhite:1, type:1, id:86020 tag:ffffffff
06-04 17:01:23.339 E/AmFFmpegExtractor( 605): codec_ctx->properties: 0
06-04 17:01:23.339 I/AmFFmpegExtractor( 605): checkSupportInList ret 1
06-04 17:01:23.339 I/AmFFmpegExtractor( 605): is in white list : 1
06-04 17:01:23.339 I/AmFFmpegExtractor( 605): SniffAmFFmpeg ok, confidence = 0.800000
06-04 17:01:23.350 W/AString ( 605): ctor got NULL, using empty string instead
06-04 17:01:23.351 I/AmFFmpegExtractor( 605):
06-04 17:01:23.351 I/AmFFmpegExtractor( 605): -----------AmFFmpegExtractor Info---------
06-04 17:01:23.351 I/AmFFmpegExtractor( 605):
06-04 17:01:23.351 I/AmFFmpegExtractor( 605): MM-module-name:Extractor,Version:5.1.7-g0c7d1d4(build:6351)
06-04 17:01:23.351 I/AmFFmpegExtractor( 605):
06-04 17:01:23.351 I/AmFFmpegExtractor( 605): ARCH = arm
06-04 17:01:23.351 I/AmFFmpegExtractor( 605): Author: multi-media team
06-04 17:01:23.351 I/AmFFmpegExtractor( 605): Branch name: * (HEAD detached at 0c7d1d4)
06-04 17:01:23.351 I/AmFFmpegExtractor( 605): Last Commit Info:
06-04 17:01:23.351 I/AmFFmpegExtractor( 605): commit 0c7d1d450b4d7ecd11fc2ddd21a6e67e11d0b24d
06-04 17:01:23.351 I/AmFFmpegExtractor( 605): Author: wang.ren
06-04 17:01:23.351 I/AmFFmpegExtractor( 605): Date: Mon Nov 18 08:39:16 2024 +0000
06-04 17:01:23.351 I/AmFFmpegExtractor( 605): AmFFmpegExtractor: CB2 invalid nal length when parse nal data [1/1]
06-04 17:01:23.351 I/AmFFmpegExtractor( 605): PD#SWPL-190774
06-04 17:01:23.351 I/AmFFmpegExtractor( 605): Change-Id: I639741fa67a5b027e7d8eaa1b588f753d2326e47
06-04 17:01:23.351 I/AmFFmpegExtractor( 605): Uncommitted-file-num:1
06-04 17:01:23.351 I/AmFFmpegExtractor( 605): Build-time: Thu Nov 28 13:44:43 CST 2024
06-04 17:01:23.351 I/AmFFmpegExtractor( 605): Build-name: drm.autobuild
06-04 17:01:23.351 I/AmFFmpegExtractor( 605): -----------------------------------------
06-04 17:01:23.351 I/AmFFmpegExtractor( 605): media.ffmpegextractor.loglevel 16
06-04 17:01:23.351 I/AmFFmpegExtractor( 605): vendor.media.ffmpegextractor.ESLen264Check : 10
06-04 17:01:23.351 I/AmFFmpegExtractor( 605): vendor.media.ffmpegextractor.ESLen265Check : 50
06-04 17:01:23.351 I/AmFFmpegByteIOAdapter( 605): File size : 155994868
06-04 17:01:23.352 I/AmFFmpegExtractor( 605): AmFFmpegExtractor mInputFormat name {mov,mp4,m4a,3gp,3g2,mj2 [(null)]}
06-04 17:01:23.418 I/AmFFmpegExtractor( 605): ///////////////start dump format
06-04 17:01:23.418 I/AmFFmpegExtractor( 605): [init 3386] video/mp4
06-04 17:01:23.419 I/AmFFmpegExtractor( 605): isMusic major_brand:mp42
06-04 17:01:23.419 I/AmFFmpegExtractor( 605): Stream 0(0) [video/avc][codecid:0x1b(0x1b)] found.
06-04 17:01:23.419 I/AmFFmpegExtractor( 605): [AmFFmpegSource 717]startTimeUs:0, seekable:1
06-04 17:01:23.419 I/AmFFmpegExtractor( 605): [init 753](0xee3413c0)
06-04 17:01:23.419 E/AmFFmpegExtractor( 605): mAudioMuxRead 0
06-04 17:01:23.419 I/AmFFmpegExtractor( 605): init kKeyDuration = 248234667
06-04 17:01:23.419 I/AmFFmpegExtractor( 605): VIDEO stream startTimeUs = 0
06-04 17:01:23.419 I/AmFFmpegExtractor( 605): video:demux: extradata_size = 62
06-04 17:01:23.419 I/AmFFmpegExtractor( 605): video:demux: has b-frame = 1
06-04 17:01:23.419 I/AmFFmpegExtractor( 605): video:demux: width = 1920, height = 1080
06-04 17:01:23.419 I/AmFFmpegExtractor( 605): SAR [1:1]
06-04 17:01:23.419 E/AmFFmpegExtractor( 605): demux: frame_number = 5950
06-04 17:01:23.419 I/AmFFmpegExtractor( 605): init kKeyFrameRate = 24(23.969999)
06-04 17:01:23.419 I/AmFFmpegExtractor( 605): set frame-rate 24 rationalFramerate num 24000 den 1001
06-04 17:01:23.419 I/AmFFmpegExtractor( 605): mIsDolbyVison :0, mCreate_two_tracks_dv:0, codec_id: 27(AVC:27,HEVC:173), DvCFG:0(0), TAG:avc1
06-04 17:01:23.419 I/AmFFmpegExtractor( 605): set tag nCFG
06-04 17:01:23.419 I/AmFFmpegExtractor( 605): Mime:video/avc
06-04 17:01:23.419 I/StreamFormatter( 605): Creating formatter for codec id : 27 extradata size : 62
06-04 17:01:23.419 I/AmFFmpegExtractor( 605): [init 3565] mIsDolbyVison:0, i:0
06-04 17:01:23.419 I/AmFFmpegExtractor( 605): Stream 1(1) [audio/vnd.dts][codecid:0x15004(0x15004)] found.
06-04 17:01:23.419 I/AmFFmpegExtractor( 605): [AmFFmpegSource 717]startTimeUs:0, seekable:1
06-04 17:01:23.419 I/AmFFmpegExtractor( 605): [init 753](0xee340550)
06-04 17:01:23.419 E/AmFFmpegExtractor( 605): mAudioMuxRead 0
06-04 17:01:23.419 I/AmFFmpegExtractor( 605): init kKeyDuration = 248234667
06-04 17:01:23.419 I/AmFFmpegExtractor( 605): audio:demux: fmt = -1
06-04 17:01:23.419 I/AmFFmpegExtractor( 605): audio:demux: channels = 6
06-04 17:01:23.419 I/AmFFmpegExtractor( 605): audio:demux: sample_rate = 48000
06-04 17:01:23.419 I/AmFFmpegExtractor( 605): audio:demux: bit_rate = 510000
06-04 17:01:23.419 I/AmFFmpegExtractor( 605): audio:demux: codec_id = 86020
06-04 17:01:23.419 I/AmFFmpegExtractor( 605): audio:demux: stream startTimeUs = 0
06-04 17:01:23.419 I/AmFFmpegExtractor( 605): audio:demux: block_align = 0
06-04 17:01:23.419 I/AmFFmpegExtractor( 605): Mime:audio/vnd.dts
06-04 17:01:23.419 I/StreamFormatter( 605): Creating formatter for codec id : 86020 extradata size : 0
06-04 17:01:23.419 I/AmFFmpegExtractor( 605): [init 3565] mIsDolbyVison:0, i:1
06-04 17:01:23.420 I/AmFFmpegExtractor( 605): pthread_create OK pid:-446205504
06-04 17:01:23.420 I/AmFFmpegExtractor( 605): feedMore_task in
06-04 17:01:23.421 I/AmAVUtils( 608): set default max-input-size to 1887436
06-04 17:01:23.421 I/AmFFmpegExtractor( 605): feedMore_task out toBeExit:1 , err:0
06-04 17:01:23.422 I/AmFFmpegExtractor( 605): [~AmFFmpegExtractor 2707] feedMore task has exited.
06-04 17:01:23.422 I/AmFFmpegExtractor( 605): [~AmFFmpegSource 732]
06-04 17:01:23.422 I/AmFFmpegExtractor( 605): [~AmFFmpegSource 732]
06-04 17:01:23.422 I/AmFFmpegExtractor( 605): [~AmFFmpegExtractor 2720]
06-04 17:01:23.422 I/AmFFmpegExtractor( 605): [~AmFFmpegExtractor 2723]
06-04 17:01:23.422 W/RefBase ( 605): RefBase: Explicit destruction, weak count = 0 (in 0xea100784). Use sp<> to manage this object.
06-04 17:01:23.422 W/RefBase ( 605): CallStack::getCurrentInternal not linked, returning null
06-04 17:01:23.422 W/RefBase ( 605): CallStack::logStackInternal not linked
06-04 17:01:23.423 E/MetadataRetrieverClient( 608): unable to dlopen metadata_retriever extension: dlopen failed: library "libmetadataretriever_ext.so" not found
06-04 17:01:23.425 I/AmFFmpegByteIOAdapter( 605): File size : 155994868
06-04 17:01:23.431 E/AmFFmpegExtractor( 605): major_brand:mp42
06-04 17:01:23.431 E/AmFFmpegExtractor( 605): compatible_brands:mp42isom
06-04 17:01:23.431 I/AmFFmpegExtractor( 605): checkInList: iswhite:0, mime:video/mp4, type:0, id:27 tag:31637661
06-04 17:01:23.431 I/AmFFmpegExtractor( 605): checkInList: iswhite:1, mime:video/mp4, type:0, id:27 tag:31637661
06-04 17:01:23.431 E/AmFFmpegExtractor( 605): codec_ctx->properties: 0
06-04 17:01:23.431 I/AmFFmpegExtractor( 605): checkInList: iswhite:0, mime:video/mp4, type:1, id:86020 tag:65737464
06-04 17:01:23.431 I/AmFFmpegExtractor( 605): checkInList: iswhite:1, mime:video/mp4, type:1, id:86020 tag:65737464
06-04 17:01:23.431 E/AmFFmpegExtractor( 605): true: iswhite:1, type:1, id:86020 tag:ffffffff
06-04 17:01:23.431 E/AmFFmpegExtractor( 605): codec_ctx->properties: 0
06-04 17:01:23.431 I/AmFFmpegExtractor( 605): checkSupportInList ret 1
06-04 17:01:23.431 I/AmFFmpegExtractor( 605): is in white list : 1
06-04 17:01:23.431 I/AmFFmpegExtractor( 605): SniffAmFFmpeg ok, confidence = 0.800000
06-04 17:01:23.442 W/AString ( 605): ctor got NULL, using empty string instead
06-04 17:01:23.443 I/AmFFmpegExtractor( 605):
06-04 17:01:23.443 I/AmFFmpegExtractor( 605): -----------AmFFmpegExtractor Info---------
06-04 17:01:23.443 I/AmFFmpegExtractor( 605):
06-04 17:01:23.443 I/AmFFmpegExtractor( 605): MM-module-name:Extractor,Version:5.1.7-g0c7d1d4(build:6351)
06-04 17:01:23.443 I/AmFFmpegExtractor( 605):
06-04 17:01:23.443 I/AmFFmpegExtractor( 605): ARCH = arm
06-04 17:01:23.443 I/AmFFmpegExtractor( 605): Author: multi-media team
06-04 17:01:23.443 I/AmFFmpegExtractor( 605): Branch name: * (HEAD detached at 0c7d1d4)
06-04 17:01:23.443 I/AmFFmpegExtractor( 605): Last Commit Info:
06-04 17:01:23.443 I/AmFFmpegExtractor( 605): commit 0c7d1d450b4d7ecd11fc2ddd21a6e67e11d0b24d
06-04 17:01:23.443 I/AmFFmpegExtractor( 605): Author: wang.ren
06-04 17:01:23.443 I/AmFFmpegExtractor( 605): Date: Mon Nov 18 08:39:16 2024 +0000
06-04 17:01:23.443 I/AmFFmpegExtractor( 605): AmFFmpegExtractor: CB2 invalid nal length when parse nal data [1/1]
06-04 17:01:23.443 I/AmFFmpegExtractor( 605): PD#SWPL-190774
06-04 17:01:23.443 I/AmFFmpegExtractor( 605): Change-Id: I639741fa67a5b027e7d8eaa1b588f753d2326e47
06-04 17:01:23.443 I/AmFFmpegExtractor( 605): Uncommitted-file-num:1
06-04 17:01:23.443 I/AmFFmpegExtractor( 605): Build-time: Thu Nov 28 13:44:43 CST 2024
06-04 17:01:23.443 I/AmFFmpegExtractor( 605): Build-name: drm.autobuild
06-04 17:01:23.443 I/AmFFmpegExtractor( 605): -----------------------------------------
06-04 17:01:23.443 I/AmFFmpegExtractor( 605): media.ffmpegextractor.loglevel 16
06-04 17:01:23.443 I/AmFFmpegExtractor( 605): vendor.media.ffmpegextractor.ESLen264Check : 10
06-04 17:01:23.443 I/AmFFmpegExtractor( 605): vendor.media.ffmpegextractor.ESLen265Check : 50
06-04 17:01:23.443 I/AmFFmpegByteIOAdapter( 605): File size : 155994868
06-04 17:01:23.444 I/AmFFmpegExtractor( 605): AmFFmpegExtractor mInputFormat name {mov,mp4,m4a,3gp,3g2,mj2 [(null)]}
06-04 17:01:23.490 I/AmFFmpegExtractor( 605): ///////////////start dump format
06-04 17:01:23.490 I/AmFFmpegExtractor( 605): [init 3386] video/mp4
06-04 17:01:23.491 I/AmFFmpegExtractor( 605): isMusic major_brand:mp42
06-04 17:01:23.491 I/AmFFmpegExtractor( 605): Stream 0(0) [video/avc][codecid:0x1b(0x1b)] found.
06-04 17:01:23.491 I/AmFFmpegExtractor( 605): [AmFFmpegSource 717]startTimeUs:0, seekable:1
06-04 17:01:23.491 I/AmFFmpegExtractor( 605): [init 753](0xee340550)
06-04 17:01:23.491 E/AmFFmpegExtractor( 605): mAudioMuxRead 0
06-04 17:01:23.491 I/AmFFmpegExtractor( 605): init kKeyDuration = 248234667
06-04 17:01:23.491 I/AmFFmpegExtractor( 605): VIDEO stream startTimeUs = 0
06-04 17:01:23.491 I/AmFFmpegExtractor( 605): video:demux: extradata_size = 62
06-04 17:01:23.491 I/AmFFmpegExtractor( 605): video:demux: has b-frame = 1
06-04 17:01:23.491 I/AmFFmpegExtractor( 605): video:demux: width = 1920, height = 1080
06-04 17:01:23.491 I/AmFFmpegExtractor( 605): SAR [1:1]
06-04 17:01:23.491 E/AmFFmpegExtractor( 605): demux: frame_number = 5950
06-04 17:01:23.491 I/AmFFmpegExtractor( 605): init kKeyFrameRate = 24(23.969999)
06-04 17:01:23.491 I/AmFFmpegExtractor( 605): set frame-rate 24 rationalFramerate num 24000 den 1001
06-04 17:01:23.491 I/AmFFmpegExtractor( 605): mIsDolbyVison :0, mCreate_two_tracks_dv:0, codec_id: 27(AVC:27,HEVC:173), DvCFG:0(0), TAG:avc1
06-04 17:01:23.491 I/AmFFmpegExtractor( 605): set tag nCFG
06-04 17:01:23.491 I/AmFFmpegExtractor( 605): Mime:video/avc
06-04 17:01:23.491 I/StreamFormatter( 605): Creating formatter for codec id : 27 extradata size : 62
06-04 17:01:23.491 I/AmFFmpegExtractor( 605): [init 3565] mIsDolbyVison:0, i:0
06-04 17:01:23.491 I/AmFFmpegExtractor( 605): Stream 1(1) [audio/vnd.dts][codecid:0x15004(0x15004)] found.
06-04 17:01:23.491 I/AmFFmpegExtractor( 605): [AmFFmpegSource 717]startTimeUs:0, seekable:1
06-04 17:01:23.491 I/AmFFmpegExtractor( 605): [init 753](0xee3413c0)
06-04 17:01:23.491 E/AmFFmpegExtractor( 605): mAudioMuxRead 0
06-04 17:01:23.491 I/AmFFmpegExtractor( 605): init kKeyDuration = 248234667
06-04 17:01:23.491 I/AmFFmpegExtractor( 605): audio:demux: fmt = -1
06-04 17:01:23.491 I/AmFFmpegExtractor( 605): audio:demux: channels = 6
06-04 17:01:23.491 I/AmFFmpegExtractor( 605): audio:demux: sample_rate = 48000
06-04 17:01:23.491 I/AmFFmpegExtractor( 605): audio:demux: bit_rate = 510000
06-04 17:01:23.491 I/AmFFmpegExtractor( 605): audio:demux: codec_id = 86020
06-04 17:01:23.491 I/AmFFmpegExtractor( 605): audio:demux: stream startTimeUs = 0
06-04 17:01:23.491 I/AmFFmpegExtractor( 605): audio:demux: block_align = 0
06-04 17:01:23.491 I/AmFFmpegExtractor( 605): Mime:audio/vnd.dts
06-04 17:01:23.491 I/StreamFormatter( 605): Creating formatter for codec id : 86020 extradata size : 0
06-04 17:01:23.491 I/AmFFmpegExtractor( 605): [init 3565] mIsDolbyVison:0, i:1
06-04 17:01:23.492 I/AmFFmpegExtractor( 605): pthread_create OK pid:-446205504
06-04 17:01:23.492 I/AmFFmpegExtractor( 605): feedMore_task in
06-04 17:01:23.493 I/AmAVUtils( 608): set default max-input-size to 1887436
06-04 17:01:23.495 I/AmFFmpegExtractor( 605): feedMore_task out toBeExit:1 , err:0
06-04 17:01:23.495 I/AmFFmpegExtractor( 605): [~AmFFmpegExtractor 2707] feedMore task has exited.
06-04 17:01:23.496 I/AmFFmpegExtractor( 605): [~AmFFmpegSource 732]
06-04 17:01:23.496 I/AmFFmpegExtractor( 605): [~AmFFmpegSource 732]
06-04 17:01:23.496 I/AmFFmpegExtractor( 605): [~AmFFmpegExtractor 2720]
06-04 17:01:23.496 I/AmFFmpegExtractor( 605): [~AmFFmpegExtractor 2723]
06-04 17:01:23.496 W/RefBase ( 605): RefBase: Explicit destruction, weak count = 0 (in 0xea1061d4). Use sp<> to manage this object.
06-04 17:01:23.496 W/RefBase ( 605): CallStack::getCurrentInternal not linked, returning null
06-04 17:01:23.496 W/RefBase ( 605): CallStack::logStackInternal not linked
06-04 17:01:23.499 W/MediaProvider( 1471): isAppCloneUserPair for user -1: false
06-04 17:01:23.504 W/MediaProvider( 1471): isAppCloneUserPair for user -1: false
06-04 17:01:23.509 W/MediaProvider( 1471): isAppCloneUserPair for user -1: false
06-04 17:01:23.515 W/MediaProvider( 1471): isAppCloneUserPair for user -1: false
06-04 17:01:23.520 W/MediaProvider( 1471): isAppCloneUserPair for user -1: false
06-04 17:01:23.523 W/MediaProvider( 1471): isAppCloneUserPair for user -1: false
06-04 17:01:23.528 W/MediaProvider( 1471): isAppCloneUserPair for user -1: false
06-04 17:01:23.633 E/MetadataRetrieverClient( 608): unable to dlopen metadata_retriever extension: dlopen failed: library "libmetadataretriever_ext.so" not found
06-04 17:01:23.651 I/AmFFmpegExtractor( 605): fast startup in ffmpegextractor for avi stream.
06-04 17:01:23.651 I/AmFFmpegExtractor( 605): is in white list : 1
06-04 17:01:23.651 I/AmFFmpegExtractor( 605): SniffAmFFmpeg ok, confidence = 0.800000
06-04 17:01:23.654 W/AString ( 605): ctor got NULL, using empty string instead
06-04 17:01:23.654 I/AmFFmpegExtractor( 605):
06-04 17:01:23.654 I/AmFFmpegExtractor( 605): -----------AmFFmpegExtractor Info---------
06-04 17:01:23.654 I/AmFFmpegExtractor( 605):
06-04 17:01:23.654 I/AmFFmpegExtractor( 605): MM-module-name:Extractor,Version:5.1.7-g0c7d1d4(build:6351)
06-04 17:01:23.654 I/AmFFmpegExtractor( 605):
06-04 17:01:23.654 I/AmFFmpegExtractor( 605): ARCH = arm
06-04 17:01:23.654 I/AmFFmpegExtractor( 605): Author: multi-media team
06-04 17:01:23.654 I/AmFFmpegExtractor( 605): Branch name: * (HEAD detached at 0c7d1d4)
06-04 17:01:23.654 I/AmFFmpegExtractor( 605): Last Commit Info:
06-04 17:01:23.654 I/AmFFmpegExtractor( 605): commit 0c7d1d450b4d7ecd11fc2ddd21a6e67e11d0b24d
06-04 17:01:23.654 I/AmFFmpegExtractor( 605): Author: wang.ren
06-04 17:01:23.654 I/AmFFmpegExtractor( 605): Date: Mon Nov 18 08:39:16 2024 +0000
06-04 17:01:23.654 I/AmFFmpegExtractor( 605): AmFFmpegExtractor: CB2 invalid nal length when parse nal data [1/1]
06-04 17:01:23.654 I/AmFFmpegExtractor( 605): PD#SWPL-190774
06-04 17:01:23.654 I/AmFFmpegExtractor( 605): Change-Id: I639741fa67a5b027e7d8eaa1b588f753d2326e47
06-04 17:01:23.654 I/AmFFmpegExtractor( 605): Uncommitted-file-num:1
06-04 17:01:23.654 I/AmFFmpegExtractor( 605): Build-time: Thu Nov 28 13:44:43 CST 2024
06-04 17:01:23.654 I/AmFFmpegExtractor( 605): Build-name: drm.autobuild
06-04 17:01:23.654 I/AmFFmpegExtractor( 605): -----------------------------------------
06-04 17:01:23.654 I/AmFFmpegExtractor( 605): media.ffmpegextractor.loglevel 16
06-04 17:01:23.654 I/AmFFmpegExtractor( 605): vendor.media.ffmpegextractor.ESLen264Check : 10
06-04 17:01:23.654 I/AmFFmpegExtractor( 605): vendor.media.ffmpegextractor.ESLen265Check : 50
06-04 17:01:23.655 I/AmFFmpegByteIOAdapter( 605): File size : 732653568
06-04 17:01:23.655 I/AmFFmpegExtractor( 605): AmFFmpegExtractor mInputFormat name {avi [(null)]}
06-04 17:01:24.488 I/AmFFmpegExtractor( 605): ///////////////start dump format
06-04 17:01:24.489 I/AmFFmpegExtractor( 605): [init 3386] video/avi
06-04 17:01:24.489 I/AmFFmpegExtractor( 605): isMusic major_brand:null
06-04 17:01:24.489 I/AmFFmpegExtractor( 605): Stream 0(0) [video/mp4v-es][codecid:0xc(0xc)] found.
06-04 17:01:24.489 I/AmFFmpegExtractor( 605): [AmFFmpegSource 717]startTimeUs:0, seekable:1
06-04 17:01:24.489 I/AmFFmpegExtractor( 605): [init 753](0xee3413c0)
06-04 17:01:24.489 E/AmFFmpegExtractor( 605): mAudioMuxRead 0
06-04 17:01:24.489 I/AmFFmpegExtractor( 605): init kKeyDuration = 4863960000
06-04 17:01:24.489 I/AmFFmpegExtractor( 605): av_find_input_format is avi
06-04 17:01:24.489 I/AmFFmpegExtractor( 605): VIDEO stream startTimeUs = 0
06-04 17:01:24.489 I/AmFFmpegExtractor( 605): video:demux: extradata_size = 59
06-04 17:01:24.489 I/AmFFmpegExtractor( 605): video:demux: has b-frame = 1
06-04 17:01:24.489 I/AmFFmpegExtractor( 605): video:demux: width = 592, height = 320
06-04 17:01:24.489 I/AmFFmpegExtractor( 605): SAR [1:1]
06-04 17:01:24.489 E/AmFFmpegExtractor( 605): demux: frame_number = 121599
06-04 17:01:24.489 I/AmFFmpegExtractor( 605): init kKeyFrameRate = 25(25.000000)
06-04 17:01:24.489 I/AmFFmpegExtractor( 605): set frame-rate 25 rationalFramerate num 25 den 1
06-04 17:01:24.489 I/AmFFmpegExtractor( 605): av_find_input_format avi set UNSTABLE_PTS
06-04 17:01:24.489 I/AmFFmpegExtractor( 605): mIsDolbyVison :0, mCreate_two_tracks_dv:0, codec_id: 12(AVC:27,HEVC:173), DvCFG:0(0), TAG:XVID
06-04 17:01:24.489 I/AmFFmpegExtractor( 605): Mime:video/mp4v-es
06-04 17:01:24.489 I/StreamFormatter( 605): Creating formatter for codec id : 12 extradata size : 59
06-04 17:01:24.489 I/AmFFmpegExtractor( 605): [init 3565] mIsDolbyVison:0, i:0
06-04 17:01:24.489 I/AmFFmpegExtractor( 605): Stream 1(1) [audio/mpeg][codecid:0x15001(0x15001)] found.
06-04 17:01:24.489 I/AmFFmpegExtractor( 605): [AmFFmpegSource 717]startTimeUs:0, seekable:1
06-04 17:01:24.489 I/AmFFmpegExtractor( 605): [init 753](0xee340550)
06-04 17:01:24.489 E/AmFFmpegExtractor( 605): mAudioMuxRead 0
06-04 17:01:24.489 I/AmFFmpegExtractor( 605): init kKeyDuration = 4863960000
06-04 17:01:24.489 I/AmFFmpegExtractor( 605): av_find_input_format is avi
06-04 17:01:24.489 I/AmFFmpegExtractor( 605): audio:demux: fmt = 8
06-04 17:01:24.489 I/AmFFmpegExtractor( 605): audio:demux: channels = 2
06-04 17:01:24.489 I/AmFFmpegExtractor( 605): audio:demux: sample_rate = 48000
06-04 17:01:24.489 I/AmFFmpegExtractor( 605): audio:demux: bit_rate = 131048
06-04 17:01:24.489 I/AmFFmpegExtractor( 605): audio:demux: codec_id = 86017
06-04 17:01:24.489 I/AmFFmpegExtractor( 605): audio:demux: stream startTimeUs = 0
06-04 17:01:24.489 I/AmFFmpegExtractor( 605): audio:demux: block_align = 1152
06-04 17:01:24.489 E/AmFFmpegExtractor( 605): kKeyMediaLanguage audio lang null
06-04 17:01:24.489 I/AmFFmpegExtractor( 605): Mime:audio/mpeg
06-04 17:01:24.489 I/StreamFormatter( 605): Creating formatter for codec id : 86017 extradata size : 12
06-04 17:01:24.489 I/AmFFmpegExtractor( 605): [init 3565] mIsDolbyVison:0, i:1
06-04 17:01:24.490 I/AmFFmpegExtractor( 605): pthread_create OK pid:-455343680
06-04 17:01:24.490 I/AmFFmpegExtractor( 605): feedMore_task in
06-04 17:01:24.491 I/AmAVUtils( 608): set default max-input-size to 1887436
06-04 17:01:24.493 I/AmFFmpegExtractor( 605): feedMore_task out toBeExit:1 , err:0
06-04 17:01:24.493 I/AmFFmpegExtractor( 605): [~AmFFmpegExtractor 2707] feedMore task has exited.
06-04 17:01:24.494 I/AmFFmpegExtractor( 605): [~AmFFmpegSource 732]
06-04 17:01:24.494 I/AmFFmpegExtractor( 605): [~AmFFmpegSource 732]
06-04 17:01:24.496 I/AmFFmpegExtractor( 605): [~AmFFmpegExtractor 2720]
06-04 17:01:24.496 I/AmFFmpegExtractor( 605): [~AmFFmpegExtractor 2723]
06-04 17:01:24.496 W/RefBase ( 605): RefBase: Explicit destruction, weak count = 0 (in 0xea1052f4). Use sp<> to manage this object.
06-04 17:01:24.496 W/RefBase ( 605): CallStack::getCurrentInternal not linked, returning null
06-04 17:01:24.496 W/RefBase ( 605): CallStack::logStackInternal not linked
06-04 17:01:24.499 E/MetadataRetrieverClient( 608): unable to dlopen metadata_retriever extension: dlopen failed: library "libmetadataretriever_ext.so" not found
06-04 17:01:24.502 I/AmFFmpegExtractor( 605): fast startup in ffmpegextractor for avi stream.
06-04 17:01:24.502 I/AmFFmpegExtractor( 605): is in white list : 1
06-04 17:01:24.502 I/AmFFmpegExtractor( 605): SniffAmFFmpeg ok, confidence = 0.800000
06-04 17:01:24.519 W/AString ( 605): ctor got NULL, using empty string instead
06-04 17:01:24.519 I/AmFFmpegExtractor( 605):
06-04 17:01:24.519 I/AmFFmpegExtractor( 605): -----------AmFFmpegExtractor Info---------
06-04 17:01:24.519 I/AmFFmpegExtractor( 605):
06-04 17:01:24.519 I/AmFFmpegExtractor( 605): MM-module-name:Extractor,Version:5.1.7-g0c7d1d4(build:6351)
06-04 17:01:24.519 I/AmFFmpegExtractor( 605):
06-04 17:01:24.519 I/AmFFmpegExtractor( 605): ARCH = arm
06-04 17:01:24.519 I/AmFFmpegExtractor( 605): Author: multi-media team
06-04 17:01:24.519 I/AmFFmpegExtractor( 605): Branch name: * (HEAD detached at 0c7d1d4)
06-04 17:01:24.519 I/AmFFmpegExtractor( 605): Last Commit Info:
06-04 17:01:24.519 I/AmFFmpegExtractor( 605): commit 0c7d1d450b4d7ecd11fc2ddd21a6e67e11d0b24d
06-04 17:01:24.519 I/AmFFmpegExtractor( 605): Author: wang.ren
06-04 17:01:24.519 I/AmFFmpegExtractor( 605): Date: Mon Nov 18 08:39:16 2024 +0000
06-04 17:01:24.519 I/AmFFmpegExtractor( 605): AmFFmpegExtractor: CB2 invalid nal length when parse nal data [1/1]
06-04 17:01:24.519 I/AmFFmpegExtractor( 605): PD#SWPL-190774
06-04 17:01:24.519 I/AmFFmpegExtractor( 605): Change-Id: I639741fa67a5b027e7d8eaa1b588f753d2326e47
06-04 17:01:24.519 I/AmFFmpegExtractor( 605): Uncommitted-file-num:1
06-04 17:01:24.519 I/AmFFmpegExtractor( 605): Build-time: Thu Nov 28 13:44:43 CST 2024
06-04 17:01:24.519 I/AmFFmpegExtractor( 605): Build-name: drm.autobuild
06-04 17:01:24.519 I/AmFFmpegExtractor( 605): -----------------------------------------
06-04 17:01:24.519 I/AmFFmpegExtractor( 605): media.ffmpegextractor.loglevel 16
06-04 17:01:24.519 I/AmFFmpegExtractor( 605): vendor.media.ffmpegextractor.ESLen264Check : 10
06-04 17:01:24.519 I/AmFFmpegExtractor( 605): vendor.media.ffmpegextractor.ESLen265Check : 50
06-04 17:01:24.520 I/AmFFmpegByteIOAdapter( 605): File size : 734281728
06-04 17:01:24.521 I/AmFFmpegExtractor( 605): AmFFmpegExtractor mInputFormat name {avi [(null)]}
06-04 17:01:25.591 I/AmFFmpegExtractor( 605): ///////////////start dump format
06-04 17:01:25.591 I/AmFFmpegExtractor( 605): [init 3386] video/avi
06-04 17:01:25.591 I/AmFFmpegExtractor( 605): isMusic major_brand:null
06-04 17:01:25.591 I/AmFFmpegExtractor( 605): Stream 0(0) [video/mp4v-es][codecid:0xc(0xc)] found.
06-04 17:01:25.591 I/AmFFmpegExtractor( 605): [AmFFmpegSource 717]startTimeUs:0, seekable:1
06-04 17:01:25.591 I/AmFFmpegExtractor( 605): [init 753](0xee340550)
06-04 17:01:25.591 E/AmFFmpegExtractor( 605): mAudioMuxRead 0
06-04 17:01:25.591 I/AmFFmpegExtractor( 605): init kKeyDuration = 6883760000
06-04 17:01:25.591 I/AmFFmpegExtractor( 605): av_find_input_format is avi
06-04 17:01:25.591 I/AmFFmpegExtractor( 605): VIDEO stream startTimeUs = 0
06-04 17:01:25.591 I/AmFFmpegExtractor( 605): video:demux: extradata_size = 59
06-04 17:01:25.591 I/AmFFmpegExtractor( 605): video:demux: has b-frame = 1
06-04 17:01:25.591 I/AmFFmpegExtractor( 605): video:demux: width = 608, height = 288
06-04 17:01:25.591 I/AmFFmpegExtractor( 605): mpeg4 vol sprite usage 2, GMC wrappoint 3, quater_sample 1, accuracy 3
06-04 17:01:25.591 I/AmFFmpegExtractor( 605): SAR [1:1]
06-04 17:01:25.591 E/AmFFmpegExtractor( 605): demux: frame_number = 172094
06-04 17:01:25.591 I/AmFFmpegExtractor( 605): init kKeyFrameRate = 25(25.000000)
06-04 17:01:25.591 I/AmFFmpegExtractor( 605): set frame-rate 25 rationalFramerate num 25 den 1
06-04 17:01:25.591 I/AmFFmpegExtractor( 605): av_find_input_format avi set UNSTABLE_PTS
06-04 17:01:25.591 I/AmFFmpegExtractor( 605): mIsDolbyVison :0, mCreate_two_tracks_dv:0, codec_id: 12(AVC:27,HEVC:173), DvCFG:0(0), TAG:XVID
06-04 17:01:25.591 I/AmFFmpegExtractor( 605): Mime:video/mp4v-es
06-04 17:01:25.591 I/StreamFormatter( 605): Creating formatter for codec id : 12 extradata size : 59
06-04 17:01:25.591 I/AmFFmpegExtractor( 605): [init 3565] mIsDolbyVison:0, i:0
06-04 17:01:25.591 I/AmFFmpegExtractor( 605): Stream 1(1) [audio/mpeg][codecid:0x15001(0x15001)] found.
06-04 17:01:25.592 I/AmFFmpegExtractor( 605): [AmFFmpegSource 717]startTimeUs:0, seekable:1
06-04 17:01:25.592 I/AmFFmpegExtractor( 605): [init 753](0xee3413c0)
06-04 17:01:25.592 E/AmFFmpegExtractor( 605): mAudioMuxRead 0
06-04 17:01:25.592 I/AmFFmpegExtractor( 605): init kKeyDuration = 6883760000
06-04 17:01:25.592 I/AmFFmpegExtractor( 605): av_find_input_format is avi
06-04 17:01:25.592 I/AmFFmpegExtractor( 605): audio:demux: fmt = 8
06-04 17:01:25.592 I/AmFFmpegExtractor( 605): audio:demux: channels = 2
06-04 17:01:25.592 I/AmFFmpegExtractor( 605): audio:demux: sample_rate = 44100
06-04 17:01:25.592 I/AmFFmpegExtractor( 605): audio:demux: bit_rate = 93656
06-04 17:01:25.592 I/AmFFmpegExtractor( 605): audio:demux: codec_id = 86017
06-04 17:01:25.592 I/AmFFmpegExtractor( 605): audio:demux: stream startTimeUs = 0
06-04 17:01:25.592 I/AmFFmpegExtractor( 605): audio:demux: block_align = 1152
06-04 17:01:25.592 E/AmFFmpegExtractor( 605): kKeyMediaLanguage audio lang null
06-04 17:01:25.592 I/AmFFmpegExtractor( 605): Mime:audio/mpeg
06-04 17:01:25.592 I/StreamFormatter( 605): Creating formatter for codec id : 86017 extradata size : 12
06-04 17:01:25.592 I/AmFFmpegExtractor( 605): [init 3565] mIsDolbyVison:0, i:1
06-04 17:01:25.592 I/AmFFmpegExtractor( 605): pthread_create OK pid:-453779008
06-04 17:01:25.592 I/AmFFmpegExtractor( 605): feedMore_task in
06-04 17:01:25.593 I/AmAVUtils( 608): set default max-input-size to 1887436
06-04 17:01:25.595 I/AmFFmpegExtractor( 605): feedMore_task out toBeExit:1 , err:0
06-04 17:01:25.596 I/AmFFmpegExtractor( 605): [~AmFFmpegExtractor 2707] feedMore task has exited.
06-04 17:01:25.596 I/AmFFmpegExtractor( 605): [~AmFFmpegSource 732]
06-04 17:01:25.596 I/AmFFmpegExtractor( 605): [~AmFFmpegSource 732]
06-04 17:01:25.598 I/AmFFmpegExtractor( 605): [~AmFFmpegExtractor 2720]
06-04 17:01:25.598 E/MetadataRetrieverClient( 608): unable to dlopen metadata_retriever extension: dlopen failed: library "libmetadataretriever_ext.so" not found
06-04 17:01:25.598 I/AmFFmpegExtractor( 605): [~AmFFmpegExtractor 2723]
06-04 17:01:25.598 W/RefBase ( 605): RefBase: Explicit destruction, weak count = 0 (in 0xea106834). Use sp<> to manage this object.
06-04 17:01:25.598 W/RefBase ( 605): CallStack::getCurrentInternal not linked, returning null
06-04 17:01:25.598 W/RefBase ( 605): CallStack::logStackInternal not linked
06-04 17:01:25.622 I/AmFFmpegExtractor( 605): fast startup in ffmpegextractor for avi stream.
06-04 17:01:25.622 I/AmFFmpegExtractor( 605): is in white list : 1
06-04 17:01:25.622 I/AmFFmpegExtractor( 605): SniffAmFFmpeg ok, confidence = 0.800000
06-04 17:01:25.624 W/AString ( 605): ctor got NULL, using empty string instead
06-04 17:01:25.624 I/AmFFmpegExtractor( 605):
06-04 17:01:25.624 I/AmFFmpegExtractor( 605): -----------AmFFmpegExtractor Info---------
06-04 17:01:25.624 I/AmFFmpegExtractor( 605):
06-04 17:01:25.624 I/AmFFmpegExtractor( 605): MM-module-name:Extractor,Version:5.1.7-g0c7d1d4(build:6351)
06-04 17:01:25.624 I/AmFFmpegExtractor( 605):
06-04 17:01:25.624 I/AmFFmpegExtractor( 605): ARCH = arm
06-04 17:01:25.624 I/AmFFmpegExtractor( 605): Author: multi-media team
06-04 17:01:25.624 I/AmFFmpegExtractor( 605): Branch name: * (HEAD detached at 0c7d1d4)
06-04 17:01:25.624 I/AmFFmpegExtractor( 605): Last Commit Info:
06-04 17:01:25.624 I/AmFFmpegExtractor( 605): commit 0c7d1d450b4d7ecd11fc2ddd21a6e67e11d0b24d
06-04 17:01:25.624 I/AmFFmpegExtractor( 605): Author: wang.ren
06-04 17:01:25.624 I/AmFFmpegExtractor( 605): Date: Mon Nov 18 08:39:16 2024 +0000
06-04 17:01:25.624 I/AmFFmpegExtractor( 605): AmFFmpegExtractor: CB2 invalid nal length when parse nal data [1/1]
06-04 17:01:25.624 I/AmFFmpegExtractor( 605): PD#SWPL-190774
06-04 17:01:25.624 I/AmFFmpegExtractor( 605): Change-Id: I639741fa67a5b027e7d8eaa1b588f753d2326e47
06-04 17:01:25.624 I/AmFFmpegExtractor( 605): Uncommitted-file-num:1
06-04 17:01:25.624 I/AmFFmpegExtractor( 605): Build-time: Thu Nov 28 13:44:43 CST 2024
06-04 17:01:25.624 I/AmFFmpegExtractor( 605): Build-name: drm.autobuild
06-04 17:01:25.624 I/AmFFmpegExtractor( 605): -----------------------------------------
06-04 17:01:25.624 I/AmFFmpegExtractor( 605): media.ffmpegextractor.loglevel 16
06-04 17:01:25.624 I/AmFFmpegExtractor( 605): vendor.media.ffmpegextractor.ESLen264Check : 10
06-04 17:01:25.624 I/AmFFmpegExtractor( 605): vendor.media.ffmpegextractor.ESLen265Check : 50
06-04 17:01:25.624 I/AmFFmpegByteIOAdapter( 605): File size : 232908800
06-04 17:01:25.625 I/AmFFmpegExtractor( 605): AmFFmpegExtractor mInputFormat name {avi [(null)]}
06-04 17:01:25.726 I/AmFFmpegExtractor( 605): ///////////////start dump format
06-04 17:01:25.726 I/AmFFmpegExtractor( 605): [init 3386] video/avi
06-04 17:01:25.726 I/AmFFmpegExtractor( 605): isMusic major_brand:null
06-04 17:01:25.726 I/AmFFmpegExtractor( 605): Stream 0(0) [video/mp4v-es][codecid:0xc(0xc)] found.
06-04 17:01:25.726 I/AmFFmpegExtractor( 605): [AmFFmpegSource 717]startTimeUs:0, seekable:1
06-04 17:01:25.726 I/AmFFmpegExtractor( 605): [init 753](0xee340550)
06-04 17:01:25.726 E/AmFFmpegExtractor( 605): mAudioMuxRead 0
06-04 17:01:25.726 I/AmFFmpegExtractor( 605): init kKeyDuration = 431366667
06-04 17:01:25.726 I/AmFFmpegExtractor( 605): av_find_input_format is avi
06-04 17:01:25.726 I/AmFFmpegExtractor( 605): VIDEO stream startTimeUs = 0
06-04 17:01:25.726 I/AmFFmpegExtractor( 605): video:demux: extradata_size = 60
06-04 17:01:25.726 I/AmFFmpegExtractor( 605): video:demux: has b-frame = 1
06-04 17:01:25.726 I/AmFFmpegExtractor( 605): video:demux: width = 664, height = 480
06-04 17:01:25.726 I/AmFFmpegExtractor( 605): SAR [1:1]
06-04 17:01:25.726 E/AmFFmpegExtractor( 605): demux: frame_number = 12941
06-04 17:01:25.726 I/AmFFmpegExtractor( 605): init kKeyFrameRate = 30(30.000000)
06-04 17:01:25.726 I/AmFFmpegExtractor( 605): set frame-rate 30 rationalFramerate num 30 den 1
06-04 17:01:25.726 I/AmFFmpegExtractor( 605): av_find_input_format avi set UNSTABLE_PTS
06-04 17:01:25.726 I/AmFFmpegExtractor( 605): mIsDolbyVison :0, mCreate_two_tracks_dv:0, codec_id: 12(AVC:27,HEVC:173), DvCFG:0(0), TAG:XVID
06-04 17:01:25.726 I/AmFFmpegExtractor( 605): Mime:video/mp4v-es
06-04 17:01:25.726 I/StreamFormatter( 605): Creating formatter for codec id : 12 extradata size : 60
06-04 17:01:25.726 I/AmFFmpegExtractor( 605): [init 3565] mIsDolbyVison:0, i:0
06-04 17:01:25.726 I/AmFFmpegExtractor( 605): Stream 1(1) [audio/mpeg][codecid:0x15001(0x15001)] found.
06-04 17:01:25.726 I/AmFFmpegExtractor( 605): [AmFFmpegSource 717]startTimeUs:0, seekable:1
06-04 17:01:25.726 I/AmFFmpegExtractor( 605): [init 753](0xee3413c0)
06-04 17:01:25.726 E/AmFFmpegExtractor( 605): mAudioMuxRead 0
06-04 17:01:25.726 I/AmFFmpegExtractor( 605): init kKeyDuration = 431366667
06-04 17:01:25.727 I/AmFFmpegExtractor( 605): av_find_input_format is avi
06-04 17:01:25.727 I/AmFFmpegExtractor( 605): audio:demux: fmt = 8
06-04 17:01:25.727 I/AmFFmpegExtractor( 605): audio:demux: channels = 2
06-04 17:01:25.727 I/AmFFmpegExtractor( 605): audio:demux: sample_rate = 48000
06-04 17:01:25.727 I/AmFFmpegExtractor( 605): audio:demux: bit_rate = 192000
06-04 17:01:25.727 I/AmFFmpegExtractor( 605): audio:demux: codec_id = 86017
06-04 17:01:25.727 I/AmFFmpegExtractor( 605): audio:demux: stream startTimeUs = 0
06-04 17:01:25.727 I/AmFFmpegExtractor( 605): audio:demux: block_align = 1
06-04 17:01:25.727 E/AmFFmpegExtractor( 605): kKeyMediaLanguage audio lang null
06-04 17:01:25.727 I/AmFFmpegExtractor( 605): Mime:audio/mpeg
06-04 17:01:25.727 I/StreamFormatter( 605): Creating formatter for codec id : 86017 extradata size : 12
06-04 17:01:25.727 I/AmFFmpegExtractor( 605): [init 3565] mIsDolbyVison:0, i:1
06-04 17:01:25.727 I/AmFFmpegExtractor( 605): pthread_create OK pid:-443989568
06-04 17:01:25.727 I/AmFFmpegExtractor( 605): feedMore_task in
06-04 17:01:25.728 I/AmAVUtils( 608): set default max-input-size to 1887436
06-04 17:01:25.730 I/AmFFmpegExtractor( 605): feedMore_task out toBeExit:1 , err:0
06-04 17:01:25.731 I/AmFFmpegExtractor( 605): [~AmFFmpegExtractor 2707] feedMore task has exited.
06-04 17:01:25.731 I/AmFFmpegExtractor( 605): [~AmFFmpegSource 732]
06-04 17:01:25.731 I/AmFFmpegExtractor( 605): [~AmFFmpegSource 732]
06-04 17:01:25.731 I/AmFFmpegExtractor( 605): [~AmFFmpegExtractor 2720]
06-04 17:01:25.731 I/AmFFmpegExtractor( 605): [~AmFFmpegExtractor 2723]
06-04 17:01:25.731 W/RefBase ( 605): RefBase: Explicit destruction, weak count = 0 (in 0xea105734). Use sp<> to manage this object.
06-04 17:01:25.731 W/RefBase ( 605): CallStack::getCurrentInternal not linked, returning null
06-04 17:01:25.731 W/RefBase ( 605): CallStack::logStackInternal not linked
06-04 17:01:25.733 W/MediaProvider( 1471): isAppCloneUserPair for user -1: false
06-04 17:01:25.737 W/MediaProvider( 1471): isAppCloneUserPair for user -1: false
06-04 17:01:25.741 W/MediaProvider( 1471): isAppCloneUserPair for user -1: false
06-04 17:01:25.745 W/MediaProvider( 1471): isAppCloneUserPair for user -1: false
06-04 17:01:25.767 E/MetadataRetrieverClient( 608): unable to dlopen metadata_retriever extension: dlopen failed: library "libmetadataretriever_ext.so" not found
06-04 17:01:25.773 I/AmFFmpegByteIOAdapter( 605): File size : 287987712
06-04 17:01:25.775 E/exFFmpeg( 605): [mpegts @ 0xea2cf290] HDMV --- HDPR
06-04 17:01:25.775 I/AmFFmpegExtractor( 605): checkInList: iswhite:0, mime:video/mp2ts, type:0, id:27 tag:1b
06-04 17:01:25.776 I/AmFFmpegExtractor( 605): checkInList: iswhite:1, mime:video/mp2ts, type:0, id:27 tag:1b
06-04 17:01:25.776 E/AmFFmpegExtractor( 605): codec_ctx->properties: 0
06-04 17:01:25.776 I/AmFFmpegExtractor( 605): checkInList: iswhite:0, mime:video/mp2ts, type:1, id:86020 tag:82
06-04 17:01:25.776 I/AmFFmpegExtractor( 605): checkInList: iswhite:1, mime:video/mp2ts, type:1, id:86020 tag:82
06-04 17:01:25.776 E/AmFFmpegExtractor( 605): true: iswhite:1, type:1, id:86020 tag:ffffffff
06-04 17:01:25.776 E/AmFFmpegExtractor( 605): codec_ctx->properties: 0
06-04 17:01:25.776 I/AmFFmpegExtractor( 605): checkInList: iswhite:0, mime:video/mp2ts, type:-1, id:0 tag:0
06-04 17:01:25.776 W/AmFFmpegUtils( 605): Unsupported codec id : 0
06-04 17:01:25.776 I/AmFFmpegExtractor( 605): checkInList: iswhite:1, mime:video/mp2ts, type:-1, id:0 tag:0
06-04 17:01:25.776 E/AmFFmpegExtractor( 605): codec_ctx->properties: 0
06-04 17:01:25.776 I/AmFFmpegExtractor( 605): checkSupportInList ret 1
06-04 17:01:25.776 I/AmFFmpegExtractor( 605): is in white list : 1
06-04 17:01:25.776 I/AmFFmpegExtractor( 605): SniffAmFFmpeg ok, confidence = 0.800000
06-04 17:01:25.788 W/AString ( 605): ctor got NULL, using empty string instead
06-04 17:01:25.788 I/AmFFmpegExtractor( 605):
06-04 17:01:25.788 I/AmFFmpegExtractor( 605): -----------AmFFmpegExtractor Info---------
06-04 17:01:25.788 I/AmFFmpegExtractor( 605):
06-04 17:01:25.788 I/AmFFmpegExtractor( 605): MM-module-name:Extractor,Version:5.1.7-g0c7d1d4(build:6351)
06-04 17:01:25.788 I/AmFFmpegExtractor( 605):
06-04 17:01:25.788 I/AmFFmpegExtractor( 605): ARCH = arm
06-04 17:01:25.788 I/AmFFmpegExtractor( 605): Author: multi-media team
06-04 17:01:25.788 I/AmFFmpegExtractor( 605): Branch name: * (HEAD detached at 0c7d1d4)
06-04 17:01:25.788 I/AmFFmpegExtractor( 605): Last Commit Info:
06-04 17:01:25.788 I/AmFFmpegExtractor( 605): commit 0c7d1d450b4d7ecd11fc2ddd21a6e67e11d0b24d
06-04 17:01:25.788 I/AmFFmpegExtractor( 605): Author: wang.ren
06-04 17:01:25.788 I/AmFFmpegExtractor( 605): Date: Mon Nov 18 08:39:16 2024 +0000
06-04 17:01:25.788 I/AmFFmpegExtractor( 605): AmFFmpegExtractor: CB2 invalid nal length when parse nal data [1/1]
06-04 17:01:25.788 I/AmFFmpegExtractor( 605): PD#SWPL-190774
06-04 17:01:25.788 I/AmFFmpegExtractor( 605): Change-Id: I639741fa67a5b027e7d8eaa1b588f753d2326e47
06-04 17:01:25.788 I/AmFFmpegExtractor( 605): Uncommitted-file-num:1
06-04 17:01:25.788 I/AmFFmpegExtractor( 605): Build-time: Thu Nov 28 13:44:43 CST 2024
06-04 17:01:25.788 I/AmFFmpegExtractor( 605): Build-name: drm.autobuild
06-04 17:01:25.788 I/AmFFmpegExtractor( 605): -----------------------------------------
06-04 17:01:25.788 I/AmFFmpegExtractor( 605): media.ffmpegextractor.loglevel 16
06-04 17:01:25.788 I/AmFFmpegExtractor( 605): vendor.media.ffmpegextractor.ESLen264Check : 10
06-04 17:01:25.788 I/AmFFmpegExtractor( 605): vendor.media.ffmpegextractor.ESLen265Check : 50
06-04 17:01:25.788 I/AmFFmpegByteIOAdapter( 605): File size : 287987712
06-04 17:01:25.789 I/AmFFmpegExtractor( 605): AmFFmpegExtractor mInputFormat name {mpegts [(null)]}
06-04 17:01:25.789 E/exFFmpeg( 605): HDMV --- HDPR
06-04 17:01:25.913 I/WifiHAL ( 506): call wifi_get_link_stats handler
06-04 17:01:25.913 I/WifiHAL ( 506): Creating message to get link statistics; iface = 16
06-04 17:01:25.913 D/WifiHAL ( 506): error code -95 mapped to -3
06-04 17:01:25.913 E/WifiStaIfaceAidlImpl( 693): getLinkLayerStats failed with service-specific exception: android.os.ServiceSpecificException: (code 4)
06-04 17:01:26.045 I/AmFFmpegExtractor( 605): ///////////////start dump format
06-04 17:01:26.045 I/AmFFmpegExtractor( 605): [init 3386] video/mp2ts
06-04 17:01:26.045 I/AmFFmpegExtractor( 605): isMusic major_brand:null
06-04 17:01:26.046 I/AmFFmpegExtractor( 605): Stream 0(0) [video/avc][codecid:0x1b(0x1b)] found.
06-04 17:01:26.046 I/AmFFmpegExtractor( 605): [AmFFmpegSource 717]startTimeUs:8037312000, seekable:1
06-04 17:01:26.046 I/AmFFmpegExtractor( 605): [init 753](0xee340550)
06-04 17:01:26.046 E/AmFFmpegExtractor( 605): mAudioMuxRead 0
06-04 17:01:26.046 I/AmFFmpegExtractor( 605): init kKeyDuration = 182717011
06-04 17:01:26.046 I/AmFFmpegExtractor( 605): VIDEO stream startTimeUs = 8037312000
06-04 17:01:26.046 I/AmFFmpegExtractor( 605): video:demux: extradata_size = 59
06-04 17:01:26.046 I/AmFFmpegExtractor( 605): video:demux: has b-frame = 2
06-04 17:01:26.046 I/AmFFmpegExtractor( 605): video:demux: width = 1920, height = 832
06-04 17:01:26.046 I/AmFFmpegExtractor( 605): SAR [1:1]
06-04 17:01:26.046 E/AmFFmpegExtractor( 605): demux: frame_number = 0
06-04 17:01:26.046 I/AmFFmpegExtractor( 605): init kKeyFrameRate = 24(23.969999)
06-04 17:01:26.046 I/AmFFmpegExtractor( 605): set frame-rate 24 rationalFramerate num 24000 den 1001
06-04 17:01:26.046 I/AmFFmpegExtractor( 605): mIsDolbyVison :0, mCreate_two_tracks_dv:0, codec_id: 27(AVC:27,HEVC:173), DvCFG:0(0), TAG:
06-04 17:01:26.046 I/AmFFmpegExtractor( 605): set tag nCFG
06-04 17:01:26.046 I/AmFFmpegExtractor( 605): Mime:video/avc
06-04 17:01:26.046 I/StreamFormatter( 605): Creating formatter for codec id : 27 extradata size : 59
06-04 17:01:26.046 D/AVCTSFormatter( 605): actual extra size:59
06-04 17:01:26.046 I/AmFFmpegExtractor( 605): [init 3565] mIsDolbyVison:0, i:0
06-04 17:01:26.063 I/AmFFmpegExtractor( 605): Stream 1(1) [audio/vnd.dts][codecid:0x15004(0x15004)] found.
06-04 17:01:26.063 I/AmFFmpegExtractor( 605): [AmFFmpegSource 717]startTimeUs:8037312000, seekable:1
06-04 17:01:26.063 I/AmFFmpegExtractor( 605): [init 753](0xee341510)
06-04 17:01:26.063 E/AmFFmpegExtractor( 605): mAudioMuxRead 0
06-04 17:01:26.063 I/AmFFmpegExtractor( 605): init kKeyDuration = 182717011
06-04 17:01:26.063 I/AmFFmpegExtractor( 605): audio:demux: fmt = -1
06-04 17:01:26.063 I/AmFFmpegExtractor( 605): audio:demux: channels = 6
06-04 17:01:26.063 I/AmFFmpegExtractor( 605): audio:demux: sample_rate = 48000
06-04 17:01:26.063 I/AmFFmpegExtractor( 605): audio:demux: bit_rate = 1536000
06-04 17:01:26.063 I/AmFFmpegExtractor( 605): audio:demux: codec_id = 86020
06-04 17:01:26.063 I/AmFFmpegExtractor( 605): audio:demux: stream startTimeUs = 8037312000
06-04 17:01:26.063 I/AmFFmpegExtractor( 605): audio:demux: block_align = 0
06-04 17:01:26.063 I/AmFFmpegExtractor( 605): Mime:audio/vnd.dts
06-04 17:01:26.063 I/StreamFormatter( 605): Creating formatter for codec id : 86020 extradata size : 0
06-04 17:01:26.063 I/AmFFmpegExtractor( 605): [init 3565] mIsDolbyVison:0, i:1
06-04 17:01:26.063 W/AmFFmpegUtils( 605): Unsupported codec id : 0
06-04 17:01:26.063 I/AmFFmpegExtractor( 605): Stream -1(-1) [UNKNOWN][codecid:0x0(0x0)] found.
06-04 17:01:26.064 I/AmFFmpegExtractor( 605): pthread_create OK pid:-448777792
06-04 17:01:26.064 I/AmFFmpegExtractor( 605): feedMore_task in
06-04 17:01:26.068 I/AmAVUtils( 608): set default max-input-size to 1887436
06-04 17:01:26.072 I/AmFFmpegExtractor( 605): feedMore_task out toBeExit:1 , err:0
06-04 17:01:26.072 I/AmFFmpegExtractor( 605): [~AmFFmpegExtractor 2707] feedMore task has exited.
06-04 17:01:26.072 I/AmFFmpegExtractor( 605): [~AmFFmpegSource 732]
06-04 17:01:26.072 I/AmFFmpegExtractor( 605): [~AmFFmpegSource 732]
06-04 17:01:26.072 I/AmFFmpegExtractor( 605): [~AmFFmpegExtractor 2720]
06-04 17:01:26.072 I/AmFFmpegExtractor( 605): [~AmFFmpegExtractor 2723]
06-04 17:01:26.072 W/RefBase ( 605): RefBase: Explicit destruction, weak count = 0 (in 0xea106c74). Use sp<> to manage this object.
06-04 17:01:26.072 W/RefBase ( 605): CallStack::getCurrentInternal not linked, returning null
06-04 17:01:26.072 W/RefBase ( 605): CallStack::logStackInternal not linked
06-04 17:01:26.074 E/MetadataRetrieverClient( 608): unable to dlopen metadata_retriever extension: dlopen failed: library "libmetadataretriever_ext.so" not found
06-04 17:01:26.077 I/AmFFmpegByteIOAdapter( 605): File size : 398346240
06-04 17:01:26.079 E/exFFmpeg( 605): HDMV --- HDPR
06-04 17:01:26.080 I/AmFFmpegExtractor( 605): checkInList: iswhite:0, mime:video/mp2ts, type:0, id:27 tag:564d4448
06-04 17:01:26.080 I/AmFFmpegExtractor( 605): checkInList: iswhite:1, mime:video/mp2ts, type:0, id:27 tag:564d4448
06-04 17:01:26.080 E/AmFFmpegExtractor( 605): codec_ctx->properties: 0
06-04 17:01:26.080 I/AmFFmpegExtractor( 605): checkInList: iswhite:0, mime:video/mp2ts, type:1, id:86019 tag:332d4341
06-04 17:01:26.080 I/AmFFmpegExtractor( 605): checkInList: iswhite:1, mime:video/mp2ts, type:1, id:86019 tag:332d4341
06-04 17:01:26.080 E/AmFFmpegExtractor( 605): true: iswhite:1, type:1, id:86019 tag:ffffffff
06-04 17:01:26.080 E/AmFFmpegExtractor( 605): codec_ctx->properties: 0
06-04 17:01:26.080 I/AmFFmpegExtractor( 605): checkInList: iswhite:0, mime:video/mp2ts, type:-1, id:0 tag:332d4341
06-04 17:01:26.080 W/AmFFmpegUtils( 605): Unsupported codec id : 0
06-04 17:01:26.080 I/AmFFmpegExtractor( 605): checkInList: iswhite:1, mime:video/mp2ts, type:-1, id:0 tag:332d4341
06-04 17:01:26.080 E/AmFFmpegExtractor( 605): codec_ctx->properties: 0
06-04 17:01:26.080 I/AmFFmpegExtractor( 605): checkSupportInList ret 1
06-04 17:01:26.080 I/AmFFmpegExtractor( 605): is in white list : 1
06-04 17:01:26.080 I/AmFFmpegExtractor( 605): SniffAmFFmpeg ok, confidence = 0.800000
06-04 17:01:26.094 W/AString ( 605): ctor got NULL, using empty string instead
06-04 17:01:26.094 I/AmFFmpegExtractor( 605):
06-04 17:01:26.094 I/AmFFmpegExtractor( 605): -----------AmFFmpegExtractor Info---------
06-04 17:01:26.094 I/AmFFmpegExtractor( 605):
06-04 17:01:26.094 I/AmFFmpegExtractor( 605): MM-module-name:Extractor,Version:5.1.7-g0c7d1d4(build:6351)
06-04 17:01:26.094 I/AmFFmpegExtractor( 605):
06-04 17:01:26.094 I/AmFFmpegExtractor( 605): ARCH = arm
06-04 17:01:26.094 I/AmFFmpegExtractor( 605): Author: multi-media team
06-04 17:01:26.094 I/AmFFmpegExtractor( 605): Branch name: * (HEAD detached at 0c7d1d4)
06-04 17:01:26.094 I/AmFFmpegExtractor( 605): Last Commit Info:
06-04 17:01:26.094 I/AmFFmpegExtractor( 605): commit 0c7d1d450b4d7ecd11fc2ddd21a6e67e11d0b24d
06-04 17:01:26.094 I/AmFFmpegExtractor( 605): Author: wang.ren
06-04 17:01:26.094 I/AmFFmpegExtractor( 605): Date: Mon Nov 18 08:39:16 2024 +0000
06-04 17:01:26.094 I/AmFFmpegExtractor( 605): AmFFmpegExtractor: CB2 invalid nal length when parse nal data [1/1]
06-04 17:01:26.094 I/AmFFmpegExtractor( 605): PD#SWPL-190774
06-04 17:01:26.094 I/AmFFmpegExtractor( 605): Change-Id: I639741fa67a5b027e7d8eaa1b588f753d2326e47
06-04 17:01:26.094 I/AmFFmpegExtractor( 605): Uncommitted-file-num:1
06-04 17:01:26.094 I/AmFFmpegExtractor( 605): Build-time: Thu Nov 28 13:44:43 CST 2024
06-04 17:01:26.094 I/AmFFmpegExtractor( 605): Build-name: drm.autobuild
06-04 17:01:26.094 I/AmFFmpegExtractor( 605): -----------------------------------------
06-04 17:01:26.094 I/AmFFmpegExtractor( 605): media.ffmpegextractor.loglevel 16
06-04 17:01:26.094 I/AmFFmpegExtractor( 605): vendor.media.ffmpegextractor.ESLen264Check : 10
06-04 17:01:26.094 I/AmFFmpegExtractor( 605): vendor.media.ffmpegextractor.ESLen265Check : 50
06-04 17:01:26.094 I/AmFFmpegByteIOAdapter( 605): File size : 398346240
06-04 17:01:26.095 I/AmFFmpegExtractor( 605): AmFFmpegExtractor mInputFormat name {mpegts [(null)]}
06-04 17:01:26.095 E/exFFmpeg( 605): HDMV --- HDPR
06-04 17:01:26.202 I/AmFFmpegExtractor( 605): ///////////////start dump format
06-04 17:01:26.203 I/AmFFmpegExtractor( 605): [init 3386] video/mp2ts
06-04 17:01:26.203 I/AmFFmpegExtractor( 605): isMusic major_brand:null
06-04 17:01:26.203 I/AmFFmpegExtractor( 605): Stream 0(0) [video/avc][codecid:0x1b(0x1b)] found.
06-04 17:01:26.203 I/AmFFmpegExtractor( 605): [AmFFmpegSource 717]startTimeUs:600000000, seekable:1
06-04 17:01:26.203 I/AmFFmpegExtractor( 605): [init 753](0xee3413c0)
06-04 17:01:26.203 E/AmFFmpegExtractor( 605): mAudioMuxRead 0
06-04 17:01:26.203 I/AmFFmpegExtractor( 605): init kKeyDuration = 1840882533
06-04 17:01:26.203 I/AmFFmpegExtractor( 605): VIDEO stream startTimeUs = 600000000
06-04 17:01:26.203 I/AmFFmpegExtractor( 605): video:demux: extradata_size = 58
06-04 17:01:26.203 I/AmFFmpegExtractor( 605): video:demux: has b-frame = 2
06-04 17:01:26.203 I/AmFFmpegExtractor( 605): video:demux: width = 1280, height = 720
06-04 17:01:26.203 I/AmFFmpegExtractor( 605): SAR [1:1]
06-04 17:01:26.203 E/AmFFmpegExtractor( 605): demux: frame_number = 0
06-04 17:01:26.204 I/AmFFmpegExtractor( 605): init kKeyFrameRate = 24(23.969999)
06-04 17:01:26.204 I/AmFFmpegExtractor( 605): set frame-rate 24 rationalFramerate num 24000 den 1001
06-04 17:01:26.204 I/AmFFmpegExtractor( 605): mIsDolbyVison :0, mCreate_two_tracks_dv:0, codec_id: 27(AVC:27,HEVC:173), DvCFG:0(0), TAG:HDMV
06-04 17:01:26.204 I/AmFFmpegExtractor( 605): set tag nCFG
06-04 17:01:26.204 I/AmFFmpegExtractor( 605): Mime:video/avc
06-04 17:01:26.204 I/StreamFormatter( 605): Creating formatter for codec id : 27 extradata size : 58
06-04 17:01:26.204 I/AVCTSFormatter( 605): skip avc nalu DELIMITER
06-04 17:01:26.204 D/AVCTSFormatter( 605): actual extra size:52
06-04 17:01:26.204 I/AmFFmpegExtractor( 605): [init 3565] mIsDolbyVison:0, i:0
06-04 17:01:26.204 I/AmFFmpegExtractor( 605): Stream 1(1) [audio/ac3][codecid:0x15003(0x15003)] found.
06-04 17:01:26.204 I/AmFFmpegExtractor( 605): [AmFFmpegSource 717]startTimeUs:600000000, seekable:1
06-04 17:01:26.204 I/AmFFmpegExtractor( 605): [init 753](0xee341510)
06-04 17:01:26.204 E/AmFFmpegExtractor( 605): mAudioMuxRead 0
06-04 17:01:26.204 I/AmFFmpegExtractor( 605): init kKeyDuration = 1840882533
06-04 17:01:26.204 I/AmFFmpegExtractor( 605): audio:demux: fmt = -1
