06-04 17:01:36.622 E/AmFFmpegExtractor( 605): codec_ctx->properties: 0
06-04 17:01:36.622 I/AmFFmpegExtractor( 605): checkSupportInList ret 0
06-04 17:01:36.622 E/AmFFmpegExtractor( 605): vendor do not support
06-04 17:01:36.639 E/MetadataRetrieverClient( 608): unable to dlopen metadata_retriever extension: dlopen failed: library "libmetadataretriever_ext.so" not found
06-04 17:01:36.691 I/AmFFmpegByteIOAdapter( 605): File size : 2147789
06-04 17:01:37.936 I/WifiHAL ( 506): call wifi_get_link_stats handler
06-04 17:01:37.936 I/WifiHAL ( 506): Creating message to get link statistics; iface = 16
06-04 17:01:37.936 D/WifiHAL ( 506): error code -95 mapped to -3
06-04 17:01:37.937 E/WifiStaIfaceAidlImpl( 693): getLinkLayerStats failed with service-specific exception: android.os.ServiceSpecificException: (code 4)
06-04 17:01:40.220 D/TrafficStats( 3475): tagSocket(134) with statsTag=0xffffffff, statsUid=-1
06-04 17:01:40.942 I/WifiHAL ( 506): call wifi_get_link_stats handler
06-04 17:01:40.942 I/WifiHAL ( 506): Creating message to get link statistics; iface = 16
06-04 17:01:40.942 D/WifiHAL ( 506): error code -95 mapped to -3
06-04 17:01:40.943 E/WifiStaIfaceAidlImpl( 693): getLinkLayerStats failed with service-specific exception: android.os.ServiceSpecificException: (code 4)
06-04 17:01:41.096 I/efs.base( 3475): wa upload succ, HttpResponse {succ=true, code=200, data='暂不支持该服务', extra={req_url=https://errlog.umeng.com/api/crashsdk/logcollect}}
06-04 17:01:41.444 D/DhcpClient( 1053): Received packet: 7e:77:3d:13:73:75 ACK: your new IP /192.168.3.156, netmask /255.255.254.0, gateways [/192.168.3.1] DNS servers: /202.96.134.133 /202.96.128.166 , lease time 3600
06-04 17:01:43.952 I/WifiHAL ( 506): call wifi_get_link_stats handler
06-04 17:01:43.952 I/WifiHAL ( 506): Creating message to get link statistics; iface = 16
06-04 17:01:43.952 D/WifiHAL ( 506): error code -95 mapped to -3
06-04 17:01:43.953 E/WifiStaIfaceAidlImpl( 693): getLinkLayerStats failed with service-specific exception: android.os.ServiceSpecificException: (code 4)
06-04 17:01:43.979 I/WifiService( 693): startScan uid=1000
06-04 17:01:43.981 E/ccc ( 2935): cccccc i will start scan
06-04 17:01:43.989 D/InstantWifi( 693): Drop, size: 1
06-04 17:01:46.675 D/WifiNl80211Manager( 693): Scan result ready event
06-04 17:01:46.675 D/WifiNative( 693): Scan result ready event
06-04 17:01:46.695 D/WificondScannerImpl( 693): Filtering out 2 scan results.
06-04 17:01:46.742 E/ccc ( 2935): cccccc SCAN_RESULTS_AVAILABLE_ACTION hhhh
06-04 17:01:46.745 E/hq ( 1489): NetWorkStateReceiver:::NetWorkStateReceiver onReceive: 网络变化广播 >>>> intent.action=android.net.wifi.SCAN_RESULTS
06-04 17:01:46.749 I/WifiHAL ( 506): call wifi_get_link_stats handler
06-04 17:01:46.749 I/WifiHAL ( 506): Creating message to get link statistics; iface = 16
06-04 17:01:46.750 D/WifiHAL ( 506): error code -95 mapped to -3
06-04 17:01:46.750 E/WifiStaIfaceAidlImpl( 693): getLinkLayerStats failed with service-specific exception: android.os.ServiceSpecificException: (code 4)
06-04 17:01:46.769 E/ccc ( 2935): cccccc result is not empty call back
06-04 17:01:46.769 E/ccc ( 2935): cccccc 666666666666666
06-04 17:01:46.770 W/eventbuscore( 1489): post Event:com.dangbei.leard.base.entity.event.NetWifiRssiEvent
06-04 17:01:46.783 E/ccc ( 2935): cccccc sort 4 49
06-04 17:01:46.956 I/WifiHAL ( 506): call wifi_get_link_stats handler
06-04 17:01:46.956 I/WifiHAL ( 506): Creating message to get link statistics; iface = 16
06-04 17:01:46.956 D/WifiHAL ( 506): error code -95 mapped to -3
06-04 17:01:46.957 E/WifiStaIfaceAidlImpl( 693): getLinkLayerStats failed with service-specific exception: android.os.ServiceSpecificException: (code 4)
06-04 17:01:46.978 D/OomAdjuster( 693): Not killing cached processes
06-04 17:01:46.980 D/bbb ( 1595): onStartCommand begin !!!!!!! data分区剩余 54592MB
06-04 17:01:48.607 D/TrafficStats( 3475): tagSocket(134) with statsTag=0xffffffff, statsUid=-1
06-04 17:01:49.962 I/WifiHAL ( 506): call wifi_get_link_stats handler
06-04 17:01:49.962 I/WifiHAL ( 506): Creating message to get link statistics; iface = 16
06-04 17:01:49.962 D/WifiHAL ( 506): error code -95 mapped to -3
06-04 17:01:49.963 E/WifiStaIfaceAidlImpl( 693): getLinkLayerStats failed with service-specific exception: android.os.ServiceSpecificException: (code 4)
06-04 17:01:51.156 D/TrafficStats( 3475): tagSocket(134) with statsTag=0xffffffff, statsUid=-1
06-04 17:01:51.480 I/audio_hw_hal_alsamgr( 479): alsa format =0x1 delay frames =640 total frames=7770880
06-04 17:01:52.351 I/efs.base( 3475): wa upload succ, HttpResponse {succ=true, code=200, data='暂不支持该服务', extra={req_url=https://errlog.umeng.com/api/crashsdk/logcollect}}
06-04 17:01:52.970 I/WifiHAL ( 506): call wifi_get_link_stats handler
06-04 17:01:52.970 I/WifiHAL ( 506): Creating message to get link statistics; iface = 16
06-04 17:01:52.970 D/WifiHAL ( 506): error code -95 mapped to -3
06-04 17:01:52.971 E/WifiStaIfaceAidlImpl( 693): getLinkLayerStats failed with service-specific exception: android.os.ServiceSpecificException: (code 4)
06-04 17:01:53.349 D/XM_HIDREAD( 1992): poll ret=1, event=1
06-04 17:01:53.350 D/XM_HIDREAD( 1992): [9 bytes]:01 00 00 29 00 00 00 00 00
06-04 17:01:53.352 I/SogouIME( 1447): onKeyDown: keyoCode=4
06-04 17:01:53.352 I/DefaultIMS( 1447): onKeyDown: keyoCode=4
06-04 17:01:53.530 D/XM_HIDREAD( 1992): poll ret=1, event=1
06-04 17:01:53.530 D/XM_HIDREAD( 1992): [9 bytes]:01 00 00 00 00 00 00 00 00
06-04 17:01:53.533 I/SogouIME( 1447): onKeyUp: keyoCode=4
06-04 17:01:53.533 I/DefaultIMS( 1447): onKeyUp: keyoCode=4
06-04 17:01:53.603 W/View ( 2935): requestLayout() improperly called by com.google.android.material.textview.MaterialTextView{b49ff6b V.ED..... ..S...ID 80,30-298,70 #7f0901c7 app:id/leaf_net_item_name_tv} during layout: running second layout pass
06-04 17:01:55.130 D/XM_HIDREAD( 1992): poll ret=1, event=1
06-04 17:01:55.130 D/XM_HIDREAD( 1992): [9 bytes]:01 00 00 51 00 00 00 00 00
06-04 17:01:55.133 I/SogouIME( 1447): onKeyDown: keyoCode=20
06-04 17:01:55.133 I/DefaultIMS( 1447): onKeyDown: keyoCode=20
06-04 17:01:55.250 D/XM_HIDREAD( 1992): poll ret=1, event=1
06-04 17:01:55.250 D/XM_HIDREAD( 1992): [9 bytes]:01 00 00 00 00 00 00 00 00
06-04 17:01:55.253 I/SogouIME( 1447): onKeyUp: keyoCode=20
06-04 17:01:55.253 I/DefaultIMS( 1447): onKeyUp: keyoCode=20
06-04 17:01:55.409 D/XM_HIDREAD( 1992): poll ret=1, event=1
06-04 17:01:55.409 D/XM_HIDREAD( 1992): [9 bytes]:01 00 00 51 00 00 00 00 00
06-04 17:01:55.412 I/SogouIME( 1447): onKeyDown: keyoCode=20
06-04 17:01:55.412 I/DefaultIMS( 1447): onKeyDown: keyoCode=20
06-04 17:01:55.509 D/XM_HIDREAD( 1992): poll ret=1, event=1
06-04 17:01:55.509 D/XM_HIDREAD( 1992): [9 bytes]:01 00 00 00 00 00 00 00 00
06-04 17:01:55.512 I/SogouIME( 1447): onKeyUp: keyoCode=20
06-04 17:01:55.512 I/DefaultIMS( 1447): onKeyUp: keyoCode=20
06-04 17:01:55.976 I/WifiHAL ( 506): call wifi_get_link_stats handler
06-04 17:01:55.976 I/WifiHAL ( 506): Creating message to get link statistics; iface = 16
06-04 17:01:55.976 D/WifiHAL ( 506): error code -95 mapped to -3
06-04 17:01:55.977 E/WifiStaIfaceAidlImpl( 693): getLinkLayerStats failed with service-specific exception: android.os.ServiceSpecificException: (code 4)
06-04 17:01:56.429 D/XM_HIDREAD( 1992): poll ret=1, event=1
06-04 17:01:56.429 D/XM_HIDREAD( 1992): [3 bytes]:03 23 02
06-04 17:01:56.469 W/AmFFmpegByteIOAdapter( 605): source read slowly. result:128,spendms:19778,pos:2147661,size:128,totalsize:2147789
06-04 17:01:56.530 D/XM_HIDREAD( 1992): poll ret=1, event=1
06-04 17:01:56.530 D/XM_HIDREAD( 1992): [3 bytes]:03 00 00
06-04 17:01:56.533 D/HdmiControlService( 693): Process pid: 693 is calling oneTouchPlay.
06-04 17:01:56.534 D/HdmiControlService( 693): Local device is under address allocation. Save OTP callback for later process.
06-04 17:01:56.541 E/hq ( 1489): HomeKeyReceiver:::onReceive android.intent.action.CLOSE_SYSTEM_DIALOGS
06-04 17:01:56.541 D/HomeKeyReceiver( 1489): reason:-----------homekey
06-04 17:01:56.542 D/CompatibilityChangeReporter( 693): Compat change id reported: 265464455; UID 1000; state: DISABLED
06-04 17:01:56.543 D/WindowManagerShell( 982): TvPipMenuController: closeMenu()
06-04 17:01:56.543 I/WindowManagerShell( 982): TvPipMenuController: switchToMenuMode: setting mCurrentMenuMode=MODE_NO_MENU, mPrevMenuMode=MODE_NO_MENU
06-04 17:01:56.543 D/CompatibilityChangeReporter( 693): Compat change id reported: 265452344; UID 1000; state: DISABLED
06-04 17:01:56.544 D/CompatibilityChangeReporter( 693): Compat change id reported: 266124927; UID 1000; state: DISABLED
06-04 17:01:56.544 W/eventbuscore( 1489): post Event:com.dangbei.leard.base.entity.event.HomeEvent
06-04 17:01:56.544 D/CompatibilityChangeReporter( 693): Compat change id reported: 265451093; UID 1000; state: DISABLED
06-04 17:01:56.544 D/CompatibilityChangeReporter( 693): Compat change id reported: 265456536; UID 1000; state: DISABLED
06-04 17:01:56.545 W/eventbuscore( 1489): post Event:com.dangbei.leard.base.entity.event.SwitchLauncherPageEvent
06-04 17:01:56.545 D/CompatibilityChangeReporter( 693): Compat change id reported: 255940284; UID 1000; state: DISABLED
06-04 17:01:56.545 D/CompatibilityChangeReporter( 693): Compat change id reported: 236283604; UID 1000; state: DISABLED
06-04 17:01:56.546 D/CompatibilityChangeReporter( 693): Compat change id reported: 263959004; UID 1000; state: DISABLED
06-04 17:01:56.546 D/CompatibilityChangeReporter( 693): Compat change id reported: 264304459; UID 1000; state: DISABLED
06-04 17:01:56.547 D/CompatibilityChangeReporter( 693): Compat change id reported: 264301586; UID 1000; state: DISABLED
06-04 17:01:56.548 D/CompatibilityChangeReporter( 693): Compat change id reported: 254631730; UID 1000; state: DISABLED
06-04 17:01:56.548 D/CompatibilityChangeReporter( 693): Compat change id reported: 273509367; UID 1000; state: DISABLED
06-04 17:01:56.548 I/vol.VolumeDialogImpl( 982): mDialog.dismiss() reason: volume_controller from: com.android.systemui.volume.VolumeDialogImpl$7.onDismissRequested:3
06-04 17:01:56.548 D/CompatibilityChangeReporter( 693): Compat change id reported: 263259275; UID 1000; state: DISABLED
06-04 17:01:56.549 D/CompatibilityChangeReporter( 693): Compat change id reported: 174042980; UID 1000; state: DISABLED
06-04 17:01:56.549 D/CompatibilityChangeReporter( 693): Compat change id reported: 174042936; UID 1000; state: DISABLED
06-04 17:01:56.549 D/CompatibilityChangeReporter( 693): Compat change id reported: 181136395; UID 1000; state: DISABLED
06-04 17:01:56.558 E/CellBroadcastUtils( 693): getDefaultCellBroadcastReceiverPackageName: no package found
06-04 17:01:56.571 V/WindowManagerShell( 982): Transition requested: android.os.BinderProxy@964f309 TransitionRequestInfo { type = 1, triggerTask = TaskInfo{userId=0 taskId=22 displayId=0 isRunning=true baseIntent=Intent { act=android.intent.action.MAIN cat=[android.intent.category.HOME] flg=0x10800100 cmp=com.dangbei.leard.leradlauncher/com.dangbei.launcher.home.LauncherActivity } baseActivity=ComponentInfo{com.dangbei.leard.leradlauncher/com.dangbei.launcher.home.LauncherActivity} topActivity=ComponentInfo{com.dangbei.leard.leradlauncher/com.dangbei.launcher.home.LauncherActivity} origActivity=null realActivity=ComponentInfo{com.dangbei.leard.leradlauncher/com.dangbei.launcher.home.LauncherActivity} numActivities=1 lastActiveTime=133573 supportsMultiWindow=true resizeMode=0 isResizeable=false minWidth=-1 minHeight=-1 defaultMinSize=220 token=WCT{android.window.IWindowContainerToken$Stub$Proxy@3fe690e} topActivityType=2 pictureInPictureParams=null shouldDockBigOverlays=true launchIntoPipHostTaskId=-1 lastParentTaskIdBeforePip=-1 displayCutoutSafeInsets=null topActivityInfo=ActivityInfo{6292f2f com.dangbei.launcher.home.LauncherActivity} launchCookies=[] positionInParent=Point(0, 0) parentTaskId=-1 isFocused=true isVisible=true isVisibleRequested=true isSleeping=false topActivityInSizeCompat=false topActivityEligibleForLetterboxEducation= false isLetterboxDoubleTapEnabled= false topActivityEligibleForUserAspectRatioButton= false topActivityBoundsLetterboxed= false isFromLetterboxDoubleTap= false topActivityLetterboxVerticalPosition= -1 topActivityLetterboxHorizontalPosition= -1 topActivityLetterboxWidth=-1 topActivityLetterboxHeight=-1 isUserFullscreenOverrideEnabled=false isTopActivityTransparent=false locusId=null displayAreaFeatureId=1 cameraCompatControlState=hidden}, remoteTransition = null, displayChange = null, flags = 0 }
06-04 17:01:56.571 I/ActivityTaskManager( 693): START u0 {act=android.intent.action.MAIN cat=[android.intent.category.HOME] flg=0x10000100 cmp=com.dangbei.leard.leradlauncher/com.dangbei.launcher.home.LauncherActivity (has extras)} with LAUNCH_SINGLE_TASK from uid 0 (BAL_ALLOW_ALLOWLISTED_UID) result code=2
06-04 17:01:56.574 E/Transition( 693): Trying to add a ready-group twice: Display{#0 state=ON size=1920x1080 ROTATION_0}
06-04 17:01:56.579 I/BpBinder( 266): onLastStrongRef automatically unlinking death recipients:
06-04 17:01:56.585 V/WindowManager( 693): app ------------- force_land :0
06-04 17:01:56.591 I/hq ( 1489): 当小贝:::showMessage from=mActivityLifecycleCallbacks
06-04 17:01:56.592 I/hq ( 1489): 当小贝:::showMessage 没有消息需要显示
06-04 17:01:56.602 V/WindowManagerShell( 982): onTransitionReady android.os.BinderProxy@964f309: {id=10 t=OPEN f=0x0 trk=0 r=[0@Point(0, 0)] c=[{WCT{android.window.IWindowContainerToken$Stub$Proxy@aa38f4b} m=CHANGE f=MOVE_TO_TOP leash=Surface(name=Task=1)/@0x943993c sb=Rect(0, 0 - 1920, 1080) eb=Rect(0, 0 - 1920, 1080) d=0},{WCT{android.window.IWindowContainerToken$Stub$Proxy@c4f0d28} m=CLOSE f=TRANSLUCENT leash=Surface(name=Task=26)/@0xae0b6c5 sb=Rect(0, 0 - 1920, 1080) eb=Rect(0, 0 - 1920, 1080) d=0}]}
06-04 17:01:56.602 V/WindowManagerShell( 982): Playing animation for (#10)android.os.BinderProxy@964f309@0
06-04 17:01:56.603 V/WindowManagerShell( 982): try handler com.android.wm.shell.keyguard.KeyguardTransitionHandler@7ce9605
06-04 17:01:56.603 V/WindowManagerShell( 982): try handler com.android.wm.shell.pip.tv.TvPipTransition@189965a
06-04 17:01:56.603 V/WindowManager( 693): Sent Transition #10 createdAt=06-04 17:01:56.556 via request=TransitionRequestInfo { type = 1, triggerTask = TaskInfo{userId=0 taskId=22 displayId=0 isRunning=true baseIntent=Intent { act=android.intent.action.MAIN cat=[android.intent.category.HOME] flg=0x10800100 cmp=com.dangbei.leard.leradlauncher/com.dangbei.launcher.home.LauncherActivity } baseActivity=ComponentInfo{com.dangbei.leard.leradlauncher/com.dangbei.launcher.home.LauncherActivity} topActivity=ComponentInfo{com.dangbei.leard.leradlauncher/com.dangbei.launcher.home.LauncherActivity} origActivity=null realActivity=ComponentInfo{com.dangbei.leard.leradlauncher/com.dangbei.launcher.home.LauncherActivity} numActivities=1 lastActiveTime=133573 supportsMultiWindow=true resizeMode=0 isResizeable=false minWidth=-1 minHeight=-1 defaultMinSize=220 token=WCT{RemoteToken{841ddce Task{24d2654 #22 type=home A=1000:com.dangbei.leard.leradlauncher}}} topActivityType=2 pictureInPictureParams=null shouldDockBigOverlays=true launchIntoPipHostTaskId=-1 lastParentTaskIdBeforePip=-1 displayCutoutSafeInsets=null topActivityInfo=ActivityInfo{b77ddf3 com.dangbei.launcher.home.LauncherActivity} launchCookies=[] positionInParent=Point(0, 0) parentTaskId=-1 isFocused=true isVisible=true isVisibleRequested=true isSleeping=false topActivityInSizeCompat=false topActivityEligibleForLetterboxEducation= false isLetterboxDoubleTapEnabled= false topActivityEligibleForUserAspectRatioButton= false topActivityBoundsLetterboxed= false isFromLetterboxDoubleTap= false topActivityLetterboxVerticalPosition= -1 topActivityLetterboxHorizontalPosition= -1 topActivityLetterboxWidth=-1 topActivityLetterboxHeight=-1 isUserFullscreenOverrideEnabled=false isTopActivityTransparent=false locusId=null displayAreaFeatureId=1 cameraCompatControlState=hidden}, remoteTransition = null, displayChange = null, flags = 0 }
06-04 17:01:56.603 V/WindowManagerShell( 982): try handler com.android.wm.shell.activityembedding.ActivityEmbeddingController@700a08b
06-04 17:01:56.603 V/WindowManagerShell( 982): try handler com.android.wm.shell.transition.RemoteTransitionHandler@2b0e568
06-04 17:01:56.603 V/WindowManager( 693): startWCT=WindowContainerTransaction { changes = {} hops = [] errorCallbackToken=null taskFragmentOrganizer=null }
06-04 17:01:56.603 V/WindowManager( 693): info={id=10 t=OPEN f=0x0 trk=0 r=[0@Point(0, 0)] c=[{WCT{RemoteToken{49bbab0 Task{47adf01 #1 type=home}}} m=CHANGE f=MOVE_TO_TOP leash=Surface(name=Task=1)/@0x42b3192 sb=Rect(0, 0 - 1920, 1080) eb=Rect(0, 0 - 1920, 1080) d=0},{WCT{RemoteToken{e7ba20e Task{30297d1 #26 type=standard A=1000:com.dangbei.haqusetting}}} m=CLOSE f=TRANSLUCENT leash=Surface(name=Task=26)/@0xbd8cdd3 sb=Rect(0, 0 - 1920, 1080) eb=Rect(0, 0 - 1920, 1080) d=0}]}
06-04 17:01:56.603 V/WindowManagerShell( 982): Transition doesn't have explicit remote, search filters for match for {id=10 t=OPEN f=0x0 trk=0 r=[0@Point(0, 0)] c=[{WCT{android.window.IWindowContainerToken$Stub$Proxy@aa38f4b} m=CHANGE f=MOVE_TO_TOP leash=Surface(name=Task=1)/@0x943993c sb=Rect(0, 0 - 1920, 1080) eb=Rect(0, 0 - 1920, 1080) d=0},{WCT{android.window.IWindowContainerToken$Stub$Proxy@c4f0d28} m=CLOSE f=TRANSLUCENT leash=Surface(name=Task=26)/@0xae0b6c5 sb=Rect(0, 0 - 1920, 1080) eb=Rect(0, 0 - 1920, 1080) d=0}]}
06-04 17:01:56.603 V/WindowManagerShell( 982): Delegate animation for #10 to null
06-04 17:01:56.603 V/WindowManagerShell( 982): try handler com.android.wm.shell.transition.DefaultTransitionHandler@1a78d81
06-04 17:01:56.603 V/WindowManagerShell( 982): start default transition animation, info = {id=10 t=OPEN f=0x0 trk=0 r=[0@Point(0, 0)] c=[{WCT{android.window.IWindowContainerToken$Stub$Proxy@aa38f4b} m=CHANGE f=MOVE_TO_TOP leash=Surface(name=Task=1)/@0x943993c sb=Rect(0, 0 - 1920, 1080) eb=Rect(0, 0 - 1920, 1080) d=0},{WCT{android.window.IWindowContainerToken$Stub$Proxy@c4f0d28} m=CLOSE f=TRANSLUCENT leash=Surface(name=Task=26)/@0xae0b6c5 sb=Rect(0, 0 - 1920, 1080) eb=Rect(0, 0 - 1920, 1080) d=0}]}
06-04 17:01:56.604 V/WindowManagerShell( 982): loadAnimation: anim=android.view.animation.AlphaAnimation@519d527 animAttr=0x7 type=OPEN isEntrance=false
06-04 17:01:56.606 V/WindowManagerShell( 982): animated by com.android.wm.shell.transition.DefaultTransitionHandler@1a78d81
06-04 17:01:56.623 I/ImeTracker( 693): com.dangbei.leard.leradlauncher:97a564fa: onRequestHide at ORIGIN_SERVER_HIDE_INPUT reason HIDE_ALWAYS_HIDDEN_STATE
06-04 17:01:56.623 I/ImeTracker( 693): com.dangbei.leard.leradlauncher:97a564fa: onCancelled at PHASE_SERVER_SHOULD_HIDE
06-04 17:01:56.625 I/DefaultIMS( 1447): onStartInput attribute=android.view.inputmethod.EditorInfo@a537b3e restarting=false inputType: 0
06-04 17:01:56.628 D/OomAdjuster( 693): Not killing cached processes
06-04 17:01:56.635 W/SQLiteLog( 1489): (28) double-quoted string literal: "UjftmJwNeB//pVBx7mhtEeCOjk8ggNXfBSxGpDn3gL+6a1cNKeVIB/so5bWvlqu8qQZ7yq8jT4oG
06-04 17:01:56.635 W/SQLiteLog( 1489): Yt2opVqwAw==
06-04 17:01:56.635 W/SQLiteLog( 1489): "
06-04 17:01:56.635 W/SQLiteLog( 1489): (28) double-quoted string literal: "ADC4B98B7017EE38F05835A6E5493127"
06-04 17:01:56.635 W/SQLiteLog( 1489): (28) double-quoted string literal: "1749027670614"
06-04 17:01:56.635 W/SQLiteLog( 1489): (28) double-quoted string literal: "ADC4B98B7017EE38F05835A6E5493127"
06-04 17:01:56.640 D/TrafficStats( 1489): tagSocket(114) with statsTag=0xffffffff, statsUid=-1
06-04 17:01:56.646 D/TrafficStats( 1489): tagSocket(113) with statsTag=0xffffffff, statsUid=-1
06-04 17:01:56.653 W/SQLiteLog( 1489): (28) double-quoted string literal: "1749027670614"
06-04 17:01:56.653 W/SQLiteLog( 1489): (28) double-quoted string literal: "0"
06-04 17:01:56.653 W/SQLiteLog( 1489): (28) double-quoted string literal: ""
06-04 17:01:56.653 W/SQLiteLog( 1489): (28) double-quoted string literal: ""
06-04 17:01:56.653 W/SQLiteLog( 1489): (28) double-quoted string literal: "ADC4B98B7017EE38F05835A6E5493127"
06-04 17:01:56.663 W/ContextImpl( 693): Calling a method in the system process without a qualified user: android.app.ContextImpl.startService:1899 com.android.server.wm.DisplayPolicy.lambda$focusChangedLw$5:2126 com.android.server.wm.DisplayPolicy.$r8$lambda$Znxk63oh-WzVnzo_WQefN7uxV48:0 com.android.server.wm.DisplayPolicy$$ExternalSyntheticLambda13.run:0 android.os.Handler.handleCallback:958
06-04 17:01:56.667 D/aaa ( 1520): LedStatusService onStartCommand begin
06-04 17:01:56.668 D/aaa ( 1520): topPkg is -------------- :com.dangbei.leard.leradlauncher
06-04 17:01:56.678 D/aaa ( 1520): WiFi is connect
06-04 17:01:56.688 D/WindowManagerShell( 982): TvPipController: onTaskStackChanged()
06-04 17:01:56.707 W/SQLiteLog( 1489): (28) double-quoted string literal: "C6E48A8DFA29EAFB5865AF834895F316"
06-04 17:01:56.711 W/WindowOnBackDispatcher( 2935): sendCancelIfRunning: isInProgress=falsecallback=android.view.ViewRootImpl$$ExternalSyntheticLambda17@3edd8f1
06-04 17:01:56.713 D/TrafficStats( 1489): tagSocket(145) with statsTag=0xffffffff, statsUid=-1
06-04 17:01:56.714 D/CoreBackPreview( 693): Window{63faa4 u0 com.dangbei.haqusetting/com.dangbei.haqusetting.ui.HomeActivity}: Setting back callback null
06-04 17:01:56.715 W/SQLiteLog( 1489): (28) double-quoted string literal: "C6E48A8DFA29EAFB5865AF834895F316"
06-04 17:01:56.715 W/SQLiteLog( 1489): (28) double-quoted string literal: ""
06-04 17:01:56.715 W/SQLiteLog( 1489): (28) double-quoted string literal: "C6E48A8DFA29EAFB5865AF834895F316"
06-04 17:01:56.715 W/SQLiteLog( 1489): (28) double-quoted string literal: "-1"
06-04 17:01:56.721 W/InputManager-JNI( 693): Input channel object '63faa4 com.dangbei.haqusetting/com.dangbei.haqusetting.ui.HomeActivity (client)' was disposed without first being removed with the input manager!
06-04 17:01:56.770 W/SQLiteLog( 1489): (28) double-quoted string literal: "ADC4B98B7017EE38F05835A6E5493127"
06-04 17:01:56.772 D/MobclickAgent( 1489): 创建新会话: C6E48A8DFA29EAFB5865AF834895F316
06-04 17:01:57.011 D/AudioService( 693): Volume controller visible: false
06-04 17:01:57.011 V/WindowManagerShell( 982): Transition animation finished (aborted=false), notifying core (#10)android.os.BinderProxy@964f309@0
06-04 17:01:57.017 V/WindowManager( 693): Finish Transition #10: created at
06-04 17:01:56.556 collect-started=0.097ms request-sent=12.904ms started=15.22ms ready=30.512ms sent=36.933ms finished=456.729ms
06-04 17:01:57.021 V/WindowManagerShell( 982): Track 0 became idle
06-04 17:01:57.021 V/WindowManagerShell( 982): All active transition animations finished
06-04 17:01:57.135 D/TrafficStats( 1489): tagSocket(113) with statsTag=0xffffffff, statsUid=-1
06-04 17:01:57.463 I/AmFFmpegExtractor( 605): checkInList: iswhite:0, mime:audio/mpeg, type:1, id:86017 tag:0
06-04 17:01:57.463 I/AmFFmpegExtractor( 605): checkInList: iswhite:1, mime:audio/mpeg, type:1, id:86017 tag:0
06-04 17:01:57.463 E/AmFFmpegExtractor( 605): codec_ctx->properties: 0
06-04 17:01:57.463 I/AmFFmpegExtractor( 605): checkSupportInList ret 1
06-04 17:01:57.464 I/AmFFmpegExtractor( 605): checkInList: iswhite:0, mime:audio/mpeg, type:1, id:86017 tag:0
06-04 17:01:57.464 I/AmFFmpegExtractor( 605): checkInList: iswhite:1, mime:audio/mpeg, type:1, id:86017 tag:0
06-04 17:01:57.464 E/AmFFmpegExtractor( 605): codec_ctx->properties: 0
06-04 17:01:57.464 I/AmFFmpegExtractor( 605): checkSupportInList ret 0
06-04 17:01:57.465 E/AmFFmpegExtractor( 605): vendor do not support
06-04 17:01:57.474 W/MediaProvider( 1471): isAppCloneUserPair for user -1: false
06-04 17:01:57.479 W/MediaProvider( 1471): isAppCloneUserPair for user -1: false
06-04 17:01:57.485 W/MediaProvider( 1471): isAppCloneUserPair for user -1: false
06-04 17:01:57.489 W/MediaProvider( 1471): isAppCloneUserPair for user -1: false
06-04 17:01:57.500 W/MediaProvider( 1471): isAppCloneUserPair for user -1: false
06-04 17:01:57.522 E/MetadataRetrieverClient( 608): unable to dlopen metadata_retriever extension: dlopen failed: library "libmetadataretriever_ext.so" not found
06-04 17:01:57.526 I/AmFFmpegByteIOAdapter( 605): File size : 7643349880
06-04 17:01:57.530 E/exFFmpeg( 605): [mov_read_header:8628] pts_only set.
06-04 17:01:57.531 E/AmFFmpegExtractor( 605): major_brand:dash
06-04 17:01:57.531 E/AmFFmpegExtractor( 605): vendor do not support
06-04 17:01:57.547 E/MetadataRetrieverClient( 608): unable to dlopen metadata_retriever extension: dlopen failed: library "libmetadataretriever_ext.so" not found
06-04 17:01:57.550 I/AmFFmpegByteIOAdapter( 605): File size : 7643349880
06-04 17:01:57.552 E/exFFmpeg( 605): [mov_read_header:8628] pts_only set.
06-04 17:01:57.553 E/AmFFmpegExtractor( 605): major_brand:dash
06-04 17:01:57.553 E/AmFFmpegExtractor( 605): vendor do not support
06-04 17:01:57.689 D/XM_HIDREAD( 1992): poll ret=1, event=1
06-04 17:01:57.690 D/XM_HIDREAD( 1992): [9 bytes]:01 00 00 51 00 00 00 00 00
06-04 17:01:57.692 I/SogouIME( 1447): onKeyDown: keyoCode=20
06-04 17:01:57.692 I/DefaultIMS( 1447): onKeyDown: keyoCode=20
06-04 17:01:57.693 E/SecondScreen( 1489): FirstScreenLayoutView dispatchKeyEvent 20
06-04 17:01:57.701 D/TrafficStats( 1489): tagSocket(113) with statsTag=0xffffffff, statsUid=-1
06-04 17:01:57.719 I/DefaultIMS( 1447): onStartInput attribute=android.view.inputmethod.EditorInfo@50c8d9f restarting=false inputType: 0
06-04 17:01:57.890 D/XM_HIDREAD( 1992): poll ret=1, event=1
06-04 17:01:57.890 D/XM_HIDREAD( 1992): [9 bytes]:01 00 00 00 00 00 00 00 00
06-04 17:01:57.892 I/SogouIME( 1447): onKeyUp: keyoCode=20
06-04 17:01:57.892 I/DefaultIMS( 1447): onKeyUp: keyoCode=20
06-04 17:01:57.893 E/SecondScreen( 1489): FirstScreenLayoutView dispatchKeyEvent 20
06-04 17:01:58.030 D/nStackXCoAP( 3620): IsInSameNetwork:[276] :IsInSameNetwork exec
06-04 17:01:58.030 I/nStackXDFinder( 3620): GetLocalInterfaceDetail:[461] :GetLocalInterfaceDetail in
06-04 17:01:58.030 E/nStackXCoAP( 3620): IsInSameNetwork:[281] :IsInSameNetwork: not priority process
06-04 17:01:58.030 D/nStackXCoAP( 3620): ParseServiceDiscover:[330] :new device join
06-04 17:01:58.030 I/nStackXDFinder( 3620): NotifyDeviceListChanged:[540] :notify callback: device list changed callback is null
06-04 17:01:58.030 E/nStackXDFinder( 3620): GetLocalIp:[401] :GetLocalIp exec
06-04 17:01:58.050 D/XM_HIDREAD( 1992): poll ret=1, event=1
06-04 17:01:58.050 D/XM_HIDREAD( 1992): [9 bytes]:01 00 00 51 00 00 00 00 00
06-04 17:01:58.052 I/SogouIME( 1447): onKeyDown: keyoCode=20
06-04 17:01:58.052 I/DefaultIMS( 1447): onKeyDown: keyoCode=20
06-04 17:01:58.053 E/SecondScreen( 1489): FirstScreenLayoutView dispatchKeyEvent 20
06-04 17:01:58.124 D/nStackXCoAP( 3620): IsInSameNetwork:[276] :IsInSameNetwork exec
06-04 17:01:58.124 I/nStackXDFinder( 3620): GetLocalInterfaceDetail:[461] :GetLocalInterfaceDetail in
06-04 17:01:58.124 E/nStackXCoAP( 3620): IsInSameNetwork:[281] :IsInSameNetwork: not priority process
06-04 17:01:58.124 D/nStackXCoAP( 3620): ParseServiceDiscover:[330] :new device join
06-04 17:01:58.124 E/nStackXDFinder( 3620): GetLocalIp:[401] :GetLocalIp exec
06-04 17:01:58.169 D/XM_HIDREAD( 1992): poll ret=1, event=1
06-04 17:01:58.170 D/XM_HIDREAD( 1992): [9 bytes]:01 00 00 00 00 00 00 00 00
06-04 17:01:58.172 I/SogouIME( 1447): onKeyUp: keyoCode=20
06-04 17:01:58.172 I/DefaultIMS( 1447): onKeyUp: keyoCode=20
06-04 17:01:58.172 E/SecondScreen( 1489): FirstScreenLayoutView dispatchKeyEvent 20
06-04 17:01:58.269 D/XM_HIDREAD( 1992): poll ret=1, event=1
06-04 17:01:58.270 D/XM_HIDREAD( 1992): [9 bytes]:01 00 00 51 00 00 00 00 00
06-04 17:01:58.272 I/SogouIME( 1447): onKeyDown: keyoCode=20
06-04 17:01:58.272 I/DefaultIMS( 1447): onKeyDown: keyoCode=20
06-04 17:01:58.273 E/SecondScreen( 1489): FirstScreenLayoutView dispatchKeyEvent 20
06-04 17:01:58.410 D/XM_HIDREAD( 1992): poll ret=1, event=1
06-04 17:01:58.410 D/XM_HIDREAD( 1992): [9 bytes]:01 00 00 00 00 00 00 00 00
06-04 17:01:58.414 I/SogouIME( 1447): onKeyUp: keyoCode=20
06-04 17:01:58.414 I/DefaultIMS( 1447): onKeyUp: keyoCode=20
06-04 17:01:58.415 E/SecondScreen( 1489): FirstScreenLayoutView dispatchKeyEvent 20
06-04 17:01:58.537 D/nStackXCoAP( 3620): IsInSameNetwork:[276] :IsInSameNetwork exec
06-04 17:01:58.537 I/nStackXDFinder( 3620): GetLocalInterfaceDetail:[461] :GetLocalInterfaceDetail in
06-04 17:01:58.537 E/nStackXCoAP( 3620): IsInSameNetwork:[281] :IsInSameNetwork: not priority process
06-04 17:01:58.537 D/nStackXCoAP( 3620): ParseServiceDiscover:[330] :new device join
06-04 17:01:58.537 E/nStackXDFinder( 3620): GetLocalIp:[401] :GetLocalIp exec
06-04 17:01:58.550 D/XM_HIDREAD( 1992): poll ret=1, event=1
06-04 17:01:58.550 D/XM_HIDREAD( 1992): [9 bytes]:01 00 00 51 00 00 00 00 00
06-04 17:01:58.552 I/SogouIME( 1447): onKeyDown: keyoCode=20
06-04 17:01:58.552 I/DefaultIMS( 1447): onKeyDown: keyoCode=20
06-04 17:01:58.553 E/SecondScreen( 1489): FirstScreenLayoutView dispatchKeyEvent 20
06-04 17:01:58.630 D/XM_HIDREAD( 1992): poll ret=1, event=1
06-04 17:01:58.630 D/XM_HIDREAD( 1992): [9 bytes]:01 00 00 00 00 00 00 00 00
06-04 17:01:58.632 E/SecondScreen( 1489): isShowSecondScreen()=1 getCurrentPageState()=com.monster.gamma.core.LoadService@ad82176
06-04 17:01:58.637 I/SogouIME( 1447): onKeyUp: keyoCode=20
06-04 17:01:58.637 I/DefaultIMS( 1447): onKeyUp: keyoCode=20
06-04 17:01:58.638 D/TrafficStats( 1489): tagSocket(114) with statsTag=0xffffffff, statsUid=-1
06-04 17:01:58.981 I/WifiHAL ( 506): call wifi_get_link_stats handler
06-04 17:01:58.981 I/WifiHAL ( 506): Creating message to get link statistics; iface = 16
06-04 17:01:58.981 D/WifiHAL ( 506): error code -95 mapped to -3
06-04 17:01:58.982 E/WifiStaIfaceAidlImpl( 693): getLinkLayerStats failed with service-specific exception: android.os.ServiceSpecificException: (code 4)
06-04 17:01:59.049 D/nStackXCoAP( 3620): IsInSameNetwork:[276] :IsInSameNetwork exec
06-04 17:01:59.049 I/nStackXDFinder( 3620): GetLocalInterfaceDetail:[461] :GetLocalInterfaceDetail in
06-04 17:01:59.049 E/nStackXCoAP( 3620): IsInSameNetwork:[281] :IsInSameNetwork: not priority process
06-04 17:01:59.049 D/nStackXCoAP( 3620): ParseServiceDiscover:[330] :new device join
06-04 17:01:59.049 E/nStackXDFinder( 3620): GetLocalIp:[401] :GetLocalIp exec
06-04 17:01:59.570 D/XM_HIDREAD( 1992): poll ret=1, event=1
06-04 17:01:59.570 D/XM_HIDREAD( 1992): [9 bytes]:01 00 00 4F 00 00 00 00 00
06-04 17:01:59.572 I/SogouIME( 1447): onKeyDown: keyoCode=22
06-04 17:01:59.573 I/DefaultIMS( 1447): onKeyDown: keyoCode=22
06-04 17:01:59.616 D/nStackXCoAP( 3620): IsInSameNetwork:[276] :IsInSameNetwork exec
06-04 17:01:59.616 I/nStackXDFinder( 3620): GetLocalInterfaceDetail:[461] :GetLocalInterfaceDetail in
06-04 17:01:59.616 E/nStackXCoAP( 3620): IsInSameNetwork:[281] :IsInSameNetwork: not priority process
06-04 17:01:59.616 D/nStackXCoAP( 3620): ParseServiceDiscover:[330] :new device join
06-04 17:01:59.616 E/nStackXDFinder( 3620): GetLocalIp:[401] :GetLocalIp exec
06-04 17:01:59.670 D/XM_HIDREAD( 1992): poll ret=1, event=1
06-04 17:01:59.670 D/XM_HIDREAD( 1992): [9 bytes]:01 00 00 00 00 00 00 00 00
06-04 17:01:59.671 I/SogouIME( 1447): onKeyUp: keyoCode=22
06-04 17:01:59.671 I/DefaultIMS( 1447): onKeyUp: keyoCode=22
06-04 17:01:59.676 W/BatteryExternalStatsWorker( 693): error reading Bluetooth stats: 11
06-04 17:01:59.810 D/XM_HIDREAD( 1992): poll ret=1, event=1
06-04 17:01:59.810 D/XM_HIDREAD( 1992): [9 bytes]:01 00 00 4F 00 00 00 00 00
06-04 17:01:59.812 I/SogouIME( 1447): onKeyDown: keyoCode=22
06-04 17:01:59.812 I/DefaultIMS( 1447): onKeyDown: keyoCode=22
06-04 17:01:59.870 D/XM_HIDREAD( 1992): poll ret=1, event=1
06-04 17:01:59.870 D/XM_HIDREAD( 1992): [9 bytes]:01 00 00 00 00 00 00 00 00
06-04 17:01:59.871 I/SogouIME( 1447): onKeyUp: keyoCode=22
06-04 17:01:59.872 I/DefaultIMS( 1447): onKeyUp: keyoCode=22
06-04 17:02:00.009 D/XM_HIDREAD( 1992): poll ret=1, event=1
06-04 17:02:00.010 D/XM_HIDREAD( 1992): [9 bytes]:01 00 00 4F 00 00 00 00 00
06-04 17:02:00.012 I/SogouIME( 1447): onKeyDown: keyoCode=22
06-04 17:02:00.013 I/DefaultIMS( 1447): onKeyDown: keyoCode=22
06-04 17:02:00.027 E/TaskPersister( 693): File error accessing recents directory (directory doesn't exist?).
06-04 17:02:00.061 D/nStackXCoAP( 3620): IsInSameNetwork:[276] :IsInSameNetwork exec
06-04 17:02:00.062 I/nStackXDFinder( 3620): GetLocalInterfaceDetail:[461] :GetLocalInterfaceDetail in
06-04 17:02:00.062 E/nStackXCoAP( 3620): IsInSameNetwork:[281] :IsInSameNetwork: not priority process
06-04 17:02:00.062 D/nStackXCoAP( 3620): ParseServiceDiscover:[330] :new device join
06-04 17:02:00.062 E/nStackXDFinder( 3620): GetLocalIp:[401] :GetLocalIp exec
06-04 17:02:00.089 D/XM_HIDREAD( 1992): poll ret=1, event=1
06-04 17:02:00.090 D/XM_HIDREAD( 1992): [9 bytes]:01 00 00 00 00 00 00 00 00
06-04 17:02:00.091 I/SogouIME( 1447): onKeyUp: keyoCode=22
06-04 17:02:00.091 I/DefaultIMS( 1447): onKeyUp: keyoCode=22
06-04 17:02:00.330 D/XM_HIDREAD( 1992): poll ret=1, event=1
06-04 17:02:00.330 D/XM_HIDREAD( 1992): [9 bytes]:01 00 00 28 00 00 00 00 00
06-04 17:02:00.332 I/SogouIME( 1447): onKeyDown: keyoCode=23
06-04 17:02:00.332 I/DefaultIMS( 1447): onKeyDown: keyoCode=23
06-04 17:02:00.429 D/XM_HIDREAD( 1992): poll ret=1, event=1
06-04 17:02:00.430 D/XM_HIDREAD( 1992): [9 bytes]:01 00 00 00 00 00 00 00 00
06-04 17:02:00.432 I/SogouIME( 1447): onKeyUp: keyoCode=23
06-04 17:02:00.432 I/DefaultIMS( 1447): onKeyUp: keyoCode=23
06-04 17:02:00.438 W/ContextImpl( 1489): Calling a method in the system process without a qualified user: android.app.ContextImpl.startActivity:1102 android.content.ContextWrapper.startActivity:436 je.b.f:119 je.a.b:75 he.a.c:71
06-04 17:02:00.439 W/ContextImpl( 1489): Calling a method in the system process without a qualified user: android.app.ContextImpl.startActivity:1114 android.app.ContextImpl.startActivity:1103 android.content.ContextWrapper.startActivity:436 je.b.f:119 je.a.b:75
06-04 17:02:00.443 D/CompatibilityChangeReporter( 693): Compat change id reported: 265464455; UID 10041; state: DISABLED
06-04 17:02:00.443 D/CompatibilityChangeReporter( 693): Compat change id reported: 265452344; UID 10041; state: DISABLED
06-04 17:02:00.443 D/CompatibilityChangeReporter( 693): Compat change id reported: 266124927; UID 10041; state: DISABLED
06-04 17:02:00.444 D/CompatibilityChangeReporter( 693): Compat change id reported: 265451093; UID 10041; state: DISABLED
06-04 17:02:00.444 D/CompatibilityChangeReporter( 693): Compat change id reported: 265456536; UID 10041; state: DISABLED
06-04 17:02:00.445 D/CompatibilityChangeReporter( 693): Compat change id reported: 255940284; UID 10041; state: DISABLED
06-04 17:02:00.445 D/CompatibilityChangeReporter( 693): Compat change id reported: 236283604; UID 10041; state: DISABLED
06-04 17:02:00.445 D/CompatibilityChangeReporter( 693): Compat change id reported: 263959004; UID 10041; state: DISABLED
06-04 17:02:00.446 D/CompatibilityChangeReporter( 693): Compat change id reported: 264304459; UID 10041; state: DISABLED
06-04 17:02:00.446 D/CompatibilityChangeReporter( 693): Compat change id reported: 264301586; UID 10041; state: DISABLED
06-04 17:02:00.446 D/CompatibilityChangeReporter( 693): Compat change id reported: 254631730; UID 10041; state: DISABLED
06-04 17:02:00.447 D/CompatibilityChangeReporter( 693): Compat change id reported: 273509367; UID 10041; state: DISABLED
06-04 17:02:00.447 D/CompatibilityChangeReporter( 693): Compat change id reported: 263259275; UID 10041; state: DISABLED
06-04 17:02:00.447 D/CompatibilityChangeReporter( 693): Compat change id reported: 174042980; UID 10041; state: DISABLED
06-04 17:02:00.448 D/CompatibilityChangeReporter( 693): Compat change id reported: 174042936; UID 10041; state: DISABLED
06-04 17:02:00.448 D/CompatibilityChangeReporter( 693): Compat change id reported: 181136395; UID 10041; state: DISABLED
06-04 17:02:00.448 D/TrafficStats( 1489): tagSocket(113) with statsTag=0xffffffff, statsUid=-1
06-04 17:02:00.453 D/CompatibilityChangeReporter( 693): Compat change id reported: 194480991; UID 10041; state: ENABLED
06-04 17:02:00.455 E/CellBroadcastUtils( 693): getDefaultCellBroadcastReceiverPackageName: no package found
06-04 17:02:00.458 D/CompatibilityChangeReporter( 693): Compat change id reported: 184838306; UID 10041; state: DISABLED
06-04 17:02:00.459 D/CompatibilityChangeReporter( 693): Compat change id reported: 185004937; UID 10041; state: DISABLED
06-04 17:02:00.460 D/CompatibilityChangeReporter( 693): Compat change id reported: 197654537; UID 10041; state: DISABLED
06-04 17:02:00.463 D/CompatibilityChangeReporter( 693): Compat change id reported: 205907456; UID 10041; state: DISABLED
06-04 17:02:00.468 D/CompatibilityChangeReporter( 693): Compat change id reported: 194833441; UID 10041; state: DISABLED
06-04 17:02:00.468 V/WindowManagerShell( 982): Transition requested: android.os.BinderProxy@ec49cc3 TransitionRequestInfo { type = 1, triggerTask = TaskInfo{userId=0 taskId=27 displayId=0 isRunning=true baseIntent=Intent { act=android.intent.action.MAIN cat=[android.intent.category.LAUNCHER] flg=0x10000000 pkg=com.tv.filemanager.os cmp=com.tv.filemanager.os/com.dangbei.lerad.filemanager.ui.home.ManagerHomeActivity } baseActivity=ComponentInfo{com.tv.filemanager.os/com.dangbei.lerad.filemanager.ui.home.ManagerHomeActivity} topActivity=ComponentInfo{com.tv.filemanager.os/com.dangbei.lerad.filemanager.ui.home.ManagerHomeActivity} origActivity=null realActivity=ComponentInfo{com.tv.filemanager.os/com.dangbei.lerad.filemanager.ui.home.ManagerHomeActivity} numActivities=1 lastActiveTime=183437 supportsMultiWindow=true resizeMode=1 isResizeable=true minWidth=-1 minHeight=-1 defaultMinSize=220 token=WCT{android.window.IWindowContainerToken$Stub$Proxy@34c5940} topActivityType=1 pictureInPictureParams=null shouldDockBigOverlays=true launchIntoPipHostTaskId=-1 lastParentTaskIdBeforePip=-1 displayCutoutSafeInsets=null topActivityInfo=ActivityInfo{233b079 com.dangbei.lerad.filemanager.ui.home.ManagerHomeActivity} launchCookies=[] positionInParent=Point(0, 0) parentTaskId=-1 isFocused=false isVisible=false isVisibleRequested=false isSleeping=false topActivityInSizeCompat=false topActivityEligibleForLetterboxEducation= false isLetterboxDoubleTapEnabled= false topActivityEligibleForUserAspectRatioButton= false topActivityBoundsLetterboxed= false isFromLetterboxDoubleTap= false topActivityLetterboxVerticalPosition= -1 topActivityLetterboxHorizontalPosition= -1 topActivityLetterboxWidth=-1 topActivityLetterboxHeight=-1 isUserFullscreenOverrideEnabled=false isTopActivityTransparent=false locusId=null displayAreaFeatureId=1 cameraCompatControlState=hidden}, remoteTransition = null, displayChange = null, flags = 0 }
06-04 17:02:00.469 I/ActivityTaskManager( 693): START u0 {act=android.intent.action.MAIN cat=[android.intent.category.LAUNCHER] flg=0x10000000 pkg=com.tv.filemanager.os cmp=com.tv.filemanager.os/com.dangbei.lerad.filemanager.ui.home.ManagerHomeActivity} with LAUNCH_MULTIPLE from uid 1000 (BAL_ALLOW_ALLOWLISTED_UID) result code=0
06-04 17:02:00.476 D/TrafficStats( 1489): tagSocket(186) with statsTag=0xffffffff, statsUid=-1
06-04 17:02:00.477 V/WindowManager( 693): app ------------- force_land :0
06-04 17:02:00.477 V/WindowManager( 693): app ------------- force_land :0
06-04 17:02:00.477 V/WindowManager( 693): app ------------- force_land :0
06-04 17:02:00.478 D/TrafficStats( 1489): tagSocket(187) with statsTag=0xffffffff, statsUid=-1
06-04 17:02:00.482 I/BpBinder( 266): onLastStrongRef automatically unlinking death recipients:
06-04 17:02:00.487 W/SQLiteLog( 1489): (28) double-quoted string literal: "
06-04 17:02:00.487 W/SQLiteLog( 1489): (28) double-quoted string literal: "C6E48A8DFA29EAFB5865AF834895F316"
06-04 17:02:00.500 E/SecondScreen( 1489): isShowSecondScreen()=1 getCurrentPageState()=com.monster.gamma.core.LoadService@ad82176
06-04 17:02:00.500 E/SecondScreen( 1489): isShowSecondScreen()=1 getCurrentPageState()=com.monster.gamma.core.LoadService@ad82176
06-04 17:02:00.506 V/WindowManager( 693): app ------------- force_land :0
06-04 17:02:00.581 D/WindowManagerShell( 982): TvPipController: onTaskStackChanged()
06-04 17:02:00.637 I/com.monster.godzilla.load.RequestDiskPath( 2435): doSomething
06-04 17:02:00.641 W/WindowManager( 693): [addWindow] title:com.tv.filemanager.os/com.dangbei.lerad.filemanager.ui.home.ManagerHomeActivity
06-04 17:02:00.641 W/WindowManager( 693): Failed looking up window session=Session{6975762 2435:u0a10041} callers=com.android.server.wm.WindowManagerService.windowForClientLocked:6075 com.android.server.wm.Session.updateRequestedVisibleTypes:695 android.view.IWindowSession$Stub.onTransact:1034
06-04 17:02:00.641 W/.filemanager.os( 2435): Accessing hidden method Landroid/os/storage/VolumeInfo;->getDescriptionComparator()Ljava/util/Comparator; (max-target-o, reflection, denied)
06-04 17:02:00.641 W/System.err( 2435): java.lang.NoSuchMethodException: android.os.storage.VolumeInfo.getDescriptionComparator []
06-04 17:02:00.642 W/System.err( 2435): at java.lang.Class.getMethod(Class.java:2937)
06-04 17:02:00.642 W/System.err( 2435): at java.lang.Class.getMethod(Class.java:2449)
06-04 17:02:00.642 W/System.err( 2435): at com.monster.godzilla.utlis.FileManagerSdcardUtils.getAllSDPath(FileManagerSdcardUtils.java:126)
06-04 17:02:00.642 W/System.err( 2435): at com.monster.godzilla.load.RequestDiskPath$1.onRun(RequestDiskPath.java:55)
06-04 17:02:00.642 D/CompatibilityChangeReporter( 693): Compat change id reported: 168419799; UID 10041; state: DISABLED
06-04 17:02:00.642 W/System.err( 2435): at com.monster.godzilla.utlis.ThreadManager$ThreadPoolProxy$1.run(ThreadManager.java:105)
06-04 17:02:00.642 W/System.err( 2435): at java.util.concurrent.ThreadPoolExecutor.runWorker(ThreadPoolExecutor.java:1145)
06-04 17:02:00.642 W/System.err( 2435): at java.util.concurrent.ThreadPoolExecutor$Worker.run(ThreadPoolExecutor.java:644)
06-04 17:02:00.642 W/System.err( 2435): at java.lang.Thread.run(Thread.java:1012)
06-04 17:02:00.642 D/CompatibilityChangeReporter( 693): Compat change id reported: 273564678; UID 10041; state: DISABLED
06-04 17:02:00.649 D/CoreBackPreview( 693): Window{2705792 u0 com.tv.filemanager.os/com.dangbei.lerad.filemanager.ui.home.ManagerHomeActivity}: Setting back callback OnBackInvokedCallbackInfo{mCallback=android.window.IOnBackInvokedCallback$Stub$Proxy@701d560, mPriority=0, mIsAnimationCallback=false}
06-04 17:02:00.658 I/mount ( 4201): type=1400 audit(0.0:1022): avc: denied { search } for name="vendor" dev="tmpfs" ino=2 scontext=u:r:untrusted_app_29:s0:c41,c256,c512,c768 tcontext=u:object_r:mnt_vendor_file:s0 tclass=dir permissive=1 app=com.tv.filemanager.os
06-04 17:02:00.658 I/mount ( 4201): type=1400 audit(0.0:1023): avc: denied { getattr } for path="/mnt/vendor/odm_ext" dev="mmcblk0p16" ino=2 scontext=u:r:untrusted_app_29:s0:c41,c256,c512,c768 tcontext=u:object_r:param_tv_file:s0 tclass=dir permissive=1 app=com.tv.filemanager.os
06-04 17:02:00.658 I/mount ( 4201): type=1400 audit(0.0:1024): avc: denied { getattr } for path="/mnt/vendor/tee" dev="mmcblk0p9" ino=2 scontext=u:r:untrusted_app_29:s0:c41,c256,c512,c768 tcontext=u:object_r:tee_vendor_file:s0 tclass=dir permissive=1 app=com.tv.filemanager.os
06-04 17:02:00.658 I/mount ( 4201): type=1400 audit(0.0:1025): avc: denied { getattr } for path="/mnt/media_rw/02E24445E2443EE3" dev="sda1" ino=5 scontext=u:r:untrusted_app_29:s0:c41,c256,c512,c768 tcontext=u:object_r:unlabeled:s0 tclass=dir permissive=1 app=com.tv.filemanager.os
06-04 17:02:00.658 I/mount ( 4201): type=1400 audit(0.0:1026): avc: denied { getattr } for name="/" dev="sda1" ino=5 scontext=u:r:untrusted_app_29:s0:c41,c256,c512,c768 tcontext=u:object_r:unlabeled:s0 tclass=filesystem permissive=1 app=com.tv.filemanager.os
06-04 17:02:00.680 D/sss ( 2435): 发现USB设备------------------>>2>/storage/02E24445E2443EE3
06-04 17:02:00.658 I/mount ( 4201): type=1400 audit(0.0:1027): avc: denied { getattr } for path="/metadata" dev="mmcblk0p24" ino=3 scontext=u:r:untrusted_app_29:s0:c41,c256,c512,c768 tcontext=u:object_r:metadata_file:s0 tclass=dir permissive=1 app=com.tv.filemanager.os
06-04 17:02:00.658 I/mount ( 4201): type=1400 audit(0.0:1028): avc: denied { getattr } for path="/system_dlkm" dev="dm-10" ino=38 scontext=u:r:untrusted_app_29:s0:c41,c256,c512,c768 tcontext=u:object_r:system_dlkm_file:s0 tclass=dir permissive=1 app=com.tv.filemanager.os
06-04 17:02:00.662 I/mount ( 4201): type=1400 audit(0.0:1029): avc: denied { getattr } for path="/apex/apex-info-list.xml" dev="tmpfs" ino=73 scontext=u:r:untrusted_app_29:s0:c41,c256,c512,c768 tcontext=u:object_r:apex_info_file:s0 tclass=file permissive=1 app=com.tv.filemanager.os
06-04 17:02:00.693 E/OpenGLRenderer( 2435): Unable to match the desired swap behavior.
06-04 17:02:00.662 I/mount ( 4201): type=1400 audit(0.0:1030): avc: denied { getattr } for path="/data_mirror" dev="tmpfs" ino=1 scontext=u:r:untrusted_app_29:s0:c41,c256,c512,c768 tcontext=u:object_r:mirror_data_file:s0 tclass=dir permissive=1 app=com.tv.filemanager.os
06-04 17:02:00.711 I/BaseRequest( 2435): complete
06-04 17:02:00.712 I/BaseRequest( 2435): success!=nulltrue
06-04 17:02:00.719 V/WindowManagerShell( 982): onTransitionReady android.os.BinderProxy@ec49cc3: {id=11 t=OPEN f=0x0 trk=0 r=[0@Point(0, 0)] c=[{WCT{android.window.IWindowContainerToken$Stub$Proxy@135db35} m=OPEN f=NONE leash=Surface(name=Task=27)/@0x65d31be sb=Rect(0, 0 - 1920, 1080) eb=Rect(0, 0 - 1920, 1080) d=0},{WCT{android.window.IWindowContainerToken$Stub$Proxy@cb6abca} m=TO_BACK f=NONE leash=Surface(name=Task=1)/@0x1ca421f sb=Rect(0, 0 - 1920, 1080) eb=Rect(0, 0 - 1920, 1080) d=0}]}
06-04 17:02:00.719 V/WindowManagerShell( 982): Playing animation for (#11)android.os.BinderProxy@ec49cc3@0
06-04 17:02:00.719 V/WindowManagerShell( 982): try handler com.android.wm.shell.keyguard.KeyguardTransitionHandler@7ce9605
06-04 17:02:00.719 V/WindowManagerShell( 982): try handler com.android.wm.shell.pip.tv.TvPipTransition@189965a
06-04 17:02:00.719 V/WindowManagerShell( 982): try handler com.android.wm.shell.activityembedding.ActivityEmbeddingController@700a08b
06-04 17:02:00.719 V/WindowManagerShell( 982): try handler com.android.wm.shell.transition.RemoteTransitionHandler@2b0e568
06-04 17:02:00.720 V/WindowManagerShell( 982): Transition doesn't have explicit remote, search filters for match for {id=11 t=OPEN f=0x0 trk=0 r=[0@Point(0, 0)] c=[{WCT{android.window.IWindowContainerToken$Stub$Proxy@135db35} m=OPEN f=NONE leash=Surface(name=Task=27)/@0x65d31be sb=Rect(0, 0 - 1920, 1080) eb=Rect(0, 0 - 1920, 1080) d=0},{WCT{android.window.IWindowContainerToken$Stub$Proxy@cb6abca} m=TO_BACK f=NONE leash=Surface(name=Task=1)/@0x1ca421f sb=Rect(0, 0 - 1920, 1080) eb=Rect(0, 0 - 1920, 1080) d=0}]}
06-04 17:02:00.720 V/WindowManagerShell( 982): Delegate animation for #11 to null
06-04 17:02:00.720 V/WindowManagerShell( 982): try handler com.android.wm.shell.transition.DefaultTransitionHandler@1a78d81
06-04 17:02:00.720 V/WindowManagerShell( 982): start default transition animation, info = {id=11 t=OPEN f=0x0 trk=0 r=[0@Point(0, 0)] c=[{WCT{android.window.IWindowContainerToken$Stub$Proxy@135db35} m=OPEN f=NONE leash=Surface(name=Task=27)/@0x65d31be sb=Rect(0, 0 - 1920, 1080) eb=Rect(0, 0 - 1920, 1080) d=0},{WCT{android.window.IWindowContainerToken$Stub$Proxy@cb6abca} m=TO_BACK f=NONE leash=Surface(name=Task=1)/@0x1ca421f sb=Rect(0, 0 - 1920, 1080) eb=Rect(0, 0 - 1920, 1080) d=0}]}
06-04 17:02:00.721 V/WindowManagerShell( 982): loadAnimation: anim=android.view.animation.AlphaAnimation@bf5f5b1 animAttr=0x9 type=OPEN isEntrance=false
06-04 17:02:00.721 V/WindowManagerShell( 982): loadAnimation: anim=android.view.animation.AlphaAnimation@d8c5617 animAttr=0x8 type=OPEN isEntrance=true
06-04 17:02:00.726 V/WindowManagerShell( 982): animated by com.android.wm.shell.transition.DefaultTransitionHandler@1a78d81
06-04 17:02:00.727 I/ActivityTaskManager( 693): Displayed com.tv.filemanager.os/com.dangbei.lerad.filemanager.ui.home.ManagerHomeActivity for user 0: +270ms
06-04 17:02:00.728 V/WindowManager( 693): Sent Transition #11 createdAt=06-04 17:02:00.453 via request=TransitionRequestInfo { type = 1, triggerTask = TaskInfo{userId=0 taskId=27 displayId=0 isRunning=true baseIntent=Intent { act=android.intent.action.MAIN cat=[android.intent.category.LAUNCHER] flg=0x10000000 pkg=com.tv.filemanager.os cmp=com.tv.filemanager.os/com.dangbei.lerad.filemanager.ui.home.ManagerHomeActivity } baseActivity=ComponentInfo{com.tv.filemanager.os/com.dangbei.lerad.filemanager.ui.home.ManagerHomeActivity} topActivity=ComponentInfo{com.tv.filemanager.os/com.dangbei.lerad.filemanager.ui.home.ManagerHomeActivity} origActivity=null realActivity=ComponentInfo{com.tv.filemanager.os/com.dangbei.lerad.filemanager.ui.home.ManagerHomeActivity} numActivities=1 lastActiveTime=183437 supportsMultiWindow=true resizeMode=1 isResizeable=true minWidth=-1 minHeight=-1 defaultMinSize=220 token=WCT{RemoteToken{69ee78c Task{5df0a2e #27 type=standard A=10041:com.tv.filemanager.os}}} topActivityType=1 pictureInPictureParams=null shouldDockBigOverlays=true launchIntoPipHostTaskId=-1 lastParentTaskIdBeforePip=-1 displayCutoutSafeInsets=null topActivityInfo=ActivityInfo{e7d6ed5 com.dangbei.lerad.filemanager.ui.home.ManagerHomeActivity} launchCookies=[] positionInParent=Point(0, 0) parentTaskId=-1 isFocused=false isVisible=false isVisibleRequested=false isSleeping=false topActivityInSizeCompat=false topActivityEligibleForLetterboxEducation= false isLetterboxDoubleTapEnabled= false topActivityEligibleForUserAspectRatioButton= false topActivityBoundsLetterboxed= false isFromLetterboxDoubleTap= false topActivityLetterboxVerticalPosition= -1 topActivityLetterboxHorizontalPosition= -1 topActivityLetterboxWidth=-1 topActivityLetterboxHeight=-1 isUserFullscreenOverrideEnabled=false isTopActivityTransparent=false locusId=null displayAreaFeatureId=1 cameraCompatControlState=hidden}, remoteTransition = null, displayChange = null, flags = 0 }
