06-04 17:01:14.524 E/AmFFmpegExtractor( 605): codec_ctx->properties: 0
06-04 17:01:14.524 I/AmFFmpegExtractor( 605): checkInList: iswhite:0, mime:video/mp4, type:2, id:0 tag:7334706d
06-04 17:01:14.524 W/AmFFmpegUtils( 605): Unsupported codec id : 0
06-04 17:01:14.524 I/AmFFmpegExtractor( 605): checkInList: iswhite:1, mime:video/mp4, type:2, id:0 tag:7334706d
06-04 17:01:14.525 E/AmFFmpegExtractor( 605): codec_ctx->properties: 0
06-04 17:01:14.525 I/AmFFmpegExtractor( 605): checkSupportInList ret 1
06-04 17:01:14.613 E/AmFFmpegExtractor( 605): major_brand:mp42
06-04 17:01:14.613 E/AmFFmpegExtractor( 605): compatible_brands:isommp41avc1
06-04 17:01:14.613 I/AmFFmpegExtractor( 605): checkInList: iswhite:0, mime:video/mp4, type:0, id:27 tag:31637661
06-04 17:01:14.613 I/AmFFmpegExtractor( 605): checkInList: iswhite:1, mime:video/mp4, type:0, id:27 tag:31637661
06-04 17:01:14.613 E/AmFFmpegExtractor( 605): codec_ctx->properties: 0
06-04 17:01:14.613 I/AmFFmpegExtractor( 605): checkInList: iswhite:0, mime:video/mp4, type:1, id:86018 tag:6134706d
06-04 17:01:14.613 I/AmFFmpegExtractor( 605): checkInList: iswhite:1, mime:video/mp4, type:1, id:86018 tag:6134706d
06-04 17:01:14.613 E/AmFFmpegExtractor( 605): codec_ctx->properties: 0
06-04 17:01:14.613 I/AmFFmpegExtractor( 605): checkInList: iswhite:0, mime:video/mp4, type:2, id:0 tag:7334706d
06-04 17:01:14.613 W/AmFFmpegUtils( 605): Unsupported codec id : 0
06-04 17:01:14.613 I/AmFFmpegExtractor( 605): checkInList: iswhite:1, mime:video/mp4, type:2, id:0 tag:7334706d
06-04 17:01:14.613 E/AmFFmpegExtractor( 605): codec_ctx->properties: 0
06-04 17:01:14.613 I/AmFFmpegExtractor( 605): checkInList: iswhite:0, mime:video/mp4, type:2, id:0 tag:7334706d
06-04 17:01:14.613 W/AmFFmpegUtils( 605): Unsupported codec id : 0
06-04 17:01:14.613 I/AmFFmpegExtractor( 605): checkInList: iswhite:1, mime:video/mp4, type:2, id:0 tag:7334706d
06-04 17:01:14.613 E/AmFFmpegExtractor( 605): codec_ctx->properties: 0
06-04 17:01:14.613 I/AmFFmpegExtractor( 605): checkSupportInList ret 1
06-04 17:01:14.614 I/AmFFmpegExtractor( 605): SniffAmFFmpeg ok, confidence = 0.050000
06-04 17:01:14.626 I/SampleTable( 605): There are reordered frames present.
06-04 17:01:14.638 E/MetadataRetrieverClient( 608): unable to dlopen metadata_retriever extension: dlopen failed: library "libmetadataretriever_ext.so" not found
06-04 17:01:14.642 I/AmFFmpegByteIOAdapter( 605): File size : 346266302
06-04 17:01:14.658 E/AmFFmpegExtractor( 605): major_brand:mp42
06-04 17:01:14.658 E/AmFFmpegExtractor( 605): compatible_brands:isommp41avc1
06-04 17:01:14.658 I/AmFFmpegExtractor( 605): checkInList: iswhite:0, mime:video/mp4, type:0, id:27 tag:31637661
06-04 17:01:14.658 I/AmFFmpegExtractor( 605): checkInList: iswhite:1, mime:video/mp4, type:0, id:27 tag:31637661
06-04 17:01:14.658 E/AmFFmpegExtractor( 605): codec_ctx->properties: 0
06-04 17:01:14.658 I/AmFFmpegExtractor( 605): checkInList: iswhite:0, mime:video/mp4, type:1, id:86018 tag:6134706d
06-04 17:01:14.658 I/AmFFmpegExtractor( 605): checkInList: iswhite:1, mime:video/mp4, type:1, id:86018 tag:6134706d
06-04 17:01:14.658 E/AmFFmpegExtractor( 605): codec_ctx->properties: 0
06-04 17:01:14.658 I/AmFFmpegExtractor( 605): checkInList: iswhite:0, mime:video/mp4, type:2, id:0 tag:7334706d
06-04 17:01:14.658 W/AmFFmpegUtils( 605): Unsupported codec id : 0
06-04 17:01:14.658 I/AmFFmpegExtractor( 605): checkInList: iswhite:1, mime:video/mp4, type:2, id:0 tag:7334706d
06-04 17:01:14.658 E/AmFFmpegExtractor( 605): codec_ctx->properties: 0
06-04 17:01:14.658 I/AmFFmpegExtractor( 605): checkInList: iswhite:0, mime:video/mp4, type:2, id:0 tag:7334706d
06-04 17:01:14.658 W/AmFFmpegUtils( 605): Unsupported codec id : 0
06-04 17:01:14.658 I/AmFFmpegExtractor( 605): checkInList: iswhite:1, mime:video/mp4, type:2, id:0 tag:7334706d
06-04 17:01:14.658 E/AmFFmpegExtractor( 605): codec_ctx->properties: 0
06-04 17:01:14.658 I/AmFFmpegExtractor( 605): checkSupportInList ret 1
06-04 17:01:14.716 E/AmFFmpegExtractor( 605): major_brand:mp42
06-04 17:01:14.716 E/AmFFmpegExtractor( 605): compatible_brands:isommp41avc1
06-04 17:01:14.716 I/AmFFmpegExtractor( 605): checkInList: iswhite:0, mime:video/mp4, type:0, id:27 tag:31637661
06-04 17:01:14.716 I/AmFFmpegExtractor( 605): checkInList: iswhite:1, mime:video/mp4, type:0, id:27 tag:31637661
06-04 17:01:14.716 E/AmFFmpegExtractor( 605): codec_ctx->properties: 0
06-04 17:01:14.716 I/AmFFmpegExtractor( 605): checkInList: iswhite:0, mime:video/mp4, type:1, id:86018 tag:6134706d
06-04 17:01:14.716 I/AmFFmpegExtractor( 605): checkInList: iswhite:1, mime:video/mp4, type:1, id:86018 tag:6134706d
06-04 17:01:14.716 E/AmFFmpegExtractor( 605): codec_ctx->properties: 0
06-04 17:01:14.716 I/AmFFmpegExtractor( 605): checkInList: iswhite:0, mime:video/mp4, type:2, id:0 tag:7334706d
06-04 17:01:14.716 W/AmFFmpegUtils( 605): Unsupported codec id : 0
06-04 17:01:14.716 I/AmFFmpegExtractor( 605): checkInList: iswhite:1, mime:video/mp4, type:2, id:0 tag:7334706d
06-04 17:01:14.716 E/AmFFmpegExtractor( 605): codec_ctx->properties: 0
06-04 17:01:14.716 I/AmFFmpegExtractor( 605): checkInList: iswhite:0, mime:video/mp4, type:2, id:0 tag:7334706d
06-04 17:01:14.716 W/AmFFmpegUtils( 605): Unsupported codec id : 0
06-04 17:01:14.716 I/AmFFmpegExtractor( 605): checkInList: iswhite:1, mime:video/mp4, type:2, id:0 tag:7334706d
06-04 17:01:14.716 E/AmFFmpegExtractor( 605): codec_ctx->properties: 0
06-04 17:01:14.716 I/AmFFmpegExtractor( 605): checkSupportInList ret 1
06-04 17:01:14.717 I/AmFFmpegExtractor( 605): SniffAmFFmpeg ok, confidence = 0.050000
06-04 17:01:14.725 I/SampleTable( 605): There are reordered frames present.
06-04 17:01:14.741 E/MetadataRetrieverClient( 608): unable to dlopen metadata_retriever extension: dlopen failed: library "libmetadataretriever_ext.so" not found
06-04 17:01:14.756 I/AmFFmpegByteIOAdapter( 605): File size : 160728427
06-04 17:01:14.764 E/exFFmpeg( 605): [mov_read_header:8628] pts_only set.
06-04 17:01:14.764 E/AmFFmpegExtractor( 605): major_brand:mp42
06-04 17:01:14.764 E/AmFFmpegExtractor( 605): compatible_brands:isommp42
06-04 17:01:14.764 I/AmFFmpegExtractor( 605): checkInList: iswhite:0, mime:video/mp4, type:0, id:27 tag:31637661
06-04 17:01:14.764 I/AmFFmpegExtractor( 605): checkInList: iswhite:1, mime:video/mp4, type:0, id:27 tag:31637661
06-04 17:01:14.764 E/AmFFmpegExtractor( 605): codec_ctx->properties: 0
06-04 17:01:14.764 I/AmFFmpegExtractor( 605): checkInList: iswhite:0, mime:video/mp4, type:1, id:86018 tag:6134706d
06-04 17:01:14.764 I/AmFFmpegExtractor( 605): checkInList: iswhite:1, mime:video/mp4, type:1, id:86018 tag:6134706d
06-04 17:01:14.764 E/AmFFmpegExtractor( 605): codec_ctx->properties: 0
06-04 17:01:14.764 I/AmFFmpegExtractor( 605): checkSupportInList ret 1
06-04 17:01:14.973 E/AmFFmpegExtractor( 605): major_brand:mp42
06-04 17:01:14.973 E/AmFFmpegExtractor( 605): compatible_brands:isommp42
06-04 17:01:14.973 I/AmFFmpegExtractor( 605): checkInList: iswhite:0, mime:video/mp4, type:0, id:27 tag:31637661
06-04 17:01:14.973 I/AmFFmpegExtractor( 605): checkInList: iswhite:1, mime:video/mp4, type:0, id:27 tag:31637661
06-04 17:01:14.973 E/AmFFmpegExtractor( 605): codec_ctx->properties: 0
06-04 17:01:14.973 I/AmFFmpegExtractor( 605): checkInList: iswhite:0, mime:video/mp4, type:1, id:86018 tag:6134706d
06-04 17:01:14.973 I/AmFFmpegExtractor( 605): checkInList: iswhite:1, mime:video/mp4, type:1, id:86018 tag:6134706d
06-04 17:01:14.973 E/AmFFmpegExtractor( 605): codec_ctx->properties: 0
06-04 17:01:14.973 I/AmFFmpegExtractor( 605): checkSupportInList ret 1
06-04 17:01:14.974 I/AmFFmpegExtractor( 605): SniffAmFFmpeg ok, confidence = 0.050000
06-04 17:01:14.991 E/MetadataRetrieverClient( 608): unable to dlopen metadata_retriever extension: dlopen failed: library "libmetadataretriever_ext.so" not found
06-04 17:01:14.994 I/AmFFmpegByteIOAdapter( 605): File size : 160728427
06-04 17:01:15.000 E/exFFmpeg( 605): [mov_read_header:8628] pts_only set.
06-04 17:01:15.000 E/AmFFmpegExtractor( 605): major_brand:mp42
06-04 17:01:15.000 E/AmFFmpegExtractor( 605): compatible_brands:isommp42
06-04 17:01:15.000 I/AmFFmpegExtractor( 605): checkInList: iswhite:0, mime:video/mp4, type:0, id:27 tag:31637661
06-04 17:01:15.000 I/AmFFmpegExtractor( 605): checkInList: iswhite:1, mime:video/mp4, type:0, id:27 tag:31637661
06-04 17:01:15.000 E/AmFFmpegExtractor( 605): codec_ctx->properties: 0
06-04 17:01:15.000 I/AmFFmpegExtractor( 605): checkInList: iswhite:0, mime:video/mp4, type:1, id:86018 tag:6134706d
06-04 17:01:15.000 I/AmFFmpegExtractor( 605): checkInList: iswhite:1, mime:video/mp4, type:1, id:86018 tag:6134706d
06-04 17:01:15.000 E/AmFFmpegExtractor( 605): codec_ctx->properties: 0
06-04 17:01:15.000 I/AmFFmpegExtractor( 605): checkSupportInList ret 1
06-04 17:01:15.188 E/AmFFmpegExtractor( 605): major_brand:mp42
06-04 17:01:15.188 E/AmFFmpegExtractor( 605): compatible_brands:isommp42
06-04 17:01:15.188 I/AmFFmpegExtractor( 605): checkInList: iswhite:0, mime:video/mp4, type:0, id:27 tag:31637661
06-04 17:01:15.188 I/AmFFmpegExtractor( 605): checkInList: iswhite:1, mime:video/mp4, type:0, id:27 tag:31637661
06-04 17:01:15.188 E/AmFFmpegExtractor( 605): codec_ctx->properties: 0
06-04 17:01:15.188 I/AmFFmpegExtractor( 605): checkInList: iswhite:0, mime:video/mp4, type:1, id:86018 tag:6134706d
06-04 17:01:15.188 I/AmFFmpegExtractor( 605): checkInList: iswhite:1, mime:video/mp4, type:1, id:86018 tag:6134706d
06-04 17:01:15.188 E/AmFFmpegExtractor( 605): codec_ctx->properties: 0
06-04 17:01:15.188 I/AmFFmpegExtractor( 605): checkSupportInList ret 1
06-04 17:01:15.189 I/AmFFmpegExtractor( 605): SniffAmFFmpeg ok, confidence = 0.050000
06-04 17:01:15.214 E/MetadataRetrieverClient( 608): unable to dlopen metadata_retriever extension: dlopen failed: library "libmetadataretriever_ext.so" not found
06-04 17:01:15.236 I/AmFFmpegByteIOAdapter( 605): File size : 137502231
06-04 17:01:15.244 E/exFFmpeg( 605): [mov_read_header:8628] pts_only set.
06-04 17:01:15.245 E/AmFFmpegExtractor( 605): major_brand:mp42
06-04 17:01:15.245 E/AmFFmpegExtractor( 605): compatible_brands:isommp42
06-04 17:01:15.245 I/AmFFmpegExtractor( 605): checkInList: iswhite:0, mime:video/mp4, type:0, id:27 tag:31637661
06-04 17:01:15.245 I/AmFFmpegExtractor( 605): checkInList: iswhite:1, mime:video/mp4, type:0, id:27 tag:31637661
06-04 17:01:15.245 E/AmFFmpegExtractor( 605): codec_ctx->properties: 0
06-04 17:01:15.245 I/AmFFmpegExtractor( 605): checkInList: iswhite:0, mime:video/mp4, type:1, id:86018 tag:6134706d
06-04 17:01:15.245 I/AmFFmpegExtractor( 605): checkInList: iswhite:1, mime:video/mp4, type:1, id:86018 tag:6134706d
06-04 17:01:15.245 E/AmFFmpegExtractor( 605): codec_ctx->properties: 0
06-04 17:01:15.245 I/AmFFmpegExtractor( 605): checkSupportInList ret 1
06-04 17:01:15.347 E/AmFFmpegExtractor( 605): major_brand:mp42
06-04 17:01:15.347 E/AmFFmpegExtractor( 605): compatible_brands:isommp42
06-04 17:01:15.347 I/AmFFmpegExtractor( 605): checkInList: iswhite:0, mime:video/mp4, type:0, id:27 tag:31637661
06-04 17:01:15.347 I/AmFFmpegExtractor( 605): checkInList: iswhite:1, mime:video/mp4, type:0, id:27 tag:31637661
06-04 17:01:15.347 E/AmFFmpegExtractor( 605): codec_ctx->properties: 0
06-04 17:01:15.347 I/AmFFmpegExtractor( 605): checkInList: iswhite:0, mime:video/mp4, type:1, id:86018 tag:6134706d
06-04 17:01:15.347 I/AmFFmpegExtractor( 605): checkInList: iswhite:1, mime:video/mp4, type:1, id:86018 tag:6134706d
06-04 17:01:15.347 E/AmFFmpegExtractor( 605): codec_ctx->properties: 0
06-04 17:01:15.347 I/AmFFmpegExtractor( 605): checkSupportInList ret 1
06-04 17:01:15.348 I/AmFFmpegExtractor( 605): SniffAmFFmpeg ok, confidence = 0.050000
06-04 17:01:15.364 E/MetadataRetrieverClient( 608): unable to dlopen metadata_retriever extension: dlopen failed: library "libmetadataretriever_ext.so" not found
06-04 17:01:15.366 I/AmFFmpegByteIOAdapter( 605): File size : 137502231
06-04 17:01:15.373 E/exFFmpeg( 605): [mov_read_header:8628] pts_only set.
06-04 17:01:15.373 E/AmFFmpegExtractor( 605): major_brand:mp42
06-04 17:01:15.373 E/AmFFmpegExtractor( 605): compatible_brands:isommp42
06-04 17:01:15.373 I/AmFFmpegExtractor( 605): checkInList: iswhite:0, mime:video/mp4, type:0, id:27 tag:31637661
06-04 17:01:15.373 I/AmFFmpegExtractor( 605): checkInList: iswhite:1, mime:video/mp4, type:0, id:27 tag:31637661
06-04 17:01:15.373 E/AmFFmpegExtractor( 605): codec_ctx->properties: 0
06-04 17:01:15.373 I/AmFFmpegExtractor( 605): checkInList: iswhite:0, mime:video/mp4, type:1, id:86018 tag:6134706d
06-04 17:01:15.373 I/AmFFmpegExtractor( 605): checkInList: iswhite:1, mime:video/mp4, type:1, id:86018 tag:6134706d
06-04 17:01:15.373 E/AmFFmpegExtractor( 605): codec_ctx->properties: 0
06-04 17:01:15.373 I/AmFFmpegExtractor( 605): checkSupportInList ret 1
06-04 17:01:15.475 E/AmFFmpegExtractor( 605): major_brand:mp42
06-04 17:01:15.475 E/AmFFmpegExtractor( 605): compatible_brands:isommp42
06-04 17:01:15.475 I/AmFFmpegExtractor( 605): checkInList: iswhite:0, mime:video/mp4, type:0, id:27 tag:31637661
06-04 17:01:15.475 I/AmFFmpegExtractor( 605): checkInList: iswhite:1, mime:video/mp4, type:0, id:27 tag:31637661
06-04 17:01:15.475 E/AmFFmpegExtractor( 605): codec_ctx->properties: 0
06-04 17:01:15.475 I/AmFFmpegExtractor( 605): checkInList: iswhite:0, mime:video/mp4, type:1, id:86018 tag:6134706d
06-04 17:01:15.475 I/AmFFmpegExtractor( 605): checkInList: iswhite:1, mime:video/mp4, type:1, id:86018 tag:6134706d
06-04 17:01:15.475 E/AmFFmpegExtractor( 605): codec_ctx->properties: 0
06-04 17:01:15.475 I/AmFFmpegExtractor( 605): checkSupportInList ret 1
06-04 17:01:15.476 I/AmFFmpegExtractor( 605): SniffAmFFmpeg ok, confidence = 0.050000
06-04 17:01:15.499 E/MetadataRetrieverClient( 608): unable to dlopen metadata_retriever extension: dlopen failed: library "libmetadataretriever_ext.so" not found
06-04 17:01:15.503 I/AmFFmpegByteIOAdapter( 605): File size : 97427887
06-04 17:01:15.514 E/exFFmpeg( 605): [mov_read_header:8628] pts_only set.
06-04 17:01:15.515 E/AmFFmpegExtractor( 605): major_brand:mp42
06-04 17:01:15.515 E/AmFFmpegExtractor( 605): compatible_brands:isommp42
06-04 17:01:15.515 I/AmFFmpegExtractor( 605): checkInList: iswhite:0, mime:video/mp4, type:0, id:27 tag:31637661
06-04 17:01:15.515 I/AmFFmpegExtractor( 605): checkInList: iswhite:1, mime:video/mp4, type:0, id:27 tag:31637661
06-04 17:01:15.515 E/AmFFmpegExtractor( 605): codec_ctx->properties: 0
06-04 17:01:15.515 I/AmFFmpegExtractor( 605): checkInList: iswhite:0, mime:video/mp4, type:1, id:86018 tag:6134706d
06-04 17:01:15.515 I/AmFFmpegExtractor( 605): checkInList: iswhite:1, mime:video/mp4, type:1, id:86018 tag:6134706d
06-04 17:01:15.515 E/AmFFmpegExtractor( 605): codec_ctx->properties: 0
06-04 17:01:15.515 I/AmFFmpegExtractor( 605): checkSupportInList ret 1
06-04 17:01:15.744 E/AmFFmpegExtractor( 605): major_brand:mp42
06-04 17:01:15.744 E/AmFFmpegExtractor( 605): compatible_brands:isommp42
06-04 17:01:15.744 I/AmFFmpegExtractor( 605): checkInList: iswhite:0, mime:video/mp4, type:0, id:27 tag:31637661
06-04 17:01:15.744 I/AmFFmpegExtractor( 605): checkInList: iswhite:1, mime:video/mp4, type:0, id:27 tag:31637661
06-04 17:01:15.744 E/AmFFmpegExtractor( 605): codec_ctx->properties: 0
06-04 17:01:15.744 I/AmFFmpegExtractor( 605): checkInList: iswhite:0, mime:video/mp4, type:1, id:86018 tag:6134706d
06-04 17:01:15.744 I/AmFFmpegExtractor( 605): checkInList: iswhite:1, mime:video/mp4, type:1, id:86018 tag:6134706d
06-04 17:01:15.744 E/AmFFmpegExtractor( 605): codec_ctx->properties: 0
06-04 17:01:15.744 I/AmFFmpegExtractor( 605): checkSupportInList ret 1
06-04 17:01:15.744 I/AmFFmpegExtractor( 605): SniffAmFFmpeg ok, confidence = 0.050000
06-04 17:01:15.763 E/MetadataRetrieverClient( 608): unable to dlopen metadata_retriever extension: dlopen failed: library "libmetadataretriever_ext.so" not found
06-04 17:01:15.765 I/AmFFmpegByteIOAdapter( 605): File size : 97427887
06-04 17:01:15.772 E/exFFmpeg( 605): [mov_read_header:8628] pts_only set.
06-04 17:01:15.772 E/AmFFmpegExtractor( 605): major_brand:mp42
06-04 17:01:15.772 E/AmFFmpegExtractor( 605): compatible_brands:isommp42
06-04 17:01:15.772 I/AmFFmpegExtractor( 605): checkInList: iswhite:0, mime:video/mp4, type:0, id:27 tag:31637661
06-04 17:01:15.772 I/AmFFmpegExtractor( 605): checkInList: iswhite:1, mime:video/mp4, type:0, id:27 tag:31637661
06-04 17:01:15.772 E/AmFFmpegExtractor( 605): codec_ctx->properties: 0
06-04 17:01:15.772 I/AmFFmpegExtractor( 605): checkInList: iswhite:0, mime:video/mp4, type:1, id:86018 tag:6134706d
06-04 17:01:15.772 I/AmFFmpegExtractor( 605): checkInList: iswhite:1, mime:video/mp4, type:1, id:86018 tag:6134706d
06-04 17:01:15.772 E/AmFFmpegExtractor( 605): codec_ctx->properties: 0
06-04 17:01:15.772 I/AmFFmpegExtractor( 605): checkSupportInList ret 1
06-04 17:01:15.985 E/AmFFmpegExtractor( 605): major_brand:mp42
06-04 17:01:15.985 E/AmFFmpegExtractor( 605): compatible_brands:isommp42
06-04 17:01:15.985 I/AmFFmpegExtractor( 605): checkInList: iswhite:0, mime:video/mp4, type:0, id:27 tag:31637661
06-04 17:01:15.985 I/AmFFmpegExtractor( 605): checkInList: iswhite:1, mime:video/mp4, type:0, id:27 tag:31637661
06-04 17:01:15.985 E/AmFFmpegExtractor( 605): codec_ctx->properties: 0
06-04 17:01:15.985 I/AmFFmpegExtractor( 605): checkInList: iswhite:0, mime:video/mp4, type:1, id:86018 tag:6134706d
06-04 17:01:15.985 I/AmFFmpegExtractor( 605): checkInList: iswhite:1, mime:video/mp4, type:1, id:86018 tag:6134706d
06-04 17:01:15.985 E/AmFFmpegExtractor( 605): codec_ctx->properties: 0
06-04 17:01:15.985 I/AmFFmpegExtractor( 605): checkSupportInList ret 1
06-04 17:01:15.986 I/AmFFmpegExtractor( 605): SniffAmFFmpeg ok, confidence = 0.050000
06-04 17:01:16.016 E/MetadataRetrieverClient( 608): unable to dlopen metadata_retriever extension: dlopen failed: library "libmetadataretriever_ext.so" not found
06-04 17:01:16.087 I/AmFFmpegByteIOAdapter( 605): File size : 94533878
06-04 17:01:16.128 E/AmFFmpegExtractor( 605): major_brand:isom
06-04 17:01:16.129 E/AmFFmpegExtractor( 605): compatible_brands:isomiso2avc1mp41
06-04 17:01:16.129 I/AmFFmpegExtractor( 605): checkInList: iswhite:0, mime:video/mp4, type:0, id:27 tag:31637661
06-04 17:01:16.129 I/AmFFmpegExtractor( 605): checkInList: iswhite:1, mime:video/mp4, type:0, id:27 tag:31637661
06-04 17:01:16.129 E/AmFFmpegExtractor( 605): codec_ctx->properties: 0
06-04 17:01:16.129 I/AmFFmpegExtractor( 605): checkInList: iswhite:0, mime:video/mp4, type:1, id:86018 tag:6134706d
06-04 17:01:16.129 I/AmFFmpegExtractor( 605): checkInList: iswhite:1, mime:video/mp4, type:1, id:86018 tag:6134706d
06-04 17:01:16.129 E/AmFFmpegExtractor( 605): codec_ctx->properties: 0
06-04 17:01:16.129 I/AmFFmpegExtractor( 605): checkSupportInList ret 1
06-04 17:01:16.177 E/AmFFmpegExtractor( 605): major_brand:isom
06-04 17:01:16.178 E/AmFFmpegExtractor( 605): compatible_brands:isomiso2avc1mp41
06-04 17:01:16.178 I/AmFFmpegExtractor( 605): checkInList: iswhite:0, mime:video/mp4, type:0, id:27 tag:31637661
06-04 17:01:16.178 I/AmFFmpegExtractor( 605): checkInList: iswhite:1, mime:video/mp4, type:0, id:27 tag:31637661
06-04 17:01:16.178 E/AmFFmpegExtractor( 605): codec_ctx->properties: 0
06-04 17:01:16.178 I/AmFFmpegExtractor( 605): checkInList: iswhite:0, mime:video/mp4, type:1, id:86018 tag:6134706d
06-04 17:01:16.178 I/AmFFmpegExtractor( 605): checkInList: iswhite:1, mime:video/mp4, type:1, id:86018 tag:6134706d
06-04 17:01:16.178 E/AmFFmpegExtractor( 605): codec_ctx->properties: 0
06-04 17:01:16.178 I/AmFFmpegExtractor( 605): checkSupportInList ret 1
06-04 17:01:16.178 I/AmFFmpegExtractor( 605): SniffAmFFmpeg ok, confidence = 0.050000
06-04 17:01:16.193 I/SampleTable( 605): There are reordered frames present.
06-04 17:01:16.206 E/MetadataRetrieverClient( 608): unable to dlopen metadata_retriever extension: dlopen failed: library "libmetadataretriever_ext.so" not found
06-04 17:01:16.210 I/AmFFmpegByteIOAdapter( 605): File size : 94533878
06-04 17:01:16.224 E/AmFFmpegExtractor( 605): major_brand:isom
06-04 17:01:16.224 E/AmFFmpegExtractor( 605): compatible_brands:isomiso2avc1mp41
06-04 17:01:16.224 I/AmFFmpegExtractor( 605): checkInList: iswhite:0, mime:video/mp4, type:0, id:27 tag:31637661
06-04 17:01:16.224 I/AmFFmpegExtractor( 605): checkInList: iswhite:1, mime:video/mp4, type:0, id:27 tag:31637661
06-04 17:01:16.225 E/AmFFmpegExtractor( 605): codec_ctx->properties: 0
06-04 17:01:16.225 I/AmFFmpegExtractor( 605): checkInList: iswhite:0, mime:video/mp4, type:1, id:86018 tag:6134706d
06-04 17:01:16.225 I/AmFFmpegExtractor( 605): checkInList: iswhite:1, mime:video/mp4, type:1, id:86018 tag:6134706d
06-04 17:01:16.225 E/AmFFmpegExtractor( 605): codec_ctx->properties: 0
06-04 17:01:16.225 I/AmFFmpegExtractor( 605): checkSupportInList ret 1
06-04 17:01:16.260 E/AmFFmpegExtractor( 605): major_brand:isom
06-04 17:01:16.261 E/AmFFmpegExtractor( 605): compatible_brands:isomiso2avc1mp41
06-04 17:01:16.261 I/AmFFmpegExtractor( 605): checkInList: iswhite:0, mime:video/mp4, type:0, id:27 tag:31637661
06-04 17:01:16.261 I/AmFFmpegExtractor( 605): checkInList: iswhite:1, mime:video/mp4, type:0, id:27 tag:31637661
06-04 17:01:16.261 E/AmFFmpegExtractor( 605): codec_ctx->properties: 0
06-04 17:01:16.261 I/AmFFmpegExtractor( 605): checkInList: iswhite:0, mime:video/mp4, type:1, id:86018 tag:6134706d
06-04 17:01:16.261 I/AmFFmpegExtractor( 605): checkInList: iswhite:1, mime:video/mp4, type:1, id:86018 tag:6134706d
06-04 17:01:16.261 E/AmFFmpegExtractor( 605): codec_ctx->properties: 0
06-04 17:01:16.261 I/AmFFmpegExtractor( 605): checkSupportInList ret 1
06-04 17:01:16.261 I/AmFFmpegExtractor( 605): SniffAmFFmpeg ok, confidence = 0.050000
06-04 17:01:16.272 I/SampleTable( 605): There are reordered frames present.
06-04 17:01:16.289 W/MediaProvider( 1471): isAppCloneUserPair for user -1: false
06-04 17:01:16.294 W/MediaProvider( 1471): isAppCloneUserPair for user -1: false
06-04 17:01:16.304 W/MediaProvider( 1471): isAppCloneUserPair for user -1: false
06-04 17:01:16.309 W/MediaProvider( 1471): isAppCloneUserPair for user -1: false
06-04 17:01:16.315 W/MediaProvider( 1471): isAppCloneUserPair for user -1: false
06-04 17:01:16.319 W/MediaProvider( 1471): isAppCloneUserPair for user -1: false
06-04 17:01:16.324 W/MediaProvider( 1471): isAppCloneUserPair for user -1: false
06-04 17:01:16.329 W/MediaProvider( 1471): isAppCloneUserPair for user -1: false
06-04 17:01:16.334 W/MediaProvider( 1471): isAppCloneUserPair for user -1: false
06-04 17:01:16.339 W/MediaProvider( 1471): isAppCloneUserPair for user -1: false
06-04 17:01:16.346 W/MediaProvider( 1471): isAppCloneUserPair for user -1: false
06-04 17:01:16.351 W/MediaProvider( 1471): isAppCloneUserPair for user -1: false
06-04 17:01:16.355 W/MediaProvider( 1471): isAppCloneUserPair for user -1: false
06-04 17:01:16.359 W/MediaProvider( 1471): isAppCloneUserPair for user -1: false
06-04 17:01:16.363 W/MediaProvider( 1471): isAppCloneUserPair for user -1: false
06-04 17:01:16.368 W/MediaProvider( 1471): isAppCloneUserPair for user -1: false
06-04 17:01:16.372 W/MediaProvider( 1471): isAppCloneUserPair for user -1: false
06-04 17:01:16.376 W/MediaProvider( 1471): isAppCloneUserPair for user -1: false
06-04 17:01:16.380 W/MediaProvider( 1471): isAppCloneUserPair for user -1: false
06-04 17:01:16.383 W/MediaProvider( 1471): isAppCloneUserPair for user -1: false
06-04 17:01:16.387 W/MediaProvider( 1471): isAppCloneUserPair for user -1: false
06-04 17:01:16.391 W/MediaProvider( 1471): isAppCloneUserPair for user -1: false
06-04 17:01:16.395 W/MediaProvider( 1471): isAppCloneUserPair for user -1: false
06-04 17:01:16.399 W/MediaProvider( 1471): isAppCloneUserPair for user -1: false
06-04 17:01:16.403 W/MediaProvider( 1471): isAppCloneUserPair for user -1: false
06-04 17:01:16.407 W/MediaProvider( 1471): isAppCloneUserPair for user -1: false
06-04 17:01:16.411 W/MediaProvider( 1471): isAppCloneUserPair for user -1: false
06-04 17:01:16.451 E/MetadataRetrieverClient( 608): unable to dlopen metadata_retriever extension: dlopen failed: library "libmetadataretriever_ext.so" not found
06-04 17:01:16.456 I/AmFFmpegByteIOAdapter( 605): File size : 783492828
06-04 17:01:16.474 I/AmFFmpegExtractor( 605): checkInList: iswhite:0, mime:video/x-matroska, type:0, id:27 tag:34363248
06-04 17:01:16.474 I/AmFFmpegExtractor( 605): checkInList: iswhite:1, mime:video/x-matroska, type:0, id:27 tag:34363248
06-04 17:01:16.474 E/AmFFmpegExtractor( 605): true: iswhite:1, type:0, id:27 tag:ffffffff
06-04 17:01:16.474 E/AmFFmpegExtractor( 605): codec_ctx->properties: 0
06-04 17:01:16.474 I/AmFFmpegExtractor( 605): checkInList: iswhite:0, mime:video/x-matroska, type:1, id:86017 tag:0
06-04 17:01:16.474 I/AmFFmpegExtractor( 605): checkInList: iswhite:1, mime:video/x-matroska, type:1, id:86017 tag:0
06-04 17:01:16.474 E/AmFFmpegExtractor( 605): codec_ctx->properties: 0
06-04 17:01:16.474 I/AmFFmpegExtractor( 605): checkSupportInList ret 1
06-04 17:01:16.475 I/AmFFmpegExtractor( 605): is in white list : 1
06-04 17:01:16.475 I/AmFFmpegExtractor( 605): SniffAmFFmpeg ok, confidence = 0.800000
06-04 17:01:16.483 W/AString ( 605): ctor got NULL, using empty string instead
06-04 17:01:16.483 I/AmFFmpegExtractor( 605):
06-04 17:01:16.483 I/AmFFmpegExtractor( 605): -----------AmFFmpegExtractor Info---------
06-04 17:01:16.483 I/AmFFmpegExtractor( 605):
06-04 17:01:16.483 I/AmFFmpegExtractor( 605): MM-module-name:Extractor,Version:5.1.7-g0c7d1d4(build:6351)
06-04 17:01:16.483 I/AmFFmpegExtractor( 605):
06-04 17:01:16.483 I/AmFFmpegExtractor( 605): ARCH = arm
06-04 17:01:16.483 I/AmFFmpegExtractor( 605): Author: multi-media team
06-04 17:01:16.483 I/AmFFmpegExtractor( 605): Branch name: * (HEAD detached at 0c7d1d4)
06-04 17:01:16.483 I/AmFFmpegExtractor( 605): Last Commit Info:
06-04 17:01:16.483 I/AmFFmpegExtractor( 605): commit 0c7d1d450b4d7ecd11fc2ddd21a6e67e11d0b24d
06-04 17:01:16.483 I/AmFFmpegExtractor( 605): Author: wang.ren
06-04 17:01:16.483 I/AmFFmpegExtractor( 605): Date: Mon Nov 18 08:39:16 2024 +0000
06-04 17:01:16.483 I/AmFFmpegExtractor( 605): AmFFmpegExtractor: CB2 invalid nal length when parse nal data [1/1]
06-04 17:01:16.483 I/AmFFmpegExtractor( 605): PD#SWPL-190774
06-04 17:01:16.483 I/AmFFmpegExtractor( 605): Change-Id: I639741fa67a5b027e7d8eaa1b588f753d2326e47
06-04 17:01:16.483 I/AmFFmpegExtractor( 605): Uncommitted-file-num:1
06-04 17:01:16.483 I/AmFFmpegExtractor( 605): Build-time: Thu Nov 28 13:44:43 CST 2024
06-04 17:01:16.483 I/AmFFmpegExtractor( 605): Build-name: drm.autobuild
06-04 17:01:16.483 I/AmFFmpegExtractor( 605): -----------------------------------------
06-04 17:01:16.483 I/AmFFmpegExtractor( 605): media.ffmpegextractor.loglevel 16
06-04 17:01:16.483 I/AmFFmpegExtractor( 605): vendor.media.ffmpegextractor.ESLen264Check : 10
06-04 17:01:16.483 I/AmFFmpegExtractor( 605): vendor.media.ffmpegextractor.ESLen265Check : 50
06-04 17:01:16.483 I/AmFFmpegByteIOAdapter( 605): File size : 783492828
06-04 17:01:16.484 I/AmFFmpegExtractor( 605): AmFFmpegExtractor mInputFormat name {matroska,webm [(null)]}
06-04 17:01:16.535 I/AmFFmpegExtractor( 605): ///////////////start dump format
06-04 17:01:16.536 I/AmFFmpegExtractor( 605): [init 3386] video/x-matroska
06-04 17:01:16.536 I/AmFFmpegExtractor( 605): isMusic major_brand:null
06-04 17:01:16.536 I/AmFFmpegExtractor( 605): Stream 0(0) [video/avc][codecid:0x1b(0x1b)] found.
06-04 17:01:16.536 I/AmFFmpegExtractor( 605): [AmFFmpegSource 717]startTimeUs:0, seekable:1
06-04 17:01:16.536 I/AmFFmpegExtractor( 605): [init 753](0xee342620)
06-04 17:01:16.536 E/AmFFmpegExtractor( 605): mAudioMuxRead 0
06-04 17:01:16.536 I/AmFFmpegExtractor( 605): init kKeyDuration = 1616350000
06-04 17:01:16.536 I/AmFFmpegExtractor( 605): VIDEO stream startTimeUs = 0
06-04 17:01:16.536 I/AmFFmpegExtractor( 605): video:demux: extradata_size = 593
06-04 17:01:16.536 I/AmFFmpegExtractor( 605): video:demux: has b-frame = 0
06-04 17:01:16.536 I/AmFFmpegExtractor( 605): video:demux: width = 1280, height = 720
06-04 17:01:16.536 I/AmFFmpegExtractor( 605): SAR [1:1]
06-04 17:01:16.536 E/AmFFmpegExtractor( 605): demux: frame_number = 0
06-04 17:01:16.536 I/AmFFmpegExtractor( 605): init kKeyFrameRate = 30(29.969999)
06-04 17:01:16.536 I/AmFFmpegExtractor( 605): set frame-rate 30 rationalFramerate num 2997 den 100
06-04 17:01:16.536 I/AmFFmpegExtractor( 605): mIsDolbyVison :0, mCreate_two_tracks_dv:0, codec_id: 27(AVC:27,HEVC:173), DvCFG:0(0), TAG:H264
06-04 17:01:16.536 I/AmFFmpegExtractor( 605): Mime:video/avc
06-04 17:01:16.536 I/StreamFormatter( 605): Creating formatter for codec id : 27 extradata size : 593
06-04 17:01:16.537 I/AmFFmpegExtractor( 605): [init 3565] mIsDolbyVison:0, i:0
06-04 17:01:16.537 I/AmFFmpegExtractor( 605): Stream 1(1) [audio/mpeg][codecid:0x15001(0x15001)] found.
06-04 17:01:16.537 I/AmFFmpegExtractor( 605): [AmFFmpegSource 717]startTimeUs:0, seekable:1
06-04 17:01:16.537 I/AmFFmpegExtractor( 605): [init 753](0xee3439d0)
06-04 17:01:16.537 E/AmFFmpegExtractor( 605): mAudioMuxRead 0
06-04 17:01:16.537 I/AmFFmpegExtractor( 605): init kKeyDuration = 1616350000
06-04 17:01:16.537 I/AmFFmpegExtractor( 605): audio:demux: fmt = 8
06-04 17:01:16.537 I/AmFFmpegExtractor( 605): audio:demux: channels = 2
06-04 17:01:16.537 I/AmFFmpegExtractor( 605): audio:demux: sample_rate = 48000
06-04 17:01:16.537 I/AmFFmpegExtractor( 605): audio:demux: bit_rate = 96000
06-04 17:01:16.537 I/AmFFmpegExtractor( 605): audio:demux: codec_id = 86017
06-04 17:01:16.537 I/AmFFmpegExtractor( 605): audio:demux: stream startTimeUs = 0
06-04 17:01:16.537 I/AmFFmpegExtractor( 605): audio:demux: block_align = 0
06-04 17:01:16.537 I/AmFFmpegExtractor( 605): Mime:audio/mpeg
06-04 17:01:16.537 I/StreamFormatter( 605): Creating formatter for codec id : 86017 extradata size : 0
06-04 17:01:16.537 I/AmFFmpegExtractor( 605): [init 3565] mIsDolbyVison:0, i:1
06-04 17:01:16.537 I/AmFFmpegExtractor( 605): pthread_create OK pid:-437534272
06-04 17:01:16.537 I/AmFFmpegExtractor( 605): feedMore_task in
06-04 17:01:16.541 I/AmAVUtils( 608): set default max-input-size to 1887436
06-04 17:01:16.545 I/AmFFmpegExtractor( 605): feedMore_task out toBeExit:1 , err:0
06-04 17:01:16.545 I/AmFFmpegExtractor( 605): [~AmFFmpegExtractor 2707] feedMore task has exited.
06-04 17:01:16.545 I/AmFFmpegExtractor( 605): [~AmFFmpegSource 732]
06-04 17:01:16.545 I/AmFFmpegExtractor( 605): [~AmFFmpegSource 732]
06-04 17:01:16.547 I/AmFFmpegExtractor( 605): [~AmFFmpegExtractor 2720]
06-04 17:01:16.547 I/AmFFmpegExtractor( 605): [~AmFFmpegExtractor 2723]
06-04 17:01:16.547 W/RefBase ( 605): RefBase: Explicit destruction, weak count = 0 (in 0xea105954). Use sp<> to manage this object.
06-04 17:01:16.547 W/RefBase ( 605): CallStack::getCurrentInternal not linked, returning null
06-04 17:01:16.547 W/RefBase ( 605): CallStack::logStackInternal not linked
06-04 17:01:16.548 E/MetadataRetrieverClient( 608): unable to dlopen metadata_retriever extension: dlopen failed: library "libmetadataretriever_ext.so" not found
06-04 17:01:16.553 I/AmFFmpegByteIOAdapter( 605): File size : 724324384
06-04 17:01:16.570 I/AmFFmpegExtractor( 605): checkInList: iswhite:0, mime:video/x-matroska, type:0, id:27 tag:0
06-04 17:01:16.570 I/AmFFmpegExtractor( 605): checkInList: iswhite:1, mime:video/x-matroska, type:0, id:27 tag:0
06-04 17:01:16.570 E/AmFFmpegExtractor( 605): true: iswhite:1, type:0, id:27 tag:ffffffff
06-04 17:01:16.570 E/AmFFmpegExtractor( 605): codec_ctx->properties: 0
06-04 17:01:16.570 I/AmFFmpegExtractor( 605): checkInList: iswhite:0, mime:video/x-matroska, type:1, id:86019 tag:0
06-04 17:01:16.570 I/AmFFmpegExtractor( 605): checkInList: iswhite:1, mime:video/x-matroska, type:1, id:86019 tag:0
06-04 17:01:16.570 E/AmFFmpegExtractor( 605): true: iswhite:1, type:1, id:86019 tag:ffffffff
06-04 17:01:16.570 E/AmFFmpegExtractor( 605): codec_ctx->properties: 0
06-04 17:01:16.570 I/AmFFmpegExtractor( 605): checkSupportInList ret 1
06-04 17:01:16.570 I/AmFFmpegExtractor( 605): is in white list : 1
06-04 17:01:16.570 I/AmFFmpegExtractor( 605): SniffAmFFmpeg ok, confidence = 0.800000
06-04 17:01:16.581 W/AString ( 605): ctor got NULL, using empty string instead
06-04 17:01:16.581 I/AmFFmpegExtractor( 605):
06-04 17:01:16.581 I/AmFFmpegExtractor( 605): -----------AmFFmpegExtractor Info---------
06-04 17:01:16.581 I/AmFFmpegExtractor( 605):
06-04 17:01:16.581 I/AmFFmpegExtractor( 605): MM-module-name:Extractor,Version:5.1.7-g0c7d1d4(build:6351)
06-04 17:01:16.581 I/AmFFmpegExtractor( 605):
06-04 17:01:16.581 I/AmFFmpegExtractor( 605): ARCH = arm
06-04 17:01:16.581 I/AmFFmpegExtractor( 605): Author: multi-media team
06-04 17:01:16.581 I/AmFFmpegExtractor( 605): Branch name: * (HEAD detached at 0c7d1d4)
06-04 17:01:16.581 I/AmFFmpegExtractor( 605): Last Commit Info:
06-04 17:01:16.581 I/AmFFmpegExtractor( 605): commit 0c7d1d450b4d7ecd11fc2ddd21a6e67e11d0b24d
06-04 17:01:16.581 I/AmFFmpegExtractor( 605): Author: wang.ren
06-04 17:01:16.581 I/AmFFmpegExtractor( 605): Date: Mon Nov 18 08:39:16 2024 +0000
06-04 17:01:16.581 I/AmFFmpegExtractor( 605): AmFFmpegExtractor: CB2 invalid nal length when parse nal data [1/1]
06-04 17:01:16.581 I/AmFFmpegExtractor( 605): PD#SWPL-190774
06-04 17:01:16.581 I/AmFFmpegExtractor( 605): Change-Id: I639741fa67a5b027e7d8eaa1b588f753d2326e47
06-04 17:01:16.581 I/AmFFmpegExtractor( 605): Uncommitted-file-num:1
06-04 17:01:16.581 I/AmFFmpegExtractor( 605): Build-time: Thu Nov 28 13:44:43 CST 2024
06-04 17:01:16.581 I/AmFFmpegExtractor( 605): Build-name: drm.autobuild
06-04 17:01:16.581 I/AmFFmpegExtractor( 605): -----------------------------------------
06-04 17:01:16.581 I/AmFFmpegExtractor( 605): media.ffmpegextractor.loglevel 16
06-04 17:01:16.581 I/AmFFmpegExtractor( 605): vendor.media.ffmpegextractor.ESLen264Check : 10
06-04 17:01:16.581 I/AmFFmpegExtractor( 605): vendor.media.ffmpegextractor.ESLen265Check : 50
06-04 17:01:16.581 I/AmFFmpegByteIOAdapter( 605): File size : 724324384
06-04 17:01:16.582 I/AmFFmpegExtractor( 605): AmFFmpegExtractor mInputFormat name {matroska,webm [(null)]}
06-04 17:01:16.733 I/AmFFmpegExtractor( 605): ///////////////start dump format
06-04 17:01:16.733 I/AmFFmpegExtractor( 605): [init 3386] video/x-matroska
06-04 17:01:16.734 I/AmFFmpegExtractor( 605): isMusic major_brand:null
06-04 17:01:16.734 I/AmFFmpegExtractor( 605): Stream 0(0) [video/avc][codecid:0x1b(0x1b)] found.
06-04 17:01:16.734 I/AmFFmpegExtractor( 605): [AmFFmpegSource 717]startTimeUs:0, seekable:1
06-04 17:01:16.734 I/AmFFmpegExtractor( 605): [init 753](0xee3439d0)
06-04 17:01:16.734 E/AmFFmpegExtractor( 605): mAudioMuxRead 0
06-04 17:01:16.734 I/AmFFmpegExtractor( 605): init kKeyDuration = 1275520000
06-04 17:01:16.734 I/AmFFmpegExtractor( 605): VIDEO stream startTimeUs = 0
06-04 17:01:16.734 I/AmFFmpegExtractor( 605): video:demux: extradata_size = 167
06-04 17:01:16.734 I/AmFFmpegExtractor( 605): video:demux: has b-frame = 2
06-04 17:01:16.734 I/AmFFmpegExtractor( 605): video:demux: width = 1280, height = 720
06-04 17:01:16.734 E/AmFFmpegExtractor( 605): demux: frame_number = 0
06-04 17:01:16.734 I/AmFFmpegExtractor( 605): init kKeyFrameRate = 24(23.969999)
06-04 17:01:16.734 I/AmFFmpegExtractor( 605): set frame-rate 24 rationalFramerate num 2997 den 125
06-04 17:01:16.734 I/AmFFmpegExtractor( 605): av_find_input_format webm set UNSTABLE_PTS
06-04 17:01:16.734 I/AmFFmpegExtractor( 605): mIsDolbyVison :0, mCreate_two_tracks_dv:0, codec_id: 27(AVC:27,HEVC:173), DvCFG:0(0), TAG:
06-04 17:01:16.734 I/AmFFmpegExtractor( 605): Mime:video/avc
06-04 17:01:16.734 I/StreamFormatter( 605): Creating formatter for codec id : 27 extradata size : 167
06-04 17:01:16.735 I/AmFFmpegExtractor( 605): [init 3565] mIsDolbyVison:0, i:0
06-04 17:01:16.735 I/AmFFmpegExtractor( 605): Stream 1(1) [audio/ac3][codecid:0x15003(0x15003)] found.
06-04 17:01:16.735 I/AmFFmpegExtractor( 605): [AmFFmpegSource 717]startTimeUs:0, seekable:1
06-04 17:01:16.735 I/AmFFmpegExtractor( 605): [init 753](0xee342620)
06-04 17:01:16.735 E/AmFFmpegExtractor( 605): mAudioMuxRead 0
06-04 17:01:16.735 I/AmFFmpegExtractor( 605): init kKeyDuration = 1275520000
06-04 17:01:16.735 I/AmFFmpegExtractor( 605): audio:demux: fmt = -1
06-04 17:01:16.735 I/AmFFmpegExtractor( 605): audio:demux: channels = 6
06-04 17:01:16.735 I/AmFFmpegExtractor( 605): audio:demux: sample_rate = 48000
06-04 17:01:16.735 I/AmFFmpegExtractor( 605): audio:demux: bit_rate = 640000
06-04 17:01:16.735 I/AmFFmpegExtractor( 605): audio:demux: codec_id = 86019
06-04 17:01:16.735 I/AmFFmpegExtractor( 605): audio:demux: stream startTimeUs = 0
06-04 17:01:16.735 I/AmFFmpegExtractor( 605): audio:demux: block_align = 0
06-04 17:01:16.735 I/AmFFmpegExtractor( 605): Mime:audio/ac3
06-04 17:01:16.735 I/StreamFormatter( 605): Creating formatter for codec id : 86019 extradata size : 0
06-04 17:01:16.735 I/AmFFmpegExtractor( 605): [init 3565] mIsDolbyVison:0, i:1
06-04 17:01:16.735 I/AmFFmpegExtractor( 605): pthread_create OK pid:-430980672
06-04 17:01:16.735 I/AmFFmpegExtractor( 605): feedMore_task in
06-04 17:01:16.737 I/AmAVUtils( 608): set default max-input-size to 1887436
06-04 17:01:16.741 I/AmFFmpegExtractor( 605): feedMore_task out toBeExit:1 , err:0
06-04 17:01:16.741 I/AmFFmpegExtractor( 605): [~AmFFmpegExtractor 2707] feedMore task has exited.
06-04 17:01:16.741 I/AmFFmpegExtractor( 605): [~AmFFmpegSource 732]
06-04 17:01:16.742 I/AmFFmpegExtractor( 605): [~AmFFmpegSource 732]
06-04 17:01:16.743 I/AmFFmpegExtractor( 605): [~AmFFmpegExtractor 2720]
06-04 17:01:16.743 I/AmFFmpegExtractor( 605): [~AmFFmpegExtractor 2723]
06-04 17:01:16.743 W/RefBase ( 605): RefBase: Explicit destruction, weak count = 0 (in 0xea101884). Use sp<> to manage this object.
06-04 17:01:16.743 W/RefBase ( 605): CallStack::getCurrentInternal not linked, returning null
06-04 17:01:16.743 W/RefBase ( 605): CallStack::logStackInternal not linked
06-04 17:01:16.745 E/MetadataRetrieverClient( 608): unable to dlopen metadata_retriever extension: dlopen failed: library "libmetadataretriever_ext.so" not found
06-04 17:01:16.749 I/AmFFmpegByteIOAdapter( 605): File size : 2858109675
06-04 17:01:16.770 I/AmFFmpegExtractor( 605): checkInList: iswhite:0, mime:video/x-matroska, type:0, id:27 tag:0
06-04 17:01:16.770 I/AmFFmpegExtractor( 605): checkInList: iswhite:1, mime:video/x-matroska, type:0, id:27 tag:0
06-04 17:01:16.770 E/AmFFmpegExtractor( 605): true: iswhite:1, type:0, id:27 tag:ffffffff
06-04 17:01:16.770 E/AmFFmpegExtractor( 605): codec_ctx->properties: 0
06-04 17:01:16.770 I/AmFFmpegExtractor( 605): checkInList: iswhite:0, mime:video/x-matroska, type:1, id:86019 tag:0
06-04 17:01:16.770 I/AmFFmpegExtractor( 605): checkInList: iswhite:1, mime:video/x-matroska, type:1, id:86019 tag:0
06-04 17:01:16.770 E/AmFFmpegExtractor( 605): true: iswhite:1, type:1, id:86019 tag:ffffffff
06-04 17:01:16.770 E/AmFFmpegExtractor( 605): codec_ctx->properties: 0
06-04 17:01:16.771 I/AmFFmpegExtractor( 605): checkSupportInList ret 1
06-04 17:01:16.771 I/AmFFmpegExtractor( 605): is in white list : 1
06-04 17:01:16.771 I/AmFFmpegExtractor( 605): SniffAmFFmpeg ok, confidence = 0.800000
06-04 17:01:16.785 W/AString ( 605): ctor got NULL, using empty string instead
06-04 17:01:16.785 I/AmFFmpegExtractor( 605):
06-04 17:01:16.785 I/AmFFmpegExtractor( 605): -----------AmFFmpegExtractor Info---------
06-04 17:01:16.785 I/AmFFmpegExtractor( 605):
06-04 17:01:16.785 I/AmFFmpegExtractor( 605): MM-module-name:Extractor,Version:5.1.7-g0c7d1d4(build:6351)
06-04 17:01:16.785 I/AmFFmpegExtractor( 605):
06-04 17:01:16.785 I/AmFFmpegExtractor( 605): ARCH = arm
06-04 17:01:16.785 I/AmFFmpegExtractor( 605): Author: multi-media team
06-04 17:01:16.785 I/AmFFmpegExtractor( 605): Branch name: * (HEAD detached at 0c7d1d4)
06-04 17:01:16.785 I/AmFFmpegExtractor( 605): Last Commit Info:
06-04 17:01:16.785 I/AmFFmpegExtractor( 605): commit 0c7d1d450b4d7ecd11fc2ddd21a6e67e11d0b24d
06-04 17:01:16.785 I/AmFFmpegExtractor( 605): Author: wang.ren
06-04 17:01:16.785 I/AmFFmpegExtractor( 605): Date: Mon Nov 18 08:39:16 2024 +0000
06-04 17:01:16.785 I/AmFFmpegExtractor( 605): AmFFmpegExtractor: CB2 invalid nal length when parse nal data [1/1]
06-04 17:01:16.785 I/AmFFmpegExtractor( 605): PD#SWPL-190774
06-04 17:01:16.785 I/AmFFmpegExtractor( 605): Change-Id: I639741fa67a5b027e7d8eaa1b588f753d2326e47
06-04 17:01:16.785 I/AmFFmpegExtractor( 605): Uncommitted-file-num:1
06-04 17:01:16.785 I/AmFFmpegExtractor( 605): Build-time: Thu Nov 28 13:44:43 CST 2024
06-04 17:01:16.785 I/AmFFmpegExtractor( 605): Build-name: drm.autobuild
06-04 17:01:16.785 I/AmFFmpegExtractor( 605): -----------------------------------------
06-04 17:01:16.785 I/AmFFmpegExtractor( 605): media.ffmpegextractor.loglevel 16
06-04 17:01:16.785 I/AmFFmpegExtractor( 605): vendor.media.ffmpegextractor.ESLen264Check : 10
06-04 17:01:16.785 I/AmFFmpegExtractor( 605): vendor.media.ffmpegextractor.ESLen265Check : 50
06-04 17:01:16.786 I/AmFFmpegByteIOAdapter( 605): File size : 2858109675
06-04 17:01:16.787 I/AmFFmpegExtractor( 605): AmFFmpegExtractor mInputFormat name {matroska,webm [(null)]}
06-04 17:01:16.898 I/WifiHAL ( 506): call wifi_get_link_stats handler
06-04 17:01:16.898 I/WifiHAL ( 506): Creating message to get link statistics; iface = 16
06-04 17:01:16.898 D/WifiHAL ( 506): error code -95 mapped to -3
06-04 17:01:16.899 E/WifiStaIfaceAidlImpl( 693): getLinkLayerStats failed with service-specific exception: android.os.ServiceSpecificException: (code 4)
06-04 17:01:16.961 I/AmFFmpegExtractor( 605): ///////////////start dump format
06-04 17:01:16.961 I/AmFFmpegExtractor( 605): [init 3386] video/x-matroska
06-04 17:01:16.961 I/AmFFmpegExtractor( 605): isMusic major_brand:null
06-04 17:01:16.961 I/AmFFmpegExtractor( 605): Stream 0(0) [video/avc][codecid:0x1b(0x1b)] found.
06-04 17:01:16.962 I/AmFFmpegExtractor( 605): [AmFFmpegSource 717]startTimeUs:0, seekable:1
06-04 17:01:16.962 I/AmFFmpegExtractor( 605): [init 753](0xee342620)
06-04 17:01:16.962 E/AmFFmpegExtractor( 605): mAudioMuxRead 0
06-04 17:01:16.962 I/AmFFmpegExtractor( 605): init kKeyDuration = 3695840000
06-04 17:01:16.962 I/AmFFmpegExtractor( 605): VIDEO stream startTimeUs = 0
06-04 17:01:16.962 I/AmFFmpegExtractor( 605): video:demux: extradata_size = 42
06-04 17:01:16.962 I/AmFFmpegExtractor( 605): video:demux: has b-frame = 2
06-04 17:01:16.962 I/AmFFmpegExtractor( 605): video:demux: width = 1280, height = 714
06-04 17:01:16.962 E/AmFFmpegExtractor( 605): demux: frame_number = 0
06-04 17:01:16.962 I/AmFFmpegExtractor( 605): init kKeyFrameRate = 24(23.969999)
06-04 17:01:16.962 I/AmFFmpegExtractor( 605): set frame-rate 24 rationalFramerate num 24000 den 1001
06-04 17:01:16.962 I/AmFFmpegExtractor( 605): av_find_input_format webm set UNSTABLE_PTS
06-04 17:01:16.962 I/AmFFmpegExtractor( 605): mIsDolbyVison :0, mCreate_two_tracks_dv:0, codec_id: 27(AVC:27,HEVC:173), DvCFG:0(0), TAG:
06-04 17:01:16.962 I/AmFFmpegExtractor( 605): Mime:video/avc
06-04 17:01:16.962 I/StreamFormatter( 605): Creating formatter for codec id : 27 extradata size : 42
06-04 17:01:16.962 I/AmFFmpegExtractor( 605): [init 3565] mIsDolbyVison:0, i:0
06-04 17:01:16.962 I/AmFFmpegExtractor( 605): Stream 1(1) [audio/ac3][codecid:0x15003(0x15003)] found.
06-04 17:01:16.962 I/AmFFmpegExtractor( 605): [AmFFmpegSource 717]startTimeUs:0, seekable:1
06-04 17:01:16.962 I/AmFFmpegExtractor( 605): [init 753](0xee3439d0)
06-04 17:01:16.962 E/AmFFmpegExtractor( 605): mAudioMuxRead 0
06-04 17:01:16.962 I/AmFFmpegExtractor( 605): init kKeyDuration = 3695840000
06-04 17:01:16.962 I/AmFFmpegExtractor( 605): audio:demux: fmt = -1
06-04 17:01:16.962 I/AmFFmpegExtractor( 605): audio:demux: channels = 6
06-04 17:01:16.962 I/AmFFmpegExtractor( 605): audio:demux: sample_rate = 48000
06-04 17:01:16.962 I/AmFFmpegExtractor( 605): audio:demux: bit_rate = 384000
06-04 17:01:16.962 I/AmFFmpegExtractor( 605): audio:demux: codec_id = 86019
06-04 17:01:16.962 I/AmFFmpegExtractor( 605): audio:demux: stream startTimeUs = 0
06-04 17:01:16.962 I/AmFFmpegExtractor( 605): audio:demux: block_align = 0
06-04 17:01:16.962 E/AmFFmpegExtractor( 605): kKeyMediaLanguage audio lang null
06-04 17:01:16.962 I/AmFFmpegExtractor( 605): Mime:audio/ac3
06-04 17:01:16.963 I/StreamFormatter( 605): Creating formatter for codec id : 86019 extradata size : 0
06-04 17:01:16.963 I/AmFFmpegExtractor( 605): [init 3565] mIsDolbyVison:0, i:1
06-04 17:01:16.963 I/AmFFmpegExtractor( 605): pthread_create OK pid:-431550016
06-04 17:01:16.963 I/AmFFmpegExtractor( 605): feedMore_task in
06-04 17:01:16.965 I/AmAVUtils( 608): set default max-input-size to 1887436
06-04 17:01:16.968 I/AmFFmpegExtractor( 605): feedMore_task out toBeExit:1 , err:0
06-04 17:01:16.968 I/AmFFmpegExtractor( 605): [~AmFFmpegExtractor 2707] feedMore task has exited.
06-04 17:01:16.968 I/AmFFmpegExtractor( 605): [~AmFFmpegSource 732]
06-04 17:01:16.968 I/AmFFmpegExtractor( 605): [~AmFFmpegSource 732]
06-04 17:01:16.971 E/MetadataRetrieverClient( 608): unable to dlopen metadata_retriever extension: dlopen failed: library "libmetadataretriever_ext.so" not found
06-04 17:01:16.971 I/AmFFmpegExtractor( 605): [~AmFFmpegExtractor 2720]
06-04 17:01:16.971 I/AmFFmpegExtractor( 605): [~AmFFmpegExtractor 2723]
06-04 17:01:16.971 W/RefBase ( 605): RefBase: Explicit destruction, weak count = 0 (in 0xea100cd4). Use sp<> to manage this object.
06-04 17:01:16.971 W/RefBase ( 605): CallStack::getCurrentInternal not linked, returning null
06-04 17:01:16.971 W/RefBase ( 605): CallStack::logStackInternal not linked
06-04 17:01:16.975 I/AmFFmpegByteIOAdapter( 605): File size : 70576583
06-04 17:01:16.989 I/AmFFmpegExtractor( 605): checkInList: iswhite:0, mime:video/x-matroska, type:0, id:12 tag:44495658
06-04 17:01:16.989 I/AmFFmpegExtractor( 605): checkInList: iswhite:1, mime:video/x-matroska, type:0, id:12 tag:44495658
06-04 17:01:16.989 E/AmFFmpegExtractor( 605): codec_ctx->properties: 0
06-04 17:01:16.989 I/AmFFmpegExtractor( 605): checkInList: iswhite:0, mime:video/x-matroska, type:1, id:86019 tag:0
06-04 17:01:16.989 I/AmFFmpegExtractor( 605): checkInList: iswhite:1, mime:video/x-matroska, type:1, id:86019 tag:0
06-04 17:01:16.989 E/AmFFmpegExtractor( 605): true: iswhite:1, type:1, id:86019 tag:ffffffff
06-04 17:01:16.989 E/AmFFmpegExtractor( 605): codec_ctx->properties: 0
06-04 17:01:16.989 I/AmFFmpegExtractor( 605): checkInList: iswhite:0, mime:video/x-matroska, type:1, id:86019 tag:0
06-04 17:01:16.989 I/AmFFmpegExtractor( 605): checkInList: iswhite:1, mime:video/x-matroska, type:1, id:86019 tag:0
06-04 17:01:16.989 E/AmFFmpegExtractor( 605): true: iswhite:1, type:1, id:86019 tag:ffffffff
06-04 17:01:16.989 E/AmFFmpegExtractor( 605): codec_ctx->properties: 0
06-04 17:01:16.989 I/AmFFmpegExtractor( 605): checkInList: iswhite:0, mime:video/x-matroska, type:3, id:94208 tag:0
06-04 17:01:16.989 I/AmFFmpegExtractor( 605): checkInList: iswhite:1, mime:video/x-matroska, type:3, id:94208 tag:0
06-04 17:01:16.989 E/AmFFmpegExtractor( 605): codec_ctx->properties: 0
06-04 17:01:16.989 I/AmFFmpegExtractor( 605): checkSupportInList ret 1
06-04 17:01:16.989 I/AmFFmpegExtractor( 605): is in white list : 1
06-04 17:01:16.989 I/AmFFmpegExtractor( 605): SniffAmFFmpeg ok, confidence = 0.800000
06-04 17:01:17.004 W/AString ( 605): ctor got NULL, using empty string instead
06-04 17:01:17.004 I/AmFFmpegExtractor( 605):
06-04 17:01:17.004 I/AmFFmpegExtractor( 605): -----------AmFFmpegExtractor Info---------
06-04 17:01:17.004 I/AmFFmpegExtractor( 605):
06-04 17:01:17.004 I/AmFFmpegExtractor( 605): MM-module-name:Extractor,Version:5.1.7-g0c7d1d4(build:6351)
06-04 17:01:17.004 I/AmFFmpegExtractor( 605):
06-04 17:01:17.004 I/AmFFmpegExtractor( 605): ARCH = arm
06-04 17:01:17.004 I/AmFFmpegExtractor( 605): Author: multi-media team
06-04 17:01:17.004 I/AmFFmpegExtractor( 605): Branch name: * (HEAD detached at 0c7d1d4)
06-04 17:01:17.004 I/AmFFmpegExtractor( 605): Last Commit Info:
06-04 17:01:17.004 I/AmFFmpegExtractor( 605): commit 0c7d1d450b4d7ecd11fc2ddd21a6e67e11d0b24d
06-04 17:01:17.004 I/AmFFmpegExtractor( 605): Author: wang.ren
06-04 17:01:17.004 I/AmFFmpegExtractor( 605): Date: Mon Nov 18 08:39:16 2024 +0000
06-04 17:01:17.004 I/AmFFmpegExtractor( 605): AmFFmpegExtractor: CB2 invalid nal length when parse nal data [1/1]
06-04 17:01:17.004 I/AmFFmpegExtractor( 605): PD#SWPL-190774
06-04 17:01:17.004 I/AmFFmpegExtractor( 605): Change-Id: I639741fa67a5b027e7d8eaa1b588f753d2326e47
06-04 17:01:17.004 I/AmFFmpegExtractor( 605): Uncommitted-file-num:1
06-04 17:01:17.004 I/AmFFmpegExtractor( 605): Build-time: Thu Nov 28 13:44:43 CST 2024
06-04 17:01:17.004 I/AmFFmpegExtractor( 605): Build-name: drm.autobuild
06-04 17:01:17.004 I/AmFFmpegExtractor( 605): -----------------------------------------
06-04 17:01:17.004 I/AmFFmpegExtractor( 605): media.ffmpegextractor.loglevel 16
06-04 17:01:17.005 I/AmFFmpegExtractor( 605): vendor.media.ffmpegextractor.ESLen264Check : 10
06-04 17:01:17.005 I/AmFFmpegExtractor( 605): vendor.media.ffmpegextractor.ESLen265Check : 50
06-04 17:01:17.005 I/AmFFmpegByteIOAdapter( 605): File size : 70576583
06-04 17:01:17.006 I/AmFFmpegExtractor( 605): AmFFmpegExtractor mInputFormat name {matroska,webm [(null)]}
06-04 17:01:17.035 I/AmFFmpegExtractor( 605): ///////////////start dump format
06-04 17:01:17.035 I/AmFFmpegExtractor( 605): [init 3386] video/x-matroska
06-04 17:01:17.035 I/AmFFmpegExtractor( 605): isMusic major_brand:null
06-04 17:01:17.035 I/AmFFmpegExtractor( 605): Stream 0(0) [video/mp4v-es][codecid:0xc(0xc)] found.
06-04 17:01:17.035 I/AmFFmpegExtractor( 605): [AmFFmpegSource 717]startTimeUs:0, seekable:1
06-04 17:01:17.035 I/AmFFmpegExtractor( 605): [init 753](0xee342620)
06-04 17:01:17.036 E/AmFFmpegExtractor( 605): mAudioMuxRead 0
06-04 17:01:17.036 I/AmFFmpegExtractor( 605): init kKeyDuration = 289344000
06-04 17:01:17.036 I/AmFFmpegExtractor( 605): VIDEO stream startTimeUs = 0
06-04 17:01:17.036 I/AmFFmpegExtractor( 605): video:demux: extradata_size = 58
