06-04 17:00:52.835 E/AmFFmpegExtractor( 605): codec_ctx->properties: 0
06-04 17:00:52.835 I/AmFFmpegExtractor( 605): checkSupportInList ret 1
06-04 17:00:52.835 I/AmFFmpegExtractor( 605): is in white list : 1
06-04 17:00:52.835 I/AmFFmpegExtractor( 605): SniffAmFFmpeg ok, confidence = 0.800000
06-04 17:00:52.850 W/AString ( 605): ctor got NULL, using empty string instead
06-04 17:00:52.851 I/AmFFmpegExtractor( 605):
06-04 17:00:52.851 I/AmFFmpegExtractor( 605): -----------AmFFmpegExtractor Info---------
06-04 17:00:52.851 I/AmFFmpegExtractor( 605):
06-04 17:00:52.851 I/AmFFmpegExtractor( 605): MM-module-name:Extractor,Version:5.1.7-g0c7d1d4(build:6351)
06-04 17:00:52.851 I/AmFFmpegExtractor( 605):
06-04 17:00:52.851 I/AmFFmpegExtractor( 605): ARCH = arm
06-04 17:00:52.851 I/AmFFmpegExtractor( 605): Author: multi-media team
06-04 17:00:52.851 I/AmFFmpegExtractor( 605): Branch name: * (HEAD detached at 0c7d1d4)
06-04 17:00:52.851 I/AmFFmpegExtractor( 605): Last Commit Info:
06-04 17:00:52.851 I/AmFFmpegExtractor( 605): commit 0c7d1d450b4d7ecd11fc2ddd21a6e67e11d0b24d
06-04 17:00:52.851 I/AmFFmpegExtractor( 605): Author: wang.ren
06-04 17:00:52.851 I/AmFFmpegExtractor( 605): Date: Mon Nov 18 08:39:16 2024 +0000
06-04 17:00:52.851 I/AmFFmpegExtractor( 605): AmFFmpegExtractor: CB2 invalid nal length when parse nal data [1/1]
06-04 17:00:52.851 I/AmFFmpegExtractor( 605): PD#SWPL-190774
06-04 17:00:52.851 I/AmFFmpegExtractor( 605): Change-Id: I639741fa67a5b027e7d8eaa1b588f753d2326e47
06-04 17:00:52.851 I/AmFFmpegExtractor( 605): Uncommitted-file-num:1
06-04 17:00:52.851 I/AmFFmpegExtractor( 605): Build-time: Thu Nov 28 13:44:43 CST 2024
06-04 17:00:52.851 I/AmFFmpegExtractor( 605): Build-name: drm.autobuild
06-04 17:00:52.851 I/AmFFmpegExtractor( 605): -----------------------------------------
06-04 17:00:52.851 I/AmFFmpegExtractor( 605): media.ffmpegextractor.loglevel 16
06-04 17:00:52.851 I/AmFFmpegExtractor( 605): vendor.media.ffmpegextractor.ESLen264Check : 10
06-04 17:00:52.851 I/AmFFmpegExtractor( 605): vendor.media.ffmpegextractor.ESLen265Check : 50
06-04 17:00:52.851 I/AmFFmpegByteIOAdapter( 605): File size : 2797732
06-04 17:00:52.852 I/AmFFmpegExtractor( 605): AmFFmpegExtractor mInputFormat name {asf [(null)]}
06-04 17:00:52.855 I/WifiHAL ( 506): call wifi_get_link_stats handler
06-04 17:00:52.855 I/WifiHAL ( 506): Creating message to get link statistics; iface = 16
06-04 17:00:52.855 D/WifiHAL ( 506): error code -95 mapped to -3
06-04 17:00:52.856 E/WifiStaIfaceAidlImpl( 693): getLinkLayerStats failed with service-specific exception: android.os.ServiceSpecificException: (code 4)
06-04 17:00:52.868 I/AmFFmpegExtractor( 605): ///////////////start dump format
06-04 17:00:52.868 I/AmFFmpegExtractor( 605): [init 3386] video/x-ms-asf
06-04 17:00:52.869 I/AmFFmpegExtractor( 605): isMusic major_brand:null
06-04 17:00:52.869 I/AmFFmpegExtractor( 605): Stream 1(1) [audio/x-ms-wma][codecid:0x15008(0x15008)] found.
06-04 17:00:52.869 I/AmFFmpegExtractor( 605): [AmFFmpegSource 717]startTimeUs:0, seekable:1
06-04 17:00:52.869 I/AmFFmpegExtractor( 605): [init 753](0xee340550)
06-04 17:00:52.869 E/AmFFmpegExtractor( 605): mAudioMuxRead 0
06-04 17:00:52.869 I/AmFFmpegExtractor( 605): init kKeyDuration = 10176000
06-04 17:00:52.869 I/AmFFmpegExtractor( 605): audio:demux: fmt = -1
06-04 17:00:52.869 I/AmFFmpegExtractor( 605): audio:demux: channels = 2
06-04 17:00:52.869 I/AmFFmpegExtractor( 605): audio:demux: sample_rate = 48000
06-04 17:00:52.869 I/AmFFmpegExtractor( 605): audio:demux: bit_rate = 96000
06-04 17:00:52.869 I/AmFFmpegExtractor( 605): audio:demux: codec_id = 86024
06-04 17:00:52.869 I/AmFFmpegExtractor( 605): audio:demux: stream startTimeUs = 0
06-04 17:00:52.869 I/AmFFmpegExtractor( 605): audio:demux: block_align = 2048
06-04 17:00:52.869 E/AmFFmpegExtractor( 605): kKeyMediaLanguage audio lang null
06-04 17:00:52.869 I/AmFFmpegExtractor( 605): Mime:audio/x-ms-wma
06-04 17:00:52.869 I/StreamFormatter( 605): Creating formatter for codec id : 86024 extradata size : 10
06-04 17:00:52.869 I/AmFFmpegExtractor( 605): [init 3565] mIsDolbyVison:0, i:0
06-04 17:00:52.869 I/AmFFmpegExtractor( 605): Stream 0(0) [video/wmv3][codecid:0x47(0x47)] found.
06-04 17:00:52.869 I/AmFFmpegExtractor( 605): [AmFFmpegSource 717]startTimeUs:0, seekable:1
06-04 17:00:52.869 I/AmFFmpegExtractor( 605): [init 753](0xee341510)
06-04 17:00:52.869 E/AmFFmpegExtractor( 605): mAudioMuxRead 0
06-04 17:00:52.869 I/AmFFmpegExtractor( 605): init kKeyDuration = 10176000
06-04 17:00:52.869 I/AmFFmpegExtractor( 605): VIDEO stream startTimeUs = 0
06-04 17:00:52.869 I/AmFFmpegExtractor( 605): video:demux: extradata_size = 4
06-04 17:00:52.869 I/AmFFmpegExtractor( 605): video:demux: has b-frame = 0
06-04 17:00:52.869 I/AmFFmpegExtractor( 605): video:demux: width = 720, height = 480
06-04 17:00:52.869 E/AmFFmpegExtractor( 605): demux: frame_number = 0
06-04 17:00:52.869 I/AmFFmpegExtractor( 605): init kKeyFrameRate = 30(29.969999)
06-04 17:00:52.869 I/AmFFmpegExtractor( 605): set frame-rate 30 rationalFramerate num 30000 den 1001
06-04 17:00:52.870 I/AmFFmpegExtractor( 605): mIsDolbyVison :0, mCreate_two_tracks_dv:0, codec_id: 71(AVC:27,HEVC:173), DvCFG:0(0), TAG:WMV3
06-04 17:00:52.870 I/AmFFmpegExtractor( 605): Mime:video/wmv3
06-04 17:00:52.870 I/StreamFormatter( 605): Creating formatter for codec id : 71 extradata size : 4
06-04 17:00:52.870 I/AmFFmpegExtractor( 605): [init 3565] mIsDolbyVison:0, i:1
06-04 17:00:52.870 I/AmFFmpegExtractor( 605): ASF file, and find the best video stream index:1
06-04 17:00:52.870 I/AmFFmpegExtractor( 605): pthread_create OK pid:-424427072
06-04 17:00:52.870 I/AmFFmpegExtractor( 605): feedMore_task in
06-04 17:00:52.872 I/AmAVUtils( 608): set default max-input-size to 1887436
06-04 17:00:52.875 I/AmFFmpegExtractor( 605): feedMore_task out toBeExit:1 , err:0
06-04 17:00:52.875 I/AmFFmpegExtractor( 605): [~AmFFmpegExtractor 2707] feedMore task has exited.
06-04 17:00:52.875 I/AmFFmpegExtractor( 605): [~AmFFmpegSource 732]
06-04 17:00:52.875 I/AmFFmpegExtractor( 605): [~AmFFmpegSource 732]
06-04 17:00:52.876 I/AmFFmpegExtractor( 605): [~AmFFmpegExtractor 2720]
06-04 17:00:52.876 I/AmFFmpegExtractor( 605): [~AmFFmpegExtractor 2723]
06-04 17:00:52.876 W/RefBase ( 605): RefBase: Explicit destruction, weak count = 0 (in 0xea103534). Use sp<> to manage this object.
06-04 17:00:52.876 W/RefBase ( 605): CallStack::getCurrentInternal not linked, returning null
06-04 17:00:52.876 W/RefBase ( 605): CallStack::logStackInternal not linked
06-04 17:00:52.878 E/MetadataRetrieverClient( 608): unable to dlopen metadata_retriever extension: dlopen failed: library "libmetadataretriever_ext.so" not found
06-04 17:00:52.891 I/AmFFmpegByteIOAdapter( 605): File size : 176369866
06-04 17:00:52.896 I/AmFFmpegExtractor( 605): checkInList: iswhite:0, mime:video/x-ms-asf, type:0, id:71 tag:33564d57
06-04 17:00:52.896 I/AmFFmpegExtractor( 605): checkInList: iswhite:1, mime:video/x-ms-asf, type:0, id:71 tag:33564d57
06-04 17:00:52.896 E/AmFFmpegExtractor( 605): true: iswhite:1, type:0, id:71 tag:ffffffff
06-04 17:00:52.896 E/AmFFmpegExtractor( 605): codec_ctx->properties: 0
06-04 17:00:52.896 I/AmFFmpegExtractor( 605): checkInList: iswhite:0, mime:video/x-ms-asf, type:1, id:86053 tag:162
06-04 17:00:52.896 I/AmFFmpegExtractor( 605): checkInList: iswhite:1, mime:video/x-ms-asf, type:1, id:86053 tag:162
06-04 17:00:52.896 E/AmFFmpegExtractor( 605): codec_ctx->properties: 0
06-04 17:00:52.896 I/AmFFmpegExtractor( 605): checkSupportInList ret 1
06-04 17:00:52.896 I/AmFFmpegExtractor( 605): is in white list : 1
06-04 17:00:52.896 I/AmFFmpegExtractor( 605): SniffAmFFmpeg ok, confidence = 0.800000
06-04 17:00:52.909 W/AString ( 605): ctor got NULL, using empty string instead
06-04 17:00:52.909 I/AmFFmpegExtractor( 605):
06-04 17:00:52.909 I/AmFFmpegExtractor( 605): -----------AmFFmpegExtractor Info---------
06-04 17:00:52.909 I/AmFFmpegExtractor( 605):
06-04 17:00:52.909 I/AmFFmpegExtractor( 605): MM-module-name:Extractor,Version:5.1.7-g0c7d1d4(build:6351)
06-04 17:00:52.909 I/AmFFmpegExtractor( 605):
06-04 17:00:52.909 I/AmFFmpegExtractor( 605): ARCH = arm
06-04 17:00:52.909 I/AmFFmpegExtractor( 605): Author: multi-media team
06-04 17:00:52.909 I/AmFFmpegExtractor( 605): Branch name: * (HEAD detached at 0c7d1d4)
06-04 17:00:52.909 I/AmFFmpegExtractor( 605): Last Commit Info:
06-04 17:00:52.909 I/AmFFmpegExtractor( 605): commit 0c7d1d450b4d7ecd11fc2ddd21a6e67e11d0b24d
06-04 17:00:52.909 I/AmFFmpegExtractor( 605): Author: wang.ren
06-04 17:00:52.909 I/AmFFmpegExtractor( 605): Date: Mon Nov 18 08:39:16 2024 +0000
06-04 17:00:52.909 I/AmFFmpegExtractor( 605): AmFFmpegExtractor: CB2 invalid nal length when parse nal data [1/1]
06-04 17:00:52.909 I/AmFFmpegExtractor( 605): PD#SWPL-190774
06-04 17:00:52.909 I/AmFFmpegExtractor( 605): Change-Id: I639741fa67a5b027e7d8eaa1b588f753d2326e47
06-04 17:00:52.909 I/AmFFmpegExtractor( 605): Uncommitted-file-num:1
06-04 17:00:52.909 I/AmFFmpegExtractor( 605): Build-time: Thu Nov 28 13:44:43 CST 2024
06-04 17:00:52.909 I/AmFFmpegExtractor( 605): Build-name: drm.autobuild
06-04 17:00:52.909 I/AmFFmpegExtractor( 605): -----------------------------------------
06-04 17:00:52.909 I/AmFFmpegExtractor( 605): media.ffmpegextractor.loglevel 16
06-04 17:00:52.909 I/AmFFmpegExtractor( 605): vendor.media.ffmpegextractor.ESLen264Check : 10
06-04 17:00:52.909 I/AmFFmpegExtractor( 605): vendor.media.ffmpegextractor.ESLen265Check : 50
06-04 17:00:52.909 I/AmFFmpegByteIOAdapter( 605): File size : 176369866
06-04 17:00:52.911 I/AmFFmpegExtractor( 605): AmFFmpegExtractor mInputFormat name {asf [(null)]}
06-04 17:00:52.921 I/AmFFmpegExtractor( 605): ///////////////start dump format
06-04 17:00:52.922 I/AmFFmpegExtractor( 605): [init 3386] video/x-ms-asf
06-04 17:00:52.923 I/AmFFmpegExtractor( 605): isMusic major_brand:null
06-04 17:00:52.923 I/AmFFmpegExtractor( 605): Stream 0(0) [video/wmv3][codecid:0x47(0x47)] found.
06-04 17:00:52.923 I/AmFFmpegExtractor( 605): [AmFFmpegSource 717]startTimeUs:0, seekable:1
06-04 17:00:52.923 I/AmFFmpegExtractor( 605): [init 753](0xee341510)
06-04 17:00:52.923 E/AmFFmpegExtractor( 605): mAudioMuxRead 0
06-04 17:00:52.923 I/AmFFmpegExtractor( 605): init kKeyDuration = 1408182000
06-04 17:00:52.923 I/AmFFmpegExtractor( 605): VIDEO stream startTimeUs = 0
06-04 17:00:52.923 I/AmFFmpegExtractor( 605): video:demux: extradata_size = 4
06-04 17:00:52.923 I/AmFFmpegExtractor( 605): video:demux: has b-frame = 0
06-04 17:00:52.923 I/AmFFmpegExtractor( 605): video:demux: width = 640, height = 480
06-04 17:00:52.923 E/AmFFmpegExtractor( 605): demux: frame_number = 0
06-04 17:00:52.923 I/AmFFmpegExtractor( 605): init kKeyFrameRate = 120(120.000000)
06-04 17:00:52.923 I/AmFFmpegExtractor( 605): set frame-rate 120 rationalFramerate num 120 den 1
06-04 17:00:52.923 I/AmFFmpegExtractor( 605): mIsDolbyVison :0, mCreate_two_tracks_dv:0, codec_id: 71(AVC:27,HEVC:173), DvCFG:0(0), TAG:WMV3
06-04 17:00:52.924 I/AmFFmpegExtractor( 605): Mime:video/wmv3
06-04 17:00:52.924 I/StreamFormatter( 605): Creating formatter for codec id : 71 extradata size : 4
06-04 17:00:52.924 I/AmFFmpegExtractor( 605): [init 3565] mIsDolbyVison:0, i:0
06-04 17:00:52.924 I/AmFFmpegExtractor( 605): Stream 1(1) [audio/wmapro][codecid:0x15025(0x15025)] found.
06-04 17:00:52.924 I/AmFFmpegExtractor( 605): [AmFFmpegSource 717]startTimeUs:0, seekable:1
06-04 17:00:52.924 I/AmFFmpegExtractor( 605): [init 753](0xee340550)
06-04 17:00:52.924 E/AmFFmpegExtractor( 605): mAudioMuxRead 0
06-04 17:00:52.924 I/AmFFmpegExtractor( 605): init kKeyDuration = 1408182000
06-04 17:00:52.924 I/AmFFmpegExtractor( 605): audio:demux: fmt = -1
06-04 17:00:52.924 I/AmFFmpegExtractor( 605): audio:demux: channels = 2
06-04 17:00:52.924 I/AmFFmpegExtractor( 605): audio:demux: sample_rate = 44100
06-04 17:00:52.924 I/AmFFmpegExtractor( 605): audio:demux: bit_rate = 190472
06-04 17:00:52.924 I/AmFFmpegExtractor( 605): audio:demux: codec_id = 86053
06-04 17:00:52.924 I/AmFFmpegExtractor( 605): audio:demux: stream startTimeUs = 0
06-04 17:00:52.924 I/AmFFmpegExtractor( 605): audio:demux: block_align = 8917
06-04 17:00:52.924 I/AmFFmpegExtractor( 605): Mime:audio/wmapro
06-04 17:00:52.924 I/StreamFormatter( 605): Creating formatter for codec id : 86053 extradata size : 18
06-04 17:00:52.924 I/AmFFmpegExtractor( 605): [init 3565] mIsDolbyVison:0, i:1
06-04 17:00:52.924 I/AmFFmpegExtractor( 605): ASF file, and find the best video stream index:0
06-04 17:00:52.924 I/AmFFmpegExtractor( 605): pthread_create OK pid:-424427072
06-04 17:00:52.925 I/AmFFmpegExtractor( 605): feedMore_task in
06-04 17:00:52.927 I/AmAVUtils( 608): set default max-input-size to 1887436
06-04 17:00:52.930 I/AmFFmpegExtractor( 605): feedMore_task out toBeExit:1 , err:0
06-04 17:00:52.931 I/AmFFmpegExtractor( 605): [~AmFFmpegExtractor 2707] feedMore task has exited.
06-04 17:00:52.931 I/AmFFmpegExtractor( 605): [~AmFFmpegSource 732]
06-04 17:00:52.931 I/AmFFmpegExtractor( 605): [~AmFFmpegSource 732]
06-04 17:00:52.931 I/AmFFmpegExtractor( 605): [~AmFFmpegExtractor 2720]
06-04 17:00:52.931 I/AmFFmpegExtractor( 605): [~AmFFmpegExtractor 2723]
06-04 17:00:52.931 W/RefBase ( 605): RefBase: Explicit destruction, weak count = 0 (in 0xea101774). Use sp<> to manage this object.
06-04 17:00:52.931 W/RefBase ( 605): CallStack::getCurrentInternal not linked, returning null
06-04 17:00:52.931 W/RefBase ( 605): CallStack::logStackInternal not linked
06-04 17:00:52.934 E/MetadataRetrieverClient( 608): unable to dlopen metadata_retriever extension: dlopen failed: library "libmetadataretriever_ext.so" not found
06-04 17:00:52.944 I/AmFFmpegByteIOAdapter( 605): File size : 238376683
06-04 17:00:52.947 I/AmFFmpegExtractor( 605): checkInList: iswhite:0, mime:video/x-ms-asf, type:1, id:86053 tag:162
06-04 17:00:52.947 I/AmFFmpegExtractor( 605): checkInList: iswhite:1, mime:video/x-ms-asf, type:1, id:86053 tag:162
06-04 17:00:52.947 E/AmFFmpegExtractor( 605): codec_ctx->properties: 0
06-04 17:00:52.947 I/AmFFmpegExtractor( 605): checkInList: iswhite:0, mime:video/x-ms-asf, type:0, id:70 tag:31435657
06-04 17:00:52.947 I/AmFFmpegExtractor( 605): checkInList: iswhite:1, mime:video/x-ms-asf, type:0, id:70 tag:31435657
06-04 17:00:52.947 E/AmFFmpegExtractor( 605): true: iswhite:1, type:0, id:70 tag:ffffffff
06-04 17:00:52.947 E/AmFFmpegExtractor( 605): codec_ctx->properties: 0
06-04 17:00:52.947 I/AmFFmpegExtractor( 605): checkSupportInList ret 1
06-04 17:00:52.948 I/AmFFmpegExtractor( 605): is in white list : 1
06-04 17:00:52.948 I/AmFFmpegExtractor( 605): SniffAmFFmpeg ok, confidence = 0.800000
06-04 17:00:52.962 W/AString ( 605): ctor got NULL, using empty string instead
06-04 17:00:52.962 I/AmFFmpegExtractor( 605):
06-04 17:00:52.962 I/AmFFmpegExtractor( 605): -----------AmFFmpegExtractor Info---------
06-04 17:00:52.962 I/AmFFmpegExtractor( 605):
06-04 17:00:52.962 I/AmFFmpegExtractor( 605): MM-module-name:Extractor,Version:5.1.7-g0c7d1d4(build:6351)
06-04 17:00:52.962 I/AmFFmpegExtractor( 605):
06-04 17:00:52.962 I/AmFFmpegExtractor( 605): ARCH = arm
06-04 17:00:52.962 I/AmFFmpegExtractor( 605): Author: multi-media team
06-04 17:00:52.962 I/AmFFmpegExtractor( 605): Branch name: * (HEAD detached at 0c7d1d4)
06-04 17:00:52.962 I/AmFFmpegExtractor( 605): Last Commit Info:
06-04 17:00:52.962 I/AmFFmpegExtractor( 605): commit 0c7d1d450b4d7ecd11fc2ddd21a6e67e11d0b24d
06-04 17:00:52.962 I/AmFFmpegExtractor( 605): Author: wang.ren
06-04 17:00:52.962 I/AmFFmpegExtractor( 605): Date: Mon Nov 18 08:39:16 2024 +0000
06-04 17:00:52.962 I/AmFFmpegExtractor( 605): AmFFmpegExtractor: CB2 invalid nal length when parse nal data [1/1]
06-04 17:00:52.962 I/AmFFmpegExtractor( 605): PD#SWPL-190774
06-04 17:00:52.962 I/AmFFmpegExtractor( 605): Change-Id: I639741fa67a5b027e7d8eaa1b588f753d2326e47
06-04 17:00:52.962 I/AmFFmpegExtractor( 605): Uncommitted-file-num:1
06-04 17:00:52.962 I/AmFFmpegExtractor( 605): Build-time: Thu Nov 28 13:44:43 CST 2024
06-04 17:00:52.962 I/AmFFmpegExtractor( 605): Build-name: drm.autobuild
06-04 17:00:52.962 I/AmFFmpegExtractor( 605): -----------------------------------------
06-04 17:00:52.962 I/AmFFmpegExtractor( 605): media.ffmpegextractor.loglevel 16
06-04 17:00:52.962 I/AmFFmpegExtractor( 605): vendor.media.ffmpegextractor.ESLen264Check : 10
06-04 17:00:52.962 I/AmFFmpegExtractor( 605): vendor.media.ffmpegextractor.ESLen265Check : 50
06-04 17:00:52.963 I/AmFFmpegByteIOAdapter( 605): File size : 238376683
06-04 17:00:52.963 I/AmFFmpegExtractor( 605): AmFFmpegExtractor mInputFormat name {asf [(null)]}
06-04 17:00:53.014 I/AmFFmpegExtractor( 605): ///////////////start dump format
06-04 17:00:53.015 I/AmFFmpegExtractor( 605): [init 3386] video/x-ms-asf
06-04 17:00:53.015 I/AmFFmpegExtractor( 605): isMusic major_brand:null
06-04 17:00:53.015 I/AmFFmpegExtractor( 605): Stream 1(1) [audio/wmapro][codecid:0x15025(0x15025)] found.
06-04 17:00:53.015 I/AmFFmpegExtractor( 605): [AmFFmpegSource 717]startTimeUs:0, seekable:1
06-04 17:00:53.015 I/AmFFmpegExtractor( 605): [init 753](0xee340550)
06-04 17:00:53.015 E/AmFFmpegExtractor( 605): mAudioMuxRead 0
06-04 17:00:53.015 I/AmFFmpegExtractor( 605): init kKeyDuration = 210142000
06-04 17:00:53.015 I/AmFFmpegExtractor( 605): audio:demux: fmt = -1
06-04 17:00:53.015 I/AmFFmpegExtractor( 605): audio:demux: channels = 2
06-04 17:00:53.015 I/AmFFmpegExtractor( 605): audio:demux: sample_rate = 96000
06-04 17:00:53.015 I/AmFFmpegExtractor( 605): audio:demux: bit_rate = 384000
06-04 17:00:53.016 I/AmFFmpegExtractor( 605): audio:demux: codec_id = 86053
06-04 17:00:53.016 I/AmFFmpegExtractor( 605): audio:demux: stream startTimeUs = 0
06-04 17:00:53.016 I/AmFFmpegExtractor( 605): audio:demux: block_align = 16384
06-04 17:00:53.016 E/AmFFmpegExtractor( 605): kKeyMediaLanguage audio lang null
06-04 17:00:53.016 I/AmFFmpegExtractor( 605): Mime:audio/wmapro
06-04 17:00:53.016 I/StreamFormatter( 605): Creating formatter for codec id : 86053 extradata size : 18
06-04 17:00:53.016 I/AmFFmpegExtractor( 605): [init 3565] mIsDolbyVison:0, i:0
06-04 17:00:53.016 I/AmFFmpegExtractor( 605): Stream 0(0) [video/vc1][codecid:0x46(0x46)] found.
06-04 17:00:53.016 I/AmFFmpegExtractor( 605): [AmFFmpegSource 717]startTimeUs:0, seekable:1
06-04 17:00:53.016 I/AmFFmpegExtractor( 605): [init 753](0xee341510)
06-04 17:00:53.016 E/AmFFmpegExtractor( 605): mAudioMuxRead 0
06-04 17:00:53.016 I/AmFFmpegExtractor( 605): init kKeyDuration = 210142000
06-04 17:00:53.016 I/AmFFmpegExtractor( 605): VIDEO stream startTimeUs = 0
06-04 17:00:53.016 I/AmFFmpegExtractor( 605): video:demux: extradata_size = 22
06-04 17:00:53.016 I/AmFFmpegExtractor( 605): video:demux: has b-frame = 1
06-04 17:00:53.016 I/AmFFmpegExtractor( 605): video:demux: width = 1280, height = 720
06-04 17:00:53.016 E/AmFFmpegExtractor( 605): demux: frame_number = 0
06-04 17:00:53.016 I/AmFFmpegExtractor( 605): init kKeyFrameRate = 30(29.969999)
06-04 17:00:53.016 I/AmFFmpegExtractor( 605): set frame-rate 30 rationalFramerate num 30000 den 1001
06-04 17:00:53.016 I/AmFFmpegExtractor( 605): mIsDolbyVison :0, mCreate_two_tracks_dv:0, codec_id: 70(AVC:27,HEVC:173), DvCFG:0(0), TAG:WVC1
06-04 17:00:53.016 I/AmFFmpegExtractor( 605): Mime:video/vc1
06-04 17:00:53.016 I/StreamFormatter( 605): Creating formatter for codec id : 70 extradata size : 22
06-04 17:00:53.016 I/AmFFmpegExtractor( 605): [init 3565] mIsDolbyVison:0, i:1
06-04 17:00:53.017 I/AmFFmpegExtractor( 605): ASF file, and find the best video stream index:1
06-04 17:00:53.017 I/AmFFmpegExtractor( 605): pthread_create OK pid:-425475648
06-04 17:00:53.017 I/AmFFmpegExtractor( 605): feedMore_task in
06-04 17:00:53.020 I/AmAVUtils( 608): set default max-input-size to 1887436
06-04 17:00:53.022 I/AmFFmpegExtractor( 605): feedMore_task out toBeExit:1 , err:0
06-04 17:00:53.022 I/AmFFmpegExtractor( 605): [~AmFFmpegExtractor 2707] feedMore task has exited.
06-04 17:00:53.022 I/AmFFmpegExtractor( 605): [~AmFFmpegSource 732]
06-04 17:00:53.022 I/AmFFmpegExtractor( 605): [~AmFFmpegSource 732]
06-04 17:00:53.023 I/AmFFmpegExtractor( 605): [~AmFFmpegExtractor 2720]
06-04 17:00:53.023 I/AmFFmpegExtractor( 605): [~AmFFmpegExtractor 2723]
06-04 17:00:53.023 W/RefBase ( 605): RefBase: Explicit destruction, weak count = 0 (in 0xea103644). Use sp<> to manage this object.
06-04 17:00:53.023 W/RefBase ( 605): CallStack::getCurrentInternal not linked, returning null
06-04 17:00:53.023 W/RefBase ( 605): CallStack::logStackInternal not linked
06-04 17:00:53.027 E/MetadataRetrieverClient( 608): unable to dlopen metadata_retriever extension: dlopen failed: library "libmetadataretriever_ext.so" not found
06-04 17:00:53.032 I/AmFFmpegByteIOAdapter( 605): File size : 29051577
06-04 17:00:53.035 I/AmFFmpegExtractor( 605): checkInList: iswhite:0, mime:video/x-ms-asf, type:0, id:70 tag:31435657
06-04 17:00:53.035 I/AmFFmpegExtractor( 605): checkInList: iswhite:1, mime:video/x-ms-asf, type:0, id:70 tag:31435657
06-04 17:00:53.035 E/AmFFmpegExtractor( 605): true: iswhite:1, type:0, id:70 tag:ffffffff
06-04 17:00:53.035 E/AmFFmpegExtractor( 605): codec_ctx->properties: 0
06-04 17:00:53.035 I/AmFFmpegExtractor( 605): checkInList: iswhite:0, mime:video/x-ms-asf, type:1, id:86024 tag:161
06-04 17:00:53.035 I/AmFFmpegExtractor( 605): checkInList: iswhite:1, mime:video/x-ms-asf, type:1, id:86024 tag:161
06-04 17:00:53.035 E/AmFFmpegExtractor( 605): codec_ctx->properties: 0
06-04 17:00:53.035 I/AmFFmpegExtractor( 605): checkSupportInList ret 1
06-04 17:00:53.035 I/AmFFmpegExtractor( 605): is in white list : 1
06-04 17:00:53.035 I/AmFFmpegExtractor( 605): SniffAmFFmpeg ok, confidence = 0.800000
06-04 17:00:53.051 W/AString ( 605): ctor got NULL, using empty string instead
06-04 17:00:53.051 I/AmFFmpegExtractor( 605):
06-04 17:00:53.051 I/AmFFmpegExtractor( 605): -----------AmFFmpegExtractor Info---------
06-04 17:00:53.051 I/AmFFmpegExtractor( 605):
06-04 17:00:53.051 I/AmFFmpegExtractor( 605): MM-module-name:Extractor,Version:5.1.7-g0c7d1d4(build:6351)
06-04 17:00:53.051 I/AmFFmpegExtractor( 605):
06-04 17:00:53.051 I/AmFFmpegExtractor( 605): ARCH = arm
06-04 17:00:53.051 I/AmFFmpegExtractor( 605): Author: multi-media team
06-04 17:00:53.051 I/AmFFmpegExtractor( 605): Branch name: * (HEAD detached at 0c7d1d4)
06-04 17:00:53.051 I/AmFFmpegExtractor( 605): Last Commit Info:
06-04 17:00:53.051 I/AmFFmpegExtractor( 605): commit 0c7d1d450b4d7ecd11fc2ddd21a6e67e11d0b24d
06-04 17:00:53.051 I/AmFFmpegExtractor( 605): Author: wang.ren
06-04 17:00:53.051 I/AmFFmpegExtractor( 605): Date: Mon Nov 18 08:39:16 2024 +0000
06-04 17:00:53.051 I/AmFFmpegExtractor( 605): AmFFmpegExtractor: CB2 invalid nal length when parse nal data [1/1]
06-04 17:00:53.051 I/AmFFmpegExtractor( 605): PD#SWPL-190774
06-04 17:00:53.051 I/AmFFmpegExtractor( 605): Change-Id: I639741fa67a5b027e7d8eaa1b588f753d2326e47
06-04 17:00:53.051 I/AmFFmpegExtractor( 605): Uncommitted-file-num:1
06-04 17:00:53.051 I/AmFFmpegExtractor( 605): Build-time: Thu Nov 28 13:44:43 CST 2024
06-04 17:00:53.051 I/AmFFmpegExtractor( 605): Build-name: drm.autobuild
06-04 17:00:53.051 I/AmFFmpegExtractor( 605): -----------------------------------------
06-04 17:00:53.052 I/AmFFmpegExtractor( 605): media.ffmpegextractor.loglevel 16
06-04 17:00:53.052 I/AmFFmpegExtractor( 605): vendor.media.ffmpegextractor.ESLen264Check : 10
06-04 17:00:53.052 I/AmFFmpegExtractor( 605): vendor.media.ffmpegextractor.ESLen265Check : 50
06-04 17:00:53.052 I/AmFFmpegByteIOAdapter( 605): File size : 29051577
06-04 17:00:53.052 I/AmFFmpegExtractor( 605): AmFFmpegExtractor mInputFormat name {asf [(null)]}
06-04 17:00:53.058 I/AmFFmpegExtractor( 605): ///////////////start dump format
06-04 17:00:53.058 I/AmFFmpegExtractor( 605): [init 3386] video/x-ms-asf
06-04 17:00:53.058 I/AmFFmpegExtractor( 605): isMusic major_brand:null
06-04 17:00:53.058 I/AmFFmpegExtractor( 605): Stream 0(0) [video/vc1][codecid:0x46(0x46)] found.
06-04 17:00:53.059 I/AmFFmpegExtractor( 605): [AmFFmpegSource 717]startTimeUs:0, seekable:1
06-04 17:00:53.059 I/AmFFmpegExtractor( 605): [init 753](0xee341510)
06-04 17:00:53.059 E/AmFFmpegExtractor( 605): mAudioMuxRead 0
06-04 17:00:53.059 I/AmFFmpegExtractor( 605): init kKeyDuration = 205334000
06-04 17:00:53.059 I/AmFFmpegExtractor( 605): VIDEO stream startTimeUs = 0
06-04 17:00:53.059 I/AmFFmpegExtractor( 605): video:demux: extradata_size = 22
06-04 17:00:53.059 I/AmFFmpegExtractor( 605): video:demux: has b-frame = 1
06-04 17:00:53.059 I/AmFFmpegExtractor( 605): video:demux: width = 640, height = 480
06-04 17:00:53.059 E/AmFFmpegExtractor( 605): demux: frame_number = 0
06-04 17:00:53.059 I/AmFFmpegExtractor( 605): init kKeyFrameRate = 24(24.000000)
06-04 17:00:53.059 I/AmFFmpegExtractor( 605): set frame-rate 24 rationalFramerate num 24 den 1
06-04 17:00:53.059 I/AmFFmpegExtractor( 605): mIsDolbyVison :0, mCreate_two_tracks_dv:0, codec_id: 70(AVC:27,HEVC:173), DvCFG:0(0), TAG:WVC1
06-04 17:00:53.059 I/AmFFmpegExtractor( 605): Mime:video/vc1
06-04 17:00:53.059 I/StreamFormatter( 605): Creating formatter for codec id : 70 extradata size : 22
06-04 17:00:53.060 I/AmFFmpegExtractor( 605): [init 3565] mIsDolbyVison:0, i:0
06-04 17:00:53.060 I/AmFFmpegExtractor( 605): Stream 1(1) [audio/x-ms-wma][codecid:0x15008(0x15008)] found.
06-04 17:00:53.060 I/AmFFmpegExtractor( 605): [AmFFmpegSource 717]startTimeUs:0, seekable:1
06-04 17:00:53.060 I/AmFFmpegExtractor( 605): [init 753](0xee340550)
06-04 17:00:53.060 E/AmFFmpegExtractor( 605): mAudioMuxRead 0
06-04 17:00:53.060 I/AmFFmpegExtractor( 605): init kKeyDuration = 205334000
06-04 17:00:53.060 I/AmFFmpegExtractor( 605): audio:demux: fmt = -1
06-04 17:00:53.060 I/AmFFmpegExtractor( 605): audio:demux: channels = 2
06-04 17:00:53.060 I/AmFFmpegExtractor( 605): audio:demux: sample_rate = 44100
06-04 17:00:53.060 I/AmFFmpegExtractor( 605): audio:demux: bit_rate = 96000
06-04 17:00:53.060 I/AmFFmpegExtractor( 605): audio:demux: codec_id = 86024
06-04 17:00:53.060 I/AmFFmpegExtractor( 605): audio:demux: stream startTimeUs = 0
06-04 17:00:53.060 I/AmFFmpegExtractor( 605): audio:demux: block_align = 557
06-04 17:00:53.060 E/AmFFmpegExtractor( 605): kKeyMediaLanguage audio lang null
06-04 17:00:53.060 I/AmFFmpegExtractor( 605): Mime:audio/x-ms-wma
06-04 17:00:53.060 I/StreamFormatter( 605): Creating formatter for codec id : 86024 extradata size : 10
06-04 17:00:53.060 I/AmFFmpegExtractor( 605): [init 3565] mIsDolbyVison:0, i:1
06-04 17:00:53.060 I/AmFFmpegExtractor( 605): ASF file, and find the best video stream index:0
06-04 17:00:53.061 I/AmFFmpegExtractor( 605): pthread_create OK pid:-425475648
06-04 17:00:53.062 I/AmFFmpegExtractor( 605): feedMore_task in
06-04 17:00:53.063 I/AmAVUtils( 608): set default max-input-size to 1887436
06-04 17:00:53.068 I/AmFFmpegExtractor( 605): feedMore_task out toBeExit:1 , err:0
06-04 17:00:53.068 I/AmFFmpegExtractor( 605): [~AmFFmpegExtractor 2707] feedMore task has exited.
06-04 17:00:53.068 I/AmFFmpegExtractor( 605): [~AmFFmpegSource 732]
06-04 17:00:53.068 I/AmFFmpegExtractor( 605): [~AmFFmpegSource 732]
06-04 17:00:53.069 I/AmFFmpegExtractor( 605): [~AmFFmpegExtractor 2720]
06-04 17:00:53.069 I/AmFFmpegExtractor( 605): [~AmFFmpegExtractor 2723]
06-04 17:00:53.069 W/RefBase ( 605): RefBase: Explicit destruction, weak count = 0 (in 0xea102dc4). Use sp<> to manage this object.
06-04 17:00:53.069 W/RefBase ( 605): CallStack::getCurrentInternal not linked, returning null
06-04 17:00:53.069 W/RefBase ( 605): CallStack::logStackInternal not linked
06-04 17:00:53.071 E/MetadataRetrieverClient( 608): unable to dlopen metadata_retriever extension: dlopen failed: library "libmetadataretriever_ext.so" not found
06-04 17:00:53.077 I/AmFFmpegByteIOAdapter( 605): File size : 16235222
06-04 17:00:53.079 I/AmFFmpegExtractor( 605): checkInList: iswhite:0, mime:video/x-ms-asf, type:1, id:86053 tag:162
06-04 17:00:53.079 I/AmFFmpegExtractor( 605): checkInList: iswhite:1, mime:video/x-ms-asf, type:1, id:86053 tag:162
06-04 17:00:53.079 E/AmFFmpegExtractor( 605): codec_ctx->properties: 0
06-04 17:00:53.080 I/AmFFmpegExtractor( 605): checkInList: iswhite:0, mime:video/x-ms-asf, type:0, id:71 tag:33564d57
06-04 17:00:53.080 I/AmFFmpegExtractor( 605): checkInList: iswhite:1, mime:video/x-ms-asf, type:0, id:71 tag:33564d57
06-04 17:00:53.080 E/AmFFmpegExtractor( 605): true: iswhite:1, type:0, id:71 tag:ffffffff
06-04 17:00:53.080 E/AmFFmpegExtractor( 605): codec_ctx->properties: 0
06-04 17:00:53.080 I/AmFFmpegExtractor( 605): checkSupportInList ret 1
06-04 17:00:53.080 I/AmFFmpegExtractor( 605): is in white list : 1
06-04 17:00:53.080 I/AmFFmpegExtractor( 605): SniffAmFFmpeg ok, confidence = 0.800000
06-04 17:00:53.096 W/AString ( 605): ctor got NULL, using empty string instead
06-04 17:00:53.096 I/AmFFmpegExtractor( 605):
06-04 17:00:53.096 I/AmFFmpegExtractor( 605): -----------AmFFmpegExtractor Info---------
06-04 17:00:53.096 I/AmFFmpegExtractor( 605):
06-04 17:00:53.096 I/AmFFmpegExtractor( 605): MM-module-name:Extractor,Version:5.1.7-g0c7d1d4(build:6351)
06-04 17:00:53.096 I/AmFFmpegExtractor( 605):
06-04 17:00:53.096 I/AmFFmpegExtractor( 605): ARCH = arm
06-04 17:00:53.096 I/AmFFmpegExtractor( 605): Author: multi-media team
06-04 17:00:53.096 I/AmFFmpegExtractor( 605): Branch name: * (HEAD detached at 0c7d1d4)
06-04 17:00:53.096 I/AmFFmpegExtractor( 605): Last Commit Info:
06-04 17:00:53.096 I/AmFFmpegExtractor( 605): commit 0c7d1d450b4d7ecd11fc2ddd21a6e67e11d0b24d
06-04 17:00:53.096 I/AmFFmpegExtractor( 605): Author: wang.ren
06-04 17:00:53.096 I/AmFFmpegExtractor( 605): Date: Mon Nov 18 08:39:16 2024 +0000
06-04 17:00:53.096 I/AmFFmpegExtractor( 605): AmFFmpegExtractor: CB2 invalid nal length when parse nal data [1/1]
06-04 17:00:53.096 I/AmFFmpegExtractor( 605): PD#SWPL-190774
06-04 17:00:53.096 I/AmFFmpegExtractor( 605): Change-Id: I639741fa67a5b027e7d8eaa1b588f753d2326e47
06-04 17:00:53.096 I/AmFFmpegExtractor( 605): Uncommitted-file-num:1
06-04 17:00:53.096 I/AmFFmpegExtractor( 605): Build-time: Thu Nov 28 13:44:43 CST 2024
06-04 17:00:53.096 I/AmFFmpegExtractor( 605): Build-name: drm.autobuild
06-04 17:00:53.096 I/AmFFmpegExtractor( 605): -----------------------------------------
06-04 17:00:53.096 I/AmFFmpegExtractor( 605): media.ffmpegextractor.loglevel 16
06-04 17:00:53.096 I/AmFFmpegExtractor( 605): vendor.media.ffmpegextractor.ESLen264Check : 10
06-04 17:00:53.096 I/AmFFmpegExtractor( 605): vendor.media.ffmpegextractor.ESLen265Check : 50
06-04 17:00:53.097 I/AmFFmpegByteIOAdapter( 605): File size : 16235222
06-04 17:00:53.098 I/AmFFmpegExtractor( 605): AmFFmpegExtractor mInputFormat name {asf [(null)]}
06-04 17:00:53.138 I/AmFFmpegExtractor( 605): ///////////////start dump format
06-04 17:00:53.139 I/AmFFmpegExtractor( 605): [init 3386] video/x-ms-asf
06-04 17:00:53.139 I/AmFFmpegExtractor( 605): isMusic major_brand:null
06-04 17:00:53.139 I/AmFFmpegExtractor( 605): Stream 1(1) [audio/wmapro][codecid:0x15025(0x15025)] found.
06-04 17:00:53.139 I/AmFFmpegExtractor( 605): [AmFFmpegSource 717]startTimeUs:0, seekable:1
06-04 17:00:53.139 I/AmFFmpegExtractor( 605): [init 753](0xee340550)
06-04 17:00:53.139 E/AmFFmpegExtractor( 605): mAudioMuxRead 0
06-04 17:00:53.139 I/AmFFmpegExtractor( 605): init kKeyDuration = 20778000
06-04 17:00:53.139 I/AmFFmpegExtractor( 605): audio:demux: fmt = -1
06-04 17:00:53.139 I/AmFFmpegExtractor( 605): audio:demux: channels = 6
06-04 17:00:53.139 I/AmFFmpegExtractor( 605): audio:demux: sample_rate = 48000
06-04 17:00:53.139 I/AmFFmpegExtractor( 605): audio:demux: bit_rate = 384000
06-04 17:00:53.139 I/AmFFmpegExtractor( 605): audio:demux: codec_id = 86053
06-04 17:00:53.139 I/AmFFmpegExtractor( 605): audio:demux: stream startTimeUs = 0
06-04 17:00:53.139 I/AmFFmpegExtractor( 605): audio:demux: block_align = 8192
06-04 17:00:53.139 I/AmFFmpegExtractor( 605): Mime:audio/wmapro
06-04 17:00:53.140 I/StreamFormatter( 605): Creating formatter for codec id : 86053 extradata size : 18
06-04 17:00:53.140 I/AmFFmpegExtractor( 605): [init 3565] mIsDolbyVison:0, i:0
06-04 17:00:53.140 I/AmFFmpegExtractor( 605): Stream 0(0) [video/wmv3][codecid:0x47(0x47)] found.
06-04 17:00:53.140 I/AmFFmpegExtractor( 605): [AmFFmpegSource 717]startTimeUs:0, seekable:1
06-04 17:00:53.140 I/AmFFmpegExtractor( 605): [init 753](0xee341510)
06-04 17:00:53.140 E/AmFFmpegExtractor( 605): mAudioMuxRead 0
06-04 17:00:53.140 I/AmFFmpegExtractor( 605): init kKeyDuration = 20778000
06-04 17:00:53.140 I/AmFFmpegExtractor( 605): VIDEO stream startTimeUs = 0
06-04 17:00:53.140 I/AmFFmpegExtractor( 605): video:demux: extradata_size = 4
06-04 17:00:53.140 I/AmFFmpegExtractor( 605): video:demux: has b-frame = 0
06-04 17:00:53.140 I/AmFFmpegExtractor( 605): video:demux: width = 1280, height = 720
06-04 17:00:53.140 E/AmFFmpegExtractor( 605): demux: frame_number = 0
06-04 17:00:53.140 I/AmFFmpegExtractor( 605): init kKeyFrameRate = 24(24.000000)
06-04 17:00:53.140 I/AmFFmpegExtractor( 605): set frame-rate 24 rationalFramerate num 24 den 1
06-04 17:00:53.140 I/AmFFmpegExtractor( 605): mIsDolbyVison :0, mCreate_two_tracks_dv:0, codec_id: 71(AVC:27,HEVC:173), DvCFG:0(0), TAG:WMV3
06-04 17:00:53.140 I/AmFFmpegExtractor( 605): Mime:video/wmv3
06-04 17:00:53.140 I/StreamFormatter( 605): Creating formatter for codec id : 71 extradata size : 4
06-04 17:00:53.140 I/AmFFmpegExtractor( 605): [init 3565] mIsDolbyVison:0, i:1
06-04 17:00:53.140 I/AmFFmpegExtractor( 605): ASF file, and find the best video stream index:1
06-04 17:00:53.140 I/AmFFmpegExtractor( 605): pthread_create OK pid:-425475648
06-04 17:00:53.140 I/AmFFmpegExtractor( 605): feedMore_task in
06-04 17:00:53.142 I/AmAVUtils( 608): set default max-input-size to 1887436
06-04 17:00:53.145 I/AmFFmpegExtractor( 605): feedMore_task out toBeExit:1 , err:0
06-04 17:00:53.145 I/AmFFmpegExtractor( 605): [~AmFFmpegExtractor 2707] feedMore task has exited.
06-04 17:00:53.145 I/AmFFmpegExtractor( 605): [~AmFFmpegSource 732]
06-04 17:00:53.145 I/AmFFmpegExtractor( 605): [~AmFFmpegSource 732]
06-04 17:00:53.146 I/AmFFmpegExtractor( 605): [~AmFFmpegExtractor 2720]
06-04 17:00:53.146 I/AmFFmpegExtractor( 605): [~AmFFmpegExtractor 2723]
06-04 17:00:53.146 W/RefBase ( 605): RefBase: Explicit destruction, weak count = 0 (in 0xea103424). Use sp<> to manage this object.
06-04 17:00:53.146 W/RefBase ( 605): CallStack::getCurrentInternal not linked, returning null
06-04 17:00:53.146 W/RefBase ( 605): CallStack::logStackInternal not linked
06-04 17:00:53.149 E/MetadataRetrieverClient( 608): unable to dlopen metadata_retriever extension: dlopen failed: library "libmetadataretriever_ext.so" not found
06-04 17:00:53.165 I/AmFFmpegByteIOAdapter( 605): File size : 6526395
06-04 17:00:53.168 I/AmFFmpegExtractor( 605): checkInList: iswhite:0, mime:video/x-ms-asf, type:1, id:86024 tag:161
06-04 17:00:53.168 I/AmFFmpegExtractor( 605): checkInList: iswhite:1, mime:video/x-ms-asf, type:1, id:86024 tag:161
06-04 17:00:53.168 E/AmFFmpegExtractor( 605): codec_ctx->properties: 0
06-04 17:00:53.168 I/AmFFmpegExtractor( 605): checkInList: iswhite:0, mime:video/x-ms-asf, type:0, id:71 tag:33564d57
06-04 17:00:53.168 I/AmFFmpegExtractor( 605): checkInList: iswhite:1, mime:video/x-ms-asf, type:0, id:71 tag:33564d57
06-04 17:00:53.168 E/AmFFmpegExtractor( 605): true: iswhite:1, type:0, id:71 tag:ffffffff
06-04 17:00:53.168 E/AmFFmpegExtractor( 605): codec_ctx->properties: 0
06-04 17:00:53.168 I/AmFFmpegExtractor( 605): checkSupportInList ret 1
06-04 17:00:53.168 I/AmFFmpegExtractor( 605): is in white list : 1
06-04 17:00:53.168 I/AmFFmpegExtractor( 605): SniffAmFFmpeg ok, confidence = 0.800000
06-04 17:00:53.178 W/AString ( 605): ctor got NULL, using empty string instead
06-04 17:00:53.178 I/AmFFmpegExtractor( 605):
06-04 17:00:53.178 I/AmFFmpegExtractor( 605): -----------AmFFmpegExtractor Info---------
06-04 17:00:53.178 I/AmFFmpegExtractor( 605):
06-04 17:00:53.178 I/AmFFmpegExtractor( 605): MM-module-name:Extractor,Version:5.1.7-g0c7d1d4(build:6351)
06-04 17:00:53.178 I/AmFFmpegExtractor( 605):
06-04 17:00:53.178 I/AmFFmpegExtractor( 605): ARCH = arm
06-04 17:00:53.178 I/AmFFmpegExtractor( 605): Author: multi-media team
06-04 17:00:53.178 I/AmFFmpegExtractor( 605): Branch name: * (HEAD detached at 0c7d1d4)
06-04 17:00:53.178 I/AmFFmpegExtractor( 605): Last Commit Info:
06-04 17:00:53.178 I/AmFFmpegExtractor( 605): commit 0c7d1d450b4d7ecd11fc2ddd21a6e67e11d0b24d
06-04 17:00:53.178 I/AmFFmpegExtractor( 605): Author: wang.ren
06-04 17:00:53.178 I/AmFFmpegExtractor( 605): Date: Mon Nov 18 08:39:16 2024 +0000
06-04 17:00:53.178 I/AmFFmpegExtractor( 605): AmFFmpegExtractor: CB2 invalid nal length when parse nal data [1/1]
06-04 17:00:53.178 I/AmFFmpegExtractor( 605): PD#SWPL-190774
06-04 17:00:53.178 I/AmFFmpegExtractor( 605): Change-Id: I639741fa67a5b027e7d8eaa1b588f753d2326e47
06-04 17:00:53.178 I/AmFFmpegExtractor( 605): Uncommitted-file-num:1
06-04 17:00:53.178 I/AmFFmpegExtractor( 605): Build-time: Thu Nov 28 13:44:43 CST 2024
06-04 17:00:53.178 I/AmFFmpegExtractor( 605): Build-name: drm.autobuild
06-04 17:00:53.178 I/AmFFmpegExtractor( 605): -----------------------------------------
06-04 17:00:53.178 I/AmFFmpegExtractor( 605): media.ffmpegextractor.loglevel 16
06-04 17:00:53.178 I/AmFFmpegExtractor( 605): vendor.media.ffmpegextractor.ESLen264Check : 10
06-04 17:00:53.178 I/AmFFmpegExtractor( 605): vendor.media.ffmpegextractor.ESLen265Check : 50
06-04 17:00:53.178 I/AmFFmpegByteIOAdapter( 605): File size : 6526395
06-04 17:00:53.179 I/AmFFmpegExtractor( 605): AmFFmpegExtractor mInputFormat name {asf [(null)]}
06-04 17:00:53.185 I/AmFFmpegExtractor( 605): ///////////////start dump format
06-04 17:00:53.185 I/AmFFmpegExtractor( 605): [init 3386] video/x-ms-asf
06-04 17:00:53.191 I/AmFFmpegExtractor( 605): isMusic major_brand:null
06-04 17:00:53.192 I/AmFFmpegExtractor( 605): Stream 1(1) [audio/x-ms-wma][codecid:0x15008(0x15008)] found.
06-04 17:00:53.192 I/AmFFmpegExtractor( 605): [AmFFmpegSource 717]startTimeUs:0, seekable:1
06-04 17:00:53.192 I/AmFFmpegExtractor( 605): [init 753](0xee341510)
06-04 17:00:53.192 E/AmFFmpegExtractor( 605): mAudioMuxRead 0
06-04 17:00:53.192 I/AmFFmpegExtractor( 605): init kKeyDuration = 120017000
06-04 17:00:53.192 I/AmFFmpegExtractor( 605): audio:demux: fmt = -1
06-04 17:00:53.192 I/AmFFmpegExtractor( 605): audio:demux: channels = 2
06-04 17:00:53.192 I/AmFFmpegExtractor( 605): audio:demux: sample_rate = 44100
06-04 17:00:53.192 I/AmFFmpegExtractor( 605): audio:demux: bit_rate = 160040
06-04 17:00:53.192 I/AmFFmpegExtractor( 605): audio:demux: codec_id = 86024
06-04 17:00:53.192 I/AmFFmpegExtractor( 605): audio:demux: stream startTimeUs = 0
06-04 17:00:53.192 I/AmFFmpegExtractor( 605): audio:demux: block_align = 3716
06-04 17:00:53.192 I/AmFFmpegExtractor( 605): Mime:audio/x-ms-wma
06-04 17:00:53.192 I/StreamFormatter( 605): Creating formatter for codec id : 86024 extradata size : 10
06-04 17:00:53.192 I/AmFFmpegExtractor( 605): [init 3565] mIsDolbyVison:0, i:0
06-04 17:00:53.192 I/AmFFmpegExtractor( 605): Stream 0(0) [video/wmv3][codecid:0x47(0x47)] found.
06-04 17:00:53.192 I/AmFFmpegExtractor( 605): [AmFFmpegSource 717]startTimeUs:0, seekable:1
06-04 17:00:53.192 I/AmFFmpegExtractor( 605): [init 753](0xee340550)
06-04 17:00:53.192 E/AmFFmpegExtractor( 605): mAudioMuxRead 0
06-04 17:00:53.192 I/AmFFmpegExtractor( 605): init kKeyDuration = 120017000
06-04 17:00:53.192 I/AmFFmpegExtractor( 605): VIDEO stream startTimeUs = 0
06-04 17:00:53.192 I/AmFFmpegExtractor( 605): video:demux: extradata_size = 5
06-04 17:00:53.192 I/AmFFmpegExtractor( 605): video:demux: has b-frame = 0
06-04 17:00:53.192 I/AmFFmpegExtractor( 605): video:demux: width = 640, height = 480
06-04 17:00:53.192 E/AmFFmpegExtractor( 605): demux: frame_number = 0
06-04 17:00:53.192 I/AmFFmpegExtractor( 605): init kKeyFrameRate = 30(30.000000)
06-04 17:00:53.192 I/AmFFmpegExtractor( 605): set frame-rate 30 rationalFramerate num 30 den 1
06-04 17:00:53.192 I/AmFFmpegExtractor( 605): mIsDolbyVison :0, mCreate_two_tracks_dv:0, codec_id: 71(AVC:27,HEVC:173), DvCFG:0(0), TAG:WMV3
06-04 17:00:53.192 I/AmFFmpegExtractor( 605): Mime:video/wmv3
06-04 17:00:53.192 I/StreamFormatter( 605): Creating formatter for codec id : 71 extradata size : 5
06-04 17:00:53.192 I/AmFFmpegExtractor( 605): [init 3565] mIsDolbyVison:0, i:1
06-04 17:00:53.192 I/AmFFmpegExtractor( 605): ASF file, and find the best video stream index:1
06-04 17:00:53.192 I/AmFFmpegExtractor( 605): pthread_create OK pid:-425475648
06-04 17:00:53.193 I/AmFFmpegExtractor( 605): feedMore_task in
06-04 17:00:53.196 I/AmAVUtils( 608): set default max-input-size to 1887436
06-04 17:00:53.200 I/AmFFmpegExtractor( 605): feedMore_task out toBeExit:1 , err:0
06-04 17:00:53.200 I/AmFFmpegExtractor( 605): [~AmFFmpegExtractor 2707] feedMore task has exited.
06-04 17:00:53.201 I/AmFFmpegExtractor( 605): [~AmFFmpegSource 732]
06-04 17:00:53.201 I/AmFFmpegExtractor( 605): [~AmFFmpegSource 732]
06-04 17:00:53.201 I/AmFFmpegExtractor( 605): [~AmFFmpegExtractor 2720]
06-04 17:00:53.201 I/AmFFmpegExtractor( 605): [~AmFFmpegExtractor 2723]
06-04 17:00:53.201 W/RefBase ( 605): RefBase: Explicit destruction, weak count = 0 (in 0xea100ef4). Use sp<> to manage this object.
06-04 17:00:53.201 W/RefBase ( 605): CallStack::getCurrentInternal not linked, returning null
06-04 17:00:53.201 W/RefBase ( 605): CallStack::logStackInternal not linked
06-04 17:00:53.203 E/MetadataRetrieverClient( 608): unable to dlopen metadata_retriever extension: dlopen failed: library "libmetadataretriever_ext.so" not found
06-04 17:00:53.213 I/AmFFmpegByteIOAdapter( 605): File size : 327338919
06-04 17:00:53.215 I/AmFFmpegExtractor( 605): checkInList: iswhite:0, mime:video/x-ms-asf, type:1, id:86024 tag:161
06-04 17:00:53.215 I/AmFFmpegExtractor( 605): checkInList: iswhite:1, mime:video/x-ms-asf, type:1, id:86024 tag:161
06-04 17:00:53.216 E/AmFFmpegExtractor( 605): codec_ctx->properties: 0
06-04 17:00:53.216 I/AmFFmpegExtractor( 605): checkInList: iswhite:0, mime:video/x-ms-asf, type:0, id:71 tag:33564d57
06-04 17:00:53.216 I/AmFFmpegExtractor( 605): checkInList: iswhite:1, mime:video/x-ms-asf, type:0, id:71 tag:33564d57
06-04 17:00:53.216 E/AmFFmpegExtractor( 605): true: iswhite:1, type:0, id:71 tag:ffffffff
06-04 17:00:53.216 E/AmFFmpegExtractor( 605): codec_ctx->properties: 0
06-04 17:00:53.216 I/AmFFmpegExtractor( 605): checkSupportInList ret 1
06-04 17:00:53.216 I/AmFFmpegExtractor( 605): is in white list : 1
06-04 17:00:53.216 I/AmFFmpegExtractor( 605): SniffAmFFmpeg ok, confidence = 0.800000
06-04 17:00:53.234 W/AString ( 605): ctor got NULL, using empty string instead
06-04 17:00:53.234 I/AmFFmpegExtractor( 605):
06-04 17:00:53.234 I/AmFFmpegExtractor( 605): -----------AmFFmpegExtractor Info---------
06-04 17:00:53.234 I/AmFFmpegExtractor( 605):
06-04 17:00:53.234 I/AmFFmpegExtractor( 605): MM-module-name:Extractor,Version:5.1.7-g0c7d1d4(build:6351)
06-04 17:00:53.234 I/AmFFmpegExtractor( 605):
06-04 17:00:53.234 I/AmFFmpegExtractor( 605): ARCH = arm
06-04 17:00:53.234 I/AmFFmpegExtractor( 605): Author: multi-media team
06-04 17:00:53.234 I/AmFFmpegExtractor( 605): Branch name: * (HEAD detached at 0c7d1d4)
06-04 17:00:53.234 I/AmFFmpegExtractor( 605): Last Commit Info:
06-04 17:00:53.234 I/AmFFmpegExtractor( 605): commit 0c7d1d450b4d7ecd11fc2ddd21a6e67e11d0b24d
06-04 17:00:53.234 I/AmFFmpegExtractor( 605): Author: wang.ren
06-04 17:00:53.234 I/AmFFmpegExtractor( 605): Date: Mon Nov 18 08:39:16 2024 +0000
06-04 17:00:53.234 I/AmFFmpegExtractor( 605): AmFFmpegExtractor: CB2 invalid nal length when parse nal data [1/1]
06-04 17:00:53.234 I/AmFFmpegExtractor( 605): PD#SWPL-190774
06-04 17:00:53.234 I/AmFFmpegExtractor( 605): Change-Id: I639741fa67a5b027e7d8eaa1b588f753d2326e47
06-04 17:00:53.234 I/AmFFmpegExtractor( 605): Uncommitted-file-num:1
06-04 17:00:53.234 I/AmFFmpegExtractor( 605): Build-time: Thu Nov 28 13:44:43 CST 2024
06-04 17:00:53.234 I/AmFFmpegExtractor( 605): Build-name: drm.autobuild
06-04 17:00:53.234 I/AmFFmpegExtractor( 605): -----------------------------------------
06-04 17:00:53.234 I/AmFFmpegExtractor( 605): media.ffmpegextractor.loglevel 16
06-04 17:00:53.234 I/AmFFmpegExtractor( 605): vendor.media.ffmpegextractor.ESLen264Check : 10
06-04 17:00:53.234 I/AmFFmpegExtractor( 605): vendor.media.ffmpegextractor.ESLen265Check : 50
06-04 17:00:53.234 I/AmFFmpegByteIOAdapter( 605): File size : 327338919
06-04 17:00:53.236 I/AmFFmpegExtractor( 605): AmFFmpegExtractor mInputFormat name {asf [(null)]}
06-04 17:00:53.289 I/AmFFmpegExtractor( 605): ///////////////start dump format
06-04 17:00:53.289 I/AmFFmpegExtractor( 605): [init 3386] video/x-ms-asf
06-04 17:00:53.289 I/AmFFmpegExtractor( 605): isMusic major_brand:null
06-04 17:00:53.289 I/AmFFmpegExtractor( 605): Stream 1(1) [audio/x-ms-wma][codecid:0x15008(0x15008)] found.
06-04 17:00:53.289 I/AmFFmpegExtractor( 605): [AmFFmpegSource 717]startTimeUs:0, seekable:1
06-04 17:00:53.289 I/AmFFmpegExtractor( 605): [init 753](0xee340550)
06-04 17:00:53.289 E/AmFFmpegExtractor( 605): mAudioMuxRead 0
06-04 17:00:53.289 I/AmFFmpegExtractor( 605): init kKeyDuration = 272133000
06-04 17:00:53.289 I/AmFFmpegExtractor( 605): audio:demux: fmt = -1
06-04 17:00:53.289 I/AmFFmpegExtractor( 605): audio:demux: channels = 2
06-04 17:00:53.289 I/AmFFmpegExtractor( 605): audio:demux: sample_rate = 48000
06-04 17:00:53.289 I/AmFFmpegExtractor( 605): audio:demux: bit_rate = 160008
06-04 17:00:53.289 I/AmFFmpegExtractor( 605): audio:demux: codec_id = 86024
06-04 17:00:53.289 I/AmFFmpegExtractor( 605): audio:demux: stream startTimeUs = 0
06-04 17:00:53.289 I/AmFFmpegExtractor( 605): audio:demux: block_align = 6827
06-04 17:00:53.289 E/AmFFmpegExtractor( 605): kKeyMediaLanguage audio lang null
06-04 17:00:53.289 I/AmFFmpegExtractor( 605): Mime:audio/x-ms-wma
06-04 17:00:53.289 I/StreamFormatter( 605): Creating formatter for codec id : 86024 extradata size : 10
06-04 17:00:53.289 I/AmFFmpegExtractor( 605): [init 3565] mIsDolbyVison:0, i:0
06-04 17:00:53.290 I/AmFFmpegExtractor( 605): Stream 0(0) [video/wmv3][codecid:0x47(0x47)] found.
06-04 17:00:53.290 I/AmFFmpegExtractor( 605): [AmFFmpegSource 717]startTimeUs:0, seekable:1
06-04 17:00:53.290 I/AmFFmpegExtractor( 605): [init 753](0xee341510)
06-04 17:00:53.290 E/AmFFmpegExtractor( 605): mAudioMuxRead 0
06-04 17:00:53.290 I/AmFFmpegExtractor( 605): init kKeyDuration = 272133000
06-04 17:00:53.290 I/AmFFmpegExtractor( 605): VIDEO stream startTimeUs = 0
06-04 17:00:53.290 I/AmFFmpegExtractor( 605): video:demux: extradata_size = 5
06-04 17:00:53.290 I/AmFFmpegExtractor( 605): video:demux: has b-frame = 0
06-04 17:00:53.290 I/AmFFmpegExtractor( 605): video:demux: width = 1920, height = 1080
06-04 17:00:53.290 E/AmFFmpegExtractor( 605): demux: frame_number = 0
06-04 17:00:53.290 I/AmFFmpegExtractor( 605): init kKeyFrameRate = 30(30.000000)
06-04 17:00:53.290 I/AmFFmpegExtractor( 605): set frame-rate 30 rationalFramerate num 30 den 1
06-04 17:00:53.290 I/AmFFmpegExtractor( 605): mIsDolbyVison :0, mCreate_two_tracks_dv:0, codec_id: 71(AVC:27,HEVC:173), DvCFG:0(0), TAG:WMV3
06-04 17:00:53.290 I/AmFFmpegExtractor( 605): Mime:video/wmv3
06-04 17:00:53.290 I/StreamFormatter( 605): Creating formatter for codec id : 71 extradata size : 5
06-04 17:00:53.290 I/AmFFmpegExtractor( 605): [init 3565] mIsDolbyVison:0, i:1
06-04 17:00:53.290 I/AmFFmpegExtractor( 605): ASF file, and find the best video stream index:1
06-04 17:00:53.290 I/AmFFmpegExtractor( 605): pthread_create OK pid:-428359232
06-04 17:00:53.290 I/AmFFmpegExtractor( 605): feedMore_task in
06-04 17:00:53.292 I/AmAVUtils( 608): set default max-input-size to 1887436
06-04 17:00:53.295 I/AmFFmpegExtractor( 605): feedMore_task out toBeExit:1 , err:0
06-04 17:00:53.295 I/AmFFmpegExtractor( 605): [~AmFFmpegExtractor 2707] feedMore task has exited.
06-04 17:00:53.295 I/AmFFmpegExtractor( 605): [~AmFFmpegSource 732]
06-04 17:00:53.295 I/AmFFmpegExtractor( 605): [~AmFFmpegSource 732]
06-04 17:00:53.296 I/AmFFmpegExtractor( 605): [~AmFFmpegExtractor 2720]
06-04 17:00:53.296 I/AmFFmpegExtractor( 605): [~AmFFmpegExtractor 2723]
06-04 17:00:53.296 W/RefBase ( 605): RefBase: Explicit destruction, weak count = 0 (in 0xea103974). Use sp<> to manage this object.
06-04 17:00:53.296 W/RefBase ( 605): CallStack::getCurrentInternal not linked, returning null
06-04 17:00:53.296 W/RefBase ( 605): CallStack::logStackInternal not linked
06-04 17:00:53.301 W/MediaProvider( 1471): isAppCloneUserPair for user -1: false
06-04 17:00:53.306 W/MediaProvider( 1471): isAppCloneUserPair for user -1: false
06-04 17:00:53.317 W/MediaProvider( 1471): isAppCloneUserPair for user -1: false
06-04 17:00:53.323 W/MediaProvider( 1471): isAppCloneUserPair for user -1: false
06-04 17:00:53.329 W/MediaProvider( 1471): isAppCloneUserPair for user -1: false
06-04 17:00:53.339 W/MediaProvider( 1471): isAppCloneUserPair for user -1: false
06-04 17:00:53.343 W/MediaProvider( 1471): isAppCloneUserPair for user -1: false
06-04 17:00:53.348 W/MediaProvider( 1471): isAppCloneUserPair for user -1: false
06-04 17:00:53.371 W/MediaProvider( 1471): isAppCloneUserPair for user -1: false
06-04 17:00:53.375 W/MediaProvider( 1471): isAppCloneUserPair for user -1: false
06-04 17:00:53.379 W/MediaProvider( 1471): isAppCloneUserPair for user -1: false
06-04 17:00:53.385 W/MediaProvider( 1471): isAppCloneUserPair for user -1: false
06-04 17:00:53.444 E/MetadataRetrieverClient( 608): unable to dlopen metadata_retriever extension: dlopen failed: library "libmetadataretriever_ext.so" not found
06-04 17:00:53.460 I/AmFFmpegExtractor( 605): fast startup in ffmpegextractor for avi stream.
06-04 17:00:53.460 I/AmFFmpegExtractor( 605): is in white list : 1
06-04 17:00:53.460 I/AmFFmpegExtractor( 605): SniffAmFFmpeg ok, confidence = 0.800000
06-04 17:00:53.477 W/AString ( 605): ctor got NULL, using empty string instead
06-04 17:00:53.478 I/AmFFmpegExtractor( 605):
