06-04 18:26:55.989 D/SystemServerTiming(15731): OnBootPhase_550_com.android.server.devicepolicy.DevicePolicyManagerService$Lifecycle
06-04 18:26:55.989 D/SystemServerTiming(15731): OnBootPhase_550_com.android.server.texttospeech.TextToSpeechManagerService
06-04 18:26:55.989 D/SystemServerTiming(15731): OnBootPhase_550_com.android.server.ambientcontext.AmbientContextManagerService
06-04 18:26:55.989 D/SystemServerTiming(15731): OnBootPhase_550_com.android.server.wearable.WearableSensingManagerService
06-04 18:26:55.989 D/SystemServerTiming(15731): OnBootPhase_550_com.android.server.speech.SpeechRecognitionManagerService
06-04 18:26:55.989 D/SystemServerTiming(15731): OnBootPhase_550_com.android.server.searchui.SearchUiManagerService
06-04 18:26:55.989 D/SystemServerTiming(15731): OnBootPhase_550_com.android.server.smartspace.SmartspaceManagerService
06-04 18:26:55.989 D/SystemServerTiming(15731): OnBootPhase_550_com.android.server.graphics.fonts.FontManagerService$Lifecycle
06-04 18:26:55.990 D/SystemServerTiming(15731): OnBootPhase_550_com.android.server.textservices.TextServicesManagerService$Lifecycle
06-04 18:26:55.990 D/SystemServerTiming(15731): OnBootPhase_550_com.android.server.textclassifier.TextClassificationManagerService$Lifecycle
06-04 18:26:55.990 D/SystemServerTiming(15731): OnBootPhase_550_com.android.server.NetworkScoreService$Lifecycle
06-04 18:26:55.990 D/SystemServerTiming(15731): OnBootPhase_550_com.android.server.NetworkStatsServiceInitializer
06-04 18:26:56.030 D/SystemServerTiming(15731): OnBootPhase_550_com.android.server.wifi.WifiService
06-04 18:26:56.030 D/SystemServerTiming(15731): OnBootPhase_550_com.android.server.wifi.scanner.WifiScanningService
06-04 18:26:56.030 D/SystemServerTiming(15731): OnBootPhase_550_com.android.server.wifi.p2p.WifiP2pService
06-04 18:26:56.030 D/SystemServerTiming(15731): OnBootPhase_550_com.android.server.ConnectivityServiceInitializer
06-04 18:26:56.030 D/SystemServerTiming(15731): OnBootPhase_550_com.android.server.notification.NotificationManagerService
06-04 18:26:56.030 D/SystemServerTiming(15731): OnBootPhase_550_com.android.server.storage.DeviceStorageMonitorService
06-04 18:26:56.030 D/SystemServerTiming(15731): OnBootPhase_550_com.android.server.timedetector.TimeDetectorService$Lifecycle
06-04 18:26:56.030 D/SystemServerTiming(15731): OnBootPhase_550_com.android.server.location.LocationManagerService$Lifecycle
06-04 18:26:56.030 D/SystemServerTiming(15731): OnBootPhase_550_com.android.server.timezonedetector.TimeZoneDetectorService$Lifecycle
06-04 18:26:56.030 D/SystemServerTiming(15731): OnBootPhase_550_com.android.server.location.altitude.AltitudeService$Lifecycle
06-04 18:26:56.030 D/SystemServerTiming(15731): OnBootPhase_550_com.android.server.timezonedetector.location.LocationTimeZoneManagerService$Lifecycle
06-04 18:26:56.030 D/SystemServerTiming(15731): OnBootPhase_550_com.android.server.search.SearchManagerService$Lifecycle
06-04 18:26:56.030 D/SystemServerTiming(15731): OnBootPhase_550_com.android.server.wallpaper.WallpaperManagerService$Lifecycle
06-04 18:26:56.031 V/WallpaperManagerService(15731): bindWallpaperComponentLocked: componentName=ComponentInfo{com.android.systemui/com.android.systemui.wallpapers.ImageWallpaper}
06-04 18:26:56.031 D/WallpaperManagerService(15731): WPMS.bindWallpaperComponentLocked-ComponentInfo{com.android.systemui/com.android.systemui.wallpapers.ImageWallpaper}
06-04 18:26:56.038 D/CompatibilityChangeReporter(15731): Compat change id reported: 135634846; UID 10052; state: DISABLED
06-04 18:26:56.039 D/CompatibilityChangeReporter(15731): Compat change id reported: 177438394; UID 10052; state: DISABLED
06-04 18:26:56.039 D/CompatibilityChangeReporter(15731): Compat change id reported: 135772972; UID 10052; state: DISABLED
06-04 18:26:56.039 D/CompatibilityChangeReporter(15731): Compat change id reported: 135754954; UID 10052; state: ENABLED
06-04 18:26:56.040 D/CompatibilityChangeReporter(15731): Compat change id reported: 143937733; UID 10052; state: ENABLED
06-04 18:26:56.042 I/WallpaperDataParser(15731): No static wallpaper imagery; defaults will be shown
06-04 18:26:56.044 D/WallpaperCropper(15731): WPMS.generateCrop
06-04 18:26:56.045 W/WallpaperCropper(15731): Invalid wallpaper data
06-04 18:26:56.045 E/WallpaperCropper(15731): Unable to apply new wallpaper
06-04 18:26:56.046 D/SystemServerTiming(15731): OnBootPhase_550_com.android.server.wallpapereffectsgeneration.WallpaperEffectsGenerationManagerService
06-04 18:26:56.046 D/SystemServerTiming(15731): OnBootPhase_550_com.android.server.audio.AudioService$Lifecycle
06-04 18:26:56.046 D/SystemServerTiming(15731): OnBootPhase_550_com.android.server.soundtrigger_middleware.SoundTriggerMiddlewareService$Lifecycle
06-04 18:26:56.046 D/SystemServerTiming(15731): OnBootPhase_550_com.android.server.adb.AdbService$Lifecycle
06-04 18:26:56.047 D/SystemServerTiming(15731): OnBootPhase_550_com.android.server.usb.UsbService$Lifecycle
06-04 18:26:56.048 D/SystemServerTiming(15731): OnBootPhase_550_com.android.server.twilight.TwilightService
06-04 18:26:56.048 D/SystemServerTimingAsync(15731): InitThreadPoolExec:UsbService$Lifecycle#onBootPhase
06-04 18:26:56.052 I/UsbPortManager(15731): all: opID:1 successful
06-04 18:26:56.052 D/SystemServerTiming(15731): OnBootPhase_550_com.android.server.display.color.ColorDisplayService
06-04 18:26:56.052 D/SystemServerTiming(15731): OnBootPhase_550_com.android.server.job.JobSchedulerService
06-04 18:26:56.052 D/SystemServerTiming(15731): OnBootPhase_550_com.android.server.soundtrigger.SoundTriggerService
06-04 18:26:56.052 D/SoundTriggerService(15731): onBootPhase: 550 : false
06-04 18:26:56.052 D/SystemServerTiming(15731): OnBootPhase_550_com.android.server.trust.TrustManagerService
06-04 18:26:56.053 D/SystemServerTiming(15731): OnBootPhase_550_com.android.server.backup.BackupManagerService$Lifecycle
06-04 18:26:56.053 D/SystemServerTiming(15731): OnBootPhase_550_com.android.server.appwidget.AppWidgetService
06-04 18:26:56.053 D/SystemServerTiming(15731): OnBootPhase_550_com.android.server.voiceinteraction.VoiceInteractionManagerService
06-04 18:26:56.053 D/SystemServerTiming(15731): OnBootPhase_550_com.android.server.GestureLauncherService
06-04 18:26:56.053 D/SystemServerTiming(15731): OnBootPhase_550_com.android.server.SensorNotificationService
06-04 18:26:56.053 D/SystemServerTiming(15731): OnBootPhase_550_com.android.server.emergency.EmergencyAffordanceService
06-04 18:26:56.053 D/SystemServerTiming(15731): OnBootPhase_550_com.android.server.blob.BlobStoreManagerService
06-04 18:26:56.056 D/SystemServerTiming(15731): OnBootPhase_550_com.android.server.dreams.DreamManagerService
06-04 18:26:56.056 D/SystemServerTiming(15731): OnBootPhase_550_com.android.server.security.AttestationVerificationManagerService
06-04 18:26:56.056 D/SystemServerTiming(15731): OnBootPhase_550_com.android.server.restrictions.RestrictionsManagerService
06-04 18:26:56.056 D/SystemServerTiming(15731): OnBootPhase_550_com.android.server.media.MediaSessionService
06-04 18:26:56.058 D/SystemServerTiming(15731): OnBootPhase_550_com.android.server.hdmi.HdmiControlService
06-04 18:26:56.058 D/SystemServerTiming(15731): OnBootPhase_550_com.android.server.tv.interactive.TvInteractiveAppManagerService
06-04 18:26:56.058 D/SystemServerTiming(15731): OnBootPhase_550_com.android.server.tv.TvInputManagerService
06-04 18:26:56.058 D/SystemServerTiming(15731): OnBootPhase_550_com.android.server.media.MediaResourceMonitorService
06-04 18:26:56.058 D/SystemServerTiming(15731): OnBootPhase_550_com.android.server.tv.TvRemoteService
06-04 18:26:56.058 D/SystemServerTiming(15731): OnBootPhase_550_com.android.server.biometrics.BiometricService
06-04 18:26:56.058 D/SystemServerTiming(15731): OnBootPhase_550_com.android.server.biometrics.AuthService
06-04 18:26:56.058 D/SystemServerTiming(15731): OnBootPhase_550_com.android.server.pm.ShortcutService$Lifecycle
06-04 18:26:56.058 D/SystemServerTiming(15731): OnBootPhase_550_com.android.server.pm.LauncherAppsService
06-04 18:26:56.058 D/SystemServerTiming(15731): OnBootPhase_550_com.android.server.pm.CrossProfileAppsService
06-04 18:26:56.058 D/SystemServerTiming(15731): OnBootPhase_550_com.android.server.people.PeopleService
06-04 18:26:56.058 D/SystemServerTiming(15731): OnBootPhase_550_com.android.server.media.metrics.MediaMetricsManagerService
06-04 18:26:56.058 D/SystemServerTiming(15731): OnBootPhase_550_com.android.server.pm.BackgroundInstallControlService
06-04 18:26:56.058 D/SystemServerTiming(15731): OnBootPhase_550_com.android.server.media.projection.MediaProjectionManagerService
06-04 18:26:56.058 D/SystemServerTiming(15731): OnBootPhase_550_com.android.server.slice.SliceManagerService$Lifecycle
06-04 18:26:56.058 D/SystemServerTiming(15731): OnBootPhase_550_com.android.server.stats.StatsCompanion$Lifecycle
06-04 18:26:56.058 D/SystemServerTiming(15731): OnBootPhase_550_com.android.server.scheduling.RebootReadinessManagerService$Lifecycle
06-04 18:26:56.058 D/SystemServerTiming(15731): OnBootPhase_550_com.android.server.stats.pull.StatsPullAtomService
06-04 18:26:56.058 D/SystemServerTiming(15731): OnBootPhase_550_com.android.server.stats.bootstrap.StatsBootstrapAtomService$Lifecycle
06-04 18:26:56.058 D/SystemServerTiming(15731): OnBootPhase_550_com.android.server.incident.IncidentCompanionService
06-04 18:26:56.058 D/SystemServerTiming(15731): OnBootPhase_550_com.android.server.sdksandbox.SdkSandboxManagerService$Lifecycle
06-04 18:26:56.058 D/SystemServerTiming(15731): OnBootPhase_550_com.android.server.adservices.AdServicesManagerService$Lifecycle
06-04 18:26:56.058 D/SystemServerTiming(15731): OnBootPhase_550_com.android.server.ondevicepersonalization.OnDevicePersonalizationSystemService$Lifecycle
06-04 18:26:56.058 D/SystemServerTiming(15731): OnBootPhase_550_com.android.server.autofill.AutofillManagerService
06-04 18:26:56.058 D/SystemServerTiming(15731): OnBootPhase_550_com.android.server.clipboard.ClipboardService
06-04 18:26:56.058 D/SystemServerTiming(15731): OnBootPhase_550_com.android.server.appbinding.AppBindingService$Lifecycle
06-04 18:26:56.058 D/HDMI (15731): Process pid:15731 is calling addHotplugEventListener
06-04 18:26:56.059 I/AppBindingService(15731): Updating constants with: null
06-04 18:26:56.059 D/SystemServerTiming(15731): OnBootPhase_550_com.android.server.tracing.TracingServiceProxy
06-04 18:26:56.059 D/SystemServerTiming(15731): OnBootPhase_550_com.android.server.policy.PermissionPolicyService
06-04 18:26:56.059 D/SystemServerTiming(15731): Permission_grant_default_permissions-0
06-04 18:26:56.059 D/SystemServerTiming(15731): Permission_synchronize_permissions-0
06-04 18:26:56.060 W/BroadcastLoopers(15731): Found previously unknown looper Thread[AudioDeviceBroker,5,main]
06-04 18:26:56.062 D/SystemServerTiming(15731): Permission_synchronize_addPackages-0
06-04 18:26:56.065 D/UsbHostManager(15731): USB device attached: vidpid 2a7a:9597 mfg/product/ver/serial null/CASUE USB KB/0.01/null hasAudio/HID/Storage: false/true/false
06-04 18:26:56.072 D/UsbHostManager(15731): Added device UsbDevice[mName=/dev/bus/usb/003/002,mVendorId=10874,mProductId=38295,mClass=0,mSubclass=0,mProtocol=0,mManufacturerName=null,mProductName=CASUE USB KB,mVersion=0.01,mSerialNumberReader=com.android.server.usb.UsbSerialReader@3e75307, mHasAudioPlayback=false, mHasAudioCapture=false, mHasMidi=false, mHasVideoCapture=false, mHasVideoPlayback=false, mConfigurations=[
06-04 18:26:56.072 D/UsbHostManager(15731): UsbConfiguration[mId=1,mName=null,mAttributes=160,mMaxPower=50,mInterfaces=[
06-04 18:26:56.072 D/UsbHostManager(15731): UsbInterface[mId=0,mAlternateSetting=0,mName=null,mClass=3,mSubclass=1,mProtocol=1,mEndpoints=[
06-04 18:26:56.072 D/UsbHostManager(15731): UsbEndpoint[mAddress=129,mAttributes=3,mMaxPacketSize=8,mInterval=10]]
06-04 18:26:56.072 D/UsbHostManager(15731): UsbInterface[mId=1,mAlternateSetting=0,mName=null,mClass=3,mSubclass=0,mProtocol=0,mEndpoints=[
06-04 18:26:56.072 D/UsbHostManager(15731): UsbEndpoint[mAddress=130,mAttributes=3,mMaxPacketSize=4,mInterval=10]]]]
06-04 18:26:56.076 I/ActivityManager(15731): com.droidlogic is exempt from freezer
06-04 18:26:56.077 E/UsbAlsaManager(15731): usbDeviceAdded(): cannot find sound card for /dev/bus/usb/003/002
06-04 18:26:56.077 D/CompatibilityChangeReporter(15731): Compat change id reported: 135634846; UID 1000; state: DISABLED
06-04 18:26:56.079 I/ActivityManager(15731): Start proc 15915:com.android.systemui/u0a52 for service {com.android.systemui/com.android.systemui.wallpapers.ImageWallpaper}
06-04 18:26:56.118 I/ActivityManager(15731): Start proc 15928:com.droidlogic/1000 for broadcast {com.droidlogic/com.droidlogic.UsbCameraReceiver}
06-04 18:26:56.118 D/SystemServerTiming(15731): Permission_syncPackages-0
06-04 18:26:56.119 D/SystemServerTiming(15731): Permission_onInitialized-0
06-04 18:26:56.119 I/PermissionManager(15731): Permission ownership changed. Updating all permissions.
06-04 18:26:56.120 W/PermissionManager(15731): Package com.android.adservices.api is an APK in APEX, but has permission allowlist on the system image. Please bundle the allowlist in the com.android.adservices APEX instead.
06-04 18:26:56.126 D/GameManagerService(15731): User ID '0' does not have a Game Mode selected for package: 'com.android.systemui'
06-04 18:26:56.126 D/CompatibilityChangeReporter(15731): Compat change id reported: 168419799; UID 10052; state: DISABLED
06-04 18:26:56.126 D/CompatibilityChangeReporter(15731): Compat change id reported: 273564678; UID 10052; state: DISABLED
06-04 18:26:56.144 D/CompatibilityChangeReporter(15731): Compat change id reported: 265195908; UID 10052; state: ENABLED
06-04 18:26:56.152 D/AudioService(15731): No vibrator found
06-04 18:26:56.169 D/CompatibilityChangeReporter(15731): Compat change id reported: 170503758; UID 10052; state: ENABLED
06-04 18:26:56.170 D/GameManagerService(15731): User ID '0' does not have a Game Mode selected for package: 'com.droidlogic'
06-04 18:26:56.170 D/CompatibilityChangeReporter(15731): Compat change id reported: 168419799; UID 1000; state: DISABLED
06-04 18:26:56.171 D/CompatibilityChangeReporter(15731): Compat change id reported: 273564678; UID 1000; state: DISABLED
06-04 18:26:56.240 W/PermissionManager(15731): Package com.android.providers.media.module is an APK in APEX, but has permission allowlist on the system image. Please bundle the allowlist in the com.android.mediaprovider APEX instead.
06-04 18:26:56.241 W/PermissionManager(15731): Package com.android.providers.media.module is an APK in APEX, but has permission allowlist on the system image. Please bundle the allowlist in the com.android.mediaprovider APEX instead.
06-04 18:26:56.241 W/PermissionManager(15731): Package com.android.providers.media.module is an APK in APEX, but has permission allowlist on the system image. Please bundle the allowlist in the com.android.mediaprovider APEX instead.
06-04 18:26:56.241 W/PermissionManager(15731): Package com.android.providers.media.module is an APK in APEX, but has permission allowlist on the system image. Please bundle the allowlist in the com.android.mediaprovider APEX instead.
06-04 18:26:56.241 W/PermissionManager(15731): Package com.android.providers.media.module is an APK in APEX, but has permission allowlist on the system image. Please bundle the allowlist in the com.android.mediaprovider APEX instead.
06-04 18:26:56.241 W/PermissionManager(15731): Package com.android.providers.media.module is an APK in APEX, but has permission allowlist on the system image. Please bundle the allowlist in the com.android.mediaprovider APEX instead.
06-04 18:26:56.241 W/PermissionManager(15731): Package com.android.providers.media.module is an APK in APEX, but has permission allowlist on the system image. Please bundle the allowlist in the com.android.mediaprovider APEX instead.
06-04 18:26:56.241 W/PermissionManager(15731): Package com.android.providers.media.module is an APK in APEX, but has permission allowlist on the system image. Please bundle the allowlist in the com.android.mediaprovider APEX instead.
06-04 18:26:56.241 W/PermissionManager(15731): Package com.android.providers.media.module is an APK in APEX, but has permission allowlist on the system image. Please bundle the allowlist in the com.android.mediaprovider APEX instead.
06-04 18:26:56.241 W/PermissionManager(15731): Package com.android.providers.media.module is an APK in APEX, but has permission allowlist on the system image. Please bundle the allowlist in the com.android.mediaprovider APEX instead.
06-04 18:26:56.241 W/PermissionManager(15731): Package com.android.providers.media.module is an APK in APEX, but has permission allowlist on the system image. Please bundle the allowlist in the com.android.mediaprovider APEX instead.
06-04 18:26:56.241 W/PermissionManager(15731): Package com.android.providers.media.module is an APK in APEX, but has permission allowlist on the system image. Please bundle the allowlist in the com.android.mediaprovider APEX instead.
06-04 18:26:56.241 W/PermissionManager(15731): Package com.android.providers.media.module is an APK in APEX, but has permission allowlist on the system image. Please bundle the allowlist in the com.android.mediaprovider APEX instead.
06-04 18:26:56.263 W/SystemServiceManager(15731): Service com.android.server.policy.PermissionPolicyService took 204 ms in onBootPhase
06-04 18:26:56.263 D/SystemServerTiming(15731): OnBootPhase_550_com.android.server.pm.StagingManager$Lifecycle
06-04 18:26:56.264 D/SystemServerTiming(15731): OnBootPhase_550_com.android.server.app.GameManagerService$Lifecycle
06-04 18:26:56.264 D/SystemServerTiming(15731): OnBootPhase_550_com.android.safetycenter.SafetyCenterService
06-04 18:26:56.264 D/SystemServerTiming(15731): OnBootPhase_550_com.android.server.appsearch.AppSearchModule$Lifecycle
06-04 18:26:56.264 D/SystemServerTiming(15731): OnBootPhase_550_com.android.server.media.MediaCommunicationService
06-04 18:26:56.264 D/SystemServerTiming(15731): OnBootPhase_550_com.android.server.compat.overrides.AppCompatOverridesService$Lifecycle
06-04 18:26:56.264 D/SystemServerTiming(15731): OnBootPhase_550_com.android.server.healthconnect.HealthConnectManagerService
06-04 18:26:56.264 D/SystemServerTiming(15731): OnBootPhase_550_com.android.server.devicelock.DeviceLockService
06-04 18:26:56.264 D/DeviceLockService(15731): onBootPhase: 550
06-04 18:26:56.264 D/SystemServerTiming(15731): StartObservingNativeCrashes
06-04 18:26:56.264 D/SystemServerTiming(15731): RegisterAppOpsPolicy
06-04 18:26:56.277 D/SystemServerTimingAsync(15731): InitThreadPoolExec:WebViewFactoryPreparation
06-04 18:26:56.277 I/SystemServer(15731): WebViewFactoryPreparation
06-04 18:26:56.277 D/SystemServerTimingAsync(15731): WebViewFactoryPreparation
06-04 18:26:56.277 D/SystemServerTiming(15731): MakeNetworkManagementServiceReady
06-04 18:26:56.281 I/ActivityManager(15731): android is exempt from freezer
06-04 18:26:56.281 D/CompatibilityChangeReporter(15731): Compat change id reported: 135634846; UID 1000; state: DISABLED
06-04 18:26:56.281 D/CompatibilityChangeReporter(15731): Compat change id reported: 177438394; UID 1000; state: DISABLED
06-04 18:26:56.282 D/CompatibilityChangeReporter(15731): Compat change id reported: 135772972; UID 1000; state: DISABLED
06-04 18:26:56.282 D/CompatibilityChangeReporter(15731): Compat change id reported: 178038272; UID 1000; state: DISABLED
06-04 18:26:56.285 D/SystemServerTiming(15731): MakeConnectivityServiceReady
06-04 18:26:56.296 W/BatteryExternalStatsWorker(15731): error reading modem stats:ERROR_PHONE_NOT_AVAILABLE
06-04 18:26:56.298 W/NetworkPolicy(15731): setRestrictBackgroundUL: already false
06-04 18:26:56.303 D/CompatibilityChangeReporter(15731): Compat change id reported: 218533173; UID 10077; state: DISABLED
06-04 18:26:56.304 D/CompatibilityChangeReporter(15731): Compat change id reported: 262645982; UID 10077; state: DISABLED
06-04 18:26:56.314 I/ActivityManager(15731): Start proc 15956:WebViewLoader-armeabi-v7a/1037 [android.webkit.WebViewLibraryLoader$RelroFileCreator] for
06-04 18:26:56.322 V/WindowManagerShell(15915): Adding init callback for DisplayChangeController
06-04 18:26:56.322 V/WindowManagerShell(15915): Adding init callback for DisplayController
06-04 18:26:56.322 V/WindowManagerShell(15915): Adding init callback for DisplayInsetsController
06-04 18:26:56.322 V/WindowManagerShell(15915): Adding init callback for DisplayImeController
06-04 18:26:56.322 V/WindowManagerShell(15915): Adding init callback for ShellController
06-04 18:26:56.330 V/WindowManagerShell(15915): Adding init callback for DragAndDropController
06-04 18:26:56.358 D/GameManagerService(15731): User ID '0' does not have a Game Mode selected for package: 'android'
06-04 18:26:56.358 D/CompatibilityChangeReporter(15731): Compat change id reported: 168419799; UID 1000; state: DISABLED
06-04 18:26:56.358 D/CompatibilityChangeReporter(15731): Compat change id reported: 273564678; UID 1000; state: DISABLED
06-04 18:26:56.363 V/WindowManagerShell(15915): Adding init callback for CompatUIController
06-04 18:26:56.374 V/WindowManagerShell(15915): Adding init callback for ShellTaskOrganizer
06-04 18:26:56.375 D/HDMI (15731): Process pid:15928 is calling addHotplugEventListener
06-04 18:26:56.378 W/PackageManager(15731): Invalid dex load report. loadingPackageName=null, uid=1037
06-04 18:26:56.390 V/WindowManagerShell(15915): Adding init callback for DefaultTransitionHandler
06-04 18:26:56.390 V/WindowManagerShell(15915): addHandler: Default
06-04 18:26:56.390 V/WindowManagerShell(15915): addHandler: Remote
06-04 18:26:56.390 V/WindowManagerShell(15915): Adding init callback for Transitions
06-04 18:26:56.394 V/WindowManagerShell(15915): Adding init callback for FullscreenTaskListener
06-04 18:26:56.401 V/WindowManagerShell(15915): Adding init callback for ActivityEmbeddingController
06-04 18:26:56.409 W/BroadcastLoopers(15731): Found previously unknown looper Thread[NetworkStats,5,main]
06-04 18:26:56.415 D/SystemServerTiming(15731): MakeVpnManagerServiceReady
06-04 18:26:56.418 D/CompatibilityChangeReporter(15731): Compat change id reported: 161145287; UID 10052; state: ENABLED
06-04 18:26:56.421 V/WindowManagerShell(15915): Adding init callback for StartingWindowController
06-04 18:26:56.422 V/WindowManagerShell(15915): Adding init callback for ProtoLogController
06-04 18:26:56.423 D/CompatibilityChangeReporter(15731): Compat change id reported: 135634846; UID 10051; state: DISABLED
06-04 18:26:56.423 D/CompatibilityChangeReporter(15731): Compat change id reported: 177438394; UID 10051; state: DISABLED
06-04 18:26:56.423 D/CompatibilityChangeReporter(15731): Compat change id reported: 135772972; UID 10051; state: DISABLED
06-04 18:26:56.423 D/CompatibilityChangeReporter(15731): Compat change id reported: 135754954; UID 10051; state: ENABLED
06-04 18:26:56.424 V/WindowManagerShell(15915): Adding init callback for TvPipTransition
06-04 18:26:56.427 D/SystemServerTiming(15731): MakeVcnManagementServiceReady
06-04 18:26:56.434 D/SystemServerTiming(15731): MakeNetworkPolicyServiceReady
06-04 18:26:56.441 D/SystemServerTiming(15731): PhaseThirdPartyAppsCanStart
06-04 18:26:56.441 I/SystemServiceManager(15731): Starting phase 600
06-04 18:26:56.441 D/SystemServerTiming(15731): OnBootPhase_600
06-04 18:26:56.441 D/SystemServerTiming(15731): OnBootPhase_600_com.android.server.security.FileIntegrityService
06-04 18:26:56.441 D/SystemServerTiming(15731): OnBootPhase_600_com.android.server.pm.Installer
06-04 18:26:56.441 D/SystemServerTiming(15731): OnBootPhase_600_com.android.server.os.DeviceIdentifiersPolicyService
06-04 18:26:56.441 D/SystemServerTiming(15731): OnBootPhase_600_com.android.server.flags.FeatureFlagsService
06-04 18:26:56.441 D/SystemServerTiming(15731): OnBootPhase_600_com.android.server.uri.UriGrantsManagerService$Lifecycle
06-04 18:26:56.441 D/SystemServerTiming(15731): OnBootPhase_600_com.android.server.powerstats.PowerStatsService
06-04 18:26:56.441 D/SystemServerTiming(15731): OnBootPhase_600_com.android.server.permission.access.AccessCheckingService
06-04 18:26:56.441 D/SystemServerTiming(15731): OnBootPhase_600_com.android.server.wm.ActivityTaskManagerService$Lifecycle
06-04 18:26:56.441 D/SystemServerTiming(15731): OnBootPhase_600_com.android.server.am.ActivityManagerService$Lifecycle
06-04 18:26:56.443 I/ExplicitHealthCheckController(15731): Explicit health checks enabled.
06-04 18:26:56.443 I/PackageWatchdog(15731): Syncing state, reason: health check state enabled
06-04 18:26:56.443 I/PackageWatchdog(15731): Not pruning observers, elapsed time: 0ms
06-04 18:26:56.443 I/PackageWatchdog(15731): Cancelling state sync, nothing to sync
06-04 18:26:56.444 I/PackageWatchdog(15731): Saving observer state to file
06-04 18:26:56.447 D/SystemServerTiming(15731): OnBootPhase_600_com.android.server.pm.DataLoaderManagerService
06-04 18:26:56.447 D/SystemServerTiming(15731): OnBootPhase_600_com.android.server.power.PowerManagerService
06-04 18:26:56.448 D/SystemServerTiming(15731): OnBootPhase_600_com.android.server.power.ThermalManagerService
06-04 18:26:56.449 D/SystemServerTiming(15731): OnBootPhase_600_com.android.server.power.hint.HintManagerService
06-04 18:26:56.449 D/SystemServerTiming(15731): OnBootPhase_600_com.android.server.recoverysystem.RecoverySystemService$Lifecycle
06-04 18:26:56.449 D/SystemServerTiming(15731): OnBootPhase_600_com.android.server.lights.LightsService
06-04 18:26:56.449 D/SystemServerTiming(15731): OnBootPhase_600_com.android.server.display.DisplayManagerService
06-04 18:26:56.449 D/SystemServerTiming(15731): OnBootPhase_600_com.android.server.pm.verify.domain.DomainVerificationService
06-04 18:26:56.449 D/SystemServerTiming(15731): OnBootPhase_600_com.android.server.pm.PackageInstallerService$Lifecycle
06-04 18:26:56.449 D/SystemServerTiming(15731): OnBootPhase_600_com.android.server.pm.UserManagerService$LifeCycle
06-04 18:26:56.449 D/SystemServerTiming(15731): OnBootPhase_600_com.android.server.om.OverlayManagerService
06-04 18:26:56.449 D/SystemServerTiming(15731): OnBootPhase_600_com.android.server.resources.ResourcesManagerService
06-04 18:26:56.449 D/SystemServerTiming(15731): OnBootPhase_600_com.android.server.sensorprivacy.SensorPrivacyService
06-04 18:26:56.449 D/SystemServerTiming(15731): OnBootPhase_600_com.android.server.sensors.SensorService
06-04 18:26:56.449 D/SystemServerTiming(15731): OnBootPhase_600_com.android.server.SystemConfigService
06-04 18:26:56.449 D/SystemServerTiming(15731): OnBootPhase_600_com.android.server.BatteryService
06-04 18:26:56.449 D/SystemServerTiming(15731): OnBootPhase_600_com.android.server.usage.UsageStatsService
06-04 18:26:56.449 D/SystemServerTiming(15731): OnBootPhase_600_com.android.server.webkit.WebViewUpdateService
06-04 18:26:56.449 D/SystemServerTiming(15731): OnBootPhase_600_com.android.server.CachedDeviceStateService
06-04 18:26:56.449 D/SystemServerTiming(15731): OnBootPhase_600_com.android.server.BinderCallsStatsService$LifeCycle
06-04 18:26:56.449 D/SystemServerTiming(15731): OnBootPhase_600_com.android.server.LooperStatsService$Lifecycle
06-04 18:26:56.449 D/SystemServerTiming(15731): OnBootPhase_600_com.android.server.rollback.RollbackManagerService
06-04 18:26:56.449 D/SystemServerTiming(15731): OnBootPhase_600_com.android.server.os.NativeTombstoneManagerService
06-04 18:26:56.449 D/SystemServerTiming(15731): OnBootPhase_600_com.android.server.os.BugreportManagerService
06-04 18:26:56.449 D/SystemServerTiming(15731): OnBootPhase_600_com.android.server.gpu.GpuService
06-04 18:26:56.449 D/SystemServerTiming(15731): OnBootPhase_600_com.android.server.security.rkp.RemoteProvisioningService
06-04 18:26:56.449 D/SystemServerTiming(15731): OnBootPhase_600_com.android.server.security.KeyChainSystemService
06-04 18:26:56.449 D/SystemServerTiming(15731): OnBootPhase_600_com.android.server.BinaryTransparencyService
06-04 18:26:56.449 D/SystemServerTiming(15731): OnBootPhase_600_com.android.server.accounts.AccountManagerService$Lifecycle
06-04 18:26:56.449 D/SystemServerTiming(15731): OnBootPhase_600_com.android.server.content.ContentService$Lifecycle
06-04 18:26:56.449 D/SystemServerTiming(15731): OnBootPhase_600_com.android.server.deviceconfig.DeviceConfigInit$Lifecycle
06-04 18:26:56.449 D/SystemServerTiming(15731): OnBootPhase_600_com.android.server.DropBoxManagerService
06-04 18:26:56.449 D/SystemServerTiming(15731): OnBootPhase_600_com.android.role.RoleService
06-04 18:26:56.449 D/SystemServerTiming(15731): OnBootPhase_600_com.android.server.vibrator.VibratorManagerService$Lifecycle
06-04 18:26:56.449 D/SystemServerTiming(15731): OnBootPhase_600_com.android.server.tare.InternalResourceService
06-04 18:26:56.449 D/SystemServerTiming(15731): OnBootPhase_600_com.android.server.alarm.AlarmManagerService
06-04 18:26:56.449 D/SystemServerTiming(15731): OnBootPhase_600_com.android.server.devicestate.DeviceStateManagerService
06-04 18:26:56.449 D/SystemServerTiming(15731): OnBootPhase_600_com.android.server.camera.CameraServiceProxy
06-04 18:26:56.449 D/SystemServerTiming(15731): OnBootPhase_600_com.android.server.bluetooth.BluetoothService
06-04 18:26:56.449 D/SystemServerTiming(15731): OnBootPhase_600_com.android.server.connectivity.IpConnectivityMetrics
06-04 18:26:56.449 D/SystemServerTiming(15731): OnBootPhase_600_com.android.server.net.watchlist.NetworkWatchlistService$Lifecycle
06-04 18:26:56.449 D/SystemServerTiming(15731): OnBootPhase_600_com.android.server.PinnerService
06-04 18:26:56.449 D/SystemServerTiming(15731): OnBootPhase_600_com.android.server.integrity.AppIntegrityManagerService
06-04 18:26:56.449 D/SystemServerTiming(15731): OnBootPhase_600_com.android.server.logcat.LogcatManagerService
06-04 18:26:56.449 D/SystemServerTiming(15731): OnBootPhase_600_com.android.server.inputmethod.InputMethodManagerService$Lifecycle
06-04 18:26:56.449 D/SystemServerTiming(15731): OnBootPhase_600_com.android.server.accessibility.AccessibilityManagerService$Lifecycle
06-04 18:26:56.450 D/SystemServerTiming(15731): OnBootPhase_600_com.android.server.StorageManagerService$Lifecycle
06-04 18:26:56.450 D/SystemServerTiming(15731): OnBootPhase_600_com.android.server.usage.StorageStatsService$Lifecycle
06-04 18:26:56.450 D/SystemServerTiming(15731): OnBootPhase_600_com.android.server.UiModeManagerService
06-04 18:26:56.450 D/SystemServerTiming(15731): OnBootPhase_600_com.android.server.locales.LocaleManagerService
06-04 18:26:56.450 D/SystemServerTiming(15731): OnBootPhase_600_com.android.server.grammaticalinflection.GrammaticalInflectionService
06-04 18:26:56.450 D/SystemServerTiming(15731): OnBootPhase_600_com.android.server.apphibernation.AppHibernationService
06-04 18:26:56.450 D/SystemServerTiming(15731): OnBootPhase_600_com.android.server.locksettings.LockSettingsService$Lifecycle
06-04 18:26:56.450 D/SystemServerTiming(15731): OnBootPhase_600_com.android.server.PersistentDataBlockService
06-04 18:26:56.450 D/SystemServerTiming(15731): OnBootPhase_600_com.android.server.testharness.TestHarnessModeService
06-04 18:26:56.450 D/SystemServerTiming(15731): OnBootPhase_600_com.android.server.oemlock.OemLockService
06-04 18:26:56.450 D/SystemServerTiming(15731): OnBootPhase_600_com.android.server.DeviceIdleController
06-04 18:26:56.451 D/SystemServerTiming(15731): OnBootPhase_600_com.android.server.devicepolicy.DevicePolicyManagerService$Lifecycle
06-04 18:26:56.451 D/SystemServerTiming(15731): OnBootPhase_600_com.android.server.texttospeech.TextToSpeechManagerService
06-04 18:26:56.451 D/SystemServerTiming(15731): OnBootPhase_600_com.android.server.ambientcontext.AmbientContextManagerService
06-04 18:26:56.451 D/SystemServerTiming(15731): OnBootPhase_600_com.android.server.wearable.WearableSensingManagerService
06-04 18:26:56.451 D/SystemServerTiming(15731): OnBootPhase_600_com.android.server.speech.SpeechRecognitionManagerService
06-04 18:26:56.452 D/SystemServerTiming(15731): OnBootPhase_600_com.android.server.searchui.SearchUiManagerService
06-04 18:26:56.452 D/SystemServerTiming(15731): OnBootPhase_600_com.android.server.smartspace.SmartspaceManagerService
06-04 18:26:56.452 D/SystemServerTiming(15731): OnBootPhase_600_com.android.server.graphics.fonts.FontManagerService$Lifecycle
06-04 18:26:56.452 D/SystemServerTiming(15731): OnBootPhase_600_com.android.server.textservices.TextServicesManagerService$Lifecycle
06-04 18:26:56.452 D/SystemServerTiming(15731): OnBootPhase_600_com.android.server.textclassifier.TextClassificationManagerService$Lifecycle
06-04 18:26:56.452 D/SystemServerTiming(15731): OnBootPhase_600_com.android.server.NetworkScoreService$Lifecycle
06-04 18:26:56.452 D/SystemServerTiming(15731): OnBootPhase_600_com.android.server.NetworkStatsServiceInitializer
06-04 18:26:56.452 D/SystemServerTiming(15731): OnBootPhase_600_com.android.server.wifi.WifiService
06-04 18:26:56.452 D/SystemServerTiming(15731): OnBootPhase_600_com.android.server.wifi.scanner.WifiScanningService
06-04 18:26:56.452 D/SystemServerTiming(15731): OnBootPhase_600_com.android.server.wifi.p2p.WifiP2pService
06-04 18:26:56.452 D/SystemServerTiming(15731): OnBootPhase_600_com.android.server.ConnectivityServiceInitializer
06-04 18:26:56.460 D/SystemServerTiming(15731): OnBootPhase_600_com.android.server.notification.NotificationManagerService
06-04 18:26:56.461 D/WindowManagerShell(15915): TvPipActionsProvider: onMediaActionsChanged()
06-04 18:26:56.461 D/WindowManagerShell(15915): TvPipActionsProvider: replaceCustomActions, count: 0
06-04 18:26:56.462 D/WindowManagerShell(15915): TvPipMenuController: setDelegate(), delegate=com.android.wm.shell.pip.tv.TvPipController@b47e8d9
06-04 18:26:56.462 V/WindowManagerShell(15915): Adding init callback for TvPipController
06-04 18:26:56.462 V/WindowManagerShell(15915): Adding init callback for KeyguardTransitionHandler
06-04 18:26:56.464 V/WindowManagerShell(15915): Adding init callback for BackAnimationController
06-04 18:26:56.465 D/SystemServerTiming(15731): OnBootPhase_600_com.android.server.storage.DeviceStorageMonitorService
06-04 18:26:56.465 D/SystemServerTiming(15731): OnBootPhase_600_com.android.server.timedetector.TimeDetectorService$Lifecycle
06-04 18:26:56.465 D/SystemServerTiming(15731): OnBootPhase_600_com.android.server.location.LocationManagerService$Lifecycle
06-04 18:26:56.465 V/WindowManagerShell(15915): Initializing Shell Components: 18
06-04 18:26:56.466 V/WindowManagerShell(15915): DisplayChangeController init took 1ms
06-04 18:26:56.468 V/WindowManagerShell(15915): DisplayController init took 2ms
06-04 18:26:56.469 V/WindowManagerShell(15915): DisplayInsetsController init took 1ms
06-04 18:26:56.470 V/WindowManagerShell(15915): DisplayImeController init took 0ms
06-04 18:26:56.470 V/WindowManagerShell(15915): Adding dump callback for ShellController
06-04 18:26:56.470 V/WindowManagerShell(15915): ShellController init took 0ms
06-04 18:26:56.470 V/WindowManagerShell(15915): Adding external interface from DragAndDropController with key extra_shell_drag_and_drop
06-04 18:26:56.470 V/WindowManagerShell(15915): Adding dump callback for DragAndDropController
06-04 18:26:56.470 V/WindowManagerShell(15915): DragAndDropController init took 0ms
06-04 18:26:56.470 V/WindowManagerShell(15915): Adding command class compatui for CompatUIShellCommandHandler
06-04 18:26:56.470 V/WindowManagerShell(15915): CompatUIController init took 0ms
06-04 18:26:56.470 V/WindowManagerShell(15915): Adding dump callback for ShellTaskOrganizer
06-04 18:26:56.473 V/WindowManagerShell(15915): ShellTaskOrganizer init took 3ms
06-04 18:26:56.475 D/CompatibilityChangeReporter(15731): Compat change id reported: 261072174; UID 1000; state: ENABLED
06-04 18:26:56.485 V/WindowManagerShell(15915): DefaultTransitionHandler init took 12ms
06-04 18:26:56.486 V/WindowManagerShell(15915): Adding external interface from Transitions with key extra_shell_shell_transitions
06-04 18:26:56.488 D/SystemServerTiming(15731): OnBootPhase_600_com.android.server.timezonedetector.TimeZoneDetectorService$Lifecycle
06-04 18:26:56.488 D/SystemServerTiming(15731): OnBootPhase_600_com.android.server.location.altitude.AltitudeService$Lifecycle
06-04 18:26:56.488 D/SystemServerTiming(15731): OnBootPhase_600_com.android.server.timezonedetector.location.LocationTimeZoneManagerService$Lifecycle
06-04 18:26:56.488 D/SystemServerTiming(15731): OnBootPhase_600_com.android.server.search.SearchManagerService$Lifecycle
06-04 18:26:56.488 D/SystemServerTiming(15731): OnBootPhase_600_com.android.server.wallpaper.WallpaperManagerService$Lifecycle
06-04 18:26:56.491 V/WindowManagerShell(15915): Adding command class transitions for Transitions
06-04 18:26:56.491 V/WindowManagerShell(15915): Transitions init took 6ms
06-04 18:26:56.492 V/WindowManagerShell(15915): FullscreenTaskListener init took 0ms
06-04 18:26:56.492 V/WindowManagerShell(15915): addHandler: ActivityEmbeddingController
06-04 18:26:56.492 V/WindowManagerShell(15915): ActivityEmbeddingController init took 0ms
06-04 18:26:56.492 V/WindowManagerShell(15915): Adding external interface from StartingWindowController with key extra_shell_starting_window
06-04 18:26:56.492 V/WindowManagerShell(15915): StartingWindowController init took 0ms
06-04 18:26:56.492 V/WindowManagerShell(15915): Adding command class protolog for ProtoLogController
06-04 18:26:56.492 V/WindowManagerShell(15915): ProtoLogController init took 0ms
06-04 18:26:56.492 V/WindowManagerShell(15915): addHandler: TvPipTransition
06-04 18:26:56.492 V/WindowManagerShell(15915): TvPipTransition init took 0ms
06-04 18:26:56.496 V/WindowManagerShell(15915): TvPipController init took 4ms
06-04 18:26:56.496 V/WindowManagerShell(15915): addHandler: KeyguardTransitionHandler
06-04 18:26:56.496 V/WindowManagerShell(15915): KeyguardTransitionHandler init took 0ms
06-04 18:26:56.497 D/WallpaperManagerService(15731): Wallpaper_switch-user-0
06-04 18:26:56.498 V/WallpaperManagerService(15731): bindWallpaperComponentLocked: componentName=ComponentInfo{com.android.systemui/com.android.systemui.wallpapers.ImageWallpaper}
06-04 18:26:56.498 D/WallpaperManagerService(15731): WPMS.bindWallpaperComponentLocked-ComponentInfo{com.android.systemui/com.android.systemui.wallpapers.ImageWallpaper}
06-04 18:26:56.498 D/ShellBackPreview(15915): Back animation enabled=false
06-04 18:26:56.499 V/WindowManagerShell(15915): Adding external interface from BackAnimationController with key extra_shell_back_animation
06-04 18:26:56.500 D/SystemServerTiming(15731): OnBootPhase_600_com.android.server.wallpapereffectsgeneration.WallpaperEffectsGenerationManagerService
06-04 18:26:56.500 D/SystemServerTiming(15731): OnBootPhase_600_com.android.server.audio.AudioService$Lifecycle
06-04 18:26:56.501 D/SystemServerTiming(15731): OnBootPhase_600_com.android.server.soundtrigger_middleware.SoundTriggerMiddlewareService$Lifecycle
06-04 18:26:56.501 D/SystemServerTiming(15731): OnBootPhase_600_com.android.server.adb.AdbService$Lifecycle
06-04 18:26:56.501 D/SystemServerTiming(15731): OnBootPhase_600_com.android.server.usb.UsbService$Lifecycle
06-04 18:26:56.501 D/SystemServerTiming(15731): OnBootPhase_600_com.android.server.twilight.TwilightService
06-04 18:26:56.501 D/SystemServerTiming(15731): OnBootPhase_600_com.android.server.display.color.ColorDisplayService
06-04 18:26:56.501 D/SystemServerTiming(15731): OnBootPhase_600_com.android.server.job.JobSchedulerService
06-04 18:26:56.503 V/WindowManagerShell(15915): BackAnimationController init took 7ms
06-04 18:26:56.503 V/ShellDragAndDrop(15915): Display added: 0
06-04 18:26:56.505 D/SystemServerTiming(15731): OnBootPhase_600_com.android.server.soundtrigger.SoundTriggerService
06-04 18:26:56.506 D/SoundTriggerService(15731): onBootPhase: 600 : false
06-04 18:26:56.508 D/SystemServerTiming(15731): OnBootPhase_600_com.android.server.trust.TrustManagerService
06-04 18:26:56.511 I/keystore2( 282): system/security/keystore2/src/authorization.rs:143 - on_lock_screen_event(r#UNLOCK, user_id=0, password.is_some()=false, unlocking_sids=Some([]))
06-04 18:26:56.511 D/SystemServerTiming(15731): OnBootPhase_600_com.android.server.backup.BackupManagerService$Lifecycle
06-04 18:26:56.511 D/SystemServerTiming(15731): OnBootPhase_600_com.android.server.appwidget.AppWidgetService
06-04 18:26:56.511 D/SystemServerTiming(15731): OnBootPhase_600_com.android.server.voiceinteraction.VoiceInteractionManagerService
06-04 18:26:56.513 D/SystemServerTiming(15731): OnBootPhase_600_com.android.server.GestureLauncherService
06-04 18:26:56.514 I/ActivityManager(15731): Process WebViewLoader-armeabi-v7a (pid 15956) has died: psvc PER
06-04 18:26:56.514 D/SystemServerTiming(15731): OnBootPhase_600_com.android.server.SensorNotificationService
06-04 18:26:56.515 D/DisplayManagerService(15731): Drop pending events for gone uid 1037
06-04 18:26:56.522 D/SystemServerTiming(15731): OnBootPhase_600_com.android.server.emergency.EmergencyAffordanceService
06-04 18:26:56.523 D/SystemServerTiming(15731): OnBootPhase_600_com.android.server.blob.BlobStoreManagerService
06-04 18:26:56.533 D/SystemServerTiming(15731): OnBootPhase_600_com.android.server.dreams.DreamManagerService
06-04 18:26:56.543 D/SystemServerTiming(15731): OnBootPhase_600_com.android.server.security.AttestationVerificationManagerService
06-04 18:26:56.544 D/SystemServerTiming(15731): OnBootPhase_600_com.android.server.restrictions.RestrictionsManagerService
06-04 18:26:56.544 D/SystemServerTiming(15731): OnBootPhase_600_com.android.server.media.MediaSessionService
06-04 18:26:56.544 D/SystemServerTiming(15731): OnBootPhase_600_com.android.server.hdmi.HdmiControlService
06-04 18:26:56.544 D/SystemServerTiming(15731): OnBootPhase_600_com.android.server.tv.interactive.TvInteractiveAppManagerService
06-04 18:26:56.545 D/CompatibilityChangeReporter(15731): Compat change id reported: 171306433; UID 1000; state: ENABLED
06-04 18:26:56.548 W/WindowManager(15731): [addWindow] title:ShellDropTarget
06-04 18:26:56.551 D/GameManagerService(15731): User ID '0' does not have a Game Mode selected for package: 'com.android.systemui'
06-04 18:26:56.558 D/SystemServerTiming(15731): OnBootPhase_600_com.android.server.tv.TvInputManagerService
06-04 18:26:56.560 D/SystemServerTiming(15731): OnBootPhase_600_com.android.server.media.MediaResourceMonitorService
06-04 18:26:56.560 D/SystemServerTiming(15731): OnBootPhase_600_com.android.server.tv.TvRemoteService
06-04 18:26:56.562 D/SystemServerTiming(15731): OnBootPhase_600_com.android.server.biometrics.BiometricService
06-04 18:26:56.563 D/SystemServerTiming(15731): OnBootPhase_600_com.android.server.biometrics.AuthService
06-04 18:26:56.563 D/SystemServerTiming(15731): OnBootPhase_600_com.android.server.pm.ShortcutService$Lifecycle
06-04 18:26:56.563 D/SystemServerTiming(15731): OnBootPhase_600_com.android.server.pm.LauncherAppsService
06-04 18:26:56.563 D/SystemServerTiming(15731): OnBootPhase_600_com.android.server.pm.CrossProfileAppsService
06-04 18:26:56.563 D/SystemServerTiming(15731): OnBootPhase_600_com.android.server.people.PeopleService
06-04 18:26:56.563 D/SystemServerTiming(15731): OnBootPhase_600_com.android.server.media.metrics.MediaMetricsManagerService
06-04 18:26:56.563 D/SystemServerTiming(15731): OnBootPhase_600_com.android.server.pm.BackgroundInstallControlService
06-04 18:26:56.563 D/SystemServerTiming(15731): OnBootPhase_600_com.android.server.media.projection.MediaProjectionManagerService
06-04 18:26:56.563 D/SystemServerTiming(15731): OnBootPhase_600_com.android.server.slice.SliceManagerService$Lifecycle
06-04 18:26:56.563 D/SystemServerTiming(15731): OnBootPhase_600_com.android.server.stats.StatsCompanion$Lifecycle
06-04 18:26:56.568 D/WindowManagerShell(15915): TvPipController: onImeVisibilityChanged(), visible=false, height=0
06-04 18:26:56.575 D/CoreBackPreview(15731): Window{729d22a u0 ShellDropTarget}: Setting back callback OnBackInvokedCallbackInfo{mCallback=android.window.IOnBackInvokedCallback$Stub$Proxy@e491856, mPriority=0, mIsAnimationCallback=false}
06-04 18:26:56.599 D/SystemServerTiming(15731): OnBootPhase_600_com.android.server.scheduling.RebootReadinessManagerService$Lifecycle
06-04 18:26:56.599 D/SystemServerTiming(15731): OnBootPhase_600_com.android.server.stats.pull.StatsPullAtomService
06-04 18:26:56.599 D/SystemServerTiming(15731): OnBootPhase_600_com.android.server.stats.bootstrap.StatsBootstrapAtomService$Lifecycle
06-04 18:26:56.599 D/SystemServerTiming(15731): OnBootPhase_600_com.android.server.incident.IncidentCompanionService
06-04 18:26:56.599 D/SystemServerTiming(15731): OnBootPhase_600_com.android.server.sdksandbox.SdkSandboxManagerService$Lifecycle
06-04 18:26:56.599 D/SystemServerTiming(15731): OnBootPhase_600_com.android.server.adservices.AdServicesManagerService$Lifecycle
06-04 18:26:56.599 D/SystemServerTiming(15731): OnBootPhase_600_com.android.server.ondevicepersonalization.OnDevicePersonalizationSystemService$Lifecycle
06-04 18:26:56.599 D/SystemServerTiming(15731): OnBootPhase_600_com.android.server.autofill.AutofillManagerService
06-04 18:26:56.599 D/StatsPullAtomService(15731): Registering NetworkStats pullers with statsd
06-04 18:26:56.602 D/SystemServerTiming(15731): OnBootPhase_600_com.android.server.clipboard.ClipboardService
06-04 18:26:56.603 D/SystemServerTiming(15731): OnBootPhase_600_com.android.server.appbinding.AppBindingService$Lifecycle
06-04 18:26:56.603 D/SystemServerTiming(15731): OnBootPhase_600_com.android.server.tracing.TracingServiceProxy
06-04 18:26:56.603 D/SystemServerTiming(15731): OnBootPhase_600_com.android.server.policy.PermissionPolicyService
06-04 18:26:56.603 D/SystemServerTiming(15731): OnBootPhase_600_com.android.server.pm.StagingManager$Lifecycle
06-04 18:26:56.603 D/SystemServerTiming(15731): OnBootPhase_600_com.android.server.app.GameManagerService$Lifecycle
06-04 18:26:56.603 D/SystemServerTiming(15731): OnBootPhase_600_com.android.safetycenter.SafetyCenterService
06-04 18:26:56.603 D/SystemServerTiming(15731): OnBootPhase_600_com.android.server.appsearch.AppSearchModule$Lifecycle
06-04 18:26:56.603 D/SystemServerTiming(15731): OnBootPhase_600_com.android.server.media.MediaCommunicationService
06-04 18:26:56.604 D/SystemServerTiming(15731): OnBootPhase_600_com.android.server.compat.overrides.AppCompatOverridesService$Lifecycle
06-04 18:26:56.604 D/SystemServerTiming(15731): OnBootPhase_600_com.android.server.healthconnect.HealthConnectManagerService
06-04 18:26:56.604 D/SystemServerTiming(15731): OnBootPhase_600_com.android.server.devicelock.DeviceLockService
06-04 18:26:56.604 D/DeviceLockService(15731): onBootPhase: 600
06-04 18:26:56.604 D/SystemServerTiming(15731): StartNetworkStack
06-04 18:26:56.611 D/CompatibilityChangeReporter(15731): Compat change id reported: 135634846; UID 1073; state: DISABLED
06-04 18:26:56.613 D/SystemServerTiming(15731): StartTethering
06-04 18:26:56.615 D/SystemServerTiming(15731): MakeCountryDetectionServiceReady
06-04 18:26:56.615 D/SystemServerTiming(15731): MakeNetworkTimeUpdateReady
06-04 18:26:56.617 D/SystemServerTiming(15731): MakeInputManagerServiceReady
06-04 18:26:56.649 D/SystemServerTiming(15731): MakeTelephonyRegistryReady
06-04 18:26:56.650 D/SystemServerTiming(15731): MakeMediaRouterServiceReady
06-04 18:26:56.650 I/MR2ServiceImpl(15731): switchUser | user: 0
06-04 18:26:56.650 D/SystemServerTiming(15731): IncidentDaemonReady
06-04 18:26:56.653 D/SystemServerTiming(15731): MakeIncrementalServiceReady
06-04 18:26:56.653 D/SystemServerTiming(15731): OdsignStatsLogger
06-04 18:26:56.653 D/SystemServerTiming(15731): getCurrentUser
06-04 18:26:56.653 I/ActivityManager(15731): Current user:0
06-04 18:26:56.653 D/SystemServerTiming(15731): ActivityManagerStartApps
06-04 18:26:56.654 D/SystemServerTimingAsync(15731): ssm.StartUser-0
06-04 18:26:56.654 I/SystemServiceManager(15731): Calling onStartUser 0
06-04 18:26:56.654 D/SystemServerTimingAsync(15731): ssm.onStartUser-0_com.android.server.security.FileIntegrityService
06-04 18:26:56.654 D/SystemServerTimingAsync(15731): ssm.onStartUser-0_com.android.server.pm.Installer
06-04 18:26:56.654 D/SystemServerTimingAsync(15731): ssm.onStartUser-0_com.android.server.os.DeviceIdentifiersPolicyService
06-04 18:26:56.654 D/SystemServerTimingAsync(15731): ssm.onStartUser-0_com.android.server.flags.FeatureFlagsService
06-04 18:26:56.654 D/SystemServerTimingAsync(15731): ssm.onStartUser-0_com.android.server.uri.UriGrantsManagerService$Lifecycle
06-04 18:26:56.654 D/SystemServerTimingAsync(15731): ssm.onStartUser-0_com.android.server.powerstats.PowerStatsService
06-04 18:26:56.654 D/SystemServerTimingAsync(15731): ssm.onStartUser-0_com.android.server.permission.access.AccessCheckingService
06-04 18:26:56.654 D/SystemServerTimingAsync(15731): ssm.onStartUser-0_com.android.server.wm.ActivityTaskManagerService$Lifecycle
06-04 18:26:56.654 D/SystemServerTimingAsync(15731): ssm.onStartUser-0_com.android.server.am.ActivityManagerService$Lifecycle
06-04 18:26:56.654 D/SystemServerTimingAsync(15731): ssm.onStartUser-0_com.android.server.pm.DataLoaderManagerService
06-04 18:26:56.654 D/SystemServerTimingAsync(15731): ssm.onStartUser-0_com.android.server.power.PowerManagerService
06-04 18:26:56.654 D/SystemServerTimingAsync(15731): ssm.onStartUser-0_com.android.server.power.ThermalManagerService
06-04 18:26:56.654 D/SystemServerTimingAsync(15731): ssm.onStartUser-0_com.android.server.power.hint.HintManagerService
06-04 18:26:56.654 D/SystemServerTimingAsync(15731): ssm.onStartUser-0_com.android.server.recoverysystem.RecoverySystemService$Lifecycle
06-04 18:26:56.654 D/SystemServerTimingAsync(15731): ssm.onStartUser-0_com.android.server.lights.LightsService
06-04 18:26:56.654 D/SystemServerTimingAsync(15731): ssm.onStartUser-0_com.android.server.display.DisplayManagerService
