06-04 18:27:30.452 W/ServiceManagerCppClient(15825): Waited one second for android.hardware.tv.tuner.ITuner/default (is service started? Number of threads started in the threadpool: 0. Are binder threads started and available?)
06-04 18:27:30.457 W/libc ( 232): Unable to set property "ctl.interface_start" to "aidl/android.hardware.tv.tuner.ITuner/default": error code: 0x20
06-04 18:27:31.455 W/ServiceManagerCppClient(15825): Waited one second for android.hardware.tv.tuner.ITuner/default (is service started? Number of threads started in the threadpool: 0. Are binder threads started and available?)
06-04 18:27:31.459 W/libc ( 232): Unable to set property "ctl.interface_start" to "aidl/android.hardware.tv.tuner.ITuner/default": error code: 0x20
06-04 18:27:32.458 W/ServiceManagerCppClient(15825): Waited one second for android.hardware.tv.tuner.ITuner/default (is service started? Number of threads started in the threadpool: 0. Are binder threads started and available?)
06-04 18:27:32.463 W/libc ( 232): Unable to set property "ctl.interface_start" to "aidl/android.hardware.tv.tuner.ITuner/default": error code: 0x20
06-04 18:27:32.935 D/ActivityManager(15731): freezing 16978 com.android.permissioncontroller
06-04 18:27:32.990 D/ActivityManager(15731): freezing 16998 com.android.providers.calendar
06-04 18:27:33.155 D/ActivityManager(15731): freezing 17027 com.android.providers.tv
06-04 18:27:33.197 I/WifiHAL ( 493): call wifi_get_link_stats handler
06-04 18:27:33.198 I/WifiHAL ( 493): Creating message to get link statistics; iface = 16
06-04 18:27:33.198 D/WifiHAL ( 493): error code -95 mapped to -3
06-04 18:27:33.198 E/WifiStaIfaceAidlImpl(15731): getLinkLayerStats failed with service-specific exception: android.os.ServiceSpecificException: (code 4)
06-04 18:27:33.370 D/ActivityManager(15731): freezing 17061 com.android.rkpdapp
06-04 18:27:33.461 W/ServiceManagerCppClient(15825): Waited one second for android.hardware.tv.tuner.ITuner/default (is service started? Number of threads started in the threadpool: 0. Are binder threads started and available?)
06-04 18:27:33.465 W/libc ( 232): Unable to set property "ctl.interface_start" to "aidl/android.hardware.tv.tuner.ITuner/default": error code: 0x20
06-04 18:27:33.681 D/ActivityManager(15731): freezing 17136 com.android.statementservice
06-04 18:27:33.967 D/UtilLog (17165): 日志批量上报 进行正常循环 !!!!!!本次有0次请求,共0条数据
06-04 18:27:34.463 W/ServiceManagerCppClient(15825): Waited one second for android.hardware.tv.tuner.ITuner/default (is service started? Number of threads started in the threadpool: 0. Are binder threads started and available?)
06-04 18:27:34.469 W/libc ( 232): Unable to set property "ctl.interface_start" to "aidl/android.hardware.tv.tuner.ITuner/default": error code: 0x20
06-04 18:27:35.466 W/ServiceManagerCppClient(15825): Waited one second for android.hardware.tv.tuner.ITuner/default (is service started? Number of threads started in the threadpool: 0. Are binder threads started and available?)
06-04 18:27:35.472 W/libc ( 232): Unable to set property "ctl.interface_start" to "aidl/android.hardware.tv.tuner.ITuner/default": error code: 0x20
06-04 18:27:36.204 I/WifiHAL ( 493): call wifi_get_link_stats handler
06-04 18:27:36.204 I/WifiHAL ( 493): Creating message to get link statistics; iface = 16
06-04 18:27:36.204 D/WifiHAL ( 493): error code -95 mapped to -3
06-04 18:27:36.204 E/WifiStaIfaceAidlImpl(15731): getLinkLayerStats failed with service-specific exception: android.os.ServiceSpecificException: (code 4)
06-04 18:27:36.470 W/ServiceManagerCppClient(15825): Waited one second for android.hardware.tv.tuner.ITuner/default (is service started? Number of threads started in the threadpool: 0. Are binder threads started and available?)
06-04 18:27:36.474 W/libc ( 232): Unable to set property "ctl.interface_start" to "aidl/android.hardware.tv.tuner.ITuner/default": error code: 0x20
06-04 18:27:37.133 W/method.sogou.tv(16304): Cleared Reference was only reachable from finalizer (only reported once)
06-04 18:27:37.473 W/ServiceManagerCppClient(15825): Waited one second for android.hardware.tv.tuner.ITuner/default (is service started? Number of threads started in the threadpool: 0. Are binder threads started and available?)
06-04 18:27:37.478 W/libc ( 232): Unable to set property "ctl.interface_start" to "aidl/android.hardware.tv.tuner.ITuner/default": error code: 0x20
06-04 18:27:37.803 I/binder:15609_3(15609): type=1400 audit(0.0:2203): avc: denied { add_name } for name="globalAlert" scontext=u:r:netd:s0 tcontext=u:object_r:proc_net:s0 tclass=dir permissive=1
06-04 18:27:38.476 W/ServiceManagerCppClient(15825): Waited one second for android.hardware.tv.tuner.ITuner/default (is service started? Number of threads started in the threadpool: 0. Are binder threads started and available?)
06-04 18:27:38.481 W/libc ( 232): Unable to set property "ctl.interface_start" to "aidl/android.hardware.tv.tuner.ITuner/default": error code: 0x20
06-04 18:27:38.540 D/XM_HIDREAD( 2053): poll ret=1, event=1
06-04 18:27:38.540 D/XM_HIDREAD( 2053): [9 bytes]:01 00 00 52 00 00 00 00 00
06-04 18:27:38.543 W/SoundPool(15731): Use of stream types is deprecated for operations other than volume control
06-04 18:27:38.544 W/SoundPool(15731): See the documentation of SoundPool() for what to use instead with android.media.AudioAttributes to qualify your playback use case
06-04 18:27:38.545 W/SoundPool(15731): play soundID 2 not READY
06-04 18:27:38.547 I/SogouIME(16304): onKeyDown: keyoCode=19
06-04 18:27:38.548 I/DefaultIMS(16304): onKeyDown: keyoCode=19
06-04 18:27:38.549 I/AmFFmpegByteIOAdapter( 627): File size : 12971
06-04 18:27:38.549 I/AmFFmpegByteIOAdapter( 627): File size : 13195
06-04 18:27:38.550 W/exFFmpeg( 627): Invalid return value 0 for stream protocol
06-04 18:27:38.550 W/exFFmpeg( 627): Invalid return value 0 for stream protocol
06-04 18:27:38.550 W/exFFmpeg( 627): Invalid return value 0 for stream protocol
06-04 18:27:38.550 W/exFFmpeg( 627): Invalid return value 0 for stream protocol
06-04 18:27:38.551 I/AmFFmpegExtractor( 627): checkInList: iswhite:0, mime:audio/ogg, type:1, id:86021 tag:0
06-04 18:27:38.551 I/AmFFmpegExtractor( 627): checkInList: iswhite:1, mime:audio/ogg, type:1, id:86021 tag:0
06-04 18:27:38.551 E/AmFFmpegExtractor( 627): codec_ctx->properties: 0
06-04 18:27:38.551 I/AmFFmpegExtractor( 627): checkSupportInList ret 1
06-04 18:27:38.551 I/AmFFmpegExtractor( 627): checkInList: iswhite:0, mime:audio/ogg, type:1, id:86021 tag:0
06-04 18:27:38.551 I/AmFFmpegExtractor( 627): checkInList: iswhite:1, mime:audio/ogg, type:1, id:86021 tag:0
06-04 18:27:38.551 E/AmFFmpegExtractor( 627): codec_ctx->properties: 0
06-04 18:27:38.551 I/AmFFmpegExtractor( 627): checkSupportInList ret 1
06-04 18:27:38.552 E/SecondScreen(16421): FirstScreenLayoutView dispatchKeyEvent 19
06-04 18:27:38.554 I/AmFFmpegExtractor( 627): checkInList: iswhite:0, mime:audio/ogg, type:1, id:86021 tag:0
06-04 18:27:38.554 I/AmFFmpegExtractor( 627): checkInList: iswhite:1, mime:audio/ogg, type:1, id:86021 tag:0
06-04 18:27:38.554 E/AmFFmpegExtractor( 627): codec_ctx->properties: 0
06-04 18:27:38.554 I/AmFFmpegExtractor( 627): checkSupportInList ret 0
06-04 18:27:38.554 E/AmFFmpegExtractor( 627): vendor do not support
06-04 18:27:38.556 I/AmFFmpegExtractor( 627): checkInList: iswhite:0, mime:audio/ogg, type:1, id:86021 tag:0
06-04 18:27:38.556 I/AmFFmpegExtractor( 627): checkInList: iswhite:1, mime:audio/ogg, type:1, id:86021 tag:0
06-04 18:27:38.556 E/AmFFmpegExtractor( 627): codec_ctx->properties: 0
06-04 18:27:38.556 I/AmFFmpegExtractor( 627): checkSupportInList ret 0
06-04 18:27:38.556 E/AmFFmpegExtractor( 627): vendor do not support
06-04 18:27:38.565 D/MediaCodecList(15731): codecHandlesFormat: no format, so no extra checks
06-04 18:27:38.566 D/TrafficStats(16421): tagSocket(127) with statsTag=0xffffffff, statsUid=-1
06-04 18:27:38.567 D/MediaCodecList(15731): codecHandlesFormat: no format, so no extra checks
06-04 18:27:38.567 D/CCodec (15731): allocate(c2.android.vorbis.decoder)
06-04 18:27:38.569 I/CCodec (15731): setting up 'default' as default (vendor) store
06-04 18:27:38.569 D/CCodec (15731): allocate(c2.android.vorbis.decoder)
06-04 18:27:38.571 I/CCodec (15731): setting up 'default' as default (vendor) store
06-04 18:27:38.572 I/CCodec (15731): Created component [c2.android.vorbis.decoder]
06-04 18:27:38.572 I/CCodec (15731): Created component [c2.android.vorbis.decoder]
06-04 18:27:38.572 D/CCodecConfig(15731): read media type: audio/vorbis
06-04 18:27:38.572 D/CCodecConfig(15731): read media type: audio/vorbis
06-04 18:27:38.575 D/ReflectedParamUpdater(15731): extent() != 1 for single value type: algo.buffers.max-count.values
06-04 18:27:38.575 D/ReflectedParamUpdater(15731): extent() != 1 for single value type: algo.buffers.max-count.values
06-04 18:27:38.575 D/ReflectedParamUpdater(15731): extent() != 1 for single value type: output.subscribed-indices.values
06-04 18:27:38.575 D/ReflectedParamUpdater(15731): extent() != 1 for single value type: output.subscribed-indices.values
06-04 18:27:38.575 D/ReflectedParamUpdater(15731): extent() != 1 for single value type: input.buffers.allocator-ids.values
06-04 18:27:38.575 D/ReflectedParamUpdater(15731): extent() != 1 for single value type: input.buffers.allocator-ids.values
06-04 18:27:38.575 D/ReflectedParamUpdater(15731): extent() != 1 for single value type: output.buffers.allocator-ids.values
06-04 18:27:38.575 D/ReflectedParamUpdater(15731): extent() != 1 for single value type: output.buffers.allocator-ids.values
06-04 18:27:38.575 D/ReflectedParamUpdater(15731): extent() != 1 for single value type: algo.buffers.allocator-ids.values
06-04 18:27:38.575 D/ReflectedParamUpdater(15731): extent() != 1 for single value type: algo.buffers.allocator-ids.values
06-04 18:27:38.575 D/ReflectedParamUpdater(15731): extent() != 1 for single value type: output.buffers.pool-ids.values
06-04 18:27:38.575 D/ReflectedParamUpdater(15731): extent() != 1 for single value type: output.buffers.pool-ids.values
06-04 18:27:38.576 D/ReflectedParamUpdater(15731): extent() != 1 for single value type: algo.buffers.pool-ids.values
06-04 18:27:38.576 D/ReflectedParamUpdater(15731): extent() != 1 for single value type: algo.buffers.pool-ids.values
06-04 18:27:38.577 I/CCodecConfig(15731): query failed after returning 7 values (BAD_INDEX)
06-04 18:27:38.577 D/CCodecConfig(15731): c2 config diff is Dict {
06-04 18:27:38.577 D/CCodecConfig(15731): c2::u32 coded.bitrate.value = 64000
06-04 18:27:38.577 D/CCodecConfig(15731): c2::u32 input.buffers.max-size.value = 32768
06-04 18:27:38.577 D/CCodecConfig(15731): c2::u32 input.delay.value = 0
06-04 18:27:38.577 D/CCodecConfig(15731): string input.media-type.value = "audio/vorbis"
06-04 18:27:38.577 D/CCodecConfig(15731): string output.media-type.value = "audio/raw"
06-04 18:27:38.577 D/CCodecConfig(15731): c2::u32 raw.channel-count.value = 1
06-04 18:27:38.577 D/CCodecConfig(15731): c2::u32 raw.sample-rate.value = 48000
06-04 18:27:38.577 D/CCodecConfig(15731): }
06-04 18:27:38.577 I/CCodecConfig(15731): query failed after returning 7 values (BAD_INDEX)
06-04 18:27:38.577 D/CCodecConfig(15731): c2 config diff is Dict {
06-04 18:27:38.577 D/CCodecConfig(15731): c2::u32 coded.bitrate.value = 64000
06-04 18:27:38.577 D/CCodecConfig(15731): c2::u32 input.buffers.max-size.value = 32768
06-04 18:27:38.577 D/CCodecConfig(15731): c2::u32 input.delay.value = 0
06-04 18:27:38.577 D/CCodecConfig(15731): string input.media-type.value = "audio/vorbis"
06-04 18:27:38.577 D/CCodecConfig(15731): string output.media-type.value = "audio/raw"
06-04 18:27:38.577 D/CCodecConfig(15731): c2::u32 raw.channel-count.value = 1
06-04 18:27:38.577 D/CCodecConfig(15731): c2::u32 raw.sample-rate.value = 48000
06-04 18:27:38.577 D/CCodecConfig(15731): }
06-04 18:27:38.579 D/MediaCodec(15731): flushMediametrics
06-04 18:27:38.579 D/CCodec (15731): [c2.android.vorbis.decoder] buffers are bound to CCodec for this session
06-04 18:27:38.579 D/CCodecConfig(15731): no c2 equivalents for durationUs
06-04 18:27:38.579 D/CCodecConfig(15731): no c2 equivalents for track-id
06-04 18:27:38.579 D/CCodecConfig(15731): no c2 equivalents for csd-1
06-04 18:27:38.579 D/MediaCodec(15731): flushMediametrics
06-04 18:27:38.579 D/CCodecConfig(15731): no c2 equivalents for flags
06-04 18:27:38.580 D/CCodec (15731): [c2.android.vorbis.decoder] buffers are bound to CCodec for this session
06-04 18:27:38.580 D/CCodecConfig(15731): no c2 equivalents for durationUs
06-04 18:27:38.580 D/CCodecConfig(15731): no c2 equivalents for track-id
06-04 18:27:38.580 D/CCodecConfig(15731): no c2 equivalents for csd-1
06-04 18:27:38.580 D/CCodecConfig(15731): no c2 equivalents for flags
06-04 18:27:38.582 D/CCodecConfig(15731): c2 config diff is c2::u32 coded.bitrate.value = 112000
06-04 18:27:38.582 D/CCodecConfig(15731): c2::u32 raw.channel-count.value = 2
06-04 18:27:38.582 D/CCodecConfig(15731): c2::u32 raw.sample-rate.value = 44100
06-04 18:27:38.582 D/CCodecConfig(15731): c2 config diff is c2::u32 coded.bitrate.value = 112000
06-04 18:27:38.582 D/CCodecConfig(15731): c2::u32 raw.channel-count.value = 2
06-04 18:27:38.582 D/CCodecConfig(15731): c2::u32 raw.sample-rate.value = 44100
06-04 18:27:38.583 W/Codec2Client(15731): query -- param skipped: index = 1107298332.
06-04 18:27:38.583 W/Codec2Client(15731): query -- param skipped: index = 1107298332.
06-04 18:27:38.583 D/CCodec (15731): encoding statistics level = 0
06-04 18:27:38.583 D/CCodec (15731): encoding statistics level = 0
06-04 18:27:38.583 D/CCodec (15731): setup formats input: AMessage(what = 0x00000000) = {
06-04 18:27:38.583 D/CCodec (15731): int32_t bitrate = 112000
06-04 18:27:38.583 D/CCodec (15731): int32_t channel-count = 2
06-04 18:27:38.583 D/CCodec (15731): int32_t max-input-size = 32768
06-04 18:27:38.583 D/CCodec (15731): string mime = "audio/vorbis"
06-04 18:27:38.583 D/CCodec (15731): int32_t sample-rate = 44100
06-04 18:27:38.583 D/CCodec (15731): }
06-04 18:27:38.583 D/CCodec (15731): setup formats input: AMessage(what = 0x00000000) = {
06-04 18:27:38.583 D/CCodec (15731): int32_t bitrate = 112000
06-04 18:27:38.583 D/CCodec (15731): int32_t channel-count = 2
06-04 18:27:38.583 D/CCodec (15731): int32_t max-input-size = 32768
06-04 18:27:38.583 D/CCodec (15731): string mime = "audio/vorbis"
06-04 18:27:38.583 D/CCodec (15731): int32_t sample-rate = 44100
06-04 18:27:38.583 D/CCodec (15731): }
06-04 18:27:38.583 D/CCodec (15731): setup formats output: AMessage(what = 0x00000000) = {
06-04 18:27:38.583 D/CCodec (15731): int32_t channel-count = 2
06-04 18:27:38.583 D/CCodec (15731): string mime = "audio/raw"
06-04 18:27:38.583 D/CCodec (15731): int32_t sample-rate = 44100
06-04 18:27:38.583 D/CCodec (15731): int32_t channel-mask = 3
06-04 18:27:38.583 D/CCodec (15731): int32_t android._config-pcm-encoding = 2
06-04 18:27:38.583 D/CCodec (15731): }
06-04 18:27:38.583 D/CCodec (15731): setup formats output: AMessage(what = 0x00000000) = {
06-04 18:27:38.583 D/CCodec (15731): int32_t channel-count = 2
06-04 18:27:38.583 D/CCodec (15731): string mime = "audio/raw"
06-04 18:27:38.583 D/CCodec (15731): int32_t sample-rate = 44100
06-04 18:27:38.583 D/CCodec (15731): int32_t channel-mask = 3
06-04 18:27:38.583 D/CCodec (15731): int32_t android._config-pcm-encoding = 2
06-04 18:27:38.583 D/CCodec (15731): }
06-04 18:27:38.583 I/CCodecConfig(15731): query failed after returning 7 values (BAD_INDEX)
06-04 18:27:38.583 I/CCodecConfig(15731): query failed after returning 7 values (BAD_INDEX)
06-04 18:27:38.584 W/Codec2Client(15731): query -- param skipped: index = 1342179345.
06-04 18:27:38.584 W/Codec2Client(15731): query -- param skipped: index = 1342179345.
06-04 18:27:38.584 W/Codec2Client(15731): query -- param skipped: index = 2415921170.
06-04 18:27:38.584 W/Codec2Client(15731): query -- param skipped: index = 2415921170.
06-04 18:27:38.585 D/BufferPoolAccessor2.0( 634): bufferpool2 0xeb9004a8 : 0(0 size) total buffers - 0(0 size) used buffers - 5/7 (recycle/alloc) - 2/6 (fetch/transfer)
06-04 18:27:38.585 D/BufferPoolAccessor2.0( 634): bufferpool2 0xeb901b28 : 0(0 size) total buffers - 0(0 size) used buffers - 7/10 (recycle/alloc) - 3/9 (fetch/transfer)
06-04 18:27:38.585 D/BufferPoolAccessor2.0( 634): bufferpool2 0xeb902ae8 : 0(0 size) total buffers - 0(0 size) used buffers - 8/10 (recycle/alloc) - 2/9 (fetch/transfer)
06-04 18:27:38.585 D/BufferPoolAccessor2.0( 634): Destruction - bufferpool2 0xeb901b28 cached: 0/0M, 0/0% in use; allocs: 10, 70% recycled; transfers: 9, 67% unfetched
06-04 18:27:38.585 D/BufferPoolAccessor2.0( 634): Destruction - bufferpool2 0xeb902ae8 cached: 0/0M, 0/0% in use; allocs: 10, 80% recycled; transfers: 9, 78% unfetched
06-04 18:27:38.585 D/CCodecBufferChannel(15731): [c2.android.vorbis.decoder#881] Created input block pool with allocatorID 16 => poolID 23 - OK (0)
06-04 18:27:38.585 D/BufferPoolAccessor2.0( 634): bufferpool2 0xeb9017c8 : 0(0 size) total buffers - 0(0 size) used buffers - 12/15 (recycle/alloc) - 3/14 (fetch/transfer)
06-04 18:27:38.585 D/BufferPoolAccessor2.0( 634): Destruction - bufferpool2 0xeb9017c8 cached: 0/0M, 0/0% in use; allocs: 15, 80% recycled; transfers: 14, 79% unfetched
06-04 18:27:38.586 D/BufferPoolAccessor2.0( 634): Destruction - bufferpool2 0xeb9004a8 cached: 0/0M, 0/0% in use; allocs: 7, 71% recycled; transfers: 6, 67% unfetched
06-04 18:27:38.586 D/BufferPoolAccessor2.0( 634): bufferpool2 0xeb902c08 : 0(0 size) total buffers - 0(0 size) used buffers - 13/15 (recycle/alloc) - 2/14 (fetch/transfer)
06-04 18:27:38.586 D/CCodecBufferChannel(15731): [c2.android.vorbis.decoder#801] Created input block pool with allocatorID 16 => poolID 24 - OK (0)
06-04 18:27:38.586 D/BufferPoolAccessor2.0( 634): Destruction - bufferpool2 0xeb902c08 cached: 0/0M, 0/0% in use; allocs: 15, 87% recycled; transfers: 14, 86% unfetched
06-04 18:27:38.586 D/BufferPoolAccessor2.0( 634): bufferpool2 0xeb9028a8 : 0(0 size) total buffers - 0(0 size) used buffers - 9/11 (recycle/alloc) - 2/10 (fetch/transfer)
06-04 18:27:38.586 D/BufferPoolAccessor2.0( 634): Destruction - bufferpool2 0xeb9028a8 cached: 0/0M, 0/0% in use; allocs: 11, 82% recycled; transfers: 10, 80% unfetched
06-04 18:27:38.587 D/BufferPoolAccessor2.0(15731): bufferpool2 0xc0bb9628 : 0(0 size) total buffers - 0(0 size) used buffers - 2/7 (recycle/alloc) - 5/18 (fetch/transfer)
06-04 18:27:38.587 D/BufferPoolAccessor2.0(15731): Destruction - bufferpool2 0xc0bb9628 cached: 0/0M, 0/0% in use; allocs: 7, 29% recycled; transfers: 18, 72% unfetched
06-04 18:27:38.587 D/BufferPoolAccessor2.0(15731): bufferpool2 0xc0bb0ce8 : 0(0 size) total buffers - 0(0 size) used buffers - 2/7 (recycle/alloc) - 5/24 (fetch/transfer)
06-04 18:27:38.587 D/BufferPoolAccessor2.0(15731): Destruction - bufferpool2 0xc0bb0ce8 cached: 0/0M, 0/0% in use; allocs: 7, 29% recycled; transfers: 24, 79% unfetched
06-04 18:27:38.587 D/BufferPoolAccessor2.0(15731): bufferpool2 0xc0bba828 : 0(0 size) total buffers - 0(0 size) used buffers - 2/7 (recycle/alloc) - 5/24 (fetch/transfer)
06-04 18:27:38.587 D/BufferPoolAccessor2.0(15731): bufferpool2 0xc0bba4c8 : 0(0 size) total buffers - 0(0 size) used buffers - 2/7 (recycle/alloc) - 5/26 (fetch/transfer)
06-04 18:27:38.587 D/BufferPoolAccessor2.0(15731): bufferpool2 0xc0bbe2a8 : 0(0 size) total buffers - 0(0 size) used buffers - 1/7 (recycle/alloc) - 6/34 (fetch/transfer)
06-04 18:27:38.587 D/BufferPoolAccessor2.0(15731): Destruction - bufferpool2 0xc0bba4c8 cached: 0/0M, 0/0% in use; allocs: 7, 29% recycled; transfers: 26, 81% unfetched
06-04 18:27:38.587 D/BufferPoolAccessor2.0(15731): Destruction - bufferpool2 0xc0bbe2a8 cached: 0/0M, 0/0% in use; allocs: 7, 14% recycled; transfers: 34, 82% unfetched
06-04 18:27:38.587 D/BufferPoolAccessor2.0(15731): bufferpool2 0xc0bb8f68 : 0(0 size) total buffers - 0(0 size) used buffers - 1/7 (recycle/alloc) - 6/34 (fetch/transfer)
06-04 18:27:38.587 D/BufferPoolAccessor2.0(15731): Destruction - bufferpool2 0xc0bb8f68 cached: 0/0M, 0/0% in use; allocs: 7, 14% recycled; transfers: 34, 82% unfetched
06-04 18:27:38.587 I/CCodecBufferChannel(15731): [c2.android.vorbis.decoder#881] Created output block pool with allocatorID 16 => poolID 32 - OK
06-04 18:27:38.588 D/CCodecBufferChannel(15731): [c2.android.vorbis.decoder#881] Configured output block pool ids 32 => OK
06-04 18:27:38.588 D/BufferPoolAccessor2.0(15731): Destruction - bufferpool2 0xc0bba828 cached: 0/0M, 0/0% in use; allocs: 7, 29% recycled; transfers: 24, 79% unfetched
06-04 18:27:38.588 I/C2VendorComponentStore( 475): setDmaBufUsage 5
06-04 18:27:38.588 I/CCodecBufferChannel(15731): [c2.android.vorbis.decoder#801] Created output block pool with allocatorID 16 => poolID 33 - OK
06-04 18:27:38.588 D/CCodecBufferChannel(15731): [c2.android.vorbis.decoder#801] Configured output block pool ids 33 => OK
06-04 18:27:38.589 D/SimpleC2Component( 634): Using output block pool with poolID 32 => got 32 - 0
06-04 18:27:38.590 D/SimpleC2Component( 634): Using output block pool with poolID 33 => got 33 - 0
06-04 18:27:38.617 I/C2VendorComponentStore( 475): setDmaBufUsage 5
06-04 18:27:38.641 D/TrafficStats(16587): tagSocket(207) with statsTag=0xffffffff, statsUid=-1
06-04 18:27:38.652 D/XM_HIDREAD( 2053): poll ret=1, event=1
06-04 18:27:38.653 D/XM_HIDREAD( 2053): [9 bytes]:01 00 00 00 00 00 00 00 00
06-04 18:27:38.654 I/SogouIME(16304): onKeyUp: keyoCode=19
06-04 18:27:38.654 I/DefaultIMS(16304): onKeyUp: keyoCode=19
06-04 18:27:38.655 E/SecondScreen(16421): FirstScreenLayoutView dispatchKeyEvent 19
06-04 18:27:38.656 D/CCodecBufferChannel(15731): [c2.android.vorbis.decoder#801] MediaCodec discarded an unknown buffer
06-04 18:27:38.656 D/CCodecBufferChannel(15731): [c2.android.vorbis.decoder#801] MediaCodec discarded an unknown buffer
06-04 18:27:38.658 I/hw-BpHwBinder(15731): onLastStrongRef automatically unlinking death recipients
06-04 18:27:38.658 I/hw-BpHwBinder( 634): onLastStrongRef automatically unlinking death recipients
06-04 18:27:38.659 D/MediaCodec(15731): flushMediametrics
06-04 18:27:38.664 I/AmFFmpegByteIOAdapter( 627): File size : 13299
06-04 18:27:38.665 W/exFFmpeg( 627): Invalid return value 0 for stream protocol
06-04 18:27:38.665 W/exFFmpeg( 627): Invalid return value 0 for stream protocol
06-04 18:27:38.665 I/AmFFmpegExtractor( 627): checkInList: iswhite:0, mime:audio/ogg, type:1, id:86021 tag:0
06-04 18:27:38.665 I/AmFFmpegExtractor( 627): checkInList: iswhite:1, mime:audio/ogg, type:1, id:86021 tag:0
06-04 18:27:38.665 E/AmFFmpegExtractor( 627): codec_ctx->properties: 0
06-04 18:27:38.665 I/AmFFmpegExtractor( 627): checkSupportInList ret 1
06-04 18:27:38.668 I/AmFFmpegExtractor( 627): checkInList: iswhite:0, mime:audio/ogg, type:1, id:86021 tag:0
06-04 18:27:38.668 I/AmFFmpegExtractor( 627): checkInList: iswhite:1, mime:audio/ogg, type:1, id:86021 tag:0
06-04 18:27:38.668 E/AmFFmpegExtractor( 627): codec_ctx->properties: 0
06-04 18:27:38.668 I/AmFFmpegExtractor( 627): checkSupportInList ret 0
06-04 18:27:38.668 E/AmFFmpegExtractor( 627): vendor do not support
06-04 18:27:38.670 D/CCodecBufferChannel(15731): [c2.android.vorbis.decoder#881] MediaCodec discarded an unknown buffer
06-04 18:27:38.670 D/CCodecBufferChannel(15731): [c2.android.vorbis.decoder#881] MediaCodec discarded an unknown buffer
06-04 18:27:38.670 D/CCodecBufferChannel(15731): [c2.android.vorbis.decoder#881] MediaCodec discarded an unknown buffer
06-04 18:27:38.671 I/hw-BpHwBinder( 634): onLastStrongRef automatically unlinking death recipients
06-04 18:27:38.671 I/hw-BpHwBinder( 634): onLastStrongRef automatically unlinking death recipients
06-04 18:27:38.672 I/hw-BpHwBinder(15731): onLastStrongRef automatically unlinking death recipients
06-04 18:27:38.673 D/MediaCodec(15731): flushMediametrics
06-04 18:27:38.674 D/MediaCodecList(15731): codecHandlesFormat: no format, so no extra checks
06-04 18:27:38.676 D/CCodec (15731): allocate(c2.android.vorbis.decoder)
06-04 18:27:38.677 I/CCodec (15731): setting up 'default' as default (vendor) store
06-04 18:27:38.680 I/CCodec (15731): Created component [c2.android.vorbis.decoder]
06-04 18:27:38.680 D/CCodecConfig(15731): read media type: audio/vorbis
06-04 18:27:38.682 D/ReflectedParamUpdater(15731): extent() != 1 for single value type: algo.buffers.max-count.values
06-04 18:27:38.682 D/ReflectedParamUpdater(15731): extent() != 1 for single value type: output.subscribed-indices.values
06-04 18:27:38.682 D/ReflectedParamUpdater(15731): extent() != 1 for single value type: input.buffers.allocator-ids.values
06-04 18:27:38.682 D/ReflectedParamUpdater(15731): extent() != 1 for single value type: output.buffers.allocator-ids.values
06-04 18:27:38.682 D/ReflectedParamUpdater(15731): extent() != 1 for single value type: algo.buffers.allocator-ids.values
06-04 18:27:38.682 D/ReflectedParamUpdater(15731): extent() != 1 for single value type: output.buffers.pool-ids.values
06-04 18:27:38.682 D/ReflectedParamUpdater(15731): extent() != 1 for single value type: algo.buffers.pool-ids.values
06-04 18:27:38.684 I/CCodecConfig(15731): query failed after returning 7 values (BAD_INDEX)
06-04 18:27:38.684 D/CCodecConfig(15731): c2 config diff is Dict {
06-04 18:27:38.684 D/CCodecConfig(15731): c2::u32 coded.bitrate.value = 64000
06-04 18:27:38.684 D/CCodecConfig(15731): c2::u32 input.buffers.max-size.value = 32768
06-04 18:27:38.684 D/CCodecConfig(15731): c2::u32 input.delay.value = 0
06-04 18:27:38.684 D/CCodecConfig(15731): string input.media-type.value = "audio/vorbis"
06-04 18:27:38.684 D/CCodecConfig(15731): string output.media-type.value = "audio/raw"
06-04 18:27:38.684 D/CCodecConfig(15731): c2::u32 raw.channel-count.value = 1
06-04 18:27:38.684 D/CCodecConfig(15731): c2::u32 raw.sample-rate.value = 48000
06-04 18:27:38.684 D/CCodecConfig(15731): }
06-04 18:27:38.685 D/MediaCodec(15731): flushMediametrics
06-04 18:27:38.685 D/CCodec (15731): [c2.android.vorbis.decoder] buffers are bound to CCodec for this session
06-04 18:27:38.686 D/CCodecConfig(15731): no c2 equivalents for durationUs
06-04 18:27:38.686 D/CCodecConfig(15731): no c2 equivalents for track-id
06-04 18:27:38.686 D/CCodecConfig(15731): no c2 equivalents for csd-1
06-04 18:27:38.686 D/CCodecConfig(15731): no c2 equivalents for flags
06-04 18:27:38.686 D/CCodecConfig(15731): c2 config diff is c2::u32 coded.bitrate.value = 112000
06-04 18:27:38.686 D/CCodecConfig(15731): c2::u32 raw.channel-count.value = 2
06-04 18:27:38.686 D/CCodecConfig(15731): c2::u32 raw.sample-rate.value = 44100
06-04 18:27:38.687 W/Codec2Client(15731): query -- param skipped: index = 1107298332.
06-04 18:27:38.687 D/CCodec (15731): encoding statistics level = 0
06-04 18:27:38.687 D/CCodec (15731): setup formats input: AMessage(what = 0x00000000) = {
06-04 18:27:38.687 D/CCodec (15731): int32_t bitrate = 112000
06-04 18:27:38.687 D/CCodec (15731): int32_t channel-count = 2
06-04 18:27:38.687 D/CCodec (15731): int32_t max-input-size = 32768
06-04 18:27:38.687 D/CCodec (15731): string mime = "audio/vorbis"
06-04 18:27:38.687 D/CCodec (15731): int32_t sample-rate = 44100
06-04 18:27:38.687 D/CCodec (15731): }
06-04 18:27:38.687 D/CCodec (15731): setup formats output: AMessage(what = 0x00000000) = {
06-04 18:27:38.687 D/CCodec (15731): int32_t channel-count = 2
06-04 18:27:38.687 D/CCodec (15731): string mime = "audio/raw"
06-04 18:27:38.687 D/CCodec (15731): int32_t sample-rate = 44100
06-04 18:27:38.687 D/CCodec (15731): int32_t channel-mask = 3
06-04 18:27:38.687 D/CCodec (15731): int32_t android._config-pcm-encoding = 2
06-04 18:27:38.687 D/CCodec (15731): }
06-04 18:27:38.687 I/CCodecConfig(15731): query failed after returning 7 values (BAD_INDEX)
06-04 18:27:38.688 W/Codec2Client(15731): query -- param skipped: index = 1342179345.
06-04 18:27:38.688 W/Codec2Client(15731): query -- param skipped: index = 2415921170.
06-04 18:27:38.689 D/CCodecBufferChannel(15731): [c2.android.vorbis.decoder#201] Created input block pool with allocatorID 16 => poolID 25 - OK (0)
06-04 18:27:38.690 I/CCodecBufferChannel(15731): [c2.android.vorbis.decoder#201] Created output block pool with allocatorID 16 => poolID 34 - OK
06-04 18:27:38.690 D/CCodecBufferChannel(15731): [c2.android.vorbis.decoder#201] Configured output block pool ids 34 => OK
06-04 18:27:38.690 I/C2VendorComponentStore( 475): setDmaBufUsage 5
06-04 18:27:38.692 D/SimpleC2Component( 634): Using output block pool with poolID 34 => got 34 - 0
06-04 18:27:38.697 I/C2VendorComponentStore( 475): setDmaBufUsage 5
06-04 18:27:38.717 D/CCodecBufferChannel(15731): [c2.android.vorbis.decoder#201] MediaCodec discarded an unknown buffer
06-04 18:27:38.717 D/CCodecBufferChannel(15731): [c2.android.vorbis.decoder#201] MediaCodec discarded an unknown buffer
06-04 18:27:38.718 I/hw-BpHwBinder(15731): onLastStrongRef automatically unlinking death recipients
06-04 18:27:38.718 I/hw-BpHwBinder( 634): onLastStrongRef automatically unlinking death recipients
06-04 18:27:38.718 I/hw-BpHwBinder( 634): onLastStrongRef automatically unlinking death recipients
06-04 18:27:38.719 D/ActivityManager(15731): freezing 16615 android.process.media
06-04 18:27:38.723 D/MediaCodec(15731): flushMediametrics
06-04 18:27:38.754 D/XM_HIDREAD( 2053): poll ret=1, event=1
06-04 18:27:38.754 D/XM_HIDREAD( 2053): [9 bytes]:01 00 00 52 00 00 00 00 00
06-04 18:27:38.760 W/AudioFlinger(15606): createTrack_l(): mismatch between requested flags (00000004) and output flags (00000002)
06-04 18:27:38.763 I/audio_hw_hal_primary(15619): [audiohal_get_latency:1333] io 13: out:0xebe415a0 frames:2176 rate:48000 whole_latency:45 alsa_latency:45
06-04 18:27:38.776 I/audio_hw_hal_primary(15619): [register_audio_patch:8215] Patch 3:id:3 mix(io:13)->dev_0[OUT_HDMI(id:22)] found, register the same patch, do nothing.
06-04 18:27:38.776 I/audio_hw_hal_primary(15619): [adev_create_audio_patch:8316] Patch 3: MIX->DEVICE, num_src:1 num_sink:1 patch_src:INVAL
06-04 18:27:38.776 I/audio_hw_hal_primary(15619): [adev_create_audio_patch:8320] sink[0]: OUT_HDMI(id:22)
06-04 18:27:38.776 I/audio_hw_hal_primary(15619): [adev_create_audio_patch:8377] Patch 3: mix(io:13) -> dev[OUT_HDMI(id:22)]
06-04 18:27:38.776 I/audio_hw_hal_primary(15619): [adev_create_audio_patch:8445] dev=0xec1014a0 cur_out_device=0x400
06-04 18:27:38.776 D/UEventObserver(15928): change@/devices/platform/auge_sound/sound/card0/controlC0ACTION=changeDEVPATH=/devices/platform/auge_sound/sound/card0/controlC0SUBSYSTEM=soundAUDIO_FORMAT=0MAJOR=116MINOR=13DEVNAME=snd/controlC0SEQNUM=4438
06-04 18:27:38.775 I/xm_hidread( 2053): type=1400 audit(0.0:2204): avc: denied { read } for scontext=u:r:init:s0 tcontext=u:r:init:s0 tclass=netlink_kobject_uevent_socket permissive=1
06-04 18:27:38.788 D/audioserver(15606): logFgsApiBegin: FGS Logger Transaction failed, -129
06-04 18:27:38.789 I/audio_hw_hal_primary(15619): out_update_source_metadata_v7() line 2013 usage:1 content_type:2
06-04 18:27:38.789 I/SogouIME(16304): onKeyDown: keyoCode=19
06-04 18:27:38.789 I/DefaultIMS(16304): onKeyDown: keyoCode=19
06-04 18:27:38.791 D/audio_hw_hal_ms12v2(15619): set_dolby_ms12_continuous_state audio_continuous_standby_set status 0
06-04 18:27:38.791 D/audio_hw_hal_continuous_standby(15619): audio_continuous_standby_set, type 0, params 0
06-04 18:27:38.791 I/audio_hw_hal_ms12common(15619): aml_set_ms12_scheduler_state ms12_scheduler_state:0, sch_state:0 SCHEDULER_RUNNING is sent to ms12
06-04 18:27:38.791 I/audio_hw_hal_primary(15619): [mixer_aux_buffer_write:7017] io 13: out:0xebe415a0 usecase:PCM_NORMAL standby to unstandby
06-04 18:27:38.791 E/audio_hw_hal_virtualbuf(15619): ms12 system input underrun happens read=40497800311 write=3583999944 diff=36913800367
06-04 18:27:38.791 E/SecondScreen(16421): FirstScreenLayoutView dispatchKeyEvent 19
06-04 18:27:38.813 I/audio_hw_hal_stream(15619): aml_stream_out_info_print: out:0xebe415a0, stream_type:pcm, sync_mode:non tunnel, input_size:688128 bytes
06-04 18:27:38.813 I/audio_hw_hal_stream(15619): aml_stream_out_info_print: last_time:7600473 ms (sec:7600, nsec:473440456), last_position:3420 ms (164176), cur_time:7637513 ms (sec:7637, nsec:513574307), cur_position:3511 ms (168528)
06-04 18:27:38.813 I/audio_hw_hal_stream(15619): aml_stream_out_info_print: time_gap:37040 ms (thr:100 ms), position_gap:90 ms, delay:73 ms, jitter: Position gap is behind system time gap by 36950 ms (thr:100 ms)
06-04 18:27:38.900 D/XM_HIDREAD( 2053): poll ret=1, event=1
06-04 18:27:38.900 D/XM_HIDREAD( 2053): [9 bytes]:01 00 00 00 00 00 00 00 00
06-04 18:27:38.902 I/SogouIME(16304): onKeyUp: keyoCode=19
06-04 18:27:38.902 I/DefaultIMS(16304): onKeyUp: keyoCode=19
06-04 18:27:38.903 E/SecondScreen(16421): FirstScreenLayoutView dispatchKeyEvent 19
06-04 18:27:38.934 I/audio_hw_hal_primary(15619): [audiohal_get_latency:1333] io 13: out:0xebe415a0 frames:1152 rate:48000 whole_latency:24 alsa_latency:24
06-04 18:27:38.956 I/audio_hw_hal_primary(15619): [audiohal_get_latency:1333] io 13: out:0xebe415a0 frames:1152 rate:48000 whole_latency:24 alsa_latency:24
06-04 18:27:38.973 I/audio_hw_hal_primary(15619): [audiohal_get_latency:1333] io 13: out:0xebe415a0 frames:1024 rate:48000 whole_latency:21 alsa_latency:21
06-04 18:27:38.995 I/audio_hw_hal_primary(15619): [audiohal_get_latency:1333] io 13: out:0xebe415a0 frames:1024 rate:48000 whole_latency:21 alsa_latency:21
06-04 18:27:39.014 I/audio_hw_hal_primary(15619): [audiohal_get_latency:1333] io 13: out:0xebe415a0 frames:1152 rate:48000 whole_latency:24 alsa_latency:24
06-04 18:27:39.015 D/audioserver(15606): logFgsApiEnd: FGS Logger Transaction failed, -129
06-04 18:27:39.210 I/WifiHAL ( 493): call wifi_get_link_stats handler
06-04 18:27:39.210 I/WifiHAL ( 493): Creating message to get link statistics; iface = 16
06-04 18:27:39.210 D/WifiHAL ( 493): error code -95 mapped to -3
06-04 18:27:39.210 E/WifiStaIfaceAidlImpl(15731): getLinkLayerStats failed with service-specific exception: android.os.ServiceSpecificException: (code 4)
06-04 18:27:39.271 D/XM_HIDREAD( 2053): poll ret=1, event=1
06-04 18:27:39.271 D/XM_HIDREAD( 2053): [9 bytes]:01 00 00 4F 00 00 00 00 00
06-04 18:27:39.295 I/audio_hw_hal_primary(15619): [register_audio_patch:8215] Patch 3:id:3 mix(io:13)->dev_0[OUT_HDMI(id:22)] found, register the same patch, do nothing.
06-04 18:27:39.295 I/audio_hw_hal_primary(15619): [adev_create_audio_patch:8316] Patch 3: MIX->DEVICE, num_src:1 num_sink:1 patch_src:INVAL
06-04 18:27:39.295 I/audio_hw_hal_primary(15619): [adev_create_audio_patch:8320] sink[0]: OUT_HDMI(id:22)
06-04 18:27:39.295 I/audio_hw_hal_primary(15619): [adev_create_audio_patch:8377] Patch 3: mix(io:13) -> dev[OUT_HDMI(id:22)]
06-04 18:27:39.295 D/UEventObserver(15928): change@/devices/platform/auge_sound/sound/card0/controlC0ACTION=changeDEVPATH=/devices/platform/auge_sound/sound/card0/controlC0SUBSYSTEM=soundAUDIO_FORMAT=0MAJOR=116MINOR=13DEVNAME=snd/controlC0SEQNUM=4439
06-04 18:27:39.295 I/audio_hw_hal_primary(15619): [adev_create_audio_patch:8445] dev=0xec1014a0 cur_out_device=0x400
06-04 18:27:39.301 D/audioserver(15606): logFgsApiBegin: FGS Logger Transaction failed, -129
06-04 18:27:39.305 I/audio_hw_hal_primary(15619): out_update_source_metadata_v7() line 2013 usage:1 content_type:2
06-04 18:27:39.305 I/SogouIME(16304): onKeyDown: keyoCode=22
06-04 18:27:39.305 I/DefaultIMS(16304): onKeyDown: keyoCode=22
06-04 18:27:39.307 E/SecondScreen(16421): FirstScreenLayoutView dispatchKeyEvent 22
06-04 18:27:39.316 W/AudioFlinger(15606): createTrack_l(): mismatch between requested flags (00000004) and output flags (00000002)
06-04 18:27:39.318 I/audio_hw_hal_primary(15619): [audiohal_get_latency:1333] io 13: out:0xebe415a0 frames:1152 rate:48000 whole_latency:24 alsa_latency:24
06-04 18:27:39.336 I/audio_hw_hal_primary(15619): [register_audio_patch:8215] Patch 3:id:3 mix(io:13)->dev_0[OUT_HDMI(id:22)] found, register the same patch, do nothing.
06-04 18:27:39.336 I/audio_hw_hal_primary(15619): [adev_create_audio_patch:8316] Patch 3: MIX->DEVICE, num_src:1 num_sink:1 patch_src:INVAL
06-04 18:27:39.336 I/audio_hw_hal_primary(15619): [adev_create_audio_patch:8320] sink[0]: OUT_HDMI(id:22)
06-04 18:27:39.336 I/audio_hw_hal_primary(15619): [adev_create_audio_patch:8377] Patch 3: mix(io:13) -> dev[OUT_HDMI(id:22)]
06-04 18:27:39.336 D/UEventObserver(15928): change@/devices/platform/auge_sound/sound/card0/controlC0ACTION=changeDEVPATH=/devices/platform/auge_sound/sound/card0/controlC0SUBSYSTEM=soundAUDIO_FORMAT=0MAJOR=116MINOR=13DEVNAME=snd/controlC0SEQNUM=4440
06-04 18:27:39.336 I/audio_hw_hal_primary(15619): [adev_create_audio_patch:8445] dev=0xec1014a0 cur_out_device=0x400
06-04 18:27:39.336 D/audioserver(15606): logFgsApiEnd: FGS Logger Transaction failed, -129
06-04 18:27:39.336 D/audioserver(15606): logFgsApiBegin: FGS Logger Transaction failed, -129
06-04 18:27:39.337 I/audio_hw_hal_primary(15619): out_update_source_metadata_v7() line 2013 usage:1 content_type:2
06-04 18:27:39.340 D/audioserver(15606): logFgsApiBegin: FGS Logger Transaction failed, -129
06-04 18:27:39.377 I/audio_hw_hal_primary(15619): out_update_source_metadata_v7() line 2013 usage:1 content_type:2
06-04 18:27:39.384 D/XM_HIDREAD( 2053): poll ret=1, event=1
06-04 18:27:39.384 D/XM_HIDREAD( 2053): [9 bytes]:01 00 00 00 00 00 00 00 00
06-04 18:27:39.386 I/SogouIME(16304): onKeyUp: keyoCode=22
06-04 18:27:39.386 I/DefaultIMS(16304): onKeyUp: keyoCode=22
06-04 18:27:39.387 E/SecondScreen(16421): FirstScreenLayoutView dispatchKeyEvent 22
06-04 18:27:39.427 I/audio_hw_hal_alsamgr(15619): alsa format =0x1 delay frames =1024 total frames=2366720
06-04 18:27:39.457 I/audio_hw_hal_primary(15619): [audiohal_get_latency:1333] io 13: out:0xebe415a0 frames:1152 rate:48000 whole_latency:24 alsa_latency:24
06-04 18:27:39.479 W/ServiceManagerCppClient(15825): Waited one second for android.hardware.tv.tuner.ITuner/default (is service started? Number of threads started in the threadpool: 0. Are binder threads started and available?)
06-04 18:27:39.484 W/libc ( 232): Unable to set property "ctl.interface_start" to "aidl/android.hardware.tv.tuner.ITuner/default": error code: 0x20
06-04 18:27:39.496 I/audio_hw_hal_primary(15619): [audiohal_get_latency:1333] io 13: out:0xebe415a0 frames:1280 rate:48000 whole_latency:26 alsa_latency:26
06-04 18:27:39.497 I/audio_hw_hal_primary(15619): [audiohal_get_latency:1333] io 13: out:0xebe415a0 frames:1280 rate:48000 whole_latency:26 alsa_latency:26
06-04 18:27:39.518 I/audio_hw_hal_primary(15619): [audiohal_get_latency:1333] io 13: out:0xebe415a0 frames:1024 rate:48000 whole_latency:21 alsa_latency:21
06-04 18:27:39.518 I/audio_hw_hal_primary(15619): [audiohal_get_latency:1333] io 13: out:0xebe415a0 frames:1024 rate:48000 whole_latency:21 alsa_latency:21
06-04 18:27:39.535 I/audio_hw_hal_primary(15619): [audiohal_get_latency:1333] io 13: out:0xebe415a0 frames:1152 rate:48000 whole_latency:24 alsa_latency:24
06-04 18:27:39.536 I/audio_hw_hal_primary(15619): [audiohal_get_latency:1333] io 13: out:0xebe415a0 frames:1152 rate:48000 whole_latency:24 alsa_latency:24
06-04 18:27:39.558 I/audio_hw_hal_primary(15619): [audiohal_get_latency:1333] io 13: out:0xebe415a0 frames:1152 rate:48000 whole_latency:24 alsa_latency:24
06-04 18:27:39.558 I/audio_hw_hal_primary(15619): [audiohal_get_latency:1333] io 13: out:0xebe415a0 frames:1152 rate:48000 whole_latency:24 alsa_latency:24
06-04 18:27:39.576 I/audio_hw_hal_primary(15619): [audiohal_get_latency:1333] io 13: out:0xebe415a0 frames:1024 rate:48000 whole_latency:21 alsa_latency:21
06-04 18:27:39.576 I/audio_hw_hal_primary(15619): [audiohal_get_latency:1333] io 13: out:0xebe415a0 frames:1024 rate:48000 whole_latency:21 alsa_latency:21
06-04 18:27:39.576 D/audioserver(15606): logFgsApiEnd: FGS Logger Transaction failed, -129
06-04 18:27:39.578 I/audio_hw_hal_primary(15619): out_update_source_metadata_v7() line 2013 usage:13 content_type:4
06-04 18:27:39.600 I/audio_hw_hal_primary(15619): [audiohal_get_latency:1333] io 13: out:0xebe415a0 frames:1152 rate:48000 whole_latency:24 alsa_latency:24
06-04 18:27:39.616 I/audio_hw_hal_primary(15619): [audiohal_get_latency:1333] io 13: out:0xebe415a0 frames:1152 rate:48000 whole_latency:24 alsa_latency:24
06-04 18:27:39.617 D/audioserver(15606): logFgsApiEnd: FGS Logger Transaction failed, -129
06-04 18:27:39.890 D/XM_HIDREAD( 2053): poll ret=1, event=1
06-04 18:27:39.890 D/XM_HIDREAD( 2053): [9 bytes]:01 00 00 4F 00 00 00 00 00
06-04 18:27:39.903 I/audio_hw_hal_primary(15619): [register_audio_patch:8215] Patch 3:id:3 mix(io:13)->dev_0[OUT_HDMI(id:22)] found, register the same patch, do nothing.
06-04 18:27:39.903 I/audio_hw_hal_primary(15619): [adev_create_audio_patch:8316] Patch 3: MIX->DEVICE, num_src:1 num_sink:1 patch_src:INVAL
06-04 18:27:39.903 I/audio_hw_hal_primary(15619): [adev_create_audio_patch:8320] sink[0]: OUT_HDMI(id:22)
06-04 18:27:39.903 I/audio_hw_hal_primary(15619): [adev_create_audio_patch:8377] Patch 3: mix(io:13) -> dev[OUT_HDMI(id:22)]
06-04 18:27:39.903 D/UEventObserver(15928): change@/devices/platform/auge_sound/sound/card0/controlC0ACTION=changeDEVPATH=/devices/platform/auge_sound/sound/card0/controlC0SUBSYSTEM=soundAUDIO_FORMAT=0MAJOR=116MINOR=13DEVNAME=snd/controlC0SEQNUM=4441
06-04 18:27:39.903 I/audio_hw_hal_primary(15619): [adev_create_audio_patch:8445] dev=0xec1014a0 cur_out_device=0x400
06-04 18:27:39.903 I/xm_hidread( 2053): type=1400 audit(0.0:2205): avc: denied { read } for scontext=u:r:init:s0 tcontext=u:r:init:s0 tclass=netlink_kobject_uevent_socket permissive=1
06-04 18:27:39.910 D/audioserver(15606): logFgsApiBegin: FGS Logger Transaction failed, -129
06-04 18:27:39.911 I/audio_hw_hal_primary(15619): out_update_source_metadata_v7() line 2013 usage:1 content_type:2
06-04 18:27:39.912 I/SogouIME(16304): onKeyDown: keyoCode=22
06-04 18:27:39.912 I/DefaultIMS(16304): onKeyDown: keyoCode=22
06-04 18:27:39.913 E/SecondScreen(16421): FirstScreenLayoutView dispatchKeyEvent 22
06-04 18:27:39.945 I/audio_hw_hal_primary(15619): [register_audio_patch:8215] Patch 3:id:3 mix(io:13)->dev_0[OUT_HDMI(id:22)] found, register the same patch, do nothing.
06-04 18:27:39.946 I/audio_hw_hal_primary(15619): [adev_create_audio_patch:8316] Patch 3: MIX->DEVICE, num_src:1 num_sink:1 patch_src:INVAL
06-04 18:27:39.946 I/audio_hw_hal_primary(15619): [adev_create_audio_patch:8320] sink[0]: OUT_HDMI(id:22)
06-04 18:27:39.946 I/audio_hw_hal_primary(15619): [adev_create_audio_patch:8377] Patch 3: mix(io:13) -> dev[OUT_HDMI(id:22)]
06-04 18:27:39.946 D/UEventObserver(15928): change@/devices/platform/auge_sound/sound/card0/controlC0ACTION=changeDEVPATH=/devices/platform/auge_sound/sound/card0/controlC0SUBSYSTEM=soundAUDIO_FORMAT=0MAJOR=116MINOR=13DEVNAME=snd/controlC0SEQNUM=4442
06-04 18:27:39.946 I/audio_hw_hal_primary(15619): [adev_create_audio_patch:8445] dev=0xec1014a0 cur_out_device=0x400
06-04 18:27:39.947 D/audioserver(15606): logFgsApiEnd: FGS Logger Transaction failed, -129
06-04 18:27:39.947 D/audioserver(15606): logFgsApiBegin: FGS Logger Transaction failed, -129
06-04 18:27:39.948 I/audio_hw_hal_primary(15619): out_update_source_metadata_v7() line 2013 usage:1 content_type:2
06-04 18:27:39.952 D/audioserver(15606): logFgsApiBegin: FGS Logger Transaction failed, -129
06-04 18:27:39.988 I/audio_hw_hal_primary(15619): out_update_source_metadata_v7() line 2013 usage:1 content_type:2
06-04 18:27:40.003 D/XM_HIDREAD( 2053): poll ret=1, event=1
06-04 18:27:40.003 D/XM_HIDREAD( 2053): [9 bytes]:01 00 00 00 00 00 00 00 00
06-04 18:27:40.005 I/SogouIME(16304): onKeyUp: keyoCode=22
06-04 18:27:40.005 I/DefaultIMS(16304): onKeyUp: keyoCode=22
06-04 18:27:40.006 E/SecondScreen(16421): FirstScreenLayoutView dispatchKeyEvent 22
06-04 18:27:40.073 I/audio_hw_hal_primary(15619): [audiohal_get_latency:1333] io 13: out:0xebe415a0 frames:1024 rate:48000 whole_latency:21 alsa_latency:21
06-04 18:27:40.116 I/audio_hw_hal_primary(15619): [audiohal_get_latency:1333] io 13: out:0xebe415a0 frames:1280 rate:48000 whole_latency:26 alsa_latency:26
06-04 18:27:40.116 I/audio_hw_hal_primary(15619): [audiohal_get_latency:1333] io 13: out:0xebe415a0 frames:1280 rate:48000 whole_latency:26 alsa_latency:26
06-04 18:27:40.138 I/audio_hw_hal_primary(15619): [audiohal_get_latency:1333] io 13: out:0xebe415a0 frames:1280 rate:48000 whole_latency:26 alsa_latency:26
06-04 18:27:40.138 I/audio_hw_hal_primary(15619): [audiohal_get_latency:1333] io 13: out:0xebe415a0 frames:1152 rate:48000 whole_latency:24 alsa_latency:24
06-04 18:27:40.158 I/audio_hw_hal_primary(15619): [audiohal_get_latency:1333] io 13: out:0xebe415a0 frames:1280 rate:48000 whole_latency:26 alsa_latency:26
06-04 18:27:40.158 I/audio_hw_hal_primary(15619): [audiohal_get_latency:1333] io 13: out:0xebe415a0 frames:1280 rate:48000 whole_latency:26 alsa_latency:26
06-04 18:27:40.171 D/XM_HIDREAD( 2053): poll ret=1, event=1
06-04 18:27:40.171 D/XM_HIDREAD( 2053): [9 bytes]:01 00 00 28 00 00 00 00 00
06-04 18:27:40.174 I/audio_hw_hal_primary(15619): [audiohal_get_latency:1333] io 13: out:0xebe415a0 frames:1024 rate:48000 whole_latency:21 alsa_latency:21
06-04 18:27:40.175 I/SogouIME(16304): onKeyDown: keyoCode=23
06-04 18:27:40.175 I/DefaultIMS(16304): onKeyDown: keyoCode=23
06-04 18:27:40.176 E/SecondScreen(16421): FirstScreenLayoutView dispatchKeyEvent 23
06-04 18:27:40.201 I/audio_hw_hal_primary(15619): [audiohal_get_latency:1333] io 13: out:0xebe415a0 frames:1024 rate:48000 whole_latency:21 alsa_latency:21
06-04 18:27:40.244 I/audio_hw_hal_primary(15619): [audiohal_get_latency:1333] io 13: out:0xebe415a0 frames:1280 rate:48000 whole_latency:26 alsa_latency:26
06-04 18:27:40.272 D/XM_HIDREAD( 2053): poll ret=1, event=1
06-04 18:27:40.273 D/XM_HIDREAD( 2053): [9 bytes]:01 00 00 00 00 00 00 00 00
06-04 18:27:40.275 I/SogouIME(16304): onKeyUp: keyoCode=23
06-04 18:27:40.275 I/DefaultIMS(16304): onKeyUp: keyoCode=23
06-04 18:27:40.275 E/SecondScreen(16421): FirstScreenLayoutView dispatchKeyEvent 23
06-04 18:27:40.279 D/CompatibilityChangeReporter(15731): Compat change id reported: 265464455; UID 1000; state: DISABLED
06-04 18:27:40.280 D/CompatibilityChangeReporter(15731): Compat change id reported: 265452344; UID 1000; state: DISABLED
06-04 18:27:40.280 D/CompatibilityChangeReporter(15731): Compat change id reported: 266124927; UID 1000; state: DISABLED
06-04 18:27:40.281 D/CompatibilityChangeReporter(15731): Compat change id reported: 265451093; UID 1000; state: DISABLED
06-04 18:27:40.281 D/CompatibilityChangeReporter(15731): Compat change id reported: 265456536; UID 1000; state: DISABLED
06-04 18:27:40.281 D/CompatibilityChangeReporter(15731): Compat change id reported: 255940284; UID 1000; state: DISABLED
06-04 18:27:40.281 D/CompatibilityChangeReporter(15731): Compat change id reported: 236283604; UID 1000; state: DISABLED
06-04 18:27:40.281 D/CompatibilityChangeReporter(15731): Compat change id reported: 263959004; UID 1000; state: DISABLED
06-04 18:27:40.282 D/CompatibilityChangeReporter(15731): Compat change id reported: 264304459; UID 1000; state: DISABLED
06-04 18:27:40.282 D/CompatibilityChangeReporter(15731): Compat change id reported: 264301586; UID 1000; state: DISABLED
06-04 18:27:40.282 D/CompatibilityChangeReporter(15731): Compat change id reported: 254631730; UID 1000; state: DISABLED
06-04 18:27:40.282 D/CompatibilityChangeReporter(15731): Compat change id reported: 273509367; UID 1000; state: DISABLED
06-04 18:27:40.282 D/CompatibilityChangeReporter(15731): Compat change id reported: 263259275; UID 1000; state: DISABLED
06-04 18:27:40.283 D/CompatibilityChangeReporter(15731): Compat change id reported: 174042980; UID 1000; state: DISABLED
06-04 18:27:40.283 D/CompatibilityChangeReporter(15731): Compat change id reported: 174042936; UID 1000; state: DISABLED
06-04 18:27:40.283 D/CompatibilityChangeReporter(15731): Compat change id reported: 181136395; UID 1000; state: DISABLED
06-04 18:27:40.283 I/rainbow_flow(17349): type=1400 audit(0.0:2206): avc: denied { ioctl } for path="/dev/spidev1.0" dev="tmpfs" ino=541 ioctlcmd=0x6b00 scontext=u:r:init:s0 tcontext=u:object_r:device:s0 tclass=chr_file permissive=1
06-04 18:27:40.288 D/CompatibilityChangeReporter(15731): Compat change id reported: 194480991; UID 1000; state: ENABLED
06-04 18:27:40.291 E/CellBroadcastUtils(15731): getDefaultCellBroadcastReceiverPackageName: no package found
06-04 18:27:40.295 D/CompatibilityChangeReporter(15731): Compat change id reported: 197654537; UID 1000; state: ENABLED
06-04 18:27:40.297 D/CompatibilityChangeReporter(15731): Compat change id reported: 205907456; UID 1000; state: DISABLED
06-04 18:27:40.301 I/ActivityTaskManager(15731): START u0 {dat=haqu://setting:8080/... flg=0x10000000 pkg=com.dangbei.haqusetting cmp=com.dangbei.haqusetting/.ui.HomeActivity} with LAUNCH_MULTIPLE from uid 1000 (BAL_ALLOW_ALLOWLISTED_UID) result code=0
