06-04 18:26:57.937 I/hw-BpHwBinder( 634): onLastStrongRef automatically unlinking death recipients
06-04 18:26:57.937 D/CompatibilityChangeReporter(15731): Compat change id reported: 161145287; UID 1000; state: DISABLED
06-04 18:26:57.937 D/CompatibilityChangeReporter(15731): Compat change id reported: 161145287; UID 1000; state: ENABLED
06-04 18:26:57.938 I/AmFFmpegExtractor( 627): checkInList: iswhite:0, mime:audio/ogg, type:1, id:86021 tag:0
06-04 18:26:57.938 I/AmFFmpegExtractor( 627): checkInList: iswhite:1, mime:audio/ogg, type:1, id:86021 tag:0
06-04 18:26:57.938 E/AmFFmpegExtractor( 627): codec_ctx->properties: 0
06-04 18:26:57.938 I/AmFFmpegExtractor( 627): checkSupportInList ret 0
06-04 18:26:57.938 E/AmFFmpegExtractor( 627): vendor do not support
06-04 18:26:57.938 D/MediaCodec(15731): flushMediametrics
06-04 18:26:57.940 V/AudioService(15731): readSettings: found stored index 7 for group system, device: volume_music_hdmi, User=0
06-04 18:26:57.941 V/AudioService(15731): readSettings: found stored index 100 for group system, device: volume_music_0x40000000, User=0
06-04 18:26:57.942 D/AudioService(15731): updateVolumeGroupIndex for stream 1, muted=false, device=1024, index=70, group system Muted=false, Index=7, forceMuteState=false
06-04 18:26:57.942 D/AudioService(15731): applyAllVolumes: apply index 7, group system and device hdmi
06-04 18:26:57.944 I/BtGdModule(16024): packages/modules/Bluetooth/system/gd/module.cc:89 Start: Starting dependencies of BluetoothCounterMetrics
06-04 18:26:57.944 I/BtGdModule(16024): packages/modules/Bluetooth/system/gd/module.cc:93 Start: Finished starting dependencies and calling Start() of BluetoothCounterMetrics
06-04 18:26:57.945 I/BluetoothCounterMetrics(16024): packages/modules/Bluetooth/system/gd/metrics/counter_metrics.cc:40 Start: Counter metrics initialized
06-04 18:26:57.945 I/BtGdModule(16024): packages/modules/Bluetooth/system/gd/module.cc:99 Start: Started BluetoothCounterMetrics
06-04 18:26:57.945 I/BtGdModule(16024): packages/modules/Bluetooth/system/gd/module.cc:85 Start: Constructing next module
06-04 18:26:57.945 I/BtGdModule(16024): packages/modules/Bluetooth/system/gd/module.cc:89 Start: Starting dependencies of HciHalHidl
06-04 18:26:57.945 I/BtGdModule(16024): packages/modules/Bluetooth/system/gd/module.cc:85 Start: Constructing next module
06-04 18:26:57.945 I/bluetooth(16024): packages/modules/Bluetooth/system/gd/common/strings.cc:153 Uint64FromString: cannot parse whole string '0xffff'
06-04 18:26:57.945 I/bluetooth(16024): packages/modules/Bluetooth/system/gd/hal/snoop_logger.cc:1432 GetBtSnoopMode: btsnoop_mode_empty: 1
06-04 18:26:57.945 I/bluetooth(16024): packages/modules/Bluetooth/system/gd/hal/snoop_logger.cc:520 SnoopLogger: Snoop Logs disabled
06-04 18:26:57.945 I/bluetooth(16024): packages/modules/Bluetooth/system/gd/hal/snoop_logger.cc:334 delete_btsnoop_files: Deleting logs if they exist
06-04 18:26:57.945 I/bluetooth(16024): packages/modules/Bluetooth/system/gd/hal/snoop_logger.cc:340 delete_btsnoop_files: Main log file does not exist at "/data/misc/bluetooth/logs/btsnoop_hci.log.filtered"
06-04 18:26:57.945 I/bluetooth(16024): packages/modules/Bluetooth/system/gd/hal/snoop_logger.cc:348 delete_btsnoop_files: Last log file does not exist at "/data/misc/bluetooth/logs/btsnoop_hci.log.filtered"
06-04 18:26:57.945 I/bluetooth(16024): packages/modules/Bluetooth/system/gd/hal/snoop_logger.cc:334 delete_btsnoop_files: Deleting logs if they exist
06-04 18:26:57.945 I/bluetooth(16024): packages/modules/Bluetooth/system/gd/hal/snoop_logger.cc:340 delete_btsnoop_files: Main log file does not exist at "/data/misc/bluetooth/logs/btsnoop_hci.log"
06-04 18:26:57.945 I/bluetooth(16024): packages/modules/Bluetooth/system/gd/hal/snoop_logger.cc:348 delete_btsnoop_files: Last log file does not exist at "/data/misc/bluetooth/logs/btsnoop_hci.log"
06-04 18:26:57.945 I/BtGdModule(16024): packages/modules/Bluetooth/system/gd/module.cc:89 Start: Starting dependencies of SnoopLogger
06-04 18:26:57.945 I/BtGdModule(16024): packages/modules/Bluetooth/system/gd/module.cc:93 Start: Finished starting dependencies and calling Start() of SnoopLogger
06-04 18:26:57.945 I/BtGdModule(16024): packages/modules/Bluetooth/system/gd/module.cc:99 Start: Started SnoopLogger
06-04 18:26:57.945 I/BtGdModule(16024): packages/modules/Bluetooth/system/gd/module.cc:85 Start: Constructing next module
06-04 18:26:57.945 I/BtGdModule(16024): packages/modules/Bluetooth/system/gd/module.cc:89 Start: Starting dependencies of Btaa Module
06-04 18:26:57.945 I/BtGdModule(16024): packages/modules/Bluetooth/system/gd/module.cc:93 Start: Finished starting dependencies and calling Start() of Btaa Module
06-04 18:26:57.947 V/AudioService(15731): readSettings: found stored index 7 for group ring, device: volume_music_hdmi, User=0
06-04 18:26:57.947 D/CompatibilityChangeReporter(15731): Compat change id reported: 218533173; UID 10068; state: ENABLED
06-04 18:26:57.947 V/AudioService(15731): readSettings: found stored index 100 for group ring, device: volume_music_0x40000000, User=0
06-04 18:26:57.947 D/CompatibilityChangeReporter(15731): Compat change id reported: 262645982; UID 10068; state: ENABLED
06-04 18:26:57.948 D/CompatibilityChangeReporter(15731): Compat change id reported: 218533173; UID 10022; state: ENABLED
06-04 18:26:57.948 D/AudioService(15731): updateVolumeGroupIndex for stream 2, muted=false, device=1024, index=70, group ring Muted=false, Index=7, forceMuteState=false
06-04 18:26:57.949 D/AudioService(15731): applyAllVolumes: apply index 7, group ring and device hdmi
06-04 18:26:57.949 D/CompatibilityChangeReporter(15731): Compat change id reported: 262645982; UID 10022; state: ENABLED
06-04 18:26:57.950 D/CompatibilityChangeReporter(15731): Compat change id reported: 218533173; UID 10001; state: ENABLED
06-04 18:26:57.950 D/CompatibilityChangeReporter(15731): Compat change id reported: 262645982; UID 10001; state: ENABLED
06-04 18:26:57.951 D/CompatibilityChangeReporter(15731): Compat change id reported: 218533173; UID 10007; state: ENABLED
06-04 18:26:57.951 D/CompatibilityChangeReporter(15731): Compat change id reported: 262645982; UID 10007; state: ENABLED
06-04 18:26:57.953 V/AudioService(15731): readSettings: found stored index 7 for group alarm, device: volume_music_hdmi, User=0
06-04 18:26:57.953 V/AudioService(15731): readSettings: found stored index 100 for group alarm, device: volume_music_0x40000000, User=0
06-04 18:26:57.953 D/CompatibilityChangeReporter(15731): Compat change id reported: 218533173; UID 10041; state: DISABLED
06-04 18:26:57.954 D/CompatibilityChangeReporter(15731): Compat change id reported: 262645982; UID 10041; state: DISABLED
06-04 18:26:57.956 I/audio_hw_hal_primary(15619): [adev_set_parameters:4123] dev:0xec1014a0, kv: hal_param_out_dev_delay_time_ms=131072
06-04 18:26:57.956 D/audio_hw_hal_hfp(15619): [audio_extn_hfp_set_parameters:739] audio_extn_hfp_set_parameters
06-04 18:26:57.956 I/audio_hw_hal_primary(15619): adev_set_parameters set audio delay =0
06-04 18:26:57.956 I/audio_hw_hal_delay(15619): set audio output type:2, delay time: 0ms, has init buffer: 0
06-04 18:26:57.957 I/AmFFmpegByteIOAdapter( 627): File size : 9847
06-04 18:26:57.958 W/exFFmpeg( 627): Invalid return value 0 for stream protocol
06-04 18:26:57.958 W/exFFmpeg( 627): Invalid return value 0 for stream protocol
06-04 18:26:57.957 D/AudioService(15731): updateVolumeGroupIndex for stream 4, muted=false, device=1024, index=70, group alarm Muted=false, Index=7, forceMuteState=false
06-04 18:26:57.959 D/AudioService(15731): applyAllVolumes: apply index 7, group alarm and device hdmi
06-04 18:26:57.959 I/AmFFmpegExtractor( 627): checkInList: iswhite:0, mime:audio/ogg, type:1, id:86021 tag:0
06-04 18:26:57.959 D/CompatibilityChangeReporter(15731): Compat change id reported: 218533173; UID 10073; state: DISABLED
06-04 18:26:57.959 I/AmFFmpegExtractor( 627): checkInList: iswhite:1, mime:audio/ogg, type:1, id:86021 tag:0
06-04 18:26:57.959 E/AmFFmpegExtractor( 627): codec_ctx->properties: 0
06-04 18:26:57.959 I/AmFFmpegExtractor( 627): checkSupportInList ret 1
06-04 18:26:57.960 D/CompatibilityChangeReporter(15731): Compat change id reported: 262645982; UID 10073; state: DISABLED
06-04 18:26:57.961 D/AudioService(15731): applyAllVolumes: apply default device index 100, group alarm
06-04 18:26:57.962 E/btaa (16024): packages/modules/Bluetooth/system/gd/btaa/android/activity_attribution.cc:107 impl: No suspend control service available.
06-04 18:26:57.962 I/BtGdModule(16024): packages/modules/Bluetooth/system/gd/module.cc:99 Start: Started Btaa Module
06-04 18:26:57.962 I/BtGdModule(16024): packages/modules/Bluetooth/system/gd/module.cc:93 Start: Finished starting dependencies and calling Start() of HciHalHidl
06-04 18:26:57.962 I/AmFFmpegExtractor( 627): checkInList: iswhite:0, mime:audio/ogg, type:1, id:86021 tag:0
06-04 18:26:57.962 I/AmFFmpegExtractor( 627): checkInList: iswhite:1, mime:audio/ogg, type:1, id:86021 tag:0
06-04 18:26:57.962 E/AmFFmpegExtractor( 627): codec_ctx->properties: 0
06-04 18:26:57.962 I/AmFFmpegExtractor( 627): checkSupportInList ret 0
06-04 18:26:57.962 D/CompatibilityChangeReporter(15731): Compat change id reported: 218533173; UID 10044; state: ENABLED
06-04 18:26:57.962 E/AmFFmpegExtractor( 627): vendor do not support
06-04 18:26:57.963 I/audio_hw_hal_primary(15619): [adev_set_parameters:4123] dev:0xec1014a0, kv: hal_param_out_dev_delay_time_ms=196608
06-04 18:26:57.963 D/audio_hw_hal_hfp(15619): [audio_extn_hfp_set_parameters:739] audio_extn_hfp_set_parameters
06-04 18:26:57.963 I/audio_hw_hal_primary(15619): adev_set_parameters set audio delay =0
06-04 18:26:57.963 I/audio_hw_hal_delay(15619): set audio output type:3, delay time: 0ms, has init buffer: 0
06-04 18:26:57.963 V/AudioService(15731): readSettings: found stored index 7 for group notification, device: volume_music_hdmi, User=0
06-04 18:26:57.963 D/CompatibilityChangeReporter(15731): Compat change id reported: 262645982; UID 10044; state: ENABLED
06-04 18:26:57.963 V/AudioService(15731): readSettings: found stored index 100 for group notification, device: volume_music_0x40000000, User=0
06-04 18:26:57.964 I/bluetooth(16024): packages/modules/Bluetooth/system/gd/hal/hci_hal_android_hidl.cc:439 start_hidl: Trying to find a HIDL interface
06-04 18:26:57.965 D/AudioService(15731): updateVolumeGroupIndex for stream 5, muted=false, device=1024, index=70, group notification Muted=false, Index=7, forceMuteState=false
06-04 18:26:57.965 D/AudioService(15731): applyAllVolumes: apply index 7, group notification and device hdmi
06-04 18:26:57.967 D/xm_audio(15619): adev_get_parameters
06-04 18:26:57.969 D/CompatibilityChangeReporter(15731): Compat change id reported: 218533173; UID 10011; state: ENABLED
06-04 18:26:57.970 D/CompatibilityChangeReporter(15731): Compat change id reported: 262645982; UID 10011; state: ENABLED
06-04 18:26:57.971 D/CompatibilityChangeReporter(15731): Compat change id reported: 218533173; UID 10028; state: ENABLED
06-04 18:26:57.971 D/CompatibilityChangeReporter(15731): Compat change id reported: 262645982; UID 10028; state: ENABLED
06-04 18:26:57.972 D/CompatibilityChangeReporter(15731): Compat change id reported: 218533173; UID 10049; state: DISABLED
06-04 18:26:57.973 D/CompatibilityChangeReporter(15731): Compat change id reported: 262645982; UID 10049; state: DISABLED
06-04 18:26:57.973 I/android.hardware.bluetooth@1.1-impl( 470): BluetoothHci::initialize_1_1()
06-04 18:26:57.973 E/android.hardware.bluetooth@1.0-impl( 470): bt_vendor_acquire_wake_lock call in
06-04 18:26:57.973 D/CompatibilityChangeReporter(15731): Compat change id reported: 218533173; UID 10057; state: ENABLED
06-04 18:26:57.973 E/android.hardware.bluetooth@1.0-impl( 470): bt_vendor_acquire_wake_lock get lock
06-04 18:26:57.974 E/fwlog_bt( 470): updateLogFile
06-04 18:26:57.974 D/CompatibilityChangeReporter(15731): Compat change id reported: 262645982; UID 10057; state: ENABLED
06-04 18:26:57.975 I/WifiStateWorker(15915): WifiManager.getWifiState():3
06-04 18:26:57.975 E/fwlog_bt( 470): updateLogFile: to open /data/vendor/fw_log.txt
06-04 18:26:57.975 I/android.hardware.bluetooth@1.0-impl( 470): [Open-284]: ro.vendor.btmodule:multibt
06-04 18:26:57.975 E/Multi_BT( 470): [get_config_param-707]: debug config file not exist
06-04 18:26:57.975 I/Multi_BT( 470): [get_bt_prop-353]: bt_prop_val dev_name:aml_w2_s, mod_name:, vnd_lib_name:libbt-vendor_amlMulti.so, wifi_bt_name:,
06-04 18:26:57.975 I/android.hardware.bluetooth@1.0-impl( 470): [Open-290]: cur dev_name:aml_w2_s, wifi_bt_name:, libbt_vendor:libbt-vendor_amlMulti.so,
06-04 18:26:57.975 I/Multi_BT( 470): [mailbox_qca_bt_name-280]: bt_name:aml_w2_s, not qca6174
06-04 18:26:57.976 I/Multi_BT( 470): [get_aml_bt_module-445]: get aml bt module: aml_w2_s
06-04 18:26:57.976 I/Multi_BT( 470): [aml_special_handle-658]: aml modules need rmmod wifi_comm
06-04 18:26:57.976 E/Multi_BT( 470): [rmmod-641]: Unable to unload driver module wifi_comm
06-04 18:26:57.976 I/Multi_BT( 470): [matching_dev_name-418]: matched dev_name:aml_w2_s, cnt:9
06-04 18:26:57.975 D/CompatibilityChangeReporter(15731): Compat change id reported: 218533173; UID 10016; state: ENABLED
06-04 18:26:57.976 I/Multi_BT( 470): [clr_bt_power_bit-798]: aml w2_s needn't clr bt power bit
06-04 18:26:57.976 I/android.hardware.bluetooth@1.0-impl( 470): [Open-310]: open vnd_lib_name:libbt-vendor_aml.so
06-04 18:26:57.976 D/CompatibilityChangeReporter(15731): Compat change id reported: 262645982; UID 10016; state: ENABLED
06-04 18:26:57.977 D/CompatibilityChangeReporter(15731): Compat change id reported: 218533173; UID 10058; state: ENABLED
06-04 18:26:57.978 D/CompatibilityChangeReporter(15731): Compat change id reported: 262645982; UID 10058; state: ENABLED
06-04 18:26:57.978 D/CompatibilityChangeReporter(15731): Compat change id reported: 218533173; UID 10063; state: ENABLED
06-04 18:26:57.980 D/CompatibilityChangeReporter(15731): Compat change id reported: 262645982; UID 10063; state: ENABLED
06-04 18:26:57.981 D/CompatibilityChangeReporter(15731): Compat change id reported: 218533173; UID 10050; state: DISABLED
06-04 18:26:57.982 I/bt_vendor( 470): amlbt release init 0x2024-0821-1954
06-04 18:26:57.982 I/bt_vendor( 470): I1b034743deac6dfde92346a715774f36b96e2c4b
06-04 18:26:57.982 I/bt_vendor( 470): release base commit:bb2e79fb184ca4ddf6686f77cdb0bf91f6a6fe67
06-04 18:26:57.982 D/CompatibilityChangeReporter(15731): Compat change id reported: 262645982; UID 10050; state: DISABLED
06-04 18:26:57.982 E/bt_vnd_conf( 470): load_aml_stack_conf success to open file '/vendor/firmware/aml_bt.conf'
06-04 18:26:57.982 E/bt_vnd_conf( 470): load_aml_stack_conf BtChip 2
06-04 18:26:57.982 E/bt_vnd_conf( 470): load_aml_stack_conf amlbt_chiptype '2'
06-04 18:26:57.982 E/bt_vnd_conf( 470): load_aml_stack_conf BtPowerOn 2
06-04 18:26:57.982 E/bt_vnd_conf( 470): load_aml_stack_conf amlbt_poweron '2'
06-04 18:26:57.982 E/bt_vnd_conf( 470): load_aml_stack_conf RomCheck 0
06-04 18:26:57.982 E/bt_vnd_conf( 470): load_aml_stack_conf BtRecovery 0
06-04 18:26:57.982 E/bt_vnd_conf( 470): load_aml_stack_conf amlbt_btrecovery '0'
06-04 18:26:57.982 E/bt_vnd_conf( 470): load_aml_stack_conf BtSink 0
06-04 18:26:57.982 E/bt_vnd_conf( 470): load_aml_stack_conf amlbt_btsink '0'
06-04 18:26:57.982 E/bt_vnd_conf( 470): load_aml_stack_conf BtAntenna 2
06-04 18:26:57.982 E/bt_vnd_conf( 470): load_aml_stack_conf amlbt_rftype '2'
06-04 18:26:57.982 E/bt_vnd_conf( 470): load_aml_stack_conf FirmwareMode 1
06-04 18:26:57.982 E/bt_vnd_conf( 470): load_aml_stack_conf amlbt_fw_mode '1'
06-04 18:26:57.982 E/bt_vnd_conf( 470): load_aml_stack_conf ChangePinMux 0
06-04 18:26:57.982 E/bt_vnd_conf( 470): load_aml_stack_conf amlbt_pin_mux '0'
06-04 18:26:57.982 E/bt_vnd_conf( 470): load_aml_stack_conf BrDigitGain 66
06-04 18:26:57.982 E/bt_vnd_conf( 470): load_aml_stack_conf amlbt_br_digit_gain '0x42'
06-04 18:26:57.982 E/bt_vnd_conf( 470): load_aml_stack_conf EdrDigitGain 98
06-04 18:26:57.982 E/bt_vnd_conf( 470): load_aml_stack_conf amlbt_edr_digit_gain '0x62'
06-04 18:26:57.982 E/bt_vnd_conf( 470): load_aml_stack_conf Btfwlog 0
06-04 18:26:57.982 E/bt_vnd_conf( 470): load_aml_stack_conf amlbt_edr_digit_gain '0'
06-04 18:26:57.982 E/bt_vnd_conf( 470): load_aml_stack_conf ManfData 0519ff010a0b 051316010406
06-04 18:26:57.982 E/bt_vnd_conf( 470): load_aml_stack_conf manfdata '0519ff010a0b 051316010406' len 25
06-04 18:26:57.982 E/bt_vnd_conf( 470): load_aml_stack_conf manfdata cnt 2 strlen 12
06-04 18:26:57.982 E/bt_vnd_conf( 470): load_aml_stack_conf Btlog 3
06-04 18:26:57.982 E/bt_vnd_conf( 470): load_aml_stack_conf Btfactory 0
06-04 18:26:57.982 E/bt_vnd_conf( 470): load_aml_stack_conf Btsystem 1
06-04 18:26:57.982 D/bt_vendor( 470): [AML_BT] amlbt_transtype_check_by_persist aml_w2_s
06-04 18:26:57.982 D/bt_vendor( 470): [AML_BT] W2S Chip type(3:0:0)
06-04 18:26:57.982 D/bt_vendor( 470): property_get_state: value HW_STATE_SUCCESS
06-04 18:26:57.982 I/bt_vnd_conf( 470): Attempt to load conf from /vendor/etc/bluetooth/bt_vendor.conf
06-04 18:26:57.982 D/CompatibilityChangeReporter(15731): Compat change id reported: 171306433; UID 10050; state: DISABLED
06-04 18:26:57.982 D/android.hardware.bluetooth@1.0-impl( 470): Open vendor library loaded
06-04 18:26:57.982 D/bt_vendor( 470): op for 0
06-04 18:26:57.982 D/bt_vendor( 470): === power on BT ===
06-04 18:26:57.982 D/bt_vendor( 470): bt_power 0
06-04 18:26:57.982 D/bt_upio ( 470): is_rfkill_disabled ? [0]
06-04 18:26:57.982 E/bt_upio ( 470): break
06-04 18:26:57.982 D/bt_upio ( 470): rfkill_state_path : /sys/class/rfkill/rfkill0/state
06-04 18:26:57.982 D/bt_upio ( 470): upio_power_get read 1
06-04 18:26:57.982 D/bt_upio ( 470): upio_power_get buffer 0 , ret 0
06-04 18:26:57.982 D/bt_vendor( 470): first, set bt power
06-04 18:26:57.982 D/bt_upio ( 470): is_emulator_context : 0
06-04 18:26:57.982 D/bt_upio ( 470): is_rfkill_disabled ? [0]
06-04 18:26:57.984 D/CompatibilityChangeReporter(15731): Compat change id reported: 218533173; UID 10052; state: ENABLED
06-04 18:26:57.984 I/audio_hw_hal_primary(15619): [adev_set_parameters:4123] dev:0xec1014a0, kv: SOURCE_GAIN=0.0 0.0 0.0 0.0 0.0
06-04 18:26:57.984 D/audio_hw_hal_hfp(15619): [audio_extn_hfp_set_parameters:739] audio_extn_hfp_set_parameters
06-04 18:26:57.984 I/audio_hw_aq_eqdrc(15619): set_AQ_parameters() audio source gain: atv:0.000000, dtv:0.000000, hdmiin:0.000000, av:0.000000, media:0.000000
06-04 18:26:57.984 D/audio_hw_hal_primary(15619): get AQ param(kv: SOURCE_GAIN=0.0 0.0 0.0 0.0 0.0 )
06-04 18:26:57.986 V/AudioService(15731): readSettings: found stored index 7 for group bluetooth_sco, device: volume_bluetooth_sco_0x40000000, User=0
06-04 18:26:57.986 D/CompatibilityChangeReporter(15731): Compat change id reported: 218533173; UID 10008; state: ENABLED
06-04 18:26:57.987 D/CompatibilityChangeReporter(15731): Compat change id reported: 262645982; UID 10008; state: ENABLED
06-04 18:26:57.988 D/MediaCodecList(15731): codecHandlesFormat: no format, so no extra checks
06-04 18:26:57.989 D/AudioService(15731): applyAllVolumes: forceDeviceSync index 7, device hdmi, group bluetooth_sco
06-04 18:26:57.991 V/AudioService(15731): readSettings: found stored index 7 for group enforced_audible, device: volume_music_hdmi, User=0
06-04 18:26:57.992 V/AudioService(15731): readSettings: found stored index 100 for group enforced_audible, device: volume_music_0x40000000, User=0
06-04 18:26:57.993 I/OutputModeManager(15928): getPropertyString key:persist.vendor.sys.dtsdrcscale def:0
06-04 18:26:57.994 D/CompatibilityChangeReporter(15731): Compat change id reported: 218533173; UID 10070; state: ENABLED
06-04 18:26:57.996 D/CompatibilityChangeReporter(15731): Compat change id reported: 262645982; UID 10070; state: ENABLED
06-04 18:26:57.996 I/OutputModeManager(15928): writeSysfs path:/sys/class/audiodsp/dts_dec_control value:0x00
06-04 18:26:57.997 D/CompatibilityChangeReporter(15731): Compat change id reported: 218533173; UID 10045; state: ENABLED
06-04 18:26:57.998 D/CompatibilityChangeReporter(15731): Compat change id reported: 262645982; UID 10045; state: ENABLED
06-04 18:26:57.998 I/SystemControl( 316): [/Ubootenv.cpp, get, 345] [ubootenv] search end and not find env:ffv_wake
06-04 18:26:57.999 D/AudioService(15731): updateVolumeGroupIndex for stream 7, muted=false, device=1024, index=70, group enforced_audible Muted=false, Index=7, forceMuteState=false
06-04 18:26:57.999 I/DroidAudioCore(15928): initVadStatus uboot status:off, prop:off
06-04 18:26:57.999 D/AudioService(15731): applyAllVolumes: apply index 7, group enforced_audible and device hdmi
06-04 18:26:57.999 D/CCodec (15731): allocate(c2.android.vorbis.decoder)
06-04 18:26:58.001 D/AudioService(15731): applyAllVolumes: apply default device index 100, group enforced_audible
06-04 18:26:58.001 I/CCodec (15731): setting up 'default' as default (vendor) store
06-04 18:26:58.002 D/CompatibilityChangeReporter(15731): Compat change id reported: 218533173; UID 10054; state: ENABLED
06-04 18:26:58.002 I/SysControlManager(15928): setListener
06-04 18:26:58.003 D/CompatibilityChangeReporter(15731): Compat change id reported: 262645982; UID 10054; state: ENABLED
06-04 18:26:58.003 V/AudioService(15731): readSettings: found stored index 7 for group dtmf, device: volume_music_hdmi, User=0
06-04 18:26:58.004 V/AudioService(15731): readSettings: found stored index 100 for group dtmf, device: volume_music_0x40000000, User=0
06-04 18:26:58.005 D/AudioService(15731): updateVolumeGroupIndex for stream 8, muted=false, device=1024, index=70, group dtmf Muted=false, Index=7, forceMuteState=false
06-04 18:26:58.005 D/AudioService(15731): applyAllVolumes: apply index 7, group dtmf and device hdmi
06-04 18:26:58.006 I/CCodec (15731): Created component [c2.android.vorbis.decoder]
06-04 18:26:58.007 D/CCodecConfig(15731): read media type: audio/vorbis
06-04 18:26:58.007 D/MediaCodecList(15731): codecHandlesFormat: no format, so no extra checks
06-04 18:26:58.009 D/AudioService(15731): applyAllVolumes: apply default device index 100, group dtmf
06-04 18:26:58.011 V/AudioService(15731): readSettings: found stored index 7 for group tts, device: volume_music_hdmi, User=0
06-04 18:26:58.011 V/AudioService(15731): readSettings: found stored index 100 for group tts, device: volume_music_0x40000000, User=0
06-04 18:26:58.011 I/DroidlogicApplication(15928): set BluetoothAutoPairReceiver disabled
06-04 18:26:58.013 D/AudioService(15731): applyAllVolumes: apply index 7, group tts and device hdmi
06-04 18:26:58.013 D/CCodec (15731): allocate(c2.android.vorbis.decoder)
06-04 18:26:58.015 D/WifiConfigStore(15731): Writing to stores completed in 9 ms.
06-04 18:26:58.015 I/CCodec (15731): setting up 'default' as default (vendor) store
06-04 18:26:58.016 D/ApConfigUtil(15731): Update Softap capability, add client control feature support
06-04 18:26:58.016 D/ApConfigUtil(15731): Update Softap capability, add MAC customization support
06-04 18:26:58.016 D/ApConfigUtil(15731): Update Softap capability, add 2.4G support
06-04 18:26:58.016 D/ApConfigUtil(15731): Update Softap capability, add 5G support
06-04 18:26:58.016 D/ApConfigUtil(15731): Update Softap capability, max client = 16
06-04 18:26:58.016 D/WifiCountryCode(15731): Reading country code from telephony
06-04 18:26:58.016 V/WifiManager(16010): SoftApCallbackProxy on mode 1, send InfoChanged, newInfo: SoftApInfo{bandwidth= 0, frequency= 0, wifiStandard= 0, mApInstanceIdentifier= null, mIdleShutdownTimeoutMillis= 0}
06-04 18:26:58.016 V/WifiManager(16010): SoftApCallbackProxy on mode 1, send InfoChanged, changedInfoList: []
06-04 18:26:58.017 V/WifiManager(16010): SoftApCallbackProxy on mode 1, send onConnectedClientsChanged(clients): []
06-04 18:26:58.017 D/AudioService(15731): applyAllVolumes: apply default device index 100, group tts
06-04 18:26:58.018 D/AudioService(15731): applyAllVolumes: forceDeviceSync index 100, device speaker, group tts
06-04 18:26:58.020 D/ReflectedParamUpdater(15731): extent() != 1 for single value type: algo.buffers.max-count.values
06-04 18:26:58.020 D/WifiCountryCode(15731): Set telephony country code to:
06-04 18:26:58.020 D/ReflectedParamUpdater(15731): extent() != 1 for single value type: output.subscribed-indices.values
06-04 18:26:58.020 D/ReflectedParamUpdater(15731): extent() != 1 for single value type: input.buffers.allocator-ids.values
06-04 18:26:58.021 D/ReflectedParamUpdater(15731): extent() != 1 for single value type: output.buffers.allocator-ids.values
06-04 18:26:58.021 D/ReflectedParamUpdater(15731): extent() != 1 for single value type: algo.buffers.allocator-ids.values
06-04 18:26:58.021 D/ReflectedParamUpdater(15731): extent() != 1 for single value type: output.buffers.pool-ids.values
06-04 18:26:58.022 D/ReflectedParamUpdater(15731): extent() != 1 for single value type: algo.buffers.pool-ids.values
06-04 18:26:58.022 I/CCodec (15731): Created component [c2.android.vorbis.decoder]
06-04 18:26:58.023 V/WifiManager(16010): SoftApCallbackProxy on mode 2, send InfoChanged, newInfo: SoftApInfo{bandwidth= 0, frequency= 0, wifiStandard= 0, mApInstanceIdentifier= null, mIdleShutdownTimeoutMillis= 0}
06-04 18:26:58.023 V/WifiManager(16010): SoftApCallbackProxy on mode 2, send InfoChanged, changedInfoList: []
06-04 18:26:58.023 V/WifiManager(16010): SoftApCallbackProxy on mode 2, send onConnectedClientsChanged(clients): []
06-04 18:26:58.023 D/CCodecConfig(15731): read media type: audio/vorbis
06-04 18:26:58.023 D/ApConfigUtil(15731): Update Softap capability, add client control feature support
06-04 18:26:58.023 D/ApConfigUtil(15731): Update Softap capability, add MAC customization support
06-04 18:26:58.023 D/ApConfigUtil(15731): Update Softap capability, add 2.4G support
06-04 18:26:58.023 D/ApConfigUtil(15731): Update Softap capability, add 5G support
06-04 18:26:58.023 D/ApConfigUtil(15731): Update Softap capability, max client = 16
06-04 18:26:58.023 D/WifiCountryCode(15731): Reading country code from telephony
06-04 18:26:58.024 I/CCodecConfig(15731): query failed after returning 7 values (BAD_INDEX)
06-04 18:26:58.024 D/CCodecConfig(15731): c2 config diff is Dict {
06-04 18:26:58.024 D/CCodecConfig(15731): c2::u32 coded.bitrate.value = 64000
06-04 18:26:58.024 D/CCodecConfig(15731): c2::u32 input.buffers.max-size.value = 32768
06-04 18:26:58.024 D/CCodecConfig(15731): c2::u32 input.delay.value = 0
06-04 18:26:58.024 D/CCodecConfig(15731): string input.media-type.value = "audio/vorbis"
06-04 18:26:58.024 D/CCodecConfig(15731): string output.media-type.value = "audio/raw"
06-04 18:26:58.024 D/CCodecConfig(15731): c2::u32 raw.channel-count.value = 1
06-04 18:26:58.024 D/CCodecConfig(15731): c2::u32 raw.sample-rate.value = 48000
06-04 18:26:58.024 D/CCodecConfig(15731): }
06-04 18:26:58.025 D/CompatibilityChangeReporter(15731): Compat change id reported: 218533173; UID 10034; state: ENABLED
06-04 18:26:58.026 V/AudioService(15731): readSettings: found stored index 7 for group accessibility, device: volume_music_hdmi, User=0
06-04 18:26:58.027 V/AudioService(15731): readSettings: found stored index 100 for group accessibility, device: volume_music_0x40000000, User=0
06-04 18:26:58.028 D/ConnectivityService(15731): NetReassign [no changes] [c 0] [a 0] [i 0]
06-04 18:26:58.028 D/MediaCodec(15731): flushMediametrics
06-04 18:26:58.028 D/CCodec (15731): [c2.android.vorbis.decoder] buffers are bound to CCodec for this session
06-04 18:26:58.029 D/CCodecConfig(15731): no c2 equivalents for durationUs
06-04 18:26:58.029 D/CCodecConfig(15731): no c2 equivalents for track-id
06-04 18:26:58.029 D/CCodecConfig(15731): no c2 equivalents for csd-1
06-04 18:26:58.029 D/CCodecConfig(15731): no c2 equivalents for flags
06-04 18:26:58.029 D/WifiCountryCode(15731): Set telephony country code to:
06-04 18:26:58.029 D/CCodecConfig(15731): c2 config diff is c2::u32 coded.bitrate.value = 140000
06-04 18:26:58.030 D/AudioService(15731): updateVolumeGroupIndex for stream 10, muted=false, device=1024, index=70, group accessibility Muted=false, Index=7, forceMuteState=false
06-04 18:26:58.030 D/AudioService(15731): applyAllVolumes: apply index 7, group accessibility and device hdmi
06-04 18:26:58.031 W/Codec2Client(15731): query -- param skipped: index = 1107298332.
06-04 18:26:58.031 D/CCodec (15731): encoding statistics level = 0
06-04 18:26:58.031 D/ConnectivityService(15731): requestNetwork for uid/pid:10052/15915 activeRequest: null callbackRequest: 21 [NetworkRequest [ REQUEST id=22, [ Capabilities: INTERNET&NOT_RESTRICTED&TRUSTED&NOT_VCN_MANAGED Uid: 10052 RequestorUid: 10052 RequestorPkg: com.android.systemui UnderlyingNetworks: Null] ]] callback flags: 1 order: 2147483647
06-04 18:26:58.031 D/CCodec (15731): setup formats input: AMessage(what = 0x00000000) = {
06-04 18:26:58.031 D/CCodec (15731): int32_t bitrate = 140000
06-04 18:26:58.031 D/CCodec (15731): int32_t channel-count = 1
06-04 18:26:58.031 D/CCodec (15731): int32_t max-input-size = 32768
06-04 18:26:58.031 D/CCodec (15731): string mime = "audio/vorbis"
06-04 18:26:58.031 D/CCodec (15731): int32_t sample-rate = 48000
06-04 18:26:58.031 D/CCodec (15731): }
06-04 18:26:58.031 D/CCodec (15731): setup formats output: AMessage(what = 0x00000000) = {
06-04 18:26:58.031 D/CCodec (15731): int32_t channel-count = 1
06-04 18:26:58.031 D/CCodec (15731): string mime = "audio/raw"
06-04 18:26:58.031 D/CCodec (15731): int32_t sample-rate = 48000
06-04 18:26:58.031 D/CCodec (15731): int32_t channel-mask = 1
06-04 18:26:58.031 D/CCodec (15731): int32_t android._config-pcm-encoding = 2
06-04 18:26:58.031 D/CCodec (15731): }
06-04 18:26:58.031 D/DroidlogicApplication(15928): bootvideo stopped, start initializing AudioEffect
06-04 18:26:58.031 I/CCodecConfig(15731): query failed after returning 7 values (BAD_INDEX)
06-04 18:26:58.032 W/ContextImpl(15928): Calling a method in the system process without a qualified user: android.app.ContextImpl.startService:1899 android.content.ContextWrapper.startService:825 com.droidlogic.DroidlogicApplication$1.handleMessage:93 android.os.Handler.dispatchMessage:106 android.os.Looper.loopOnce:205
06-04 18:26:58.033 D/AudioService(15731): applyAllVolumes: apply default device index 100, group accessibility
06-04 18:26:58.033 D/ConnectivityService(15731): NetReassign [no changes] [c 0] [a 0] [i 0]
06-04 18:26:58.035 D/CompatibilityChangeReporter(15731): Compat change id reported: 262645982; UID 10034; state: DISABLED
06-04 18:26:58.036 W/Codec2Client(15731): query -- param skipped: index = 1342179345.
06-04 18:26:58.036 W/Codec2Client(15731): query -- param skipped: index = 2415921170.
06-04 18:26:58.037 V/WifiManager(15915): registerTrafficStateCallback: callback=com.android.systemui.statusbar.connectivity.WifiSignalController$WifiTrafficStateCallback@9d3c40c, executor=android.os.HandlerExecutor@e854933
06-04 18:26:58.038 I/wpa_supplicant(16113): wpa_driver_nl80211_driver_cmd: wifi vendor: aml_w2_s
06-04 18:26:58.038 I/wpa_supplicant(16113): wpa_driver_nl80211_driver_cmd: wlan0: private command: SETSUSPENDMODE 0
06-04 18:26:58.038 D/CCodecBufferChannel(15731): [c2.android.vorbis.decoder#708] Created input block pool with allocatorID 16 => poolID 21 - OK (0)
06-04 18:26:58.040 D/ReflectedParamUpdater(15731): extent() != 1 for single value type: algo.buffers.max-count.values
06-04 18:26:58.040 I/CCodecBufferChannel(15731): [c2.android.vorbis.decoder#708] Created output block pool with allocatorID 16 => poolID 30 - OK
06-04 18:26:58.040 D/CCodecBufferChannel(15731): [c2.android.vorbis.decoder#708] Configured output block pool ids 30 => OK
06-04 18:26:58.040 D/ReflectedParamUpdater(15731): extent() != 1 for single value type: output.subscribed-indices.values
06-04 18:26:58.041 I/C2VendorComponentStore( 475): setDmaBufUsage 5
06-04 18:26:58.042 D/ReflectedParamUpdater(15731): extent() != 1 for single value type: input.buffers.allocator-ids.values
06-04 18:26:58.042 D/ReflectedParamUpdater(15731): extent() != 1 for single value type: output.buffers.allocator-ids.values
06-04 18:26:58.042 D/ReflectedParamUpdater(15731): extent() != 1 for single value type: algo.buffers.allocator-ids.values
06-04 18:26:58.042 D/ReflectedParamUpdater(15731): extent() != 1 for single value type: output.buffers.pool-ids.values
06-04 18:26:58.043 D/ReflectedParamUpdater(15731): extent() != 1 for single value type: algo.buffers.pool-ids.values
06-04 18:26:58.043 D/SimpleC2Component( 634): Using output block pool with poolID 30 => got 30 - 0
06-04 18:26:58.044 V/AudioService(15731): readSettings: found stored index 100 for group assistant, device: volume_assistant_0x40000000, User=0
06-04 18:26:58.045 D/CompatibilityChangeReporter(15731): Compat change id reported: 218533173; UID 10002; state: ENABLED
06-04 18:26:58.045 D/CompatibilityChangeReporter(15731): Compat change id reported: 262645982; UID 10002; state: ENABLED
06-04 18:26:58.046 D/CompatibilityChangeReporter(15731): Compat change id reported: 218533173; UID 10055; state: ENABLED
06-04 18:26:58.046 D/CompatibilityChangeReporter(15731): Compat change id reported: 262645982; UID 10055; state: ENABLED
06-04 18:26:58.048 I/UsbCameraReceiver(15928): action: android.hardware.usb.action.USB_DEVICE_ATTACHED
06-04 18:26:58.049 I/CCodecConfig(15731): query failed after returning 7 values (BAD_INDEX)
06-04 18:26:58.049 D/CCodecConfig(15731): c2 config diff is Dict {
06-04 18:26:58.049 D/CCodecConfig(15731): c2::u32 coded.bitrate.value = 64000
06-04 18:26:58.049 D/CCodecConfig(15731): c2::u32 input.buffers.max-size.value = 32768
06-04 18:26:58.049 D/CCodecConfig(15731): c2::u32 input.delay.value = 0
06-04 18:26:58.049 D/CCodecConfig(15731): string input.media-type.value = "audio/vorbis"
06-04 18:26:58.049 D/CCodecConfig(15731): string output.media-type.value = "audio/raw"
06-04 18:26:58.049 D/CCodecConfig(15731): c2::u32 raw.channel-count.value = 1
06-04 18:26:58.049 D/CCodecConfig(15731): c2::u32 raw.sample-rate.value = 48000
06-04 18:26:58.049 D/CCodecConfig(15731): }
06-04 18:26:58.049 D/AudioService(15731): updateVolumeGroupIndex for stream 11, muted=false, device=1024, index=1000, group system Muted=false, Index=100, forceMuteState=false
06-04 18:26:58.050 D/AudioService(15731): applyAllVolumes: apply default device index 100, group assistant
06-04 18:26:58.051 D/AudioService(15731): applyAllVolumes: forceDeviceSync index 100, device hdmi, group assistant
06-04 18:26:58.053 V/WifiManager(15915): registerScanResultsCallback: callback=com.android.systemui.statusbar.connectivity.NetworkControllerImpl$5@73eb76a, executor=androidx.mediarouter.media.MediaRoute2Provider$$ExternalSyntheticLambda0@792945b
06-04 18:26:58.053 D/CompatibilityChangeReporter(15731): Compat change id reported: 218533173; UID 10060; state: ENABLED
06-04 18:26:58.055 D/MediaCodec(15731): flushMediametrics
06-04 18:26:58.055 D/CCodec (15731): [c2.android.vorbis.decoder] buffers are bound to CCodec for this session
06-04 18:26:58.055 D/CCodecConfig(15731): no c2 equivalents for durationUs
06-04 18:26:58.055 D/CCodecConfig(15731): no c2 equivalents for track-id
06-04 18:26:58.055 D/CCodecConfig(15731): no c2 equivalents for csd-1
06-04 18:26:58.055 D/CCodecConfig(15731): no c2 equivalents for flags
06-04 18:26:58.056 D/CCodecConfig(15731): c2 config diff is c2::u32 coded.bitrate.value = 239920
06-04 18:26:58.056 D/CCodecConfig(15731): c2::u32 raw.sample-rate.value = 44100
06-04 18:26:58.057 W/Codec2Client(15731): query -- param skipped: index = 1107298332.
06-04 18:26:58.057 D/CCodec (15731): encoding statistics level = 0
06-04 18:26:58.057 D/CCodec (15731): setup formats input: AMessage(what = 0x00000000) = {
06-04 18:26:58.057 D/CCodec (15731): int32_t bitrate = 239920
06-04 18:26:58.057 D/CCodec (15731): int32_t channel-count = 1
06-04 18:26:58.057 D/CCodec (15731): int32_t max-input-size = 32768
06-04 18:26:58.057 D/CCodec (15731): string mime = "audio/vorbis"
06-04 18:26:58.057 D/CCodec (15731): int32_t sample-rate = 44100
06-04 18:26:58.057 D/CCodec (15731): }
06-04 18:26:58.057 D/CCodec (15731): setup formats output: AMessage(what = 0x00000000) = {
06-04 18:26:58.057 D/CCodec (15731): int32_t channel-count = 1
06-04 18:26:58.057 D/CCodec (15731): string mime = "audio/raw"
06-04 18:26:58.057 D/CCodec (15731): int32_t sample-rate = 44100
06-04 18:26:58.057 D/CCodec (15731): int32_t channel-mask = 1
06-04 18:26:58.057 D/CCodec (15731): int32_t android._config-pcm-encoding = 2
06-04 18:26:58.057 D/CCodec (15731): }
06-04 18:26:58.058 I/CCodecConfig(15731): query failed after returning 7 values (BAD_INDEX)
06-04 18:26:58.059 W/Codec2Client(15731): query -- param skipped: index = 1342179345.
06-04 18:26:58.059 W/Codec2Client(15731): query -- param skipped: index = 2415921170.
06-04 18:26:58.059 D/AudioEffectsService(15928): AudioEffectsService onCreate
06-04 18:26:58.060 D/CCodecBufferChannel(15731): [c2.android.vorbis.decoder#90] Created input block pool with allocatorID 16 => poolID 22 - OK (0)
06-04 18:26:58.061 I/C2VendorComponentStore( 475): setDmaBufUsage 5
06-04 18:26:58.062 D/CompatibilityChangeReporter(15928): Compat change id reported: 263076149; UID 1000; state: ENABLED
06-04 18:26:58.062 I/CCodecBufferChannel(15731): [c2.android.vorbis.decoder#90] Created output block pool with allocatorID 16 => poolID 31 - OK
06-04 18:26:58.063 V/AudioService(15731): readSettings: found stored index 20 for group AUDIO_STREAM_REROUTING, device: volume_AUDIO_STREAM_REROUTING_0x40000000, User=0
06-04 18:26:58.063 D/CCodecBufferChannel(15731): [c2.android.vorbis.decoder#90] Configured output block pool ids 31 => OK
06-04 18:26:58.063 D/AudioService(15731): applyAllVolumes: apply default device index 20, group AUDIO_STREAM_REROUTING
06-04 18:26:58.063 I/C2VendorComponentStore( 475): setDmaBufUsage 5
06-04 18:26:58.064 D/APM_AudioPolicyManager(15606): setVolumeCurveIndex: wrong index 20 min=0 max=1
06-04 18:26:58.064 E/APM_AudioPolicyManager(15606): setVolumeIndexForAttributes failed to set curve index for group 13 device 0x40000000
06-04 18:26:58.064 E/AudioSystem-JNI(15731): Command failed for android_media_AudioSystem_setVolumeIndexForAttributes: -22
06-04 18:26:58.064 D/AudioService(15731): applyAllVolumes: forceDeviceSync index 20, device hdmi, group AUDIO_STREAM_REROUTING
06-04 18:26:58.064 D/xm_audio(15619): adev_get_parameters
06-04 18:26:58.064 D/APM_AudioPolicyManager(15606): setVolumeCurveIndex: wrong index 20 min=0 max=1
06-04 18:26:58.064 E/APM_AudioPolicyManager(15606): setVolumeIndexForAttributes failed to set curve index for group 13 device 0x400
06-04 18:26:58.065 E/AudioSystem-JNI(15731): Command failed for android_media_AudioSystem_setVolumeIndexForAttributes: -22
06-04 18:26:58.065 D/SimpleC2Component( 634): Using output block pool with poolID 31 => got 31 - 0
06-04 18:26:58.068 V/AudioService(15731): readSettings: found stored index 20 for group AUDIO_STREAM_PATCH, device: volume_AUDIO_STREAM_PATCH_0x40000000, User=0
06-04 18:26:58.069 D/AudioService(15731): applyAllVolumes: apply default device index 20, group AUDIO_STREAM_PATCH
06-04 18:26:58.069 I/C2VendorComponentStore( 475): setDmaBufUsage 5
06-04 18:26:58.070 D/APM_AudioPolicyManager(15606): setVolumeCurveIndex: wrong index 20 min=0 max=1
06-04 18:26:58.070 E/APM_AudioPolicyManager(15606): setVolumeIndexForAttributes failed to set curve index for group 14 device 0x40000000
06-04 18:26:58.072 I/AudioEffectsService(15928): handleActionStartUp: is tv:false
06-04 18:26:58.072 D/SoundEffectManager(15928): init
06-04 18:26:58.072 E/AudioSystem-JNI(15731): Command failed for android_media_AudioSystem_setVolumeIndexForAttributes: -22
06-04 18:26:58.072 D/AudioService(15731): applyAllVolumes: forceDeviceSync index 20, device hdmi, group AUDIO_STREAM_PATCH
06-04 18:26:58.073 D/APM_AudioPolicyManager(15606): setVolumeCurveIndex: wrong index 20 min=0 max=1
06-04 18:26:58.073 E/APM_AudioPolicyManager(15606): setVolumeIndexForAttributes failed to set curve index for group 14 device 0x400
06-04 18:26:58.075 D/CompatibilityChangeReporter(15731): Compat change id reported: 262645982; UID 10060; state: ENABLED
06-04 18:26:58.075 E/AudioSystem-JNI(15731): Command failed for android_media_AudioSystem_setVolumeIndexForAttributes: -22
06-04 18:26:58.077 D/xm_audio(15619): adev_get_parameters
06-04 18:26:58.079 D/SoundEffectManager(15928): getEffectFunctionConfig: UI:0 value:0
06-04 18:26:58.081 D/xm_audio(15619): adev_get_parameters
06-04 18:26:58.083 D/xm_audio(15619): adev_get_parameters
06-04 18:26:58.081 D/ConnectivityService(15731): requestNetwork for uid/pid:10052/15915 activeRequest: null callbackRequest: 23 [NetworkRequest [ REQUEST id=24, [ Capabilities: INTERNET&NOT_RESTRICTED&TRUSTED&NOT_VCN_MANAGED Uid: 10052 RequestorUid: 10052 RequestorPkg: com.android.systemui UnderlyingNetworks: Null] ]] callback flags: 1 order: 2147483647
06-04 18:26:58.083 D/CompatibilityChangeReporter(15731): Compat change id reported: 218533173; UID 10013; state: ENABLED
06-04 18:26:58.084 D/ConnectivityService(15731): NetReassign [no changes] [c 0] [a 0] [i 1]
06-04 18:26:58.085 D/xm_audio(15619): adev_get_parameters
06-04 18:26:58.086 D/CompatibilityChangeReporter(15731): Compat change id reported: 262645982; UID 10013; state: ENABLED
06-04 18:26:58.095 D/xm_audio(15619): adev_get_parameters
06-04 18:26:58.096 D/xm_audio(15619): adev_get_parameters
06-04 18:26:58.101 D/xm_audio(15619): adev_get_parameters
06-04 18:26:58.103 D/xm_audio(15619): adev_get_parameters
06-04 18:26:58.108 D/SoundEffectManager(15928): getEffectFunctionConfig: UI:1 value:0
06-04 18:26:58.109 D/xm_audio(15619): adev_get_parameters
06-04 18:26:58.109 D/SoundEffectManager(15928): getEffectFunctionConfig: UI:2 value:0
06-04 18:26:58.110 D/xm_audio(15619): adev_get_parameters
06-04 18:26:58.111 D/SoundEffectManager(15928): getEffectFunctionConfig: UI:3 value:0
06-04 18:26:58.112 D/xm_audio(15619): adev_get_parameters
06-04 18:26:58.113 D/xm_audio(15619): adev_get_parameters
06-04 18:26:58.114 D/xm_audio(15619): adev_get_parameters
06-04 18:26:58.125 D/SoundEffectManager(15928): getEffectFunctionConfig: UI:4 value:0
06-04 18:26:58.127 D/xm_audio(15619): adev_get_parameters
06-04 18:26:58.129 D/xm_audio(15619): adev_get_parameters
06-04 18:26:58.131 D/xm_audio(15619): adev_get_parameters
06-04 18:26:58.132 D/SoundEffectManager(15928): getEffectFunctionConfig: UI:5 value:0
06-04 18:26:58.133 D/xm_audio(15619): adev_get_parameters
06-04 18:26:58.134 D/SoundEffectManager(15928): getEffectFunctionConfig: UI:6 value:0
06-04 18:26:58.134 D/SoundEffectManager(15928): getEffectFunctionConfig: unknown UI_ID:7
06-04 18:26:58.136 D/xm_audio(15619): adev_get_parameters
06-04 18:26:58.137 D/SoundEffectManager(15928): getEffectFunctionConfig: UI:8 value:0
06-04 18:26:58.138 D/xm_audio(15619): adev_get_parameters
06-04 18:26:58.142 D/xm_audio(15619): adev_get_parameters
06-04 18:26:58.144 I/TetheringManager(15915): registerTetheringEventCallback:com.android.systemui
06-04 18:26:58.144 I/TetheringManager(15915): registerTetheringEventCallback caller:com.android.systemui
06-04 18:26:58.146 D/xm_audio(15619): adev_get_parameters
06-04 18:26:58.148 D/CCodecBufferChannel(15731): [c2.android.vorbis.decoder#90] MediaCodec discarded an unknown buffer
06-04 18:26:58.148 D/CCodecBufferChannel(15731): [c2.android.vorbis.decoder#90] MediaCodec discarded an unknown buffer
06-04 18:26:58.148 D/CCodecBufferChannel(15731): [c2.android.vorbis.decoder#90] MediaCodec discarded an unknown buffer
06-04 18:26:58.149 D/SoundEffectManager(15928): getEffectFunctionConfig: UI:9 value:0
06-04 18:26:58.150 I/hw-BpHwBinder(15731): onLastStrongRef automatically unlinking death recipients
06-04 18:26:58.151 D/xm_audio(15619): adev_get_parameters
06-04 18:26:58.150 I/hw-BpHwBinder( 634): onLastStrongRef automatically unlinking death recipients
06-04 18:26:58.152 D/SoundEffectManager(15928): getEffectFunctionConfig: UI:10 value:0
06-04 18:26:58.153 D/MediaCodec(15731): flushMediametrics
06-04 18:26:58.157 D/xm_audio(15619): adev_get_parameters
06-04 18:26:58.160 D/xm_audio(15619): adev_get_parameters
06-04 18:26:58.161 D/SoundEffectManager(15928): getEffectFunctionConfig: UI:11 value:0
06-04 18:26:58.163 D/xm_audio(15619): adev_get_parameters
06-04 18:26:58.164 D/SoundEffectManager(15928): getEffectFunctionConfig: UI:12 value:0
06-04 18:26:58.166 D/xm_audio(15619): adev_get_parameters
06-04 18:26:58.170 D/xm_audio(15619): adev_get_parameters
06-04 18:26:58.171 D/SoundEffectManager(15928): getEffectFunctionConfig: UI:13 value:0
06-04 18:26:58.171 D/SoundEffectManager(15928): getEffectFunctionConfig: unknown UI_ID:14
06-04 18:26:58.172 D/CCodecBufferChannel(15731): [c2.android.vorbis.decoder#708] MediaCodec discarded an unknown buffer
06-04 18:26:58.172 D/CCodecBufferChannel(15731): [c2.android.vorbis.decoder#708] MediaCodec discarded an unknown buffer
06-04 18:26:58.172 D/CCodecBufferChannel(15731): [c2.android.vorbis.decoder#708] MediaCodec discarded an unknown buffer
06-04 18:26:58.177 D/xm_audio(15619): adev_get_parameters
06-04 18:26:58.179 I/hw-BpHwBinder(15731): onLastStrongRef automatically unlinking death recipients
06-04 18:26:58.181 I/hw-BpHwBinder( 634): onLastStrongRef automatically unlinking death recipients
06-04 18:26:58.181 D/MediaCodec(15731): flushMediametrics
06-04 18:26:58.181 I/hw-BpHwBinder( 634): onLastStrongRef automatically unlinking death recipients
06-04 18:26:58.184 D/xm_audio(15619): adev_get_parameters
06-04 18:26:58.189 I/audio_hw_hal_primary(15619): [audiohal_get_latency:1333] io 13: out:0xebe415a0 frames:1280 rate:48000 whole_latency:26 alsa_latency:26
06-04 18:26:58.189 D/AudioFlinger(15606): Client defaulted notificationFrames to 2050 for frameCount 4100
06-04 18:26:58.192 I/audio_hw_hal_primary(15619): [audiohal_get_latency:1333] io 13: out:0xebe415a0 frames:1024 rate:48000 whole_latency:21 alsa_latency:21
06-04 18:26:58.193 D/xm_audio(15619): adev_get_parameters
06-04 18:26:58.195 D/xm_audio(15619): adev_get_parameters
06-04 18:26:58.197 D/NotificationMemory(15915): NotificationMemoryMonitor initialized.
06-04 18:26:58.198 I/NotificationMemory(15915): Registered dumpable.
06-04 18:26:58.198 D/NotificationMemory(15915): Notification memory logging enabled.
06-04 18:26:58.202 W/AudioTrack(15928): Use of stream types is deprecated for operations other than volume control
06-04 18:26:58.202 D/xm_audio(15619): adev_get_parameters
06-04 18:26:58.202 W/AudioTrack(15928): See the documentation of AudioTrack() for what to use instead with android.media.AudioAttributes to qualify your playback use case
06-04 18:26:58.202 I/SoundEffectManager(15928): applyAudioEffectByPlayEmptyTrack create empty AudioTrack to applay AudioEffect
06-04 18:26:58.204 I/audio_hw_hal_primary(15619): [audiohal_get_latency:1333] io 69: out:0xebe40010 frames:1280 rate:48000 whole_latency:26 alsa_latency:26
06-04 18:26:58.204 I/audio_hw_hal_primary(15619): [audiohal_get_latency:1333] io 13: out:0xebe415a0 frames:1280 rate:48000 whole_latency:26 alsa_latency:26
06-04 18:26:58.207 W/Binder (15731): Caught a RuntimeException from the binder stub implementation.
06-04 18:26:58.207 W/Binder (15731): java.lang.SecurityException: Need REGISTER_STATS_PULL_ATOM permission.: Neither user 10052 nor current process has android.permission.REGISTER_STATS_PULL_ATOM.
06-04 18:26:58.207 W/Binder (15731): at android.app.ContextImpl.enforce(ContextImpl.java:2332)
06-04 18:26:58.207 W/Binder (15731): at android.app.ContextImpl.enforceCallingOrSelfPermission(ContextImpl.java:2360)
06-04 18:26:58.207 W/Binder (15731): at com.android.server.stats.StatsManagerService.enforceRegisterStatsPullAtomPermission(StatsManagerService.java:644)
06-04 18:26:58.207 W/Binder (15731): at com.android.server.stats.StatsManagerService.registerPullAtomCallback(StatsManagerService.java:212)
06-04 18:26:58.207 W/Binder (15731): at android.os.IStatsManagerService$Stub.onTransact(IStatsManagerService.java:418)
06-04 18:26:58.207 W/Binder (15731): at android.os.Binder.execTransactInternal(Binder.java:1363)
06-04 18:26:58.207 W/Binder (15731): at android.os.Binder.execTransact(Binder.java:1304)
06-04 18:26:58.207 D/xm_audio(15619): adev_get_parameters
06-04 18:26:58.211 I/StatusBarIconController(15915): Ignoring removal of (mobile). It should be controlled elsewhere
06-04 18:26:58.211 I/StatusBarIconController(15915): Ignoring removal of (wifi). It should be controlled elsewhere
06-04 18:26:58.214 D/ConnectivityService(15731): requestNetwork for uid/pid:10052/15915 activeRequest: null callbackRequest: 25 [NetworkRequest [ REQUEST id=26, [ Capabilities: INTERNET&NOT_RESTRICTED&TRUSTED&NOT_VCN_MANAGED Uid: 10052 RequestorUid: 10052 RequestorPkg: com.android.systemui UnderlyingNetworks: Null] ]] callback flags: 1 order: 2147483647
06-04 18:26:58.215 D/ConnectivityService(15731): NetReassign [no changes] [c 0] [a 0] [i 0]
06-04 18:26:58.217 I/audio_hw_hal_primary(15619): [register_audio_patch:8220] Patch 1:id:1 mix(io:13)->dev_0[OUT_SPEAKER(id:2)] found, remove it, and register new patch.
06-04 18:26:58.217 I/audio_hw_hal_primary(15619): [unregister_audio_patch:8167] delete the Patch: 1
06-04 18:26:58.217 I/audio_hw_hal_primary(15619): [aml_audio_output_routing:3986] cur_devices:0x2 unmute_devices:0x400, mute_devices:0x2
06-04 18:26:58.217 I/audio_hw_hal_primary(15619): [aml_audio_outport_enable:3899] all: 0x80002, pre:0x2, mute device: OUT_SPEAKER
06-04 18:26:58.217 D/audio_route(15619): Apply path: speaker_off
06-04 18:26:58.217 D/audio_hw_hal_resourcemgr(15619): [do_output_device_routing:592] [RM] device:0x2 avail_out_devices:400 routed_out_device:0x0 is_force:0
06-04 18:26:58.217 I/audio_hw_hal_primary(15619): [aml_audio_outport_enable:3974] dev=0xec1014a0 cur_out_device=0x0/
06-04 18:26:58.217 I/audio_hw_hal_primary(15619): [aml_audio_outport_enable:3899] all: 0x80002, pre:0, unmute device: OUT_HDMI
