06-04 18:26:57.722 D/CompatibilityChangeReporter(15731): Compat change id reported: 218533173; UID 10038; state: ENABLED
06-04 18:26:57.722 I/audio_hw_hal_primary(15619): [adev_set_parameters:4123] dev:0xec1014a0, kv: hal_param_dmx_mode=0
06-04 18:26:57.722 D/audio_hw_hal_hfp(15619): [audio_extn_hfp_set_parameters:739] audio_extn_hfp_set_parameters
06-04 18:26:57.722 I/audio_hw_hal_primary(15619): Amlogic_HAL - adev_set_parameters: set MS12 Downmix modes :0.
06-04 18:26:57.722 I/audio_hw_decoder_ms12v2(15619): -dmx Downmix Mode: 0
06-04 18:26:57.724 D/CompatibilityChangeReporter(15731): Compat change id reported: 262645982; UID 10038; state: ENABLED
06-04 18:26:57.725 W/VideoCapabilities(15731): Unsupported mime video/avs
06-04 18:26:57.725 D/DroidAudioManager.J(15928): setForceDDPEnable: false
06-04 18:26:57.725 W/VideoCapabilities(15731): Unsupported mime video/avs2
06-04 18:26:57.726 D/CompatibilityChangeReporter(15731): Compat change id reported: 218533173; UID 10031; state: ENABLED
06-04 18:26:57.727 W/VideoCapabilities(15731): Unsupported mime video/x-motion-jpeg
06-04 18:26:57.727 D/AudioFlinger(15606): ro.audio.silent is ignored since no output device is set
06-04 18:26:57.727 D/audio_hw_hal_primary(15619): [out_standby_new:5767] io 157: out:0xebe46be0 usecase:RAW_DIRECT
06-04 18:26:57.727 I/audio_hw_hal_primary(15619): already standby, do nothing
06-04 18:26:57.728 I/audio_hw_hal_primary(15619): [adev_set_parameters:4123] dev:0xec1014a0, kv: hal_param_force_ddp=0
06-04 18:26:57.728 D/audio_hw_hal_hfp(15619): [audio_extn_hfp_set_parameters:739] audio_extn_hfp_set_parameters
06-04 18:26:57.728 I/audio_hw_hal_primary(15619): adev_set_parameters hal_param_force_ddp set to 0
06-04 18:26:57.729 D/AudioFlinger(15606): ro.audio.silent is ignored since no output device is set
06-04 18:26:57.731 I/AdapterState(16024): OFF : entered
06-04 18:26:57.731 D/AdapterProperties(16024): Setting state to OFF
06-04 18:26:57.732 W/VideoCapabilities(15731): Unrecognized profile/level 0/4 for video/mpeg2
06-04 18:26:57.732 I/VideoCapabilities(15731): Unsupported profile 3 for video/mpeg2
06-04 18:26:57.732 I/VideoCapabilities(15731): Unsupported profile 4 for video/mpeg2
06-04 18:26:57.732 I/VideoCapabilities(15731): Unsupported profile 5 for video/mpeg2
06-04 18:26:57.732 W/VideoCapabilities(15731): Unrecognized profile/level 0/4 for video/mpeg2
06-04 18:26:57.732 I/VideoCapabilities(15731): Unsupported profile 3 for video/mpeg2
06-04 18:26:57.732 I/VideoCapabilities(15731): Unsupported profile 4 for video/mpeg2
06-04 18:26:57.732 I/VideoCapabilities(15731): Unsupported profile 5 for video/mpeg2
06-04 18:26:57.733 I/VideoCapabilities(15731): Unsupported profile 2 for video/mp4v-es
06-04 18:26:57.733 I/VideoCapabilities(15731): Unsupported profile 8 for video/mp4v-es
06-04 18:26:57.733 I/VideoCapabilities(15731): Unsupported profile 16 for video/mp4v-es
06-04 18:26:57.733 I/VideoCapabilities(15731): Unsupported profile 1024 for video/mp4v-es
06-04 18:26:57.733 W/VideoCapabilities(15731): Unsupported mime video/rm10
06-04 18:26:57.735 D/BluetoothKeystoreService(16024): new BluetoothKeystoreService isCommonCriteriaMode: false
06-04 18:26:57.736 D/xm_audio(15619): adev_get_parameters
06-04 18:26:57.735 D/BluetoothKeystoreService(16024): start
06-04 18:26:57.736 I/droid.bluetooth(16024): [0604/182657.736471:INFO:com_android_bluetooth_btservice_BluetoothKeystore.cpp(97)] classInitNative: succeeds
06-04 18:26:57.736 D/BluetoothKeystoreService(16024): setBluetoothKeystoreService(): set to: com.android.bluetooth.btservice.bluetoothkeystore.BluetoothKeystoreService@de2bf4e
06-04 18:26:57.738 D/BluetoothKeystoreService(16024): loadConfigData
06-04 18:26:57.735 D/CompatibilityChangeReporter(15731): Compat change id reported: 262645982; UID 10031; state: ENABLED
06-04 18:26:57.741 D/WifiScanRequestProxy(15731): Sending scan available broadcast: true
06-04 18:26:57.741 I/WifiScanningService(15731): Received a request to enable scanning, UID = 1000
06-04 18:26:57.742 I/WifiScanRequestProxy(15731): Scanning is enabled
06-04 18:26:57.742 I/WifiScanRequestProxy(15731): Scanning for hidden networks is enabled
06-04 18:26:57.742 I/DroidAudioManager.J(15928): getDtsXDrcMode: Mode:0
06-04 18:26:57.743 I/audio_hw_hal_primary(15619): dtsx_enable :0
06-04 18:26:57.745 W/VideoCapabilities(15731): Unsupported mime video/rm20
06-04 18:26:57.745 D/xm_audio(15619): adev_get_parameters
06-04 18:26:57.745 I/WifiHAL ( 493): found interface wlan0
06-04 18:26:57.745 D/WifiHAL ( 493): Setting Multista usecase = 0
06-04 18:26:57.745 I/WifiHAL ( 493): createRequest: MultiSta set use case
06-04 18:26:57.745 W/VideoCapabilities(15731): Unsupported mime video/rm30
06-04 18:26:57.746 D/WifiHAL ( 493): error code -95 mapped to -3
06-04 18:26:57.746 I/WifiHAL ( 493): Request Response failed for MultiSta, result = -3
06-04 18:26:57.746 W/VideoCapabilities(15731): Unsupported mime video/rm40
06-04 18:26:57.746 D/DroidAudioManager.J(15928): setDtsXDrcMode: Not support DTS-X
06-04 18:26:57.746 W/VideoCapabilities(15731): Unsupported mime video/vc1
06-04 18:26:57.747 W/VideoCapabilities(15731): Unsupported mime video/vc1
06-04 18:26:57.748 D/xm_audio(15619): adev_get_parameters
06-04 18:26:57.749 D/CompatibilityChangeReporter(15731): Compat change id reported: 218533173; UID 10051; state: ENABLED
06-04 18:26:57.750 D/CompatibilityChangeReporter(15731): Compat change id reported: 262645982; UID 10051; state: ENABLED
06-04 18:26:57.750 D/CompatibilityChangeReporter(15731): Compat change id reported: 218533173; UID 10071; state: ENABLED
06-04 18:26:57.751 D/CompatibilityChangeReporter(15731): Compat change id reported: 262645982; UID 10071; state: ENABLED
06-04 18:26:57.751 I/DroidAudioManager.J(15928): refreshAudioCfgBySrc src:[4]SRC_MEDIA, delayEnable:false
06-04 18:26:57.753 W/VideoCapabilities(15731): Unsupported mime video/x-vnd.on2.vp6a
06-04 18:26:57.753 W/VideoCapabilities(15731): Unsupported mime video/x-vnd.on2.vp6f
06-04 18:26:57.754 I/audio_hw_hal_primary(15619): [adev_set_parameters:4123] dev:0xec1014a0, kv: hal_param_out_dev_delay_time_ms=0
06-04 18:26:57.754 D/audio_hw_hal_hfp(15619): [audio_extn_hfp_set_parameters:739] audio_extn_hfp_set_parameters
06-04 18:26:57.754 I/audio_hw_hal_primary(15619): adev_set_parameters set audio delay =0
06-04 18:26:57.754 I/audio_hw_hal_delay(15619): set audio output type:0, delay time: 0ms, has init buffer: 0
06-04 18:26:57.755 D/CompatibilityChangeReporter(15731): Compat change id reported: 218533173; UID 10009; state: ENABLED
06-04 18:26:57.756 D/audio_hw_hal_primary(15619): [out_dump:848] io 85: out:0xebe41cd0, fd:22
06-04 18:26:57.756 D/MediaCodecList(15731): codecHandlesFormat: no format, so no extra checks
06-04 18:26:57.759 W/VideoCapabilities(15731): Unsupported mime video/wmv1
06-04 18:26:57.759 D/CompatibilityChangeReporter(15731): Compat change id reported: 262645982; UID 10009; state: ENABLED
06-04 18:26:57.760 E/WifiChipAidlImpl(15731): setMultiStaUseCase failed with service-specific exception: android.os.ServiceSpecificException: (code 4)
06-04 18:26:57.760 D/MediaCodecList(15731): codecHandlesFormat: no format, so no extra checks
06-04 18:26:57.761 D/WifiHAL ( 493): error code -95 mapped to -3
06-04 18:26:57.761 E/WifiStaIfaceAidlImpl(15731): getBackgroundScanCapabilities failed with service-specific exception: android.os.ServiceSpecificException: (code 4)
06-04 18:26:57.761 W/VideoCapabilities(15731): Unsupported mime video/wmv2
06-04 18:26:57.762 W/VideoCapabilities(15731): Unsupported mime video/wmv3
06-04 18:26:57.762 D/WifiHAL ( 493): Setting Multista primary connection for iface = wlan0
06-04 18:26:57.762 I/WifiHAL ( 493): createRequest: MultiSta set primary connection
06-04 18:26:57.762 D/WifiHAL ( 493): error code -95 mapped to -3
06-04 18:26:57.762 I/WifiHAL ( 493): Request Response failed for MultiSta, result = -3
06-04 18:26:57.762 D/BluetoothKeystoreService(16024): getCompareResult: 0
06-04 18:26:57.764 E/WifiChipAidlImpl(15731): setMultiStaPrimaryConnection failed with service-specific exception: android.os.ServiceSpecificException: (code 4)
06-04 18:26:57.765 D/CCodec (15731): allocate(c2.android.vorbis.decoder)
06-04 18:26:57.766 D/CompatibilityChangeReporter(15731): Compat change id reported: 218533173; UID 10021; state: ENABLED
06-04 18:26:57.767 D/CompatibilityChangeReporter(15731): Compat change id reported: 262645982; UID 10021; state: ENABLED
06-04 18:26:57.767 D/WindowManagerShell(15915): TvPipController: onTaskStackChanged()
06-04 18:26:57.769 D/WifiCountryCode(15731): evaluateAllCmmStateAndApplyIfAllReady: {ConcreteClientModeManager{id=7594383 iface=wlan0 role=ROLE_CLIENT_PRIMARY}=true}
06-04 18:26:57.769 I/CCodec (15731): setting up 'default' as default (vendor) store
06-04 18:26:57.769 D/CompatibilityChangeReporter(15731): Compat change id reported: 218533173; UID 10029; state: DISABLED
06-04 18:26:57.769 D/WifiCountryCode(15731): Reading country code from telephony
06-04 18:26:57.770 D/CompatibilityChangeReporter(15731): Compat change id reported: 262645982; UID 10029; state: DISABLED
06-04 18:26:57.770 D/CompatibilityChangeReporter(15731): Compat change id reported: 218533173; UID 10075; state: DISABLED
06-04 18:26:57.771 D/CompatibilityChangeReporter(15731): Compat change id reported: 262645982; UID 10075; state: DISABLED
06-04 18:26:57.773 I/CCodec (15731): Created component [c2.android.vorbis.decoder]
06-04 18:26:57.774 D/CCodecConfig(15731): read media type: audio/vorbis
06-04 18:26:57.774 D/WifiCountryCode(15731): Set telephony country code to:
06-04 18:26:57.775 D/WifiCountryCode(15731): updateCountryCode to CN
06-04 18:26:57.775 D/WifiCountryCode(15731): setCountryCodeNative: CN, isClientModeOnly: true mDriverCountryCode: null
06-04 18:26:57.775 I/audio_hw_hal_primary(15619): [adev_set_parameters:4123] dev:0xec1014a0, kv: hal_param_out_dev_delay_time_ms=65536
06-04 18:26:57.775 D/audio_hw_hal_hfp(15619): [audio_extn_hfp_set_parameters:739] audio_extn_hfp_set_parameters
06-04 18:26:57.775 I/audio_hw_hal_primary(15619): adev_set_parameters set audio delay =0
06-04 18:26:57.775 I/audio_hw_hal_delay(15619): set audio output type:1, delay time: 0ms, has init buffer: 0
06-04 18:26:57.775 D/audio_hw_hal_primary(15619): [out_set_parameters:971] out:0xebe41cd0 kvpairs:closing=true;exiting=1 out->out_device:0x400, adev->out_device:0x80002
06-04 18:26:57.775 E/audio_hw_hal_primary(15619): out_set_parameters, ret:-2, hw_sync_mode:is false
06-04 18:26:57.776 I/wpa_supplicant(16113): wpa_driver_nl80211_driver_cmd: wifi vendor: aml_w2_s
06-04 18:26:57.776 I/wpa_supplicant(16113): wpa_driver_nl80211_driver_cmd: wlan0: private command: COUNTRY CN
06-04 18:26:57.776 I/wpa_supplicant(16113): wlan0: CTRL-EVENT-REGDOM-CHANGE init=USER type=COUNTRY alpha2=CN
06-04 18:26:57.778 I/audio_hw_hal_primary(15619): [out_set_event_callback:3158] io 85: out:0xebe41cd0, callback:0xee34891d cookie:0xee681330
06-04 18:26:57.778 I/WifiScanningService(15731): Created a new impl for wlan0
06-04 18:26:57.778 I/audio_hw_hal_primary(15619): [adev_close_output_stream_new:8052] io handle 85: out:0xebe41cd0
06-04 18:26:57.778 D/audio_hw_hal_primary(15619): adev_close_output_stream_new: enter usecase = RAW_HWSYNC
06-04 18:26:57.778 I/audio_hw_hal_primary(15619): [adev_close_output_stream:3695] io 85: out:0xebe41cd0 dev:OUT_HDMI(0x400) flags:0x51, usecase:RAW_HWSYNC
06-04 18:26:57.778 D/audio_hw_hal_primary(15619): [out_standby_new:5767] io 85: out:0xebe41cd0 usecase:RAW_HWSYNC
06-04 18:26:57.778 I/audio_hw_hal_primary(15619): already standby, do nothing
06-04 18:26:57.778 I/audio_hw_hal_resourcemgr(15619): [is_output_device_muted:710] device:0x2 port_mute:0, fade_mute:0
06-04 18:26:57.778 I/audio_hw_hal_primary(15619): [adev_close_output_stream:3863] io 85: out:0xebe41cd0 exit ------
06-04 18:26:57.779 I/WifiScanningService(15731): wifi driver loaded with scan capabilities: max buckets=16
06-04 18:26:57.780 D/WifiNative(15731): onSetCountryCodeSucceeded: CN
06-04 18:26:57.780 I/WifiCountryCode(15731): Receive onSetCountryCodeSucceeded CN
06-04 18:26:57.780 I/WifiNl80211Manager(15731): Receive country code change to CN
06-04 18:26:57.780 I/wificond(15618): Receive notifyCountryCodeChanged
06-04 18:26:57.780 I/wificond(15618): UpdateBandInfo
06-04 18:26:57.780 D/WifiScanRequestProxy(15731): Sending scan available broadcast: true
06-04 18:26:57.781 I/WifiScanRequestProxy(15731): Scanning is enabled
06-04 18:26:57.781 I/WifiScanRequestProxy(15731): Scanning for hidden networks is enabled
06-04 18:26:57.781 D/WakeupController(15731): onWifiEnabled()
06-04 18:26:57.782 D/WifiClientModeImpl[7596409:wlan0](15731): entering ConnectableState: ifaceName = wlan0
06-04 18:26:57.783 D/CCodec (15731): allocate(c2.android.vorbis.decoder)
06-04 18:26:57.783 I/wpa_supplicant(16113): wpa_driver_nl80211_driver_cmd: wifi vendor: aml_w2_s
06-04 18:26:57.783 I/wpa_supplicant(16113): wpa_driver_nl80211_driver_cmd: wlan0: private command: SETSUSPENDMODE 1
06-04 18:26:57.784 D/audio_hw_hal_primary(15619): [out_dump:848] io 93: out:0xebe40e70, fd:22
06-04 18:26:57.786 D/ReflectedParamUpdater(15731): extent() != 1 for single value type: algo.buffers.max-count.values
06-04 18:26:57.788 I/CCodec (15731): setting up 'default' as default (vendor) store
06-04 18:26:57.788 D/ReflectedParamUpdater(15731): extent() != 1 for single value type: output.subscribed-indices.values
06-04 18:26:57.792 I/CCodec (15731): Created component [c2.android.vorbis.decoder]
06-04 18:26:57.793 I/WifiScanningService(15731): Received a request to enable scanning, UID = 1000
06-04 18:26:57.793 I/WifiScanningService(15731): scanner impls already exists
06-04 18:26:57.793 E/WifiScanningService(15731): wifi driver loaded received while already loaded
06-04 18:26:57.794 D/CompatibilityChangeReporter(15731): Compat change id reported: 218533173; UID 10000; state: ENABLED
06-04 18:26:57.795 D/CCodecConfig(15731): read media type: audio/vorbis
06-04 18:26:57.795 D/ReflectedParamUpdater(15731): extent() != 1 for single value type: input.buffers.allocator-ids.values
06-04 18:26:57.796 D/ReflectedParamUpdater(15731): extent() != 1 for single value type: output.buffers.allocator-ids.values
06-04 18:26:57.796 D/ReflectedParamUpdater(15731): extent() != 1 for single value type: algo.buffers.allocator-ids.values
06-04 18:26:57.798 I/wpa_supplicant(16113): wlan0: CTRL-EVENT-REGDOM-CHANGE init=CORE type=WORLD
06-04 18:26:57.798 I/wpa_supplicant(16113): wlan0: CTRL-EVENT-REGDOM-CHANGE init=USER type=COUNTRY alpha2=CN
06-04 18:26:57.799 D/ReflectedParamUpdater(15731): extent() != 1 for single value type: output.buffers.pool-ids.values
06-04 18:26:57.799 D/ReflectedParamUpdater(15731): extent() != 1 for single value type: algo.buffers.pool-ids.values
06-04 18:26:57.800 I/wificond(15618): 2.4Ghz frequencies: 2412 2417 2422 2427 2432 2437 2442 2447 2452 2457 2462 2467 2472
06-04 18:26:57.800 I/wificond(15618): 5Ghz non-DFS frequencies: 5745 5765 5785 5805 5825
06-04 18:26:57.800 I/wificond(15618): 5Ghz DFS frequencies: 5180 5200 5220 5240 5260 5280 5300 5320
06-04 18:26:57.800 I/wificond(15618): 6Ghz frequencies:
06-04 18:26:57.800 I/wificond(15618): 60Ghz frequencies:
06-04 18:26:57.800 I/wificond(15618): Regulatory domain changed to country: CN on wiphy_index: 0
06-04 18:26:57.800 I/wificond(15618): UpdateBandInfo
06-04 18:26:57.801 I/wpa_supplicant(16113): wpa_driver_nl80211_driver_cmd: wifi vendor: aml_w2_s
06-04 18:26:57.801 I/wpa_supplicant(16113): wpa_driver_nl80211_driver_cmd: wlan0: private command: MACADDR
06-04 18:26:57.804 I/wificond(15618): 2.4Ghz frequencies: 2412 2417 2422 2427 2432 2437 2442 2447 2452 2457 2462 2467 2472
06-04 18:26:57.804 I/wificond(15618): 5Ghz non-DFS frequencies: 5745 5765 5785 5805 5825
06-04 18:26:57.804 I/wificond(15618): 5Ghz DFS frequencies: 5180 5200 5220 5240 5260 5280 5300 5320
06-04 18:26:57.804 I/wificond(15618): 6Ghz frequencies:
06-04 18:26:57.804 I/wificond(15618): 60Ghz frequencies:
06-04 18:26:57.804 I/wificond(15618): Regulatory domain changed to country: CN on wiphy_index: 0
06-04 18:26:57.804 I/wificond(15618): UpdateBandInfo
06-04 18:26:57.806 I/CCodecConfig(15731): query failed after returning 7 values (BAD_INDEX)
06-04 18:26:57.806 D/CCodecConfig(15731): c2 config diff is Dict {
06-04 18:26:57.806 D/CCodecConfig(15731): c2::u32 coded.bitrate.value = 64000
06-04 18:26:57.806 D/CCodecConfig(15731): c2::u32 input.buffers.max-size.value = 32768
06-04 18:26:57.806 D/CCodecConfig(15731): c2::u32 input.delay.value = 0
06-04 18:26:57.806 D/CCodecConfig(15731): string input.media-type.value = "audio/vorbis"
06-04 18:26:57.806 D/CCodecConfig(15731): string output.media-type.value = "audio/raw"
06-04 18:26:57.806 D/CCodecConfig(15731): c2::u32 raw.channel-count.value = 1
06-04 18:26:57.806 D/CCodecConfig(15731): c2::u32 raw.sample-rate.value = 48000
06-04 18:26:57.806 D/CCodecConfig(15731): }
06-04 18:26:57.809 D/ReflectedParamUpdater(15731): extent() != 1 for single value type: algo.buffers.max-count.values
06-04 18:26:57.809 I/wificond(15618): 2.4Ghz frequencies: 2412 2417 2422 2427 2432 2437 2442 2447 2452 2457 2462 2467 2472
06-04 18:26:57.809 I/wificond(15618): 5Ghz non-DFS frequencies: 5745 5765 5785 5805 5825
06-04 18:26:57.809 I/wificond(15618): 5Ghz DFS frequencies: 5180 5200 5220 5240 5260 5280 5300 5320
06-04 18:26:57.809 I/wificond(15618): 6Ghz frequencies:
06-04 18:26:57.809 I/wificond(15618): 60Ghz frequencies:
06-04 18:26:57.809 D/CompatibilityChangeReporter(15731): Compat change id reported: 262645982; UID 10000; state: ENABLED
06-04 18:26:57.809 D/ReflectedParamUpdater(15731): extent() != 1 for single value type: output.subscribed-indices.values
06-04 18:26:57.809 D/ReflectedParamUpdater(15731): extent() != 1 for single value type: input.buffers.allocator-ids.values
06-04 18:26:57.810 D/ReflectedParamUpdater(15731): extent() != 1 for single value type: output.buffers.allocator-ids.values
06-04 18:26:57.810 D/WifiNl80211Manager(15731): OnRegDomainChanged CN
06-04 18:26:57.810 D/ReflectedParamUpdater(15731): extent() != 1 for single value type: algo.buffers.allocator-ids.values
06-04 18:26:57.810 D/ReflectedParamUpdater(15731): extent() != 1 for single value type: output.buffers.pool-ids.values
06-04 18:26:57.810 D/WifiNative(15731): onCountryCodeChanged: CN
06-04 18:26:57.810 I/WifiCountryCode(15731): Receive onDriverCountryCodeChanged CN
06-04 18:26:57.810 D/ReflectedParamUpdater(15731): extent() != 1 for single value type: algo.buffers.pool-ids.values
06-04 18:26:57.810 D/WifiNl80211Manager(15731): OnRegDomainChanged CN
06-04 18:26:57.810 D/WifiNative(15731): onCountryCodeChanged: CN
06-04 18:26:57.810 I/WifiCountryCode(15731): Receive onDriverCountryCodeChanged CN
06-04 18:26:57.812 D/MediaCodec(15731): flushMediametrics
06-04 18:26:57.812 D/CCodec (15731): [c2.android.vorbis.decoder] buffers are bound to CCodec for this session
06-04 18:26:57.812 D/CCodecConfig(15731): no c2 equivalents for durationUs
06-04 18:26:57.812 D/CCodecConfig(15731): no c2 equivalents for track-id
06-04 18:26:57.812 D/CCodecConfig(15731): no c2 equivalents for csd-1
06-04 18:26:57.812 D/CCodecConfig(15731): no c2 equivalents for flags
06-04 18:26:57.813 D/CompatibilityChangeReporter(15731): Compat change id reported: 218533173; UID 10032; state: ENABLED
06-04 18:26:57.814 D/CompatibilityChangeReporter(15731): Compat change id reported: 262645982; UID 10032; state: ENABLED
06-04 18:26:57.814 I/CCodecConfig(15731): query failed after returning 7 values (BAD_INDEX)
06-04 18:26:57.814 D/CCodecConfig(15731): c2 config diff is Dict {
06-04 18:26:57.814 D/CCodecConfig(15731): c2::u32 coded.bitrate.value = 64000
06-04 18:26:57.814 D/CCodecConfig(15731): c2::u32 input.buffers.max-size.value = 32768
06-04 18:26:57.814 D/CCodecConfig(15731): c2::u32 input.delay.value = 0
06-04 18:26:57.814 D/CCodecConfig(15731): string input.media-type.value = "audio/vorbis"
06-04 18:26:57.814 D/CCodecConfig(15731): string output.media-type.value = "audio/raw"
06-04 18:26:57.814 D/CCodecConfig(15731): c2::u32 raw.channel-count.value = 1
06-04 18:26:57.814 D/CCodecConfig(15731): c2::u32 raw.sample-rate.value = 48000
06-04 18:26:57.814 D/CCodecConfig(15731): }
06-04 18:26:57.815 D/CompatibilityChangeReporter(15731): Compat change id reported: 218533173; UID 10003; state: ENABLED
06-04 18:26:57.815 D/CompatibilityChangeReporter(15731): Compat change id reported: 262645982; UID 10003; state: ENABLED
06-04 18:26:57.815 D/CCodecConfig(15731): c2 config diff is c2::u32 coded.bitrate.value = 140000
06-04 18:26:57.816 D/MediaCodec(15731): flushMediametrics
06-04 18:26:57.816 D/CCodec (15731): [c2.android.vorbis.decoder] buffers are bound to CCodec for this session
06-04 18:26:57.816 D/CCodecConfig(15731): no c2 equivalents for durationUs
06-04 18:26:57.817 D/CCodecConfig(15731): no c2 equivalents for track-id
06-04 18:26:57.817 D/CCodecConfig(15731): no c2 equivalents for csd-1
06-04 18:26:57.817 D/CCodecConfig(15731): no c2 equivalents for flags
06-04 18:26:57.817 D/CCodecConfig(15731): c2 config diff is c2::u32 coded.bitrate.value = 140000
06-04 18:26:57.818 W/Codec2Client(15731): query -- param skipped: index = 1107298332.
06-04 18:26:57.818 D/CCodec (15731): encoding statistics level = 0
06-04 18:26:57.818 D/CCodec (15731): setup formats input: AMessage(what = 0x00000000) = {
06-04 18:26:57.818 D/CCodec (15731): int32_t bitrate = 140000
06-04 18:26:57.818 D/CCodec (15731): int32_t channel-count = 1
06-04 18:26:57.818 D/CCodec (15731): int32_t max-input-size = 32768
06-04 18:26:57.818 D/CCodec (15731): string mime = "audio/vorbis"
06-04 18:26:57.818 D/CCodec (15731): int32_t sample-rate = 48000
06-04 18:26:57.818 D/CCodec (15731): }
06-04 18:26:57.818 D/CCodec (15731): setup formats output: AMessage(what = 0x00000000) = {
06-04 18:26:57.818 D/CCodec (15731): int32_t channel-count = 1
06-04 18:26:57.818 D/CCodec (15731): string mime = "audio/raw"
06-04 18:26:57.818 D/CCodec (15731): int32_t sample-rate = 48000
06-04 18:26:57.818 D/CCodec (15731): int32_t channel-mask = 1
06-04 18:26:57.818 D/CCodec (15731): int32_t android._config-pcm-encoding = 2
06-04 18:26:57.818 D/CCodec (15731): }
06-04 18:26:57.818 I/CCodecConfig(15731): query failed after returning 7 values (BAD_INDEX)
06-04 18:26:57.819 D/audio_hw_hal_primary(15619): [out_set_parameters:971] out:0xebe40e70 kvpairs:closing=true;exiting=1 out->out_device:0x400, adev->out_device:0x80002
06-04 18:26:57.819 W/Codec2Client(15731): query -- param skipped: index = 1107298332.
06-04 18:26:57.819 D/CCodec (15731): encoding statistics level = 0
06-04 18:26:57.819 D/CCodec (15731): setup formats input: AMessage(what = 0x00000000) = {
06-04 18:26:57.819 D/CCodec (15731): int32_t bitrate = 140000
06-04 18:26:57.819 D/CCodec (15731): int32_t channel-count = 1
06-04 18:26:57.819 D/CCodec (15731): int32_t max-input-size = 32768
06-04 18:26:57.819 D/CCodec (15731): string mime = "audio/vorbis"
06-04 18:26:57.819 D/CCodec (15731): int32_t sample-rate = 48000
06-04 18:26:57.819 D/CCodec (15731): }
06-04 18:26:57.819 E/audio_hw_hal_primary(15619): out_set_parameters, ret:-2, hw_sync_mode:is false
06-04 18:26:57.819 D/CCodec (15731): setup formats output: AMessage(what = 0x00000000) = {
06-04 18:26:57.819 D/CCodec (15731): int32_t channel-count = 1
06-04 18:26:57.819 D/CCodec (15731): string mime = "audio/raw"
06-04 18:26:57.819 D/CCodec (15731): int32_t sample-rate = 48000
06-04 18:26:57.819 D/CCodec (15731): int32_t channel-mask = 1
06-04 18:26:57.819 D/CCodec (15731): int32_t android._config-pcm-encoding = 2
06-04 18:26:57.819 D/CCodec (15731): }
06-04 18:26:57.819 I/CCodecConfig(15731): query failed after returning 7 values (BAD_INDEX)
06-04 18:26:57.819 D/AudioFlinger(15606): ro.audio.silent is ignored since no output device is set
06-04 18:26:57.819 I/audio_hw_hal_primary(15619): [adev_set_parameters:4123] dev:0xec1014a0, kv: hal_param_out_dev_delay_time_ms=131072
06-04 18:26:57.819 D/audio_hw_hal_hfp(15619): [audio_extn_hfp_set_parameters:739] audio_extn_hfp_set_parameters
06-04 18:26:57.819 I/audio_hw_hal_primary(15619): adev_set_parameters set audio delay =0
06-04 18:26:57.819 I/audio_hw_hal_delay(15619): set audio output type:2, delay time: 0ms, has init buffer: 0
06-04 18:26:57.820 W/Codec2Client(15731): query -- param skipped: index = 1342179345.
06-04 18:26:57.820 I/audio_hw_hal_primary(15619): [out_set_event_callback:3158] io 93: out:0xebe40e70, callback:0xee34891d cookie:0xee680f10
06-04 18:26:57.820 W/Codec2Client(15731): query -- param skipped: index = 2415921170.
06-04 18:26:57.820 I/audio_hw_hal_primary(15619): [adev_close_output_stream_new:8052] io handle 93: out:0xebe40e70
06-04 18:26:57.820 D/audio_hw_hal_primary(15619): adev_close_output_stream_new: enter usecase = PCM_HWSYNC
06-04 18:26:57.821 D/audio_hw_hal_timer(15619): func:audio_timer_delete delete timer.1 success.
06-04 18:26:57.821 D/audio_hw_hal_timer(15619): func:audio_timer_delete delete timer.2 success.
06-04 18:26:57.821 D/audio_hw_hal_primary(15619): [adev_close_output_stream_new:8076] timer_id:1 ret:2
06-04 18:26:57.821 I/audio_hw_hal_primary(15619): [adev_close_output_stream:3695] io 93: out:0xebe40e70 dev:OUT_HDMI(0x400) flags:0x41, usecase:PCM_HWSYNC
06-04 18:26:57.821 D/audio_hw_hal_primary(15619): [out_standby_new:5767] io 93: out:0xebe40e70 usecase:PCM_HWSYNC
06-04 18:26:57.821 I/audio_hw_hal_primary(15619): already standby, do nothing
06-04 18:26:57.821 I/audio_hw_hal_resourcemgr(15619): [is_output_device_muted:710] device:0x2 port_mute:0, fade_mute:0
06-04 18:26:57.821 I/audio_hw_hal_primary(15619): [adev_close_output_stream:3863] io 93: out:0xebe40e70 exit ------
06-04 18:26:57.822 D/CCodecBufferChannel(15731): [c2.android.vorbis.decoder#942] Created input block pool with allocatorID 16 => poolID 19 - OK (0)
06-04 18:26:57.823 D/audio_hw_hal_primary(15619): [out_dump:848] io 101: out:0xebe43260, fd:22
06-04 18:26:57.824 W/Codec2Client(15731): query -- param skipped: index = 1342179345.
06-04 18:26:57.824 W/Codec2Client(15731): query -- param skipped: index = 2415921170.
06-04 18:26:57.825 D/CCodecBufferChannel(15731): [c2.android.vorbis.decoder#174] Created input block pool with allocatorID 16 => poolID 20 - OK (0)
06-04 18:26:57.826 I/CCodecBufferChannel(15731): [c2.android.vorbis.decoder#942] Created output block pool with allocatorID 16 => poolID 28 - OK
06-04 18:26:57.827 D/CCodecBufferChannel(15731): [c2.android.vorbis.decoder#942] Configured output block pool ids 28 => OK
06-04 18:26:57.827 D/audio_hw_hal_primary(15619): [out_set_parameters:971] out:0xebe43260 kvpairs:closing=true;exiting=1 out->out_device:0x400, adev->out_device:0x80002
06-04 18:26:57.827 E/audio_hw_hal_primary(15619): out_set_parameters, ret:-2, hw_sync_mode:is false
06-04 18:26:57.827 I/C2VendorComponentStore( 475): setDmaBufUsage 5
06-04 18:26:57.828 I/DroidAudioManager.J(15928): setAudioOutputSpeakerDelay cur source:[4]SRC_MEDIA is not the same as the set source:[0]SRC_ATV, only save to DB
06-04 18:26:57.828 D/AudioFlinger(15606): ro.audio.silent is ignored since no output device is set
06-04 18:26:57.828 I/audio_hw_hal_primary(15619): [out_set_event_callback:3158] io 101: out:0xebe43260, callback:0xee34891d cookie:0xee680250
06-04 18:26:57.828 I/CCodecBufferChannel(15731): [c2.android.vorbis.decoder#174] Created output block pool with allocatorID 16 => poolID 29 - OK
06-04 18:26:57.828 I/audio_hw_hal_primary(15619): [adev_close_output_stream_new:8052] io handle 101: out:0xebe43260
06-04 18:26:57.828 D/audio_hw_hal_primary(15619): adev_close_output_stream_new: enter usecase = RAW_DIRECT
06-04 18:26:57.828 I/audio_hw_hal_primary(15619): [adev_close_output_stream:3695] io 101: out:0xebe43260 dev:OUT_HDMI(0x400) flags:0x1, usecase:RAW_DIRECT
06-04 18:26:57.828 D/audio_hw_hal_primary(15619): [out_standby_new:5767] io 101: out:0xebe43260 usecase:RAW_DIRECT
06-04 18:26:57.828 I/audio_hw_hal_primary(15619): already standby, do nothing
06-04 18:26:57.829 I/audio_hw_hal_resourcemgr(15619): [is_output_device_muted:710] device:0x2 port_mute:0, fade_mute:0
06-04 18:26:57.829 I/audio_hw_hal_primary(15619): [adev_close_output_stream:3863] io 101: out:0xebe43260 exit ------
06-04 18:26:57.830 D/audio_hw_hal_primary(15619): [out_dump:848] io 109: out:0xebe42b30, fd:22
06-04 18:26:57.836 D/CCodecBufferChannel(15731): [c2.android.vorbis.decoder#174] Configured output block pool ids 29 => OK
06-04 18:26:57.838 D/SimpleC2Component( 634): Using output block pool with poolID 29 => got 29 - 0
06-04 18:26:57.839 D/SimpleC2Component( 634): Using output block pool with poolID 28 => got 28 - 0
06-04 18:26:57.842 I/DroidAudioManager.J(15928): setAudioOutputSpdifDelay cur source:[4]SRC_MEDIA is not the same as the set source:[0]SRC_ATV, only save to DB
06-04 18:26:57.849 E/Netd (15609): Removing unknown address 192.168.3.180/23 from ifindex 16
06-04 18:26:57.849 I/C2VendorComponentStore( 475): setDmaBufUsage 5
06-04 18:26:57.850 I/adbd ( 1384): host-18: read failed: Software caused connection abort
06-04 18:26:57.850 I/adbd ( 1384): host-18: offline
06-04 18:26:57.851 I/adbd ( 1384): BlockingConnectionAdapter(host-18): stopping
06-04 18:26:57.851 I/adbd ( 1384): BlockingConnectionAdapter(host-18): stopped
06-04 18:26:57.852 I/adbd ( 1384): BlockingConnectionAdapter(host-18): destructing
06-04 18:26:57.852 I/adbd ( 1384): BlockingConnectionAdapter(host-18): already stopped
06-04 18:26:57.859 I/WifiClientModeImpl[7596409:wlan0](15731): disconnectedstate enter
06-04 18:26:57.860 W/WifiConnectivityManager(15731): mConnectedSingleSavedNetworkSingleScanScheduleSec is not configured! Using default scan schedule
06-04 18:26:57.860 W/WifiConnectivityManager(15731): mConnectedSingleSavedNetworkSingleScanType is not configured! Using default scan types
06-04 18:26:57.861 D/WifiClientModeImpl[7596409:wlan0](15731): setupClientMode() ifacename = wlan0
06-04 18:26:57.862 I/DroidAudioManager.J(15928): setAudioOutputHeadphoneDelay cur source:[4]SRC_MEDIA is not the same as the set source:[0]SRC_ATV, only save to DB
06-04 18:26:57.864 D/CompatibilityChangeReporter(15731): Compat change id reported: 218533173; UID 10059; state: ENABLED
06-04 18:26:57.866 I/DroidAudioManager.J(15928): setAudioOutputSpeakerDelay cur source:[4]SRC_MEDIA is not the same as the set source:[1]SRC_DTV, only save to DB
06-04 18:26:57.866 D/CompatibilityChangeReporter(16024): Compat change id reported: 183155436; UID 1002; state: ENABLED
06-04 18:26:57.868 I/bt_btif (16024): packages/modules/Bluetooth/system/btif/src/bluetooth.cc:386 init: init: start restricted = 0 ; common criteria mode = 0, config compare result = 0
06-04 18:26:57.869 I/bt (16024): bt_common::init_flags: Flags loaded: asha_packet_drop_frequency_threshold=60asha_phy_update_retry_limit=5always_send_services_if_gatt_disc_done=truealways_use_private_gatt_for_debugging=falseasynchronously_start_l2cap_coc=truebtaa_hci=truebta_dm_clear_conn_id_on_client_close=truebtm_dm_flush_discovery_queue_on_search_cancel=falseclassic_discovery_only=falseclear_hidd_interrupt_cid_on_disconnect=truedelay_hidh_cleanup_until_hidh_ready_start=truedevice_iot_config_logging=falsedynamic_avrcp_version_enhancement=truefinite_att_timeout=truegatt_robust_caching_client=truegatt_robust_caching_server=falsegd_core=falsegd_hal_snoop_logger_socket=truegd_hal_snoop_logger_filtering=truegd_l2cap=falsegd_link_policy=falsegd_remote_name_request=falsegd_rust=falsehci_adapter=0hfp_dynamic_version=trueirk_rotation=falseleaudio_targeted_announcement_reconnection_mode=truepass_phy_update_callback=truepbap_pse_dynamic_version_upgrade=falseperiodic_advertising_adi=trueprivate_gatt=truequeue_l2cap_coc_while_encrypting=trueread_encryption_key_size=trueredact_log=truerust_event_loop=truesco_codec_select_lc3=falsesco_codec_timeout_clear=falsesdp_serialization=truesdp_skip_rnr_if_known=truebluetooth_quality_report_callback=trueset_min_encryption=truesubrating=truetrigger_advertising_callbacks_on_first_resume_after_pause=trueuse_unified_connection_manager=falsesdp_return_classic_services_when_le_discovery_fails=truedefault_log_level=4logging_explicit_tag_settings={}
06-04 18:26:57.869 I/WifiVendorHal(15731): Driver: RTK_DRIVER_VERSION Firmware: RTK_FIRMWARE_VERSION
06-04 18:26:57.869 I/DroidAudioManager.J(15928): setAudioOutputSpdifDelay cur source:[4]SRC_MEDIA is not the same as the set source:[1]SRC_DTV, only save to DB
06-04 18:26:57.869 I/WifiHAL ( 493): Added event handler 0xe6900330:0xe78519d1 for vendor 0x1a11 and subcmd 0xb at 2
06-04 18:26:57.871 I/DroidAudioManager.J(15928): setAudioOutputHeadphoneDelay cur source:[4]SRC_MEDIA is not the same as the set source:[1]SRC_DTV, only save to DB
06-04 18:26:57.873 I/WifiHAL ( 493): Added event handler 0xe6a80c90:0xe78519d1 for vendor 0x1a11 and subcmd 0xa at 3
06-04 18:26:57.874 D/WifiHAL ( 493): error code -95 mapped to -3
06-04 18:26:57.874 I/WifiHAL ( 493): Successfully removed event handler 0xe6a80c90:0xe78519d1 for vendor 0x1a11, subcmd 0xa from 2
06-04 18:26:57.874 E/WifiHAL ( 493): Failed to register set Hal preInit; result = -3
06-04 18:26:57.874 D/CompatibilityChangeReporter(15731): Compat change id reported: 262645982; UID 10059; state: ENABLED
06-04 18:26:57.876 D/CompatibilityChangeReporter(15731): Compat change id reported: 218533173; UID 10062; state: ENABLED
06-04 18:26:57.877 D/audio_hw_hal_primary(15619): [out_set_parameters:971] out:0xebe42b30 kvpairs:closing=true;exiting=1 out->out_device:0x400, adev->out_device:0x80002
06-04 18:26:57.877 E/audio_hw_hal_primary(15619): out_set_parameters, ret:-2, hw_sync_mode:is false
06-04 18:26:57.878 I/audio_hw_hal_primary(15619): [out_set_event_callback:3158] io 109: out:0xebe42b30, callback:0xee34891d cookie:0xee681f90
06-04 18:26:57.878 I/audio_hw_hal_primary(15619): [adev_close_output_stream_new:8052] io handle 109: out:0xebe42b30
06-04 18:26:57.878 D/audio_hw_hal_primary(15619): adev_close_output_stream_new: enter usecase = RAW_DIRECT
06-04 18:26:57.878 I/audio_hw_hal_primary(15619): [adev_close_output_stream:3695] io 109: out:0xebe42b30 dev:OUT_HDMI(0x400) flags:0x11, usecase:RAW_DIRECT
06-04 18:26:57.878 D/audio_hw_hal_primary(15619): [out_standby_new:5767] io 109: out:0xebe42b30 usecase:RAW_DIRECT
06-04 18:26:57.878 I/audio_hw_hal_primary(15619): already standby, do nothing
06-04 18:26:57.878 I/audio_hw_hal_resourcemgr(15619): [is_output_device_muted:710] device:0x2 port_mute:0, fade_mute:0
06-04 18:26:57.878 I/audio_hw_hal_primary(15619): [adev_close_output_stream:3863] io 109: out:0xebe42b30 exit ------
06-04 18:26:57.880 D/AudioFlinger(15606): closing mmapThread 0xe7b84930
06-04 18:26:57.880 D/AudioFlinger(15606): mmapThread exit()
06-04 18:26:57.881 I/audio_hw_hal_primary(15619): [adev_close_output_stream_new:8052] io handle 125: out:0xebe447f0
06-04 18:26:57.881 D/audio_hw_hal_primary(15619): adev_close_output_stream_new: enter usecase = PCM_MMAP
06-04 18:26:57.881 I/audio_hw_hal_primary(15619): [adev_close_output_stream:3695] io 125: out:0xebe447f0 dev:OUT_HDMI(0x400) flags:0x4001, usecase:PCM_MMAP
06-04 18:26:57.881 D/audio_hw_hal_primary(15619): [out_standby_new:5767] io 125: out:0xebe447f0 usecase:PCM_MMAP
06-04 18:26:57.881 I/audio_hw_hal_primary(15619): already standby, do nothing
06-04 18:26:57.881 I/audio_hw_hal_mmap(15619): [outMmapDeInit:743] stream:0xebe447f0
06-04 18:26:57.881 I/audio_hw_hal_mmap(15619): [mmap_audio_unregister_client:955] OK ! stream 0xebe447f0, client id 0
06-04 18:26:57.881 I/audio_hw_hal_primary(15619): when close aaudio stream, send STANDBY msg to submix & ms12
06-04 18:26:57.881 I/audio_hw_hal_ms12common(15619): aml_set_ms12_scheduler_state ms12_scheduler_state:1, sch_state:1 SCHEDULER_STANDBY is sent to ms12
06-04 18:26:57.881 I/audio_hw_hal_resourcemgr(15619): [is_output_device_muted:710] device:0x2 port_mute:0, fade_mute:0
06-04 18:26:57.881 I/audio_hw_hal_primary(15619): [adev_close_output_stream:3863] io 125: out:0xebe447f0 exit ------
06-04 18:26:57.882 D/audio_hw_hal_primary(15619): [out_dump:848] io 141: out:0xebe43990, fd:19
06-04 18:26:57.884 D/CompatibilityChangeReporter(15731): Compat change id reported: 262645982; UID 10062; state: ENABLED
06-04 18:26:57.886 I/DroidAudioManager.J(15928): setAudioOutputSpeakerDelay cur source:[4]SRC_MEDIA is not the same as the set source:[2]SRC_AV, only save to DB
06-04 18:26:57.887 I/droid.bluetooth(16024): [0604/182657.887427:INFO:message_loop_thread.cc(184)] Run: message loop starting for thread bt_stack_manager_thread
06-04 18:26:57.888 E/WifiChipAidlImpl(15731): startLoggingToDebugRingBuffer failed with service-specific exception: android.os.ServiceSpecificException: (code 4)
06-04 18:26:57.890 I/WifiHAL ( 493): Added event handler 0xe6a80c90:0xe78519d1 for vendor 0x1a11 and subcmd 0xa at 3
06-04 18:26:57.890 D/WifiHAL ( 493): error code -95 mapped to -3
06-04 18:26:57.890 I/WifiHAL ( 493): Successfully removed event handler 0xe6a80c90:0xe78519d1 for vendor 0x1a11, subcmd 0xa from 2
06-04 18:26:57.891 E/WifiHAL ( 493): Failed to register set Hal preInit; result = -3
06-04 18:26:57.891 I/bt_stack_manager(16024): packages/modules/Bluetooth/system/btif/src/stack_manager.cc:277 event_init_stack: is initializing the stack
06-04 18:26:57.891 E/WifiChipAidlImpl(15731): startLoggingToDebugRingBuffer failed with service-specific exception: android.os.ServiceSpecificException: (code 4)
06-04 18:26:57.892 D/WifiDiags(15731): startLogging() iface list is {wlan0} after adding wlan0
06-04 18:26:57.892 I/droid.bluetooth(16024): [0604/182657.891607:INFO:message_loop_thread.cc(184)] Run: message loop starting for thread bt_main_thread
06-04 18:26:57.892 I/DroidAudioManager.J(15928): setAudioOutputSpdifDelay cur source:[4]SRC_MEDIA is not the same as the set source:[2]SRC_AV, only save to DB
06-04 18:26:57.893 I/device_iot_config(16024): packages/modules/Bluetooth/system/device/src/device_iot_config_int.cc:68 device_iot_config_module_init:
06-04 18:26:57.893 E/droid.bluetooth(16024): [0604/182657.893282:ERROR:config.cc(106)] config_new: unable to open file '/data/misc/bluedroid/bt_remote_dev_info.conf': No such file or directory
06-04 18:26:57.893 W/device_iot_config(16024): packages/modules/Bluetooth/system/device/src/device_iot_config_int.cc:83 device_iot_config_module_init: Unable to load config file: /data/misc/bluedroid/bt_remote_dev_info.conf; using backup.
06-04 18:26:57.893 E/droid.bluetooth(16024): [0604/182657.893422:ERROR:config.cc(106)] config_new: unable to open file '/data/misc/bluedroid/bt_remote_dev_info.bak': No such file or directory
06-04 18:26:57.893 E/device_iot_config(16024): packages/modules/Bluetooth/system/device/src/device_iot_config_int.cc:89 device_iot_config_module_init: Unable to load bak file; creating empty config.
06-04 18:26:57.893 I/device_iot_config(16024): packages/modules/Bluetooth/system/device/src/device_iot_config_int.cc:130 device_iot_config_module_init: Devices loaded 0
06-04 18:26:57.894 I/bt_osi_thread(16024): packages/modules/Bluetooth/system/osi/src/thread.cc:210 run_thread: run_thread: thread id 16177, thread name alarm_default_ca started
06-04 18:26:57.895 I/wpa_supplicant(16113): wpa_driver_nl80211_driver_cmd: wifi vendor: aml_w2_s
06-04 18:26:57.895 I/wpa_supplicant(16113): wpa_driver_nl80211_driver_cmd: wlan0: private command: BTCOEXSCAN-STOP
06-04 18:26:57.897 I/DroidAudioManager.J(15928): setAudioOutputHeadphoneDelay cur source:[4]SRC_MEDIA is not the same as the set source:[2]SRC_AV, only save to DB
06-04 18:26:57.897 I/bt_osi_thread(16024): packages/modules/Bluetooth/system/osi/src/thread.cc:210 run_thread: run_thread: thread id 16178, thread name alarm_dispatcher started
06-04 18:26:57.897 D/CompatibilityChangeReporter(15731): Compat change id reported: 218533173; UID 10030; state: ENABLED
06-04 18:26:57.897 I/bt_core_module(16024): packages/modules/Bluetooth/system/btcore/src/module.cc:86 module_start_up: module_start_up Starting module "gd_shim_module"
06-04 18:26:57.897 I/bt_gd_shim(16024): packages/modules/Bluetooth/system/main/shim/stack.cc:81 StartEverything: StartEverything Starting Gd stack
06-04 18:26:57.897 I/bt_gd_shim(16024): packages/modules/Bluetooth/system/main/shim/stack.cc:160 Start: Start Starting Gd stack
06-04 18:26:57.898 I/BtGdWakelockNative(16024): packages/modules/Bluetooth/system/gd/os/android/wakelock_native.cc:79 Initialize: Initializing native wake locks
06-04 18:26:57.898 D/CCodecBufferChannel(15731): [c2.android.vorbis.decoder#174] MediaCodec discarded an unknown buffer
06-04 18:26:57.898 D/CCodecBufferChannel(15731): [c2.android.vorbis.decoder#174] MediaCodec discarded an unknown buffer
06-04 18:26:57.898 D/CCodecBufferChannel(15731): [c2.android.vorbis.decoder#174] MediaCodec discarded an unknown buffer
06-04 18:26:57.900 D/audio_hw_hal_primary(15619): [out_set_parameters:971] out:0xebe43990 kvpairs:closing=true;exiting=1 out->out_device:0x400, adev->out_device:0x80002
06-04 18:26:57.900 E/audio_hw_hal_primary(15619): out_set_parameters, ret:-2, hw_sync_mode:is false
06-04 18:26:57.900 I/wpa_supplicant(16113): wpa_driver_nl80211_driver_cmd: wifi vendor: aml_w2_s
06-04 18:26:57.900 I/wpa_supplicant(16113): wpa_driver_nl80211_driver_cmd: wlan0: private command: RXFILTER-STOP
06-04 18:26:57.900 D/CompatibilityChangeReporter(15731): Compat change id reported: 262645982; UID 10030; state: ENABLED
06-04 18:26:57.900 D/AudioFlinger(15606): ro.audio.silent is ignored since no output device is set
06-04 18:26:57.901 I/audio_hw_hal_primary(15619): [out_set_event_callback:3158] io 141: out:0xebe43990, callback:0xee34891d cookie:0xee680eb0
06-04 18:26:57.901 I/wpa_supplicant(16113): wpa_driver_nl80211_driver_cmd: wifi vendor: aml_w2_s
06-04 18:26:57.901 I/wpa_supplicant(16113): wpa_driver_nl80211_driver_cmd: wlan0: private command: RXFILTER-ADD 2
06-04 18:26:57.902 I/audio_hw_hal_primary(15619): [adev_close_output_stream_new:8052] io handle 141: out:0xebe43990
06-04 18:26:57.902 D/audio_hw_hal_primary(15619): adev_close_output_stream_new: enter usecase = RAW_DIRECT
06-04 18:26:57.902 I/audio_hw_hal_primary(15619): [adev_close_output_stream:3695] io 141: out:0xebe43990 dev:OUT_HDMI(0x400) flags:0x441, usecase:RAW_DIRECT
06-04 18:26:57.902 D/audio_hw_hal_primary(15619): [out_standby_new:5767] io 141: out:0xebe43990 usecase:RAW_DIRECT
06-04 18:26:57.902 I/audio_hw_hal_primary(15619): already standby, do nothing
06-04 18:26:57.902 I/audio_hw_hal_resourcemgr(15619): [is_output_device_muted:710] device:0x2 port_mute:0, fade_mute:0
06-04 18:26:57.902 I/audio_hw_hal_primary(15619): [adev_close_output_stream:3863] io 141: out:0xebe43990 exit ------
06-04 18:26:57.902 I/hw-BpHwBinder(15731): onLastStrongRef automatically unlinking death recipients
06-04 18:26:57.903 I/hw-BpHwBinder( 634): onLastStrongRef automatically unlinking death recipients
06-04 18:26:57.903 D/audio_hw_hal_primary(15619): [out_dump:848] io 157: out:0xebe46be0, fd:19
06-04 18:26:57.904 D/MediaCodec(15731): flushMediametrics
06-04 18:26:57.905 I/wpa_supplicant(16113): wpa_driver_nl80211_driver_cmd: wifi vendor: aml_w2_s
06-04 18:26:57.905 I/wpa_supplicant(16113): wpa_driver_nl80211_driver_cmd: wlan0: private command: RXFILTER-START
06-04 18:26:57.905 I/DroidAudioManager.J(15928): setAudioOutputSpeakerDelay cur source:[4]SRC_MEDIA is not the same as the set source:[3]SRC_HDMI, only save to DB
06-04 18:26:57.906 I/wpa_supplicant(16113): wpa_driver_nl80211_driver_cmd: wifi vendor: aml_w2_s
06-04 18:26:57.906 I/wpa_supplicant(16113): wpa_driver_nl80211_driver_cmd: wlan0: private command: RXFILTER-STOP
06-04 18:26:57.906 I/wpa_supplicant(16113): wpa_driver_nl80211_driver_cmd: wifi vendor: aml_w2_s
06-04 18:26:57.906 I/wpa_supplicant(16113): wpa_driver_nl80211_driver_cmd: wlan0: private command: RXFILTER-ADD 3
06-04 18:26:57.906 I/wpa_supplicant(16113): wpa_driver_nl80211_driver_cmd: wifi vendor: aml_w2_s
06-04 18:26:57.906 I/wpa_supplicant(16113): wpa_driver_nl80211_driver_cmd: wlan0: private command: RXFILTER-START
06-04 18:26:57.907 I/wpa_supplicant(16113): wpa_driver_nl80211_driver_cmd: wifi vendor: aml_w2_s
06-04 18:26:57.907 I/wpa_supplicant(16113): wpa_driver_nl80211_driver_cmd: wlan0: private command: SETSUSPENDMODE 1
06-04 18:26:57.907 I/DroidAudioManager.J(15928): setAudioOutputSpdifDelay cur source:[4]SRC_MEDIA is not the same as the set source:[3]SRC_HDMI, only save to DB
06-04 18:26:57.908 D/audio_hw_hal_primary(15619): [out_set_parameters:971] out:0xebe46be0 kvpairs:closing=true;exiting=1 out->out_device:0x400, adev->out_device:0x80002
06-04 18:26:57.909 E/audio_hw_hal_primary(15619): out_set_parameters, ret:-2, hw_sync_mode:is false
06-04 18:26:57.909 I/audio_hw_hal_primary(15619): [out_set_event_callback:3158] io 157: out:0xebe46be0, callback:0xee34891d cookie:0xee680370
06-04 18:26:57.909 I/audio_hw_hal_primary(15619): [adev_close_output_stream_new:8052] io handle 157: out:0xebe46be0
06-04 18:26:57.909 D/audio_hw_hal_primary(15619): adev_close_output_stream_new: enter usecase = RAW_DIRECT
06-04 18:26:57.909 I/audio_hw_hal_primary(15619): [adev_close_output_stream:3695] io 157: out:0xebe46be0 dev:OUT_HDMI(0x400) flags:0x401, usecase:RAW_DIRECT
06-04 18:26:57.909 D/audio_hw_hal_primary(15619): [out_standby_new:5767] io 157: out:0xebe46be0 usecase:RAW_DIRECT
06-04 18:26:57.909 I/audio_hw_hal_primary(15619): already standby, do nothing
06-04 18:26:57.909 I/audio_hw_hal_resourcemgr(15619): [is_output_device_muted:710] device:0x2 port_mute:0, fade_mute:0
06-04 18:26:57.909 I/audio_hw_hal_primary(15619): [adev_close_output_stream:3863] io 157: out:0xebe46be0 exit ------
06-04 18:26:57.913 I/AS.AudioDeviceInventory(15731): sendDeviceConnectionIntent(dev:0x400 state:0x1 address: name:);
06-04 18:26:57.916 I/DroidAudioManager.J(15928): setAudioOutputHeadphoneDelay cur source:[4]SRC_MEDIA is not the same as the set source:[3]SRC_HDMI, only save to DB
06-04 18:26:57.917 I/audio_hw_hal_primary(15619): [adev_set_parameters:4123] dev:0xec1014a0, kv: hal_param_out_dev_delay_time_ms=0
06-04 18:26:57.917 D/audio_hw_hal_hfp(15619): [audio_extn_hfp_set_parameters:739] audio_extn_hfp_set_parameters
06-04 18:26:57.917 I/audio_hw_hal_primary(15619): adev_set_parameters set audio delay =0
06-04 18:26:57.917 I/audio_hw_hal_delay(15619): set audio output type:0, delay time: 0ms, has init buffer: 0
06-04 18:26:57.920 D/CompatibilityChangeReporter(15731): Compat change id reported: 218533173; UID 10012; state: ENABLED
06-04 18:26:57.921 I/audio_hw_hal_primary(15619): [adev_set_parameters:4123] dev:0xec1014a0, kv: hal_param_out_dev_delay_time_ms=65536
06-04 18:26:57.921 D/audio_hw_hal_hfp(15619): [audio_extn_hfp_set_parameters:739] audio_extn_hfp_set_parameters
06-04 18:26:57.921 I/audio_hw_hal_primary(15619): adev_set_parameters set audio delay =0
06-04 18:26:57.921 I/audio_hw_hal_delay(15619): set audio output type:1, delay time: 0ms, has init buffer: 0
06-04 18:26:57.922 I/AudioService(15731): onAccessoryPlugMediaUnmute newDevice=1024 [hdmi]
06-04 18:26:57.922 D/CompatibilityChangeReporter(15731): Compat change id reported: 262645982; UID 10012; state: ENABLED
06-04 18:26:57.923 D/AudioService(15731): Master mono false
06-04 18:26:57.923 D/AudioService(15731): Master balance 0.000000
06-04 18:26:57.926 D/AudioService(15731): Master mute false, user=0
06-04 18:26:57.927 D/AudioService(15731): Mic mute false, user=0
06-04 18:26:57.927 D/AudioService(15731): Mic mute false, user=0
06-04 18:26:57.928 I/AmFFmpegByteIOAdapter( 627): File size : 6246
06-04 18:26:57.930 D/CCodecBufferChannel(15731): [c2.android.vorbis.decoder#942] MediaCodec discarded an unknown buffer
06-04 18:26:57.930 W/exFFmpeg( 627): Invalid return value 0 for stream protocol
06-04 18:26:57.930 D/CCodecBufferChannel(15731): [c2.android.vorbis.decoder#942] MediaCodec discarded an unknown buffer
06-04 18:26:57.930 D/CCodecBufferChannel(15731): [c2.android.vorbis.decoder#942] MediaCodec discarded an unknown buffer
06-04 18:26:57.931 D/AudioService(15731): readVolumeGroupsSettings userSwitch=true
06-04 18:26:57.932 V/AudioService(15731): readSettings: found stored index 7 for group voice_call, device: volume_music_hdmi, User=0
06-04 18:26:57.932 V/AudioService(15731): readSettings: found stored index 100 for group voice_call, device: volume_music_0x40000000, User=0
06-04 18:26:57.932 D/CompatibilityChangeReporter(15731): Compat change id reported: 218533173; UID 10025; state: ENABLED
06-04 18:26:57.932 D/CompatibilityChangeReporter(15731): Compat change id reported: 262645982; UID 10025; state: ENABLED
06-04 18:26:57.930 W/exFFmpeg( 627): Invalid return value 0 for stream protocol
06-04 18:26:57.933 D/CompatibilityChangeReporter(15731): Compat change id reported: 218533173; UID 10023; state: ENABLED
06-04 18:26:57.933 D/CompatibilityChangeReporter(15731): Compat change id reported: 262645982; UID 10023; state: ENABLED
06-04 18:26:57.933 I/AmFFmpegExtractor( 627): checkInList: iswhite:0, mime:audio/ogg, type:1, id:86021 tag:0
06-04 18:26:57.933 I/AmFFmpegExtractor( 627): checkInList: iswhite:1, mime:audio/ogg, type:1, id:86021 tag:0
06-04 18:26:57.933 E/AmFFmpegExtractor( 627): codec_ctx->properties: 0
06-04 18:26:57.933 I/AmFFmpegExtractor( 627): checkSupportInList ret 1
06-04 18:26:57.934 D/CompatibilityChangeReporter(15731): Compat change id reported: 218533173; UID 10020; state: ENABLED
06-04 18:26:57.935 D/CompatibilityChangeReporter(15731): Compat change id reported: 262645982; UID 10020; state: ENABLED
06-04 18:26:57.935 D/AudioService(15731): updateVolumeGroupIndex for stream 0, muted=false, device=1024, index=70, group voice_call Muted=false, Index=7, forceMuteState=false
06-04 18:26:57.935 D/AudioService(15731): applyAllVolumes: apply index 7, group voice_call and device hdmi
06-04 18:26:57.936 I/BtGdModule(16024): packages/modules/Bluetooth/system/gd/module.cc:85 Start: Constructing next module
06-04 18:26:57.936 I/hw-BpHwBinder(15731): onLastStrongRef automatically unlinking death recipients
06-04 18:26:57.937 I/hw-BpHwBinder( 634): onLastStrongRef automatically unlinking death recipients
