06-04 18:26:59.942 I/DevicePolicyEngine(15731): Couldn't find any receivers that handle ACTION_DEVICE_POLICY_SET_RESULT in package com.android.devicelockcontroller
06-04 18:26:59.943 D/DevicePolicyEngine(15731): Writing device policies to file.
06-04 18:26:59.943 D/DevicePolicyEngine(15731): Writing to /data/system/device_policy_state.xml
06-04 18:26:59.946 I/InputModelManager(16304): getCurrentLanguageBean inputMode languageId:0
06-04 18:26:59.949 I/LanguageResManager(16304): prepareResource onSuccess:
06-04 18:26:59.949 I/LanguageResManager(16304): prepareResource onSuccess:
06-04 18:26:59.951 D/InputSurface(16304): initView:
06-04 18:26:59.951 I/MainPresenter(16304): initView:
06-04 18:26:59.951 D/MainLayer(16304): initView:
06-04 18:26:59.951 D/BodyAreaPresenter(16304): initView:
06-04 18:26:59.957 I/DefaultIMS(16304): DefaultIMS::onInitializeInterface() finish
06-04 18:26:59.959 D/CompatibilityChangeReporter(16304): Compat change id reported: 160794467; UID 10039; state: DISABLED
06-04 18:26:59.961 I/DefaultIMS(16304): onStartInput attribute=android.view.inputmethod.EditorInfo@3a33e7b restarting=false inputType: 0
06-04 18:26:59.962 I/nw (16304): onChanged: languageResStatusBean=Language load status:
06-04 18:26:59.962 I/nw (16304): {zh=3}
06-04 18:26:59.963 I/DefaultIMS(16304): initializedCallback: time tag1=1749032819963
06-04 18:26:59.963 I/nw (16304): initializeInputSession: inputMode=languageID=0
06-04 18:26:59.963 I/nw (16304): scriptID=2
06-04 18:26:59.963 I/nw (16304): layoutID=2
06-04 18:26:59.963 I/KeyEventTransfer(16304): languageID=0
06-04 18:26:59.963 I/KeyEventTransfer(16304): scriptID=2
06-04 18:26:59.963 I/KeyEventTransfer(16304): layoutID=2
06-04 18:26:59.971 W/StorageManagerService(15731): No primary storage defined yet; hacking together a stub
06-04 18:26:59.979 I/chromium(16304): [0604/182659:INFO:config_service.cc(227)] Load config buffer. err_code = 3, err_msg = Line: 1, column: 1, Unexpected token.
06-04 18:26:59.992 V/PackageManager(15731): reconcileAppsData finished 145 packages
06-04 18:26:59.992 I/ActivityManager(15731): User 0 state changed from RUNNING_LOCKED to RUNNING_UNLOCKING
06-04 18:26:59.993 I/CHInputSession(16304): set engine mode: 2 layout: 2
06-04 18:26:59.993 D/ActivityManager(15731): Unlocking user 0 progress 20
06-04 18:26:59.993 W/Looper (15731): Slow dispatch took 275ms android.fg h=android.os.Handler c=com.android.server.am.UserController$$ExternalSyntheticLambda2@6f1cfc1 m=0
06-04 18:26:59.993 D/CHJNIDefault(16304): setInputMode value=-1
06-04 18:26:59.993 W/Looper (15731): Slow delivery took 274ms android.fg h=android.os.Handler c=com.android.server.am.UserController$$ExternalSyntheticLambda9@2887366 m=0
06-04 18:26:59.993 D/SystemServerTimingAsync(15731): ssm.UnlockingUser-0
06-04 18:26:59.993 I/InputContext(16304): onChanged: candidateWords=[]
06-04 18:26:59.993 I/SystemServiceManager(15731): Calling onUnlockingUser 0
06-04 18:26:59.993 I/InputContext(16304): onChanged: candidateWordInfo.size=0 global offset: 0pausedCandidateData = false
06-04 18:26:59.993 D/SystemServerTimingAsync(15731): ssm.onUnlockingUser-0_com.android.server.security.FileIntegrityService
06-04 18:26:59.993 I/InputContext(16304): onChanged: composing=null
06-04 18:26:59.993 D/SystemServerTimingAsync(15731): ssm.onUnlockingUser-0_com.android.server.pm.Installer
06-04 18:26:59.993 I/InputContext(16304): onChanged: forCompose=false
06-04 18:26:59.993 D/SystemServerTimingAsync(15731): ssm.onUnlockingUser-0_com.android.server.os.DeviceIdentifiersPolicyService
06-04 18:26:59.993 D/SystemServerTimingAsync(15731): ssm.onUnlockingUser-0_com.android.server.flags.FeatureFlagsService
06-04 18:26:59.993 D/SystemServerTimingAsync(15731): ssm.onUnlockingUser-0_com.android.server.uri.UriGrantsManagerService$Lifecycle
06-04 18:26:59.993 D/SystemServerTimingAsync(15731): ssm.onUnlockingUser-0_com.android.server.powerstats.PowerStatsService
06-04 18:26:59.993 D/SystemServerTimingAsync(15731): ssm.onUnlockingUser-0_com.android.server.permission.access.AccessCheckingService
06-04 18:26:59.993 D/SystemServerTimingAsync(15731): ssm.onUnlockingUser-0_com.android.server.wm.ActivityTaskManagerService$Lifecycle
06-04 18:26:59.993 D/SystemServerTimingAsync(15731): ssm.onUnlockingUser-0_com.android.server.am.ActivityManagerService$Lifecycle
06-04 18:26:59.993 D/SystemServerTimingAsync(15731): ssm.onUnlockingUser-0_com.android.server.pm.DataLoaderManagerService
06-04 18:26:59.993 D/SystemServerTimingAsync(15731): ssm.onUnlockingUser-0_com.android.server.power.PowerManagerService
06-04 18:26:59.993 D/SystemServerTimingAsync(15731): ssm.onUnlockingUser-0_com.android.server.power.ThermalManagerService
06-04 18:26:59.993 D/SystemServerTimingAsync(15731): ssm.onUnlockingUser-0_com.android.server.power.hint.HintManagerService
06-04 18:26:59.994 I/BroadcastQueue(15731): BOOT_COMPLETED_BROADCAST_COMPLETION_LATENCY_REPORTED action:android.intent.action.LOCKED_BOOT_COMPLETED dispatchLatency:2 completeLatency:276 dispatchRealLatency:2 completeRealLatency:276 receiversSize:4 userId:0 userType:android.os.usertype.full.SYSTEM
06-04 18:26:59.994 D/SystemServerTimingAsync(15731): ssm.onUnlockingUser-0_com.android.server.recoverysystem.RecoverySystemService$Lifecycle
06-04 18:26:59.994 D/SystemServerTimingAsync(15731): ssm.onUnlockingUser-0_com.android.server.lights.LightsService
06-04 18:26:59.994 D/SystemServerTimingAsync(15731): ssm.onUnlockingUser-0_com.android.server.display.DisplayManagerService
06-04 18:26:59.994 D/SystemServerTimingAsync(15731): ssm.onUnlockingUser-0_com.android.server.pm.verify.domain.DomainVerificationService
06-04 18:26:59.994 D/SystemServerTimingAsync(15731): ssm.onUnlockingUser-0_com.android.server.pm.PackageInstallerService$Lifecycle
06-04 18:26:59.994 D/SystemServerTimingAsync(15731): ssm.onUnlockingUser-0_com.android.server.pm.UserManagerService$LifeCycle
06-04 18:26:59.994 D/SystemServerTimingAsync(15731): ssm.onUnlockingUser-0_com.android.server.om.OverlayManagerService
06-04 18:26:59.994 D/SystemServerTimingAsync(15731): ssm.onUnlockingUser-0_com.android.server.resources.ResourcesManagerService
06-04 18:26:59.994 D/SystemServerTimingAsync(15731): ssm.onUnlockingUser-0_com.android.server.sensorprivacy.SensorPrivacyService
06-04 18:26:59.994 D/SystemServerTimingAsync(15731): ssm.onUnlockingUser-0_com.android.server.sensors.SensorService
06-04 18:26:59.994 D/SystemServerTimingAsync(15731): ssm.onUnlockingUser-0_com.android.server.SystemConfigService
06-04 18:26:59.994 D/SystemServerTimingAsync(15731): ssm.onUnlockingUser-0_com.android.server.BatteryService
06-04 18:26:59.994 D/SystemServerTimingAsync(15731): ssm.onUnlockingUser-0_com.android.server.usage.UsageStatsService
06-04 18:26:59.994 D/SystemServerTimingAsync(15731): ssm.onUnlockingUser-0_com.android.server.webkit.WebViewUpdateService
06-04 18:26:59.994 D/SystemServerTimingAsync(15731): ssm.onUnlockingUser-0_com.android.server.CachedDeviceStateService
06-04 18:26:59.994 D/SystemServerTimingAsync(15731): ssm.onUnlockingUser-0_com.android.server.BinderCallsStatsService$LifeCycle
06-04 18:26:59.994 D/SystemServerTimingAsync(15731): ssm.onUnlockingUser-0_com.android.server.LooperStatsService$Lifecycle
06-04 18:26:59.994 D/SystemServerTimingAsync(15731): ssm.onUnlockingUser-0_com.android.server.rollback.RollbackManagerService
06-04 18:26:59.994 W/Looper (15731): Drained
06-04 18:26:59.995 D/SystemServerTimingAsync(15731): ssm.onUnlockingUser-0_com.android.server.os.NativeTombstoneManagerService
06-04 18:26:59.995 I/nw (16304): onChanged: input mode:languageID=0
06-04 18:26:59.995 I/nw (16304): scriptID=2
06-04 18:26:59.995 I/nw (16304): layoutID=2
06-04 18:26:59.995 D/SystemServerTimingAsync(15731): ssm.onUnlockingUser-0_com.android.server.os.BugreportManagerService
06-04 18:26:59.995 D/SystemServerTimingAsync(15731): ssm.onUnlockingUser-0_com.android.server.gpu.GpuService
06-04 18:26:59.995 D/SystemServerTimingAsync(15731): ssm.onUnlockingUser-0_com.android.server.security.rkp.RemoteProvisioningService
06-04 18:26:59.995 D/SystemServerTimingAsync(15731): ssm.onUnlockingUser-0_com.android.server.security.KeyChainSystemService
06-04 18:26:59.995 D/SystemServerTimingAsync(15731): ssm.onUnlockingUser-0_com.android.server.BinaryTransparencyService
06-04 18:26:59.995 D/SystemServerTimingAsync(15731): ssm.onUnlockingUser-0_com.android.server.accounts.AccountManagerService$Lifecycle
06-04 18:26:59.995 D/SystemServerTimingAsync(15731): ssm.onUnlockingUser-0_com.android.server.content.ContentService$Lifecycle
06-04 18:26:59.995 D/SystemServerTimingAsync(15731): ssm.onUnlockingUser-0_com.android.server.deviceconfig.DeviceConfigInit$Lifecycle
06-04 18:26:59.995 D/SystemServerTimingAsync(15731): ssm.onUnlockingUser-0_com.android.server.DropBoxManagerService
06-04 18:26:59.995 D/SystemServerTimingAsync(15731): ssm.onUnlockingUser-0_com.android.role.RoleService
06-04 18:26:59.995 D/SystemServerTimingAsync(15731): ssm.onUnlockingUser-0_com.android.server.vibrator.VibratorManagerService$Lifecycle
06-04 18:26:59.995 D/SystemServerTimingAsync(15731): ssm.onUnlockingUser-0_com.android.server.tare.InternalResourceService
06-04 18:26:59.995 D/SystemServerTimingAsync(15731): ssm.onUnlockingUser-0_com.android.server.alarm.AlarmManagerService
06-04 18:26:59.995 D/SystemServerTimingAsync(15731): ssm.onUnlockingUser-0_com.android.server.devicestate.DeviceStateManagerService
06-04 18:26:59.995 D/SystemServerTimingAsync(15731): ssm.onUnlockingUser-0_com.android.server.camera.CameraServiceProxy
06-04 18:26:59.995 D/SystemServerTimingAsync(15731): ssm.onUnlockingUser-0_com.android.server.bluetooth.BluetoothService
06-04 18:26:59.995 D/BluetoothManagerService(15731): User UserHandle{0} unlocked
06-04 18:26:59.995 D/SystemServerTimingAsync(15731): ssm.onUnlockingUser-0_com.android.server.connectivity.IpConnectivityMetrics
06-04 18:26:59.995 D/SystemServerTimingAsync(15731): ssm.onUnlockingUser-0_com.android.server.net.watchlist.NetworkWatchlistService$Lifecycle
06-04 18:26:59.995 D/SystemServerTimingAsync(15731): ssm.onUnlockingUser-0_com.android.server.PinnerService
06-04 18:26:59.995 D/BluetoothManagerService(15731): MESSAGE_USER_UNLOCKED
06-04 18:26:59.995 D/SystemServerTimingAsync(15731): ssm.onUnlockingUser-0_com.android.server.integrity.AppIntegrityManagerService
06-04 18:26:59.995 D/SystemServerTimingAsync(15731): ssm.onUnlockingUser-0_com.android.server.logcat.LogcatManagerService
06-04 18:26:59.995 D/SystemServerTimingAsync(15731): ssm.onUnlockingUser-0_com.android.server.inputmethod.InputMethodManagerService$Lifecycle
06-04 18:26:59.995 D/SystemServerTimingAsync(15731): ssm.onUnlockingUser-0_com.android.server.accessibility.AccessibilityManagerService$Lifecycle
06-04 18:26:59.995 D/SystemServerTimingAsync(15731): ssm.onUnlockingUser-0_com.android.server.StorageManagerService$Lifecycle
06-04 18:26:59.995 D/StorageManagerService(15731): onUnlockUser 0
06-04 18:26:59.996 I/StorageSessionController(15731): On user unlock 0
06-04 18:26:59.996 I/StorageSessionController(15731): Initialialising...
06-04 18:26:59.997 I/vold ( 246): onUserStarted: 0
06-04 18:26:59.999 D/SystemServerTimingAsync(15731): ssm.onUnlockingUser-0_com.android.server.usage.StorageStatsService$Lifecycle
06-04 18:26:59.999 D/SystemServerTimingAsync(15731): ssm.onUnlockingUser-0_com.android.server.UiModeManagerService
06-04 18:26:59.999 D/SystemServerTimingAsync(15731): ssm.onUnlockingUser-0_com.android.server.locales.LocaleManagerService
06-04 18:26:59.999 D/SystemServerTimingAsync(15731): ssm.onUnlockingUser-0_com.android.server.grammaticalinflection.GrammaticalInflectionService
06-04 18:26:59.999 D/SystemServerTimingAsync(15731): ssm.onUnlockingUser-0_com.android.server.apphibernation.AppHibernationService
06-04 18:26:59.999 D/SystemServerTimingAsync(15731): ssm.onUnlockingUser-0_com.android.server.locksettings.LockSettingsService$Lifecycle
06-04 18:26:59.999 D/SystemServerTimingAsync(15731): ssm.onUnlockingUser-0_com.android.server.PersistentDataBlockService
06-04 18:26:59.999 D/SystemServerTimingAsync(15731): ssm.onUnlockingUser-0_com.android.server.testharness.TestHarnessModeService
06-04 18:26:59.999 D/SystemServerTimingAsync(15731): ssm.onUnlockingUser-0_com.android.server.oemlock.OemLockService
06-04 18:26:59.999 D/SystemServerTimingAsync(15731): ssm.onUnlockingUser-0_com.android.server.DeviceIdleController
06-04 18:26:59.999 D/SystemServerTimingAsync(15731): ssm.onUnlockingUser-0_com.android.server.devicepolicy.DevicePolicyManagerService$Lifecycle
06-04 18:27:00.000 D/SystemServerTimingAsync(15731): ssm.onUnlockingUser-0_com.android.server.texttospeech.TextToSpeechManagerService
06-04 18:27:00.000 D/LockSettingsService(15731): Hiding encryption notification for user 0
06-04 18:27:00.002 I/HibernationStateDiskStore(15731): No hibernation file on disk for file /data/system_ce/0/hibernation/states
06-04 18:27:00.004 D/SystemServerTimingAsync(15731): ssm.onUnlockingUser-0_com.android.server.ambientcontext.AmbientContextManagerService
06-04 18:27:00.004 I/AmbientContextManagerService(15731): serviceNames sent in newServiceListLocked is null, or empty
06-04 18:27:00.004 D/SystemServerTimingAsync(15731): ssm.onUnlockingUser-0_com.android.server.wearable.WearableSensingManagerService
06-04 18:27:00.004 D/WearableSensingManagerService(15731): onServiceRemoved
06-04 18:27:00.004 D/WearableSensingManagerPerUserService(15731): Trying to cancel the remote request. Reason: Service destroyed.
06-04 18:27:00.004 D/SystemServerTimingAsync(15731): ssm.onUnlockingUser-0_com.android.server.speech.SpeechRecognitionManagerService
06-04 18:27:00.005 D/SystemServerTimingAsync(15731): ssm.onUnlockingUser-0_com.android.server.searchui.SearchUiManagerService
06-04 18:27:00.005 D/SystemServerTimingAsync(15731): ssm.onUnlockingUser-0_com.android.server.smartspace.SmartspaceManagerService
06-04 18:27:00.006 D/SystemServerTimingAsync(15731): ssm.onUnlockingUser-0_com.android.server.graphics.fonts.FontManagerService$Lifecycle
06-04 18:27:00.006 D/SystemServerTimingAsync(15731): ssm.onUnlockingUser-0_com.android.server.textservices.TextServicesManagerService$Lifecycle
06-04 18:27:00.006 W/TextServicesManagerService(15731): no available spell checker services found
06-04 18:27:00.006 D/SystemServerTimingAsync(15731): ssm.onUnlockingUser-0_com.android.server.textclassifier.TextClassificationManagerService$Lifecycle
06-04 18:27:00.006 D/SystemServerTimingAsync(15731): ssm.onUnlockingUser-0_com.android.server.NetworkScoreService$Lifecycle
06-04 18:27:00.006 D/SystemServerTimingAsync(15731): ssm.onUnlockingUser-0_com.android.server.NetworkStatsServiceInitializer
06-04 18:27:00.006 D/SystemServerTimingAsync(15731): ssm.onUnlockingUser-0_com.android.server.wifi.WifiService
06-04 18:27:00.007 D/WifiService(15731): Handle user unlock 0
06-04 18:27:00.007 D/SystemServerTimingAsync(15731): ssm.onUnlockingUser-0_com.android.server.wifi.scanner.WifiScanningService
06-04 18:27:00.007 D/SystemServerTimingAsync(15731): ssm.onUnlockingUser-0_com.android.server.wifi.p2p.WifiP2pService
06-04 18:27:00.007 D/SystemServerTimingAsync(15731): ssm.onUnlockingUser-0_com.android.server.ConnectivityServiceInitializer
06-04 18:27:00.007 D/SystemServerTimingAsync(15731): ssm.onUnlockingUser-0_com.android.server.notification.NotificationManagerService
06-04 18:27:00.007 D/SystemServerTimingAsync(15731): ssm.onUnlockingUser-0_com.android.server.storage.DeviceStorageMonitorService
06-04 18:27:00.007 D/SystemServerTimingAsync(15731): ssm.onUnlockingUser-0_com.android.server.timedetector.TimeDetectorService$Lifecycle
06-04 18:27:00.007 D/SystemServerTimingAsync(15731): ssm.onUnlockingUser-0_com.android.server.location.LocationManagerService$Lifecycle
06-04 18:27:00.007 D/SystemServerTimingAsync(15731): ssm.onUnlockingUser-0_com.android.server.timezonedetector.TimeZoneDetectorService$Lifecycle
06-04 18:27:00.007 D/SystemServerTimingAsync(15731): ssm.onUnlockingUser-0_com.android.server.location.altitude.AltitudeService$Lifecycle
06-04 18:27:00.007 D/SystemServerTimingAsync(15731): ssm.onUnlockingUser-0_com.android.server.timezonedetector.location.LocationTimeZoneManagerService$Lifecycle
06-04 18:27:00.007 D/SystemServerTimingAsync(15731): ssm.onUnlockingUser-0_com.android.server.search.SearchManagerService$Lifecycle
06-04 18:27:00.007 D/SystemServerTimingAsync(15731): ssm.onUnlockingUser-0_com.android.server.wallpaper.WallpaperManagerService$Lifecycle
06-04 18:27:00.008 V/StorageManagerService(15731): Found primary storage at VolumeInfo{emulated;0}:
06-04 18:27:00.008 V/StorageManagerService(15731): type=EMULATED diskId=null partGuid= mountFlags=0 mountUserId=0
06-04 18:27:00.008 V/StorageManagerService(15731): state=UNMOUNTED
06-04 18:27:00.008 V/StorageManagerService(15731): fsType=null fsUuid=null fsLabel=null
06-04 18:27:00.008 V/StorageManagerService(15731): path=null internalPath=null
06-04 18:27:00.008 D/SystemServerTimingAsync(15731): ssm.onUnlockingUser-0_com.android.server.wallpapereffectsgeneration.WallpaperEffectsGenerationManagerService
06-04 18:27:00.009 I/StorageManagerService(15731): Mounting volume VolumeInfo{emulated;0}:
06-04 18:27:00.009 I/StorageManagerService(15731): type=EMULATED diskId=null partGuid= mountFlags=PRIMARY|VISIBLE_FOR_WRITE
06-04 18:27:00.009 I/StorageManagerService(15731): mountUserId=0 state=UNMOUNTED
06-04 18:27:00.009 I/StorageManagerService(15731): fsType=null fsUuid=null fsLabel=null
06-04 18:27:00.009 I/StorageManagerService(15731): path=null internalPath=null
06-04 18:27:00.009 D/SystemServerTimingAsync(15731): ssm.onUnlockingUser-0_com.android.server.audio.AudioService$Lifecycle
06-04 18:27:00.009 D/SystemServerTimingAsync(15731): ssm.onUnlockingUser-0_com.android.server.soundtrigger_middleware.SoundTriggerMiddlewareService$Lifecycle
06-04 18:27:00.009 D/SystemServerTimingAsync(15731): ssm.onUnlockingUser-0_com.android.server.adb.AdbService$Lifecycle
06-04 18:27:00.009 D/SystemServerTimingAsync(15731): ssm.onUnlockingUser-0_com.android.server.usb.UsbService$Lifecycle
06-04 18:27:00.009 I/vold ( 246): Mounting emulated fuse volume
06-04 18:27:00.010 D/SystemServerTimingAsync(15731): ssm.onUnlockingUser-0_com.android.server.twilight.TwilightService
06-04 18:27:00.010 D/WakeupConfigStoreData(15731): WifiWake user data has been read
06-04 18:27:00.011 D/WifiConfigStore(15731): Reading from user stores completed in 4 ms.
06-04 18:27:00.012 W/BatteryExternalStatsWorker(15731): error reading modem stats:ERROR_PHONE_NOT_AVAILABLE
06-04 18:27:00.013 W/BatteryExternalStatsWorker(15731): error reading Bluetooth stats: 11
06-04 18:27:00.013 D/SystemServerTimingAsync(15731): ssm.onUnlockingUser-0_com.android.server.display.color.ColorDisplayService
06-04 18:27:00.013 D/SystemServerTimingAsync(15731): ssm.onUnlockingUser-0_com.android.server.job.JobSchedulerService
06-04 18:27:00.014 D/SystemServerTimingAsync(15731): ssm.onUnlockingUser-0_com.android.server.soundtrigger.SoundTriggerService
06-04 18:27:00.014 D/SystemServerTimingAsync(15731): ssm.onUnlockingUser-0_com.android.server.trust.TrustManagerService
06-04 18:27:00.014 D/SystemServerTimingAsync(15731): ssm.onUnlockingUser-0_com.android.server.backup.BackupManagerService$Lifecycle
06-04 18:27:00.014 D/SystemServerTimingAsync(15731): ssm.onUnlockingUser-0_com.android.server.appwidget.AppWidgetService
06-04 18:27:00.014 D/SystemServerTimingAsync(15731): ssm.onUnlockingUser-0_com.android.server.voiceinteraction.VoiceInteractionManagerService
06-04 18:27:00.014 W/VoiceInteractionManager(15731): no available voice recognition services found for user 0
06-04 18:27:00.014 I/BackupManagerService(15731): Starting service for user: 0
06-04 18:27:00.015 D/CompatibilityChangeReporter(15731): Compat change id reported: 289878283; UID 1000; state: ENABLED
06-04 18:27:00.015 D/SystemServerTimingAsync(15731): ssm.onUnlockingUser-0_com.android.server.GestureLauncherService
06-04 18:27:00.015 D/SystemServerTimingAsync(15731): ssm.onUnlockingUser-0_com.android.server.SensorNotificationService
06-04 18:27:00.015 D/SystemServerTimingAsync(15731): ssm.onUnlockingUser-0_com.android.server.emergency.EmergencyAffordanceService
06-04 18:27:00.015 D/SystemServerTimingAsync(15731): ssm.onUnlockingUser-0_com.android.server.blob.BlobStoreManagerService
06-04 18:27:00.015 D/SystemServerTimingAsync(15731): ssm.onUnlockingUser-0_com.android.server.dreams.DreamManagerService
06-04 18:27:00.015 D/SystemServerTimingAsync(15731): ssm.onUnlockingUser-0_com.android.server.security.AttestationVerificationManagerService
06-04 18:27:00.015 D/SystemServerTimingAsync(15731): ssm.onUnlockingUser-0_com.android.server.restrictions.RestrictionsManagerService
06-04 18:27:00.015 D/SystemServerTimingAsync(15731): ssm.onUnlockingUser-0_com.android.server.media.MediaSessionService
06-04 18:27:00.015 D/SystemServerTimingAsync(15731): ssm.onUnlockingUser-0_com.android.server.hdmi.HdmiControlService
06-04 18:27:00.015 D/SystemServerTimingAsync(15731): ssm.onUnlockingUser-0_com.android.server.tv.interactive.TvInteractiveAppManagerService
06-04 18:27:00.015 D/SystemServerTimingAsync(15731): ssm.onUnlockingUser-0_com.android.server.tv.TvInputManagerService
06-04 18:27:00.019 D/WifiConfigStore(15731): Writing to stores completed in 4 ms.
06-04 18:27:00.019 D/SystemServerTimingAsync(15731): ssm.onUnlockingUser-0_com.android.server.media.MediaResourceMonitorService
06-04 18:27:00.019 D/SystemServerTimingAsync(15731): ssm.onUnlockingUser-0_com.android.server.tv.TvRemoteService
06-04 18:27:00.019 D/SystemServerTimingAsync(15731): ssm.onUnlockingUser-0_com.android.server.biometrics.BiometricService
06-04 18:27:00.019 D/SystemServerTimingAsync(15731): ssm.onUnlockingUser-0_com.android.server.biometrics.AuthService
06-04 18:27:00.019 D/SystemServerTimingAsync(15731): ssm.onUnlockingUser-0_com.android.server.pm.ShortcutService$Lifecycle
06-04 18:27:00.020 D/SystemServerTimingAsync(15731): ssm.onUnlockingUser-0_com.android.server.pm.LauncherAppsService
06-04 18:27:00.020 D/SystemServerTimingAsync(15731): ssm.onUnlockingUser-0_com.android.server.pm.CrossProfileAppsService
06-04 18:27:00.020 D/SystemServerTimingAsync(15731): ssm.onUnlockingUser-0_com.android.server.people.PeopleService
06-04 18:27:00.020 D/SystemServerTimingAsync(15731): ssm.onUnlockingUser-0_com.android.server.media.metrics.MediaMetricsManagerService
06-04 18:27:00.020 D/SystemServerTimingAsync(15731): ssm.onUnlockingUser-0_com.android.server.pm.BackgroundInstallControlService
06-04 18:27:00.020 D/SystemServerTimingAsync(15731): ssm.onUnlockingUser-0_com.android.server.media.projection.MediaProjectionManagerService
06-04 18:27:00.020 D/SystemServerTimingAsync(15731): ssm.onUnlockingUser-0_com.android.server.slice.SliceManagerService$Lifecycle
06-04 18:27:00.020 D/SystemServerTimingAsync(15731): ssm.onUnlockingUser-0_com.android.server.stats.StatsCompanion$Lifecycle
06-04 18:27:00.020 D/SystemServerTimingAsync(15731): ssm.onUnlockingUser-0_com.android.server.scheduling.RebootReadinessManagerService$Lifecycle
06-04 18:27:00.020 D/SystemServerTimingAsync(15731): ssm.onUnlockingUser-0_com.android.server.stats.pull.StatsPullAtomService
06-04 18:27:00.020 D/SystemServerTimingAsync(15731): ssm.onUnlockingUser-0_com.android.server.stats.bootstrap.StatsBootstrapAtomService$Lifecycle
06-04 18:27:00.020 D/SystemServerTimingAsync(15731): ssm.onUnlockingUser-0_com.android.server.incident.IncidentCompanionService
06-04 18:27:00.020 D/SystemServerTimingAsync(15731): ssm.onUnlockingUser-0_com.android.server.sdksandbox.SdkSandboxManagerService$Lifecycle
06-04 18:27:00.020 I/SdkSandboxManager(15731): onUserUnlocking 0
06-04 18:27:00.020 D/SystemServerTimingAsync(15731): ssm.onUnlockingUser-0_com.android.server.adservices.AdServicesManagerService$Lifecycle
06-04 18:27:00.020 D/SystemServerTimingAsync(15731): ssm.onUnlockingUser-0_com.android.server.ondevicepersonalization.OnDevicePersonalizationSystemService$Lifecycle
06-04 18:27:00.020 D/SystemServerTimingAsync(15731): ssm.onUnlockingUser-0_com.android.server.autofill.AutofillManagerService
06-04 18:27:00.021 V/BackupManagerService(15731): [UserID:0] Starting with transport com.android.localtransport/.LocalTransport
06-04 18:27:00.022 D/BackupManagerService(15731): [UserID:0] Started thread backup-0
06-04 18:27:00.022 D/SystemServerTimingAsync(15731): ssm.onUnlockingUser-0_com.android.server.clipboard.ClipboardService
06-04 18:27:00.022 D/SystemServerTimingAsync(15731): ssm.onUnlockingUser-0_com.android.server.appbinding.AppBindingService$Lifecycle
06-04 18:27:00.022 W/AppBindingService(15731): [Default SMS app] u0 Target package not found
06-04 18:27:00.022 D/SystemServerTimingAsync(15731): ssm.onUnlockingUser-0_com.android.server.tracing.TracingServiceProxy
06-04 18:27:00.022 D/SystemServerTimingAsync(15731): ssm.onUnlockingUser-0_com.android.server.policy.PermissionPolicyService
06-04 18:27:00.022 D/SystemServerTimingAsync(15731): ssm.onUnlockingUser-0_com.android.server.pm.StagingManager$Lifecycle
06-04 18:27:00.022 D/SystemServerTimingAsync(15731): ssm.onUnlockingUser-0_com.android.server.app.GameManagerService$Lifecycle
06-04 18:27:00.022 D/SystemServerTimingAsync(15731): ssm.onUnlockingUser-0_com.android.safetycenter.SafetyCenterService
06-04 18:27:00.022 D/SystemServerTimingAsync(15731): ssm.onUnlockingUser-0_com.android.server.appsearch.AppSearchModule$Lifecycle
06-04 18:27:00.025 D/XM_HIDREAD( 2053): add@ add@/devices/virtual/bdi/0:60
06-04 18:27:00.035 I/AppSearchUserInstanceMa(15731): Creating new AppSearch instance at: /data/system_ce/0/appsearch/icing
06-04 18:27:00.036 D/SystemServerTimingAsync(15731): ssm.onUnlockingUser-0_com.android.server.media.MediaCommunicationService
06-04 18:27:00.036 D/SystemServerTimingAsync(15731): ssm.onUnlockingUser-0_com.android.server.compat.overrides.AppCompatOverridesService$Lifecycle
06-04 18:27:00.036 D/SystemServerTimingAsync(15731): ssm.onUnlockingUser-0_com.android.server.healthconnect.HealthConnectManagerService
06-04 18:27:00.036 D/SystemServerTimingAsync(15731): ssm.onUnlockingUser-0_com.android.server.devicelock.DeviceLockService
06-04 18:27:00.036 D/DeviceLockService(15731): onUserUnlocking
06-04 18:27:00.037 D/SystemServerTiming(15731): finishUserUnlocked-0
06-04 18:27:00.037 I/ActivityManager(15731): User 0 state changed from RUNNING_UNLOCKING to RUNNING_UNLOCKED
06-04 18:27:00.038 I/ActivityTaskManager(15731): Loading recents for user 0 into memory.
06-04 18:27:00.041 I/vold ( 246): Bind mounting /data/media to /mnt/pass_through/0/emulated
06-04 18:27:00.043 I/StorageSessionController(15731): On volume mount VolumeInfo{emulated;0}:
06-04 18:27:00.043 I/StorageSessionController(15731): type=EMULATED diskId=null partGuid= mountFlags=PRIMARY|VISIBLE_FOR_WRITE
06-04 18:27:00.043 I/StorageSessionController(15731): mountUserId=0 state=CHECKING
06-04 18:27:00.043 I/StorageSessionController(15731): fsType=null fsUuid=null fsLabel=null
06-04 18:27:00.043 I/StorageSessionController(15731): path=/storage/emulated internalPath=/data/media
06-04 18:27:00.044 I/StorageSessionController(15731): Creating connection for user: 0
06-04 18:27:00.045 I/StorageSessionController(15731): Creating and starting session with id: emulated;0
06-04 18:27:00.046 I/StorageUserConnection(15731): Binding to the ExternalStorageService for user 0
06-04 18:27:00.046 V/SystemServerTiming(15731): SystemUserUnlock took to complete: 328ms
06-04 18:27:00.023 I/xm_hidread( 2053): type=1400 audit(0.0:1666): avc: denied { read } for scontext=u:r:init:s0 tcontext=u:r:init:s0 tclass=netlink_kobject_uevent_socket permissive=1
06-04 18:27:00.053 V/PackageConfigPersister(15731): loadPackages: empty list files from /data/system_ce/0/package_configs
06-04 18:27:00.054 I/UsageStatsService(15731): User[0] Rollover scheduled @ 2025-06-05 16:20:44(1749111644638)
06-04 18:27:00.054 I/ActivityManager(15731): com.dangbei.lerad.etna.haqu is exempt from freezer
06-04 18:27:00.054 D/CompatibilityChangeReporter(15731): Compat change id reported: 135634846; UID 1000; state: DISABLED
06-04 18:27:00.060 D/CompatibilityChangeReporter(15731): Compat change id reported: 135634846; UID 10058; state: DISABLED
06-04 18:27:00.061 I/StorageUserConnection(15731): Bound to the ExternalStorageService for user 0
06-04 18:27:00.062 W/BroadcastLoopers(15731): Found previously unknown looper Thread[ActivityManager,5,main]
06-04 18:27:00.063 I/ActivityManager(15731): Posting BOOT_COMPLETED user #0
06-04 18:27:00.064 D/SystemServerTimingAsync(15731): ssm.UnlockedUser-0
06-04 18:27:00.064 I/SystemServiceManager(15731): Calling onUnlockedUser 0
06-04 18:27:00.064 D/SystemServerTimingAsync(15731): ssm.onUnlockedUser-0_com.android.server.security.FileIntegrityService
06-04 18:27:00.064 D/SystemServerTimingAsync(15731): ssm.onUnlockedUser-0_com.android.server.pm.Installer
06-04 18:27:00.064 D/SystemServerTimingAsync(15731): ssm.onUnlockedUser-0_com.android.server.os.DeviceIdentifiersPolicyService
06-04 18:27:00.064 D/SystemServerTimingAsync(15731): ssm.onUnlockedUser-0_com.android.server.flags.FeatureFlagsService
06-04 18:27:00.064 D/SystemServerTimingAsync(15731): ssm.onUnlockedUser-0_com.android.server.uri.UriGrantsManagerService$Lifecycle
06-04 18:27:00.064 D/SystemServerTimingAsync(15731): ssm.onUnlockedUser-0_com.android.server.powerstats.PowerStatsService
06-04 18:27:00.064 D/SystemServerTimingAsync(15731): ssm.onUnlockedUser-0_com.android.server.permission.access.AccessCheckingService
06-04 18:27:00.064 D/SystemServerTimingAsync(15731): ssm.onUnlockedUser-0_com.android.server.wm.ActivityTaskManagerService$Lifecycle
06-04 18:27:00.067 I/LaunchParamsPersister(15731): Didn't find launch param folder for user 0
06-04 18:27:00.068 D/AppWidgetServiceImpl(15731): Unable to load widget provider info from xml for ComponentInfo{com.android.deskclock/com.android.alarmclock.AnalogAppWidgetProvider}
06-04 18:27:00.068 D/AppWidgetServiceImpl(15731): Unable to load widget provider info from xml for ComponentInfo{com.android.deskclock/com.android.alarmclock.DigitalAppWidgetProvider}
06-04 18:27:00.069 D/AppWidgetServiceImpl(15731): Unable to load widget provider info from xml for ComponentInfo{com.android.systemui/com.android.systemui.people.widget.PeopleSpaceWidgetProvider}
06-04 18:27:00.069 I/AppWidgetServiceImpl(15731): Processing of handleUserUnlocked u0 took 5 ms
06-04 18:27:00.074 D/SystemServerTimingAsync(15731): ssm.onUnlockedUser-0_com.android.server.am.ActivityManagerService$Lifecycle
06-04 18:27:00.074 D/SystemServerTimingAsync(15731): ssm.onUnlockedUser-0_com.android.server.pm.DataLoaderManagerService
06-04 18:27:00.074 D/SystemServerTimingAsync(15731): ssm.onUnlockedUser-0_com.android.server.power.PowerManagerService
06-04 18:27:00.074 D/SystemServerTimingAsync(15731): ssm.onUnlockedUser-0_com.android.server.power.ThermalManagerService
06-04 18:27:00.074 D/SystemServerTimingAsync(15731): ssm.onUnlockedUser-0_com.android.server.power.hint.HintManagerService
06-04 18:27:00.074 D/SystemServerTimingAsync(15731): ssm.onUnlockedUser-0_com.android.server.recoverysystem.RecoverySystemService$Lifecycle
06-04 18:27:00.074 D/SystemServerTimingAsync(15731): ssm.onUnlockedUser-0_com.android.server.lights.LightsService
06-04 18:27:00.074 D/SystemServerTimingAsync(15731): ssm.onUnlockedUser-0_com.android.server.display.DisplayManagerService
06-04 18:27:00.074 D/SystemServerTimingAsync(15731): ssm.onUnlockedUser-0_com.android.server.pm.verify.domain.DomainVerificationService
06-04 18:27:00.074 D/SystemServerTimingAsync(15731): ssm.onUnlockedUser-0_com.android.server.pm.PackageInstallerService$Lifecycle
06-04 18:27:00.074 D/SystemServerTimingAsync(15731): ssm.onUnlockedUser-0_com.android.server.pm.UserManagerService$LifeCycle
06-04 18:27:00.074 D/SystemServerTimingAsync(15731): ssm.onUnlockedUser-0_com.android.server.om.OverlayManagerService
06-04 18:27:00.074 D/SystemServerTimingAsync(15731): ssm.onUnlockedUser-0_com.android.server.resources.ResourcesManagerService
06-04 18:27:00.074 D/SystemServerTimingAsync(15731): ssm.onUnlockedUser-0_com.android.server.sensorprivacy.SensorPrivacyService
06-04 18:27:00.074 D/SystemServerTimingAsync(15731): ssm.onUnlockedUser-0_com.android.server.sensors.SensorService
06-04 18:27:00.074 D/SystemServerTimingAsync(15731): ssm.onUnlockedUser-0_com.android.server.SystemConfigService
06-04 18:27:00.074 D/SystemServerTimingAsync(15731): ssm.onUnlockedUser-0_com.android.server.BatteryService
06-04 18:27:00.074 D/SystemServerTimingAsync(15731): ssm.onUnlockedUser-0_com.android.server.usage.UsageStatsService
06-04 18:27:00.074 D/SystemServerTimingAsync(15731): ssm.onUnlockedUser-0_com.android.server.webkit.WebViewUpdateService
06-04 18:27:00.074 D/SystemServerTimingAsync(15731): ssm.onUnlockedUser-0_com.android.server.CachedDeviceStateService
06-04 18:27:00.074 D/SystemServerTimingAsync(15731): ssm.onUnlockedUser-0_com.android.server.BinderCallsStatsService$LifeCycle
06-04 18:27:00.074 D/SystemServerTimingAsync(15731): ssm.onUnlockedUser-0_com.android.server.LooperStatsService$Lifecycle
06-04 18:27:00.074 D/SystemServerTimingAsync(15731): ssm.onUnlockedUser-0_com.android.server.rollback.RollbackManagerService
06-04 18:27:00.074 D/SystemServerTimingAsync(15731): ssm.onUnlockedUser-0_com.android.server.os.NativeTombstoneManagerService
06-04 18:27:00.074 D/SystemServerTimingAsync(15731): ssm.onUnlockedUser-0_com.android.server.os.BugreportManagerService
06-04 18:27:00.074 D/SystemServerTimingAsync(15731): ssm.onUnlockedUser-0_com.android.server.gpu.GpuService
06-04 18:27:00.074 D/SystemServerTimingAsync(15731): ssm.onUnlockedUser-0_com.android.server.security.rkp.RemoteProvisioningService
06-04 18:27:00.074 D/SystemServerTimingAsync(15731): ssm.onUnlockedUser-0_com.android.server.security.KeyChainSystemService
06-04 18:27:00.074 D/SystemServerTimingAsync(15731): ssm.onUnlockedUser-0_com.android.server.BinaryTransparencyService
06-04 18:27:00.074 D/SystemServerTimingAsync(15731): ssm.onUnlockedUser-0_com.android.server.accounts.AccountManagerService$Lifecycle
06-04 18:27:00.074 D/SystemServerTimingAsync(15731): ssm.onUnlockedUser-0_com.android.server.content.ContentService$Lifecycle
06-04 18:27:00.074 D/SystemServerTimingAsync(15731): ssm.onUnlockedUser-0_com.android.server.deviceconfig.DeviceConfigInit$Lifecycle
06-04 18:27:00.074 D/SystemServerTimingAsync(15731): ssm.onUnlockedUser-0_com.android.server.DropBoxManagerService
06-04 18:27:00.074 D/SystemServerTimingAsync(15731): ssm.onUnlockedUser-0_com.android.role.RoleService
06-04 18:27:00.074 D/SystemServerTimingAsync(15731): ssm.onUnlockedUser-0_com.android.server.vibrator.VibratorManagerService$Lifecycle
06-04 18:27:00.074 D/SystemServerTimingAsync(15731): ssm.onUnlockedUser-0_com.android.server.tare.InternalResourceService
06-04 18:27:00.074 D/SystemServerTimingAsync(15731): ssm.onUnlockedUser-0_com.android.server.alarm.AlarmManagerService
06-04 18:27:00.074 D/SystemServerTimingAsync(15731): ssm.onUnlockedUser-0_com.android.server.devicestate.DeviceStateManagerService
06-04 18:27:00.074 D/SystemServerTimingAsync(15731): ssm.onUnlockedUser-0_com.android.server.camera.CameraServiceProxy
06-04 18:27:00.075 D/SystemServerTimingAsync(15731): ssm.onUnlockedUser-0_com.android.server.bluetooth.BluetoothService
06-04 18:27:00.075 D/SystemServerTimingAsync(15731): ssm.onUnlockedUser-0_com.android.server.connectivity.IpConnectivityMetrics
06-04 18:27:00.075 D/SystemServerTimingAsync(15731): ssm.onUnlockedUser-0_com.android.server.net.watchlist.NetworkWatchlistService$Lifecycle
06-04 18:27:00.075 D/SystemServerTimingAsync(15731): ssm.onUnlockedUser-0_com.android.server.PinnerService
06-04 18:27:00.075 D/SystemServerTimingAsync(15731): ssm.onUnlockedUser-0_com.android.server.integrity.AppIntegrityManagerService
06-04 18:27:00.075 D/SystemServerTimingAsync(15731): ssm.onUnlockedUser-0_com.android.server.logcat.LogcatManagerService
06-04 18:27:00.075 D/SystemServerTimingAsync(15731): ssm.onUnlockedUser-0_com.android.server.inputmethod.InputMethodManagerService$Lifecycle
06-04 18:27:00.075 E/TaskPersister(15731): File error accessing recents directory (directory doesn't exist?).
06-04 18:27:00.075 D/SystemServerTimingAsync(15731): ssm.onUnlockedUser-0_com.android.server.accessibility.AccessibilityManagerService$Lifecycle
06-04 18:27:00.075 D/SystemServerTimingAsync(15731): ssm.onUnlockedUser-0_com.android.server.StorageManagerService$Lifecycle
06-04 18:27:00.075 D/SystemServerTimingAsync(15731): ssm.onUnlockedUser-0_com.android.server.usage.StorageStatsService$Lifecycle
06-04 18:27:00.075 D/SystemServerTimingAsync(15731): ssm.onUnlockedUser-0_com.android.server.UiModeManagerService
06-04 18:27:00.075 D/SystemServerTimingAsync(15731): ssm.onUnlockedUser-0_com.android.server.locales.LocaleManagerService
06-04 18:27:00.075 D/SystemServerTimingAsync(15731): ssm.onUnlockedUser-0_com.android.server.grammaticalinflection.GrammaticalInflectionService
06-04 18:27:00.075 D/SystemServerTimingAsync(15731): ssm.onUnlockedUser-0_com.android.server.apphibernation.AppHibernationService
06-04 18:27:00.075 D/SystemServerTimingAsync(15731): ssm.onUnlockedUser-0_com.android.server.locksettings.LockSettingsService$Lifecycle
06-04 18:27:00.075 D/SystemServerTimingAsync(15731): ssm.onUnlockedUser-0_com.android.server.PersistentDataBlockService
06-04 18:27:00.075 D/SystemServerTimingAsync(15731): ssm.onUnlockedUser-0_com.android.server.testharness.TestHarnessModeService
06-04 18:27:00.075 D/SystemServerTimingAsync(15731): ssm.onUnlockedUser-0_com.android.server.oemlock.OemLockService
06-04 18:27:00.075 D/SystemServerTimingAsync(15731): ssm.onUnlockedUser-0_com.android.server.DeviceIdleController
06-04 18:27:00.075 D/SystemServerTimingAsync(15731): ssm.onUnlockedUser-0_com.android.server.devicepolicy.DevicePolicyManagerService$Lifecycle
06-04 18:27:00.075 D/SystemServerTimingAsync(15731): ssm.onUnlockedUser-0_com.android.server.texttospeech.TextToSpeechManagerService
06-04 18:27:00.075 D/SystemServerTimingAsync(15731): ssm.onUnlockedUser-0_com.android.server.ambientcontext.AmbientContextManagerService
06-04 18:27:00.075 D/SystemServerTimingAsync(15731): ssm.onUnlockedUser-0_com.android.server.wearable.WearableSensingManagerService
06-04 18:27:00.075 D/SystemServerTimingAsync(15731): ssm.onUnlockedUser-0_com.android.server.speech.SpeechRecognitionManagerService
06-04 18:27:00.075 D/SystemServerTimingAsync(15731): ssm.onUnlockedUser-0_com.android.server.searchui.SearchUiManagerService
06-04 18:27:00.075 D/SystemServerTimingAsync(15731): ssm.onUnlockedUser-0_com.android.server.smartspace.SmartspaceManagerService
06-04 18:27:00.075 D/SystemServerTimingAsync(15731): ssm.onUnlockedUser-0_com.android.server.graphics.fonts.FontManagerService$Lifecycle
06-04 18:27:00.075 D/SystemServerTimingAsync(15731): ssm.onUnlockedUser-0_com.android.server.textservices.TextServicesManagerService$Lifecycle
06-04 18:27:00.075 D/SystemServerTimingAsync(15731): ssm.onUnlockedUser-0_com.android.server.textclassifier.TextClassificationManagerService$Lifecycle
06-04 18:27:00.076 D/SystemServerTimingAsync(15731): ssm.onUnlockedUser-0_com.android.server.NetworkScoreService$Lifecycle
06-04 18:27:00.076 D/SystemServerTimingAsync(15731): ssm.onUnlockedUser-0_com.android.server.NetworkStatsServiceInitializer
06-04 18:27:00.076 D/SystemServerTimingAsync(15731): ssm.onUnlockedUser-0_com.android.server.wifi.WifiService
06-04 18:27:00.076 D/SystemServerTimingAsync(15731): ssm.onUnlockedUser-0_com.android.server.wifi.scanner.WifiScanningService
06-04 18:27:00.076 D/SystemServerTimingAsync(15731): ssm.onUnlockedUser-0_com.android.server.wifi.p2p.WifiP2pService
06-04 18:27:00.076 D/SystemServerTimingAsync(15731): ssm.onUnlockedUser-0_com.android.server.ConnectivityServiceInitializer
06-04 18:27:00.076 D/SystemServerTimingAsync(15731): ssm.onUnlockedUser-0_com.android.server.notification.NotificationManagerService
06-04 18:27:00.076 D/SystemServerTimingAsync(15731): ssm.onUnlockedUser-0_com.android.server.storage.DeviceStorageMonitorService
06-04 18:27:00.076 D/SystemServerTimingAsync(15731): ssm.onUnlockedUser-0_com.android.server.timedetector.TimeDetectorService$Lifecycle
06-04 18:27:00.076 D/SystemServerTimingAsync(15731): ssm.onUnlockedUser-0_com.android.server.location.LocationManagerService$Lifecycle
06-04 18:27:00.076 D/SystemServerTimingAsync(15731): ssm.onUnlockedUser-0_com.android.server.timezonedetector.TimeZoneDetectorService$Lifecycle
06-04 18:27:00.076 D/SystemServerTimingAsync(15731): ssm.onUnlockedUser-0_com.android.server.location.altitude.AltitudeService$Lifecycle
06-04 18:27:00.076 D/SystemServerTimingAsync(15731): ssm.onUnlockedUser-0_com.android.server.timezonedetector.location.LocationTimeZoneManagerService$Lifecycle
06-04 18:27:00.076 I/NotificationHistory(15731): Attempted to unlock gone/disabled user 0
06-04 18:27:00.076 D/SystemServerTimingAsync(15731): ssm.onUnlockedUser-0_com.android.server.search.SearchManagerService$Lifecycle
06-04 18:27:00.076 D/SystemServerTimingAsync(15731): ssm.onUnlockedUser-0_com.android.server.wallpaper.WallpaperManagerService$Lifecycle
06-04 18:27:00.076 D/SystemServerTimingAsync(15731): ssm.onUnlockedUser-0_com.android.server.wallpapereffectsgeneration.WallpaperEffectsGenerationManagerService
06-04 18:27:00.076 D/SystemServerTimingAsync(15731): ssm.onUnlockedUser-0_com.android.server.audio.AudioService$Lifecycle
06-04 18:27:00.076 D/SystemServerTimingAsync(15731): ssm.onUnlockedUser-0_com.android.server.soundtrigger_middleware.SoundTriggerMiddlewareService$Lifecycle
06-04 18:27:00.076 D/SystemServerTimingAsync(15731): ssm.onUnlockedUser-0_com.android.server.adb.AdbService$Lifecycle
06-04 18:27:00.076 D/SystemServerTimingAsync(15731): ssm.onUnlockedUser-0_com.android.server.usb.UsbService$Lifecycle
06-04 18:27:00.076 D/SystemServerTimingAsync(15731): ssm.onUnlockedUser-0_com.android.server.twilight.TwilightService
06-04 18:27:00.076 D/SystemServerTimingAsync(15731): ssm.onUnlockedUser-0_com.android.server.display.color.ColorDisplayService
06-04 18:27:00.076 D/SystemServerTimingAsync(15731): ssm.onUnlockedUser-0_com.android.server.job.JobSchedulerService
06-04 18:27:00.076 D/SystemServerTimingAsync(15731): ssm.onUnlockedUser-0_com.android.server.soundtrigger.SoundTriggerService
06-04 18:27:00.076 D/SystemServerTimingAsync(15731): ssm.onUnlockedUser-0_com.android.server.trust.TrustManagerService
06-04 18:27:00.076 D/SystemServerTimingAsync(15731): ssm.onUnlockedUser-0_com.android.server.backup.BackupManagerService$Lifecycle
06-04 18:27:00.077 D/SystemServerTimingAsync(15731): ssm.onUnlockedUser-0_com.android.server.appwidget.AppWidgetService
06-04 18:27:00.077 D/SystemServerTimingAsync(15731): ssm.onUnlockedUser-0_com.android.server.voiceinteraction.VoiceInteractionManagerService
06-04 18:27:00.077 D/SystemServerTimingAsync(15731): ssm.onUnlockedUser-0_com.android.server.GestureLauncherService
06-04 18:27:00.077 D/SystemServerTimingAsync(15731): ssm.onUnlockedUser-0_com.android.server.SensorNotificationService
06-04 18:27:00.077 D/SystemServerTimingAsync(15731): ssm.onUnlockedUser-0_com.android.server.emergency.EmergencyAffordanceService
06-04 18:27:00.077 D/SystemServerTimingAsync(15731): ssm.onUnlockedUser-0_com.android.server.blob.BlobStoreManagerService
06-04 18:27:00.077 D/SystemServerTimingAsync(15731): ssm.onUnlockedUser-0_com.android.server.dreams.DreamManagerService
06-04 18:27:00.077 D/SystemServerTimingAsync(15731): ssm.onUnlockedUser-0_com.android.server.security.AttestationVerificationManagerService
06-04 18:27:00.077 D/SystemServerTimingAsync(15731): ssm.onUnlockedUser-0_com.android.server.restrictions.RestrictionsManagerService
06-04 18:27:00.077 D/SystemServerTimingAsync(15731): ssm.onUnlockedUser-0_com.android.server.media.MediaSessionService
06-04 18:27:00.077 D/SystemServerTimingAsync(15731): ssm.onUnlockedUser-0_com.android.server.hdmi.HdmiControlService
06-04 18:27:00.077 D/SystemServerTimingAsync(15731): ssm.onUnlockedUser-0_com.android.server.tv.interactive.TvInteractiveAppManagerService
06-04 18:27:00.077 D/SystemServerTimingAsync(15731): ssm.onUnlockedUser-0_com.android.server.tv.TvInputManagerService
06-04 18:27:00.077 D/SystemServerTimingAsync(15731): ssm.onUnlockedUser-0_com.android.server.media.MediaResourceMonitorService
06-04 18:27:00.077 D/SystemServerTimingAsync(15731): ssm.onUnlockedUser-0_com.android.server.tv.TvRemoteService
06-04 18:27:00.077 D/SystemServerTimingAsync(15731): ssm.onUnlockedUser-0_com.android.server.biometrics.BiometricService
06-04 18:27:00.077 D/SystemServerTimingAsync(15731): ssm.onUnlockedUser-0_com.android.server.biometrics.AuthService
06-04 18:27:00.077 D/SystemServerTimingAsync(15731): ssm.onUnlockedUser-0_com.android.server.pm.ShortcutService$Lifecycle
06-04 18:27:00.077 D/SystemServerTimingAsync(15731): ssm.onUnlockedUser-0_com.android.server.pm.LauncherAppsService
06-04 18:27:00.077 D/SystemServerTimingAsync(15731): ssm.onUnlockedUser-0_com.android.server.pm.CrossProfileAppsService
06-04 18:27:00.077 D/SystemServerTimingAsync(15731): ssm.onUnlockedUser-0_com.android.server.people.PeopleService
06-04 18:27:00.077 D/SystemServerTimingAsync(15731): ssm.onUnlockedUser-0_com.android.server.media.metrics.MediaMetricsManagerService
06-04 18:27:00.077 D/SystemServerTimingAsync(15731): ssm.onUnlockedUser-0_com.android.server.pm.BackgroundInstallControlService
06-04 18:27:00.077 D/SystemServerTimingAsync(15731): ssm.onUnlockedUser-0_com.android.server.media.projection.MediaProjectionManagerService
06-04 18:27:00.077 D/SystemServerTimingAsync(15731): ssm.onUnlockedUser-0_com.android.server.slice.SliceManagerService$Lifecycle
06-04 18:27:00.077 D/SystemServerTimingAsync(15731): ssm.onUnlockedUser-0_com.android.server.stats.StatsCompanion$Lifecycle
06-04 18:27:00.077 D/SystemServerTimingAsync(15731): ssm.onUnlockedUser-0_com.android.server.scheduling.RebootReadinessManagerService$Lifecycle
06-04 18:27:00.078 D/SystemServerTimingAsync(15731): ssm.onUnlockedUser-0_com.android.server.stats.pull.StatsPullAtomService
06-04 18:27:00.078 D/SystemServerTimingAsync(15731): ssm.onUnlockedUser-0_com.android.server.stats.bootstrap.StatsBootstrapAtomService$Lifecycle
06-04 18:27:00.078 D/SystemServerTimingAsync(15731): ssm.onUnlockedUser-0_com.android.server.incident.IncidentCompanionService
06-04 18:27:00.078 D/SystemServerTimingAsync(15731): ssm.onUnlockedUser-0_com.android.server.sdksandbox.SdkSandboxManagerService$Lifecycle
06-04 18:27:00.078 D/SystemServerTimingAsync(15731): ssm.onUnlockedUser-0_com.android.server.adservices.AdServicesManagerService$Lifecycle
06-04 18:27:00.078 D/SystemServerTimingAsync(15731): ssm.onUnlockedUser-0_com.android.server.ondevicepersonalization.OnDevicePersonalizationSystemService$Lifecycle
06-04 18:27:00.078 D/SystemServerTimingAsync(15731): ssm.onUnlockedUser-0_com.android.server.autofill.AutofillManagerService
06-04 18:27:00.078 D/SystemServerTimingAsync(15731): ssm.onUnlockedUser-0_com.android.server.clipboard.ClipboardService
06-04 18:27:00.078 D/SystemServerTimingAsync(15731): ssm.onUnlockedUser-0_com.android.server.appbinding.AppBindingService$Lifecycle
06-04 18:27:00.078 D/SystemServerTimingAsync(15731): ssm.onUnlockedUser-0_com.android.server.tracing.TracingServiceProxy
06-04 18:27:00.078 D/SystemServerTimingAsync(15731): ssm.onUnlockedUser-0_com.android.server.policy.PermissionPolicyService
06-04 18:27:00.078 D/SystemServerTimingAsync(15731): ssm.onUnlockedUser-0_com.android.server.pm.StagingManager$Lifecycle
06-04 18:27:00.078 D/SystemServerTimingAsync(15731): ssm.onUnlockedUser-0_com.android.server.app.GameManagerService$Lifecycle
06-04 18:27:00.078 D/SystemServerTimingAsync(15731): ssm.onUnlockedUser-0_com.android.safetycenter.SafetyCenterService
06-04 18:27:00.078 D/SystemServerTimingAsync(15731): ssm.onUnlockedUser-0_com.android.server.appsearch.AppSearchModule$Lifecycle
06-04 18:27:00.078 D/SystemServerTimingAsync(15731): ssm.onUnlockedUser-0_com.android.server.media.MediaCommunicationService
06-04 18:27:00.078 D/SystemServerTimingAsync(15731): ssm.onUnlockedUser-0_com.android.server.compat.overrides.AppCompatOverridesService$Lifecycle
06-04 18:27:00.078 D/SystemServerTimingAsync(15731): ssm.onUnlockedUser-0_com.android.server.healthconnect.HealthConnectManagerService
06-04 18:27:00.078 D/HealthConnectManagerService(15731): switchToSetupForUser: UserHandle{0}
06-04 18:27:00.078 D/HealthConnectBackupRestore(15731): Performing user switch operations.
06-04 18:27:00.080 D/SystemServerTimingAsync(15731): ssm.onUnlockedUser-0_com.android.server.devicelock.DeviceLockService
06-04 18:27:00.084 V/NotificationAssistants(15731): disabling notification assistant for user 0: ComponentInfo{android.ext.services/android.ext.services.notification.Assistant}
06-04 18:27:00.084 D/NotificationListeners(15731): Removing active service ComponentInfo{android.ext.services/android.ext.services.notification.Assistant}
06-04 18:27:00.086 I/UsageStatsService(15731): User[0] Flushing usage stats to disk
06-04 18:27:00.088 D/GattService(16024): Unlocked userId 0
06-04 18:27:00.088 D/FallbackHome(16216): User unlocked and real home found; let's go!
06-04 18:27:00.091 I/HealthConnectBackupRestore(15731): Attempt to schedule download timeout job with state: 0
06-04 18:27:00.091 I/HealthConnectBackupRestore(15731): Attempt to schedule staging timeout job with state: 0
06-04 18:27:00.092 I/HealthConnectBackupRestore(15731): Attempt to schedule merging timeout job with state: 0
06-04 18:27:00.095 D/Zygote (15605): Forked child process 16386
