06-04 18:27:03.581 D/CompatibilityChangeReporter(17136): Compat change id reported: 242716250; UID 10026; state: DISABLED
06-04 18:27:03.584 D/CompatibilityChangeReporter(17061): Compat change id reported: 194532703; UID 10071; state: ENABLED
06-04 18:27:03.584 D/CompatibilityChangeReporter(17061): Compat change id reported: 253665015; UID 10071; state: ENABLED
06-04 18:27:03.585 D/CompatibilityChangeReporter(15731): Compat change id reported: 170503758; UID 10026; state: DISABLED
06-04 18:27:03.585 D/CompatibilityChangeReporter(15731): Compat change id reported: 271850009; UID 10071; state: ENABLED
06-04 18:27:03.586 D/CompatibilityChangeReporter(15731): Compat change id reported: 253665015; UID 10071; state: ENABLED
06-04 18:27:03.586 D/CompatibilityChangeReporter(15731): Compat change id reported: 194532703; UID 10071; state: ENABLED
06-04 18:27:03.587 D/ConnectivityService(15731): requestNetwork for uid/pid:1000/15731 asUid: 10071 activeRequest: null callbackRequest: 44 [NetworkRequest [ REQUEST id=45, [ Capabilities: INTERNET&NOT_RESTRICTED&TRUSTED&NOT_VCN_MANAGED Uid: 10071 RequestorUid: 1000 RequestorPkg: android UnderlyingNetworks: Null] ]] callback flags: 0 order: 2147483647
06-04 18:27:03.588 D/WifiNetworkFactory(15731): got request NetworkRequest [ REQUEST id=45, [ Capabilities: INTERNET&NOT_RESTRICTED&TRUSTED&NOT_VCN_MANAGED Uid: 10071 RequestorUid: 1000 RequestorPkg: android UnderlyingNetworks: Null] ]
06-04 18:27:03.589 D/UntrustedWifiNetworkFactory(15731): got request NetworkRequest [ REQUEST id=45, [ Capabilities: INTERNET&NOT_RESTRICTED&TRUSTED&NOT_VCN_MANAGED Uid: 10071 RequestorUid: 1000 RequestorPkg: android UnderlyingNetworks: Null] ]
06-04 18:27:03.589 D/OemPaidWifiNetworkFactory(15731): got request NetworkRequest [ REQUEST id=45, [ Capabilities: INTERNET&NOT_RESTRICTED&TRUSTED&NOT_VCN_MANAGED Uid: 10071 RequestorUid: 1000 RequestorPkg: android UnderlyingNetworks: Null] ]
06-04 18:27:03.589 D/ConnectivityService(15731): NetReassign [no changes] [c 1] [a 0] [i 0]
06-04 18:27:03.589 D/MultiInternetWifiNetworkFactory(15731): got request NetworkRequest [ REQUEST id=45, [ Capabilities: INTERNET&NOT_RESTRICTED&TRUSTED&NOT_VCN_MANAGED Uid: 10071 RequestorUid: 1000 RequestorPkg: android UnderlyingNetworks: Null] ]
06-04 18:27:03.589 D/ApplicationLoaders(17136): Returning zygote-cached class loader: /system/framework/android.test.base.jar
06-04 18:27:03.597 D/nativeloader(17136): Configuring clns-shared-4 for other apk /system/priv-app/StatementService/StatementService.apk. target_sdk_version=29, uses_libraries=, library_path=/system/priv-app/StatementService/lib/arm:/system/lib:/system_ext/lib, permitted_path=/data:/mnt/expand:/data/user/0/com.android.statementservice:/system/priv-app/StatementService:/system/lib:/system_ext/lib
06-04 18:27:03.598 D/BufferPoolAccessor2.0(15731): bufferpool2 0xc0bb0ce8 : 0(0 size) total buffers - 0(0 size) used buffers - 2/7 (recycle/alloc) - 5/24 (fetch/transfer)
06-04 18:27:03.598 D/BufferPoolAccessor2.0(15731): bufferpool2 0xc0bba4c8 : 0(0 size) total buffers - 0(0 size) used buffers - 2/7 (recycle/alloc) - 5/26 (fetch/transfer)
06-04 18:27:03.598 D/BufferPoolAccessor2.0(15731): bufferpool2 0xc0bbe2a8 : 0(0 size) total buffers - 0(0 size) used buffers - 1/7 (recycle/alloc) - 6/34 (fetch/transfer)
06-04 18:27:03.598 D/BufferPoolAccessor2.0(15731): bufferpool2 0xc0bb8f68 : 0(0 size) total buffers - 0(0 size) used buffers - 1/7 (recycle/alloc) - 6/34 (fetch/transfer)
06-04 18:27:03.598 D/BufferPoolAccessor2.0(15731): evictor expired: 4, evicted: 4
06-04 18:27:03.600 D/BufferPoolAccessor2.0( 634): bufferpool2 0xeb9028a8 : 0(0 size) total buffers - 0(0 size) used buffers - 9/11 (recycle/alloc) - 2/10 (fetch/transfer)
06-04 18:27:03.600 D/BufferPoolAccessor2.0( 634): bufferpool2 0xeb901b28 : 0(0 size) total buffers - 0(0 size) used buffers - 7/10 (recycle/alloc) - 3/9 (fetch/transfer)
06-04 18:27:03.600 D/BufferPoolAccessor2.0( 634): bufferpool2 0xeb9017c8 : 0(0 size) total buffers - 0(0 size) used buffers - 12/15 (recycle/alloc) - 3/14 (fetch/transfer)
06-04 18:27:03.600 D/BufferPoolAccessor2.0( 634): bufferpool2 0xeb902ae8 : 0(0 size) total buffers - 0(0 size) used buffers - 8/10 (recycle/alloc) - 2/9 (fetch/transfer)
06-04 18:27:03.600 D/BufferPoolAccessor2.0( 634): bufferpool2 0xeb902c08 : 0(0 size) total buffers - 0(0 size) used buffers - 13/15 (recycle/alloc) - 2/14 (fetch/transfer)
06-04 18:27:03.600 D/BufferPoolAccessor2.0( 634): evictor expired: 5, evicted: 5
06-04 18:27:03.624 V/GraphicsEnvironment(17136): Currently set values for:
06-04 18:27:03.624 V/GraphicsEnvironment(17136): angle_gl_driver_selection_pkgs=[]
06-04 18:27:03.624 V/GraphicsEnvironment(17136): angle_gl_driver_selection_values=[]
06-04 18:27:03.628 V/GraphicsEnvironment(17136): ANGLE GameManagerService for com.android.statementservice: false
06-04 18:27:03.628 V/GraphicsEnvironment(17136): com.android.statementservice is not listed in per-application setting
06-04 18:27:03.628 V/GraphicsEnvironment(17136): Neither updatable production driver nor prerelease driver is supported.
06-04 18:27:03.633 D/AppManager(16421): checkLocalAppsIsValid:
06-04 18:27:03.634 D/WM-WrkMgrInitializer(17136): Initializing WorkManager with default configuration.
06-04 18:27:03.640 D/WM-PackageManagerHelper(17136): androidx.work.impl.background.systemjob.SystemJobService enabled
06-04 18:27:03.641 D/WM-Schedulers(17136): Created SystemJobScheduler and enabled SystemJobService
06-04 18:27:03.641 E/hq (16421): ErrorCoroutineExceptionHandler:::runTry error:java.net.UnknownHostException: Unable to resolve host "ottdbui-tyapiqun7.yysh.mgtv.com": No address associated with hostname from=requestAppUpdateInfo 2
06-04 18:27:03.647 D/CompatibilityChangeReporter(17136): Compat change id reported: 183155436; UID 10026; state: DISABLED
06-04 18:27:03.659 I/ActivityManager(15731): com.dangbei.zhushou.os is exempt from freezer
06-04 18:27:03.659 D/CompatibilityChangeReporter(15731): Compat change id reported: 135634846; UID 1000; state: DISABLED
06-04 18:27:03.673 D/ConnectivityService(15731): requestNetwork for uid/pid:10071/17061 activeRequest: null callbackRequest: 46 [NetworkRequest [ REQUEST id=47, [ Capabilities: INTERNET&NOT_RESTRICTED&TRUSTED&NOT_VCN_MANAGED Uid: 10071 RequestorUid: 10071 RequestorPkg: com.android.rkpdapp UnderlyingNetworks: Null] ]] callback flags: 0 order: 2147483647
06-04 18:27:03.674 D/WifiNetworkFactory(15731): got request NetworkRequest [ REQUEST id=47, [ Capabilities: INTERNET&NOT_RESTRICTED&TRUSTED&NOT_VCN_MANAGED Uid: 10071 RequestorUid: 10071 RequestorPkg: com.android.rkpdapp UnderlyingNetworks: Null] ]
06-04 18:27:03.675 D/ConnectivityService(15731): NetReassign [no changes] [c 0] [a 0] [i 2]
06-04 18:27:03.675 D/UntrustedWifiNetworkFactory(15731): got request NetworkRequest [ REQUEST id=47, [ Capabilities: INTERNET&NOT_RESTRICTED&TRUSTED&NOT_VCN_MANAGED Uid: 10071 RequestorUid: 10071 RequestorPkg: com.android.rkpdapp UnderlyingNetworks: Null] ]
06-04 18:27:03.675 D/OemPaidWifiNetworkFactory(15731): got request NetworkRequest [ REQUEST id=47, [ Capabilities: INTERNET&NOT_RESTRICTED&TRUSTED&NOT_VCN_MANAGED Uid: 10071 RequestorUid: 10071 RequestorPkg: com.android.rkpdapp UnderlyingNetworks: Null] ]
06-04 18:27:03.676 D/MultiInternetWifiNetworkFactory(15731): got request NetworkRequest [ REQUEST id=47, [ Capabilities: INTERNET&NOT_RESTRICTED&TRUSTED&NOT_VCN_MANAGED Uid: 10071 RequestorUid: 10071 RequestorPkg: com.android.rkpdapp UnderlyingNetworks: Null] ]
06-04 18:27:03.688 D/Zygote (15605): Forked child process 17165
06-04 18:27:03.690 I/ActivityManager(15731): Start proc 17165:com.dangbei.zhushou.os/1000 for broadcast {com.dangbei.zhushou.os/com.dangbei.projector.assistant.receiver.BootReceiver}
06-04 18:27:03.701 I/Zygote (17165): seccomp disabled by setenforce 0
06-04 18:27:03.707 D/CompatibilityChangeReporter(17136): Compat change id reported: 160794467; UID 10026; state: DISABLED
06-04 18:27:03.708 I/gbei.zhushou.os(17165): Using CollectorTypeCC GC.
06-04 18:27:03.716 E/gbei.zhushou.os(17165): Not starting debugger since process cannot load the jdwp agent.
06-04 18:27:03.730 D/CompatibilityChangeReporter(15731): Compat change id reported: 168419799; UID 1000; state: DISABLED
06-04 18:27:03.730 D/CompatibilityChangeReporter(15731): Compat change id reported: 273564678; UID 1000; state: DISABLED
06-04 18:27:03.739 D/CompatibilityChangeReporter(17165): Compat change id reported: 171979766; UID 1000; state: DISABLED
06-04 18:27:03.740 D/CompatibilityChangeReporter(17165): Compat change id reported: 242716250; UID 1000; state: DISABLED
06-04 18:27:03.746 D/ApplicationLoaders(17165): Returning zygote-cached class loader: /system/framework/android.test.base.jar
06-04 18:27:03.746 D/ApplicationLoaders(17165): Returning zygote-cached class loader: /system/framework/android.hidl.manager-V1.0-java.jar
06-04 18:27:03.746 D/ApplicationLoaders(17165): Returning zygote-cached class loader: /system/framework/android.hidl.base-V1.0-java.jar
06-04 18:27:03.757 D/nativeloader(17165): Configuring clns-shared-4 for other apk /system/framework/org.apache.http.legacy.jar. target_sdk_version=26, uses_libraries=ALL, library_path=/system/app/dangbei-steward/lib/arm:/system/app/dangbei-steward/dangbei-steward.apk!/lib/armeabi-v7a:/system/lib:/system_ext/lib, permitted_path=/data:/mnt/expand:/data/user/0/com.dangbei.zhushou.os:/system/app/dangbei-steward:/system/lib:/system_ext/lib
06-04 18:27:03.772 D/CompatibilityChangeReporter(17136): Compat change id reported: 194532703; UID 10026; state: DISABLED
06-04 18:27:03.773 D/CompatibilityChangeReporter(17136): Compat change id reported: 253665015; UID 10026; state: DISABLED
06-04 18:27:03.783 D/CompatibilityChangeReporter(15731): Compat change id reported: 271850009; UID 10026; state: DISABLED
06-04 18:27:03.786 D/CompatibilityChangeReporter(15731): Compat change id reported: 253665015; UID 10026; state: DISABLED
06-04 18:27:03.787 D/CompatibilityChangeReporter(15731): Compat change id reported: 194532703; UID 10026; state: DISABLED
06-04 18:27:03.789 D/DhcpClient(16010): Received packet: 1c:79:2d:20:62:cb ACK: your new IP /192.168.3.180, netmask /255.255.254.0, gateways [/192.168.3.1] DNS servers: /202.96.134.133 /202.96.128.166 , lease time 3600
06-04 18:27:03.791 D/DhcpClient(16010): Confirmed lease: com.android.networkstack.android.net.DhcpResults@b50208eb DHCP server /192.168.3.1 Vendor info null lease 3600 seconds Servername
06-04 18:27:03.792 D/ConnectivityService(15731): requestNetwork for uid/pid:1000/15731 asUid: 10026 activeRequest: null callbackRequest: 48 [NetworkRequest [ REQUEST id=49, [ Capabilities: INTERNET&NOT_RESTRICTED&TRUSTED&NOT_VCN_MANAGED Uid: 10026 RequestorUid: 1000 RequestorPkg: android UnderlyingNetworks: Null] ]] callback flags: 0 order: 2147483647
06-04 18:27:03.794 D/ConnectivityService(15731): NetReassign [no changes] [c 0] [a 0] [i 1]
06-04 18:27:03.794 D/WifiNetworkFactory(15731): got request NetworkRequest [ REQUEST id=49, [ Capabilities: INTERNET&NOT_RESTRICTED&TRUSTED&NOT_VCN_MANAGED Uid: 10026 RequestorUid: 1000 RequestorPkg: android UnderlyingNetworks: Null] ]
06-04 18:27:03.794 D/UntrustedWifiNetworkFactory(15731): got request NetworkRequest [ REQUEST id=49, [ Capabilities: INTERNET&NOT_RESTRICTED&TRUSTED&NOT_VCN_MANAGED Uid: 10026 RequestorUid: 1000 RequestorPkg: android UnderlyingNetworks: Null] ]
06-04 18:27:03.794 D/OemPaidWifiNetworkFactory(15731): got request NetworkRequest [ REQUEST id=49, [ Capabilities: INTERNET&NOT_RESTRICTED&TRUSTED&NOT_VCN_MANAGED Uid: 10026 RequestorUid: 1000 RequestorPkg: android UnderlyingNetworks: Null] ]
06-04 18:27:03.794 D/MultiInternetWifiNetworkFactory(15731): got request NetworkRequest [ REQUEST id=49, [ Capabilities: INTERNET&NOT_RESTRICTED&TRUSTED&NOT_VCN_MANAGED Uid: 10026 RequestorUid: 1000 RequestorPkg: android UnderlyingNetworks: Null] ]
06-04 18:27:03.801 D/nativeloader(17165): Configuring clns-shared-5 for other apk /system/app/dangbei-steward/dangbei-steward.apk. target_sdk_version=26, uses_libraries=, library_path=/system/app/dangbei-steward/lib/arm:/system/app/dangbei-steward/dangbei-steward.apk!/lib/armeabi-v7a:/system/lib:/system_ext/lib, permitted_path=/data:/mnt/expand:/data/user/0/com.dangbei.zhushou.os:/system/app/dangbei-steward:/system/lib:/system_ext/lib
06-04 18:27:03.820 D/IpClient/wlan0(16010): addressUpdated: 192.168.3.180/23 on ifindex 16 flags 0x00000080 scope 0
06-04 18:27:03.826 I/wpa_supplicant(16113): wpa_driver_nl80211_driver_cmd: wifi vendor: aml_w2_s
06-04 18:27:03.826 I/wpa_supplicant(16113): wpa_driver_nl80211_driver_cmd: wlan0: private command: BTCOEXMODE 2
06-04 18:27:03.826 I/WifiClientModeImpl[7596409:wlan0](15731): Update current security type to 2
06-04 18:27:03.829 W/ContextImpl(15731): Calling a method in the system process without a qualified user: android.app.ContextImpl.sendStickyBroadcast:1626 com.android.server.wifi.ClientModeImpl.sendNetworkChangeBroadcast:3008 com.android.server.wifi.ClientModeImpl.lambda$sendNetworkChangeBroadcastWithCurrentState$14:2985 com.android.server.wifi.ClientModeImpl.$r8$lambda$q-j88Pjw4gROgoJFr8wBlBVbuJI:0 com.android.server.wifi.ClientModeImpl$$ExternalSyntheticLambda4.send:0
06-04 18:27:03.832 E/Netd (15609): no such netId 100
06-04 18:27:03.833 V/GraphicsEnvironment(17165): Currently set values for:
06-04 18:27:03.833 E/ConnectivityService(15731): Exception in networkAddRouteParcel for non-gateway: android.os.ServiceSpecificException: Machine is not on the network (code 64)
06-04 18:27:03.833 V/GraphicsEnvironment(17165): angle_gl_driver_selection_pkgs=[]
06-04 18:27:03.833 V/GraphicsEnvironment(17165): angle_gl_driver_selection_values=[]
06-04 18:27:03.833 E/Netd (15609): no such netId 100
06-04 18:27:03.833 D/RockyReceiver(16566): action: android.net.wifi.STATE_CHANGE
06-04 18:27:03.833 E/ConnectivityService(15731): Exception in networkAddRouteParcel for gateway: android.os.ServiceSpecificException: Machine is not on the network (code 64)
06-04 18:27:03.834 V/GraphicsEnvironment(17165): ANGLE GameManagerService for com.dangbei.zhushou.os: false
06-04 18:27:03.836 V/GraphicsEnvironment(17165): com.dangbei.zhushou.os is not listed in per-application setting
06-04 18:27:03.837 V/GraphicsEnvironment(17165): Neither updatable production driver nor prerelease driver is supported.
06-04 18:27:03.837 D/DhcpClient(16010): Scheduling renewal in 1799s
06-04 18:27:03.837 D/DhcpClient(16010): Scheduling rebind in 3149s
06-04 18:27:03.837 D/DhcpClient(16010): Scheduling expiry in 3599s
06-04 18:27:03.842 D/WifiHAL ( 493): Setting APF program, halHandle = 0xe7e01180
06-04 18:27:03.842 I/WifiHAL ( 493): createRequest: APF set program request
06-04 18:27:03.842 D/WifiHAL ( 493): error code -95 mapped to -3
06-04 18:27:03.842 I/WifiHAL ( 493): Request Response failed for APF, result = -3
06-04 18:27:03.842 E/WifiStaIfaceAidlImpl(15731): installApfPacketFilter failed with service-specific exception: android.os.ServiceSpecificException: (code 4)
06-04 18:27:03.845 D/AppManager(16421): checkLocalAppsIsValid: success
06-04 18:27:03.846 I/MultiDex(17165): VM with version 2.1.0 has multidex support
06-04 18:27:03.846 I/MultiDex(17165): Installing application
06-04 18:27:03.846 I/MultiDex(17165): VM has multidex support, MultiDex support library is disabled.
06-04 18:27:03.851 W/ContextImpl(15731): Calling a method in the system process without a qualified user: android.app.ContextImpl.sendStickyBroadcast:1626 com.android.server.wifi.ClientModeImpl.sendNetworkChangeBroadcast:3008 com.android.server.wifi.ClientModeImpl.lambda$sendNetworkChangeBroadcastWithCurrentState$14:2985 com.android.server.wifi.ClientModeImpl.$r8$lambda$q-j88Pjw4gROgoJFr8wBlBVbuJI:0 com.android.server.wifi.ClientModeImpl$$ExternalSyntheticLambda4.send:0
06-04 18:27:03.855 D/ConnectivityService(15731): Setting DNS servers for network 100 to [/202.96.134.133, /202.96.128.166]
06-04 18:27:03.857 D/RockyReceiver(16566): action: android.net.wifi.STATE_CHANGE
06-04 18:27:03.860 W/BroadcastLoopers(15731): Found previously unknown looper Thread[ConnectivityServiceThread,5,main]
06-04 18:27:03.868 D/ConnectivityService(15731): [100 WIFI] EVENT_NETWORK_INFO_CHANGED, going from CONNECTING to CONNECTED
06-04 18:27:03.871 W/WifiScoreReport(15731): Cannot start external scoring netId=100 currentNetId=100 currentNetCapabilities=[ Transports: WIFI Capabilities: NOT_METERED&INTERNET&NOT_RESTRICTED&TRUSTED&NOT_VPN&NOT_ROAMING&NOT_CONGESTED&NOT_SUSPENDED&NOT_VCN_MANAGED LinkUpBandwidth>=12000Kbps LinkDnBandwidth>=60000Kbps Specifier: TransportInfo: , Provider friendly name: , Requesting package name: "DB-machines5G"wpa2-pskMLO Information: , Is TID-To-Link negotiation supported by the AP: false, AP MLD Address: , AP MLO Link Id: , AP MLO Affiliated links: > SignalStrength: -64 AllowedUids: <{1000}> OwnerUid: 1000 AdminUids: [1000] SSID: "DB-machines5G" UnderlyingNetworks: Null] sessionId=1008
06-04 18:27:03.875 D/DnsManager(15731): sendDnsConfigurationForNetwork(100, [202.96.134.133, 202.96.128.166], [], 1800, 25, 8, 64, 0, 0, , [])
06-04 18:27:03.880 W/DnsManager(15731): updatePrivateDns(100, PrivateDnsConfig{true:/[]})
06-04 18:27:03.880 D/ConnectivityService(15731): Setting DNS servers for network 100 to [/202.96.134.133, /202.96.128.166]
06-04 18:27:03.881 D/DnsManager(15731): sendDnsConfigurationForNetwork(100, [202.96.134.133, 202.96.128.166], [], 1800, 25, 8, 64, 0, 0, , [202.96.134.133, 202.96.128.166])
06-04 18:27:03.883 D/ConnectivityService(15731): Adding iface wlan0 to network 100
06-04 18:27:03.887 W/resolv (15609): Validating DnsTlsServer 202.96.128.166 with mark 0xf0064
06-04 18:27:03.887 D/WifiMemoryStoreImpl(15731): Set cluster G7dd4c42c90a716f7 for Wc1ea26d411487649: SUCCESS
06-04 18:27:03.891 W/resolv (15609): Socket failed to connect: Network is unreachable
06-04 18:27:03.891 W/resolv (15609): TCP Handshake failed: 101
06-04 18:27:03.891 W/resolv (15609): query failed
06-04 18:27:03.891 W/resolv (15609): validateDnsTlsServer returned 0 for 202.96.128.166
06-04 18:27:03.892 W/resolv (15609): Validation failed
06-04 18:27:03.894 W/resolv (15609): Validating DnsTlsServer 202.96.134.133 with mark 0xf0064
06-04 18:27:03.894 W/resolv (15609): Socket failed to connect: Network is unreachable
06-04 18:27:03.895 W/resolv (15609): TCP Handshake failed: 101
06-04 18:27:03.895 W/resolv (15609): query failed
06-04 18:27:03.895 W/resolv (15609): validateDnsTlsServer returned 0 for 202.96.134.133
06-04 18:27:03.895 W/resolv (15609): Validation failed
06-04 18:27:03.897 I/b (17165): -----------> Auto switch user, userId: -3377459
06-04 18:27:03.897 I/b (17165): -----------> doSwitchUserInternal, userId: -3377459
06-04 18:27:03.898 D/yl (17165): com.wangjie.rapidorm.c.b.a-------------------the tables are {class com.dangbei.setting.provider.dal.db.model.User=com.dangbei.setting.provider.dal.db.model.c@5c53995, class com.dangbei.setting.provider.dal.db.model.UserPreference=com.dangbei.setting.provider.dal.db.model.b@ac31aaa}
06-04 18:27:03.902 D/ConnectivityService(15731): Setting DNS servers for network 100 to [/202.96.134.133, /202.96.128.166]
06-04 18:27:03.902 D/DnsManager(15731): sendDnsConfigurationForNetwork(100, [202.96.134.133, 202.96.128.166], [], 1800, 25, 8, 64, 0, 0, , [202.96.134.133, 202.96.128.166])
06-04 18:27:03.903 W/resolv (15609): Validating DnsTlsServer 202.96.128.166 with mark 0xf0064
06-04 18:27:03.909 W/resolv (15609): Validating DnsTlsServer 202.96.134.133 with mark 0xf0064
06-04 18:27:03.909 D/WifiMemoryStoreImpl(15731): Set cluster G7dd4c42c90a716f7 for W647cc68672ee6e5d: SUCCESS
06-04 18:27:03.910 W/BestClock(15731): java.time.DateTimeException: Missing network time fix
06-04 18:27:03.916 D/RockyManager(16566): switchWakeIsAllow isQuitBootGuide: true isBtMode: false
06-04 18:27:03.916 D/RockyManager(16566): switchWakeIsAllow isAllowFarWake: true
06-04 18:27:03.920 D/WifiMemoryStoreImpl(15731): Set cluster G7dd4c42c90a716f7 for W7dd4c42c90a716f7: SUCCESS
06-04 18:27:03.921 D/CompatibilityChangeReporter(15731): Compat change id reported: 161145287; UID 1000; state: ENABLED
06-04 18:27:03.922 D/CompatibilityChangeReporter(15731): Compat change id reported: 161145287; UID 1000; state: DISABLED
06-04 18:27:03.929 D/CompatibilityChangeReporter(17165): Compat change id reported: 147600208; UID 1000; state: DISABLED
06-04 18:27:03.930 D/ConnectivityService(15731): requestNetwork for uid/pid:10026/17136 activeRequest: null callbackRequest: 50 [NetworkRequest [ REQUEST id=51, [ Capabilities: INTERNET&NOT_RESTRICTED&TRUSTED&NOT_VCN_MANAGED Uid: 10026 RequestorUid: 10026 RequestorPkg: com.android.statementservice UnderlyingNetworks: Null] ]] callback flags: 0 order: 2147483647
06-04 18:27:03.935 D/CompatibilityChangeReporter(17165): Compat change id reported: 263076149; UID 1000; state: DISABLED
06-04 18:27:03.937 W/BestClock(15731): java.time.DateTimeException: Missing network time fix
06-04 18:27:03.944 E/WifiStaIfaceAidlImpl(15731): stopRssiMonitoring failed with service-specific exception: android.os.ServiceSpecificException: (code 5)
06-04 18:27:03.945 D/ConnectivityService(15731): Switching to new default network for: uid/pid:1000/15731 activeRequest: 1 callbackRequest: 1 [NetworkRequest [ REQUEST id=1, [ Capabilities: INTERNET&NOT_RESTRICTED&TRUSTED&NOT_VPN&NOT_VCN_MANAGED RequestorUid: 1000 RequestorPkg: android UnderlyingNetworks: Null] ]] callback flags: 1 order: 2147483647 using NetworkAgentInfo{network{100} handle{432902426637} ni{WIFI CONNECTED extra: } created=2025-06-04T10:27:03.091Z Score(Policies : TRANSPORT_PRIMARY&IS_UNMETERED ; KeepConnected : 0) created 7602581 lp{{InterfaceName: wlan0 LinkAddresses: [ fe80::83a:7a43:dffe:cf3a/64,192.168.3.180/23 ] DnsAddresses: [ /202.96.134.133,/202.96.128.166 ] Domains: null MTU: 0 ServerAddress: /192.168.3.1 TcpBufferSizes: 524288,1048576,2097152,262144,524288,1048576 Routes: [ fe80::/64 -> :: wlan0 mtu 0,192.168.2.0/23 -> 0.0.0.0 wlan0 mtu 0,0.0.0.0/0 -> 192.168.3.1 wlan0 mtu 0 ]}} nc{[ Transports: WIFI Capabilities: NOT_METERED&INTERNET&NOT_RESTRICTED&TRUSTED&NOT_VPN&NOT_ROAMING&FOREGROUND&NOT_CONGESTED&NOT_SUSPENDED&NOT_VCN_MANAGED LinkUpBandwidth>=12000Kbps LinkDnBandwidth>=60000Kbps Specifier: TransportInfo: , Provider friendly name: , Requesting package name: "DB-machines5G"wpa2-pskMLO Information: , Is TID-To-Link negotiation supported by the AP: false, AP MLD Address: , AP MLO Link Id: , AP MLO Affiliated links: > SignalStrength: -64 OwnerUid: 1000 AdminUids: [1000] SSID: "DB-machines5G" UnderlyingNetworks: Null]} factorySerialNumber=4}
06-04 18:27:03.946 D/NetworkMonitor/100(16010): Validation disabled.
06-04 18:27:03.948 E/NetlinkEvent(15609): NetlinkEvent::FindParam(): Parameter 'INTERFACE' not found
06-04 18:27:03.948 E/NetlinkEvent(15609): NetlinkEvent::FindParam(): Parameter 'STATE' not found
06-04 18:27:03.948 E/NetlinkEvent(15609): NetlinkEvent::FindParam(): Parameter 'TIME_NS' not found
06-04 18:27:03.948 E/NetlinkEvent(15609): NetlinkEvent::FindParam(): Parameter 'UID' not found
06-04 18:27:03.948 D/XM_HIDREAD( 2053): add@ add@/devices/virtual/xt_idletimer/timers
06-04 18:27:03.952 W/BestClock(15731): java.time.DateTimeException: Missing network time fix
06-04 18:27:03.965 I/TDLog (17165): setReportUncaughtExceptions: true
06-04 18:27:03.973 D/CompatibilityChangeReporter(15731): Compat change id reported: 135634846; UID 10019; state: DISABLED
06-04 18:27:03.974 D/CompatibilityChangeReporter(15731): Compat change id reported: 177438394; UID 10019; state: DISABLED
06-04 18:27:03.974 D/CompatibilityChangeReporter(15731): Compat change id reported: 135772972; UID 10019; state: DISABLED
06-04 18:27:03.974 D/CompatibilityChangeReporter(15731): Compat change id reported: 135754954; UID 10019; state: ENABLED
06-04 18:27:03.975 D/CompatibilityChangeReporter(15731): Compat change id reported: 143937733; UID 10019; state: ENABLED
06-04 18:27:03.978 I/BroadcastQueue(15731): BOOT_COMPLETED_BROADCAST_COMPLETION_LATENCY_REPORTED action:android.intent.action.BOOT_COMPLETED dispatchLatency:-7598776 completeLatency:3907 dispatchRealLatency:-7598776 completeRealLatency:3907 receiversSize:41 userId:0 userType:android.os.usertype.full.SYSTEM
06-04 18:27:03.979 I/ActivityManager(15731): Finished processing BOOT_COMPLETED for u0
06-04 18:27:03.984 W/BestClock(15731): java.time.DateTimeException: Missing network time fix
06-04 18:27:03.985 W/BestClock(15731): java.time.DateTimeException: Missing network time fix
06-04 18:27:03.986 W/BestClock(15731): java.time.DateTimeException: Missing network time fix
06-04 18:27:03.995 D/UpstreamNetworkMonitor(16010): New default Internet network: 100
06-04 18:27:04.003 D/NetworkTimeUpdateService(15731): New default network 100; checking time.
06-04 18:27:04.011 D/InstantWifi(15731): Receive Wifi is connected, freq = 5745 and currentNetworkId : 0, wifiinfo = SSID: , BSSID: 02:00:00:00:00:00, MAC: 02:00:00:00:00:00, IP: /192.168.3.180, Security type: 2, Supplicant state: COMPLETED, Wi-Fi standard: 6, RSSI: -64, Link speed: 1200Mbps, Tx Link speed: 1200Mbps, Max Supported Tx Link speed: 1200Mbps, Rx Link speed: 6Mbps, Max Supported Rx Link speed: 1200Mbps, Frequency: 5745MHz, Net ID: -1, Metered hint: false, score: 60, isUsable: true, CarrierMerged: false, SubscriptionId: -1, IsPrimary: 1, Trusted: true, Restricted: false, Ephemeral: false, OEM paid: false, OEM private: false, OSU AP: false, FQDN: , Provider friendly name: , Requesting package name: MLO Information: , Is TID-To-Link negotiation supported by the AP: false, AP MLD Address: , AP MLO Link Id: , AP MLO Affiliated links:
06-04 18:27:04.017 W/BestClock(15731): java.time.DateTimeException: Missing network time fix
06-04 18:27:04.021 W/BestClock(15731): java.time.DateTimeException: Missing network time fix
06-04 18:27:04.024 D/ConnectivityService(15731): Sending CONNECTED broadcast for type 1 [100 WIFI] isDefaultNetwork=true
06-04 18:27:04.025 W/ContextImpl(15731): Calling a method in the system process without a qualified user: android.app.ContextImpl.sendStickyBroadcast:1626 android.net.connectivity.com.android.server.ConnectivityService.sendStickyBroadcast:3280 android.net.connectivity.com.android.server.ConnectivityService.sendGeneralBroadcast:3250 android.net.connectivity.com.android.server.ConnectivityService.sendConnectedBroadcast:3223 android.net.connectivity.com.android.server.ConnectivityService.sendLegacyNetworkBroadcast:10138
06-04 18:27:04.036 W/BestClock(15731): java.time.DateTimeException: Missing network time fix
06-04 18:27:04.036 W/BestClock(15731): java.time.DateTimeException: Missing network time fix
06-04 18:27:04.037 E/hq (16421): NetWorkStateReceiver:::NetWorkStateReceiver onReceive: 网络变化广播 >>>> intent.action=android.net.conn.CONNECTIVITY_CHANGE
06-04 18:27:04.039 W/System.err(15928): java.lang.NoSuchMethodException: android.net.SntpClient.requestTime [class java.lang.String, int, class android.net.Network]
06-04 18:27:04.039 W/System.err(15928): at java.lang.Class.getMethod(Class.java:2937)
06-04 18:27:04.039 W/System.err(15928): at java.lang.Class.getMethod(Class.java:2449)
06-04 18:27:04.039 W/System.err(15928): at com.droidlogic.NtpService.SyncTimeLock(NtpService.java:113)
06-04 18:27:04.039 W/System.err(15928): at com.droidlogic.NtpService.-$$Nest$mSyncTimeLock(Unknown Source:0)
06-04 18:27:04.039 W/System.err(15928): at com.droidlogic.NtpService$2.run(NtpService.java:104)
06-04 18:27:04.040 W/System.err(15928): at android.os.Handler.handleCallback(Handler.java:958)
06-04 18:27:04.040 W/System.err(15928): at android.os.Handler.dispatchMessage(Handler.java:99)
06-04 18:27:04.040 W/System.err(15928): at android.os.Looper.loopOnce(Looper.java:205)
06-04 18:27:04.040 W/System.err(15928): at android.os.Looper.loop(Looper.java:294)
06-04 18:27:04.040 W/System.err(15928): at android.os.HandlerThread.run(HandlerThread.java:67)
06-04 18:27:04.040 E/hq (16421): NetWorkStateReceiver:::Network is available. isConnect=false 是否频次过快=false t=1749032824040
06-04 18:27:04.040 D/LanSocketServer(16386): connect
06-04 18:27:04.040 W/eventbuscore(16421): post Event:com.dangbei.leard.base.entity.event.NetStateEvent
06-04 18:27:04.041 W/eventbuscore(16421): post Event:com.dangbei.leard.base.entity.event.NetChangeEvent
06-04 18:27:04.044 E/DangXiaoBeiManager(16421): setMessageList: true
06-04 18:27:04.045 E/hq (16421): 当小贝:::message list add complete data.messageList:[]
06-04 18:27:04.045 E/hq (16421): data.tabList=[]
06-04 18:27:04.045 I/hq (16421): 当小贝:::showMessage from=net_change
06-04 18:27:04.045 I/hq (16421): 当小贝:::showMessage 没有消息需要显示
06-04 18:27:04.053 D/yc_test (16421): refreshWeather: null
06-04 18:27:04.056 D/RockyReceiver(16566): action: android.net.conn.CONNECTIVITY_CHANGE
06-04 18:27:04.057 I/Receiver(16566): 网络连接成功
06-04 18:27:04.059 D/ConnectivityService(15731): NetReassign [45 : null → 100, 49 : null → 100, 1 : null → 100, 39 : null → 100, 47 : null → 100, 24 : null → 100, 19 : null → 100, 16 : null → 100, 41 : null → 100, 31 : null → 100, 43 : null → 100, 22 : null → 100, 14 : null → 100, 34 : null → 100, 26 : null → 100, 7 : null → 100] [c 1] [a 103] [i 9]
06-04 18:27:04.059 D/aaa (16457): action:android.net.conn.CONNECTIVITY_CHANGE
06-04 18:27:04.068 E/hq (16421): listenerNet:::重新来网了 key=image_error isConnect=true
06-04 18:27:04.068 E/hq (16421): listenerNet:::重新来网了 key=ConfigureInterface:Init isConnect=true
06-04 18:27:04.069 E/hq (16421): listenerNet:::重新来网了 key=requestAppWhiteList isConnect=true
06-04 18:27:04.070 E/hq (16421): listenerNet:::重新来网了 key=requestGetMessageRemind isConnect=true
06-04 18:27:04.071 E/hq (16421): listenerNet:::重新来网了 key=requestMessageConfig isConnect=true
06-04 18:27:04.072 E/hq (16421): listenerNet:::重新来网了 key=requestMessageDialog isConnect=true
06-04 18:27:04.072 E/hq (16421): listenerNet:::重新来网了 key=requestNetAppAdInfo isConnect=true
06-04 18:27:04.075 D/Zygote (15605): Forked child process 17244
06-04 18:27:04.076 W/ActivityManager(15731): Slow operation: 102ms so far, now at startProcess: returned from zygote!
06-04 18:27:04.076 W/ActivityManager(15731): Slow operation: 103ms so far, now at startProcess: done updating battery stats
06-04 18:27:04.076 W/ActivityManager(15731): Slow operation: 103ms so far, now at startProcess: building log message
06-04 18:27:04.076 I/ActivityManager(15731): Start proc 17244:com.android.externalstorage/u0a19 for broadcast {com.android.externalstorage/com.android.externalstorage.MountReceiver}
06-04 18:27:04.076 W/ActivityManager(15731): Slow operation: 103ms so far, now at startProcess: starting to update pids map
06-04 18:27:04.076 W/ActivityManager(15731): Slow operation: 103ms so far, now at startProcess: done updating pids map
06-04 18:27:04.078 D/WifiNetworkFactory(15731): got request NetworkRequest [ REQUEST id=51, [ Capabilities: INTERNET&NOT_RESTRICTED&TRUSTED&NOT_VCN_MANAGED Uid: 10026 RequestorUid: 10026 RequestorPkg: com.android.statementservice UnderlyingNetworks: Null] ]
06-04 18:27:04.079 D/UntrustedWifiNetworkFactory(15731): got request NetworkRequest [ REQUEST id=51, [ Capabilities: INTERNET&NOT_RESTRICTED&TRUSTED&NOT_VCN_MANAGED Uid: 10026 RequestorUid: 10026 RequestorPkg: com.android.statementservice UnderlyingNetworks: Null] ]
06-04 18:27:04.080 D/ConnectivityService(15731): NetReassign [51 : null → 100] [c 1] [a 6] [i 5]
06-04 18:27:04.080 I/ConnectivityService(15731): Update score for net 100 : +EVER_EVALUATED
06-04 18:27:04.080 D/ConnectivityService(15731): [100 WIFI] validation passed
06-04 18:27:04.080 I/ConnectivityService(15731): Update capabilities for net 100 : +VALIDATED
06-04 18:27:04.080 I/ConnectivityService(15731): Update score for net 100 : +EVER_VALIDATED+IS_VALIDATED
06-04 18:27:04.083 D/OemPaidWifiNetworkFactory(15731): got request NetworkRequest [ REQUEST id=51, [ Capabilities: INTERNET&NOT_RESTRICTED&TRUSTED&NOT_VCN_MANAGED Uid: 10026 RequestorUid: 10026 RequestorPkg: com.android.statementservice UnderlyingNetworks: Null] ]
06-04 18:27:04.083 D/MultiInternetWifiNetworkFactory(15731): got request NetworkRequest [ REQUEST id=51, [ Capabilities: INTERNET&NOT_RESTRICTED&TRUSTED&NOT_VCN_MANAGED Uid: 10026 RequestorUid: 10026 RequestorPkg: com.android.statementservice UnderlyingNetworks: Null] ]
06-04 18:27:04.084 E/hq (16421): WeatherRefresh:::请求网络地址后,更新的地理位置为:null
06-04 18:27:04.086 I/Zygote (17244): seccomp disabled by setenforce 0
06-04 18:27:04.089 D/yc_test (16421): refreshWeather: null
06-04 18:27:04.092 W/System.err(16386): SLF4J: Failed to load class "org.slf4j.impl.StaticLoggerBinder".
06-04 18:27:04.093 W/System.err(16386): SLF4J: Defaulting to no-operation (NOP) logger implementation
06-04 18:27:04.093 W/System.err(16386): SLF4J: See http://www.slf4j.org/codes.html#StaticLoggerBinder for further details.
06-04 18:27:04.093 I/externalstorage(17244): Using CollectorTypeCC GC.
06-04 18:27:04.094 D/LanSocketServer(16386): connect /192.168.3.180:6689
06-04 18:27:04.095 D/LanSocketServer(16386): connect start
06-04 18:27:04.095 E/LanCommander(16386): onNetWorkChanged: true
06-04 18:27:04.098 D/TrafficStats(16386): tagSocket(84) with statsTag=0xffffffff, statsUid=-1
06-04 18:27:04.101 E/externalstorage(17244): Not starting debugger since process cannot load the jdwp agent.
06-04 18:27:04.103 E/hq (16421): WeatherRefresh:::请求网络地址后,更新的地理位置为:null
06-04 18:27:04.114 E/LanCommander(16386): onServerCreatedSuccess 192.168.3.180:6689
06-04 18:27:04.115 D/ConnectivityService(15731): NetReassign [no changes] [c 0] [a 1] [i 32]
06-04 18:27:04.132 D/CompatibilityChangeReporter(15731): Compat change id reported: 168419799; UID 10019; state: DISABLED
06-04 18:27:04.132 D/CompatibilityChangeReporter(15731): Compat change id reported: 273564678; UID 10019; state: DISABLED
06-04 18:27:04.141 D/CompatibilityChangeReporter(17244): Compat change id reported: 171979766; UID 10019; state: ENABLED
06-04 18:27:04.141 D/CompatibilityChangeReporter(17244): Compat change id reported: 242716250; UID 10019; state: ENABLED
06-04 18:27:04.146 D/InstantWifi(15731): Receive Wifi is connected, freq = 5745 and currentNetworkId : 0, wifiinfo = SSID: , BSSID: 02:00:00:00:00:00, MAC: 02:00:00:00:00:00, IP: /192.168.3.180, Security type: 2, Supplicant state: COMPLETED, Wi-Fi standard: 6, RSSI: -64, Link speed: 1200Mbps, Tx Link speed: 1200Mbps, Max Supported Tx Link speed: 1200Mbps, Rx Link speed: 6Mbps, Max Supported Rx Link speed: 1200Mbps, Frequency: 5745MHz, Net ID: -1, Metered hint: false, score: 60, isUsable: true, CarrierMerged: false, SubscriptionId: -1, IsPrimary: 1, Trusted: true, Restricted: false, Ephemeral: false, OEM paid: false, OEM private: false, OSU AP: false, FQDN: , Provider friendly name: , Requesting package name: MLO Information: , Is TID-To-Link negotiation supported by the AP: false, AP MLD Address: , AP MLO Link Id: , AP MLO Affiliated links:
06-04 18:27:04.148 D/CompatibilityChangeReporter(15731): Compat change id reported: 170503758; UID 10019; state: ENABLED
06-04 18:27:04.153 I/bluetooth(16024): packages/modules/Bluetooth/system/gd/metrics/metrics_state.cc:177 AddStateChangedEvent: LEConnectionMetricsRemoteDevice: Transaction State 0x00000002, Connection Type 0x00000001, Origin Type 0x00000001
06-04 18:27:04.153 I/bluetooth(16024): packages/modules/Bluetooth/system/gd/metrics/metrics_state.cc:58 AddStateChangedEvent: LEConnectionMetricState: Origin Type: 0x00000001, Connection Type: 0x00000001, Transaction State: 0x00000002
06-04 18:27:04.153 I/bluetooth(16024): packages/modules/Bluetooth/system/gd/metrics/metrics_state.cc:161 UploadLEConnectionSession: LEConnectionMetricsRemoteDevice: The session is uploaded for xx:xx:xx:xx:c0:7a
06-04 18:27:04.153 I/bluetooth(16024): packages/modules/Bluetooth/system/gd/hci/le_address_manager.cc:265 ack_pause: Client already in paused state
06-04 18:27:04.153 I/bluetooth(16024): packages/modules/Bluetooth/system/stack/gatt/connection_manager.cc:438 on_connection_complete: Le connection completed to device:xx:xx:xx:xx:c0:7a
06-04 18:27:04.153 I/bluetooth(16024): packages/modules/Bluetooth/system/stack/gatt/connection_manager.cc:438 on_connection_complete: Le connection completed to device:xx:xx:xx:xx:c0:7a
06-04 18:27:04.153 I/bt_btm_ble(16024): packages/modules/Bluetooth/system/stack/btm/btm_ble.cc:1730 btm_ble_connected: Updating device record timestamp for existing ble connection
06-04 18:27:04.157 I/bluetooth(16024): packages/modules/Bluetooth/system/gd/hci/le_address_manager.cc:596 OnCommandComplete: Received command complete with op_code LE_REMOVE_DEVICE_FROM_FILTER_ACCEPT_LIST
06-04 18:27:04.157 I/bluetooth(16024): packages/modules/Bluetooth/system/gd/hci/le_address_manager.cc:294 resume_registered_clients: Resuming registered clients
06-04 18:27:04.161 D/nativeloader(17244): Configuring clns-shared-4 for other apk /system/priv-app/ExternalStorageProvider/ExternalStorageProvider.apk. target_sdk_version=34, uses_libraries=, library_path=/system/priv-app/ExternalStorageProvider/lib/arm:/system/lib:/system_ext/lib, permitted_path=/data:/mnt/expand:/data/user/0/com.android.externalstorage:/system/priv-app/ExternalStorageProvider:/system/lib:/system_ext/lib
06-04 18:27:04.169 E/RCInfo (16386): vid:
06-04 18:27:04.169 E/RCInfo (16386): pid:
06-04 18:27:04.169 E/RCInfo (16386): RCBrand:NA
06-04 18:27:04.170 E/RCInfo (16386): vid:
06-04 18:27:04.170 E/RCInfo (16386): pid:
06-04 18:27:04.171 E/RCInfo (16386): vid:
06-04 18:27:04.171 E/RCInfo (16386): pid:
06-04 18:27:04.172 D/ConnectivityService(15731): Setting DNS servers for network 100 to [/202.96.134.133, /202.96.128.166]
06-04 18:27:04.172 D/DnsManager(15731): sendDnsConfigurationForNetwork(100, [202.96.134.133, 202.96.128.166], [], 1800, 25, 8, 64, 0, 0, , [202.96.134.133, 202.96.128.166])
06-04 18:27:04.173 E/RCInfo (16386): vid:
06-04 18:27:04.173 E/RCInfo (16386): pid:
06-04 18:27:04.173 E/RCInfo (16386): RCBrand:NA
06-04 18:27:04.107 I/Thread-5(17165): type=1400 audit(0.0:1812): avc: denied { search } for name="net" dev="sysfs" ino=12344 scontext=u:r:system_app:s0 tcontext=u:object_r:sysfs_net:s0 tclass=dir permissive=1
06-04 18:27:04.159 I/WebSocketSelect(16386): type=1400 audit(0.0:1813): avc: denied { read } for name="devices" dev="proc" ino=4026531982 scontext=u:r:system_app:s0 tcontext=u:object_r:proc:s0 tclass=file permissive=1
06-04 18:27:04.167 I/WebSocketSelect(16386): type=1400 audit(0.0:1814): avc: denied { open } for path="/proc/bus/input/devices" dev="proc" ino=4026531982 scontext=u:r:system_app:s0 tcontext=u:object_r:proc:s0 tclass=file permissive=1
06-04 18:27:04.187 I/WebSocketSelect(16386): type=1400 audit(0.0:1815): avc: denied { read } for name="u:object_r:serialno_prop:s0" dev="tmpfs" ino=323 scontext=u:r:system_app:s0 tcontext=u:object_r:serialno_prop:s0 tclass=file permissive=1
06-04 18:27:04.175 D/CompatibilityChangeReporter(17136): Compat change id reported: 263076149; UID 10026; state: DISABLED
06-04 18:27:04.182 D/CompatibilityChangeReporter(15731): Compat change id reported: 265195908; UID 10019; state: ENABLED
06-04 18:27:04.184 W/ContextImpl(15731): Calling a method in the system process without a qualified user: android.app.ContextImpl.sendStickyBroadcast:1626 android.net.connectivity.com.android.server.ConnectivityService.sendStickyBroadcast:3280 android.net.connectivity.com.android.server.ConnectivityService.sendGeneralBroadcast:3250 android.net.connectivity.com.android.server.ConnectivityService.sendInetConditionBroadcast:3227 android.net.connectivity.com.android.server.ConnectivityService.updateInetCondition:9819
06-04 18:27:04.186 E/RCInfo (16386): vid:
06-04 18:27:04.187 I/WebSocketSelect(16386): type=1400 audit(0.0:1816): avc: denied { open } for path="/dev/__properties__/u:object_r:serialno_prop:s0" dev="tmpfs" ino=323 scontext=u:r:system_app:s0 tcontext=u:object_r:serialno_prop:s0 tclass=file permissive=1
06-04 18:27:04.186 E/RCInfo (16386): pid:
06-04 18:27:04.187 E/RCInfo (16386): vid:
06-04 18:27:04.187 E/RCInfo (16386): pid:
06-04 18:27:04.199 W/LastMileLogger(15731): Failed to stop event tracing: /sys/kernel/debug/tracing/instances/wifi/tracing_on: open failed: ENOENT (No such file or directory)
06-04 18:27:04.204 D/IpClient/wlan0(16010): addressUpdated: fe80::83a:7a43:dffe:cf3a/64 on ifindex 16 flags 0x00000880 scope 253
06-04 18:27:04.211 D/WifiMemoryStoreImpl(15731): Set cluster G7dd4c42c90a716f7 for Wc1ea26d411487649: SUCCESS
06-04 18:27:04.214 D/getEthernetMacAddr(16386): getEthernetMacAddr use eth0
06-04 18:27:04.216 D/CompatibilityChangeReporter(16326): Compat change id reported: 263076149; UID 10055; state: ENABLED
06-04 18:27:04.217 E/TaskWorkerFactory(16326): Cannot create worker: com.android.devicelockcontroller.provision.worker.DeviceCheckInWorker
06-04 18:27:04.217 E/TaskWorkerFactory(16326): java.lang.NoSuchMethodException: com.android.devicelockcontroller.provision.worker.DeviceCheckInWorker. [class android.content.Context, class androidx.work.WorkerParameters, interface com.google.common.util.concurrent.ListeningExecutorService]
06-04 18:27:04.217 E/TaskWorkerFactory(16326): at java.lang.Class.getConstructor0(Class.java:3325)
06-04 18:27:04.217 E/TaskWorkerFactory(16326): at java.lang.Class.getDeclaredConstructor(Class.java:3063)
06-04 18:27:04.217 E/TaskWorkerFactory(16326): at com.android.devicelockcontroller.policy.TaskWorkerFactory.createWorker(TaskWorkerFactory.java:53)
06-04 18:27:04.217 E/TaskWorkerFactory(16326): at androidx.work.DelegatingWorkerFactory.createWorker(DelegatingWorkerFactory.java:71)
06-04 18:27:04.217 E/TaskWorkerFactory(16326): at androidx.work.WorkerFactory.createWorkerWithDefaultFallback(WorkerFactory.java:82)
06-04 18:27:04.217 E/TaskWorkerFactory(16326): at androidx.work.impl.WorkerWrapper.runWorker(WorkerWrapper.java:240)
06-04 18:27:04.217 E/TaskWorkerFactory(16326): at androidx.work.impl.WorkerWrapper.run(WorkerWrapper.java:142)
06-04 18:27:04.217 E/TaskWorkerFactory(16326): at androidx.work.impl.utils.SerialExecutorImpl$Task.run(SerialExecutorImpl.java:96)
06-04 18:27:04.217 E/TaskWorkerFactory(16326): at java.util.concurrent.ThreadPoolExecutor.runWorker(ThreadPoolExecutor.java:1145)
06-04 18:27:04.217 E/TaskWorkerFactory(16326): at java.util.concurrent.ThreadPoolExecutor$Worker.run(ThreadPoolExecutor.java:644)
06-04 18:27:04.217 E/TaskWorkerFactory(16326): at java.lang.Thread.run(Thread.java:1012)
06-04 18:27:04.224 I/bluetooth(16024): packages/modules/Bluetooth/system/gd/hci/acl_manager/le_impl.h:673 on_le_disconnect: re-add device to connect list
06-04 18:27:04.224 E/btm_sco (16024): packages/modules/Bluetooth/system/stack/btm/btm_sco.cc:1137 btm_sco_on_disconnected: Unable to find sco connection
06-04 18:27:04.224 I/btm_acl (16024): packages/modules/Bluetooth/system/stack/acl/btm_acl.cc:2740 btm_acl_iso_disconnected: ISO disconnection from GD, handle: 0x10, reason: 0x3e
06-04 18:27:04.224 I/bluetooth(16024): packages/modules/Bluetooth/system/gd/hci/le_address_manager.cc:265 ack_pause: Client already in paused state
06-04 18:27:04.224 E/gatt_utils(16024): packages/modules/Bluetooth/system/stack/gatt/gatt_utils.cc:1690 gatt_cleanup_upon_disc: Disconnect for unknown connection bd_addr:xx:xx:xx:xx:c0:7a reason:GATT_CONN_FAILED_ESTABLISHMENT transport:BT_TRANSPORT_LE
06-04 18:27:04.224 W/bt_btm_sec(16024): packages/modules/Bluetooth/system/stack/btm/btm_sec.cc:3863 btm_sec_disconnected: Got uncommon disconnection reason:HCI_ERR_CONN_FAILED_ESTABLISHMENT handle:0x0010 comment:stack::acl::btm_acl::btm_acl_disconnected
06-04 18:27:04.226 I/bluetooth(16024): packages/modules/Bluetooth/system/gd/hci/le_address_manager.cc:596 OnCommandComplete: Received command complete with op_code LE_ADD_DEVICE_TO_FILTER_ACCEPT_LIST
06-04 18:27:04.226 I/bluetooth(16024): packages/modules/Bluetooth/system/gd/hci/le_address_manager.cc:294 resume_registered_clients: Resuming registered clients
06-04 18:27:04.228 V/GraphicsEnvironment(17244): Currently set values for:
06-04 18:27:04.228 V/GraphicsEnvironment(17244): angle_gl_driver_selection_pkgs=[]
06-04 18:27:04.228 V/GraphicsEnvironment(17244): angle_gl_driver_selection_values=[]
06-04 18:27:04.229 V/GraphicsEnvironment(17244): ANGLE GameManagerService for com.android.externalstorage: false
06-04 18:27:04.229 V/GraphicsEnvironment(17244): com.android.externalstorage is not listed in per-application setting
06-04 18:27:04.229 V/GraphicsEnvironment(17244): Neither updatable production driver nor prerelease driver is supported.
06-04 18:27:04.231 I/bluetooth(16024): packages/modules/Bluetooth/system/gd/hci/acl_manager/le_impl.h:878 update_connectability_state_after_armed: Le connection state machine armed state:ConnectabilityState::ARMED status:SUCCESS
06-04 18:27:04.235 D/getEthernetMacAddr(16386): getEthernetMacAddr use eth0
06-04 18:27:04.247 D/getEthernetMacAddr(16386): getEthernetMacAddr use eth0
06-04 18:27:04.248 D/TrafficStats(16421): tagSocket(124) with statsTag=0xffffffff, statsUid=-1
06-04 18:27:04.249 D/TrafficStats(16587): tagSocket(251) with statsTag=0xffffffff, statsUid=-1
06-04 18:27:04.252 D/TrafficStats(16421): tagSocket(122) with statsTag=0xffffffff, statsUid=-1
06-04 18:27:04.253 D/TrafficStats(16421): tagSocket(125) with statsTag=0xffffffff, statsUid=-1
06-04 18:27:04.254 D/CompatibilityChangeReporter(17061): Compat change id reported: 263076149; UID 10071; state: ENABLED
06-04 18:27:04.256 D/TrafficStats(16421): tagSocket(129) with statsTag=0xffffffff, statsUid=-1
06-04 18:27:04.258 D/TrafficStats(15731): tagSocket(414) with statsTag=0xffffff41, statsUid=-1
06-04 18:27:04.258 I/system_server(15731): Background concurrent copying GC freed 254349(10MB) AllocSpace objects, 12(368KB) LOS objects, 49% free, 15MB/31MB, paused 328us,353us total 462.663ms
06-04 18:27:04.263 D/TrafficStats(16421): tagSocket(170) with statsTag=0xffffffff, statsUid=-1
06-04 18:27:04.280 D/ExternalStorage(17244): After updating volumes, found 1 active roots
06-04 18:27:04.283 D/WifiConfigStore(15731): Writing to stores completed in 49 ms.
06-04 18:27:04.291 I/ActivityManager(15731): com.oranth.usbopenft is exempt from freezer
06-04 18:27:04.292 D/CompatibilityChangeReporter(15731): Compat change id reported: 135634846; UID 1000; state: DISABLED
06-04 18:27:04.308 D/ExternalStorage(17244): After updating volumes, found 1 active roots
06-04 18:27:04.324 D/getEthernetMacAddr(16386): getEthernetMacAddr use eth0
06-04 18:27:04.324 D/ExternalStorage(17244): After updating volumes, found 1 active roots
06-04 18:27:04.325 D/Zygote (15605): Forked child process 17287
06-04 18:27:04.326 I/ActivityManager(15731): Start proc 17287:com.oranth.usbopenft/1000 for broadcast {com.oranth.usbopenft/com.oranth.usbopenft.UsbReceiver}
06-04 18:27:04.335 E/HigherBroadcastServer(16386): {"bluetoothBoot":false,"bluetoothController":false,"bluetoothMac":"1C:79:2D:20:62:CC","deviceModel":"DBBOX-A3","deviceModelNumber":"H5P464","deviceName":"客厅的当贝盒子","findController":1,"hostName":"192.168.3.180","inetAddress":"192.168.3.180","mac":"20:02:FE:19:C2:3F","port":6689,"romCode":5008,"romVersion":"5.0.0.8","wifiMac":"1C:79:2D:20:62:CB","deviceId":"b6cd0df3116ba91b1960e4323e447386","sn":"DZOH5P8251918256"}
06-04 18:27:04.336 W/NsdServiceInfo(16386): Key lengths > 9 are discouraged: deviceModel
06-04 18:27:04.336 W/NsdServiceInfo(16386): Key lengths > 9 are discouraged: deviceModelNumber
06-04 18:27:04.336 W/NsdServiceInfo(16386): Key lengths > 9 are discouraged: deviceName
06-04 18:27:04.336 W/NsdServiceInfo(16386): Key lengths > 9 are discouraged: romVersion
06-04 18:27:04.336 W/NsdServiceInfo(16386): Key lengths > 9 are discouraged: findController
06-04 18:27:04.339 D/CompatibilityChangeReporter(15915): Compat change id reported: 186082280; UID 10052; state: ENABLED
06-04 18:27:04.344 I/okhttp.OkHttpClient(16386): --> POST http://tymsgapi.qun7.com/v1/core/rom (527-byte body)
06-04 18:27:04.344 I/okhttp.OkHttpClient(16386): --> POST http://tymsgapi.qun7.com/v1/core/logip (596-byte body)
06-04 18:27:04.348 I/okhttp.OkHttpClient(16386): --> POST http://tyapi.qun7.com/v1/core/launcherota (527-byte body)
06-04 18:27:04.359 I/okhttp.OkHttpClient(16386): --> POST http://tymsgapi.qun7.com/v1/core/appupdate (2498-byte body)
06-04 18:27:04.369 W/ServiceManagerCppClient(15825): Waited one second for android.hardware.tv.tuner.ITuner/default (is service started? Number of threads started in the threadpool: 0. Are binder threads started and available?)
06-04 18:27:04.371 I/Zygote (17287): seccomp disabled by setenforce 0
06-04 18:27:04.375 W/libc ( 232): Unable to set property "ctl.interface_start" to "aidl/android.hardware.tv.tuner.ITuner/default": error code: 0x20
06-04 18:27:04.376 I/CheckInWorker(16326): perform check-in request
06-04 18:27:04.377 I/serviceDiscovery(15731): [MdnsSocketProvider] Start monitoring sockets.
06-04 18:27:04.377 I/TetheringManager(15731): registerTetheringEventCallback caller:android
06-04 18:27:04.378 I/serviceDiscovery(15731): [MdnsAdvertiser] Adding service name: 192.168.3.180, type: _db_controller._tcp, hostAddresses: /192.168.3.180, port: 6689, network: null, txtRecord: deviceModel=DBBOX-A3romVersion=5.0.0.8findController=1sn=DZOH5P8251918256mac=20:02:FE:19:C2:3F deviceName=客厅的当贝盒子)deviceId=b6cd0df3116ba91b1960e4323e447386deviceModelNumber=H5P464 romCode=5008 with ID 2 and subtype null
06-04 18:27:04.380 D/ConnectivityService(15731): NetReassign [no changes] [c 1] [a 0] [i 1]
06-04 18:27:04.384 I/ranth.usbopenft(17287): Using CollectorTypeCC GC.
06-04 18:27:04.390 E/ranth.usbopenft(17287): Not starting debugger since process cannot load the jdwp agent.
06-04 18:27:04.401 D/CompatibilityChangeReporter(15731): Compat change id reported: 168419799; UID 1000; state: DISABLED
06-04 18:27:04.401 D/CompatibilityChangeReporter(15731): Compat change id reported: 273564678; UID 1000; state: DISABLED
06-04 18:27:04.402 D/TrafficStats(15731): tagSocket(416) with statsTag=0xffffffff, statsUid=-1
06-04 18:27:04.407 W/CheckInWorker(16326): CheckIn failed. No device identifier available!
