06-04 18:27:02.464 D/CompatibilityChangeReporter(15731): Compat change id reported: 214016041; UID 1000; state: ENABLED
06-04 18:27:02.464 D/CompatibilityChangeReporter(15731): Compat change id reported: 214016041; UID 1000; state: DISABLED
06-04 18:27:02.467 I/DefaultIMS(16304): onStartInput attribute=android.view.inputmethod.EditorInfo@86c0eb0 restarting=false inputType: 0
06-04 18:27:02.471 D/nativeloader(16958): Configuring clns-shared-4 for other apk /system/priv-app/PackageInstaller_tv/PackageInstaller_tv.apk. target_sdk_version=34, uses_libraries=, library_path=/system/priv-app/PackageInstaller_tv/lib/arm:/system/lib:/system_ext/lib, permitted_path=/data:/mnt/expand:/data/user_de/0/com.android.packageinstaller:/system/priv-app/PackageInstaller_tv:/system/lib:/system_ext/lib
06-04 18:27:02.508 D/CompatibilityChangeReporter(16326): Compat change id reported: 194532703; UID 10055; state: ENABLED
06-04 18:27:02.508 D/CompatibilityChangeReporter(16326): Compat change id reported: 253665015; UID 10055; state: ENABLED
06-04 18:27:02.509 D/CompatibilityChangeReporter(15731): Compat change id reported: 271850009; UID 10055; state: ENABLED
06-04 18:27:02.510 D/CompatibilityChangeReporter(15731): Compat change id reported: 253665015; UID 10055; state: ENABLED
06-04 18:27:02.511 D/CompatibilityChangeReporter(15731): Compat change id reported: 194532703; UID 10055; state: ENABLED
06-04 18:27:02.513 D/ConnectivityService(15731): requestNetwork for uid/pid:1000/15731 asUid: 10055 activeRequest: null callbackRequest: 40 [NetworkRequest [ REQUEST id=41, [ Capabilities: INTERNET&NOT_RESTRICTED&TRUSTED&NOT_VCN_MANAGED Uid: 10055 RequestorUid: 1000 RequestorPkg: android UnderlyingNetworks: Null] ]] callback flags: 0 order: 2147483647
06-04 18:27:02.514 D/ConnectivityService(15731): NetReassign [no changes] [c 1] [a 0] [i 0]
06-04 18:27:02.515 D/WifiNetworkFactory(15731): got request NetworkRequest [ REQUEST id=41, [ Capabilities: INTERNET&NOT_RESTRICTED&TRUSTED&NOT_VCN_MANAGED Uid: 10055 RequestorUid: 1000 RequestorPkg: android UnderlyingNetworks: Null] ]
06-04 18:27:02.515 D/UntrustedWifiNetworkFactory(15731): got request NetworkRequest [ REQUEST id=41, [ Capabilities: INTERNET&NOT_RESTRICTED&TRUSTED&NOT_VCN_MANAGED Uid: 10055 RequestorUid: 1000 RequestorPkg: android UnderlyingNetworks: Null] ]
06-04 18:27:02.516 D/OemPaidWifiNetworkFactory(15731): got request NetworkRequest [ REQUEST id=41, [ Capabilities: INTERNET&NOT_RESTRICTED&TRUSTED&NOT_VCN_MANAGED Uid: 10055 RequestorUid: 1000 RequestorPkg: android UnderlyingNetworks: Null] ]
06-04 18:27:02.516 D/MultiInternetWifiNetworkFactory(15731): got request NetworkRequest [ REQUEST id=41, [ Capabilities: INTERNET&NOT_RESTRICTED&TRUSTED&NOT_VCN_MANAGED Uid: 10055 RequestorUid: 1000 RequestorPkg: android UnderlyingNetworks: Null] ]
06-04 18:27:02.519 V/GraphicsEnvironment(16958): Currently set values for:
06-04 18:27:02.519 V/GraphicsEnvironment(16958): angle_gl_driver_selection_pkgs=[]
06-04 18:27:02.519 V/GraphicsEnvironment(16958): angle_gl_driver_selection_values=[]
06-04 18:27:02.520 V/GraphicsEnvironment(16958): ANGLE GameManagerService for com.android.packageinstaller: false
06-04 18:27:02.520 V/GraphicsEnvironment(16958): com.android.packageinstaller is not listed in per-application setting
06-04 18:27:02.520 V/GraphicsEnvironment(16958): Neither updatable production driver nor prerelease driver is supported.
06-04 18:27:02.529 D/OomAdjuster(15731): Not killing cached processes
06-04 18:27:02.537 D/CompatibilityChangeReporter(15731): Compat change id reported: 135634846; UID 10070; state: DISABLED
06-04 18:27:02.537 D/CompatibilityChangeReporter(15731): Compat change id reported: 177438394; UID 10070; state: DISABLED
06-04 18:27:02.537 D/CompatibilityChangeReporter(15731): Compat change id reported: 135772972; UID 10070; state: DISABLED
06-04 18:27:02.537 D/CompatibilityChangeReporter(15731): Compat change id reported: 135754954; UID 10070; state: ENABLED
06-04 18:27:02.539 D/CompatibilityChangeReporter(15731): Compat change id reported: 143937733; UID 10070; state: ENABLED
06-04 18:27:02.564 E/hq (16421): ErrorCoroutineExceptionHandler:::runTry error:java.net.UnknownHostException: Unable to resolve host "ottdbui-tyapiqun7.yysh.mgtv.com": No address associated with hostname from=requestUserAgreement
06-04 18:27:02.564 E/UserProtocolInterceptorImpl(16421): isAgree: 20210615 20210615 true
06-04 18:27:02.578 E/UserProtocolInterceptorImpl(16421): version===>0
06-04 18:27:02.585 D/Zygote (15605): Forked child process 16978
06-04 18:27:02.586 I/ActivityManager(15731): Start proc 16978:com.android.permissioncontroller/u0a70 for broadcast {com.android.permissioncontroller/com.android.permissioncontroller.permission.service.LocationAccessCheck$SetupPeriodicBackgroundLocationAccessCheck}
06-04 18:27:02.592 D/ConnectivityService(15731): requestNetwork for uid/pid:10055/16326 activeRequest: null callbackRequest: 42 [NetworkRequest [ REQUEST id=43, [ Capabilities: INTERNET&NOT_RESTRICTED&TRUSTED&NOT_VCN_MANAGED Uid: 10055 RequestorUid: 10055 RequestorPkg: com.android.devicelockcontroller UnderlyingNetworks: Null] ]] callback flags: 0 order: 2147483647
06-04 18:27:02.593 D/ConnectivityService(15731): NetReassign [no changes] [c 0] [a 0] [i 1]
06-04 18:27:02.593 D/WifiNetworkFactory(15731): got request NetworkRequest [ REQUEST id=43, [ Capabilities: INTERNET&NOT_RESTRICTED&TRUSTED&NOT_VCN_MANAGED Uid: 10055 RequestorUid: 10055 RequestorPkg: com.android.devicelockcontroller UnderlyingNetworks: Null] ]
06-04 18:27:02.594 D/UntrustedWifiNetworkFactory(15731): got request NetworkRequest [ REQUEST id=43, [ Capabilities: INTERNET&NOT_RESTRICTED&TRUSTED&NOT_VCN_MANAGED Uid: 10055 RequestorUid: 10055 RequestorPkg: com.android.devicelockcontroller UnderlyingNetworks: Null] ]
06-04 18:27:02.594 D/OemPaidWifiNetworkFactory(15731): got request NetworkRequest [ REQUEST id=43, [ Capabilities: INTERNET&NOT_RESTRICTED&TRUSTED&NOT_VCN_MANAGED Uid: 10055 RequestorUid: 10055 RequestorPkg: com.android.devicelockcontroller UnderlyingNetworks: Null] ]
06-04 18:27:02.594 D/MultiInternetWifiNetworkFactory(15731): got request NetworkRequest [ REQUEST id=43, [ Capabilities: INTERNET&NOT_RESTRICTED&TRUSTED&NOT_VCN_MANAGED Uid: 10055 RequestorUid: 10055 RequestorPkg: com.android.devicelockcontroller UnderlyingNetworks: Null] ]
06-04 18:27:02.598 D/BufferPoolAccessor2.0(15731): bufferpool2 0xc0bb9628 : 0(0 size) total buffers - 0(0 size) used buffers - 2/7 (recycle/alloc) - 5/18 (fetch/transfer)
06-04 18:27:02.598 D/BufferPoolAccessor2.0(15731): bufferpool2 0xc0bba828 : 0(0 size) total buffers - 0(0 size) used buffers - 2/7 (recycle/alloc) - 5/24 (fetch/transfer)
06-04 18:27:02.598 D/BufferPoolAccessor2.0(15731): evictor expired: 2, evicted: 2
06-04 18:27:02.599 D/BufferPoolAccessor2.0( 634): bufferpool2 0xeb9004a8 : 0(0 size) total buffers - 0(0 size) used buffers - 5/7 (recycle/alloc) - 2/6 (fetch/transfer)
06-04 18:27:02.599 D/BufferPoolAccessor2.0( 634): evictor expired: 1, evicted: 1
06-04 18:27:02.600 I/Zygote (16978): seccomp disabled by setenforce 0
06-04 18:27:02.606 I/ssioncontroller(16978): Using CollectorTypeCC GC.
06-04 18:27:02.603 I/rainbow_flow(15369): type=1400 audit(0.0:1702): avc: denied { ioctl } for path="/dev/spidev1.0" dev="tmpfs" ino=541 ioctlcmd=0x6b00 scontext=u:r:init:s0 tcontext=u:object_r:device:s0 tclass=chr_file permissive=1
06-04 18:27:02.620 E/ssioncontroller(16978): Not starting debugger since process cannot load the jdwp agent.
06-04 18:27:02.636 D/CompatibilityChangeReporter(15731): Compat change id reported: 168419799; UID 10070; state: DISABLED
06-04 18:27:02.636 D/CompatibilityChangeReporter(15731): Compat change id reported: 273564678; UID 10070; state: DISABLED
06-04 18:27:02.667 D/CompatibilityChangeReporter(15731): Compat change id reported: 265195908; UID 10070; state: ENABLED
06-04 18:27:02.683 D/CompatibilityChangeReporter(16978): Compat change id reported: 171979766; UID 10070; state: ENABLED
06-04 18:27:02.685 D/CompatibilityChangeReporter(16978): Compat change id reported: 242716250; UID 10070; state: ENABLED
06-04 18:27:02.692 I/d.leradlauncher(16421): NativeAlloc concurrent copying GC freed 276141(48MB) AllocSpace objects, 52(9828KB) LOS objects, 49% free, 5314KB/10MB, paused 160us,97us total 204.160ms
06-04 18:27:02.700 W/d.leradlauncher(16421): ApkAssets: Deleting an ApkAssets object ' and /product/app/webview/webview.apk' with 1 weak references
06-04 18:27:02.725 D/CompatibilityChangeReporter(15731): Compat change id reported: 170503758; UID 10070; state: ENABLED
06-04 18:27:02.731 I/locHandlerThrea(16587): type=1400 audit(0.0:1703): avc: denied { search } for name="net" dev="sysfs" ino=12344 scontext=u:r:untrusted_app_27:s0:c43,c256,c512,c768 tcontext=u:object_r:sysfs_net:s0 tclass=dir permissive=1 app=com.dangbei.screencast
06-04 18:27:02.732 D/nativeloader(16978): Configuring clns-shared-4 for other apk /system/framework/org.apache.http.legacy.jar. target_sdk_version=34, uses_libraries=ALL, library_path=/apex/com.android.permission/priv-app/PermissionController@UD2A.240505.001.W1/lib/arm:/system/lib:/system_ext/lib, permitted_path=/data:/mnt/expand:/data/user_de/0/com.android.permissioncontroller:/apex/com.android.permission/priv-app/PermissionController@UD2A.240505.001.W1:/system/lib:/system_ext/lib
06-04 18:27:02.741 W/TelephonyPermissions(15731): reportAccessDeniedToReadIdentifiers:com.dangbei.screencast:getSerial:-1
06-04 18:27:02.746 D/nativeloader(16978): Configuring clns-shared-5 for other apk /apex/com.android.permission/priv-app/PermissionController@UD2A.240505.001.W1/PermissionController.apk. target_sdk_version=34, uses_libraries=, library_path=/apex/com.android.permission/priv-app/PermissionController@UD2A.240505.001.W1/lib/arm:/system/lib:/system_ext/lib, permitted_path=/data:/mnt/expand:/data/user_de/0/com.android.permissioncontroller:/apex/com.android.permission/priv-app/PermissionController@UD2A.240505.001.W1:/system/lib:/system_ext/lib
06-04 18:27:02.749 D/nativeloader(16978): InitApexLibraries:
06-04 18:27:02.749 D/nativeloader(16978): com_android_adservices: libhpke_jni.so:libtflite_support_classifiers_native.so
06-04 18:27:02.749 D/nativeloader(16978): com_android_appsearch: libicing.so
06-04 18:27:02.749 D/nativeloader(16978): com_android_art: libartservice.so
06-04 18:27:02.749 D/nativeloader(16978): com_android_btservices: libbluetooth_jni.so
06-04 18:27:02.749 D/nativeloader(16978): com_android_conscrypt: libjavacrypto.so
06-04 18:27:02.749 D/nativeloader(16978): com_android_extservices: libhpke_jni.so:libtflite_support_classifiers_native.so
06-04 18:27:02.749 D/nativeloader(16978): com_android_os_statsd: libstats_jni.so
06-04 18:27:02.749 D/nativeloader(16978): com_android_tethering: libandroid_net_connectivity_com_android_net_module_util_jni.so:libcronet.114.0.5735.84.so:libframework-connectivity-jni.so:libframework-connectivity-tiramisu-jni.so:libservice-connectivity.so
06-04 18:27:02.749 D/nativeloader(16978): com_android_uwb: libuwb_uci_jni_rust.so
06-04 18:27:02.749 D/nativeloader(16978): com_android_virt: libvirtualizationservice_jni.so:libvirtualmachine_jni.so
06-04 18:27:02.766 V/NFC (16587): this device does not have NFC support
06-04 18:27:02.775 V/GraphicsEnvironment(16978): Currently set values for:
06-04 18:27:02.775 V/GraphicsEnvironment(16978): angle_gl_driver_selection_pkgs=[]
06-04 18:27:02.775 V/GraphicsEnvironment(16978): angle_gl_driver_selection_values=[]
06-04 18:27:02.776 V/GraphicsEnvironment(16978): ANGLE GameManagerService for com.android.permissioncontroller: false
06-04 18:27:02.776 V/GraphicsEnvironment(16978): com.android.permissioncontroller is not listed in per-application setting
06-04 18:27:02.776 V/GraphicsEnvironment(16978): Neither updatable production driver nor prerelease driver is supported.
06-04 18:27:02.791 I/carui (16978): CarUi plugin is disabled
06-04 18:27:02.804 W/Role (16978): Cannot get ApplicationInfo for default holder: com.android.messaging
06-04 18:27:02.818 I/MediaProvider(16403): Scanned external_primary due to REASON_MOUNTED, found 72 items in 584ms, 0 inserts 4 updates 0 deletes
06-04 18:27:02.822 I/MediaProvider(16403): End Intent { act=com.android.providers.media.action.SCAN_VOLUME (has extras) }
06-04 18:27:02.823 I/MediaProvider(16403): Begin Intent { act=android.intent.action.MEDIA_MOUNTED dat=file:///... flg=0x5000010 cmp=com.android.providers.media.module/com.android.providers.media.MediaService (has extras) }
06-04 18:27:02.824 I/MediaProvider(16403): Volume MediaVolume name: [external_primary] id: [emulated;0] user: [UserHandle{0}] path: [/storage/emulated/0] externallyManaged: [false] mPublicVolume: [false] already attached
06-04 18:27:02.824 I/MediaProvider(16403): End Intent { act=android.intent.action.MEDIA_MOUNTED dat=file:///... flg=0x5000010 cmp=com.android.providers.media.module/com.android.providers.media.MediaService (has extras) }
06-04 18:27:02.828 D/CompatibilityChangeReporter(15731): Compat change id reported: 261072174; UID 1000; state: ENABLED
06-04 18:27:02.832 D/CompatibilityChangeReporter(15731): Compat change id reported: 135634846; UID 10018; state: DISABLED
06-04 18:27:02.832 D/CompatibilityChangeReporter(15731): Compat change id reported: 177438394; UID 10018; state: DISABLED
06-04 18:27:02.832 D/CompatibilityChangeReporter(15731): Compat change id reported: 135772972; UID 10018; state: DISABLED
06-04 18:27:02.832 D/CompatibilityChangeReporter(15731): Compat change id reported: 135754954; UID 10018; state: ENABLED
06-04 18:27:02.833 D/CompatibilityChangeReporter(15731): Compat change id reported: 143937733; UID 10018; state: ENABLED
06-04 18:27:02.836 D/CompatibilityChangeReporter(16978): Compat change id reported: 194532703; UID 10070; state: ENABLED
06-04 18:27:02.836 D/CompatibilityChangeReporter(16978): Compat change id reported: 253665015; UID 10070; state: ENABLED
06-04 18:27:02.837 D/CompatibilityChangeReporter(15731): Compat change id reported: 253665015; UID 10070; state: ENABLED
06-04 18:27:02.837 D/CompatibilityChangeReporter(15731): Compat change id reported: 194532703; UID 10070; state: ENABLED
06-04 18:27:02.848 I/HibernationPolicy(16978): scheduleHibernationJob with frequency 1296000000ms and threshold 7776000000ms
06-04 18:27:02.849 D/Zygote (15605): Forked child process 16998
06-04 18:27:02.850 I/ActivityManager(15731): Start proc 16998:com.android.providers.calendar/u0a18 for broadcast {com.android.providers.calendar/com.android.providers.calendar.CalendarReceiver}
06-04 18:27:02.854 I/HibernationPolicy(16978): user 0 is a profileowner. Running hibernation job.
06-04 18:27:02.855 I/HibernationPolicy(16978): Job already scheduled.
06-04 18:27:02.856 I/Zygote (16998): seccomp disabled by setenforce 0
06-04 18:27:02.862 I/viders.calendar(16998): Using CollectorTypeCC GC.
06-04 18:27:02.867 E/viders.calendar(16998): Not starting debugger since process cannot load the jdwp agent.
06-04 18:27:02.877 V/SafetyCenterBackgroundR(16978): Received a android.intent.action.BOOT_COMPLETED broadcast, but safety center is currently disabled. Cancelling any existing job.
06-04 18:27:02.880 D/SafetyLabelChangesJobService(16978): Received broadcast with intent action 'android.intent.action.BOOT_COMPLETED'
06-04 18:27:02.880 D/CompatibilityChangeReporter(15731): Compat change id reported: 168419799; UID 10018; state: DISABLED
06-04 18:27:02.880 D/CompatibilityChangeReporter(15731): Compat change id reported: 273564678; UID 10018; state: DISABLED
06-04 18:27:02.880 I/SafetyLabelChangesJobService(16978): onReceive: Safety label change notifications are not enabled.
06-04 18:27:02.884 D/CompatibilityChangeReporter(15731): Compat change id reported: 265195908; UID 10018; state: ENABLED
06-04 18:27:02.886 D/CompatibilityChangeReporter(16998): Compat change id reported: 171979766; UID 10018; state: ENABLED
06-04 18:27:02.886 D/CompatibilityChangeReporter(16998): Compat change id reported: 242716250; UID 10018; state: ENABLED
06-04 18:27:02.889 D/CompatibilityChangeReporter(15731): Compat change id reported: 170503758; UID 10018; state: ENABLED
06-04 18:27:02.890 I/PermissionEventCleanupJobService(16978): Job already scheduled.
06-04 18:27:02.892 D/PermissionStorageTimeChangeReceiver(16978): systemTimeSnapshot set to 1749032822892
06-04 18:27:02.892 D/PermissionStorageTimeChangeReceiver(16978): realtimeSnapshot set to 7601596
06-04 18:27:02.896 D/nativeloader(16998): Configuring clns-shared-4 for other apk /system/priv-app/CalendarProvider/CalendarProvider.apk. target_sdk_version=34, uses_libraries=, library_path=/system/priv-app/CalendarProvider/lib/arm:/system/lib:/system_ext/lib, permitted_path=/data:/mnt/expand:/data/user/0/com.android.providers.calendar:/system/priv-app/CalendarProvider:/system/lib:/system_ext/lib
06-04 18:27:02.927 V/GraphicsEnvironment(16998): Currently set values for:
06-04 18:27:02.927 V/GraphicsEnvironment(16998): angle_gl_driver_selection_pkgs=[]
06-04 18:27:02.927 V/GraphicsEnvironment(16998): angle_gl_driver_selection_values=[]
06-04 18:27:02.927 V/GraphicsEnvironment(16998): ANGLE GameManagerService for com.android.providers.calendar: false
06-04 18:27:02.928 V/GraphicsEnvironment(16998): com.android.providers.calendar is not listed in per-application setting
06-04 18:27:02.928 V/GraphicsEnvironment(16998): Neither updatable production driver nor prerelease driver is supported.
06-04 18:27:02.936 D/hq (16421): NetWorkStateReceiver:::检查网络,并且持续更新 isConnect=false
06-04 18:27:02.958 D/CompatibilityChangeReporter(15731): Compat change id reported: 161145287; UID 10018; state: ENABLED
06-04 18:27:02.958 I/CalendarProvider2(16998): Created com.android.providers.calendar.CalendarAlarmManager@adf4d6d(com.android.providers.calendar.CalendarProvider2@9f95da2)
06-04 18:27:02.970 D/CompatibilityChangeReporter(15731): Compat change id reported: 135634846; UID 10027; state: DISABLED
06-04 18:27:02.970 D/CompatibilityChangeReporter(15731): Compat change id reported: 177438394; UID 10027; state: DISABLED
06-04 18:27:02.970 D/CompatibilityChangeReporter(15731): Compat change id reported: 135772972; UID 10027; state: DISABLED
06-04 18:27:02.971 D/CompatibilityChangeReporter(15731): Compat change id reported: 135754954; UID 10027; state: ENABLED
06-04 18:27:02.971 D/CompatibilityChangeReporter(15731): Compat change id reported: 143937733; UID 10027; state: ENABLED
06-04 18:27:02.978 D/CompatibilityChangeReporter(16998): Compat change id reported: 160794467; UID 10018; state: ENABLED
06-04 18:27:02.984 D/CompatibilityChangeReporter(16998): Compat change id reported: 183155436; UID 10018; state: ENABLED
06-04 18:27:02.987 D/CompatibilityChangeReporter(15731): Compat change id reported: 171306433; UID 10018; state: ENABLED
06-04 18:27:02.988 D/CompatibilityChangeReporter(15731): Compat change id reported: 218533173; UID 10018; state: ENABLED
06-04 18:27:02.995 D/Zygote (15605): Forked child process 17027
06-04 18:27:02.996 I/ActivityManager(15731): Start proc 17027:com.android.providers.tv/u0a27 for broadcast {com.android.providers.tv/com.android.providers.tv.BootCompletedReceiver}
06-04 18:27:03.000 D/CompatibilityChangeReporter(15731): Compat change id reported: 143231523; UID 10018; state: DISABLED
06-04 18:27:03.016 I/wpa_supplicant(16113): assoc key_mgmt 0x2 network key_mgmt 0x142
06-04 18:27:03.016 I/wpa_supplicant(16113): wlan0: Associated with 58:c7:ac:78:f0:10
06-04 18:27:03.017 I/wpa_supplicant(16113): wlan0: CTRL-EVENT-SUBNET-STATUS-UPDATE status=0
06-04 18:27:03.017 I/wpa_supplicant(16113): wlan0: WPA: RX message 1 of 4-Way Handshake from 58:c7:ac:78:f0:10 (ver=2)
06-04 18:27:03.017 I/wpa_supplicant(16113): assoc key_mgmt 0x2 network key_mgmt 0x142
06-04 18:27:03.017 I/wpa_supplicant(16113): wlan0: WPA: Sending EAPOL-Key 2/4
06-04 18:27:03.020 I/Zygote (17027): seccomp disabled by setenforce 0
06-04 18:27:03.021 I/Tethering(16010): adding IpServer for: wlan0
06-04 18:27:03.026 I/id.providers.tv(17027): Using CollectorTypeCC GC.
06-04 18:27:03.031 I/WifiClientModeImpl[7596409:wlan0](15731): Update current security type to 2
06-04 18:27:03.033 I/wpa_supplicant(16113): wlan0: RSN: RX message 3 of 4-Way Handshake from 58:c7:ac:78:f0:10 (ver=2)
06-04 18:27:03.033 I/wpa_supplicant(16113): wlan0: WPA: Sending EAPOL-Key 4/4
06-04 18:27:03.035 I/WifiService(15731): updateInterfaceIpState uid=1073
06-04 18:27:03.038 W/ContextImpl(15731): Calling a method in the system process without a qualified user: android.app.ContextImpl.sendStickyBroadcast:1626 com.android.server.wifi.ClientModeImpl.sendNetworkChangeBroadcast:3008 com.android.server.wifi.ClientModeImpl.lambda$sendNetworkChangeBroadcastWithCurrentState$14:2985 com.android.server.wifi.ClientModeImpl.$r8$lambda$q-j88Pjw4gROgoJFr8wBlBVbuJI:0 com.android.server.wifi.ClientModeImpl$$ExternalSyntheticLambda4.send:0
06-04 18:27:03.042 E/id.providers.tv(17027): Not starting debugger since process cannot load the jdwp agent.
06-04 18:27:03.044 I/WifiClientModeImpl[7596409:wlan0](15731): Update current security type to 2
06-04 18:27:03.045 D/WifiService(15731): updateInterfaceIpState: ifaceName=wlan0 mode=-1 previous LOHS mode= -1
06-04 18:27:03.045 I/wpa_supplicant(16113): assoc key_mgmt 0x2 network key_mgmt 0x142
06-04 18:27:03.050 D/RockyReceiver(16566): action: android.net.wifi.STATE_CHANGE
06-04 18:27:03.056 I/wpa_supplicant(16113): wlan0: WPA: Key negotiation completed with 58:c7:ac:78:f0:10 [PTK=CCMP GTK=TKIP]
06-04 18:27:03.057 I/wpa_supplicant(16113): wlan0: CTRL-EVENT-CONNECTED - Connection to 58:c7:ac:78:f0:10 completed [id=0 id_str=%7B%22configKey%22%3A%22%5C%22DB-machines5G%5C%22WPA_PSK%22%2C%22creatorUid%22%3A%221000%22%7D]
06-04 18:27:03.059 I/wpa_supplicant(16113): assoc key_mgmt 0x2 network key_mgmt 0x142
06-04 18:27:03.062 I/WifiClientModeImpl[7596409:wlan0](15731): Update current security type to 2
06-04 18:27:03.064 D/CompatibilityChangeReporter(15731): Compat change id reported: 168419799; UID 10027; state: DISABLED
06-04 18:27:03.065 D/CompatibilityChangeReporter(15731): Compat change id reported: 273564678; UID 10027; state: DISABLED
06-04 18:27:03.076 D/CompatibilityChangeReporter(15731): Compat change id reported: 265195908; UID 10027; state: ENABLED
06-04 18:27:03.078 D/CompatibilityChangeReporter(17027): Compat change id reported: 171979766; UID 10027; state: ENABLED
06-04 18:27:03.078 D/CompatibilityChangeReporter(17027): Compat change id reported: 242716250; UID 10027; state: ENABLED
06-04 18:27:03.080 I/WifiClientModeImpl[7596409:wlan0](15731): Update current security type to 2 from network connection event.
06-04 18:27:03.081 I/wpa_supplicant(16113): wpa_driver_nl80211_driver_cmd: wifi vendor: aml_w2_s
06-04 18:27:03.081 I/wpa_supplicant(16113): wpa_driver_nl80211_driver_cmd: wlan0: private command: MACADDR
06-04 18:27:03.082 D/CompatibilityChangeReporter(15731): Compat change id reported: 170503758; UID 10027; state: ENABLED
06-04 18:27:03.084 W/ContextImpl(15731): Calling a method in the system process without a qualified user: android.app.ContextImpl.sendStickyBroadcast:1626 com.android.server.wifi.ClientModeImpl.sendNetworkChangeBroadcast:3008 com.android.server.wifi.ClientModeImpl.lambda$sendNetworkChangeBroadcastWithCurrentState$14:2985 com.android.server.wifi.ClientModeImpl.$r8$lambda$q-j88Pjw4gROgoJFr8wBlBVbuJI:0 com.android.server.wifi.ClientModeImpl$$ExternalSyntheticLambda4.send:0
06-04 18:27:03.086 D/RockyReceiver(16566): action: android.net.wifi.STATE_CHANGE
06-04 18:27:03.089 D/nativeloader(17027): Configuring clns-shared-4 for other apk /system/priv-app/TvProvider/TvProvider.apk. target_sdk_version=34, uses_libraries=, library_path=/system/priv-app/TvProvider/lib/arm:/system/lib:/system_ext/lib, permitted_path=/data:/mnt/expand:/data/user_de/0/com.android.providers.tv:/system/priv-app/TvProvider:/system/lib:/system_ext/lib
06-04 18:27:03.091 I/ConnectivityService(15731): Update score for net 100 : +IS_UNMETERED
06-04 18:27:03.092 D/ConnectivityService(15731): registerNetworkAgent NetworkAgentInfo{network{100} handle{432902426637} ni{WIFI CONNECTING extra: } created=2025-06-04T10:27:03.091Z Score(Policies : IS_UNMETERED ; KeepConnected : 0) lp{{LinkAddresses: [ ] DnsAddresses: [ ] Domains: null MTU: 0 Routes: [ ]}} nc{[ Transports: WIFI Capabilities: NOT_METERED&INTERNET&NOT_RESTRICTED&TRUSTED&NOT_VPN&NOT_ROAMING&NOT_CONGESTED&NOT_SUSPENDED&NOT_VCN_MANAGED LinkUpBandwidth>=1200000Kbps LinkDnBandwidth>=1200000Kbps Specifier: TransportInfo: , Provider friendly name: , Requesting package name: "DB-machines5G"wpa2-pskMLO Information: , Is TID-To-Link negotiation supported by the AP: false, AP MLD Address: , AP MLO Link Id: , AP MLO Affiliated links: > AllowedUids: <{1000}> OwnerUid: 1000 AdminUids: [1000] SSID: "DB-machines5G" UnderlyingNetworks: Null]} factorySerialNumber=4}
06-04 18:27:03.099 I/rgb_led_ctl(17046): type=1400 audit(0.0:1726): avc: denied { write } for name="spidev1.0" dev="tmpfs" ino=541 scontext=u:r:init:s0 tcontext=u:object_r:device:s0 tclass=chr_file permissive=1
06-04 18:27:03.099 I/rgb_led_ctl(17046): type=1400 audit(0.0:1727): avc: denied { open } for path="/dev/spidev1.0" dev="tmpfs" ino=541 scontext=u:r:init:s0 tcontext=u:object_r:device:s0 tclass=chr_file permissive=1
06-04 18:27:03.098 W/ContextImpl(15731): Calling a method in the system process without a qualified user: android.app.ContextImpl.sendStickyBroadcast:1626 com.android.server.wifi.ClientModeImpl.sendNetworkChangeBroadcast:3008 com.android.server.wifi.ClientModeImpl.lambda$sendNetworkChangeBroadcastWithCurrentState$14:2985 com.android.server.wifi.ClientModeImpl.$r8$lambda$q-j88Pjw4gROgoJFr8wBlBVbuJI:0 com.android.server.wifi.ClientModeImpl$$ExternalSyntheticLambda4.send:0
06-04 18:27:03.101 D/RockyReceiver(16566): action: android.net.wifi.STATE_CHANGE
06-04 18:27:03.103 I/wpa_supplicant(16113): wpa_driver_nl80211_driver_cmd: wifi vendor: aml_w2_s
06-04 18:27:03.103 I/wpa_supplicant(16113): wpa_driver_nl80211_driver_cmd: wlan0: private command: BTCOEXMODE 2
06-04 18:27:03.106 D/CompatibilityChangeReporter(16010): Compat change id reported: 186082280; UID 1073; state: ENABLED
06-04 18:27:03.112 I/WifiHAL ( 493): call wifi_get_link_stats handler
06-04 18:27:03.112 I/WifiHAL ( 493): Creating message to get link statistics; iface = 16
06-04 18:27:03.112 D/WifiHAL ( 493): error code -95 mapped to -3
06-04 18:27:03.112 E/WifiStaIfaceAidlImpl(15731): getLinkLayerStats failed with service-specific exception: android.os.ServiceSpecificException: (code 4)
06-04 18:27:03.114 I/WifiClientModeImpl[7596409:wlan0](15731): Update current security type to 2
06-04 18:27:03.115 D/CompatibilityChangeReporter(15731): Compat change id reported: 171306433; UID 1073; state: ENABLED
06-04 18:27:03.117 I/WifiHAL ( 493): call wifi_get_link_stats handler
06-04 18:27:03.117 I/WifiHAL ( 493): Creating message to get link statistics; iface = 16
06-04 18:27:03.118 D/WifiHAL ( 493): error code -95 mapped to -3
06-04 18:27:03.118 V/GraphicsEnvironment(17027): Currently set values for:
06-04 18:27:03.119 V/GraphicsEnvironment(17027): angle_gl_driver_selection_pkgs=[]
06-04 18:27:03.119 V/GraphicsEnvironment(17027): angle_gl_driver_selection_values=[]
06-04 18:27:03.115 I/IpClient.wlan0(16010): type=1400 audit(0.0:1728): avc: denied { search } for name="net" dev="sysfs" ino=12344 scontext=u:r:network_stack:s0 tcontext=u:object_r:sysfs_net:s0 tclass=dir permissive=1
06-04 18:27:03.115 I/IpClient.wlan0(16010): type=1400 audit(0.0:1729): avc: denied { read } for name="address" dev="sysfs" ino=22126 scontext=u:r:network_stack:s0 tcontext=u:object_r:sysfs_net:s0 tclass=file permissive=1
06-04 18:27:03.115 I/IpClient.wlan0(16010): type=1400 audit(0.0:1730): avc: denied { open } for path="/sys/devices/virtual/net/dummy0/address" dev="sysfs" ino=22126 scontext=u:r:network_stack:s0 tcontext=u:object_r:sysfs_net:s0 tclass=file permissive=1
06-04 18:27:03.120 V/GraphicsEnvironment(17027): ANGLE GameManagerService for com.android.providers.tv: false
06-04 18:27:03.120 V/GraphicsEnvironment(17027): com.android.providers.tv is not listed in per-application setting
06-04 18:27:03.120 V/GraphicsEnvironment(17027): Neither updatable production driver nor prerelease driver is supported.
06-04 18:27:03.121 E/WifiStaIfaceAidlImpl(15731): getLinkLayerStats failed with service-specific exception: android.os.ServiceSpecificException: (code 4)
06-04 18:27:03.128 D/ConnectivityService(15731): [100 WIFI] EVENT_NETWORK_INFO_CHANGED, going from CONNECTING to CONNECTING
06-04 18:27:03.130 D/NetworkMonitor/100(16010): checkAndRenewResourceConfig: update captive portal https urls to [https://www.google.com/generate_204]
06-04 18:27:03.130 D/NetworkMonitor/100(16010): checkAndRenewResourceConfig: update captive portal http urls to [http://connectivitycheck.gstatic.com/generate_204]
06-04 18:27:03.132 D/CompatibilityChangeReporter(17027): Compat change id reported: 160794467; UID 10027; state: ENABLED
06-04 18:27:03.132 D/NetworkMonitor/100(16010): checkAndRenewResourceConfig: update captive portal fallback urls to[http://www.google.com/gen_204, http://play.googleapis.com/generate_204]
06-04 18:27:03.132 D/NetworkMonitor(16010): Starting on network 100 with capport HTTPS URL [https://www.google.com/generate_204] and HTTP URL [http://connectivitycheck.gstatic.com/generate_204]
06-04 18:27:03.148 I/ConnectivityService(15731): Update score for net 100 : +TRANSPORT_PRIMARY
06-04 18:27:03.149 D/ConnectivityService(15731): NetReassign [no changes] [c 0] [a 0] [i 1]
06-04 18:27:03.149 D/WifiHAL ( 493): Setting APF program, halHandle = 0xe7e01180
06-04 18:27:03.149 I/WifiHAL ( 493): createRequest: APF set program request
06-04 18:27:03.150 D/WifiHAL ( 493): error code -95 mapped to -3
06-04 18:27:03.150 I/WifiHAL ( 493): Request Response failed for APF, result = -3
06-04 18:27:03.151 D/ConnectivityService(15731): NetReassign [no changes] [c 0] [a 0] [i 1]
06-04 18:27:03.156 D/CompatibilityChangeReporter(15731): Compat change id reported: 135634846; UID 10071; state: DISABLED
06-04 18:27:03.156 D/CompatibilityChangeReporter(15731): Compat change id reported: 177438394; UID 10071; state: DISABLED
06-04 18:27:03.156 D/CompatibilityChangeReporter(15731): Compat change id reported: 135772972; UID 10071; state: DISABLED
06-04 18:27:03.156 D/CompatibilityChangeReporter(15731): Compat change id reported: 135754954; UID 10071; state: ENABLED
06-04 18:27:03.157 D/CompatibilityChangeReporter(15731): Compat change id reported: 143937733; UID 10071; state: ENABLED
06-04 18:27:03.159 E/WifiStaIfaceAidlImpl(15731): installApfPacketFilter failed with service-specific exception: android.os.ServiceSpecificException: (code 4)
06-04 18:27:03.160 D/WifiHAL ( 493): Setting APF program, halHandle = 0xe7e01180
06-04 18:27:03.160 I/WifiHAL ( 493): createRequest: APF set program request
06-04 18:27:03.160 D/WifiHAL ( 493): error code -95 mapped to -3
06-04 18:27:03.160 I/WifiHAL ( 493): Request Response failed for APF, result = -3
06-04 18:27:03.160 E/WifiStaIfaceAidlImpl(15731): installApfPacketFilter failed with service-specific exception: android.os.ServiceSpecificException: (code 4)
06-04 18:27:03.173 D/Zygote (15605): Forked child process 17061
06-04 18:27:03.174 I/ActivityManager(15731): Start proc 17061:com.android.rkpdapp/u0a71 for broadcast {com.android.rkpdapp/com.android.rkpdapp.BootReceiver}
06-04 18:27:03.174 D/ApfFilter(16010): (wlan0): begin monitoring
06-04 18:27:03.182 I/Zygote (17061): seccomp disabled by setenforce 0
06-04 18:27:03.194 I/android.rkpdapp(17061): Using CollectorTypeCC GC.
06-04 18:27:03.200 E/android.rkpdapp(17061): Not starting debugger since process cannot load the jdwp agent.
06-04 18:27:03.200 D/IpClient/wlan0(16010): routeUpdated: fe80::/64 -> :: wlan0 mtu 0
06-04 18:27:03.201 D/IpClient/wlan0(16010): addressUpdated: fe80::83a:7a43:dffe:cf3a/64 on ifindex 16 flags 0x000008C4 scope 253
06-04 18:27:03.207 D/TrafficStats(16010): tagSocket(101) with statsTag=0xfffffe01, statsUid=-1
06-04 18:27:03.211 D/CompatibilityChangeReporter(15731): Compat change id reported: 168419799; UID 10071; state: DISABLED
06-04 18:27:03.212 D/CompatibilityChangeReporter(15731): Compat change id reported: 273564678; UID 10071; state: DISABLED
06-04 18:27:03.212 D/IpClient.wlan0(16010): set max DTIM multiplier to 1
06-04 18:27:03.213 D/ConnectivityService(15731): Adding iface wlan0 to network 100
06-04 18:27:03.214 E/Netd (15609): no such netId 100
06-04 18:27:03.216 D/CompatibilityChangeReporter(15731): Compat change id reported: 265195908; UID 10071; state: ENABLED
06-04 18:27:03.218 D/AppManager(16421): checkLocalAppsIsValid:
06-04 18:27:03.220 D/WifiHAL ( 493): Setting DTIM config , halHandle = 0xe7e01180 Multiplier = 1
06-04 18:27:03.220 I/WifiHAL ( 493): Successfully configured dtim multiplier 1
06-04 18:27:03.220 D/WifiHAL ( 493): error code -95 mapped to -3
06-04 18:27:03.221 E/WifiStaIfaceAidlImpl(15731): setDtimMultiplier failed with service-specific exception: android.os.ServiceSpecificException: (code 4)
06-04 18:27:03.221 D/CompatibilityChangeReporter(17061): Compat change id reported: 171979766; UID 10071; state: ENABLED
06-04 18:27:03.221 D/CompatibilityChangeReporter(17061): Compat change id reported: 242716250; UID 10071; state: ENABLED
06-04 18:27:03.223 E/hq (16421): ErrorCoroutineExceptionHandler:::runTry error:java.net.UnknownHostException: Unable to resolve host "ottdbui-tyapiqun7.yysh.mgtv.com": No address associated with hostname from=requestAppAdInfo
06-04 18:27:03.224 W/ConnectivityService(15731): Exception adding interface: android.os.ServiceSpecificException: Machine is not on the network (code 64)
06-04 18:27:03.224 D/CompatibilityChangeReporter(15731): Compat change id reported: 186082280; UID 1000; state: ENABLED
06-04 18:27:03.225 E/Netd (15609): no such netId 100
06-04 18:27:03.227 I/wpa_supplicant(16113): wpa_driver_nl80211_driver_cmd: wifi vendor: aml_w2_s
06-04 18:27:03.227 I/wpa_supplicant(16113): wpa_driver_nl80211_driver_cmd: wlan0: private command: BTCOEXMODE 1
06-04 18:27:03.227 I/wpa_supplicant(16113): wpa_driver_nl80211_driver_cmd: wifi vendor: aml_w2_s
06-04 18:27:03.227 I/wpa_supplicant(16113): wpa_driver_nl80211_driver_cmd: wlan0: private command: SETSUSPENDMODE 0
06-04 18:27:03.230 D/CompatibilityChangeReporter(15731): Compat change id reported: 170503758; UID 10071; state: ENABLED
06-04 18:27:03.233 W/BestClock(15731): java.time.DateTimeException: Missing network time fix
06-04 18:27:03.239 D/nativeloader(17061): Configuring clns-shared-4 for other apk /apex/com.android.rkpd/priv-app/rkpdapp@UD2A.240505.001.W1/rkpdapp.apk. target_sdk_version=34, uses_libraries=, library_path=/apex/com.android.rkpd/priv-app/rkpdapp@UD2A.240505.001.W1/lib/arm:/system/lib:/system_ext/lib, permitted_path=/data:/mnt/expand:/data/user/0/com.android.rkpdapp:/apex/com.android.rkpd/priv-app/rkpdapp@UD2A.240505.001.W1:/system/lib:/system_ext/lib
06-04 18:27:03.242 D/nativeloader(17061): InitApexLibraries:
06-04 18:27:03.242 D/nativeloader(17061): com_android_adservices: libhpke_jni.so:libtflite_support_classifiers_native.so
06-04 18:27:03.242 D/nativeloader(17061): com_android_appsearch: libicing.so
06-04 18:27:03.242 D/nativeloader(17061): com_android_art: libartservice.so
06-04 18:27:03.242 D/nativeloader(17061): com_android_btservices: libbluetooth_jni.so
06-04 18:27:03.242 D/nativeloader(17061): com_android_conscrypt: libjavacrypto.so
06-04 18:27:03.242 D/nativeloader(17061): com_android_extservices: libhpke_jni.so:libtflite_support_classifiers_native.so
06-04 18:27:03.242 D/nativeloader(17061): com_android_os_statsd: libstats_jni.so
06-04 18:27:03.242 D/nativeloader(17061): com_android_tethering: libandroid_net_connectivity_com_android_net_module_util_jni.so:libcronet.114.0.5735.84.so:libframework-connectivity-jni.so:libframework-connectivity-tiramisu-jni.so:libservice-connectivity.so
06-04 18:27:03.242 D/nativeloader(17061): com_android_uwb: libuwb_uci_jni_rust.so
06-04 18:27:03.242 D/nativeloader(17061): com_android_virt: libvirtualizationservice_jni.so:libvirtualmachine_jni.so
06-04 18:27:03.254 I/WifiHAL ( 493): call wifi_get_link_stats handler
06-04 18:27:03.254 I/WifiHAL ( 493): Creating message to get link statistics; iface = 16
06-04 18:27:03.255 D/WifiHAL ( 493): error code -95 mapped to -3
06-04 18:27:03.255 E/WifiStaIfaceAidlImpl(15731): getLinkLayerStats failed with service-specific exception: android.os.ServiceSpecificException: (code 4)
06-04 18:27:03.256 I/ActivityManager(15731): com.android.localtransport is exempt from freezer
06-04 18:27:03.257 D/CompatibilityChangeReporter(15731): Compat change id reported: 135634846; UID 1000; state: DISABLED
06-04 18:27:03.264 W/BestClock(15731): java.time.DateTimeException: Missing network time fix
06-04 18:27:03.270 V/GraphicsEnvironment(17061): Currently set values for:
06-04 18:27:03.271 V/GraphicsEnvironment(17061): angle_gl_driver_selection_pkgs=[]
06-04 18:27:03.271 V/GraphicsEnvironment(17061): angle_gl_driver_selection_values=[]
06-04 18:27:03.275 V/GraphicsEnvironment(17061): ANGLE GameManagerService for com.android.rkpdapp: false
06-04 18:27:03.275 V/GraphicsEnvironment(17061): com.android.rkpdapp is not listed in per-application setting
06-04 18:27:03.275 V/GraphicsEnvironment(17061): Neither updatable production driver nor prerelease driver is supported.
06-04 18:27:03.279 D/DhcpClient(16010): l2key: Wc1ea26d411487649 lease address: /192.168.3.4 lease expiry: 1749013991910 current time: 1749032823279
06-04 18:27:03.280 D/DhcpClient(16010): Broadcasting DHCPDISCOVER
06-04 18:27:03.287 D/WM-WrkMgrInitializer(17061): Initializing WorkManager with default configuration.
06-04 18:27:03.299 D/WM-PackageManagerHelper(17061): androidx.work.impl.background.systemjob.SystemJobService enabled
06-04 18:27:03.299 D/WM-Schedulers(17061): Created SystemJobScheduler and enabled SystemJobService
06-04 18:27:03.313 I/RkpdBootReceiver(17061): Caught boot intent, waking up.
06-04 18:27:03.315 I/ActivityManager(15731): com.android.shell is exempt from freezer
06-04 18:27:03.316 D/CompatibilityChangeReporter(15731): Compat change id reported: 135634846; UID 2000; state: DISABLED
06-04 18:27:03.316 D/CompatibilityChangeReporter(15731): Compat change id reported: 177438394; UID 2000; state: DISABLED
06-04 18:27:03.316 D/CompatibilityChangeReporter(15731): Compat change id reported: 135772972; UID 2000; state: DISABLED
06-04 18:27:03.316 D/CompatibilityChangeReporter(15731): Compat change id reported: 135754954; UID 2000; state: ENABLED
06-04 18:27:03.339 D/Zygote (15605): Forked child process 17090
06-04 18:27:03.340 W/ActivityManager(15731): Slow operation: 85ms so far, now at startProcess: returned from zygote!
06-04 18:27:03.341 W/ActivityManager(15731): Slow operation: 85ms so far, now at startProcess: done updating battery stats
06-04 18:27:03.341 W/ActivityManager(15731): Slow operation: 85ms so far, now at startProcess: building log message
06-04 18:27:03.341 I/ActivityManager(15731): Start proc 17090:com.android.localtransport/1000 for service {com.android.localtransport/com.android.localtransport.LocalTransportService}
06-04 18:27:03.341 W/ActivityManager(15731): Slow operation: 85ms so far, now at startProcess: starting to update pids map
06-04 18:27:03.341 W/ActivityManager(15731): Slow operation: 86ms so far, now at startProcess: done updating pids map
06-04 18:27:03.347 I/Zygote (17090): seccomp disabled by setenforce 0
06-04 18:27:03.356 I/.localtransport(17090): Using CollectorTypeCC GC.
06-04 18:27:03.363 W/ServiceManagerCppClient(15825): Waited one second for android.hardware.tv.tuner.ITuner/default (is service started? Number of threads started in the threadpool: 0. Are binder threads started and available?)
06-04 18:27:03.365 I/RkpdBootReceiver(17061): Queueing a one-time provisioning job for widevine provisioning.
06-04 18:27:03.370 D/Zygote (15605): Forked child process 17100
06-04 18:27:03.370 W/ActivityManager(15731): Slow operation: 55ms so far, now at startProcess: returned from zygote!
06-04 18:27:03.370 W/ActivityManager(15731): Slow operation: 55ms so far, now at startProcess: done updating battery stats
06-04 18:27:03.370 E/.localtransport(17090): Not starting debugger since process cannot load the jdwp agent.
06-04 18:27:03.371 W/ActivityManager(15731): Slow operation: 55ms so far, now at startProcess: building log message
06-04 18:27:03.371 I/ActivityManager(15731): Start proc 17100:com.android.shell/2000 for broadcast {com.android.shell/com.android.shell.HeapDumpReceiver}
06-04 18:27:03.371 W/ActivityManager(15731): Slow operation: 55ms so far, now at startProcess: starting to update pids map
06-04 18:27:03.371 W/ActivityManager(15731): Slow operation: 55ms so far, now at startProcess: done updating pids map
06-04 18:27:03.377 I/Zygote (17100): seccomp disabled by setenforce 0
06-04 18:27:03.383 W/libc ( 232): Unable to set property "ctl.interface_start" to "aidl/android.hardware.tv.tuner.ITuner/default": error code: 0x20
06-04 18:27:03.383 I/m.android.shell(17100): Using CollectorTypeCC GC.
06-04 18:27:03.389 E/m.android.shell(17100): Not starting debugger since process cannot load the jdwp agent.
06-04 18:27:03.402 D/CompatibilityChangeReporter(15731): Compat change id reported: 168419799; UID 1000; state: DISABLED
06-04 18:27:03.402 D/CompatibilityChangeReporter(15731): Compat change id reported: 273564678; UID 1000; state: DISABLED
06-04 18:27:03.422 D/CompatibilityChangeReporter(17090): Compat change id reported: 171979766; UID 1000; state: ENABLED
06-04 18:27:03.422 D/CompatibilityChangeReporter(17090): Compat change id reported: 242716250; UID 1000; state: ENABLED
06-04 18:27:03.429 D/CompatibilityChangeReporter(15731): Compat change id reported: 168419799; UID 2000; state: DISABLED
06-04 18:27:03.430 D/CompatibilityChangeReporter(15731): Compat change id reported: 273564678; UID 2000; state: DISABLED
06-04 18:27:03.435 D/CompatibilityChangeReporter(17100): Compat change id reported: 171979766; UID 2000; state: ENABLED
06-04 18:27:03.435 D/CompatibilityChangeReporter(17100): Compat change id reported: 242716250; UID 2000; state: ENABLED
06-04 18:27:03.439 D/CompatibilityChangeReporter(15731): Compat change id reported: 265195908; UID 2000; state: ENABLED
06-04 18:27:03.446 D/nativeloader(17100): Configuring clns-shared-4 for other apk /system/priv-app/Shell/Shell.apk. target_sdk_version=34, uses_libraries=, library_path=/system/priv-app/Shell/lib/arm:/system/lib:/system_ext/lib, permitted_path=/data:/mnt/expand:/data/user_de/0/com.android.shell:/system/priv-app/Shell:/system/lib:/system_ext/lib
06-04 18:27:03.451 D/nativeloader(17090): Configuring clns-shared-4 for other apk /system/priv-app/LocalTransport/LocalTransport.apk. target_sdk_version=34, uses_libraries=, library_path=/system/priv-app/LocalTransport/lib/arm:/system/priv-app/LocalTransport/LocalTransport.apk!/lib/armeabi-v7a:/system/lib:/system_ext/lib, permitted_path=/data:/mnt/expand:/data/user/0/com.android.localtransport:/system/priv-app/LocalTransport:/system/lib:/system_ext/lib
06-04 18:27:03.478 D/aaa (16457): LedStatusService onStartCommand begin
06-04 18:27:03.478 D/AppManager(16421): checkLocalAppsIsValid: size
06-04 18:27:03.478 D/AppManager(16421): AppManager resetData:
06-04 18:27:03.479 D/aaa (16457): topPkg is -------------- :com.dangbei.leard.leradlauncher
06-04 18:27:03.486 V/GraphicsEnvironment(17100): Currently set values for:
06-04 18:27:03.486 V/GraphicsEnvironment(17100): angle_gl_driver_selection_pkgs=[]
06-04 18:27:03.486 V/GraphicsEnvironment(17100): angle_gl_driver_selection_values=[]
06-04 18:27:03.486 V/GraphicsEnvironment(17100): ANGLE GameManagerService for com.android.shell: false
06-04 18:27:03.486 V/GraphicsEnvironment(17100): com.android.shell is not listed in per-application setting
06-04 18:27:03.487 V/GraphicsEnvironment(17100): Neither updatable production driver nor prerelease driver is supported.
06-04 18:27:03.489 V/GraphicsEnvironment(17090): Currently set values for:
06-04 18:27:03.489 V/GraphicsEnvironment(17090): angle_gl_driver_selection_pkgs=[]
06-04 18:27:03.489 V/GraphicsEnvironment(17090): angle_gl_driver_selection_values=[]
06-04 18:27:03.489 V/GraphicsEnvironment(17090): ANGLE GameManagerService for com.android.localtransport: false
06-04 18:27:03.489 V/GraphicsEnvironment(17090): com.android.localtransport is not listed in per-application setting
06-04 18:27:03.490 V/GraphicsEnvironment(17090): Neither updatable production driver nor prerelease driver is supported.
06-04 18:27:03.494 E/xxxxxxxxxxxxxxx(16421): onReceive: true , configuration = {1.0 ?mcc0mnc [zh_CN] ldltr sw720dp w1280dp h720dp 240dpi xlrg long land television -touch qwerty/v/v dpad/v winConfig={ mBounds=Rect(0, 0 - 1920, 1080) mAppBounds=Rect(0, 0 - 1920, 1080) mMaxBounds=Rect(0, 0 - 1920, 1080) mDisplayRotation=ROTATION_0 mWindowingMode=fullscreen mDisplayWindowingMode=fullscreen mActivityType=undefined mAlwaysOnTop=undefined mRotation=ROTATION_0} s.6 fontWeightAdjustment=0}
06-04 18:27:03.495 E/xxxxxxxxxxxxxxx(16421): isScreenSizeChange=false app onConfigurationChanged={1.0 ?mcc0mnc [zh_CN] ldltr sw720dp w1280dp h720dp 240dpi xlrg long land television -touch qwerty/v/v dpad/v winConfig={ mBounds=Rect(0, 0 - 1920, 1080) mAppBounds=Rect(0, 0 - 1920, 1080) mMaxBounds=Rect(0, 0 - 1920, 1080) mDisplayRotation=ROTATION_0 mWindowingMode=fullscreen mDisplayWindowingMode=fullscreen mActivityType=undefined mAlwaysOnTop=undefined mRotation=ROTATION_0} s.6 fontWeightAdjustment=0}
06-04 18:27:03.503 D/CompatibilityChangeReporter(15731): Compat change id reported: 135634846; UID 10026; state: DISABLED
06-04 18:27:03.504 D/CompatibilityChangeReporter(15731): Compat change id reported: 177438394; UID 10026; state: DISABLED
06-04 18:27:03.504 D/CompatibilityChangeReporter(15731): Compat change id reported: 135772972; UID 10026; state: DISABLED
06-04 18:27:03.504 D/CompatibilityChangeReporter(15731): Compat change id reported: 135754954; UID 10026; state: DISABLED
06-04 18:27:03.505 D/CompatibilityChangeReporter(15731): Compat change id reported: 143937733; UID 10026; state: DISABLED
06-04 18:27:03.518 I/TransportConnection(15731): LocalTransportService#0: Notifying [TransportManager.registerTransport()] transport = BackupTransportClient
06-04 18:27:03.519 D/HeapDumpReceiver(17100): onReceive(): Intent { act=android.intent.action.BOOT_COMPLETED flg=0x89000010 cmp=com.android.shell/.HeapDumpReceiver (has extras) }
06-04 18:27:03.521 D/Zygote (15605): Forked child process 17136
06-04 18:27:03.522 I/ActivityManager(15731): Start proc 17136:com.android.statementservice/u0a26 for broadcast {com.android.statementservice/com.android.statementservice.domain.BootCompletedReceiver}
06-04 18:27:03.528 I/Zygote (17136): seccomp disabled by setenforce 0
06-04 18:27:03.529 D/HeapDumpReceiver(17100): Deleting from /data/user_de/0/com.android.shell/files/heapdumps
06-04 18:27:03.535 D/BackupTransportManager(15731): [UserID:0] Transport com.android.localtransport/.LocalTransportService registered
06-04 18:27:03.535 D/BackupManagerService(15731): [UserID:0] Transport com.android.localtransport/.LocalTransport registered 3305ms after first request (delay = 3000ms)
06-04 18:27:03.537 I/tatementservice(17136): Using CollectorTypeCC GC.
06-04 18:27:03.538 I/BackupManagerService(15731): [UserID:0] Found 10 stale backup journal(s), scheduling.
06-04 18:27:03.539 V/BackupManagerConstants(15731): getKeyValueBackupIntervalMilliseconds(...) returns 14400000
06-04 18:27:03.540 V/BackupManagerConstants(15731): getKeyValueBackupFuzzMilliseconds(...) returns 600000
06-04 18:27:03.540 V/BackupManagerConstants(15731): getKeyValueBackupRequiredNetworkType(...) returns 1
06-04 18:27:03.540 V/BackupManagerConstants(15731): getKeyValueBackupRequireCharging(...) returns true
06-04 18:27:03.541 D/CompatibilityChangeReporter(17061): Compat change id reported: 160794467; UID 10071; state: ENABLED
06-04 18:27:03.542 V/KeyValueBackupJob(15731): Scheduling k/v pass in 241 minutes
06-04 18:27:03.544 D/CompatibilityChangeReporter(15731): Compat change id reported: 271850009; UID 1000; state: ENABLED
06-04 18:27:03.545 D/CompatibilityChangeReporter(15731): Compat change id reported: 271850009; UID 1000; state: DISABLED
06-04 18:27:03.549 E/tatementservice(17136): Not starting debugger since process cannot load the jdwp agent.
06-04 18:27:03.550 D/CompatibilityChangeReporter(15731): Compat change id reported: 253665015; UID 1000; state: ENABLED
06-04 18:27:03.551 D/CompatibilityChangeReporter(15731): Compat change id reported: 253665015; UID 1000; state: DISABLED
06-04 18:27:03.552 D/CompatibilityChangeReporter(15731): Compat change id reported: 194532703; UID 1000; state: ENABLED
06-04 18:27:03.553 D/CompatibilityChangeReporter(15731): Compat change id reported: 194532703; UID 1000; state: DISABLED
06-04 18:27:03.563 D/CompatibilityChangeReporter(15731): Compat change id reported: 168419799; UID 10026; state: DISABLED
06-04 18:27:03.564 D/CompatibilityChangeReporter(15731): Compat change id reported: 273564678; UID 10026; state: DISABLED
06-04 18:27:03.564 D/DhcpClient(16010): Received packet: 1c:79:2d:20:62:cb OFFER, ip /192.168.3.180, mask /255.255.254.0, DNS servers: /202.96.134.133 /202.96.128.166 , gateways [/192.168.3.1], lease time 3600, domain null
06-04 18:27:03.566 D/DhcpClient(16010): Got pending lease: com.android.networkstack.android.net.DhcpResults@b50208eb DHCP server /192.168.3.1 Vendor info null lease 3600 seconds Servername
06-04 18:27:03.568 D/CompatibilityChangeReporter(15731): Compat change id reported: 265195908; UID 10026; state: ENABLED
06-04 18:27:03.571 D/DhcpClient(16010): Broadcasting DHCPREQUEST ciaddr=0.0.0.0 request=192.168.3.180 serverid=192.168.3.1
06-04 18:27:03.574 I/BackupManagerService(15731): [UserID:0] Stale backup journals: Scheduled 6 package(s) total
06-04 18:27:03.581 D/CompatibilityChangeReporter(17136): Compat change id reported: 171979766; UID 10026; state: DISABLED
