06-04 18:26:59.330 V/NearbyService(15731): Initiating BluetoothAdapter when Bluetooth is turned on.
06-04 18:26:59.330 E/WifiStaIfaceAidlImpl(15731): getLinkLayerStats failed with service-specific exception: android.os.ServiceSpecificException: (code 4)
06-04 18:26:59.330 D/BluetoothAdapter(15731): getActiveDevices(profile= A2DP)
06-04 18:26:59.331 D/BluetoothHeadset(15731): Proxy object connected
06-04 18:26:59.333 E/WifiScoringParams(15731): Invalid frequency(-1), using 5G as default rssi array
06-04 18:26:59.334 D/xm_audio(15619): adev_get_parameters
06-04 18:26:59.338 W/ServiceManagerCppClient(15825): Waited one second for android.hardware.tv.tuner.ITuner/default (is service started? Number of threads started in the threadpool: 0. Are binder threads started and available?)
06-04 18:26:59.338 D/BluetoothHearingAid(15731): Proxy object connected
06-04 18:26:59.338 D/WifiNetworkFactory(15731): got request NetworkRequest [ REQUEST id=16, [ Capabilities: INTERNET&NOT_RESTRICTED&TRUSTED&NOT_VCN_MANAGED Uid: 1073 RequestorUid: 1073 RequestorPkg: com.android.networkstack UnderlyingNetworks: Null] ]
06-04 18:26:59.338 D/WifiNetworkFactory(15731): got request NetworkRequest [ REQUEST id=7, [ Capabilities: INTERNET&NOT_RESTRICTED&TRUSTED&NOT_VCN_MANAGED Uid: 1000 RequestorUid: 1000 RequestorPkg: android UnderlyingNetworks: Null] ]
06-04 18:26:59.338 D/WifiNetworkFactory(15731): got request NetworkRequest [ REQUEST id=31, [ Capabilities: INTERNET&NOT_RESTRICTED&TRUSTED&NOT_VCN_MANAGED Uid: 10052 RequestorUid: 10052 RequestorPkg: com.android.systemui UnderlyingNetworks: Null] ]
06-04 18:26:59.338 D/WifiNetworkFactory(15731): got request NetworkRequest [ REQUEST id=22, [ Capabilities: INTERNET&NOT_RESTRICTED&TRUSTED&NOT_VCN_MANAGED Uid: 10052 RequestorUid: 10052 RequestorPkg: com.android.systemui UnderlyingNetworks: Null] ]
06-04 18:26:59.338 D/WifiNetworkFactory(15731): got request NetworkRequest [ REQUEST id=24, [ Capabilities: INTERNET&NOT_RESTRICTED&TRUSTED&NOT_VCN_MANAGED Uid: 10052 RequestorUid: 10052 RequestorPkg: com.android.systemui UnderlyingNetworks: Null] ]
06-04 18:26:59.338 D/WifiNetworkFactory(15731): got request NetworkRequest [ REQUEST id=1, [ Capabilities: INTERNET&NOT_RESTRICTED&TRUSTED&NOT_VPN&NOT_VCN_MANAGED RequestorUid: 1000 RequestorPkg: android UnderlyingNetworks: Null] ]
06-04 18:26:59.338 D/WifiNetworkFactory(15731): got request NetworkRequest [ REQUEST id=26, [ Capabilities: INTERNET&NOT_RESTRICTED&TRUSTED&NOT_VCN_MANAGED Uid: 10052 RequestorUid: 10052 RequestorPkg: com.android.systemui UnderlyingNetworks: Null] ]
06-04 18:26:59.338 D/UntrustedWifiNetworkFactory(15731): got request NetworkRequest [ REQUEST id=14, [ Capabilities: INTERNET&NOT_RESTRICTED&TRUSTED&NOT_VCN_MANAGED Uid: 1000 RequestorUid: 1000 RequestorPkg: android UnderlyingNetworks: Null] ]
06-04 18:26:59.338 I/BluetoothAdapterService(16024): getActiveDevices: A2dp device: null
06-04 18:26:59.338 D/UntrustedWifiNetworkFactory(15731): got request NetworkRequest [ REQUEST id=16, [ Capabilities: INTERNET&NOT_RESTRICTED&TRUSTED&NOT_VCN_MANAGED Uid: 1073 RequestorUid: 1073 RequestorPkg: com.android.networkstack UnderlyingNetworks: Null] ]
06-04 18:26:59.338 D/UntrustedWifiNetworkFactory(15731): got request NetworkRequest [ REQUEST id=7, [ Capabilities: INTERNET&NOT_RESTRICTED&TRUSTED&NOT_VCN_MANAGED Uid: 1000 RequestorUid: 1000 RequestorPkg: android UnderlyingNetworks: Null] ]
06-04 18:26:59.338 D/UntrustedWifiNetworkFactory(15731): got request NetworkRequest [ REQUEST id=31, [ Capabilities: INTERNET&NOT_RESTRICTED&TRUSTED&NOT_VCN_MANAGED Uid: 10052 RequestorUid: 10052 RequestorPkg: com.android.systemui UnderlyingNetworks: Null] ]
06-04 18:26:59.338 D/UntrustedWifiNetworkFactory(15731): got request NetworkRequest [ REQUEST id=22, [ Capabilities: INTERNET&NOT_RESTRICTED&TRUSTED&NOT_VCN_MANAGED Uid: 10052 RequestorUid: 10052 RequestorPkg: com.android.systemui UnderlyingNetworks: Null] ]
06-04 18:26:59.338 D/UntrustedWifiNetworkFactory(15731): got request NetworkRequest [ REQUEST id=24, [ Capabilities: INTERNET&NOT_RESTRICTED&TRUSTED&NOT_VCN_MANAGED Uid: 10052 RequestorUid: 10052 RequestorPkg: com.android.systemui UnderlyingNetworks: Null] ]
06-04 18:26:59.338 D/UntrustedWifiNetworkFactory(15731): got request NetworkRequest [ REQUEST id=1, [ Capabilities: INTERNET&NOT_RESTRICTED&TRUSTED&NOT_VPN&NOT_VCN_MANAGED RequestorUid: 1000 RequestorPkg: android UnderlyingNetworks: Null] ]
06-04 18:26:59.339 D/UntrustedWifiNetworkFactory(15731): got request NetworkRequest [ REQUEST id=26, [ Capabilities: INTERNET&NOT_RESTRICTED&TRUSTED&NOT_VCN_MANAGED Uid: 10052 RequestorUid: 10052 RequestorPkg: com.android.systemui UnderlyingNetworks: Null] ]
06-04 18:26:59.339 D/OemPaidWifiNetworkFactory(15731): got request NetworkRequest [ REQUEST id=14, [ Capabilities: INTERNET&NOT_RESTRICTED&TRUSTED&NOT_VCN_MANAGED Uid: 1000 RequestorUid: 1000 RequestorPkg: android UnderlyingNetworks: Null] ]
06-04 18:26:59.339 D/OemPaidWifiNetworkFactory(15731): got request NetworkRequest [ REQUEST id=16, [ Capabilities: INTERNET&NOT_RESTRICTED&TRUSTED&NOT_VCN_MANAGED Uid: 1073 RequestorUid: 1073 RequestorPkg: com.android.networkstack UnderlyingNetworks: Null] ]
06-04 18:26:59.339 D/OemPaidWifiNetworkFactory(15731): got request NetworkRequest [ REQUEST id=7, [ Capabilities: INTERNET&NOT_RESTRICTED&TRUSTED&NOT_VCN_MANAGED Uid: 1000 RequestorUid: 1000 RequestorPkg: android UnderlyingNetworks: Null] ]
06-04 18:26:59.339 D/OemPaidWifiNetworkFactory(15731): got request NetworkRequest [ REQUEST id=31, [ Capabilities: INTERNET&NOT_RESTRICTED&TRUSTED&NOT_VCN_MANAGED Uid: 10052 RequestorUid: 10052 RequestorPkg: com.android.systemui UnderlyingNetworks: Null] ]
06-04 18:26:59.339 D/OemPaidWifiNetworkFactory(15731): got request NetworkRequest [ REQUEST id=22, [ Capabilities: INTERNET&NOT_RESTRICTED&TRUSTED&NOT_VCN_MANAGED Uid: 10052 RequestorUid: 10052 RequestorPkg: com.android.systemui UnderlyingNetworks: Null] ]
06-04 18:26:59.339 D/OemPaidWifiNetworkFactory(15731): got request NetworkRequest [ REQUEST id=24, [ Capabilities: INTERNET&NOT_RESTRICTED&TRUSTED&NOT_VCN_MANAGED Uid: 10052 RequestorUid: 10052 RequestorPkg: com.android.systemui UnderlyingNetworks: Null] ]
06-04 18:26:59.339 D/OemPaidWifiNetworkFactory(15731): got request NetworkRequest [ REQUEST id=1, [ Capabilities: INTERNET&NOT_RESTRICTED&TRUSTED&NOT_VPN&NOT_VCN_MANAGED RequestorUid: 1000 RequestorPkg: android UnderlyingNetworks: Null] ]
06-04 18:26:59.339 D/BluetoothHearingAid(15731): Proxy object connected
06-04 18:26:59.339 D/BluetoothHearingAid(15731): Proxy object connected
06-04 18:26:59.341 D/BluetoothHearingAid(15915): Proxy object connected
06-04 18:26:59.341 D/OemPaidWifiNetworkFactory(15731): got request NetworkRequest [ REQUEST id=26, [ Capabilities: INTERNET&NOT_RESTRICTED&TRUSTED&NOT_VCN_MANAGED Uid: 10052 RequestorUid: 10052 RequestorPkg: com.android.systemui UnderlyingNetworks: Null] ]
06-04 18:26:59.342 D/xm_audio(15619): adev_get_parameters
06-04 18:26:59.342 D/MultiInternetWifiNetworkFactory(15731): got request NetworkRequest [ REQUEST id=14, [ Capabilities: INTERNET&NOT_RESTRICTED&TRUSTED&NOT_VCN_MANAGED Uid: 1000 RequestorUid: 1000 RequestorPkg: android UnderlyingNetworks: Null] ]
06-04 18:26:59.342 D/MultiInternetWifiNetworkFactory(15731): got request NetworkRequest [ REQUEST id=16, [ Capabilities: INTERNET&NOT_RESTRICTED&TRUSTED&NOT_VCN_MANAGED Uid: 1073 RequestorUid: 1073 RequestorPkg: com.android.networkstack UnderlyingNetworks: Null] ]
06-04 18:26:59.342 D/MultiInternetWifiNetworkFactory(15731): got request NetworkRequest [ REQUEST id=7, [ Capabilities: INTERNET&NOT_RESTRICTED&TRUSTED&NOT_VCN_MANAGED Uid: 1000 RequestorUid: 1000 RequestorPkg: android UnderlyingNetworks: Null] ]
06-04 18:26:59.342 D/MultiInternetWifiNetworkFactory(15731): got request NetworkRequest [ REQUEST id=31, [ Capabilities: INTERNET&NOT_RESTRICTED&TRUSTED&NOT_VCN_MANAGED Uid: 10052 RequestorUid: 10052 RequestorPkg: com.android.systemui UnderlyingNetworks: Null] ]
06-04 18:26:59.342 D/MultiInternetWifiNetworkFactory(15731): got request NetworkRequest [ REQUEST id=22, [ Capabilities: INTERNET&NOT_RESTRICTED&TRUSTED&NOT_VCN_MANAGED Uid: 10052 RequestorUid: 10052 RequestorPkg: com.android.systemui UnderlyingNetworks: Null] ]
06-04 18:26:59.343 D/MultiInternetWifiNetworkFactory(15731): got request NetworkRequest [ REQUEST id=24, [ Capabilities: INTERNET&NOT_RESTRICTED&TRUSTED&NOT_VCN_MANAGED Uid: 10052 RequestorUid: 10052 RequestorPkg: com.android.systemui UnderlyingNetworks: Null] ]
06-04 18:26:59.343 D/MultiInternetWifiNetworkFactory(15731): got request NetworkRequest [ REQUEST id=1, [ Capabilities: INTERNET&NOT_RESTRICTED&TRUSTED&NOT_VPN&NOT_VCN_MANAGED RequestorUid: 1000 RequestorPkg: android UnderlyingNetworks: Null] ]
06-04 18:26:59.343 D/MultiInternetWifiNetworkFactory(15731): got request NetworkRequest [ REQUEST id=26, [ Capabilities: INTERNET&NOT_RESTRICTED&TRUSTED&NOT_VCN_MANAGED Uid: 10052 RequestorUid: 10052 RequestorPkg: com.android.systemui UnderlyingNetworks: Null] ]
06-04 18:26:59.344 D/xm_audio(15619): adev_get_parameters
06-04 18:26:59.346 D/BluetoothAdapter(15731): getActiveDevices(profile= HEARING_AID)
06-04 18:26:59.346 D/BluetoothAdapter(15731): getActiveDevices(profile= HEADSET)
06-04 18:26:59.349 I/BluetoothAdapterService(16024): getActiveDevices: Hearing Aid devices: Left[null] - Right[null]
06-04 18:26:59.350 D/xm_audio(15619): adev_get_parameters
06-04 18:26:59.351 D/LocalBluetoothProfileManager(15915): Current Profiles[]
06-04 18:26:59.351 D/LocalBluetoothProfileManager(15915): New Profiles[HID]
06-04 18:26:59.352 D/CachedBluetoothDevice(15915): updating profiles for XX:XX:XX:XX:C0:7A
06-04 18:26:59.352 D/xm_audio(15619): adev_get_parameters
06-04 18:26:59.352 I/BluetoothAdapterService(16024): getActiveDevices: Headset device: null
06-04 18:26:59.353 I/AS.BtHelper(15731): onSetBtScoActiveDevice: (null) -> (null)
06-04 18:26:59.355 D/WifiConfigStore(15731): Writing to stores completed in 7 ms.
06-04 18:26:59.357 D/InstantWifi(15731): Drop, size: 0
06-04 18:26:59.360 W/libc ( 232): Unable to set property "ctl.interface_start" to "aidl/android.hardware.tv.tuner.ITuner/default": error code: 0x20
06-04 18:26:59.361 D/xm_audio(15619): adev_get_parameters
06-04 18:26:59.363 D/xm_audio(15619): adev_get_parameters
06-04 18:26:59.363 D/WifiConfigStore(15731): Writing to stores completed in 5 ms.
06-04 18:26:59.363 I/wpa_supplicant(16113): wpa_driver_nl80211_driver_cmd: wifi vendor: aml_w2_s
06-04 18:26:59.363 I/wpa_supplicant(16113): wpa_driver_nl80211_driver_cmd: wlan0: private command: BTCOEXSCAN-STOP
06-04 18:26:59.366 D/BluetoothA2dp(15915): Proxy object connected
06-04 18:26:59.369 D/xm_audio(15619): adev_get_parameters
06-04 18:26:59.370 D/xm_audio(15619): adev_get_parameters
06-04 18:26:59.375 D/xm_audio(15619): adev_get_parameters
06-04 18:26:59.377 D/xm_audio(15619): adev_get_parameters
06-04 18:26:59.379 I/vol.Events(15915): writeEvent level_changed STREAM_ALARM 35
06-04 18:26:59.383 D/BluetoothAdapter(15915): getActiveDevices(profile= A2DP)
06-04 18:26:59.385 I/BluetoothAdapterService(16024): getActiveDevices: A2dp device: null
06-04 18:26:59.385 D/BluetoothAdapter(15915): getActiveDevices(profile= HEADSET)
06-04 18:26:59.387 I/BluetoothAdapterService(16024): getActiveDevices: Headset device: null
06-04 18:26:59.387 D/BluetoothAdapter(15915): getActiveDevices(profile= HEARING_AID)
06-04 18:26:59.388 D/xm_audio(15619): adev_get_parameters
06-04 18:26:59.389 I/BluetoothAdapterService(16024): getActiveDevices: Hearing Aid devices: Left[null] - Right[null]
06-04 18:26:59.389 D/xm_audio(15619): adev_get_parameters
06-04 18:26:59.394 D/xm_audio(15619): adev_get_parameters
06-04 18:26:59.396 D/xm_audio(15619): adev_get_parameters
06-04 18:26:59.398 D/BluetoothHeadset(15915): Proxy object connected
06-04 18:26:59.399 D/xm_audio(15619): adev_get_parameters
06-04 18:26:59.400 D/xm_audio(15619): adev_get_parameters
06-04 18:26:59.405 D/xm_audio(15619): adev_get_parameters
06-04 18:26:59.406 D/BluetoothHidHost(15915): Proxy object connected
06-04 18:26:59.406 D/xm_audio(15619): adev_get_parameters
06-04 18:26:59.411 D/xm_audio(15619): adev_get_parameters
06-04 18:26:59.412 D/xm_audio(15619): adev_get_parameters
06-04 18:26:59.415 D/BluetoothPan(15915): Proxy object connected
06-04 18:26:59.416 D/xm_audio(15619): adev_get_parameters
06-04 18:26:59.417 D/xm_audio(15619): adev_get_parameters
06-04 18:26:59.420 D/xm_audio(15619): adev_get_parameters
06-04 18:26:59.421 D/xm_audio(15619): adev_get_parameters
06-04 18:26:59.425 D/xm_audio(15619): adev_get_parameters
06-04 18:26:59.426 D/xm_audio(15619): adev_get_parameters
06-04 18:26:59.430 D/xm_audio(15619): adev_get_parameters
06-04 18:26:59.431 D/xm_audio(15619): adev_get_parameters
06-04 18:26:59.435 D/xm_audio(15619): adev_get_parameters
06-04 18:26:59.436 D/xm_audio(15619): adev_get_parameters
06-04 18:26:59.441 D/xm_audio(15619): adev_get_parameters
06-04 18:26:59.442 D/xm_audio(15619): adev_get_parameters
06-04 18:26:59.446 D/xm_audio(15619): adev_get_parameters
06-04 18:26:59.448 D/xm_audio(15619): adev_get_parameters
06-04 18:26:59.452 D/xm_audio(15619): adev_get_parameters
06-04 18:26:59.453 D/xm_audio(15619): adev_get_parameters
06-04 18:26:59.458 D/xm_audio(15619): adev_get_parameters
06-04 18:26:59.459 D/xm_audio(15619): adev_get_parameters
06-04 18:26:59.462 D/xm_audio(15619): adev_get_parameters
06-04 18:26:59.463 D/xm_audio(15619): adev_get_parameters
06-04 18:26:59.467 D/xm_audio(15619): adev_get_parameters
06-04 18:26:59.468 D/xm_audio(15619): adev_get_parameters
06-04 18:26:59.472 D/xm_audio(15619): adev_get_parameters
06-04 18:26:59.473 D/xm_audio(15619): adev_get_parameters
06-04 18:26:59.477 D/xm_audio(15619): adev_get_parameters
06-04 18:26:59.478 D/xm_audio(15619): adev_get_parameters
06-04 18:26:59.481 D/xm_audio(15619): adev_get_parameters
06-04 18:26:59.482 D/xm_audio(15619): adev_get_parameters
06-04 18:26:59.485 D/xm_audio(15619): adev_get_parameters
06-04 18:26:59.486 D/xm_audio(15619): adev_get_parameters
06-04 18:26:59.489 I/vol.Events(15915): writeEvent level_changed STREAM_BLUETOOTH_SCO 7
06-04 18:26:59.492 D/xm_audio(15619): adev_get_parameters
06-04 18:26:59.493 D/xm_audio(15619): adev_get_parameters
06-04 18:26:59.497 D/xm_audio(15619): adev_get_parameters
06-04 18:26:59.498 D/xm_audio(15619): adev_get_parameters
06-04 18:26:59.501 D/xm_audio(15619): adev_get_parameters
06-04 18:26:59.502 D/xm_audio(15619): adev_get_parameters
06-04 18:26:59.506 D/xm_audio(15619): adev_get_parameters
06-04 18:26:59.507 D/xm_audio(15619): adev_get_parameters
06-04 18:26:59.510 D/xm_audio(15619): adev_get_parameters
06-04 18:26:59.511 D/xm_audio(15619): adev_get_parameters
06-04 18:26:59.515 D/xm_audio(15619): adev_get_parameters
06-04 18:26:59.516 D/xm_audio(15619): adev_get_parameters
06-04 18:26:59.520 D/xm_audio(15619): adev_get_parameters
06-04 18:26:59.521 D/xm_audio(15619): adev_get_parameters
06-04 18:26:59.524 D/xm_audio(15619): adev_get_parameters
06-04 18:26:59.525 D/xm_audio(15619): adev_get_parameters
06-04 18:26:59.529 D/xm_audio(15619): adev_get_parameters
06-04 18:26:59.530 D/xm_audio(15619): adev_get_parameters
06-04 18:26:59.533 D/xm_audio(15619): adev_get_parameters
06-04 18:26:59.534 D/xm_audio(15619): adev_get_parameters
06-04 18:26:59.539 D/xm_audio(15619): adev_get_parameters
06-04 18:26:59.540 D/xm_audio(15619): adev_get_parameters
06-04 18:26:59.543 D/xm_audio(15619): adev_get_parameters
06-04 18:26:59.544 D/xm_audio(15619): adev_get_parameters
06-04 18:26:59.547 D/xm_audio(15619): adev_get_parameters
06-04 18:26:59.548 D/xm_audio(15619): adev_get_parameters
06-04 18:26:59.551 D/xm_audio(15619): adev_get_parameters
06-04 18:26:59.552 D/xm_audio(15619): adev_get_parameters
06-04 18:26:59.555 D/xm_audio(15619): adev_get_parameters
06-04 18:26:59.556 D/xm_audio(15619): adev_get_parameters
06-04 18:26:59.560 D/xm_audio(15619): adev_get_parameters
06-04 18:26:59.560 D/xm_audio(15619): adev_get_parameters
06-04 18:26:59.564 D/xm_audio(15619): adev_get_parameters
06-04 18:26:59.565 D/xm_audio(15619): adev_get_parameters
06-04 18:26:59.568 D/xm_audio(15619): adev_get_parameters
06-04 18:26:59.569 D/xm_audio(15619): adev_get_parameters
06-04 18:26:59.573 D/xm_audio(15619): adev_get_parameters
06-04 18:26:59.574 D/xm_audio(15619): adev_get_parameters
06-04 18:26:59.577 D/xm_audio(15619): adev_get_parameters
06-04 18:26:59.578 D/xm_audio(15619): adev_get_parameters
06-04 18:26:59.583 D/xm_audio(15619): adev_get_parameters
06-04 18:26:59.586 D/xm_audio(15619): adev_get_parameters
06-04 18:26:59.590 D/xm_audio(15619): adev_get_parameters
06-04 18:26:59.594 D/xm_audio(15619): adev_get_parameters
06-04 18:26:59.596 D/xm_audio(15619): adev_get_parameters
06-04 18:26:59.599 D/xm_audio(15619): adev_get_parameters
06-04 18:26:59.602 D/xm_audio(15619): adev_get_parameters
06-04 18:26:59.605 D/xm_audio(15619): adev_get_parameters
06-04 18:26:59.609 D/xm_audio(15619): adev_get_parameters
06-04 18:26:59.611 I/vol.Events(15915): writeEvent external_ringer_mode_changed normal
06-04 18:26:59.611 I/vol.Events(15915): writeEvent zen_mode_config_changed [disallowAlarms=false disallowMedia=false disallowSystem=true disallowRinger=false]
06-04 18:26:59.613 D/xm_audio(15619): adev_get_parameters
06-04 18:26:59.617 D/xm_audio(15619): adev_get_parameters
06-04 18:26:59.620 D/AudioService(15731): Master mono false
06-04 18:26:59.622 D/AudioService(15731): Master balance 0.000000
06-04 18:26:59.623 D/AudioService(15731): Master mono false
06-04 18:26:59.623 D/AudioService(15731): Master balance 0.000000
06-04 18:26:59.636 I/libperfmgr( 478): Hint type not present in actions: DISPLAY_UPDATE_IMMINENT
06-04 18:26:59.636 I/android.hardware.power-service.libperfmgr( 478): Power boost DISPLAY_UPDATE_IMMINENT isBoostSupported: 0
06-04 18:26:59.642 D/CompatibilityChangeReporter(15731): Compat change id reported: 214016041; UID 1000; state: DISABLED
06-04 18:26:59.642 D/CompatibilityChangeReporter(15731): Compat change id reported: 214016041; UID 1000; state: ENABLED
06-04 18:26:59.644 I/ImeTracker(15731): com.android.tv.settings:f904eb6b: onRequestHide at ORIGIN_SERVER_HIDE_INPUT reason HIDE_UNSPECIFIED_WINDOW
06-04 18:26:59.644 I/ImeTracker(15731): com.android.tv.settings:f904eb6b: onCancelled at PHASE_SERVER_SHOULD_HIDE
06-04 18:26:59.648 D/CompatibilityChangeReporter(15731): Compat change id reported: 135634846; UID 10039; state: DISABLED
06-04 18:26:59.649 D/CompatibilityChangeReporter(15731): Compat change id reported: 143937733; UID 10039; state: DISABLED
06-04 18:26:59.652 I/Zygote (15605): Entering forkRepeatedly native zygote loop
06-04 18:26:59.665 W/vold ( 246): Failed to open /proc/16302/fd: No such file or directory
06-04 18:26:59.665 I/vold ( 246): fuse-bpf is enabled because of property ro.fuse.bpf.is_running
06-04 18:26:59.665 I/vold ( 246): Unmounting fuse path /mnt/user/0/emulated
06-04 18:26:59.667 I/vold ( 246): Unmounting pass_through_path /mnt/pass_through/0/emulated
06-04 18:26:59.668 I/StorageManagerService(15731): Reset vold
06-04 18:26:59.668 D/XM_HIDREAD( 2053): remove@ remove@/devices/virtual/bdi/0:60
06-04 18:26:59.669 I/vold ( 246): onUserAdded: 0
06-04 18:26:59.667 I/xm_hidread( 2053): type=1400 audit(0.0:1659): avc: denied { read } for scontext=u:r:init:s0 tcontext=u:r:init:s0 tclass=netlink_kobject_uevent_socket permissive=1
06-04 18:26:59.671 D/Zygote (15605): Forked child process 16304
06-04 18:26:59.673 I/ActivityManager(15731): Start proc 16304:com.sohu.inputmethod.sogou.tv/u0a39 for service {com.sohu.inputmethod.sogou.tv/com.sohu.inputmethod.sogou.tv.SogouIME}
06-04 18:26:59.682 I/Zygote (16304): seccomp disabled by setenforce 0
06-04 18:26:59.689 I/method.sogou.tv(16304): Using CollectorTypeCC GC.
06-04 18:26:59.695 E/method.sogou.tv(16304): Not starting debugger since process cannot load the jdwp agent.
06-04 18:26:59.705 W/SystemServiceManager(15731): Service com.android.server.pm.StagingManager$Lifecycle took 448 ms in onBootPhase
06-04 18:26:59.705 D/ActivityManagerTiming(15731): OnBootPhase_1000_com.android.server.app.GameManagerService$Lifecycle
06-04 18:26:59.705 D/GameManagerService(15731): onBootCompleted
06-04 18:26:59.706 D/CompatibilityChangeReporter(15731): Compat change id reported: 168419799; UID 10039; state: DISABLED
06-04 18:26:59.706 D/CompatibilityChangeReporter(15731): Compat change id reported: 273564678; UID 10039; state: DISABLED
06-04 18:26:59.709 V/GameManagerService(15731): Game loading power mode OFF (game manager service start/restart)
06-04 18:26:59.710 I/libperfmgr( 478): Hint type not present in actions: GAME_LOADING
06-04 18:26:59.710 I/android.hardware.power-service.libperfmgr( 478): Power mode GAME_LOADING isModeSupported: 0
06-04 18:26:59.710 V/GameManagerService(15731): Game power mode OFF (game manager service start/restart)
06-04 18:26:59.710 I/libperfmgr( 478): Hint type not present in actions: GAME
06-04 18:26:59.710 I/android.hardware.power-service.libperfmgr( 478): Power mode GAME isModeSupported: 0
06-04 18:26:59.711 D/CompatibilityChangeReporter(15731): Compat change id reported: 265195908; UID 10039; state: ENABLED
06-04 18:26:59.711 D/ActivityManagerTiming(15731): OnBootPhase_1000_com.android.safetycenter.SafetyCenterService
06-04 18:26:59.711 D/ActivityManagerTiming(15731): OnBootPhase_1000_com.android.server.appsearch.AppSearchModule$Lifecycle
06-04 18:26:59.711 D/ActivityManagerTiming(15731): OnBootPhase_1000_com.android.server.media.MediaCommunicationService
06-04 18:26:59.711 D/ActivityManagerTiming(15731): OnBootPhase_1000_com.android.server.compat.overrides.AppCompatOverridesService$Lifecycle
06-04 18:26:59.711 D/ActivityManagerTiming(15731): OnBootPhase_1000_com.android.server.healthconnect.HealthConnectManagerService
06-04 18:26:59.711 D/ActivityManagerTiming(15731): OnBootPhase_1000_com.android.server.devicelock.DeviceLockService
06-04 18:26:59.711 D/DeviceLockService(15731): onBootPhase: 1000
06-04 18:26:59.711 V/ActivityManagerTiming(15731): TotalBootTime took to complete: 7980ms
06-04 18:26:59.711 D/SystemServerInitThreadPool(15731): Shutdown requested
06-04 18:26:59.711 D/SystemServerTiming(15731): WaitInitThreadPoolShutdown
06-04 18:26:59.712 D/SystemServerInitThreadPool(15731): Shutdown successful
06-04 18:26:59.714 I/ActivityManager(15731): User 0 state changed from BOOTING to RUNNING_LOCKED
06-04 18:26:59.715 D/CompatibilityChangeReporter(16304): Compat change id reported: 171979766; UID 10039; state: DISABLED
06-04 18:26:59.715 D/CompatibilityChangeReporter(16304): Compat change id reported: 242716250; UID 10039; state: DISABLED
06-04 18:26:59.718 D/CompatibilityChangeReporter(15731): Compat change id reported: 170503758; UID 10039; state: DISABLED
06-04 18:26:59.718 D/SystemServerTiming(15731): finishUserUnlocking-0
06-04 18:26:59.718 D/ActivityManager(15731): Started unlocking user 0
06-04 18:26:59.718 D/ActivityManager(15731): Unlocking user 0 progress 0
06-04 18:26:59.718 D/ActivityManager(15731): Unlocking user 0 progress 5
06-04 18:26:59.719 D/SystemServerTiming(15731): UM.onBeforeUnlockUser-0
06-04 18:26:59.719 D/SystemServerTiming(15731): prepareUserData-0
06-04 18:26:59.719 D/vold ( 246): fscrypt_prepare_user_storage for volume null, user 0, serial 0, flags 2
06-04 18:26:59.720 D/vold ( 246): Preparing: /data/system_ce/0
06-04 18:26:59.720 I/vold ( 246): Verified that /data/system_ce/0 has the encryption policy 19f81aa52b516f6acd3e027f73ae8a77 v2 modes 1/4 flags 0xa
06-04 18:26:59.720 D/vold ( 246): Preparing: /data/vendor_ce/0
06-04 18:26:59.721 I/vold ( 246): Verified that /data/vendor_ce/0 has the encryption policy 19f81aa52b516f6acd3e027f73ae8a77 v2 modes 1/4 flags 0xa
06-04 18:26:59.721 D/vold ( 246): Preparing: /data/media/0
06-04 18:26:59.722 I/vold ( 246): Verified that /data/media/0 has the encryption policy 19f81aa52b516f6acd3e027f73ae8a77 v2 modes 1/4 flags 0xa
06-04 18:26:59.722 V/WindowManager(15731): app ------------- force_land :0
06-04 18:26:59.722 D/vold ( 246): Preparing: /data/misc_ce/0
06-04 18:26:59.722 D/ApplicationLoaders(16304): Returning zygote-cached class loader: /system/framework/android.test.base.jar
06-04 18:26:59.723 D/ApplicationLoaders(16304): Returning zygote-cached class loader: /system/framework/android.hidl.manager-V1.0-java.jar
06-04 18:26:59.723 D/ApplicationLoaders(16304): Returning zygote-cached class loader: /system/framework/android.hidl.base-V1.0-java.jar
06-04 18:26:59.723 I/vold ( 246): Verified that /data/misc_ce/0 has the encryption policy 19f81aa52b516f6acd3e027f73ae8a77 v2 modes 1/4 flags 0xa
06-04 18:26:59.723 D/vold ( 246): Preparing: /data/user/0
06-04 18:26:59.723 V/WindowManager(15731): app ------------- force_land :0
06-04 18:26:59.724 I/vold ( 246): Verified that /data/user/0 has the encryption policy 19f81aa52b516f6acd3e027f73ae8a77 v2 modes 1/4 flags 0xa
06-04 18:26:59.724 D/vold ( 246): Starting restorecon of /data/system_ce/0
06-04 18:26:59.724 D/ColorDisplayService(15731): setUp: currentUser=0
06-04 18:26:59.729 D/vold ( 246): Finished restorecon of /data/system_ce/0
06-04 18:26:59.729 D/vold ( 246): Starting restorecon of /data/vendor_ce/0
06-04 18:26:59.734 D/vold ( 246): Finished restorecon of /data/vendor_ce/0
06-04 18:26:59.734 D/vold ( 246): Starting restorecon of /data/misc_ce/0
06-04 18:26:59.735 I/ActivityManager(15731): com.android.devicelockcontroller is exempt from freezer
06-04 18:26:59.735 D/CompatibilityChangeReporter(15731): Compat change id reported: 135634846; UID 10055; state: DISABLED
06-04 18:26:59.736 D/CompatibilityChangeReporter(15731): Compat change id reported: 177438394; UID 10055; state: DISABLED
06-04 18:26:59.736 D/CompatibilityChangeReporter(15731): Compat change id reported: 135772972; UID 10055; state: DISABLED
06-04 18:26:59.736 D/CompatibilityChangeReporter(15731): Compat change id reported: 135754954; UID 10055; state: ENABLED
06-04 18:26:59.737 D/CompatibilityChangeReporter(15731): Compat change id reported: 143937733; UID 10055; state: ENABLED
06-04 18:26:59.738 D/nativeloader(16304): Configuring clns-shared-4 for other apk /system/app/com.sohu.inputmethod.sogou.tv/com.sohu.inputmethod.sogou.tv.apk. target_sdk_version=28, uses_libraries=, library_path=/system/app/com.sohu.inputmethod.sogou.tv/lib/arm:/system/app/com.sohu.inputmethod.sogou.tv/com.sohu.inputmethod.sogou.tv.apk!/lib/armeabi-v7a:/system/lib:/system_ext/lib, permitted_path=/data:/mnt/expand:/data/user_de/0/com.sohu.inputmethod.sogou.tv:/system/app/com.sohu.inputmethod.sogou.tv:/system/lib:/system_ext/lib
06-04 18:26:59.739 D/vold ( 246): Finished restorecon of /data/misc_ce/0
06-04 18:26:59.739 D/vold ( 246): /system/bin/vold_prepare_subdirs
06-04 18:26:59.739 D/vold ( 246): prepare
06-04 18:26:59.739 D/vold ( 246):
06-04 18:26:59.739 D/vold ( 246): 0
06-04 18:26:59.739 D/vold ( 246): 2
06-04 18:26:59.750 D/Zygote (15605): Forked child process 16326
06-04 18:26:59.751 I/ActivityManager(15731): Start proc 16326:com.android.devicelockcontroller/u0a55 for broadcast {com.android.devicelockcontroller/com.android.devicelockcontroller.receivers.LockedBootCompletedReceiver}
06-04 18:26:59.757 I/Zygote (16326): seccomp disabled by setenforce 0
06-04 18:26:59.763 I/elockcontroller(16326): Using CollectorTypeCC GC.
06-04 18:26:59.771 E/elockcontroller(16326): Not starting debugger since process cannot load the jdwp agent.
06-04 18:26:59.767 I/rainbow_flow(15369): type=1400 audit(0.0:1660): avc: denied { ioctl } for path="/dev/spidev1.0" dev="tmpfs" ino=541 ioctlcmd=0x6b00 scontext=u:r:init:s0 tcontext=u:object_r:device:s0 tclass=chr_file permissive=1
06-04 18:26:59.772 V/GraphicsEnvironment(16304): Currently set values for:
06-04 18:26:59.772 V/GraphicsEnvironment(16304): angle_gl_driver_selection_pkgs=[]
06-04 18:26:59.772 V/GraphicsEnvironment(16304): angle_gl_driver_selection_values=[]
06-04 18:26:59.773 D/vold_prepare_subdirs(16325): Setting up mode 771 uid 1000 gid 1000 context u:object_r:system_data_file:s0:c512,c768 on path: /data/user/0
06-04 18:26:59.773 V/GraphicsEnvironment(16304): ANGLE GameManagerService for com.sohu.inputmethod.sogou.tv: false
06-04 18:26:59.773 V/GraphicsEnvironment(16304): com.sohu.inputmethod.sogou.tv is not listed in per-application setting
06-04 18:26:59.773 D/vold_prepare_subdirs(16325): Setting up mode 771 uid 1000 gid 1000 context u:object_r:sdk_sandbox_system_data_file:s0:c512,c768 on path: /data/misc_ce/0/sdksandbox
06-04 18:26:59.774 V/GraphicsEnvironment(16304): Neither updatable production driver nor prerelease driver is supported.
06-04 18:26:59.774 D/vold_prepare_subdirs(16325): Setting up mode 700 uid 0 gid 0 context u:object_r:vold_data_file:s0 on path: /data/misc_ce/0/vold
06-04 18:26:59.775 D/vold_prepare_subdirs(16325): Setting up mode 700 uid 0 gid 0 context u:object_r:storaged_data_file:s0 on path: /data/misc_ce/0/storaged
06-04 18:26:59.776 D/vold_prepare_subdirs(16325): Setting up mode 700 uid 0 gid 0 context u:object_r:rollback_data_file:s0 on path: /data/misc_ce/0/rollback
06-04 18:26:59.777 D/vold_prepare_subdirs(16325): Setting up mode 700 uid 0 gid 0 context u:object_r:apex_rollback_data_file:s0 on path: /data/misc_ce/0/apexrollback
06-04 18:26:59.778 D/vold_prepare_subdirs(16325): Setting up mode 711 uid 0 gid 0 context u:object_r:apex_module_data_file:s0 on path: /data/misc_ce/0/apexdata
06-04 18:26:59.778 I/MultiDex(16304): VM with version 2.1.0 has multidex support
06-04 18:26:59.778 I/MultiDex(16304): Installing application
06-04 18:26:59.778 I/MultiDex(16304): VM has multidex support, MultiDex support library is disabled.
06-04 18:26:59.778 D/vold_prepare_subdirs(16325): Setting up mode 771 uid 0 gid 1000 context u:object_r:apex_system_server_data_file:s0 on path: /data/misc_ce/0/apexdata/com.android.permission
06-04 18:26:59.779 D/vold_prepare_subdirs(16325): Setting up mode 771 uid 0 gid 1000 context u:object_r:apex_module_data_file:s0 on path: /data/misc_ce/0/apexdata/com.android.tethering
06-04 18:26:59.786 W/StorageManagerService(15731): No primary storage defined yet; hacking together a stub
06-04 18:26:59.789 D/vold_prepare_subdirs(16325): Setting up mode 771 uid 0 gid 1000 context u:object_r:apex_module_data_file:s0 on path: /data/misc_ce/0/apexdata/com.android.scheduling
06-04 18:26:59.790 D/vold_prepare_subdirs(16325): Setting up mode 771 uid 0 gid 1000 context u:object_r:apex_module_data_file:s0 on path: /data/misc_ce/0/apexdata/com.android.media.swcodec
06-04 18:26:59.790 D/CompatibilityChangeReporter(15731): Compat change id reported: 168419799; UID 10055; state: DISABLED
06-04 18:26:59.791 D/vold_prepare_subdirs(16325): Setting up mode 771 uid 0 gid 1000 context u:object_r:apex_module_data_file:s0 on path: /data/misc_ce/0/apexdata/com.android.extservices
06-04 18:26:59.791 D/CompatibilityChangeReporter(15731): Compat change id reported: 273564678; UID 10055; state: DISABLED
06-04 18:26:59.795 D/CompatibilityChangeReporter(15731): Compat change id reported: 265195908; UID 10055; state: ENABLED
06-04 18:26:59.799 D/CompatibilityChangeReporter(16326): Compat change id reported: 171979766; UID 10055; state: ENABLED
06-04 18:26:59.799 D/CompatibilityChangeReporter(16326): Compat change id reported: 242716250; UID 10055; state: ENABLED
06-04 18:26:59.802 D/vold_prepare_subdirs(16325): Setting up mode 771 uid 0 gid 1000 context u:object_r:apex_module_data_file:s0 on path: /data/misc_ce/0/apexdata/com.android.ondevicepersonalization
06-04 18:26:59.803 D/CompatibilityChangeReporter(15731): Compat change id reported: 170503758; UID 10055; state: ENABLED
06-04 18:26:59.803 D/vold_prepare_subdirs(16325): Setting up mode 771 uid 0 gid 1000 context u:object_r:apex_module_data_file:s0 on path: /data/misc_ce/0/apexdata/com.android.neuralnetworks
06-04 18:26:59.804 D/vold_prepare_subdirs(16325): Setting up mode 771 uid 0 gid 1000 context u:object_r:apex_module_data_file:s0 on path: /data/misc_ce/0/apexdata/com.android.resolv
06-04 18:26:59.805 D/vold_prepare_subdirs(16325): Setting up mode 771 uid 0 gid 1000 context u:object_r:apex_module_data_file:s0 on path: /data/misc_ce/0/apexdata/com.android.mediaprovider
06-04 18:26:59.806 D/vold_prepare_subdirs(16325): Setting up mode 771 uid 0 gid 1000 context u:object_r:apex_module_data_file:s0 on path: /data/misc_ce/0/apexdata/com.android.configinfrastructure
06-04 18:26:59.806 D/vold_prepare_subdirs(16325): Setting up mode 771 uid 0 gid 1000 context u:object_r:apex_system_server_data_file:s0 on path: /data/misc_ce/0/apexdata/com.android.uwb
06-04 18:26:59.807 D/vold_prepare_subdirs(16325): Setting up mode 771 uid 0 gid 1000 context u:object_r:apex_module_data_file:s0 on path: /data/misc_ce/0/apexdata/com.android.ipsec
06-04 18:26:59.807 D/vold_prepare_subdirs(16325): Setting up mode 771 uid 0 gid 1000 context u:object_r:apex_module_data_file:s0 on path: /data/misc_ce/0/apexdata/com.android.adbd
06-04 18:26:59.808 D/vold_prepare_subdirs(16325): Setting up mode 771 uid 0 gid 1000 context u:object_r:apex_system_server_data_file:s0 on path: /data/misc_ce/0/apexdata/com.android.wifi
06-04 18:26:59.808 D/vold_prepare_subdirs(16325): Setting up mode 771 uid 0 gid 1000 context u:object_r:apex_module_data_file:s0 on path: /data/misc_ce/0/apexdata/com.android.conscrypt
06-04 18:26:59.809 D/vold_prepare_subdirs(16325): Setting up mode 771 uid 0 gid 1000 context u:object_r:apex_system_server_data_file:s0 on path: /data/misc_ce/0/apexdata/com.android.appsearch
06-04 18:26:59.810 D/vold_prepare_subdirs(16325): Setting up mode 771 uid 0 gid 1000 context u:object_r:apex_module_data_file:s0 on path: /data/misc_ce/0/apexdata/com.android.art
06-04 18:26:59.810 D/vold_prepare_subdirs(16325): Setting up mode 771 uid 0 gid 1000 context u:object_r:apex_module_data_file:s0 on path: /data/misc_ce/0/apexdata/com.android.media
06-04 18:26:59.811 D/vold_prepare_subdirs(16325): Setting up mode 771 uid 0 gid 1000 context u:object_r:apex_module_data_file:s0 on path: /data/misc_ce/0/apexdata/com.android.adservices
06-04 18:26:59.812 D/vold_prepare_subdirs(16325): Setting up mode 771 uid 0 gid 1000 context u:object_r:apex_module_data_file:s0 on path: /data/misc_ce/0/apexdata/com.google.android.widevine
06-04 18:26:59.812 D/vold_prepare_subdirs(16325): Setting up mode 771 uid 0 gid 1000 context u:object_r:apex_module_data_file:s0 on path: /data/misc_ce/0/apexdata/com.android.sdkext
06-04 18:26:59.813 D/vold_prepare_subdirs(16325): Setting up mode 771 uid 0 gid 1000 context u:object_r:apex_module_data_file:s0 on path: /data/misc_ce/0/apexdata/com.android.os.statsd
06-04 18:26:59.813 D/vold_prepare_subdirs(16325): Setting up mode 771 uid 0 gid 1000 context u:object_r:apex_module_data_file:s0 on path: /data/misc_ce/0/apexdata/com.android.virt
06-04 18:26:59.814 D/vold_prepare_subdirs(16325): Setting up mode 771 uid 0 gid 1000 context u:object_r:apex_module_data_file:s0 on path: /data/misc_ce/0/apexdata/com.android.rkpd
06-04 18:26:59.814 D/vold_prepare_subdirs(16325): Setting up mode 771 uid 0 gid 1000 context u:object_r:apex_module_data_file:s0 on path: /data/misc_ce/0/apexdata/com.android.btservices
06-04 18:26:59.815 D/vold_prepare_subdirs(16325): Setting up mode 771 uid 0 gid 1000 context u:object_r:apex_module_data_file:s0 on path: /data/misc_ce/0/apexdata/com.android.devicelock
06-04 18:26:59.816 D/vold_prepare_subdirs(16325): Setting up mode 771 uid 0 gid 1000 context u:object_r:apex_module_data_file:s0 on path: /data/misc_ce/0/apexdata/com.amlogic.mediaextractor
06-04 18:26:59.816 D/vold_prepare_subdirs(16325): Setting up mode 771 uid 0 gid 1000 context u:object_r:apex_module_data_file:s0 on path: /data/misc_ce/0/apexdata/com.android.healthfitness
06-04 18:26:59.817 D/vold_prepare_subdirs(16325): Setting up mode 771 uid 0 gid 1000 context u:object_r:apex_module_data_file:s0 on path: /data/misc_ce/0/apexdata/com.android.apex.cts.shim
06-04 18:26:59.817 D/nativeloader(16326): Configuring clns-shared-4 for other apk /system/framework/org.apache.http.legacy.jar. target_sdk_version=34, uses_libraries=ALL, library_path=/apex/com.android.devicelock/priv-app/DeviceLockController@UD2A.240505.001.W1/lib/arm:/system/lib:/system_ext/lib, permitted_path=/data:/mnt/expand:/data/user/0/com.android.devicelockcontroller:/apex/com.android.devicelock/priv-app/DeviceLockController@UD2A.240505.001.W1:/system/lib:/system_ext/lib
06-04 18:26:59.817 D/vold_prepare_subdirs(16325): Setting up mode 771 uid 0 gid 1000 context u:object_r:apex_module_data_file:s0 on path: /data/misc_ce/0/apexdata/com.android.vndk.v34
06-04 18:26:59.818 D/vold_prepare_subdirs(16325): Setting up mode 771 uid 0 gid 1000 context u:object_r:apex_module_data_file:s0 on path: /data/misc_ce/0/apexdata/com.android.runtime
06-04 18:26:59.819 D/vold_prepare_subdirs(16325): Setting up mode 771 uid 0 gid 1000 context u:object_r:apex_module_data_file:s0 on path: /data/misc_ce/0/apexdata/com.android.tzdata
06-04 18:26:59.819 E/SogouIME(16304): setupInputSurface
06-04 18:26:59.820 D/vold_prepare_subdirs(16325): Setting up mode 771 uid 0 gid 1000 context u:object_r:apex_module_data_file:s0 on path: /data/misc_ce/0/apexdata/com.android.i18n
06-04 18:26:59.820 D/vold_prepare_subdirs(16325): Setting up mode 771 uid 0 gid 1000 context u:object_r:apex_module_data_file:s0 on path: /data/misc_ce/0/apexdata/sharedlibs
06-04 18:26:59.821 D/vold_prepare_subdirs(16325): Setting up mode 770 uid 1000 gid 2001 context u:object_r:checkin_data_file:s0:c512,c768 on path: /data/misc_ce/0/checkin
06-04 18:26:59.822 D/vold_prepare_subdirs(16325): Setting up mode 700 uid 1000 gid 1000 context u:object_r:backup_data_file:s0 on path: /data/system_ce/0/backup
06-04 18:26:59.822 D/vold_prepare_subdirs(16325): Setting up mode 700 uid 1000 gid 1000 context u:object_r:backup_data_file:s0 on path: /data/system_ce/0/backup_stage
06-04 18:26:59.823 D/vold_prepare_subdirs(16325): Setting up mode 700 uid 1000 gid 1000 context u:object_r:face_vendor_data_file:s0 on path: /data/vendor_ce/0/facedata
06-04 18:26:59.825 V/UserDataPreparer(15731): Found /data/user/0 with serial number 0
06-04 18:26:59.826 V/UserDataPreparer(15731): Found /data/system_ce/0 with serial number 0
06-04 18:26:59.826 D/UserDataPreparer(15731): Setting property: sys.user.0.ce_available=true
06-04 18:26:59.827 D/SystemServerTiming(15731): reconcileAppsData-0
06-04 18:26:59.827 V/PackageManager(15731): reconcileAppsData for null u0 0x2 migrateAppData=false
06-04 18:26:59.829 W/PackageManager(15731): Skipping preparing app data for com.android.configinfrastructure
06-04 18:26:59.830 W/PackageManager(15731): Skipping preparing app data for com.android.appsearch
06-04 18:26:59.830 W/PackageManager(15731): Skipping preparing app data for com.android.adservices
06-04 18:26:59.830 W/PackageManager(15731): Skipping preparing app data for com.android.scheduling
06-04 18:26:59.830 W/PackageManager(15731): Skipping preparing app data for com.google.android.widevine.nonupdatable
06-04 18:26:59.830 W/PackageManager(15731): Skipping preparing app data for com.android.permission
06-04 18:26:59.830 W/PackageManager(15731): Skipping preparing app data for com.android.art
06-04 18:26:59.830 W/PackageManager(15731): Skipping preparing app data for com.android.uwb
06-04 18:26:59.830 W/PackageManager(15731): Skipping preparing app data for com.android.tethering
06-04 18:26:59.830 D/nativeloader(16326): Configuring clns-shared-5 for other apk /apex/com.android.devicelock/priv-app/DeviceLockController@UD2A.240505.001.W1/DeviceLockController.apk. target_sdk_version=34, uses_libraries=, library_path=/apex/com.android.devicelock/priv-app/DeviceLockController@UD2A.240505.001.W1/lib/arm:/system/lib:/system_ext/lib, permitted_path=/data:/mnt/expand:/data/user/0/com.android.devicelockcontroller:/apex/com.android.devicelock/priv-app/DeviceLockController@UD2A.240505.001.W1:/system/lib:/system_ext/lib
06-04 18:26:59.830 W/PackageManager(15731): Skipping preparing app data for com.android.btservices
06-04 18:26:59.830 W/PackageManager(15731): Skipping preparing app data for com.android.media.swcodec
06-04 18:26:59.830 W/PackageManager(15731): Skipping preparing app data for com.android.conscrypt
06-04 18:26:59.830 W/PackageManager(15731): Skipping preparing app data for com.android.adbd
06-04 18:26:59.830 W/PackageManager(15731): Skipping preparing app data for com.android.i18n
06-04 18:26:59.830 W/PackageManager(15731): Skipping preparing app data for com.android.rkpd
06-04 18:26:59.830 W/PackageManager(15731): Skipping preparing app data for com.android.virt
06-04 18:26:59.830 W/PackageManager(15731): Skipping preparing app data for com.android.wifi
06-04 18:26:59.831 W/PackageManager(15731): Skipping preparing app data for com.android.runtime
06-04 18:26:59.831 W/PackageManager(15731): Skipping preparing app data for com.android.devicelock
06-04 18:26:59.831 W/PackageManager(15731): Skipping preparing app data for com.android.apex.cts.shim
06-04 18:26:59.831 W/PackageManager(15731): Skipping preparing app data for com.android.neuralnetworks
06-04 18:26:59.831 W/PackageManager(15731): Skipping preparing app data for com.android.healthfitness
06-04 18:26:59.831 W/PackageManager(15731): Skipping preparing app data for com.android.resolv
06-04 18:26:59.831 W/PackageManager(15731): Skipping preparing app data for com.android.sdkext
06-04 18:26:59.831 W/PackageManager(15731): Skipping preparing app data for com.android.tzdata
06-04 18:26:59.831 W/PackageManager(15731): Skipping preparing app data for com.android.vndk.v34
06-04 18:26:59.831 W/PackageManager(15731): Skipping preparing app data for com.android.os.statsd
06-04 18:26:59.831 W/PackageManager(15731): Skipping preparing app data for com.android.extservices
06-04 18:26:59.831 W/PackageManager(15731): Skipping preparing app data for com.amlogic.mediaextractor
06-04 18:26:59.831 W/PackageManager(15731): Skipping preparing app data for com.android.ipsec
06-04 18:26:59.831 W/PackageManager(15731): Skipping preparing app data for com.android.media
06-04 18:26:59.831 W/PackageManager(15731): Skipping preparing app data for com.android.sdksandbox
06-04 18:26:59.832 W/PackageManager(15731): Skipping preparing app data for com.android.mediaprovider
06-04 18:26:59.832 W/PackageManager(15731): Skipping preparing app data for com.android.ondevicepersonalization
06-04 18:26:59.833 D/nativeloader(16326): InitApexLibraries:
06-04 18:26:59.833 D/nativeloader(16326): com_android_adservices: libhpke_jni.so:libtflite_support_classifiers_native.so
06-04 18:26:59.833 D/nativeloader(16326): com_android_appsearch: libicing.so
06-04 18:26:59.833 D/nativeloader(16326): com_android_art: libartservice.so
06-04 18:26:59.833 D/nativeloader(16326): com_android_btservices: libbluetooth_jni.so
06-04 18:26:59.833 D/nativeloader(16326): com_android_conscrypt: libjavacrypto.so
06-04 18:26:59.833 D/nativeloader(16326): com_android_extservices: libhpke_jni.so:libtflite_support_classifiers_native.so
06-04 18:26:59.833 D/nativeloader(16326): com_android_os_statsd: libstats_jni.so
06-04 18:26:59.833 D/nativeloader(16326): com_android_tethering: libandroid_net_connectivity_com_android_net_module_util_jni.so:libcronet.114.0.5735.84.so:libframework-connectivity-jni.so:libframework-connectivity-tiramisu-jni.so:libservice-connectivity.so
06-04 18:26:59.833 D/nativeloader(16326): com_android_uwb: libuwb_uci_jni_rust.so
06-04 18:26:59.833 D/nativeloader(16326): com_android_virt: libvirtualizationservice_jni.so:libvirtualmachine_jni.so
06-04 18:26:59.858 E/perfetto(16348): perfetto_cmd.cc:385 Could not open /data/misc/perfetto-configs/stopboottracetrigger.pbtxt (errno: 2, No such file or directory)
06-04 18:26:59.872 I/adbd (16344): persist.adb.watchdog set to ''
06-04 18:26:59.873 I/adbd (16344): persist.sys.test_harness set to ''
06-04 18:26:59.873 I/adbd (16344): adb watchdog timeout set to 600 seconds
06-04 18:26:59.874 I/DefaultIMS(16304): DefaultIMS::onCreate()
06-04 18:26:59.874 I/adbd (16344): Setup mdns on port= 5555
06-04 18:26:59.874 I/DefaultIMS(16304): DefaultIMS::onCreate() finish
06-04 18:26:59.874 I/adbd (16344): adbd listening on tcp:5555
06-04 18:26:59.875 I/adbd (16344): adbd listening on vsock:5555
06-04 18:26:59.875 I/adbd (16344): adbd started
06-04 18:26:59.871 I/adbd (16344): type=1400 audit(0.0:1661): avc: denied { read } for name="u:object_r:vendor_default_prop:s0" dev="tmpfs" ino=377 scontext=u:r:adbd:s0 tcontext=u:object_r:vendor_default_prop:s0 tclass=file permissive=1
06-04 18:26:59.876 I/adbd (16344): adbd mDNS service _adb._tcp registered: 1
06-04 18:26:59.880 V/GraphicsEnvironment(16326): Currently set values for:
06-04 18:26:59.880 V/GraphicsEnvironment(16326): angle_gl_driver_selection_pkgs=[]
06-04 18:26:59.880 V/GraphicsEnvironment(16326): angle_gl_driver_selection_values=[]
06-04 18:26:59.881 V/GraphicsEnvironment(16326): ANGLE GameManagerService for com.android.devicelockcontroller: false
06-04 18:26:59.881 V/GraphicsEnvironment(16326): com.android.devicelockcontroller is not listed in per-application setting
06-04 18:26:59.881 V/GraphicsEnvironment(16326): Neither updatable production driver nor prerelease driver is supported.
06-04 18:26:59.882 I/adbd (16344): Waiting for persist.adb.tls_server.enable=1
06-04 18:26:59.871 I/adbd (16344): type=1400 audit(0.0:1662): avc: denied { open } for path="/dev/__properties__/u:object_r:vendor_default_prop:s0" dev="tmpfs" ino=377 scontext=u:r:adbd:s0 tcontext=u:object_r:vendor_default_prop:s0 tclass=file permissive=1
06-04 18:26:59.871 I/adbd (16344): type=1400 audit(0.0:1663): avc: denied { getattr } for path="/dev/__properties__/u:object_r:vendor_default_prop:s0" dev="tmpfs" ino=377 scontext=u:r:adbd:s0 tcontext=u:object_r:vendor_default_prop:s0 tclass=file permissive=1
06-04 18:26:59.888 I/DeviceLockControllerApplication(16326): onCreate
06-04 18:26:59.871 I/adbd (16344): type=1400 audit(0.0:1664): avc: denied { map } for path="/dev/__properties__/u:object_r:vendor_default_prop:s0" dev="tmpfs" ino=377 scontext=u:r:adbd:s0 tcontext=u:object_r:vendor_default_prop:s0 tclass=file permissive=1
06-04 18:26:59.892 I/DeviceStateControllerImpl(16326): Starting state is 0
06-04 18:26:59.892 D/CompatibilityChangeReporter(16304): Compat change id reported: 237531167; UID 10039; state: DISABLED
06-04 18:26:59.894 I/UserRestrictionsPolicyHandler(16326): Build type DEBUG = false
06-04 18:26:59.894 W/OpenGLRenderer(16304): Unknown dataspace 0
06-04 18:26:59.898 D/CompatibilityChangeReporter(16326): Compat change id reported: 183155436; UID 10055; state: ENABLED
06-04 18:26:59.901 W/WindowManager(15731): [addWindow] title:InputMethod
06-04 18:26:59.905 I/DlcClient(16326): Binding com.android.devicelockcontroller/.storage.SetupParametersService
06-04 18:26:59.903 I/rainbow_flow(15369): type=1400 audit(0.0:1665): avc: denied { ioctl } for path="/dev/spidev1.0" dev="tmpfs" ino=541 ioctlcmd=0x6b00 scontext=u:r:init:s0 tcontext=u:object_r:device:s0 tclass=chr_file permissive=1
06-04 18:26:59.914 D/CoreBackPreview(15731): Window{403d61d u0 InputMethod}: Setting back callback OnBackInvokedCallbackInfo{mCallback=android.window.IOnBackInvokedCallback$Stub$Proxy@86a3fea, mPriority=0, mIsAnimationCallback=false}
06-04 18:26:59.915 D/CompatibilityChangeReporter(15731): Compat change id reported: 261072174; UID 10055; state: ENABLED
06-04 18:26:59.920 D/CompatibilityChangeReporter(15731): Compat change id reported: 161145287; UID 10039; state: DISABLED
06-04 18:26:59.921 I/DefaultIMS(16304): onInitializeInterface:
06-04 18:26:59.926 W/NotificationHistory(15731): Attempted to add notif for locked/gone/disabled user 0
06-04 18:26:59.934 E/AggregateFuture(16326): Got more than one input Future failure. Logging failures after the first
06-04 18:26:59.934 E/AggregateFuture(16326): java.lang.IllegalStateException: Setup parameters does not exist!
06-04 18:26:59.934 E/AggregateFuture(16326): at com.android.devicelockcontroller.policy.UserRestrictionsPolicyHandler.lambda$retrieveLockModeRestrictions$3(UserRestrictionsPolicyHandler.java:138)
06-04 18:26:59.934 E/AggregateFuture(16326): at com.android.devicelockcontroller.policy.UserRestrictionsPolicyHandler.$r8$lambda$K4dazaAj4roA8BauvRaHZASMq6E(UserRestrictionsPolicyHandler.java:0)
06-04 18:26:59.934 E/AggregateFuture(16326): at com.android.devicelockcontroller.policy.UserRestrictionsPolicyHandler$$ExternalSyntheticLambda4.call(R8$$SyntheticClass:0)
06-04 18:26:59.934 E/AggregateFuture(16326): at com.google.common.util.concurrent.CombinedFuture$CallableInterruptibleTask.runInterruptibly(CombinedFuture.java:196)
06-04 18:26:59.934 E/AggregateFuture(16326): at com.google.common.util.concurrent.InterruptibleTask.run(InterruptibleTask.java:74)
06-04 18:26:59.934 E/AggregateFuture(16326): at android.os.Handler.handleCallback(Handler.java:958)
06-04 18:26:59.934 E/AggregateFuture(16326): at android.os.Handler.dispatchMessage(Handler.java:99)
06-04 18:26:59.934 E/AggregateFuture(16326): at android.os.Looper.loopOnce(Looper.java:205)
06-04 18:26:59.934 E/AggregateFuture(16326): at android.os.Looper.loop(Looper.java:294)
06-04 18:26:59.934 E/AggregateFuture(16326): at android.app.ActivityThread.main(ActivityThread.java:8255)
06-04 18:26:59.934 E/AggregateFuture(16326): at java.lang.reflect.Method.invoke(Native Method)
06-04 18:26:59.934 E/AggregateFuture(16326): at com.android.internal.os.RuntimeInit$MethodAndArgsCaller.run(RuntimeInit.java:552)
06-04 18:26:59.934 E/AggregateFuture(16326): at com.android.internal.os.ZygoteInit.main(ZygoteInit.java:978)
06-04 18:26:59.935 I/DeviceLockControllerApplication(16326): Policies enforced
06-04 18:26:59.939 I/InputModelManager(16304): mLanguageId+0 mInputType=0mChInputType=2
06-04 18:26:59.940 I/nw (16304): loadKeyData: loadLanguageInfoSuccess ? true
06-04 18:26:59.940 I/InputModelManager(16304): getCurrentLanguageBean inputMode languageId:0
06-04 18:26:59.941 I/nw (16304): onChanged: languageResStatusBean=Language load status:
06-04 18:26:59.941 I/nw (16304): {}
