06-04 18:27:13.678 I/MulticastReceiver(16587): Joining multicast group: /239.255.255.250:1900 on network interface: wlan0
06-04 18:27:13.694 E/accept (16587): Adding connector try: 192.168.3.180/192.168.3.180:35009
06-04 18:27:13.696 D/TrafficStats(16587): tagSocket(201) with statsTag=0xffffffff, statsUid=-1
06-04 18:27:13.697 E/accept (16587): Adding connector result: 192.168.3.180/192.168.3.180:35009
06-04 18:27:13.771 I/JettyServletContainer(16587): Registering UPnP servlet under context path: /upnp
06-04 18:27:13.775 I/DatagramIO(16587): Creating bound socket (for datagram input/output) on: 192.168.3.180/192.168.3.180
06-04 18:27:13.775 D/TrafficStats(16587): tagSocket(202) with statsTag=0xffffffff, statsUid=-1
06-04 18:27:13.776 E/JettyServletContainer(16587): gogogo
06-04 18:27:13.776 I/JettyServletContainer(16587): Starting Jetty server...
06-04 18:27:13.777 W/System.err(16587): 2025-06-04 18:27:13.777:INFO:lcaf.p:jetty-8.y.z-SNAPSHOT
06-04 18:27:13.780 I/Router (16587): WiFi multicast lock acquired
06-04 18:27:13.780 I/WifiService(15731): acquireMulticastLock uid=10043
06-04 18:27:13.781 I/Router (16587): WiFi lock acquired
06-04 18:27:13.782 I/WifiService(15731): acquireWifiLock uid=10043 lockMode=3
06-04 18:27:13.783 D/WifiHAL ( 493): Setting APF program, halHandle = 0xe7e01180
06-04 18:27:13.783 I/WifiHAL ( 493): createRequest: APF set program request
06-04 18:27:13.783 D/WifiHAL ( 493): error code -95 mapped to -3
06-04 18:27:13.783 I/WifiHAL ( 493): Request Response failed for APF, result = -3
06-04 18:27:13.783 E/WifiStaIfaceAidlImpl(15731): installApfPacketFilter failed with service-specific exception: android.os.ServiceSpecificException: (code 4)
06-04 18:27:13.785 I/WifiHAL ( 493): wifi_set_latency_mode set to 1
06-04 18:27:13.795 W/Router (16587): enable unlock:org.fourthline.cling.android.AndroidRouter@edd4a4b
06-04 18:27:13.796 I/UpnpServiceImpl(16587): <<< UPnP service started successfully
06-04 18:27:13.810 W/System.err(16587): 2025-06-04 18:27:13.810:INFO:lcaf.a:Started @192.168.3.180:35009
06-04 18:27:13.856 D/UtilLog (17165): 日志批量上报 进行正常循环 !!!!!!本次有0次请求,共0条数据
06-04 18:27:13.866 E/g (16587): channel :os
06-04 18:27:13.966 D/UtilLog (17165): 日志批量上报 进行正常循环 !!!!!!本次有0次请求,共0条数据
06-04 18:27:14.103 I/DefaultDispatch(16386): type=1400 audit(0.0:2197): avc: denied { read } for name="devices" dev="proc" ino=4026531982 scontext=u:r:system_app:s0 tcontext=u:object_r:proc:s0 tclass=file permissive=1
06-04 18:27:14.105 E/RCInfo (16386): vid:000d
06-04 18:27:14.105 E/RCInfo (16386): pid:3838
06-04 18:27:14.103 I/DefaultDispatch(16386): type=1400 audit(0.0:2198): avc: denied { open } for path="/proc/bus/input/devices" dev="proc" ino=4026531982 scontext=u:r:system_app:s0 tcontext=u:object_r:proc:s0 tclass=file permissive=1
06-04 18:27:14.103 I/DefaultDispatch(16386): type=1400 audit(0.0:2199): avc: denied { getattr } for path="/proc/bus/input/devices" dev="proc" ino=4026531982 scontext=u:r:system_app:s0 tcontext=u:object_r:proc:s0 tclass=file permissive=1
06-04 18:27:14.110 E/RCInfo (16386): vid:000d
06-04 18:27:14.110 E/RCInfo (16386): pid:3838
06-04 18:27:14.123 D/CompatibilityChangeReporter(16386): Compat change id reported: 265103382; UID 1000; state: DISABLED
06-04 18:27:14.123 D/BluetoothGatt(16386): connect() - device: E4:BB:D3:57:C0:7A, auto: true
06-04 18:27:14.123 D/BluetoothGatt(16386): registerApp()
06-04 18:27:14.124 D/BluetoothGatt(16386): registerApp() - UUID=4e14433c-cf80-49ea-ba96-5cf458dad506
06-04 18:27:14.127 I/bluetooth(16024): packages/modules/Bluetooth/system/stack/gatt/gatt_api.cc:1257 GATT_Register: Allocated name:GattClient uuid:03417977-04c2-83e6-ce65-f6d2daba9fce gatt_if:6 eatt_support:0
06-04 18:27:14.127 I/bluetooth(16024): packages/modules/Bluetooth/system/stack/gatt/gatt_api.cc:1371 GATT_StartIf: GATT interface 6 already has connected device xx:xx:xx:xx:c0:7a
06-04 18:27:14.127 I/bluetooth(16024): packages/modules/Bluetooth/system/stack/gatt/gatt_api.cc:1374 GATT_StartIf: Invoking callback with connection id 6
06-04 18:27:14.127 I/bt_bta_gattc(16024): packages/modules/Bluetooth/system/bta/gatt/bta_gattc_act.cc:1304 bta_gattc_conn_cback: Connected client_if:6 addr:xx:xx:xx:xx:c0:7a, transport:BT_TRANSPORT_LE reason:GATT_CONN_OK
06-04 18:27:14.127 E/bta_gattc_main(16024): packages/modules/Bluetooth/system/bta/gatt/bta_gattc_main.cc:395 bta_gattc_hdl_event: Ignore unknown conn ID: 6
06-04 18:27:14.127 D/BluetoothGatt(16386): onClientRegistered() - status=0 clientIf=6
06-04 18:27:14.129 I/bt_btif_gattc(16024): packages/modules/Bluetooth/system/btif/src/btif_gatt_client.cc:340 btif_gattc_open_impl: Transport=2, device type=2, address type =0, phy=1
06-04 18:27:14.129 I/bluetooth(16024): packages/modules/Bluetooth/system/stack/gatt/gatt_main.cc:405 gatt_update_app_use_link_flag: disable link idle timer for xx:xx:xx:xx:c0:7a
06-04 18:27:14.130 I/bt_stack(16024): [INFO:l2c_api.cc(1607)] L2CA_MarkLeLinkAsActivesetting link to e4:bb:d3:57:c0:7a as active
06-04 18:27:14.130 I/bluetooth(16024): packages/modules/Bluetooth/system/stack/gatt/gatt_api.cc:1206 GATT_SetIdleTimeout: idle_timeout=65535, is_active=1, status=1 (1-OK 0-not performed)
06-04 18:27:14.130 D/BtGatt.GattService(16024): onConnected() - adding permit for address=E4:BB:D3:57:C0:7A
06-04 18:27:14.130 D/BluetoothGatt(16386): onClientConnectionState() - status=0 clientIf=6 device=E4:BB:D3:57:C0:7A
06-04 18:27:14.131 D/BluetoothGatt(16386): discoverServices() - device: E4:BB:D3:57:C0:7A
06-04 18:27:14.134 I/bt_bta_gattc(16024): packages/modules/Bluetooth/system/bta/gatt/bta_gattc_cache.cc:1035 bta_gattc_get_gatt_db: bta_gattc_get_gatt_db
06-04 18:27:14.138 D/BluetoothGatt(16386): onSearchComplete() = Device=E4:BB:D3:57:C0:7A Status=0
06-04 18:27:14.175 W/System (16386): A resource failed to call close.
06-04 18:27:14.175 W/System (16386): A resource failed to call close.
06-04 18:27:14.175 W/System (16386): A resource failed to call close.
06-04 18:27:14.175 W/System (16386): A resource failed to call close.
06-04 18:27:14.175 W/System (16386): A resource failed to call close.
06-04 18:27:14.175 W/System (16386): A resource failed to call close.
06-04 18:27:14.177 W/System (16386): A resource failed to call close.
06-04 18:27:14.178 W/System (16386): A resource failed to call close.
06-04 18:27:14.291 D/SntpClient(15731): request time failed: java.net.SocketTimeoutException: Poll timed out
06-04 18:27:14.292 D/TrafficStats(15731): tagSocket(414) with statsTag=0xffffff41, statsUid=-1
06-04 18:27:14.362 D/ActivityManager(15731): freezing 17244 com.android.externalstorage
06-04 18:27:14.402 W/ServiceManagerCppClient(15825): Waited one second for android.hardware.tv.tuner.ITuner/default (is service started? Number of threads started in the threadpool: 0. Are binder threads started and available?)
06-04 18:27:14.411 W/libc ( 232): Unable to set property "ctl.interface_start" to "aidl/android.hardware.tv.tuner.ITuner/default": error code: 0x20
06-04 18:27:15.162 I/WifiHAL ( 493): call wifi_get_link_stats handler
06-04 18:27:15.162 I/WifiHAL ( 493): Creating message to get link statistics; iface = 16
06-04 18:27:15.162 D/WifiHAL ( 493): error code -95 mapped to -3
06-04 18:27:15.163 E/WifiStaIfaceAidlImpl(15731): getLinkLayerStats failed with service-specific exception: android.os.ServiceSpecificException: (code 4)
06-04 18:27:15.406 W/ServiceManagerCppClient(15825): Waited one second for android.hardware.tv.tuner.ITuner/default (is service started? Number of threads started in the threadpool: 0. Are binder threads started and available?)
06-04 18:27:15.411 W/libc ( 232): Unable to set property "ctl.interface_start" to "aidl/android.hardware.tv.tuner.ITuner/default": error code: 0x20
06-04 18:27:15.831 I/ActivityManager(15731): Waited long enough for: ServiceRecord{1d110a3 u0 com.oranth.storage/.MainService}
06-04 18:27:15.906 E/ccc (16386): cccccc hhhhhhhhhh RC version is DB-15B-H5-R0111
06-04 18:27:15.907 E/RCInfo (16386): vid:000d
06-04 18:27:15.908 E/RCInfo (16386): pid:3838
06-04 18:27:15.909 E/RCInfo (16386): vid:000d
06-04 18:27:15.909 E/RCInfo (16386): pid:3838
06-04 18:27:15.909 E/ccc (16386): cccccc 请求remote实时 DB-15B-H5-R0111
06-04 18:27:15.909 E/ccc (16386): cccccc requestRemoteInfoInner factory XIMI version DB-15B-H5-R0111
06-04 18:27:15.921 I/okhttp.OkHttpClient(16386): --> POST http://tymsgapi.qun7.com/v1/core/ykota (598-byte body)
06-04 18:27:15.980 I/okhttp.OkHttpClient(16386): <-- 200 OK http://tymsgapi.qun7.com/v1/core/ykota (58ms, unknown-length body)
06-04 18:27:15.985 I/ActivityManager(15731): Waited long enough for: ServiceRecord{8d475ea u0 com.dangbei.lerad.rocky/com.dangbei.phrike.core.PhrikeDownloadService}
06-04 18:27:15.983 I/lerad.etna.haqu(16386): type=1400 audit(0.0:2200): avc: denied { read } for name="114.zip" dev="dm-50" ino=3303 scontext=u:r:system_app:s0 tcontext=u:object_r:system_data_root_file:s0 tclass=file permissive=1
06-04 18:27:15.988 E/ccc (16386): cccccc com.dangbei.haqusetting not connect
06-04 18:27:15.988 E/ccc (16386): cccccc updateHelper 通知更新
06-04 18:27:15.988 E/ccc (16386): cccccc 有更新 且存在文件 RemoteUpdateBean{downloadId='114', name='H5Pro', rommodel='DBBOX-A2,DBBOX-A3', versionName='DB250603', downUrl='http://dl.qun7.com/YKQ/XIMI/20250521H5P/DB-15B-H5-R0111.zip', reUrl='http://dl.v5tv.com/YKQ/XIMI/20250521H5P/DB-15B-H5-R0111.zip', reUrl2='http://dl.tymcdn.com/YKQ/XIMI/20250521H5P/DB-15B-H5-R0111.zip', contentLength=39139, md5v='fffea0f41575b3a9cf6f36c303f890d9', tempUrl='http://dl.qun7.com/YKQ/XIMI/20250521H5P/DB-15B-H5-R0111.zip', desc='null', status=completed, progress=100.0, isPaused=false, cancelled=true, extraInfo='null', localPath='/data/etna_download/remote/114.zip', current=39139, create_time=0, remark='H5/H5Pro遥控器OTA测试,版本R0111,20250521
06-04 18:27:15.988 E/ccc (16386): 时间6月3号'}
06-04 18:27:15.983 I/lerad.etna.haqu(16386): type=1400 audit(0.0:2201): avc: denied { open } for path="/data/etna_download/remote/114.zip" dev="dm-50" ino=3303 scontext=u:r:system_app:s0 tcontext=u:object_r:system_data_root_file:s0 tclass=file permissive=1
06-04 18:27:15.983 I/lerad.etna.haqu(16386): type=1400 audit(0.0:2202): avc: denied { getattr } for path="/data/etna_download/remote/114.zip" dev="dm-50" ino=3303 scontext=u:r:system_app:s0 tcontext=u:object_r:system_data_root_file:s0 tclass=file permissive=1
06-04 18:27:16.019 W/System (16386): A resource failed to call close.
06-04 18:27:16.019 W/System (16386): A resource failed to call close.
06-04 18:27:16.237 I/crashsdk(16587): crashsdk uploading logs
06-04 18:27:16.256 W/ActivityThread(16421): ClassLoader.loadClass: The class loader returned by Thread.getContextClassLoader() may fail for processes that host multiple applications. You should explicitly specify a context class loader. For example: Thread.setContextClassLoader(getClass().getClassLoader());
06-04 18:27:16.260 D/AccountManagerService(15731): bind attempt failed for Session: expectLaunch false, connected false, stats (0/0/0), lifetime 0.0, addAccount, accountType cn.ninegame.gamemanager, requiredFeatures null
06-04 18:27:16.268 E/d.leradlauncher(16421): Invalid resource ID 0x00000000.
06-04 18:27:16.281 D/TrafficStats(16421): tagSocket(127) with statsTag=0xffffffff, statsUid=-1
06-04 18:27:16.360 I/ActivityManager(15731): Skip zero pid ANR, process=WebViewLoader-armeabi-v7a
06-04 18:27:16.409 W/ServiceManagerCppClient(15825): Waited one second for android.hardware.tv.tuner.ITuner/default (is service started? Number of threads started in the threadpool: 0. Are binder threads started and available?)
06-04 18:27:16.414 W/libc ( 232): Unable to set property "ctl.interface_start" to "aidl/android.hardware.tv.tuner.ITuner/default": error code: 0x20
06-04 18:27:16.733 I/ActivityManager(15731): Waited long enough for: ServiceRecord{16dd56b u0 com.droidlogic.mictoggle/.AssistantMicMuteService}
06-04 18:27:16.858 W/System (16024): A resource failed to call close.
06-04 18:27:16.996 W/id.ext.services(16068): ApkAssets: Deleting an ApkAssets object ' and /system/app/dangbei-screencast/dangbei-screencast.apk' with 1 weak references
06-04 18:27:17.287 I/keystore2( 282): system/security/keystore2/src/watchdog.rs:319 - Watchdog thread idle -> terminating. Have a great day.
06-04 18:27:17.412 W/ServiceManagerCppClient(15825): Waited one second for android.hardware.tv.tuner.ITuner/default (is service started? Number of threads started in the threadpool: 0. Are binder threads started and available?)
06-04 18:27:17.417 W/libc ( 232): Unable to set property "ctl.interface_start" to "aidl/android.hardware.tv.tuner.ITuner/default": error code: 0x20
06-04 18:27:18.168 I/WifiHAL ( 493): call wifi_get_link_stats handler
06-04 18:27:18.168 I/WifiHAL ( 493): Creating message to get link statistics; iface = 16
06-04 18:27:18.168 D/WifiHAL ( 493): error code -95 mapped to -3
06-04 18:27:18.168 E/WifiStaIfaceAidlImpl(15731): getLinkLayerStats failed with service-specific exception: android.os.ServiceSpecificException: (code 4)
06-04 18:27:18.415 W/ServiceManagerCppClient(15825): Waited one second for android.hardware.tv.tuner.ITuner/default (is service started? Number of threads started in the threadpool: 0. Are binder threads started and available?)
06-04 18:27:18.420 W/libc ( 232): Unable to set property "ctl.interface_start" to "aidl/android.hardware.tv.tuner.ITuner/default": error code: 0x20
06-04 18:27:18.559 I/adbd (16344): host-17: read failed: Success
06-04 18:27:18.559 I/adbd (16344): host-17: offline
06-04 18:27:18.559 I/adbd (16344): BlockingConnectionAdapter(host-17): stopping
06-04 18:27:18.560 I/adbd (16344): BlockingConnectionAdapter(host-17): stopped
06-04 18:27:18.560 I/adbd (16344): BlockingConnectionAdapter(host-17): destructing
06-04 18:27:18.560 I/adbd (16344): BlockingConnectionAdapter(host-17): already stopped
06-04 18:27:19.299 D/SntpClient(15731): request time failed: java.net.SocketTimeoutException: Poll timed out
06-04 18:27:19.300 D/TrafficStats(15731): tagSocket(414) with statsTag=0xffffff41, statsUid=-1
06-04 18:27:19.418 W/ServiceManagerCppClient(15825): Waited one second for android.hardware.tv.tuner.ITuner/default (is service started? Number of threads started in the threadpool: 0. Are binder threads started and available?)
06-04 18:27:19.423 W/libc ( 232): Unable to set property "ctl.interface_start" to "aidl/android.hardware.tv.tuner.ITuner/default": error code: 0x20
06-04 18:27:20.039 I/SdkSandboxManager(15731): Reconciling sdk data package directories for 0
06-04 18:27:20.421 W/ServiceManagerCppClient(15825): Waited one second for android.hardware.tv.tuner.ITuner/default (is service started? Number of threads started in the threadpool: 0. Are binder threads started and available?)
06-04 18:27:20.427 W/libc ( 232): Unable to set property "ctl.interface_start" to "aidl/android.hardware.tv.tuner.ITuner/default": error code: 0x20
06-04 18:27:20.471 W/oid.tv.settings(16216): Cleared Reference was only reachable from finalizer (only reported once)
06-04 18:27:21.171 I/WifiHAL ( 493): call wifi_get_link_stats handler
06-04 18:27:21.172 I/WifiHAL ( 493): Creating message to get link statistics; iface = 16
06-04 18:27:21.172 D/WifiHAL ( 493): error code -95 mapped to -3
06-04 18:27:21.172 E/WifiStaIfaceAidlImpl(15731): getLinkLayerStats failed with service-specific exception: android.os.ServiceSpecificException: (code 4)
06-04 18:27:21.424 W/ServiceManagerCppClient(15825): Waited one second for android.hardware.tv.tuner.ITuner/default (is service started? Number of threads started in the threadpool: 0. Are binder threads started and available?)
06-04 18:27:21.430 W/libc ( 232): Unable to set property "ctl.interface_start" to "aidl/android.hardware.tv.tuner.ITuner/default": error code: 0x20
06-04 18:27:21.794 D/OomAdjuster(15731): Not killing cached processes
06-04 18:27:21.796 W/BroadcastLoopers(15731): Found previously unknown looper Thread[appscheduling.default,5,main]
06-04 18:27:21.904 D/bt_vendor( 470): op for 7
06-04 18:27:21.904 D/bt_upio ( 470): upio_set : pio 0 action 1, polarity 1
06-04 18:27:21.904 D/bt_upio ( 470): begin open btwrite.
06-04 18:27:21.904 E/bt_upio ( 470): upio_set : open(/proc/bluetooth/sleep/btwrite) for write failed: No such file or directory (2)
06-04 18:27:22.427 W/ServiceManagerCppClient(15825): Waited one second for android.hardware.tv.tuner.ITuner/default (is service started? Number of threads started in the threadpool: 0. Are binder threads started and available?)
06-04 18:27:22.432 W/libc ( 232): Unable to set property "ctl.interface_start" to "aidl/android.hardware.tv.tuner.ITuner/default": error code: 0x20
06-04 18:27:22.584 W/bei.lerad.rocky(16566): ApkAssets: Deleting an ApkAssets object ' and /system/app/dangbei-feedback/dangbei-feedback.apk' with 1 weak references
06-04 18:27:22.585 W/bei.lerad.rocky(16566): ApkAssets: Deleting an ApkAssets object ' and /apex/com.android.uwb/priv-app/ServiceUwbResources@UD2A.240505.001.W1/ServiceUwbResources.apk' with 1 weak references
06-04 18:27:22.585 W/bei.lerad.rocky(16566): ApkAssets: Deleting an ApkAssets object ' and /apex/com.android.adservices/priv-app/AdServicesApk@UD2A.240505.001.W1/AdServicesApk.apk' with 1 weak references
06-04 18:27:22.586 W/bei.lerad.rocky(16566): ApkAssets: Deleting an ApkAssets object ' and /system/priv-app/DynamicSystemInstallationService/DynamicSystemInstallationService.apk' with 1 weak references
06-04 18:27:22.586 W/bei.lerad.rocky(16566): ApkAssets: Deleting an ApkAssets object ' and /apex/com.android.healthfitness/priv-app/HealthConnectController@UD2A.240505.001.W1/HealthConnectController.apk' with 1 weak references
06-04 18:27:22.586 W/bei.lerad.rocky(16566): ApkAssets: Deleting an ApkAssets object ' and /system/priv-app/CalendarProvider/CalendarProvider.apk' with 1 weak references
06-04 18:27:22.586 W/bei.lerad.rocky(16566): ApkAssets: Deleting an ApkAssets object ' and /system_ext/priv-app/TvSettings/TvSettings.apk' with 1 weak references
06-04 18:27:22.587 W/bei.lerad.rocky(16566): ApkAssets: Deleting an ApkAssets object ' and /system/app/dangbei-steward/dangbei-steward.apk' with 1 weak references
06-04 18:27:22.587 W/bei.lerad.rocky(16566): ApkAssets: Deleting an ApkAssets object ' and /system/app/com.sohu.inputmethod.sogou.tv/com.sohu.inputmethod.sogou.tv.apk' with 1 weak references
06-04 18:27:22.588 W/bei.lerad.rocky(16566): ApkAssets: Deleting an ApkAssets object ' and /system/priv-app/ExternalStorageProvider/ExternalStorageProvider.apk' with 1 weak references
06-04 18:27:22.588 W/bei.lerad.rocky(16566): ApkAssets: Deleting an ApkAssets object ' and /system/app/HTMLViewer/HTMLViewer.apk' with 1 weak references
06-04 18:27:22.588 W/bei.lerad.rocky(16566): ApkAssets: Deleting an ApkAssets object ' and /system/app/CompanionDeviceManager/CompanionDeviceManager.apk' with 1 weak references
06-04 18:27:22.588 W/bei.lerad.rocky(16566): ApkAssets: Deleting an ApkAssets object ' and /system/priv-app/DownloadProvider/DownloadProvider.apk' with 1 weak references
06-04 18:27:22.588 W/bei.lerad.rocky(16566): ApkAssets: Deleting an ApkAssets object ' and /system/priv-app/TvProvider/TvProvider.apk' with 1 weak references
06-04 18:27:22.588 W/bei.lerad.rocky(16566): ApkAssets: Deleting an ApkAssets object '/product/overlay/TvProviderOverlay.apk' with 1 weak references
06-04 18:27:22.589 W/bei.lerad.rocky(16566): ApkAssets: Deleting an ApkAssets object ' and /product/app/DLNA/DLNA.apk' with 1 weak references
06-04 18:27:22.589 W/bei.lerad.rocky(16566): ApkAssets: Deleting an ApkAssets object ' and /system_ext/priv-app/droidlogic-res/droidlogic-res.apk' with 1 weak references
06-04 18:27:22.589 W/bei.lerad.rocky(16566): ApkAssets: Deleting an ApkAssets object ' and /system_ext/priv-app/DroidTvSettings/DroidTvSettings.apk' with 1 weak references
06-04 18:27:22.590 W/bei.lerad.rocky(16566): ApkAssets: Deleting an ApkAssets object ' and /system/app/LedCtrl/LedCtrl.apk' with 1 weak references
06-04 18:27:22.590 W/bei.lerad.rocky(16566): ApkAssets: Deleting an ApkAssets object ' and /system/app/dangbei-media-player/dangbei-media-player.apk' with 1 weak references
06-04 18:27:22.590 W/bei.lerad.rocky(16566): ApkAssets: Deleting an ApkAssets object ' and /system/app/PacProcessor/PacProcessor.apk' with 1 weak references
06-04 18:27:22.590 W/bei.lerad.rocky(16566): ApkAssets: Deleting an ApkAssets object ' and /apex/com.android.permission/priv-app/SafetyCenterResources@UD2A.240505.001.W1/SafetyCenterResources.apk' with 1 weak references
06-04 18:27:22.590 W/bei.lerad.rocky(16566): ApkAssets: Deleting an ApkAssets object ' and /system/priv-app/NetworkStack/NetworkStack.apk' with 1 weak references
06-04 18:27:22.591 W/bei.lerad.rocky(16566): ApkAssets: Deleting an ApkAssets object '/product/overlay/TvNetworkStackOverlay.apk' with 1 weak references
06-04 18:27:22.591 W/bei.lerad.rocky(16566): ApkAssets: Deleting an ApkAssets object ' and /apex/com.android.tethering/priv-app/ServiceConnectivityResources@UD2A.240505.001.W1/ServiceConnectivityResources.apk' with 1 weak references
06-04 18:27:22.591 W/bei.lerad.rocky(16566): ApkAssets: Deleting an ApkAssets object ' and /product/app/ModuleMetadata/ModuleMetadata.apk' with 1 weak references
06-04 18:27:22.591 W/bei.lerad.rocky(16566): ApkAssets: Deleting an ApkAssets object ' and /system/app/CertInstaller/CertInstaller.apk' with 1 weak references
06-04 18:27:22.591 W/bei.lerad.rocky(16566): ApkAssets: Deleting an ApkAssets object ' and /data/app/~~xntuXxWd3PH2t94C5REeBw==/com.dangbei.dbmusic.dbos.tab-lOuP4oFvOdhOUM8oIRGIcg==/base.apk' with 1 weak references
06-04 18:27:22.592 W/bei.lerad.rocky(16566): ApkAssets: Deleting an ApkAssets object ' and /system/framework/framework-res.apk' with 1 weak references
06-04 18:27:22.592 W/bei.lerad.rocky(16566): ApkAssets: Deleting an ApkAssets object ' and /product/app/Camera2/Camera2.apk' with 1 weak references
06-04 18:27:22.593 W/bei.lerad.rocky(16566): ApkAssets: Deleting an ApkAssets object ' and /system/priv-app/MtpService/MtpService.apk' with 1 weak references
06-04 18:27:22.593 W/bei.lerad.rocky(16566): ApkAssets: Deleting an ApkAssets object ' and /system/priv-app/StatementService/StatementService.apk' with 1 weak references
06-04 18:27:22.593 W/bei.lerad.rocky(16566): ApkAssets: Deleting an ApkAssets object ' and /system/app/dangbei-screencast/dangbei-screencast.apk' with 1 weak references
06-04 18:27:22.594 W/bei.lerad.rocky(16566): ApkAssets: Deleting an ApkAssets object ' and /product/priv-app/SettingsIntelligence/SettingsIntelligence.apk' with 1 weak references
06-04 18:27:22.594 W/bei.lerad.rocky(16566): ApkAssets: Deleting an ApkAssets object ' and /system/app/dangbei-launcher/dangbei-launcher.apk' with 1 weak references
06-04 18:27:22.594 W/bei.lerad.rocky(16566): ApkAssets: Deleting an ApkAssets object ' and /system/app/PrintSpooler/PrintSpooler.apk' with 1 weak references
06-04 18:27:22.594 W/bei.lerad.rocky(16566): ApkAssets: Deleting an ApkAssets object ' and /system/app/BasicDreams/BasicDreams.apk' with 1 weak references
06-04 18:27:22.594 W/bei.lerad.rocky(16566): ApkAssets: Deleting an ApkAssets object ' and /system/priv-app/InputDevices/InputDevices.apk' with 1 weak references
06-04 18:27:22.594 W/bei.lerad.rocky(16566): ApkAssets: Deleting an ApkAssets object ' and /apex/com.android.rkpd/priv-app/rkpdapp@UD2A.240505.001.W1/rkpdapp.apk' with 1 weak references
06-04 18:27:22.595 W/bei.lerad.rocky(16566): ApkAssets: Deleting an ApkAssets object ' and /system/app/InputMacSn/InputMacSn.apk' with 1 weak references
06-04 18:27:22.595 W/bei.lerad.rocky(16566): ApkAssets: Deleting an ApkAssets object ' and /system/priv-app/dangbei-boot-guide/dangbei-boot-guide.apk' with 1 weak references
06-04 18:27:22.596 W/bei.lerad.rocky(16566): ApkAssets: Deleting an ApkAssets object ' and /system/priv-app/MusicFX/MusicFX.apk' with 1 weak references
06-04 18:27:22.596 W/bei.lerad.rocky(16566): ApkAssets: Deleting an ApkAssets object ' and /data/app/~~Tl-5c6LjM8x_So1TE5YCtg==/com.dangbei.hqmedia-9Ovxzg2_IQFr7GCY1MtYXg==/base.apk' with 1 weak references
06-04 18:27:22.596 W/bei.lerad.rocky(16566): ApkAssets: Deleting an ApkAssets object ' and /system/app/ExtShared/ExtShared.apk' with 1 weak references
06-04 18:27:22.596 W/bei.lerad.rocky(16566): ApkAssets: Deleting an ApkAssets object ' and /system/app/KeyChain/KeyChain.apk' with 1 weak references
06-04 18:27:22.596 W/bei.lerad.rocky(16566): ApkAssets: Deleting an ApkAssets object ' and /apex/com.android.extservices/priv-app/ExtServices@UD2A.240505.001.W1/ExtServices.apk' with 1 weak references
06-04 18:27:22.596 W/bei.lerad.rocky(16566): ApkAssets: Deleting an ApkAssets object ' and /apex/com.android.wifi/priv-app/ServiceWifiResources@UD2A.240505.001.W1/ServiceWifiResources.apk' with 1 weak references
06-04 18:27:22.597 W/bei.lerad.rocky(16566): ApkAssets: Deleting an ApkAssets object '/product/overlay/TvWifiOverlay.apk' with 1 weak references
06-04 18:27:22.597 W/bei.lerad.rocky(16566): ApkAssets: Deleting an ApkAssets object '/product/overlay/WiFiTetheringOverlay.apk' with 1 weak references
06-04 18:27:22.597 W/bei.lerad.rocky(16566): ApkAssets: Deleting an ApkAssets object ' and /system/app/CameraExtensionsProxy/CameraExtensionsProxy.apk' with 1 weak references
06-04 18:27:22.597 W/bei.lerad.rocky(16566): ApkAssets: Deleting an ApkAssets object ' and /system_ext/priv-app/MicToggleProvider/MicToggleProvider.apk' with 1 weak references
06-04 18:27:22.597 W/bei.lerad.rocky(16566): ApkAssets: Deleting an ApkAssets object ' and /system/priv-app/PackageInstaller_tv/PackageInstaller_tv.apk' with 1 weak references
06-04 18:27:22.597 W/bei.lerad.rocky(16566): ApkAssets: Deleting an ApkAssets object ' and /system/app/FactoryTest_oranth/FactoryTest_oranth.apk' with 1 weak references
06-04 18:27:22.597 W/bei.lerad.rocky(16566): ApkAssets: Deleting an ApkAssets object ' and /system/priv-app/ProxyHandler/ProxyHandler.apk' with 1 weak references
06-04 18:27:22.598 W/bei.lerad.rocky(16566): ApkAssets: Deleting an ApkAssets object ' and /system/priv-app/IntentResolver/IntentResolver.apk' with 1 weak references
06-04 18:27:22.598 W/bei.lerad.rocky(16566): ApkAssets: Deleting an ApkAssets object ' and /system/priv-app/ManagedProvisioning/ManagedProvisioning.apk' with 1 weak references
06-04 18:27:22.598 W/bei.lerad.rocky(16566): ApkAssets: Deleting an ApkAssets object ' and /system/app/UsbOpenFT/UsbOpenFT.apk' with 1 weak references
06-04 18:27:22.598 W/bei.lerad.rocky(16566): ApkAssets: Deleting an ApkAssets object ' and /system/priv-app/SoundPicker/SoundPicker.apk' with 1 weak references
06-04 18:27:22.598 W/bei.lerad.rocky(16566): ApkAssets: Deleting an ApkAssets object ' and /system/app/dangbei-etna-service/dangbei-etna-service.apk' with 1 weak references
06-04 18:27:22.598 W/bei.lerad.rocky(16566): ApkAssets: Deleting an ApkAssets object ' and /product/app/Miracast/Miracast.apk' with 1 weak references
06-04 18:27:22.600 W/bei.lerad.rocky(16566): ApkAssets: Deleting an ApkAssets object ' and /system/app/dangbei-file-manager/dangbei-file-manager.apk' with 1 weak references
06-04 18:27:22.600 W/bei.lerad.rocky(16566): ApkAssets: Deleting an ApkAssets object ' and /system/app/PowerUI/PowerUI.apk' with 1 weak references
06-04 18:27:22.600 W/bei.lerad.rocky(16566): ApkAssets: Deleting an ApkAssets object ' and /system/app/dangbei-screensaver/dangbei-screensaver.apk' with 1 weak references
06-04 18:27:22.600 W/bei.lerad.rocky(16566): ApkAssets: Deleting an ApkAssets object ' and /product/app/Music/Music.apk' with 1 weak references
06-04 18:27:22.601 W/bei.lerad.rocky(16566): ApkAssets: Deleting an ApkAssets object ' and /system/priv-app/Shell/Shell.apk' with 1 weak references
06-04 18:27:22.601 W/bei.lerad.rocky(16566): ApkAssets: Deleting an ApkAssets object ' and /system/priv-app/UserDictionaryProvider/UserDictionaryProvider.apk' with 1 weak references
06-04 18:27:22.601 W/bei.lerad.rocky(16566): ApkAssets: Deleting an ApkAssets object ' and /apex/com.android.mediaprovider/priv-app/MediaProvider@UD2A.240505.001.W1/MediaProvider.apk' with 1 weak references
06-04 18:27:22.601 W/bei.lerad.rocky(16566): ApkAssets: Deleting an ApkAssets object ' and /system/app/Low_storage_dialog/Low_storage_dialog.apk' with 1 weak references
06-04 18:27:22.601 W/bei.lerad.rocky(16566): ApkAssets: Deleting an ApkAssets object ' and /apex/com.android.wifi/app/OsuLogin@UD2A.240505.001.W1/OsuLogin.apk' with 1 weak references
06-04 18:27:22.602 W/bei.lerad.rocky(16566): ApkAssets: Deleting an ApkAssets object ' and /system/priv-app/FusedLocation/FusedLocation.apk' with 1 weak references
06-04 18:27:22.610 W/bei.lerad.rocky(16566): ApkAssets: Deleting an ApkAssets object ' and /product/app/DeskClock/DeskClock.apk' with 1 weak references
06-04 18:27:22.611 W/bei.lerad.rocky(16566): ApkAssets: Deleting an ApkAssets object ' and /system_ext/priv-app/TvSystemUI/TvSystemUI.apk' with 1 weak references
06-04 18:27:22.611 W/bei.lerad.rocky(16566): ApkAssets: Deleting an ApkAssets object '/vendor/overlay/TvSystemUI__auto_generated_rro_vendor.apk' with 1 weak references
06-04 18:27:22.612 W/bei.lerad.rocky(16566): ApkAssets: Deleting an ApkAssets object '/product/overlay/SystemUIOverlay.apk' with 1 weak references
06-04 18:27:22.612 W/bei.lerad.rocky(16566): ApkAssets: Deleting an ApkAssets object ' and /system/app/dangbei-setting/dangbei-setting.apk' with 1 weak references
06-04 18:27:22.612 W/bei.lerad.rocky(16566): ApkAssets: Deleting an ApkAssets object ' and /apex/com.android.permission/priv-app/PermissionController@UD2A.240505.001.W1/PermissionController.apk' with 1 weak references
06-04 18:27:22.613 W/bei.lerad.rocky(16566): ApkAssets: Deleting an ApkAssets object ' and /vendor/priv-app/AppInstaller/AppInstaller.apk' with 1 weak references
06-04 18:27:22.613 W/bei.lerad.rocky(16566): ApkAssets: Deleting an ApkAssets object ' and /apex/com.android.btservices/app/Bluetooth@UD2A.240505.001.W1/Bluetooth.apk' with 1 weak references
06-04 18:27:22.613 W/bei.lerad.rocky(16566): ApkAssets: Deleting an ApkAssets object ' and /system/priv-app/ContactsProvider/ContactsProvider.apk' with 1 weak references
06-04 18:27:22.613 W/bei.lerad.rocky(16566): ApkAssets: Deleting an ApkAssets object ' and /system/app/CaptivePortalLogin/CaptivePortalLogin.apk' with 1 weak references
06-04 18:27:22.613 W/bei.lerad.rocky(16566): ApkAssets: Deleting an ApkAssets object ' and /apex/com.android.devicelock/priv-app/DeviceLockController@UD2A.240505.001.W1/DeviceLockController.apk' with 1 weak references
06-04 18:27:22.614 W/bei.lerad.rocky(16566): ApkAssets: Deleting an ApkAssets object ' and /data/app/~~YL7ESmgmKbDqMsq8tJWaMw==/com.cibn.tv-aG-lnKpk3-cg4VX0WIitDg==/base.apk' with 1 weak references
06-04 18:27:22.614 W/bei.lerad.rocky(16566): ApkAssets: Deleting an ApkAssets object ' and /apex/com.android.extservices/priv-app/AdExtServicesApk@UD2A.240505.001.W1/AdExtServicesApk.apk' with 1 weak references
06-04 18:27:23.430 W/ServiceManagerCppClient(15825): Waited one second for android.hardware.tv.tuner.ITuner/default (is service started? Number of threads started in the threadpool: 0. Are binder threads started and available?)
06-04 18:27:23.437 W/libc ( 232): Unable to set property "ctl.interface_start" to "aidl/android.hardware.tv.tuner.ITuner/default": error code: 0x20
06-04 18:27:23.967 D/UtilLog (17165): 日志批量上报 进行正常循环 !!!!!!本次有0次请求,共0条数据
06-04 18:27:24.177 I/WifiHAL ( 493): call wifi_get_link_stats handler
06-04 18:27:24.177 I/WifiHAL ( 493): Creating message to get link statistics; iface = 16
06-04 18:27:24.177 D/WifiHAL ( 493): error code -95 mapped to -3
06-04 18:27:24.178 E/WifiStaIfaceAidlImpl(15731): getLinkLayerStats failed with service-specific exception: android.os.ServiceSpecificException: (code 4)
06-04 18:27:24.305 D/SntpClient(15731): request time failed: java.net.SocketTimeoutException: Poll timed out
06-04 18:27:24.305 D/SntpClient(15731): request time failed
06-04 18:27:24.352 D/TrafficStats(15731): tagSocket(414) with statsTag=0xffffff41, statsUid=-1
06-04 18:27:24.433 W/ServiceManagerCppClient(15825): Waited one second for android.hardware.tv.tuner.ITuner/default (is service started? Number of threads started in the threadpool: 0. Are binder threads started and available?)
06-04 18:27:24.438 W/libc ( 232): Unable to set property "ctl.interface_start" to "aidl/android.hardware.tv.tuner.ITuner/default": error code: 0x20
06-04 18:27:25.244 D/SntpClient(15731): round trip: 889ms, clock offset: -448ms
06-04 18:27:25.436 W/ServiceManagerCppClient(15825): Waited one second for android.hardware.tv.tuner.ITuner/default (is service started? Number of threads started in the threadpool: 0. Are binder threads started and available?)
06-04 18:27:25.441 W/libc ( 232): Unable to set property "ctl.interface_start" to "aidl/android.hardware.tv.tuner.ITuner/default": error code: 0x20
06-04 18:27:25.534 W/System (17165): A resource failed to call close.
06-04 18:27:25.535 W/gbei.zhushou.os(17165): ApkAssets: Deleting an ApkAssets object ' and /system/app/com.sohu.inputmethod.sogou.tv/com.sohu.inputmethod.sogou.tv.apk' with 1 weak references
06-04 18:27:25.536 W/gbei.zhushou.os(17165): ApkAssets: Deleting an ApkAssets object ' and /system/app/dangbei-feedback/dangbei-feedback.apk' with 1 weak references
06-04 18:27:25.536 W/gbei.zhushou.os(17165): ApkAssets: Deleting an ApkAssets object ' and /apex/com.android.uwb/priv-app/ServiceUwbResources@UD2A.240505.001.W1/ServiceUwbResources.apk' with 1 weak references
06-04 18:27:25.536 W/gbei.zhushou.os(17165): ApkAssets: Deleting an ApkAssets object ' and /apex/com.android.adservices/priv-app/AdServicesApk@UD2A.240505.001.W1/AdServicesApk.apk' with 1 weak references
06-04 18:27:25.538 W/gbei.zhushou.os(17165): ApkAssets: Deleting an ApkAssets object ' and /system/priv-app/DynamicSystemInstallationService/DynamicSystemInstallationService.apk' with 1 weak references
06-04 18:27:25.538 W/gbei.zhushou.os(17165): ApkAssets: Deleting an ApkAssets object ' and /system/app/Rocky/Rocky.apk' with 1 weak references
06-04 18:27:25.538 W/gbei.zhushou.os(17165): ApkAssets: Deleting an ApkAssets object ' and /apex/com.android.healthfitness/priv-app/HealthConnectController@UD2A.240505.001.W1/HealthConnectController.apk' with 1 weak references
06-04 18:27:25.539 W/gbei.zhushou.os(17165): ApkAssets: Deleting an ApkAssets object ' and /system/priv-app/CalendarProvider/CalendarProvider.apk' with 1 weak references
06-04 18:27:25.539 W/gbei.zhushou.os(17165): ApkAssets: Deleting an ApkAssets object ' and /system_ext/priv-app/TvSettings/TvSettings.apk' with 1 weak references
06-04 18:27:25.540 W/gbei.zhushou.os(17165): ApkAssets: Deleting an ApkAssets object ' and /system/priv-app/ExternalStorageProvider/ExternalStorageProvider.apk' with 1 weak references
06-04 18:27:25.540 W/gbei.zhushou.os(17165): ApkAssets: Deleting an ApkAssets object ' and /system/app/HTMLViewer/HTMLViewer.apk' with 1 weak references
06-04 18:27:25.540 W/gbei.zhushou.os(17165): ApkAssets: Deleting an ApkAssets object ' and /system/app/CompanionDeviceManager/CompanionDeviceManager.apk' with 1 weak references
06-04 18:27:25.541 W/gbei.zhushou.os(17165): ApkAssets: Deleting an ApkAssets object ' and /system/priv-app/DownloadProvider/DownloadProvider.apk' with 1 weak references
06-04 18:27:25.541 W/gbei.zhushou.os(17165): ApkAssets: Deleting an ApkAssets object ' and /system/priv-app/TvProvider/TvProvider.apk' with 1 weak references
06-04 18:27:25.541 W/gbei.zhushou.os(17165): ApkAssets: Deleting an ApkAssets object '/product/overlay/TvProviderOverlay.apk' with 1 weak references
06-04 18:27:25.541 W/gbei.zhushou.os(17165): ApkAssets: Deleting an ApkAssets object ' and /product/app/DLNA/DLNA.apk' with 1 weak references
06-04 18:27:25.542 W/gbei.zhushou.os(17165): ApkAssets: Deleting an ApkAssets object ' and /system_ext/priv-app/droidlogic-res/droidlogic-res.apk' with 1 weak references
06-04 18:27:25.542 W/gbei.zhushou.os(17165): ApkAssets: Deleting an ApkAssets object ' and /system_ext/priv-app/DroidTvSettings/DroidTvSettings.apk' with 1 weak references
06-04 18:27:25.543 W/gbei.zhushou.os(17165): ApkAssets: Deleting an ApkAssets object ' and /system/app/LedCtrl/LedCtrl.apk' with 1 weak references
06-04 18:27:25.543 W/gbei.zhushou.os(17165): ApkAssets: Deleting an ApkAssets object ' and /system/app/dangbei-media-player/dangbei-media-player.apk' with 1 weak references
06-04 18:27:25.544 W/gbei.zhushou.os(17165): ApkAssets: Deleting an ApkAssets object ' and /apex/com.android.permission/priv-app/SafetyCenterResources@UD2A.240505.001.W1/SafetyCenterResources.apk' with 1 weak references
06-04 18:27:25.544 W/gbei.zhushou.os(17165): ApkAssets: Deleting an ApkAssets object ' and /system/app/PacProcessor/PacProcessor.apk' with 1 weak references
06-04 18:27:25.544 W/gbei.zhushou.os(17165): ApkAssets: Deleting an ApkAssets object ' and /apex/com.android.tethering/priv-app/ServiceConnectivityResources@UD2A.240505.001.W1/ServiceConnectivityResources.apk' with 1 weak references
06-04 18:27:25.544 W/gbei.zhushou.os(17165): ApkAssets: Deleting an ApkAssets object ' and /product/app/ModuleMetadata/ModuleMetadata.apk' with 1 weak references
06-04 18:27:25.545 W/gbei.zhushou.os(17165): ApkAssets: Deleting an ApkAssets object ' and /system/app/CertInstaller/CertInstaller.apk' with 1 weak references
06-04 18:27:25.545 W/gbei.zhushou.os(17165): ApkAssets: Deleting an ApkAssets object ' and /data/app/~~xntuXxWd3PH2t94C5REeBw==/com.dangbei.dbmusic.dbos.tab-lOuP4oFvOdhOUM8oIRGIcg==/base.apk' with 1 weak references
06-04 18:27:25.545 W/gbei.zhushou.os(17165): ApkAssets: Deleting an ApkAssets object ' and /system/framework/framework-res.apk' with 1 weak references
06-04 18:27:25.546 W/gbei.zhushou.os(17165): ApkAssets: Deleting an ApkAssets object ' and /product/app/Camera2/Camera2.apk' with 1 weak references
06-04 18:27:25.547 W/gbei.zhushou.os(17165): ApkAssets: Deleting an ApkAssets object ' and /system/priv-app/MtpService/MtpService.apk' with 1 weak references
06-04 18:27:25.547 W/gbei.zhushou.os(17165): ApkAssets: Deleting an ApkAssets object ' and /system/priv-app/StatementService/StatementService.apk' with 1 weak references
06-04 18:27:25.547 W/gbei.zhushou.os(17165): ApkAssets: Deleting an ApkAssets object ' and /system/app/dangbei-screencast/dangbei-screencast.apk' with 1 weak references
06-04 18:27:25.547 W/gbei.zhushou.os(17165): ApkAssets: Deleting an ApkAssets object ' and /product/priv-app/SettingsIntelligence/SettingsIntelligence.apk' with 1 weak references
06-04 18:27:25.548 W/gbei.zhushou.os(17165): ApkAssets: Deleting an ApkAssets object ' and /system/app/dangbei-launcher/dangbei-launcher.apk' with 1 weak references
06-04 18:27:25.548 W/gbei.zhushou.os(17165): ApkAssets: Deleting an ApkAssets object ' and /system/priv-app/SettingsProvider/SettingsProvider.apk' with 1 weak references
06-04 18:27:25.548 W/gbei.zhushou.os(17165): ApkAssets: Deleting an ApkAssets object '/product/overlay/TvSettingsProviderOverlay.apk' with 1 weak references
06-04 18:27:25.548 W/gbei.zhushou.os(17165): ApkAssets: Deleting an ApkAssets object '/product/overlay/WifiOverlay.apk' with 1 weak references
06-04 18:27:25.548 W/gbei.zhushou.os(17165): ApkAssets: Deleting an ApkAssets object ' and /system/app/PrintSpooler/PrintSpooler.apk' with 1 weak references
06-04 18:27:25.548 W/gbei.zhushou.os(17165): ApkAssets: Deleting an ApkAssets object ' and /system/app/BasicDreams/BasicDreams.apk' with 1 weak references
06-04 18:27:25.549 W/gbei.zhushou.os(17165): ApkAssets: Deleting an ApkAssets object ' and /system/priv-app/InputDevices/InputDevices.apk' with 1 weak references
06-04 18:27:25.549 W/gbei.zhushou.os(17165): ApkAssets: Deleting an ApkAssets object ' and /apex/com.android.rkpd/priv-app/rkpdapp@UD2A.240505.001.W1/rkpdapp.apk' with 1 weak references
06-04 18:27:25.549 W/gbei.zhushou.os(17165): ApkAssets: Deleting an ApkAssets object ' and /system/app/InputMacSn/InputMacSn.apk' with 1 weak references
06-04 18:27:25.549 W/gbei.zhushou.os(17165): ApkAssets: Deleting an ApkAssets object ' and /system/priv-app/MusicFX/MusicFX.apk' with 1 weak references
06-04 18:27:25.549 W/gbei.zhushou.os(17165): ApkAssets: Deleting an ApkAssets object ' and /system/priv-app/dangbei-boot-guide/dangbei-boot-guide.apk' with 1 weak references
06-04 18:27:25.550 W/gbei.zhushou.os(17165): ApkAssets: Deleting an ApkAssets object ' and /data/app/~~Tl-5c6LjM8x_So1TE5YCtg==/com.dangbei.hqmedia-9Ovxzg2_IQFr7GCY1MtYXg==/base.apk' with 1 weak references
06-04 18:27:25.550 W/gbei.zhushou.os(17165): ApkAssets: Deleting an ApkAssets object ' and /system/app/ExtShared/ExtShared.apk' with 1 weak references
06-04 18:27:25.550 W/gbei.zhushou.os(17165): ApkAssets: Deleting an ApkAssets object ' and /system/app/KeyChain/KeyChain.apk' with 1 weak references
06-04 18:27:25.550 W/gbei.zhushou.os(17165): ApkAssets: Deleting an ApkAssets object ' and /apex/com.android.extservices/priv-app/ExtServices@UD2A.240505.001.W1/ExtServices.apk' with 1 weak references
06-04 18:27:25.551 W/gbei.zhushou.os(17165): ApkAssets: Deleting an ApkAssets object ' and /apex/com.android.wifi/priv-app/ServiceWifiResources@UD2A.240505.001.W1/ServiceWifiResources.apk' with 1 weak references
06-04 18:27:25.551 W/gbei.zhushou.os(17165): ApkAssets: Deleting an ApkAssets object '/product/overlay/TvWifiOverlay.apk' with 1 weak references
06-04 18:27:25.551 W/gbei.zhushou.os(17165): ApkAssets: Deleting an ApkAssets object '/product/overlay/WiFiTetheringOverlay.apk' with 1 weak references
06-04 18:27:25.551 W/gbei.zhushou.os(17165): ApkAssets: Deleting an ApkAssets object ' and /system/app/CameraExtensionsProxy/CameraExtensionsProxy.apk' with 1 weak references
06-04 18:27:25.551 W/gbei.zhushou.os(17165): ApkAssets: Deleting an ApkAssets object ' and /system_ext/priv-app/MicToggleProvider/MicToggleProvider.apk' with 1 weak references
06-04 18:27:25.552 W/gbei.zhushou.os(17165): ApkAssets: Deleting an ApkAssets object ' and /system/priv-app/PackageInstaller_tv/PackageInstaller_tv.apk' with 1 weak references
06-04 18:27:25.552 W/gbei.zhushou.os(17165): ApkAssets: Deleting an ApkAssets object ' and /system/app/FactoryTest_oranth/FactoryTest_oranth.apk' with 1 weak references
06-04 18:27:25.552 W/gbei.zhushou.os(17165): ApkAssets: Deleting an ApkAssets object ' and /system/priv-app/ProxyHandler/ProxyHandler.apk' with 1 weak references
06-04 18:27:25.552 W/gbei.zhushou.os(17165): ApkAssets: Deleting an ApkAssets object ' and /system/priv-app/IntentResolver/IntentResolver.apk' with 1 weak references
06-04 18:27:25.552 W/gbei.zhushou.os(17165): ApkAssets: Deleting an ApkAssets object ' and /system/priv-app/ManagedProvisioning/ManagedProvisioning.apk' with 1 weak references
06-04 18:27:25.553 W/gbei.zhushou.os(17165): ApkAssets: Deleting an ApkAssets object ' and /system/app/UsbOpenFT/UsbOpenFT.apk' with 1 weak references
06-04 18:27:25.553 W/gbei.zhushou.os(17165): ApkAssets: Deleting an ApkAssets object ' and /system/priv-app/SoundPicker/SoundPicker.apk' with 1 weak references
06-04 18:27:25.553 W/gbei.zhushou.os(17165): ApkAssets: Deleting an ApkAssets object ' and /system/app/dangbei-etna-service/dangbei-etna-service.apk' with 1 weak references
06-04 18:27:25.553 W/gbei.zhushou.os(17165): ApkAssets: Deleting an ApkAssets object ' and /product/app/Miracast/Miracast.apk' with 1 weak references
06-04 18:27:25.553 W/gbei.zhushou.os(17165): ApkAssets: Deleting an ApkAssets object ' and /system/app/dangbei-file-manager/dangbei-file-manager.apk' with 1 weak references
06-04 18:27:25.554 W/gbei.zhushou.os(17165): ApkAssets: Deleting an ApkAssets object ' and /system/app/PowerUI/PowerUI.apk' with 1 weak references
06-04 18:27:25.554 W/gbei.zhushou.os(17165): ApkAssets: Deleting an ApkAssets object ' and /system/app/dangbei-screensaver/dangbei-screensaver.apk' with 1 weak references
06-04 18:27:25.554 W/gbei.zhushou.os(17165): ApkAssets: Deleting an ApkAssets object ' and /product/app/Music/Music.apk' with 1 weak references
06-04 18:27:25.554 W/gbei.zhushou.os(17165): ApkAssets: Deleting an ApkAssets object ' and /system/priv-app/Shell/Shell.apk' with 1 weak references
06-04 18:27:25.555 W/gbei.zhushou.os(17165): ApkAssets: Deleting an ApkAssets object ' and /system/priv-app/UserDictionaryProvider/UserDictionaryProvider.apk' with 1 weak references
06-04 18:27:25.555 W/gbei.zhushou.os(17165): ApkAssets: Deleting an ApkAssets object ' and /apex/com.android.mediaprovider/priv-app/MediaProvider@UD2A.240505.001.W1/MediaProvider.apk' with 1 weak references
06-04 18:27:25.555 W/gbei.zhushou.os(17165): ApkAssets: Deleting an ApkAssets object ' and /system/app/Low_storage_dialog/Low_storage_dialog.apk' with 1 weak references
06-04 18:27:25.556 W/gbei.zhushou.os(17165): ApkAssets: Deleting an ApkAssets object ' and /apex/com.android.wifi/app/OsuLogin@UD2A.240505.001.W1/OsuLogin.apk' with 1 weak references
06-04 18:27:25.556 W/gbei.zhushou.os(17165): ApkAssets: Deleting an ApkAssets object ' and /system/priv-app/FusedLocation/FusedLocation.apk' with 1 weak references
06-04 18:27:25.556 W/gbei.zhushou.os(17165): ApkAssets: Deleting an ApkAssets object ' and /product/app/DeskClock/DeskClock.apk' with 1 weak references
06-04 18:27:25.556 W/gbei.zhushou.os(17165): ApkAssets: Deleting an ApkAssets object ' and /system_ext/priv-app/TvSystemUI/TvSystemUI.apk' with 1 weak references
06-04 18:27:25.557 W/gbei.zhushou.os(17165): ApkAssets: Deleting an ApkAssets object '/vendor/overlay/TvSystemUI__auto_generated_rro_vendor.apk' with 1 weak references
06-04 18:27:25.557 W/gbei.zhushou.os(17165): ApkAssets: Deleting an ApkAssets object '/product/overlay/SystemUIOverlay.apk' with 1 weak references
06-04 18:27:25.557 W/gbei.zhushou.os(17165): ApkAssets: Deleting an ApkAssets object ' and /system/app/dangbei-setting/dangbei-setting.apk' with 1 weak references
06-04 18:27:25.557 W/gbei.zhushou.os(17165): ApkAssets: Deleting an ApkAssets object ' and /apex/com.android.permission/priv-app/PermissionController@UD2A.240505.001.W1/PermissionController.apk' with 1 weak references
06-04 18:27:25.558 W/gbei.zhushou.os(17165): ApkAssets: Deleting an ApkAssets object ' and /vendor/priv-app/AppInstaller/AppInstaller.apk' with 1 weak references
06-04 18:27:25.559 W/gbei.zhushou.os(17165): ApkAssets: Deleting an ApkAssets object ' and /apex/com.android.btservices/app/Bluetooth@UD2A.240505.001.W1/Bluetooth.apk' with 1 weak references
06-04 18:27:25.559 W/gbei.zhushou.os(17165): ApkAssets: Deleting an ApkAssets object ' and /system/priv-app/ContactsProvider/ContactsProvider.apk' with 1 weak references
06-04 18:27:25.559 W/gbei.zhushou.os(17165): ApkAssets: Deleting an ApkAssets object ' and /system/app/CaptivePortalLogin/CaptivePortalLogin.apk' with 1 weak references
06-04 18:27:25.559 W/gbei.zhushou.os(17165): ApkAssets: Deleting an ApkAssets object ' and /apex/com.android.devicelock/priv-app/DeviceLockController@UD2A.240505.001.W1/DeviceLockController.apk' with 1 weak references
06-04 18:27:25.559 W/gbei.zhushou.os(17165): ApkAssets: Deleting an ApkAssets object ' and /data/app/~~YL7ESmgmKbDqMsq8tJWaMw==/com.cibn.tv-aG-lnKpk3-cg4VX0WIitDg==/base.apk' with 1 weak references
06-04 18:27:25.559 W/gbei.zhushou.os(17165): ApkAssets: Deleting an ApkAssets object ' and /apex/com.android.extservices/priv-app/AdExtServicesApk@UD2A.240505.001.W1/AdExtServicesApk.apk' with 1 weak references
06-04 18:27:26.439 W/ServiceManagerCppClient(15825): Waited one second for android.hardware.tv.tuner.ITuner/default (is service started? Number of threads started in the threadpool: 0. Are binder threads started and available?)
06-04 18:27:26.444 W/libc ( 232): Unable to set property "ctl.interface_start" to "aidl/android.hardware.tv.tuner.ITuner/default": error code: 0x20
06-04 18:27:27.184 I/WifiHAL ( 493): call wifi_get_link_stats handler
06-04 18:27:27.184 I/WifiHAL ( 493): Creating message to get link statistics; iface = 16
06-04 18:27:27.184 D/WifiHAL ( 493): error code -95 mapped to -3
06-04 18:27:27.185 E/WifiStaIfaceAidlImpl(15731): getLinkLayerStats failed with service-specific exception: android.os.ServiceSpecificException: (code 4)
06-04 18:27:27.410 I/adbd (16344): host-26: read thread spawning
06-04 18:27:27.411 I/adbd (16344): host-26: write thread spawning
06-04 18:27:27.411 I/adbd (16344): authentication not required
06-04 18:27:27.442 W/ServiceManagerCppClient(15825): Waited one second for android.hardware.tv.tuner.ITuner/default (is service started? Number of threads started in the threadpool: 0. Are binder threads started and available?)
06-04 18:27:27.447 W/libc ( 232): Unable to set property "ctl.interface_start" to "aidl/android.hardware.tv.tuner.ITuner/default": error code: 0x20
06-04 18:27:28.445 W/ServiceManagerCppClient(15825): Waited one second for android.hardware.tv.tuner.ITuner/default (is service started? Number of threads started in the threadpool: 0. Are binder threads started and available?)
06-04 18:27:28.450 W/libc ( 232): Unable to set property "ctl.interface_start" to "aidl/android.hardware.tv.tuner.ITuner/default": error code: 0x20
06-04 18:27:28.698 D/OomAdjuster(15731): Not killing cached processes
06-04 18:27:29.448 W/ServiceManagerCppClient(15825): Waited one second for android.hardware.tv.tuner.ITuner/default (is service started? Number of threads started in the threadpool: 0. Are binder threads started and available?)
06-04 18:27:29.454 W/libc ( 232): Unable to set property "ctl.interface_start" to "aidl/android.hardware.tv.tuner.ITuner/default": error code: 0x20
06-04 18:27:30.190 I/WifiHAL ( 493): call wifi_get_link_stats handler
06-04 18:27:30.190 I/WifiHAL ( 493): Creating message to get link statistics; iface = 16
06-04 18:27:30.191 D/WifiHAL ( 493): error code -95 mapped to -3
06-04 18:27:30.191 E/WifiStaIfaceAidlImpl(15731): getLinkLayerStats failed with service-specific exception: android.os.ServiceSpecificException: (code 4)
