06-04 18:27:00.467 I/AvrcpBrowsablePlayerConnector(16024): com.android.music is not browsable
06-04 18:27:00.469 I/C2VendorComponentStore( 475): C2VendorComponentStore::createComponent name c2.amlogic.hevc.decoder
06-04 18:27:00.469 I/C2VendorComponentStore( 475): findComponent
06-04 18:27:00.469 I/C2VendorComponentStore( 475): C2VendorComponentStore::createComponent fetchModule
06-04 18:27:00.469 I/C2VendorComponentStore( 475): localModule libpath libcodec2_aml_video_decoder.so 2
06-04 18:27:00.469 V/C2VendorComponentStore( 475): Loading dll
06-04 18:27:00.470 I/C2VendorComponentStore( 475): in init ===> start codec:2 secure:0 isAudio:0
06-04 18:27:00.470 V/C2VendorComponentStore( 475): init libPath:libcodec2_aml_video_decoder.so --> isAudio:0, createFactoryName:CreateC2VdecH265Factory
06-04 18:27:00.470 V/C2VdecComponent( 475): create component H265 secure:0
06-04 18:27:00.470 I/C2VendorComponentStore( 475): GetCodec2VendorComponentStore, line:861
06-04 18:27:00.470 W/C2VdecComponent( 475): Initialize() instances: 0
06-04 18:27:00.470 E/C2VdecCodecConfig( 475): c2.amlogic.hevc.decoder can support 4K
06-04 18:27:00.471 I/C2VdecCodecConfig( 475): isCodecSupportHdr10Plus hdr10:(0)
06-04 18:27:00.471 E/C2VdecCodecConfig( 475): can support 8K
06-04 18:27:00.472 I/C2VdecComponentIntfImpl( 475): [onHdrDeclareParam:1048] mSupportHdr10Plus 0
06-04 18:27:00.473 I/C2VdecComponentIntfImpl( 475): not set prop not support 10bit
06-04 18:27:00.473 I/C2VdecComponent( 475): [13##-1]"Create C2VdecComponent(c2.amlogic.hevc.decoder)"
06-04 18:27:00.473 V/GraphicsEnvironment(16455): Currently set values for:
06-04 18:27:00.473 I/C2VdecComponent( 475): vendor.media.c2.loglevels is not set used def = 1
06-04 18:27:00.473 V/GraphicsEnvironment(16455): angle_gl_driver_selection_pkgs=[]
06-04 18:27:00.473 I/DebugUtil( 475): vendor.media.c2.loglevels is not set used def = 1
06-04 18:27:00.473 I/DebugUtil( 475): [DebugUtil:66]
06-04 18:27:00.473 V/GraphicsEnvironment(16455): angle_gl_driver_selection_values=[]
06-04 18:27:00.473 I/C2VdecDequeueThreadUtil( 475): vendor.media.c2.loglevels is not set used def = 1
06-04 18:27:00.473 I/C2VdecDequeueThreadUtil( 475): Creat DequeueThreadUtil!!
06-04 18:27:00.473 V/C2VendorComponentStore( 475): In ~ComponentModule
06-04 18:27:00.473 V/C2VendorComponentStore( 475): Unloading dll
06-04 18:27:00.474 D/CompatibilityChangeReporter(16457): Compat change id reported: 171979766; UID 1000; state: DISABLED
06-04 18:27:00.474 V/GraphicsEnvironment(16455): ANGLE GameManagerService for com.android.keychain: false
06-04 18:27:00.475 V/GraphicsEnvironment(16455): com.android.keychain is not listed in per-application setting
06-04 18:27:00.475 V/GraphicsEnvironment(16455): Neither updatable production driver nor prerelease driver is supported.
06-04 18:27:00.476 I/CCodec (16403): Created component [c2.amlogic.hevc.decoder]
06-04 18:27:00.476 W/Codec2Client(16403): query -- param skipped: index = 2684356613.
06-04 18:27:00.476 D/CCodecConfig(16403): Query domain & kind failed => BAD_INDEX
06-04 18:27:00.476 D/CCodecConfig(16403): read media type: video/hevc
06-04 18:27:00.476 D/CCodecConfig(16403): read media type: video/hevc
06-04 18:27:00.480 D/ReflectedParamUpdater(16403): extent() != 1 for single value type: input.buffers.allocator-ids.values
06-04 18:27:00.481 D/CompatibilityChangeReporter(16457): Compat change id reported: 242716250; UID 1000; state: DISABLED
06-04 18:27:00.481 D/ReflectedParamUpdater(16403): extent() != 1 for single value type: output.buffers.allocator-ids.values
06-04 18:27:00.481 D/ReflectedParamUpdater(16403): extent() != 1 for single value type: output.buffers.pool-ids.values
06-04 18:27:00.484 D/ReflectedParamUpdater(16403): extent() != 1 for single value type: output.tunneled-render.sync-id
06-04 18:27:00.484 D/ReflectedParamUpdater(16403): extent() != 1 for single value type: output.tunnel-handle.values
06-04 18:27:00.489 D/CCodecConfig(16403): ignoring local param raw.size (0xd2001800) as it is already supported
06-04 18:27:00.489 D/CompatibilityChangeReporter(15731): Compat change id reported: 261072174; UID 10052; state: ENABLED
06-04 18:27:00.489 D/CCodecConfig(16403): ignoring local param default.color (0x5200180b) as it is already supported
06-04 18:27:00.489 D/CCodecConfig(16403): ignoring local param raw.hdr-static-info (0xd200180a) as it is already supported
06-04 18:27:00.491 I/CCodecConfig(16403): query failed after returning 15 values (BAD_INDEX)
06-04 18:27:00.491 D/CCodecConfig(16403): c2 config diff is Dict {
06-04 18:27:00.491 D/CCodecConfig(16403): c2::u32 algo.delay.value = 0
06-04 18:27:00.491 D/CCodecConfig(16403): c2::u32 algo.low-latency.value = 0
06-04 18:27:00.491 D/CCodecConfig(16403): c2::float coded.frame-rate.value = 30
06-04 18:27:00.491 D/CCodecConfig(16403): c2::u32 coded.pl.level = 24838
06-04 18:27:00.491 D/CCodecConfig(16403): c2::u32 coded.pl.profile = 24576
06-04 18:27:00.491 D/CCodecConfig(16403): c2::u32 coded.vui.color.matrix = 0
06-04 18:27:00.491 D/CCodecConfig(16403): c2::u32 coded.vui.color.primaries = 0
06-04 18:27:00.491 D/CCodecConfig(16403): c2::u32 coded.vui.color.range = 0
06-04 18:27:00.491 D/CCodecConfig(16403): c2::u32 coded.vui.color.transfer = 0
06-04 18:27:00.491 D/CCodecConfig(16403): c2::u32 default.color.matrix = 0
06-04 18:27:00.491 D/CCodecConfig(16403): c2::u32 default.color.primaries = 0
06-04 18:27:00.491 D/CCodecConfig(16403): c2::u32 default.color.range = 0
06-04 18:27:00.491 D/CCodecConfig(16403): c2::u32 default.color.transfer = 0
06-04 18:27:00.491 D/CCodecConfig(16403): c2::u32 input.buffers.max-size.value = 1310720
06-04 18:27:00.491 D/CCodecConfig(16403): c2::u32 input.delay.value = 4
06-04 18:27:00.491 D/CCodecConfig(16403): string input.media-type.value = "video/hevc"
06-04 18:27:00.491 D/CCodecConfig(16403): c2::u32 output.delay.value = 3
06-04 18:27:00.491 D/CCodecConfig(16403): string output.media-type.value = "video/raw"
06-04 18:27:00.491 D/CCodecConfig(16403): c2::u32 output.tunnel-start-render.value = 0
06-04 18:27:00.491 D/CCodecConfig(16403): c2::u32 raw.color.matrix = 0
06-04 18:27:00.491 D/CCodecConfig(16403): c2::u32 raw.color.primaries = 0
06-04 18:27:00.491 D/CCodecConfig(16403): c2::u32 raw.color.range = 0
06-04 18:27:00.491 D/CCodecConfig(16403): c2::u32 raw.color.transfer = 0
06-04 18:27:00.491 D/CCodecConfig(16403): c2::float raw.hdr-static-info.mastering.blue.x = 0
06-04 18:27:00.491 D/CCodecConfig(16403): c2::float raw.hdr-static-info.mastering.blue.y = 0
06-04 18:27:00.491 D/CCodecConfig(16403): c2::float raw.hdr-static-info.maste
06-04 18:27:00.492 W/ColorUtils(16403): expected specified color aspects (0:0:0:0)
06-04 18:27:00.496 D/MediaCodec(16403): flushMediametrics
06-04 18:27:00.496 D/CCodec (16403): [c2.amlogic.hevc.decoder] buffers are bound to CCodec for this session
06-04 18:27:00.496 D/CCodec (16403): Client requested ByteBuffer mode decoder w/o color format set: using default planar color format
06-04 18:27:00.497 D/CCodecConfig(16403): no c2 equivalents for flags
06-04 18:27:00.497 I/C2VdecComponentIntfImpl( 475): [13##13]config picture w:1920 h:1080
06-04 18:27:00.498 D/CCodecConfig(16403): c2 config diff is c2::u32 raw.size.height = 1080
06-04 18:27:00.498 D/CCodecConfig(16403): c2::u32 raw.size.width = 1920
06-04 18:27:00.498 W/ColorUtils(16403): expected specified color aspects (0:0:0:0)
06-04 18:27:00.499 W/Codec2Client(16403): query -- param skipped: index = 1107298332.
06-04 18:27:00.499 D/CCodec (16403): encoding statistics level = 0
06-04 18:27:00.499 D/CCodec (16403): setup formats input: AMessage(what = 0x00000000) = {
06-04 18:27:00.499 D/CCodec (16403): int32_t frame-rate = 30
06-04 18:27:00.499 D/CCodec (16403): int32_t height = 1080
06-04 18:27:00.499 D/CCodec (16403): int32_t level = 8388608
06-04 18:27:00.499 D/CCodec (16403): int32_t max-input-size = 1572864
06-04 18:27:00.499 D/CCodec (16403): string mime = "video/hevc"
06-04 18:27:00.499 D/CCodec (16403): int32_t profile = 1
06-04 18:27:00.499 D/CCodec (16403): int32_t width = 1920
06-04 18:27:00.499 D/CCodec (16403): Rect crop(0, 0, 1919, 1079)
06-04 18:27:00.499 D/CCodec (16403): int32_t color-transfer-request = 0
06-04 18:27:00.499 D/CCodec (16403): }
06-04 18:27:00.499 D/CCodec (16403): setup formats output: AMessage(what = 0x00000000) = {
06-04 18:27:00.499 D/CCodec (16403): int32_t android._video-scaling = 1
06-04 18:27:00.499 D/CCodec (16403): int32_t android._dataspace = 0
06-04 18:27:00.499 D/CCodec (16403): int32_t color-standard = 0
06-04 18:27:00.499 D/CCodec (16403): int32_t color-range = 0
06-04 18:27:00.499 D/CCodec (16403): int32_t color-transfer = 0
06-04 18:27:00.499 D/CCodec (16403): int32_t sar-height = 1
06-04 18:27:00.499 D/CCodec (16403): int32_t rotation-degrees = 0
06-04 18:27:00.499 D/CCodec (16403): Buffer hdr-static-info = {
06-04 18:27:00.499 D/CCodec (16403): 00000000: 00 00 00 00 00 00 00 00 00 00 00 00 00 00 00 00 ................
06-04 18:27:00.499 D/CCodec (16403): 00000010: 00 00 00 00 00 00 00 00 00 .........
06-04 18:27:00.499 D/CCodec (16403): }
06-04 18:27:00.499 D/CCodec (16403): int32_t sar-width = 1
06-04 18:27:00.499 D/CCodec (16403): Rect crop(0, 0, 1919, 1079)
06-04 18:27:00.499 D/CCodec (16403): int32_t width = 1920
06-04 18:27:00.499 D/CCodec (16403): int32_t frame-rate = 30
06-04 18:27:00.499 D/CCodec (16403): int32_t height = 1080
06-04 18:27:00.499 D/CCodec (16403): string mime = "video/raw"
06-04 18:27:00.499 D/CCodec (16403): int32_t color-format = 19
06-04 18:27:00.499 D/CCodec (16403): }
06-04 18:27:00.499 I/CCodecConfig(16403): query failed after returning 15 values (BAD_INDEX)
06-04 18:27:00.500 D/CCodecConfig(16403): c2 config diff is c2::u32 input.buffers.max-size.value = 1572864
06-04 18:27:00.500 W/ColorUtils(16403): expected specified color aspects (0:0:0:0)
06-04 18:27:00.501 W/ResourceManagerMetrics(15608): notifyClientStopped: Start Config is missing!
06-04 18:27:00.502 I/TranscodeHelper(16403): Device HDR Plugin is available: false
06-04 18:27:00.503 I/TranscodeHelper(16403): Empty transcode compat stale
06-04 18:27:00.503 I/TranscodeHelper(16403): Parsed 0 packages from resource
06-04 18:27:00.503 I/TranscodeHelper(16403): Empty device config transcode compat manifest
06-04 18:27:00.504 I/C2VdecComponent( 475): [13##-1]"[release]"
06-04 18:27:00.504 I/C2VdecComponent( 475): [13##-1]"[reset]"
06-04 18:27:00.504 I/C2VdecComponent( 475): [13##-1]"[stop]"
06-04 18:27:00.504 I/DebugUtil( 475): [~DebugUtil:71]
06-04 18:27:00.504 I/C2VdecComponent( 475): [13##-1]"[onDestroy]"
06-04 18:27:00.504 I/C2VdecDequeueThreadUtil( 475): ~DequeueThreadUtil!!
06-04 18:27:00.505 I/C2VdecComponent( 475): [13##-1]"[onDestroy] done"
06-04 18:27:00.506 I/hw-BpHwBinder( 475): onLastStrongRef automatically unlinking death recipients
06-04 18:27:00.506 I/C2VdecComponent( 475): [13##-1]"~C2VdecComponent start"
06-04 18:27:00.506 I/C2VdecComponent( 475): [13##-1]"~C2VdecComponent done"
06-04 18:27:00.506 D/MediaCodec(16403): flushMediametrics
06-04 18:27:00.506 I/hw-BpHwBinder(16403): onLastStrongRef automatically unlinking death recipients
06-04 18:27:00.507 D/CompatibilityChangeReporter(15731): Compat change id reported: 161145287; UID 10058; state: ENABLED
06-04 18:27:00.508 D/MediaCodec(16403): flushMediametrics
06-04 18:27:00.508 W/MediaCodec(16403): no metrics handle found
06-04 18:27:00.512 V/MediaStore(16403): Examining volume emulated;0 with name external_primary and state checking
06-04 18:27:00.515 D/CompatibilityChangeReporter(16403): Compat change id reported: 148180766; UID 10058; state: ENABLED
06-04 18:27:00.518 V/MediaProvider(16403): onConfigure() for external.db
06-04 18:27:00.521 I/MediaProvider(16403): Changed PhotoPickerGetContentActivity component state to STATE_ENABLED ( 1 )
06-04 18:27:00.522 D/ApplicationLoaders(16457): Returning zygote-cached class loader: /system/framework/android.test.base.jar
06-04 18:27:00.523 D/ApplicationLoaders(16457): Returning zygote-cached class loader: /system/framework/android.hidl.manager-V1.0-java.jar
06-04 18:27:00.523 I/MediaProvider(16403): Changed PhotoPickerUserSelectActivity component state to STATE_ENABLED ( 1 )
06-04 18:27:00.523 D/ApplicationLoaders(16457): Returning zygote-cached class loader: /system/framework/android.hidl.base-V1.0-java.jar
06-04 18:27:00.524 V/MediaProvider(16403): onOpen() for external.db
06-04 18:27:00.524 D/PulledMetrics(16403): Registering callback with StatsManager
06-04 18:27:00.524 I/MediaProvider(16403): No database change across sequential open calls for external.db.
06-04 18:27:00.526 D/MediaProvider(16403): xattr set to 5c52b571-76a9-477e-8066-d37467a5087f for key:user.extdbsessionid0 on path: /data/user/0/com.android.providers.media.module/databases/external.db.
06-04 18:27:00.529 D/MediaProvider(16403): xattr set to 5c52b571-76a9-477e-8066-d37467a5087f for key:user.extdbsessionid0 on path: /data/media/0.
06-04 18:27:00.529 I/MediaProvider(16403): SessionId set to 5c52b571-76a9-477e-8066-d37467a5087f on paths /data/user/0/com.android.providers.media.module/databases/external.db and /data/media/0.
06-04 18:27:00.529 V/MediaProvider(16403): onOpen() finished for external.db
06-04 18:27:00.532 I/MediaApplication(16403): PhotoPickerSettingsActivity is now disabled.
06-04 18:27:00.537 D/nativeloader(16457): Configuring clns-shared-4 for other apk /system/framework/org.apache.http.legacy.jar. target_sdk_version=1, uses_libraries=ALL, library_path=/system/app/LedCtrl/lib/arm:/system/fake-libs:/system/app/LedCtrl/LedCtrl.apk!/lib/armeabi-v7a:/system/lib:/system_ext/lib, permitted_path=/data:/mnt/expand:/data/user/0/com.oranth.ledstatus:/system/app/LedCtrl:/system/lib:/system_ext/lib
06-04 18:27:00.543 W/ranth.ledstatus(16457): ClassLoaderContext shared library size mismatch. Expected=0, found=4 (PCL[] | PCL[]{PCL[/system/framework/android.test.base.jar*1004523826]#PCL[/system/framework/android.hidl.manager-V1.0-java.jar*1860506820]#PCL[/system/framework/android.hidl.base-V1.0-java.jar*741655320]#PCL[/system/framework/org.apache.http.legacy.jar*2889266191]})
06-04 18:27:00.546 I/StorageUserConnection(15731): Service: [ComponentInfo{com.android.providers.media.module/com.android.providers.media.fuse.ExternalStorageServiceImpl}] connected. User [0]
06-04 18:27:00.549 I/ExternalStorageServiceImpl(16403): Starting session for id: emulated;0
06-04 18:27:00.549 V/FuseDaemonThread(16403): Waiting 1000ms for FUSE start. Count 4
06-04 18:27:00.550 D/nativeloader(16457): Configuring clns-shared-5 for other apk /system/app/LedCtrl/LedCtrl.apk. target_sdk_version=1, uses_libraries=, library_path=/system/app/LedCtrl/lib/arm:/system/fake-libs:/system/app/LedCtrl/LedCtrl.apk!/lib/armeabi-v7a:/system/lib:/system_ext/lib, permitted_path=/data:/mnt/expand:/data/user/0/com.oranth.ledstatus:/system/app/LedCtrl:/system/lib:/system_ext/lib
06-04 18:27:00.550 I/FuseDaemonThread(16403): Starting thread for emulated;0 ...
06-04 18:27:00.551 I/FuseDaemon(16403): fuse-bpf is enabled because of property ro.fuse.bpf.is_running
06-04 18:27:00.551 D/MediaGrants(16403): Removed 0 existing media_grants
06-04 18:27:00.551 I/FuseDaemon(16403): Using FUSE BPF, BPF prog fd fetched
06-04 18:27:00.551 I/FuseDaemon(16403): Using FUSE passthrough
06-04 18:27:00.551 I/FuseDaemon(16403): Starting fuse...
06-04 18:27:00.563 D/CompatibilityChangeReporter(15731): Compat change id reported: 149924527; UID 1000; state: ENABLED
06-04 18:27:00.564 D/CompatibilityChangeReporter(15731): Compat change id reported: 132649864; UID 1000; state: DISABLED
06-04 18:27:00.572 E/ccc (16386): cccccc etna EtnaApplication init com.dangbei.lerad.etna.haqu.EtnaApplication@1faf1f0
06-04 18:27:00.573 I/MMKV (16386): Disable checkProcessMode()
06-04 18:27:00.575 I/MMKV (16386): current API level = 34
06-04 18:27:00.575 I/MMKV (16386): version v1.2.8 page size:4096
06-04 18:27:00.575 I/MMKV (16386): root dir: /data/user/0/com.dangbei.lerad.etna.haqu/files/mmkv
06-04 18:27:00.576 V/GraphicsEnvironment(16457): Currently set values for:
06-04 18:27:00.576 V/GraphicsEnvironment(16457): angle_gl_driver_selection_pkgs=[]
06-04 18:27:00.576 V/GraphicsEnvironment(16457): angle_gl_driver_selection_values=[]
06-04 18:27:00.578 V/GraphicsEnvironment(16457): ANGLE GameManagerService for com.oranth.ledstatus: false
06-04 18:27:00.578 V/GraphicsEnvironment(16457): com.oranth.ledstatus is not listed in per-application setting
06-04 18:27:00.578 V/GraphicsEnvironment(16457): Neither updatable production driver nor prerelease driver is supported.
06-04 18:27:00.584 E/ccc (16386): cccccc ota-path is cache/recovery/
06-04 18:27:00.586 W/ContextImpl(16386): Calling a method in the system process without a qualified user: android.app.ContextImpl.startService:1899 android.content.ContextWrapper.startService:825 com.dangbei.lerad.etna.core.EtnaManager.startService:64 com.dangbei.lerad.etna.core.EtnaManager.init:39 com.dangbei.lerad.etna.haqu.EtnaApplication.init:87
06-04 18:27:00.590 I/FrameWorkHelper(16421): userHttps:
06-04 18:27:00.595 W/ContextImpl(16386): Calling a method in the system process without a qualified user: android.app.ContextImpl.startService:1899 android.content.ContextWrapper.startService:825 com.dangbei.andes.CoreService$Companion.start:29 com.dangbei.lerad.etna.haqu.EtnaApplication.init:88 com.dangbei.lerad.etna.haqu.EtnaApplication.onCreate:59
06-04 18:27:00.600 I/android_os_HwBinder(16386): HwBinder: Starting thread pool for getting: vendor.amlogic.hardware.systemcontrol@1.1::ISystemControl/default
06-04 18:27:00.603 V/MesonDisplayServer( 289): GetDisplayMode:2160p60hz
06-04 18:27:00.607 D/HDMI (15731): Process pid:16386 is calling addHotplugEventListener
06-04 18:27:00.608 D/hdmicecd( 480): [HdmiCecControl]:isConnected, port:0, connected:yes
06-04 18:27:00.608 D/hdmiconnection( 480): isConnected:1
06-04 18:27:00.609 I/ActivityManager(15731): com.oranth.storage is exempt from freezer
06-04 18:27:00.609 V/MesonDisplayServer( 289): GetDisplayMode:2160p60hz
06-04 18:27:00.609 D/CompatibilityChangeReporter(15731): Compat change id reported: 135634846; UID 1000; state: DISABLED
06-04 18:27:00.611 I/SystemControl( 316): [/Ubootenv.cpp, get, 336] [ubootenv] get key:2160p_x envValue: 57
06-04 18:27:00.611 I/SystemControl( 316): [/Ubootenv.cpp, get, 336] [ubootenv] get key:2160p_y envValue: 32
06-04 18:27:00.611 I/SystemControl( 316): [/Ubootenv.cpp, get, 336] [ubootenv] get key:2160p_w envValue: 3726
06-04 18:27:00.611 I/SystemControl( 316): [/Ubootenv.cpp, get, 336] [ubootenv] get key:2160p_h envValue: 2096
06-04 18:27:00.611 I/SystemControl( 316): [/DisplayMode.cpp, getPosition, 2201] getPosition curMode:2160p60hz position[0]:57 position[1]:32 position[2]:3726 position[3]:2096
06-04 18:27:00.611 I/SystemControl( 316): get position x:57 y:32 w:3726 h:2096
06-04 18:27:00.614 I/aaa (16457): BootCompleteService is start !!!
06-04 18:27:00.616 W/ContextImpl(16457): Calling a method in the system process without a qualified user: android.app.ContextImpl.startService:1899 android.content.ContextWrapper.startService:825 android.content.ContextWrapper.startService:825 com.oranth.ledstatus.BootCompletedReceiver.onReceive:15 android.app.ActivityThread.handleReceiver:4494
06-04 18:27:00.617 V/MesonDisplayServer( 289): GetDisplayMode:2160p60hz
06-04 18:27:00.619 I/DroidAudioManager.J(16386): construction DroidAudioManager
06-04 18:27:00.622 W/ContextImpl(16386): Calling a method in the system process without a qualified user: android.app.ContextImpl.bindService:1988 android.content.ContextWrapper.bindService:861 com.dangbei.lerad.etna.lib.client.EtnaClient.bindServer:138 com.dangbei.lerad.etna.lib.client.EtnaClient.access$600:29 com.dangbei.lerad.etna.lib.client.EtnaClient$3.call:205
06-04 18:27:00.624 D/ConnectivityService(15731): NetReassign [no changes] [c 0] [a 0] [i 0]
06-04 18:27:00.626 D/ConnectivityService(15731): NetReassign [no changes] [c 0] [a 0] [i 0]
06-04 18:27:00.631 W/ContextImpl(16386): Calling a method in the system process without a qualified user: android.app.ContextImpl.bindService:1988 android.content.ContextWrapper.bindService:861 com.dangbei.lerad.etna.lib.client.EtnaClient.bindServer:138 com.dangbei.lerad.etna.lib.client.EtnaClient.access$600:29 com.dangbei.lerad.etna.lib.client.EtnaClient$3.call:205
06-04 18:27:00.632 D/aaa (16457): onCreate()
06-04 18:27:00.632 D/Zygote (15605): Forked child process 16541
06-04 18:27:00.633 I/ActivityManager(15731): Start proc 16541:com.oranth.storage/1000 for broadcast {com.oranth.storage/com.oranth.storage.BootCompletedReceiver}
06-04 18:27:00.638 I/Zygote (16541): seccomp disabled by setenforce 0
06-04 18:27:00.644 I/.oranth.storage(16541): Late-enabling -Xcheck:jni
06-04 18:27:00.647 E/update_engine( 639): [ERROR:update_attempter_android.cc(-1)] unknown(...): Domain=update_engine, Code=generic_error, Message=No ongoing update to cancel.
06-04 18:27:00.654 D/aaa (16457): LedStatusService onStartCommand begin
06-04 18:27:00.657 E/update_engine( 639): [ERROR:update_attempter_android.cc(94)] Replying with failure: pc:0x7fa4089: No ongoing update to cancel.
06-04 18:27:00.660 D/aaa (16457): topPkg is -------------- :com.android.tv.settings
06-04 18:27:00.662 E/ccc (16386): cccccc 故意做的cancel 捕获 No ongoing update to cancel.
06-04 18:27:00.663 W/System.err(16386): android.os.ServiceSpecificException: No ongoing update to cancel. (code 1)
06-04 18:27:00.663 W/System.err(16386): at android.os.Parcel.createExceptionOrNull(Parcel.java:3071)
06-04 18:27:00.663 W/System.err(16386): at android.os.Parcel.createException(Parcel.java:3041)
06-04 18:27:00.663 W/System.err(16386): at android.os.Parcel.readException(Parcel.java:3024)
06-04 18:27:00.663 W/System.err(16386): at android.os.Parcel.readException(Parcel.java:2966)
06-04 18:27:00.663 W/System.err(16386): at android.os.IUpdateEngine$Stub$Proxy.cancel(IUpdateEngine.java:461)
06-04 18:27:00.663 W/System.err(16386): at android.os.UpdateEngine.cancel(UpdateEngine.java:384)
06-04 18:27:00.663 W/System.err(16386): at com.oranth.otalibrary.OTAManager.cancel(OTAManager.java:54)
06-04 18:27:00.663 W/System.err(16386): at com.dangbei.etna.update.ota.OtaUpdateHelper.cancelInstalling(OtaUpdateHelper.kt:134)
06-04 18:27:00.663 W/System.err(16386): at com.dangbei.etna.update.ota.OtaUpdateHelper.init(OtaUpdateHelper.kt:72)
06-04 18:27:00.663 W/System.err(16386): at com.dangbei.etna.update.UpdateHelper.init(UpdateHelper.kt:60)
06-04 18:27:00.663 W/System.err(16386): at com.dangbei.lerad.etna.haqu.EtnaApplication.init(EtnaApplication.kt:97)
06-04 18:27:00.663 W/System.err(16386): at com.dangbei.lerad.etna.haqu.EtnaApplication.onCreate(EtnaApplication.kt:59)
06-04 18:27:00.663 W/System.err(16386): at android.app.Instrumentation.callApplicationOnCreate(Instrumentation.java:1316)
06-04 18:27:00.663 W/System.err(16386): at android.app.ActivityThread.handleBindApplication(ActivityThread.java:7061)
06-04 18:27:00.663 W/System.err(16386): at android.app.ActivityThread.-$$Nest$mhandleBindApplication(Unknown Source:0)
06-04 18:27:00.663 W/System.err(16386): at android.app.ActivityThread$H.handleMessage(ActivityThread.java:2265)
06-04 18:27:00.663 W/System.err(16386): at android.os.Handler.dispatchMessage(Handler.java:106)
06-04 18:27:00.663 W/System.err(16386): at android.os.Looper.loopOnce(Looper.java:205)
06-04 18:27:00.663 W/System.err(16386): at android.os.Looper.loop(Looper.java:294)
06-04 18:27:00.663 W/System.err(16386): at android.app.ActivityThread.main(ActivityThread.java:8255)
06-04 18:27:00.663 W/System.err(16386): at java.lang.reflect.Method.invoke(Native Method)
06-04 18:27:00.663 W/System.err(16386): at com.android.internal.os.RuntimeInit$MethodAndArgsCaller.run(RuntimeInit.java:552)
06-04 18:27:00.663 W/System.err(16386): at com.android.internal.os.ZygoteInit.main(ZygoteInit.java:978)
06-04 18:27:00.664 I/update_engine( 639): [INFO:update_attempter_android.cc(425)] Attempting to reset state from UPDATE_STATUS_IDLE to UpdateStatus::IDLE
06-04 18:27:00.666 I/update_engine( 639): [INFO:update_attempter_android.cc(440)] Cleaning up reserved space for compressed APEX (if any)
06-04 18:27:00.671 I/update_engine( 639): [INFO:update_attempter_android.cc(836)] Clearing update complete marker.
06-04 18:27:00.672 I/.oranth.storage(16541): Using CollectorTypeCC GC.
06-04 18:27:00.672 I/update_engine( 639): [INFO:dynamic_partition_control_android.cc(1310)] ResetUpdate resetting update state and deleting snapshots.
06-04 18:27:00.679 I/adbd (16344): jdwp connection from 16541
06-04 18:27:00.701 I/update_engine( 639): [INFO:delta_performer.cc(1387)] Resetting recorded hash for prepared partitions.
06-04 18:27:00.703 E/update_engine( 639): [ERROR:snapshot.cpp(2929)] Read state file failed: No such file or directory
06-04 18:27:00.704 E/ccc (16386): cccccc 只是做下reset 哈
06-04 18:27:00.705 I/MMKV (16386): loading [mmkv.default] with 3474 actual size, file size 4096, InterProcess 0, meta info version:3
06-04 18:27:00.705 I/MMKV (16386): loading [mmkv.default] with crc 3407190271 sequence 1 version 3
06-04 18:27:00.705 I/MMKV (16386): loaded [mmkv.default] with 9 key-values
06-04 18:27:00.707 E/ccc (16386): cccccc updateHelper 通知更新
06-04 18:27:00.707 E/ccc (16386): cccccc updateHelper 通知更新
06-04 18:27:00.707 E/ccc (16386): cccccc updateHelper 通知更新
06-04 18:27:00.712 D/CompatibilityChangeReporter(16386): Compat change id reported: 263076149; UID 1000; state: DISABLED
06-04 18:27:00.725 D/CompatibilityChangeReporter(15731): Compat change id reported: 261072174; UID 1000; state: DISABLED
06-04 18:27:00.727 D/CompatibilityChangeReporter(15731): Compat change id reported: 168419799; UID 1000; state: DISABLED
06-04 18:27:00.727 E/ccc (16386): cccccc hdmi plug reset
06-04 18:27:00.727 D/CompatibilityChangeReporter(15731): Compat change id reported: 273564678; UID 1000; state: DISABLED
06-04 18:27:00.727 E/ccc (16386): cccccc etna-service onCreate
06-04 18:27:00.731 W/ContextImpl(16386): Calling a method in the system process without a qualified user: android.app.ContextImpl.sendBroadcast:1220 android.content.ContextWrapper.sendBroadcast:504 com.dangbei.lerad.etna.core.EtnaManager.sendRebootBroadcast:82 com.dangbei.lerad.etna.core.EtnaService.onStartCommand:89 android.app.ActivityThread.handleServiceArgs:4866
06-04 18:27:00.733 E/ccc (16386): cccccc etna-service onStartCommand
06-04 18:27:00.736 E/CoreService(16386): onStartCommand
06-04 18:27:00.736 E/ccc (16386): cccccc etnaService addListener com.dangbei.lerad.etna.lib.client.EtnaServerListener@223ca4f com.dangbei.etna.update
06-04 18:27:00.736 E/ccc (16386): cccccc UpdateHelper onServerConnected
06-04 18:27:00.736 E/ccc (16386): cccccc etnaService addListener com.dangbei.lerad.etna.lib.client.EtnaServerListener@8fb65dc com.dangbei.etna.setting
06-04 18:27:00.736 E/ccc (16386): cccccc SettingHelper onServerConnected
06-04 18:27:00.738 W/ContextImpl(16386): Calling a method in the system process without a qualified user: android.app.ContextImpl.bindService:1988 android.content.ContextWrapper.bindService:861 com.dangbei.lerad.etna.lib.client.EtnaClient.bindServer:138 com.dangbei.lerad.etna.lib.client.EtnaClient.access$600:29 com.dangbei.lerad.etna.lib.client.EtnaClient$3.call:205
06-04 18:27:00.741 E/ccc (16386): cccccc sendCycleCheckBootGuideStatusMessage
06-04 18:27:00.741 D/CompatibilityChangeReporter(16541): Compat change id reported: 171979766; UID 1000; state: ENABLED
06-04 18:27:00.741 E/ccc (16386): cccccc etnaService addListener com.dangbei.lerad.etna.lib.client.EtnaServerListener@bfcbc6b com.dangbei.etna.setting
06-04 18:27:00.741 E/ccc (16386): cccccc SettingHelper onServerConnected
06-04 18:27:00.742 D/CompatibilityChangeReporter(16541): Compat change id reported: 242716250; UID 1000; state: DISABLED
06-04 18:27:00.742 W/ContextImpl(16386): Calling a method in the system process without a qualified user: android.app.ContextImpl.startService:1899 android.content.ContextWrapper.startService:825 com.dangbei.etna.setting.core.SettingHelper.startRocky:267 com.dangbei.etna.setting.core.SettingHelper.sendCycleCheckBootGuideStatusMessage:214 com.dangbei.etna.setting.core.SettingHelper.startLoop:203
06-04 18:27:00.742 W/ContextImpl(16386): Calling a method in the system process without a qualified user: android.app.ContextImpl.bindService:1988 android.content.ContextWrapper.bindService:861 com.dangbei.lerad.etna.lib.client.EtnaClient.bindServer:138 com.dangbei.lerad.etna.lib.client.EtnaClient.access$600:29 com.dangbei.lerad.etna.lib.client.EtnaClient$3.call:205
06-04 18:27:00.743 W/ContextImpl(16386): Calling a method in the system process without a qualified user: android.app.ContextImpl.bindService:1988 android.content.ContextWrapper.bindService:861 com.dangbei.lerad.etna.lib.client.EtnaClient.bindServer:138 com.dangbei.lerad.etna.lib.client.EtnaClient.access$600:29 com.dangbei.lerad.etna.lib.client.EtnaClient$3.call:205
06-04 18:27:00.744 I/ActivityManager(15731): com.dangbei.lerad.rocky is exempt from freezer
06-04 18:27:00.744 D/CompatibilityChangeReporter(15731): Compat change id reported: 135634846; UID 1000; state: DISABLED
06-04 18:27:00.746 E/ccc (16386): cccccc sendCycleCheckBroadcast
06-04 18:27:00.747 E/ccc (16386): cccccc etnaService addListener com.dangbei.lerad.etna.lib.client.EtnaServerListener@828b447 com.dangbei.etna.update
06-04 18:27:00.747 E/ccc (16386): cccccc UpdateHelper onServerConnected
06-04 18:27:00.747 W/ContextImpl(16386): Calling a method in the system process without a qualified user: android.app.ContextImpl.sendBroadcast:1220 android.content.ContextWrapper.sendBroadcast:504 com.dangbei.etna.setting.core.SettingHelper.sendCycleToProjector:257 com.dangbei.etna.setting.core.SettingHelper.sendCycleCheckBroadcast:226 com.dangbei.etna.setting.core.SettingHelper.sendCycleCheckBootGuideStatusMessage:215
06-04 18:27:00.750 E/ccc (16386): cccccc sendCycleCheckBootGuideStatusMessage
06-04 18:27:00.750 E/ccc (16386): cccccc etnaService addListener com.dangbei.lerad.etna.lib.client.EtnaServerListener@62c9474 com.dangbei.lerad.etna.haqu.andes
06-04 18:27:00.750 W/ContextImpl(16386): Calling a method in the system process without a qualified user: android.app.ContextImpl.startService:1899 android.content.ContextWrapper.startService:825 com.dangbei.etna.setting.core.SettingHelper.startRocky:267 com.dangbei.etna.setting.core.SettingHelper.sendCycleCheckBootGuideStatusMessage:214 com.dangbei.etna.setting.core.SettingHelper.startLoop:203
06-04 18:27:00.753 E/ccc (16386): cccccc sendCycleCheckBroadcast
06-04 18:27:00.753 W/ContextImpl(16386): Calling a method in the system process without a qualified user: android.app.ContextImpl.sendBroadcast:1220 android.content.ContextWrapper.sendBroadcast:504 com.dangbei.etna.setting.core.SettingHelper.sendCycleToProjector:257 com.dangbei.etna.setting.core.SettingHelper.sendCycleCheckBroadcast:226 com.dangbei.etna.setting.core.SettingHelper.sendCycleCheckBootGuideStatusMessage:215
06-04 18:27:00.753 W/ContextImpl(16386): Calling a method in the system process without a qualified user: android.app.ContextImpl.sendBroadcast:1220 android.content.ContextWrapper.sendBroadcast:504 com.dangbei.etna.setting.core.SettingHelper.sendCycleToVoice:242 com.dangbei.etna.setting.core.SettingHelper.sendCycleCheckBroadcast:227 com.dangbei.etna.setting.core.SettingHelper.sendCycleCheckBootGuideStatusMessage:215
06-04 18:27:00.755 W/ContextImpl(16386): Calling a method in the system process without a qualified user: android.app.ContextImpl.sendBroadcast:1220 android.content.ContextWrapper.sendBroadcast:504 com.dangbei.etna.setting.core.SettingHelper.sendCycleToVoice:242 com.dangbei.etna.setting.core.SettingHelper.sendCycleCheckBroadcast:227 com.dangbei.etna.setting.core.SettingHelper.sendCycleCheckBootGuideStatusMessage:215
06-04 18:27:00.759 D/CompatibilityChangeReporter(16386): Compat change id reported: 270306772; UID 1000; state: DISABLED
06-04 18:27:00.761 D/CompatibilityChangeReporter(16386): Compat change id reported: 235355681; UID 1000; state: DISABLED
06-04 18:27:00.765 E/MDnsDS (15609): Failed to start: Service already running
06-04 18:27:00.765 E/MDnsManager(15731): Start mdns failed.
06-04 18:27:00.765 E/MDnsManager(15731): android.os.ServiceSpecificException: Device or resource busy (code 16)
06-04 18:27:00.765 E/MDnsManager(15731): at android.os.Parcel.createExceptionOrNull(Parcel.java:3071)
06-04 18:27:00.765 E/MDnsManager(15731): at android.os.Parcel.createException(Parcel.java:3041)
06-04 18:27:00.765 E/MDnsManager(15731): at android.os.Parcel.readException(Parcel.java:3024)
06-04 18:27:00.765 E/MDnsManager(15731): at android.os.Parcel.readException(Parcel.java:2966)
06-04 18:27:00.765 E/MDnsManager(15731): at android.net.connectivity.android.net.mdns.aidl.IMDns$Stub$Proxy.startDaemon(IMDns.java:216)
06-04 18:27:00.765 E/MDnsManager(15731): at android.net.connectivity.android.net.nsd.MDnsManager.startDaemon(MDnsManager.java:53)
06-04 18:27:00.765 E/MDnsManager(15731): at android.net.connectivity.com.android.server.NsdService$NsdStateMachine.maybeStartDaemon(NsdService.java:332)
06-04 18:27:00.765 E/MDnsManager(15731): at android.net.connectivity.com.android.server.NsdService$NsdStateMachine.-$$Nest$mmaybeStartDaemon(NsdService.java:0)
06-04 18:27:00.765 E/MDnsManager(15731): at android.net.connectivity.com.android.server.NsdService$NsdStateMachine$DefaultState.processMessage(NsdService.java:486)
06-04 18:27:00.765 E/MDnsManager(15731): at android.net.connectivity.com.android.internal.util.StateMachine$SmHandler.processMsg(StateMachine.java:993)
06-04 18:27:00.765 E/MDnsManager(15731): at android.net.connectivity.com.android.internal.util.StateMachine$SmHandler.handleMessage(StateMachine.java:810)
06-04 18:27:00.765 E/MDnsManager(15731): at android.os.Handler.dispatchMessage(Handler.java:106)
06-04 18:27:00.765 E/MDnsManager(15731): at android.os.Looper.loopOnce(Looper.java:205)
06-04 18:27:00.765 E/MDnsManager(15731): at android.os.Looper.loop(Looper.java:294)
06-04 18:27:00.765 E/MDnsManager(15731): at android.os.HandlerThread.run(HandlerThread.java:67)
06-04 18:27:00.766 I/hq (16421): getCurrentUser: visitorBean=Users{userId=-1, nickName='游客', avatarUrl='null', wxToken='null', vip='null', mobile='null', sex=null, description='null', city='null', province='null', country='null', launcherMode=null, token='null', token='null'}
06-04 18:27:00.767 D/Zygote (15605): Forked child process 16566
06-04 18:27:00.768 I/ActivityManager(15731): Start proc 16566:com.dangbei.lerad.rocky/1000 for service {com.dangbei.lerad.rocky/com.dangbei.rocky.RockyService}
06-04 18:27:00.768 D/WanCommander(16386): handleConnection:
06-04 18:27:00.769 E/EtnaListener(16386): onServerConnected
06-04 18:27:00.778 D/nativeloader(16541): Configuring clns-shared-4 for other apk /system/app/Low_storage_dialog/Low_storage_dialog.apk. target_sdk_version=33, uses_libraries=, library_path=/system/app/Low_storage_dialog/lib/arm:/system/app/Low_storage_dialog/Low_storage_dialog.apk!/lib/armeabi-v7a:/system/lib:/system_ext/lib, permitted_path=/data:/mnt/expand:/data/user/0/com.oranth.storage:/system/app/Low_storage_dialog:/system/lib:/system_ext/lib
06-04 18:27:00.781 I/Zygote (16566): seccomp disabled by setenforce 0
06-04 18:27:00.786 I/bei.lerad.rocky(16566): Using CollectorTypeCC GC.
06-04 18:27:00.787 I/audio_hw_hal_alsamgr(15619): alsa format =0x1 delay frames =1024 total frames=512000
06-04 18:27:00.792 E/bei.lerad.rocky(16566): Not starting debugger since process cannot load the jdwp agent.
06-04 18:27:00.800 V/GraphicsEnvironment(16541): Currently set values for:
06-04 18:27:00.800 V/GraphicsEnvironment(16541): angle_gl_driver_selection_pkgs=[]
06-04 18:27:00.801 V/GraphicsEnvironment(16541): angle_gl_driver_selection_values=[]
06-04 18:27:00.801 V/GraphicsEnvironment(16541): ANGLE GameManagerService for com.oranth.storage: false
06-04 18:27:00.802 V/GraphicsEnvironment(16541): com.oranth.storage is not listed in per-application setting
06-04 18:27:00.802 V/GraphicsEnvironment(16541): Neither updatable production driver nor prerelease driver is supported.
06-04 18:27:00.803 D/CompatibilityChangeReporter(15731): Compat change id reported: 168419799; UID 1000; state: DISABLED
06-04 18:27:00.803 D/CompatibilityChangeReporter(15731): Compat change id reported: 273564678; UID 1000; state: DISABLED
06-04 18:27:00.808 D/CompatibilityChangeReporter(16566): Compat change id reported: 171979766; UID 1000; state: DISABLED
06-04 18:27:00.809 D/CompatibilityChangeReporter(16566): Compat change id reported: 242716250; UID 1000; state: DISABLED
06-04 18:27:00.813 D/ApplicationLoaders(16566): Returning zygote-cached class loader: /system/framework/android.test.base.jar
06-04 18:27:00.814 D/ApplicationLoaders(16566): Returning zygote-cached class loader: /system/framework/android.hidl.manager-V1.0-java.jar
06-04 18:27:00.814 D/ApplicationLoaders(16566): Returning zygote-cached class loader: /system/framework/android.hidl.base-V1.0-java.jar
06-04 18:27:00.819 D/CompatibilityChangeReporter(15731): Compat change id reported: 135634846; UID 10043; state: DISABLED
06-04 18:27:00.820 D/CompatibilityChangeReporter(15731): Compat change id reported: 143937733; UID 10043; state: DISABLED
06-04 18:27:00.824 I/aaa (16541): low stroage service is start !!!
06-04 18:27:00.826 D/nativeloader(16566): Configuring clns-shared-4 for other apk /system/app/Rocky/Rocky.apk. target_sdk_version=28, uses_libraries=, library_path=/system/app/Rocky/lib/arm:/system/app/Rocky/Rocky.apk!/lib/armeabi-v7a:/system/lib:/system_ext/lib, permitted_path=/data:/mnt/expand:/data/user/0/com.dangbei.lerad.rocky:/system/app/Rocky:/system/lib:/system_ext/lib
06-04 18:27:00.826 W/ContextImpl(16541): Calling a method in the system process without a qualified user: android.app.ContextImpl.startService:1899 android.content.ContextWrapper.startService:825 android.content.ContextWrapper.startService:825 com.oranth.storage.BootCompletedReceiver.onReceive:15 android.app.ActivityThread.handleReceiver:4494
06-04 18:27:00.836 D/FastPairService(15731): onReceive: ACTION_BOOT_COMPLETED.
06-04 18:27:00.836 D/bbb (16541): onCreate()
06-04 18:27:00.837 I/BootComplete(15928): action: android.intent.action.BOOT_COMPLETED
06-04 18:27:00.837 V/FastPairService(15731): invalidateScan: scan is disabled
06-04 18:27:00.837 D/CompatibilityChangeReporter(16541): Compat change id reported: 160794467; UID 1000; state: ENABLED
06-04 18:27:00.837 E/NearbyManager(15731): Cannot stop scan with this callback because it is never registered.
06-04 18:27:00.840 E/BootReceiver(15731): Could not open /sys/kernel/tracing/instances/bootreceiver/trace_pipe
06-04 18:27:00.840 E/BootReceiver(15731): android.system.ErrnoException: open failed: ENOENT (No such file or directory)
06-04 18:27:00.840 E/BootReceiver(15731): at libcore.io.Linux.open(Native Method)
06-04 18:27:00.840 E/BootReceiver(15731): at libcore.io.ForwardingOs.open(ForwardingOs.java:563)
06-04 18:27:00.840 E/BootReceiver(15731): at libcore.io.BlockGuardOs.open(BlockGuardOs.java:274)
06-04 18:27:00.840 E/BootReceiver(15731): at android.system.Os.open(Os.java:494)
06-04 18:27:00.840 E/BootReceiver(15731): at com.android.server.BootReceiver.onReceive(BootReceiver.java:164)
06-04 18:27:00.840 E/BootReceiver(15731): at android.app.ActivityThread.handleReceiver(ActivityThread.java:4494)
06-04 18:27:00.840 E/BootReceiver(15731): at android.app.ActivityThread.-$$Nest$mhandleReceiver(Unknown Source:0)
06-04 18:27:00.840 E/BootReceiver(15731): at android.app.ActivityThread$H.handleMessage(ActivityThread.java:2285)
06-04 18:27:00.840 E/BootReceiver(15731): at android.os.Handler.dispatchMessage(Handler.java:106)
06-04 18:27:00.840 E/BootReceiver(15731): at android.os.Looper.loopOnce(Looper.java:205)
06-04 18:27:00.840 E/BootReceiver(15731): at android.os.Looper.loop(Looper.java:294)
06-04 18:27:00.840 E/BootReceiver(15731): at com.android.server.SystemServer.run(SystemServer.java:982)
06-04 18:27:00.840 E/BootReceiver(15731): at com.android.server.SystemServer.main(SystemServer.java:668)
06-04 18:27:00.840 E/BootReceiver(15731): at java.lang.reflect.Method.invoke(Native Method)
06-04 18:27:00.840 E/BootReceiver(15731): at com.android.internal.os.RuntimeInit$MethodAndArgsCaller.run(RuntimeInit.java:552)
06-04 18:27:00.840 E/BootReceiver(15731): at com.android.internal.os.ZygoteInit.main(ZygoteInit.java:956)
06-04 18:27:00.843 D/Zygote (15605): Forked child process 16587
06-04 18:27:00.844 I/ActivityManager(15731): Start proc 16587:com.dangbei.screencast/u0a43 for broadcast {com.dangbei.screencast/com.dangbei.screencast.startup.BootReceiver}
06-04 18:27:00.845 I/RecoverySystem(15731): No recovery log file
06-04 18:27:00.847 I/DropBoxManagerService(15731): add tag=SYSTEM_RESTART isTagEnabled=true flags=0x2
06-04 18:27:00.849 I/BootReceiver(15731): Checking for fsck errors
06-04 18:27:00.850 I/Zygote (16587): seccomp disabled by setenforce 0
06-04 18:27:00.852 D/bbb (16541): onStartCommand begin !!!!!!! data分区剩余 53445MB
06-04 18:27:00.854 D/CompatibilityChangeReporter(15731): Compat change id reported: 135634846; UID 10017; state: DISABLED
06-04 18:27:00.854 D/CompatibilityChangeReporter(15731): Compat change id reported: 177438394; UID 10017; state: DISABLED
06-04 18:27:00.854 D/CompatibilityChangeReporter(15731): Compat change id reported: 135772972; UID 10017; state: DISABLED
06-04 18:27:00.854 D/CompatibilityChangeReporter(15731): Compat change id reported: 135754954; UID 10017; state: ENABLED
06-04 18:27:00.855 D/CompatibilityChangeReporter(15731): Compat change id reported: 143937733; UID 10017; state: ENABLED
06-04 18:27:00.858 I/gbei.screencast(16587): Using CollectorTypeCC GC.
06-04 18:27:00.865 V/GraphicsEnvironment(16566): Currently set values for:
06-04 18:27:00.865 V/GraphicsEnvironment(16566): angle_gl_driver_selection_pkgs=[]
06-04 18:27:00.866 V/GraphicsEnvironment(16566): angle_gl_driver_selection_values=[]
06-04 18:27:00.866 V/GraphicsEnvironment(16566): ANGLE GameManagerService for com.dangbei.lerad.rocky: false
06-04 18:27:00.866 V/GraphicsEnvironment(16566): com.dangbei.lerad.rocky is not listed in per-application setting
06-04 18:27:00.866 V/GraphicsEnvironment(16566): Neither updatable production driver nor prerelease driver is supported.
06-04 18:27:00.867 D/CompatibilityChangeReporter(15731): Compat change id reported: 171306433; UID 1000; state: ENABLED
06-04 18:27:00.867 D/CompatibilityChangeReporter(15731): Compat change id reported: 218533173; UID 1000; state: ENABLED
06-04 18:27:00.868 I/UsbCameraManager(15928): number of camera: 0
06-04 18:27:00.869 I/UsbCameraManager(15928): bootReady disable all camera activities
06-04 18:27:00.872 I/MultiDex(16566): VM with version 2.1.0 has multidex support
06-04 18:27:00.872 I/MultiDex(16566): Installing application
06-04 18:27:00.872 I/MultiDex(16566): VM has multidex support, MultiDex support library is disabled.
06-04 18:27:00.873 E/SystemControl( 316): [/SysWrite.cpp, writeSys, 280] writeSysFs, open /sys/class/tv/policy_fr_auto fail.
06-04 18:27:00.875 I/BootComplete(15928): wakeup_key_event:0x0
06-04 18:27:00.883 I/rainbow_flow(15369): type=1400 audit(0.0:1674): avc: denied { ioctl } for path="/dev/spidev1.0" dev="tmpfs" ino=541 ioctlcmd=0x6b00 scontext=u:r:init:s0 tcontext=u:object_r:device:s0 tclass=chr_file permissive=1
06-04 18:27:00.876 W/ContextImpl(15928): Calling a method in the system process without a qualified user: android.app.ContextImpl.startService:1899 android.content.ContextWrapper.startService:825 android.content.ContextWrapper.startService:825 com.droidlogic.BootComplete.onReceive:116 android.app.ActivityThread.handleReceiver:4494
06-04 18:27:00.879 E/gbei.screencast(16587): Not starting debugger since process cannot load the jdwp agent.
06-04 18:27:00.879 W/ContextImpl(15928): Calling a method in the system process without a qualified user: android.app.ContextImpl.startForegroundService:1905 android.content.ContextWrapper.startForegroundService:830 android.content.ContextWrapper.startForegroundService:830 com.droidlogic.BootComplete.onReceive:125 android.app.ActivityThread.handleReceiver:4494
06-04 18:27:00.880 D/RockyApplication(16566): init: false
06-04 18:27:00.880 W/ActivityManager(15731): Unable to start service Intent { cmp=com.android.tv.mdnsoffloadcmd/.MdnsOffloadCmdService } U=0: not found
06-04 18:27:00.881 W/ContextImpl(15928): Calling a method in the system process without a qualified user: android.app.ContextImpl.startService:1899 android.content.ContextWrapper.startService:825 android.content.ContextWrapper.startService:825 com.droidlogic.BootComplete.onReceive:127 android.app.ActivityThread.handleReceiver:4494
06-04 18:27:00.887 W/ContextImpl(15928): Calling a method in the system process without a qualified user: android.app.ContextImpl.startService:1899 android.content.ContextWrapper.startService:825 android.content.ContextWrapper.startService:825 com.droidlogic.BootComplete.onReceive:128 android.app.ActivityThread.handleReceiver:4494
06-04 18:27:00.898 D/RockyVoice(16566): RestartReceiver onReceive
06-04 18:27:00.899 D/BootComplete(15928): onChange developerOptionsEnabled=false
06-04 18:27:00.900 W/ContextImpl(15928): Calling a method in the system process without a qualified user: android.app.ContextImpl.stopService:1911 android.content.ContextWrapper.stopService:835 android.content.ContextWrapper.stopService:835 com.droidlogic.BootComplete$2.onChange:276 com.droidlogic.BootComplete.updateDeveloperOptionsWatcher:283
06-04 18:27:00.905 I/SystemControl( 316): [/Ubootenv.cpp, get, 345] [ubootenv] search end and not find env:cc_enable
06-04 18:27:00.905 I/BootComplete(15928): usb_status_cc:detach, usb_cc_enable:0
06-04 18:27:00.906 D/RockyManager(16566): initFarWakeStatus isMainFarSwitch: false
06-04 18:27:00.906 W/ContextImpl(15928): Calling a method in the system process without a qualified user: android.app.ContextImpl.startService:1899 android.content.ContextWrapper.startService:825 android.content.ContextWrapper.startService:825 com.droidlogic.BootComplete.onReceive:173 android.app.ActivityThread.handleReceiver:4494
06-04 18:27:00.907 D/CompatibilityChangeReporter(15731): Compat change id reported: 168419799; UID 10043; state: DISABLED
06-04 18:27:00.907 I/RockyManager(16566): isFarWake: false
06-04 18:27:00.908 D/CompatibilityChangeReporter(15731): Compat change id reported: 273564678; UID 10043; state: DISABLED
06-04 18:27:00.911 D/CompatibilityChangeReporter(15731): Compat change id reported: 265195908; UID 10043; state: ENABLED
06-04 18:27:00.927 I/RxCachedThreadS(16566): type=1400 audit(0.0:1675): avc: denied { search } for name="net" dev="sysfs" ino=12344 scontext=u:r:system_app:s0 tcontext=u:object_r:sysfs_net:s0 tclass=dir permissive=1
06-04 18:27:00.927 I/RxCachedThreadS(16566): type=1400 audit(0.0:1676): avc: denied { read } for name="address" dev="sysfs" ino=22126 scontext=u:r:system_app:s0 tcontext=u:object_r:sysfs_net:s0 tclass=file permissive=1
06-04 18:27:00.927 I/RxCachedThreadS(16566): type=1400 audit(0.0:1677): avc: denied { open } for path="/sys/devices/virtual/net/dummy0/address" dev="sysfs" ino=22126 scontext=u:r:system_app:s0 tcontext=u:object_r:sysfs_net:s0 tclass=file permissive=1
06-04 18:27:00.927 I/RxCachedThreadS(16566): type=1400 audit(0.0:1678): avc: denied { getattr } for path="/sys/devices/virtual/net/dummy0/address" dev="sysfs" ino=22126 scontext=u:r:system_app:s0 tcontext=u:object_r:sysfs_net:s0 tclass=file permissive=1
06-04 18:27:00.916 I/BootComplete(15928): No need to listen low power policy change
06-04 18:27:00.916 W/ContextImpl(16566): Calling a method in the system process without a qualified user: android.app.ContextImpl.startService:1899 android.content.ContextWrapper.startService:825 com.cvte.tv.api.TvApiSDKManager.:177 com.cvte.tv.api.TvApiSDKManager.init:217 com.dangbei.rocky.component.system.SystemControlUtils.initSystemAidl:82
06-04 18:27:00.917 W/ActivityManager(15731): Unable to start service Intent { act=com.cvte.tv.api.TV_API_SERVICE pkg=com.cvte.tv.api.impl } U=0: not found
06-04 18:27:00.917 D/HdmiCecService(15928): onCreate
06-04 18:27:00.918 D/CompatibilityChangeReporter(16587): Compat change id reported: 171979766; UID 10043; state: DISABLED
06-04 18:27:00.918 D/HdmiCecService(15928): VendorCommandHandler initialized
06-04 18:27:00.920 W/ContextImpl(16566): Calling a method in the system process without a qualified user: android.app.ContextImpl.bindService:1988 android.content.ContextWrapper.bindService:861 com.cvte.tv.api.TvApiSDKManager.:178 com.cvte.tv.api.TvApiSDKManager.init:217 com.dangbei.rocky.component.system.SystemControlUtils.initSystemAidl:82
06-04 18:27:00.921 D/CompatibilityChangeReporter(16587): Compat change id reported: 242716250; UID 10043; state: DISABLED
06-04 18:27:00.921 D/HdmiCecService(15928): registerVendorCommandListener
06-04 18:27:00.923 D/Zygote (15605): Forked child process 16615
06-04 18:27:00.923 W/ActivityManager(15731): Slow operation: 70ms so far, now at startProcess: returned from zygote!
06-04 18:27:00.924 W/ActivityManager(15731): Slow operation: 70ms so far, now at startProcess: done updating battery stats
06-04 18:27:00.924 W/ActivityManager(15731): Slow operation: 70ms so far, now at startProcess: building log message
06-04 18:27:00.924 I/ActivityManager(15731): Start proc 16615:android.process.media/u0a17 for content provider {com.android.providers.downloads/com.android.providers.downloads.DownloadProvider}
06-04 18:27:00.924 W/ActivityManager(15731): Slow operation: 70ms so far, now at startProcess: starting to update pids map
06-04 18:27:00.924 W/ActivityManager(15731): Slow operation: 71ms so far, now at startProcess: done updating pids map
06-04 18:27:00.925 D/HDMI (15731): addVendorCommandListener 1877008
06-04 18:27:00.926 W/ActivityManager(15731): Unable to start service Intent { act=com.cvte.tv.api.TV_API_SERVICE pkg=com.cvte.tv.api.impl } U=0: not found
06-04 18:27:00.927 D/TvApiSDKManager(16566): getTvApi getSystemService = false
