06-04 18:26:58.938 I/bt_stack_manager(16024): packages/modules/Bluetooth/system/btif/src/stack_manager.cc:354 event_start_up_stack: event_start_up_stack finished
06-04 18:26:58.938 D/QSTileHost(15915): Adding com.android.systemui.qs.tiles.CameraToggleTile@42d27f8
06-04 18:26:58.940 D/xm_audio(15619): adev_get_parameters
06-04 18:26:58.943 D/audioserver(15606): logFgsApiEnd: FGS Logger Transaction failed, -129
06-04 18:26:58.944 D/BluetoothManagerService(15731): Bluetooth Adapter address changed to 1C:79:2D:20:62:CC
06-04 18:26:58.944 D/BluetoothManagerService(15731): Stored Bluetoothaddress: 1C:79:2D:20:62:CC
06-04 18:26:58.949 D/CoreBackPreview(15731): Window{b1b437e u0 com.android.tv.settings/com.android.tv.settings.system.FallbackHome}: Setting back callback OnBackInvokedCallbackInfo{mCallback=android.window.IOnBackInvokedCallback$Stub$Proxy@5f30f73, mPriority=0, mIsAnimationCallback=false}
06-04 18:26:58.953 I/mali (16216): Successfully parsed 1 environment variable(s) from /vendor/etc/mali_platform.config.
06-04 18:26:58.954 I/mali (16216): Successfully parsed 1 environment variable(s) from /vendor/etc/mali_platform.config.
06-04 18:26:58.956 D/xm_audio(15619): adev_get_parameters
06-04 18:26:58.960 D/BluetoothManagerService(15731): Bluetooth Adapter name changed to DBBOX-A3 62cc by android
06-04 18:26:58.960 D/BluetoothManagerService(15731): Stored Bluetooth name: DBBOX-A3 62cc
06-04 18:26:58.961 D/AdapterProperties(16024): Name is: DBBOX-A3 62cc
06-04 18:26:58.962 D/xm_audio(15619): adev_get_parameters
06-04 18:26:58.964 W/ScanResultUtil(15731): Empty or null ScanResult list
06-04 18:26:58.964 W/WifiService(15731): Attempt to retrieve WifiConfiguration with invalid scanResult List
06-04 18:26:58.969 D/xm_audio(15619): adev_get_parameters
06-04 18:26:58.972 D/AdapterProperties(16024): Scan Mode:20
06-04 18:26:58.972 D/AdapterProperties(16024): Discoverable Timeout:120
06-04 18:26:58.972 D/xm_audio(15619): adev_get_parameters
06-04 18:26:58.972 D/CompatibilityChangeReporter(16024): Compat change id reported: 265103382; UID 1002; state: ENABLED
06-04 18:26:58.973 D/AdapterProperties(16024): Adding bonded device:XX:XX:XX:XX:C0:7A
06-04 18:26:58.973 D/AdapterProperties(16024): cleanupPrevBondRecordsFor: XX:XX:XX:XX:C0:7A
06-04 18:26:58.980 W/ScanResultUtil(15731): Empty or null ScanResult list
06-04 18:26:58.981 W/WifiService(15731): Attempt to retrieve WifiConfiguration with invalid scanResult List
06-04 18:26:58.982 D/AdapterProperties(16024): player_name: com.google.android.apps.youtube.music
06-04 18:26:58.982 D/AdapterProperties(16024): updateAllowlistedMediaPlayers
06-04 18:26:58.982 D/AdapterProperties(16024): Adding to Allowlisted Players list:com.google.android.apps.youtube.music
06-04 18:26:58.982 D/AdapterProperties(16024): player_name: com.gaana
06-04 18:26:58.982 D/AdapterProperties(16024): updateAllowlistedMediaPlayers
06-04 18:26:58.982 D/AdapterProperties(16024): Adding to Allowlisted Players list:com.gaana
06-04 18:26:58.983 I/hwservicemanager( 233): getTransport: Cannot find entry android.hardware.configstore@1.0::ISurfaceFlingerConfigs/default in either framework or device VINTF manifest.
06-04 18:26:58.983 I/AdapterState(16024): BLE_ON : entered
06-04 18:26:58.984 D/AdapterProperties(16024): Setting state to BLE_ON
06-04 18:26:58.985 D/xm_audio(15619): adev_get_parameters
06-04 18:26:58.987 D/xm_audio(15619): adev_get_parameters
06-04 18:26:58.996 D/xm_audio(15619): adev_get_parameters
06-04 18:26:59.002 D/xm_audio(15619): adev_get_parameters
06-04 18:26:59.007 D/BluetoothAdapterService(16024): updateAdapterState() - Broadcasting state BLE_ON to 1 receivers.
06-04 18:26:59.007 I/MesonDisplay( 289): [/mode_policy.c, meson_mode_set_policy, 1177] connector:0 to policy:0
06-04 18:26:59.007 I/MesonDisplay( 289): [/mode_policy.c, is_dv_prefer, 66] not prefer dv, hdr_priority:10000010
06-04 18:26:59.007 I/MesonDisplay( 289): [/mode_policy.c, is_dv_prefer, 66] not prefer dv, hdr_priority:10000010
06-04 18:26:59.007 I/MesonDisplay( 289): [/mode_policy.c, hdr_scene_process, 724] policy:0 is_bestcolorspace:1 state:0
06-04 18:26:59.007 I/MesonDisplay( 289): [/mode_policy_parser.c, is_support_hdmimode, 110] is_support_hdmimode mode: 2160p60hz
06-04 18:26:59.007 I/MesonDisplay( 289): [/mode_policy_parser.c, is_support_hdmimode, 110] is_support_hdmimode mode: 2160p60hz
06-04 18:26:59.007 D/MesonDisplay( 289): meson_write /sys/class/amhdmitx/amhdmitx0/valid_mode, outputmode:2160p60hz422,12bit
06-04 18:26:59.008 D/MesonDisplay( 289): valid mode is false!
06-04 18:26:59.008 I/MesonDisplay( 289): [/mode_policy_parser.c, is_support_hdmimode, 110] is_support_hdmimode mode: 2160p50hz
06-04 18:26:59.008 D/MesonDisplay( 289): meson_write /sys/class/amhdmitx/amhdmitx0/valid_mode, outputmode:2160p50hz422,12bit
06-04 18:26:59.008 D/MesonDisplay( 289): valid mode is false!
06-04 18:26:59.008 I/MesonDisplay( 289): [/mode_policy.c, is_support_4kHDR, 507] is_support_4kHDR 4k hdr not support
06-04 18:26:59.008 I/MesonDisplay( 289): [/mode_policy_parser.c, is_support_hdmimode, 110] is_support_hdmimode mode: 1080p60hz
06-04 18:26:59.008 D/MesonDisplay( 289): meson_write /sys/class/amhdmitx/amhdmitx0/valid_mode, outputmode:1080p60hz422,12bit
06-04 18:26:59.008 D/MesonDisplay( 289): valid mode is true!
06-04 18:26:59.008 I/MesonDisplay( 289): [/mode_policy.c, is_support_non4kHDR, 552] is_support_non4kHDR mode:[1080p60hz], color format:[422,12bit]
06-04 18:26:59.008 I/MesonDisplay( 289): [/mode_policy.c, meson_mode_get_policy_output, 1289] final_displaymode:1080p60hz, final_deepcolor:422,12bit, amdv_type:0
06-04 18:26:59.008 I/MesonDisplay( 289): [/mode_policy.c, meson_mode_set_policy, 1177] connector:0 to policy:0
06-04 18:26:59.011 E/OpenGLRenderer(16216): Unable to match the desired swap behavior.
06-04 18:26:59.014 D/xm_audio(15619): adev_get_parameters
06-04 18:26:59.019 D/BluetoothManagerService(15731): MESSAGE_BLUETOOTH_STATE_CHANGE: BLE_TURNING_ON > BLE_ON
06-04 18:26:59.019 D/BluetoothManagerService(15731): Bluetooth is in LE only mode
06-04 18:26:59.019 D/BluetoothManagerService(15731): Binding Bluetooth GATT service
06-04 18:26:59.020 D/xm_audio(15619): adev_get_parameters
06-04 18:26:59.022 W/ScanResultUtil(15731): Empty or null ScanResult list
06-04 18:26:59.022 E/WifiService(15731): Attempt to retrieve passpoint with invalid scanResult List
06-04 18:26:59.027 D/BluetoothManagerService(15731): BluetoothServiceConnection: com.android.bluetooth.gatt.GattService
06-04 18:26:59.027 D/BluetoothManagerService(15731): Sending BLE State Change: BLE_TURNING_ON > BLE_ON
06-04 18:26:59.028 D/BluetoothManagerService(15731): MESSAGE_BLUETOOTH_SERVICE_CONNECTED: 2
06-04 18:26:59.028 D/BluetoothManagerService(15731): continueFromBleOnState()
06-04 18:26:59.030 D/xm_audio(15619): adev_get_parameters
06-04 18:26:59.033 I/AdapterState(16024): TURNING_ON : entered
06-04 18:26:59.034 D/AdapterProperties(16024): Setting state to TURNING_ON
06-04 18:26:59.035 D/xm_audio(15619): adev_get_parameters
06-04 18:26:59.038 D/BluetoothAdapterService(16024): updateAdapterState() - Broadcasting state TURNING_ON to 1 receivers.
06-04 18:26:59.039 D/BluetoothAdapterService(16024): startCoreServices()
06-04 18:26:59.040 D/BluetoothManagerService(15731): Persisting Bluetooth Setting: 1
06-04 18:26:59.040 D/BluetoothManagerService(15731): MESSAGE_BLUETOOTH_STATE_CHANGE: BLE_ON > TURNING_ON
06-04 18:26:59.040 D/BluetoothManagerService(15731): Sending BLE State Change: BLE_ON > TURNING_ON
06-04 18:26:59.042 D/BluetoothManagerService(15731): Sending State Change: OFF > TURNING_ON
06-04 18:26:59.046 I/A2dpService(16024): create()
06-04 18:26:59.049 I/A2dpService(16024): start()
06-04 18:26:59.049 I/BluetoothA2dpServiceJni(16024): classInitNative: succeeds
06-04 18:26:59.049 I/A2dpService(16024): Max connected audio devices set to 5
06-04 18:26:59.050 W/ContextImpl(15731): Calling a method in the system process without a qualified user: android.app.ContextImpl.startService:1899 com.android.server.wm.DisplayPolicy.lambda$focusChangedLw$5:2126 com.android.server.wm.DisplayPolicy.$r8$lambda$Znxk63oh-WzVnzo_WQefN7uxV48:0 com.android.server.wm.DisplayPolicy$$ExternalSyntheticLambda13.run:0 android.os.Handler.handleCallback:958
06-04 18:26:59.050 W/ActivityManager(15731): Unable to start service Intent { cmp=com.oranth.ledstatus/.LedStatusService } U=0: not found
06-04 18:26:59.055 D/xm_audio(15619): adev_get_parameters
06-04 18:26:59.057 I/ActivityTaskManager(15731): Displayed com.android.tv.settings/.system.FallbackHome for user 0: +438ms
06-04 18:26:59.057 V/WindowManager(15731): Sent Transition #0 createdAt=06-04 18:26:56.733
06-04 18:26:59.057 V/WindowManager(15731): startWCT=WindowContainerTransaction { changes = {} hops = [] errorCallbackToken=null taskFragmentOrganizer=null }
06-04 18:26:59.057 V/WindowManager(15731): info=null
06-04 18:26:59.058 I/bt_btif (16024): packages/modules/Bluetooth/system/btif/src/bluetooth.cc:829 get_profile_interface: get_profile_interface: id = a2dp
06-04 18:26:59.058 I/btif_av (16024): packages/modules/Bluetooth/system/btif/src/btif_av.cc:1012 Init: bt_status_t BtifAvSource::Init(btav_source_callbacks_t *, int, const std::vector &, const std::vector &): max_connected_audio_devices=5
06-04 18:26:59.058 I/a2dp_codec(16024): packages/modules/Bluetooth/system/stack/a2dp/a2dp_codec_config.cc:601 init: init
06-04 18:26:59.059 I/a2dp_codec(16024): packages/modules/Bluetooth/system/stack/a2dp/a2dp_codec_config.cc:116 createCodec: SBC
06-04 18:26:59.059 I/a2dp_codec(16024): packages/modules/Bluetooth/system/stack/a2dp/a2dp_codec_config.cc:642 init: init: updated SBC codec priority to 1001
06-04 18:26:59.059 I/a2dp_codec(16024): packages/modules/Bluetooth/system/stack/a2dp/a2dp_codec_config.cc:116 createCodec: AAC
06-04 18:26:59.059 I/a2dp_codec(16024): packages/modules/Bluetooth/system/stack/a2dp/a2dp_codec_config.cc:642 init: init: updated AAC codec priority to 2001
06-04 18:26:59.059 I/a2dp_codec(16024): packages/modules/Bluetooth/system/stack/a2dp/a2dp_codec_config.cc:116 createCodec: aptX
06-04 18:26:59.059 I/a2dp_codec(16024): packages/modules/Bluetooth/system/stack/a2dp/a2dp_codec_config.cc:642 init: init: updated aptX codec priority to 3001
06-04 18:26:59.059 I/a2dp_codec(16024): packages/modules/Bluetooth/system/stack/a2dp/a2dp_codec_config.cc:116 createCodec: aptX-HD
06-04 18:26:59.059 I/a2dp_codec(16024): packages/modules/Bluetooth/system/stack/a2dp/a2dp_codec_config.cc:642 init: init: updated aptX-HD codec priority to 4001
06-04 18:26:59.059 I/a2dp_codec(16024): packages/modules/Bluetooth/system/stack/a2dp/a2dp_codec_config.cc:116 createCodec: LDAC
06-04 18:26:59.059 I/a2dp_codec(16024): packages/modules/Bluetooth/system/stack/a2dp/a2dp_codec_config.cc:642 init: init: updated LDAC codec priority to 5001
06-04 18:26:59.059 I/a2dp_codec(16024): packages/modules/Bluetooth/system/stack/a2dp/a2dp_codec_config.cc:116 createCodec: LC3 not implemented
06-04 18:26:59.059 I/a2dp_codec(16024): packages/modules/Bluetooth/system/stack/a2dp/a2dp_codec_config.cc:633 init: init: OPUS codec disabled, updated priority to -1
06-04 18:26:59.059 I/a2dp_codec(16024): packages/modules/Bluetooth/system/stack/a2dp/a2dp_codec_config.cc:116 createCodec: Opus
06-04 18:26:59.059 I/a2dp_codec(16024): packages/modules/Bluetooth/system/stack/a2dp/a2dp_codec_config.cc:642 init: init: updated Opus codec priority to -1
06-04 18:26:59.059 I/a2dp_codec(16024): packages/modules/Bluetooth/system/stack/a2dp/a2dp_codec_config.cc:116 createCodec: SBC SINK
06-04 18:26:59.059 I/a2dp_codec(16024): packages/modules/Bluetooth/system/stack/a2dp/a2dp_codec_config.cc:116 createCodec: AAC SINK
06-04 18:26:59.059 I/a2dp_codec(16024): packages/modules/Bluetooth/system/stack/a2dp/a2dp_codec_config.cc:116 createCodec: LDAC SINK
06-04 18:26:59.060 D/xm_audio(15619): adev_get_parameters
06-04 18:26:59.061 V/WindowManager(15731): Finish Transition #0: created at
06-04 18:26:56.733 collect-started=0.274ms request-sent=15.373ms started=17.4ms ready=2106.82ms sent=2314.258ms finished=2322.735ms
06-04 18:26:59.061 D/ActivityManagerTiming(15731): FinishBooting
06-04 18:26:59.062 D/WindowManager(15731): updateCecScreenStatus 0
06-04 18:26:59.062 D/HDMI (15731): setCecSettingIntValue name:cec_screen_state, value:0
06-04 18:26:59.063 I/HDMI (15731): screen state is changing to 0
06-04 18:26:59.070 D/xm_audio(15619): adev_get_parameters
06-04 18:26:59.071 I/a2dp_vendor_ldac_decoder(16024): packages/modules/Bluetooth/system/stack/a2dp/a2dp_vendor_ldac_decoder.cc:130 A2DP_VendorLoadDecoderLdac: A2DP_VendorLoadDecoderLdac: cannot open LDAC decoder library libldacBT_bco.so: dlopen failed: library "libldacBT_bco.so" not found
06-04 18:26:59.071 E/a2dp_vendor_ldac(16024): packages/modules/Bluetooth/system/stack/a2dp/a2dp_vendor_ldac.cc:1422 init: init: cannot load the decoder
06-04 18:26:59.071 I/a2dp_codec(16024): packages/modules/Bluetooth/system/stack/a2dp/a2dp_codec_config.cc:116 createCodec: Opus SINK
06-04 18:26:59.071 I/a2dp_codec(16024): packages/modules/Bluetooth/system/stack/a2dp/a2dp_codec_config.cc:667 init: init: initialized Source codec LDAC
06-04 18:26:59.071 I/a2dp_codec(16024): packages/modules/Bluetooth/system/stack/a2dp/a2dp_codec_config.cc:667 init: init: initialized Source codec aptX-HD
06-04 18:26:59.071 I/a2dp_codec(16024): packages/modules/Bluetooth/system/stack/a2dp/a2dp_codec_config.cc:667 init: init: initialized Source codec aptX
06-04 18:26:59.071 I/a2dp_codec(16024): packages/modules/Bluetooth/system/stack/a2dp/a2dp_codec_config.cc:667 init: init: initialized Source codec AAC
06-04 18:26:59.071 I/a2dp_codec(16024): packages/modules/Bluetooth/system/stack/a2dp/a2dp_codec_config.cc:667 init: init: initialized Source codec SBC
06-04 18:26:59.071 I/a2dp_codec(16024): packages/modules/Bluetooth/system/stack/a2dp/a2dp_codec_config.cc:674 init: init: initialized Sink codec Opus SINK
06-04 18:26:59.071 I/a2dp_codec(16024): packages/modules/Bluetooth/system/stack/a2dp/a2dp_codec_config.cc:674 init: init: initialized Sink codec AAC SINK
06-04 18:26:59.071 I/a2dp_codec(16024): packages/modules/Bluetooth/system/stack/a2dp/a2dp_codec_config.cc:674 init: init: initialized Sink codec SBC SINK
06-04 18:26:59.071 I/a2dp_codec(16024): packages/modules/Bluetooth/system/stack/a2dp/a2dp_codec_config.cc:601 init: init
06-04 18:26:59.071 I/a2dp_codec(16024): packages/modules/Bluetooth/system/stack/a2dp/a2dp_codec_config.cc:116 createCodec: SBC
06-04 18:26:59.071 I/a2dp_codec(16024): packages/modules/Bluetooth/system/stack/a2dp/a2dp_codec_config.cc:642 init: init: updated SBC codec priority to 1001
06-04 18:26:59.071 I/a2dp_codec(16024): packages/modules/Bluetooth/system/stack/a2dp/a2dp_codec_config.cc:116 createCodec: AAC
06-04 18:26:59.071 I/a2dp_codec(16024): packages/modules/Bluetooth/system/stack/a2dp/a2dp_codec_config.cc:642 init: init: updated AAC codec priority to 2001
06-04 18:26:59.071 I/a2dp_codec(16024): packages/modules/Bluetooth/system/stack/a2dp/a2dp_codec_config.cc:116 createCodec: aptX
06-04 18:26:59.071 I/a2dp_codec(16024): packages/modules/Bluetooth/system/stack/a2dp/a2dp_codec_config.cc:642 init: init: updated aptX codec priority to 3001
06-04 18:26:59.071 I/a2dp_codec(16024): packages/modules/Bluetooth/system/stack/a2dp/a2dp_codec_config.cc:116 createCodec: aptX-HD
06-04 18:26:59.071 I/a2dp_codec(16024): packages/modules/Bluetooth/system/stack/a2dp/a2dp_codec_config.cc:642 init: init: updated aptX-HD codec priority to 4001
06-04 18:26:59.071 I/a2dp_codec(16024): packages/modules/Bluetooth/system/stack/a2dp/a2dp_codec_config.cc:116 createCodec: LDAC
06-04 18:26:59.071 I/a2dp_codec(16024): packages/modules/Bluetooth/system/stack/a2dp/a2dp_codec_config.cc:642 init: init: updated LDAC codec priority to 5001
06-04 18:26:59.071 I/a2dp_codec(16024): packages/modules/Bluetooth/system/stack/a2dp/a2dp_codec_config.cc:116 createCodec: LC3 not implemented
06-04 18:26:59.071 I/a2dp_codec(16024): packages/modules/Bluetooth/system/stack/a2dp/a2dp_codec_config.cc:633 init: init: OPUS codec disabled, updated priority to -1
06-04 18:26:59.071 I/a2dp_codec(16024): packages/modules/Bluetooth/system/stack/a2dp/a2dp_codec_config.cc:116 createCodec: Opus
06-04 18:26:59.071 I/a2dp_codec(16024): packages/modules/Bluetooth/system/stack/a2dp/a2dp_codec_config.cc:642 init: init: updated Opus codec priority to -1
06-04 18:26:59.071 I/a2dp_codec(16024): packages/modules/Bluetooth/system/stack/a2dp/a2dp_codec_config.cc:116 createCodec: SBC SINK
06-04 18:26:59.071 I/a2dp_codec(16024): packages/modules/Bluetooth/system/stack/a2dp/a2dp_codec_config.cc:116 createCodec: AAC SINK
06-04 18:26:59.071 I/a2dp_codec(16024): packages/modules/Bluetooth/system/stack/a2dp/a2dp_codec_config.cc:116 createCodec: LDAC SINK
06-04 18:26:59.072 I/a2dp_vendor_ldac_decoder(16024): packages/modules/Bluetooth/system/stack/a2dp/a2dp_vendor_ldac_decoder.cc:130 A2DP_VendorLoadDecoderLdac: A2DP_VendorLoadDecoderLdac: cannot open LDAC decoder library libldacBT_bco.so: dlopen failed: library "libldacBT_bco.so" not found
06-04 18:26:59.072 E/a2dp_vendor_ldac(16024): packages/modules/Bluetooth/system/stack/a2dp/a2dp_vendor_ldac.cc:1422 init: init: cannot load the decoder
06-04 18:26:59.072 I/a2dp_codec(16024): packages/modules/Bluetooth/system/stack/a2dp/a2dp_codec_config.cc:116 createCodec: Opus SINK
06-04 18:26:59.072 I/a2dp_codec(16024): packages/modules/Bluetooth/system/stack/a2dp/a2dp_codec_config.cc:667 init: init: initialized Source codec LDAC
06-04 18:26:59.072 I/a2dp_codec(16024): packages/modules/Bluetooth/system/stack/a2dp/a2dp_codec_config.cc:667 init: init: initialized Source codec aptX-HD
06-04 18:26:59.072 I/a2dp_codec(16024): packages/modules/Bluetooth/system/stack/a2dp/a2dp_codec_config.cc:667 init: init: initialized Source codec aptX
06-04 18:26:59.072 I/a2dp_codec(16024): packages/modules/Bluetooth/system/stack/a2dp/a2dp_codec_config.cc:667 init: init: initialized Source codec AAC
06-04 18:26:59.072 I/a2dp_codec(16024): packages/modules/Bluetooth/system/stack/a2dp/a2dp_codec_config.cc:667 init: init: initialized Source codec SBC
06-04 18:26:59.072 I/a2dp_codec(16024): packages/modules/Bluetooth/system/stack/a2dp/a2dp_codec_config.cc:674 init: init: initialized Sink codec Opus SINK
06-04 18:26:59.072 I/a2dp_codec(16024): packages/modules/Bluetooth/system/stack/a2dp/a2dp_codec_config.cc:674 init: init: initialized Sink codec AAC SINK
06-04 18:26:59.072 I/a2dp_codec(16024): packages/modules/Bluetooth/system/stack/a2dp/a2dp_codec_config.cc:674 init: init: initialized Sink codec SBC SINK
06-04 18:26:59.072 I/a2dp_codec(16024): packages/modules/Bluetooth/system/stack/a2dp/a2dp_codec_config.cc:601 init: init
06-04 18:26:59.072 I/a2dp_codec(16024): packages/modules/Bluetooth/system/stack/a2dp/a2dp_codec_config.cc:116 createCodec: SBC
06-04 18:26:59.072 I/a2dp_codec(16024): packages/modules/Bluetooth/system/stack/a2dp/a2dp_codec_config.cc:642 init: init: updated SBC codec priority to 1001
06-04 18:26:59.072 I/a2dp_codec(16024): packages/modules/Bluetooth/system/stack/a2dp/a2dp_codec_config.cc:116 createCodec: AAC
06-04 18:26:59.072 I/a2dp_codec(16024): packages/modules/Bluetooth/system/stack/a2dp/a2dp_codec_config.cc:642 init: init: updated AAC codec priority to 2001
06-04 18:26:59.072 I/a2dp_codec(16024): packages/modules/Bluetooth/system/stack/a2dp/a2dp_codec_config.cc:116 createCodec: aptX
06-04 18:26:59.072 I/a2dp_codec(16024): packages/modules/Bluetooth/system/stack/a2dp/a2dp_codec_config.cc:642 init: init: updated aptX codec priority to 3001
06-04 18:26:59.072 I/a2dp_codec(16024): packages/modules/Bluetooth/system/stack/a2dp/a2dp_codec_config.cc:116 createCodec: aptX-HD
06-04 18:26:59.072 I/a2dp_codec(16024): packages/modules/Bluetooth/system/stack/a2dp/a2dp_codec_config.cc:642 init: init: updated aptX-HD codec priority to 4001
06-04 18:26:59.072 I/a2dp_codec(16024): packages/modules/Bluetooth/system/stack/a2dp/a2dp_codec_config.cc:116 createCodec: LDAC
06-04 18:26:59.072 I/a2dp_codec(16024): packages/modules/Bluetooth/system/stack/a2dp/a2dp_codec_config.cc:642 init: init: updated LDAC codec priority to 5001
06-04 18:26:59.072 I/a2dp_codec(16024): packages/modules/Bluetooth/system/stack/a2dp/a2dp_codec_config.cc:116 createCodec: LC3 not implemented
06-04 18:26:59.072 I/a2dp_codec(16024): packages/modules/Bluetooth/system/stack/a2dp/a2dp_codec_config.cc:633 init: init: OPUS codec disabled, updated priority to -1
06-04 18:26:59.072 I/a2dp_codec(16024): packages/modules/Bluetooth/system/stack/a2dp/a2dp_codec_config.cc:116 createCodec: Opus
06-04 18:26:59.072 I/a2dp_codec(16024): packages/modules/Bluetooth/system/stack/a2dp/a2dp_codec_config.cc:642 init: init: updated Opus codec priority to -1
06-04 18:26:59.072 I/a2dp_codec(16024): packages/modules/Bluetooth/system/stack/a2dp/a2dp_codec_config.cc:116 createCodec: SBC SINK
06-04 18:26:59.072 I/a2dp_codec(16024): packages/modules/Bluetooth/system/stack/a2dp/a2dp_codec_config.cc:116 createCodec: AAC SINK
06-04 18:26:59.072 I/a2dp_codec(16024): packages/modules/Bluetooth/system/stack/a2dp/a2dp_codec_config.cc:116 createCodec: LDAC SINK
06-04 18:26:59.072 I/a2dp_vendor_ldac_decoder(16024): packages/modules/Bluetooth/system/stack/a2dp/a2dp_vendor_ldac_decoder.cc:130 A2DP_VendorLoadDecoderLdac: A2DP_VendorLoadDecoderLdac: cannot open LDAC decoder library libldacBT_bco.so: dlopen failed: library "libldacBT_bco.so" not found
06-04 18:26:59.073 E/a2dp_vendor_ldac(16024): packages/modules/Bluetooth/system/stack/a2dp/a2dp_vendor_ldac.cc:1422 init: init: cannot load the decoder
06-04 18:26:59.073 I/a2dp_codec(16024): packages/modules/Bluetooth/system/stack/a2dp/a2dp_codec_config.cc:116 createCodec: Opus SINK
06-04 18:26:59.073 I/a2dp_codec(16024): packages/modules/Bluetooth/system/stack/a2dp/a2dp_codec_config.cc:667 init: init: initialized Source codec LDAC
06-04 18:26:59.073 I/a2dp_codec(16024): packages/modules/Bluetooth/system/stack/a2dp/a2dp_codec_config.cc:667 init: init: initialized Source codec aptX-HD
06-04 18:26:59.073 I/a2dp_codec(16024): packages/modules/Bluetooth/system/stack/a2dp/a2dp_codec_config.cc:667 init: init: initialized Source codec aptX
06-04 18:26:59.073 I/a2dp_codec(16024): packages/modules/Bluetooth/system/stack/a2dp/a2dp_codec_config.cc:667 init: init: initialized Source codec AAC
06-04 18:26:59.073 I/a2dp_codec(16024): packages/modules/Bluetooth/system/stack/a2dp/a2dp_codec_config.cc:667 init: init: initialized Source codec SBC
06-04 18:26:59.073 I/a2dp_codec(16024): packages/modules/Bluetooth/system/stack/a2dp/a2dp_codec_config.cc:674 init: init: initialized Sink codec Opus SINK
06-04 18:26:59.073 I/a2dp_codec(16024): packages/modules/Bluetooth/system/stack/a2dp/a2dp_codec_config.cc:674 init: init: initialized Sink codec AAC SINK
06-04 18:26:59.073 I/a2dp_codec(16024): packages/modules/Bluetooth/system/stack/a2dp/a2dp_codec_config.cc:674 init: init: initialized Sink codec SBC SINK
06-04 18:26:59.073 I/a2dp_codec(16024): packages/modules/Bluetooth/system/stack/a2dp/a2dp_codec_config.cc:601 init: init
06-04 18:26:59.073 I/a2dp_codec(16024): packages/modules/Bluetooth/system/stack/a2dp/a2dp_codec_config.cc:116 createCodec: SBC
06-04 18:26:59.073 I/a2dp_codec(16024): packages/modules/Bluetooth/system/stack/a2dp/a2dp_codec_config.cc:642 init: init: updated SBC codec priority to 1001
06-04 18:26:59.073 I/a2dp_codec(16024): packages/modules/Bluetooth/system/stack/a2dp/a2dp_codec_config.cc:116 createCodec: AAC
06-04 18:26:59.073 I/a2dp_codec(16024): packages/modules/Bluetooth/system/stack/a2dp/a2dp_codec_config.cc:642 init: init: updated AAC codec priority to 2001
06-04 18:26:59.073 I/a2dp_codec(16024): packages/modules/Bluetooth/system/stack/a2dp/a2dp_codec_config.cc:116 createCodec: aptX
06-04 18:26:59.073 I/a2dp_codec(16024): packages/modules/Bluetooth/system/stack/a2dp/a2dp_codec_config.cc:642 init: init: updated aptX codec priority to 3001
06-04 18:26:59.073 I/a2dp_codec(16024): packages/modules/Bluetooth/system/stack/a2dp/a2dp_codec_config.cc:116 createCodec: aptX-HD
06-04 18:26:59.073 I/a2dp_codec(16024): packages/modules/Bluetooth/system/stack/a2dp/a2dp_codec_config.cc:642 init: init: updated aptX-HD codec priority to 4001
06-04 18:26:59.073 I/a2dp_codec(16024): packages/modules/Bluetooth/system/stack/a2dp/a2dp_codec_config.cc:116 createCodec: LDAC
06-04 18:26:59.073 I/a2dp_codec(16024): packages/modules/Bluetooth/system/stack/a2dp/a2dp_codec_config.cc:642 init: init: updated LDAC codec priority to 5001
06-04 18:26:59.073 I/a2dp_codec(16024): packages/modules/Bluetooth/system/stack/a2dp/a2dp_codec_config.cc:116 createCodec: LC3 not implemented
06-04 18:26:59.073 I/a2dp_codec(16024): packages/modules/Bluetooth/system/stack/a2dp/a2dp_codec_config.cc:633 init: init: OPUS codec disabled, updated priority to -1
06-04 18:26:59.073 I/a2dp_codec(16024): packages/modules/Bluetooth/system/stack/a2dp/a2dp_codec_config.cc:116 createCodec: Opus
06-04 18:26:59.073 I/a2dp_codec(16024): packages/modules/Bluetooth/system/stack/a2dp/a2dp_codec_config.cc:642 init: init: updated Opus codec priority to -1
06-04 18:26:59.073 I/a2dp_codec(16024): packages/modules/Bluetooth/system/stack/a2dp/a2dp_codec_config.cc:116 createCodec: SBC SINK
06-04 18:26:59.073 I/a2dp_codec(16024): packages/modules/Bluetooth/system/stack/a2dp/a2dp_codec_config.cc:116 createCodec: AAC SINK
06-04 18:26:59.073 I/a2dp_codec(16024): packages/modules/Bluetooth/system/stack/a2dp/a2dp_codec_config.cc:116 createCodec: LDAC SINK
06-04 18:26:59.074 I/a2dp_vendor_ldac_decoder(16024): packages/modules/Bluetooth/system/stack/a2dp/a2dp_vendor_ldac_decoder.cc:130 A2DP_VendorLoadDecoderLdac: A2DP_VendorLoadDecoderLdac: cannot open LDAC decoder library libldacBT_bco.so: dlopen failed: library "libldacBT_bco.so" not found
06-04 18:26:59.074 W/ScanResultUtil(15731): Empty or null ScanResult list
06-04 18:26:59.074 E/a2dp_vendor_ldac(16024): packages/modules/Bluetooth/system/stack/a2dp/a2dp_vendor_ldac.cc:1422 init: init: cannot load the decoder
06-04 18:26:59.074 I/a2dp_codec(16024): packages/modules/Bluetooth/system/stack/a2dp/a2dp_codec_config.cc:116 createCodec: Opus SINK
06-04 18:26:59.074 I/a2dp_codec(16024): packages/modules/Bluetooth/system/stack/a2dp/a2dp_codec_config.cc:667 init: init: initialized Source codec LDAC
06-04 18:26:59.074 W/WifiService(15731): Attempt to retrieve OsuProviders with invalid scanResult List
06-04 18:26:59.074 I/a2dp_codec(16024): packages/modules/Bluetooth/system/stack/a2dp/a2dp_codec_config.cc:667 init: init: initialized Source codec aptX-HD
06-04 18:26:59.074 I/a2dp_codec(16024): packages/modules/Bluetooth/system/stack/a2dp/a2dp_codec_config.cc:667 init: init: initialized Source codec aptX
06-04 18:26:59.074 I/a2dp_codec(16024): packages/modules/Bluetooth/system/stack/a2dp/a2dp_codec_config.cc:667 init: init: initialized Source codec AAC
06-04 18:26:59.074 I/a2dp_codec(16024): packages/modules/Bluetooth/system/stack/a2dp/a2dp_codec_config.cc:667 init: init: initialized Source codec SBC
06-04 18:26:59.074 I/a2dp_codec(16024): packages/modules/Bluetooth/system/stack/a2dp/a2dp_codec_config.cc:674 init: init: initialized Sink codec Opus SINK
06-04 18:26:59.074 I/a2dp_codec(16024): packages/modules/Bluetooth/system/stack/a2dp/a2dp_codec_config.cc:674 init: init: initialized Sink codec AAC SINK
06-04 18:26:59.074 I/a2dp_codec(16024): packages/modules/Bluetooth/system/stack/a2dp/a2dp_codec_config.cc:674 init: init: initialized Sink codec SBC SINK
06-04 18:26:59.074 I/a2dp_codec(16024): packages/modules/Bluetooth/system/stack/a2dp/a2dp_codec_config.cc:601 init: init
06-04 18:26:59.074 I/a2dp_codec(16024): packages/modules/Bluetooth/system/stack/a2dp/a2dp_codec_config.cc:116 createCodec: SBC
06-04 18:26:59.074 I/a2dp_codec(16024): packages/modules/Bluetooth/system/stack/a2dp/a2dp_codec_config.cc:642 init: init: updated SBC codec priority to 1001
06-04 18:26:59.074 I/a2dp_codec(16024): packages/modules/Bluetooth/system/stack/a2dp/a2dp_codec_config.cc:116 createCodec: AAC
06-04 18:26:59.074 I/a2dp_codec(16024): packages/modules/Bluetooth/system/stack/a2dp/a2dp_codec_config.cc:642 init: init: updated AAC codec priority to 2001
06-04 18:26:59.074 I/a2dp_codec(16024): packages/modules/Bluetooth/system/stack/a2dp/a2dp_codec_config.cc:116 createCodec: aptX
06-04 18:26:59.074 I/a2dp_codec(16024): packages/modules/Bluetooth/system/stack/a2dp/a2dp_codec_config.cc:642 init: init: updated aptX codec priority to 3001
06-04 18:26:59.074 I/a2dp_codec(16024): packages/modules/Bluetooth/system/stack/a2dp/a2dp_codec_config.cc:116 createCodec: aptX-HD
06-04 18:26:59.074 I/a2dp_codec(16024): packages/modules/Bluetooth/system/stack/a2dp/a2dp_codec_config.cc:642 init: init: updated aptX-HD codec priority to 4001
06-04 18:26:59.075 D/xm_audio(15619): adev_get_parameters
06-04 18:26:59.076 I/a2dp_codec(16024): packages/modules/Bluetooth/system/stack/a2dp/a2dp_codec_config.cc:116 createCodec: LDAC
06-04 18:26:59.077 I/a2dp_codec(16024): packages/modules/Bluetooth/system/stack/a2dp/a2dp_codec_config.cc:642 init: init: updated LDAC codec priority to 5001
06-04 18:26:59.077 I/a2dp_codec(16024): packages/modules/Bluetooth/system/stack/a2dp/a2dp_codec_config.cc:116 createCodec: LC3 not implemented
06-04 18:26:59.077 I/a2dp_codec(16024): packages/modules/Bluetooth/system/stack/a2dp/a2dp_codec_config.cc:633 init: init: OPUS codec disabled, updated priority to -1
06-04 18:26:59.077 I/a2dp_codec(16024): packages/modules/Bluetooth/system/stack/a2dp/a2dp_codec_config.cc:116 createCodec: Opus
06-04 18:26:59.077 I/a2dp_codec(16024): packages/modules/Bluetooth/system/stack/a2dp/a2dp_codec_config.cc:642 init: init: updated Opus codec priority to -1
06-04 18:26:59.077 I/a2dp_codec(16024): packages/modules/Bluetooth/system/stack/a2dp/a2dp_codec_config.cc:116 createCodec: SBC SINK
06-04 18:26:59.077 I/a2dp_codec(16024): packages/modules/Bluetooth/system/stack/a2dp/a2dp_codec_config.cc:116 createCodec: AAC SINK
06-04 18:26:59.077 I/a2dp_codec(16024): packages/modules/Bluetooth/system/stack/a2dp/a2dp_codec_config.cc:116 createCodec: LDAC SINK
06-04 18:26:59.077 I/a2dp_vendor_ldac_decoder(16024): packages/modules/Bluetooth/system/stack/a2dp/a2dp_vendor_ldac_decoder.cc:130 A2DP_VendorLoadDecoderLdac: A2DP_VendorLoadDecoderLdac: cannot open LDAC decoder library libldacBT_bco.so: dlopen failed: library "libldacBT_bco.so" not found
06-04 18:26:59.078 E/a2dp_vendor_ldac(16024): packages/modules/Bluetooth/system/stack/a2dp/a2dp_vendor_ldac.cc:1422 init: init: cannot load the decoder
06-04 18:26:59.078 I/a2dp_codec(16024): packages/modules/Bluetooth/system/stack/a2dp/a2dp_codec_config.cc:116 createCodec: Opus SINK
06-04 18:26:59.078 I/a2dp_codec(16024): packages/modules/Bluetooth/system/stack/a2dp/a2dp_codec_config.cc:667 init: init: initialized Source codec LDAC
06-04 18:26:59.078 I/a2dp_codec(16024): packages/modules/Bluetooth/system/stack/a2dp/a2dp_codec_config.cc:667 init: init: initialized Source codec aptX-HD
06-04 18:26:59.078 I/a2dp_codec(16024): packages/modules/Bluetooth/system/stack/a2dp/a2dp_codec_config.cc:667 init: init: initialized Source codec aptX
06-04 18:26:59.078 I/a2dp_codec(16024): packages/modules/Bluetooth/system/stack/a2dp/a2dp_codec_config.cc:667 init: init: initialized Source codec AAC
06-04 18:26:59.078 I/a2dp_codec(16024): packages/modules/Bluetooth/system/stack/a2dp/a2dp_codec_config.cc:667 init: init: initialized Source codec SBC
06-04 18:26:59.078 I/a2dp_codec(16024): packages/modules/Bluetooth/system/stack/a2dp/a2dp_codec_config.cc:674 init: init: initialized Sink codec Opus SINK
06-04 18:26:59.078 I/a2dp_codec(16024): packages/modules/Bluetooth/system/stack/a2dp/a2dp_codec_config.cc:674 init: init: initialized Sink codec AAC SINK
06-04 18:26:59.078 I/a2dp_codec(16024): packages/modules/Bluetooth/system/stack/a2dp/a2dp_codec_config.cc:674 init: init: initialized Sink codec SBC SINK
06-04 18:26:59.078 I/a2dp_codec(16024): packages/modules/Bluetooth/system/stack/a2dp/a2dp_codec_config.cc:601 init: init
06-04 18:26:59.079 I/a2dp_codec(16024): packages/modules/Bluetooth/system/stack/a2dp/a2dp_codec_config.cc:116 createCodec: SBC
06-04 18:26:59.079 I/a2dp_codec(16024): packages/modules/Bluetooth/system/stack/a2dp/a2dp_codec_config.cc:642 init: init: updated SBC codec priority to 1001
06-04 18:26:59.079 I/a2dp_codec(16024): packages/modules/Bluetooth/system/stack/a2dp/a2dp_codec_config.cc:116 createCodec: AAC
06-04 18:26:59.079 I/a2dp_codec(16024): packages/modules/Bluetooth/system/stack/a2dp/a2dp_codec_config.cc:642 init: init: updated AAC codec priority to 2001
06-04 18:26:59.079 I/a2dp_codec(16024): packages/modules/Bluetooth/system/stack/a2dp/a2dp_codec_config.cc:116 createCodec: aptX
06-04 18:26:59.079 I/a2dp_codec(16024): packages/modules/Bluetooth/system/stack/a2dp/a2dp_codec_config.cc:642 init: init: updated aptX codec priority to 3001
06-04 18:26:59.079 I/a2dp_codec(16024): packages/modules/Bluetooth/system/stack/a2dp/a2dp_codec_config.cc:116 createCodec: aptX-HD
06-04 18:26:59.079 I/a2dp_codec(16024): packages/modules/Bluetooth/system/stack/a2dp/a2dp_codec_config.cc:642 init: init: updated aptX-HD codec priority to 4001
06-04 18:26:59.079 I/a2dp_codec(16024): packages/modules/Bluetooth/system/stack/a2dp/a2dp_codec_config.cc:116 createCodec: LDAC
06-04 18:26:59.079 I/a2dp_codec(16024): packages/modules/Bluetooth/system/stack/a2dp/a2dp_codec_config.cc:642 init: init: updated LDAC codec priority to 5001
06-04 18:26:59.079 I/a2dp_codec(16024): packages/modules/Bluetooth/system/stack/a2dp/a2dp_codec_config.cc:116 createCodec: LC3 not implemented
06-04 18:26:59.079 I/a2dp_codec(16024): packages/modules/Bluetooth/system/stack/a2dp/a2dp_codec_config.cc:633 init: init: OPUS codec disabled, updated priority to -1
06-04 18:26:59.079 I/a2dp_codec(16024): packages/modules/Bluetooth/system/stack/a2dp/a2dp_codec_config.cc:116 createCodec: Opus
06-04 18:26:59.079 I/a2dp_codec(16024): packages/modules/Bluetooth/system/stack/a2dp/a2dp_codec_config.cc:642 init: init: updated Opus codec priority to -1
06-04 18:26:59.079 I/a2dp_codec(16024): packages/modules/Bluetooth/system/stack/a2dp/a2dp_codec_config.cc:116 createCodec: SBC SINK
06-04 18:26:59.079 I/a2dp_codec(16024): packages/modules/Bluetooth/system/stack/a2dp/a2dp_codec_config.cc:116 createCodec: AAC SINK
06-04 18:26:59.079 I/a2dp_codec(16024): packages/modules/Bluetooth/system/stack/a2dp/a2dp_codec_config.cc:116 createCodec: LDAC SINK
06-04 18:26:59.080 I/a2dp_vendor_ldac_decoder(16024): packages/modules/Bluetooth/system/stack/a2dp/a2dp_vendor_ldac_decoder.cc:130 A2DP_VendorLoadDecoderLdac: A2DP_VendorLoadDecoderLdac: cannot open LDAC decoder library libldacBT_bco.so: dlopen failed: library "libldacBT_bco.so" not found
06-04 18:26:59.080 E/a2dp_vendor_ldac(16024): packages/modules/Bluetooth/system/stack/a2dp/a2dp_vendor_ldac.cc:1422 init: init: cannot load the decoder
06-04 18:26:59.080 I/a2dp_codec(16024): packages/modules/Bluetooth/system/stack/a2dp/a2dp_codec_config.cc:116 createCodec: Opus SINK
06-04 18:26:59.080 I/a2dp_codec(16024): packages/modules/Bluetooth/system/stack/a2dp/a2dp_codec_config.cc:667 init: init: initialized Source codec LDAC
06-04 18:26:59.080 I/a2dp_codec(16024): packages/modules/Bluetooth/system/stack/a2dp/a2dp_codec_config.cc:667 init: init: initialized Source codec aptX-HD
06-04 18:26:59.080 I/a2dp_codec(16024): packages/modules/Bluetooth/system/stack/a2dp/a2dp_codec_config.cc:667 init: init: initialized Source codec aptX
06-04 18:26:59.080 I/a2dp_codec(16024): packages/modules/Bluetooth/system/stack/a2dp/a2dp_codec_config.cc:667 init: init: initialized Source codec AAC
06-04 18:26:59.080 I/a2dp_codec(16024): packages/modules/Bluetooth/system/stack/a2dp/a2dp_codec_config.cc:667 init: init: initialized Source codec SBC
06-04 18:26:59.080 I/a2dp_codec(16024): packages/modules/Bluetooth/system/stack/a2dp/a2dp_codec_config.cc:674 init: init: initialized Sink codec Opus SINK
06-04 18:26:59.080 I/a2dp_codec(16024): packages/modules/Bluetooth/system/stack/a2dp/a2dp_codec_config.cc:674 init: init: initialized Sink codec AAC SINK
06-04 18:26:59.080 I/a2dp_codec(16024): packages/modules/Bluetooth/system/stack/a2dp/a2dp_codec_config.cc:674 init: init: initialized Sink codec SBC SINK
06-04 18:26:59.080 I/bt_btif_a2dp_source(16024): packages/modules/Bluetooth/system/btif/src/btif_a2dp_source.cc:331 btif_a2dp_source_init: btif_a2dp_source_init
06-04 18:26:59.083 I/bt_stack(16024): [INFO:message_loop_thread.cc(184)] Run: message loop starting for thread bt_a2dp_source_worker_thread
06-04 18:26:59.084 I/bt_bta_av(16024): packages/modules/Bluetooth/system/bta/av/bta_av_main.cc:431 bta_av_api_register: bta_av_api_register: AVRCP version used for sdp: "avrcp15"
06-04 18:26:59.084 I/bt_l2cap(16024): packages/modules/Bluetooth/system/stack/l2cap/l2c_api.cc:172 L2CA_Register: L2CAP Registered service classic PSM: 0x0019
06-04 18:26:59.084 I/bt_l2cap(16024): packages/modules/Bluetooth/system/stack/l2cap/l2c_api.cc:172 L2CA_Register: L2CAP Registered service classic PSM: 0x0017
06-04 18:26:59.084 I/bt_l2cap(16024): packages/modules/Bluetooth/system/stack/l2cap/l2c_api.cc:172 L2CA_Register: L2CAP Registered service classic PSM: 0x001b
06-04 18:26:59.084 I/bt_bta_dm(16024): packages/modules/Bluetooth/system/bta/dm/bta_dm_act.cc:3456 bta_dm_eir_update_uuid: EIR Adding UUID=0x110A into extended inquiry response
06-04 18:26:59.084 I/bt_bta_dm(16024): packages/modules/Bluetooth/system/bta/dm/bta_dm_act.cc:3155 bta_dm_set_eir: Generating extended inquiry response packet EIR
06-04 18:26:59.084 I/bt_bta_av(16024): packages/modules/Bluetooth/system/bta/av/bta_av_act.cc:305 bta_av_rc_create: Skipping RC creation for the old AVRCP profile
06-04 18:26:59.085 I/bt_bta_av(16024): packages/modules/Bluetooth/system/bta/av/bta_av_main.cc:431 bta_av_api_register: bta_av_api_register: AVRCP version used for sdp: "avrcp15"
06-04 18:26:59.086 I/bt_bta_av(16024): packages/modules/Bluetooth/system/bta/av/bta_av_main.cc:431 bta_av_api_register: bta_av_api_register: AVRCP version used for sdp: "avrcp15"
06-04 18:26:59.086 I/bt_bta_av(16024): packages/modules/Bluetooth/system/bta/av/bta_av_main.cc:431 bta_av_api_register: bta_av_api_register: AVRCP version used for sdp: "avrcp15"
06-04 18:26:59.086 I/bt_bta_av(16024): packages/modules/Bluetooth/system/bta/av/bta_av_main.cc:431 bta_av_api_register: bta_av_api_register: AVRCP version used for sdp: "avrcp15"
06-04 18:26:59.087 I/bt_bta_av(16024): packages/modules/Bluetooth/system/bta/av/bta_av_main.cc:431 bta_av_api_register: bta_av_api_register: AVRCP version used for sdp: "avrcp15"
06-04 18:26:59.087 I/bt_btif_storage(16024): packages/modules/Bluetooth/system/btif/src/btif_storage.cc:653 btif_storage_get_adapter_property: btif_storage_get_adapter_property service_mask:0x20000008
06-04 18:26:59.087 D/A2dpService(16024): A2DP offload flag set to false
06-04 18:26:59.088 I/bt_btif_a2dp_source(16024): packages/modules/Bluetooth/system/btif/src/btif_a2dp_source.cc:341 btif_a2dp_source_init_delayed: btif_a2dp_source_init_delayed
06-04 18:26:59.089 D/A2dpService(16024): setA2dpService(): set to: com.android.bluetooth.a2dp.A2dpService@764a510
06-04 18:26:59.089 D/ActivityAttributionService(16024): notifyActivityAttributionInfo UID=1002 packageName=com.android.bluetooth deviceAddress=no_active_device_address
06-04 18:26:59.089 I/bt_btif (16024): packages/modules/Bluetooth/system/btif/src/bluetooth.cc:829 get_profile_interface: get_profile_interface: id = activity_attribution
06-04 18:26:59.090 D/ActiveDeviceManager(16024): handleAdapterStateChanged: currentState=11
06-04 18:26:59.091 I/vol.Events(15915): writeEvent level_changed STREAM_MUSIC 7
06-04 18:26:59.094 D/xm_audio(15619): adev_get_parameters
06-04 18:26:59.094 I/AvrcpTargetService(16024): Starting the AVRCP Target Service
06-04 18:26:59.098 V/MediaPlayerList(16024): Creating MediaPlayerList
06-04 18:26:59.100 D/xm_audio(15619): adev_get_parameters
06-04 18:26:59.101 D/BootAnimation(15654): BootAnimationShownTiming End time: 7597806ms
06-04 18:26:59.106 D/xm_audio(15619): adev_get_parameters
06-04 18:26:59.106 D/MediaSessionService(15731): The MediaKeyEventSessionChangedListener (android.os.BinderProxy@9f2cd45) is added by com.android.bluetooth
06-04 18:26:59.107 D/xm_audio(15619): adev_get_parameters
06-04 18:26:59.107 I/AvrcpTargetJni(16024): classInitNative: AvrcpTargetJni initialized!
06-04 18:26:59.109 D/AvrcpTargetJni(16024): initNative
06-04 18:26:59.109 I/bt_stack(16024): [INFO:avrcp_service.cc(375)] AVRCP Target Service started
06-04 18:26:59.110 I/bt_bta_dm(16024): packages/modules/Bluetooth/system/bta/dm/bta_dm_act.cc:3456 bta_dm_eir_update_uuid: EIR Adding UUID=0x110C into extended inquiry response
06-04 18:26:59.110 I/bt_bta_dm(16024): packages/modules/Bluetooth/system/bta/dm/bta_dm_act.cc:3155 bta_dm_set_eir: Generating extended inquiry response packet EIR
06-04 18:26:59.110 I/bt_bta_dm(16024): packages/modules/Bluetooth/system/bta/dm/bta_dm_act.cc:3456 bta_dm_eir_update_uuid: EIR Adding UUID=0x110E into extended inquiry response
06-04 18:26:59.110 I/bt_bta_dm(16024): packages/modules/Bluetooth/system/bta/dm/bta_dm_act.cc:3155 bta_dm_set_eir: Generating extended inquiry response packet EIR
06-04 18:26:59.110 I/bt_stack(16024): [INFO:connection_handler.cc(200)] Connect to device ff:ff:ff:ff:ff:ff
06-04 18:26:59.110 I/bt_stack(16024): [INFO:connection_handler.cc(222)] virtual bool bluetooth::avrcp::ConnectionHandler::AvrcpConnect(bool, const RawAddress &): handle=0000 status= 000000
06-04 18:26:59.112 E/AvrcpTargetService(16024): Please use AVRCP version 1.6 to enable cover art
06-04 18:26:59.113 D/xm_audio(15619): adev_get_parameters
06-04 18:26:59.114 D/ActivityAttributionService(16024): notifyActivityAttributionInfo UID=1002 packageName=com.android.bluetooth deviceAddress=no_active_device_address
06-04 18:26:59.114 I/bt_btif (16024): packages/modules/Bluetooth/system/btif/src/bluetooth.cc:829 get_profile_interface: get_profile_interface: id = activity_attribution
06-04 18:26:59.115 D/xm_audio(15619): adev_get_parameters
06-04 18:26:59.116 I/HeadsetService(16024): create()
06-04 18:26:59.116 D/BootAnimation(15654): BootAnimationStopTiming start time: 7597820ms
06-04 18:26:59.120 D/xm_audio(15619): adev_get_parameters
06-04 18:26:59.121 D/xm_audio(15619): adev_get_parameters
06-04 18:26:59.127 I/HeadsetService(16024): start()
06-04 18:26:59.129 I/libperfmgr( 478): Hint type not present in actions: EXPENSIVE_RENDERING
06-04 18:26:59.129 I/android.hardware.power-service.libperfmgr( 478): Power mode EXPENSIVE_RENDERING isModeSupported: 0
06-04 18:26:59.130 E/SettingsState(15731): Failed to write settings, restoring old file
06-04 18:26:59.130 E/SettingsState(15731): java.io.SyncFailedException: sync failed
06-04 18:26:59.130 E/SettingsState(15731): at java.io.FileDescriptor.sync(Native Method)
06-04 18:26:59.130 E/SettingsState(15731): at com.android.providers.settings.SettingsState.doWriteState(SettingsState.java:925)
06-04 18:26:59.130 E/SettingsState(15731): at com.android.providers.settings.SettingsState.-$$Nest$mdoWriteState(SettingsState.java:0)
06-04 18:26:59.130 E/SettingsState(15731): at com.android.providers.settings.SettingsState$MyHandler.handleMessage(SettingsState.java:1279)
06-04 18:26:59.130 E/SettingsState(15731): at android.os.Handler.dispatchMessage(Handler.java:106)
06-04 18:26:59.130 E/SettingsState(15731): at android.os.Looper.loopOnce(Looper.java:205)
06-04 18:26:59.130 E/SettingsState(15731): at android.os.Looper.loop(Looper.java:294)
06-04 18:26:59.130 E/SettingsState(15731): at android.os.HandlerThread.run(HandlerThread.java:67)
06-04 18:26:59.131 E/AtomicFile(15731): Failed to sync file output stream
06-04 18:26:59.133 E/AtomicFile(15731): Failed to delete new file /data/system/users/0/settings_secure.xml.new
06-04 18:26:59.144 I/BluetoothHeadsetServiceJni(16024): classInitNative: succeeds
06-04 18:26:59.145 W/HeadsetClientService(16024): getHeadsetClientService(): service is null
06-04 18:26:59.145 I/bt_btif (16024): packages/modules/Bluetooth/system/btif/src/bluetooth.cc:829 get_profile_interface: get_profile_interface: id = handsfree
06-04 18:26:59.145 I/bt_stack(16024): [INFO:btif_hf.cc(1626)] GetInterface
06-04 18:26:59.145 I/bt_btif_hf(16024): packages/modules/Bluetooth/system/btif/src/btif_hf.cc:1590 ExecuteService: service starts to: Initialize
06-04 18:26:59.145 I/bluetooth(16024): packages/modules/Bluetooth/system/bta/ag/bta_ag_main.cc:405 bta_ag_api_enable: AG api enable
06-04 18:26:59.145 I/bluetooth(16024): packages/modules/Bluetooth/system/bta/ag/bta_ag_sdp.cc:146 bta_ag_add_record: features: 135023
06-04 18:26:59.145 I/bt_bta_dm(16024): packages/modules/Bluetooth/system/bta/dm/bta_dm_act.cc:3456 bta_dm_eir_update_uuid: EIR Adding UUID=0x1112 into extended inquiry response
06-04 18:26:59.145 I/bt_bta_dm(16024): packages/modules/Bluetooth/system/bta/dm/bta_dm_act.cc:3155 bta_dm_set_eir: Generating extended inquiry response packet EIR
06-04 18:26:59.145 I/bluetooth(16024): packages/modules/Bluetooth/system/bta/ag/bta_ag_sdp.cc:146 bta_ag_add_record: features: 135023
06-04 18:26:59.145 I/bt_bta_dm(16024): packages/modules/Bluetooth/system/bta/dm/bta_dm_act.cc:3456 bta_dm_eir_update_uuid: EIR Adding UUID=0x111F into extended inquiry response
06-04 18:26:59.145 I/bt_bta_dm(16024): packages/modules/Bluetooth/system/bta/dm/bta_dm_act.cc:3155 bta_dm_set_eir: Generating extended inquiry response packet EIR
06-04 18:26:59.146 I/bt_stack(16024): [INFO:port_api.cc(220)] RFCOMM_CreateConnectionWithSecurity: bd_addr=ff:ff:ff:ff:ff:ff, scn=2, is_server=1, mtu=256, uuid=0x1112, dlci=4, signal_state=0x0b, p_port=0xc60d43b0
06-04 18:26:59.146 I/bt_stack(16024): [INFO:port_api.cc(220)] RFCOMM_CreateConnectionWithSecurity: bd_addr=ff:ff:ff:ff:ff:ff, scn=3, is_server=1, mtu=256, uuid=0x111f, dlci=6, signal_state=0x0b, p_port=0xc60d4438
06-04 18:26:59.146 I/bt_stack(16024): [INFO:port_api.cc(220)] RFCOMM_CreateConnectionWithSecurity: bd_addr=ff:ff:ff:ff:ff:ff, scn=2, is_server=1, mtu=256, uuid=0x1112, dlci=4, signal_state=0x0b, p_port=0xc60d44c0
06-04 18:26:59.146 I/bt_stack(16024): [INFO:port_api.cc(220)] RFCOMM_CreateConnectionWithSecurity: bd_addr=ff:ff:ff:ff:ff:ff, scn=3, is_server=1, mtu=256, uuid=0x111f, dlci=6, signal_state=0x0b, p_port=0xc60d4548
06-04 18:26:59.146 I/bt_stack(16024): [INFO:port_api.cc(220)] RFCOMM_CreateConnectionWithSecurity: bd_addr=ff:ff:ff:ff:ff:ff, scn=2, is_server=1, mtu=256, uuid=0x1112, dlci=4, signal_state=0x0b, p_port=0xc60d45d0
06-04 18:26:59.146 I/bt_stack(16024): [INFO:port_api.cc(220)] RFCOMM_CreateConnectionWithSecurity: bd_addr=ff:ff:ff:ff:ff:ff, scn=3, is_server=1, mtu=256, uuid=0x111f, dlci=6, signal_state=0x0b, p_port=0xc60d4658
06-04 18:26:59.146 I/bt_stack(16024): [INFO:port_api.cc(220)] RFCOMM_CreateConnectionWithSecurity: bd_addr=ff:ff:ff:ff:ff:ff, scn=2, is_server=1, mtu=256, uuid=0x1112, dlci=4, signal_state=0x0b, p_port=0xc60d46e0
06-04 18:26:59.146 I/bt_stack(16024): [INFO:port_api.cc(220)] RFCOMM_CreateConnectionWithSecurity: bd_addr=ff:ff:ff:ff:ff:ff, scn=3, is_server=1, mtu=256, uuid=0x111f, dlci=6, signal_state=0x0b, p_port=0xc60d4768
06-04 18:26:59.147 I/bt_stack(16024): [INFO:port_api.cc(220)] RFCOMM_CreateConnectionWithSecurity: bd_addr=ff:ff:ff:ff:ff:ff, scn=2, is_server=1, mtu=256, uuid=0x1112, dlci=4, signal_state=0x0b, p_port=0xc60d47f0
06-04 18:26:59.147 I/bt_stack(16024): [INFO:port_api.cc(220)] RFCOMM_CreateConnectionWithSecurity: bd_addr=ff:ff:ff:ff:ff:ff, scn=3, is_server=1, mtu=256, uuid=0x111f, dlci=6, signal_state=0x0b, p_port=0xc60d4878
06-04 18:26:59.147 I/bt_stack(16024): [INFO:port_api.cc(220)] RFCOMM_CreateConnectionWithSecurity: bd_addr=ff:ff:ff:ff:ff:ff, scn=2, is_server=1, mtu=256, uuid=0x1112, dlci=4, signal_state=0x0b, p_port=0xc60d4900
06-04 18:26:59.147 I/bt_stack(16024): [INFO:port_api.cc(220)] RFCOMM_CreateConnectionWithSecurity: bd_addr=ff:ff:ff:ff:ff:ff, scn=3, is_server=1, mtu=256, uuid=0x111f, dlci=6, signal_state=0x0b, p_port=0xc60d4988
06-04 18:26:59.147 I/bt_btif_storage(16024): packages/modules/Bluetooth/system/btif/src/btif_storage.cc:653 btif_storage_get_adapter_property: btif_storage_get_adapter_property service_mask:0x20000048
06-04 18:26:59.149 D/ActivityAttributionService(16024): notifyActivityAttributionInfo UID=1002 packageName=com.android.bluetooth deviceAddress=no_active_device_address
06-04 18:26:59.149 I/bt_btif (16024): packages/modules/Bluetooth/system/btif/src/bluetooth.cc:829 get_profile_interface: get_profile_interface: id = activity_attribution
06-04 18:26:59.151 D/HearingAidService(16024): create()
06-04 18:26:59.152 D/HearingAidService(16024): start()
06-04 18:26:59.153 I/bt_stack(16024): [INFO:com_android_bluetooth_hearing_aid.cpp(97)] classInitNative: succeeds
06-04 18:26:59.154 D/HearingAidService(16024): setHearingAidService(): set to: com.android.bluetooth.hearingaid.HearingAidService@6ced035
06-04 18:26:59.155 I/bt_btif (16024): packages/modules/Bluetooth/system/btif/src/bluetooth.cc:829 get_profile_interface: get_profile_interface: id = hearing_aid
06-04 18:26:59.155 I/bt_stack(16024): [INFO:hearing_aid_software_encoding_aidl.cc(182)] init
06-04 18:26:59.157 D/ActivityAttributionService(16024): notifyActivityAttributionInfo UID=1002 packageName=com.android.bluetooth deviceAddress=no_active_device_address
06-04 18:26:59.157 I/bt_btif (16024): packages/modules/Bluetooth/system/btif/src/bluetooth.cc:829 get_profile_interface: get_profile_interface: id = activity_attribution
06-04 18:26:59.163 I/bt_btif (16024): packages/modules/Bluetooth/system/btif/src/bluetooth.cc:829 get_profile_interface: get_profile_interface: id = hidhost
06-04 18:26:59.163 I/bt_btif_storage(16024): packages/modules/Bluetooth/system/btif/src/btif_storage.cc:653 btif_storage_get_adapter_property: btif_storage_get_adapter_property service_mask:0x20100048
06-04 18:26:59.166 I/bt_stack(16024): [INFO:btif_hf.cc(318)] btif_hf_upstreams_evt: AG enable/disable event 0
