06-04 18:26:57.155 W/android.hardware.wifi-service.droidlogic( 493): No active wlan interfaces in use! Using default
06-04 18:26:57.159 W/android.hardware.wifi-service.droidlogic( 493): No active wlan interfaces in use! Using default
06-04 18:26:57.162 I/android.hardware.wifi-service.droidlogic( 493): Adding interface handle for p2p0
06-04 18:26:57.162 I/android.hardware.wifi-service.droidlogic( 493): Adding interface handle for ap0
06-04 18:26:57.162 I/android.hardware.wifi-service.droidlogic( 493): Adding interface handle for wlan0
06-04 18:26:57.162 E/android.hardware.wifi-service.droidlogic( 493): Failed to set DFS flag; DFS channels may be unavailable.
06-04 18:26:57.164 I/PackageWatchdog(15731): Syncing health check requests for packages: {}
06-04 18:26:57.165 W/ActivityManager(15731): Slow operation: 57ms so far, now at startProcess: returned from zygote!
06-04 18:26:57.165 W/ActivityManager(15731): Slow operation: 58ms so far, now at startProcess: done updating battery stats
06-04 18:26:57.165 W/ActivityManager(15731): Slow operation: 58ms so far, now at startProcess: building log message
06-04 18:26:57.165 I/ActivityManager(15731): Start proc 16068:android.ext.services/u0a59 for service {android.ext.services/android.ext.services.autofill.InlineSuggestionRenderServiceImpl}
06-04 18:26:57.165 W/ActivityManager(15731): Slow operation: 58ms so far, now at startProcess: starting to update pids map
06-04 18:26:57.165 W/ActivityManager(15731): Slow operation: 58ms so far, now at startProcess: done updating pids map
06-04 18:26:57.167 I/ExplicitHealthCheckController(15731): Service not ready to get health check supported packages. Binding...
06-04 18:26:57.174 I/ExplicitHealthCheckController(15731): Explicit health check service is bound
06-04 18:26:57.178 E/android.hardware.wifi-service.droidlogic( 493): Failed to get chip capabilities from legacy HAL: NOT_SUPPORTED
06-04 18:26:57.193 I/wificond(15618): createClientInterface: wiphy_index 0 iface_name wlan0
06-04 18:26:57.194 I/wificond(15618): create scanner for interface with index: 16
06-04 18:26:57.194 I/wificond(15618): subscribe scan result for interface with index: 16
06-04 18:26:57.196 I/wificond(15618): add channel type 0 support at wiphy index: 0
06-04 18:26:57.196 I/wificond(15618): add channel type 1 support at wiphy index: 0
06-04 18:26:57.203 D/CompatibilityChangeReporter(15731): Compat change id reported: 161145287; UID 1068; state: ENABLED
06-04 18:26:57.232 D/CountryDetector(15731): Using custom country detector class: com.android.server.location.ComprehensiveCountryDetector
06-04 18:26:57.237 E/CountryDetector(15731): Could not instantiate the custom country detector class
06-04 18:26:57.237 D/CountryDetector(15731): Using default country detector
06-04 18:26:57.249 D/CompatibilityChangeReporter(15731): Compat change id reported: 168419799; UID 10059; state: DISABLED
06-04 18:26:57.250 D/CompatibilityChangeReporter(15731): Compat change id reported: 273564678; UID 10059; state: DISABLED
06-04 18:26:57.252 D/CompatibilityChangeReporter(15731): Compat change id reported: 161145287; UID 1073; state: ENABLED
06-04 18:26:57.253 D/CompatibilityChangeReporter(15731): Compat change id reported: 265195908; UID 10059; state: ENABLED
06-04 18:26:57.261 E/android.hardware.wifi-service.droidlogic( 493): Failed to get SupportedRadioCombinations matrix from legacy HAL: NOT_SUPPORTED
06-04 18:26:57.263 I/MR2ServiceImpl(15731): addProviderRoutes | provider: com.android.server.media/.SystemMediaRoute2Provider, routes: [DEVICE_ROUTE | 电视]
06-04 18:26:57.275 D/CompatibilityChangeReporter(15731): Compat change id reported: 170503758; UID 10059; state: ENABLED
06-04 18:26:57.282 D/AudioService(15731): onHdmiCecVolumeControlFeature enabled:false
06-04 18:26:57.285 D/WallpaperManagerService(15731): WPMS.onServiceConnected-ComponentInfo{com.android.systemui/com.android.systemui.wallpapers.ImageWallpaper}
06-04 18:26:57.286 D/WallpaperManagerService(15731): WPMS.attachServiceLocked
06-04 18:26:57.286 D/WallpaperManagerService(15731): WPMS.connectLocked-ComponentInfo{com.android.systemui/com.android.systemui.wallpapers.ImageWallpaper}
06-04 18:26:57.295 D/WallpaperManagerService(15731): WPMS.saveSettingsLocked-0
06-04 18:26:57.303 D/WallpaperManagerService(15731): WPMS.onServiceConnected-ComponentInfo{com.android.systemui/com.android.systemui.wallpapers.ImageWallpaper}
06-04 18:26:57.304 D/WallpaperManagerService(15731): WPMS.attachServiceLocked
06-04 18:26:57.310 D/AudioService(15731): setWiredDeviceConnectionState( type:400 state:DEVICE_STATE_AVAILABLE addr: name:) from android
06-04 18:26:57.310 I/AS.AudioDeviceInventory(15731): handleDeviceConnection(true dev:400 address: name:)
06-04 18:26:57.311 I/AS.AudioDeviceInventory(15731): deviceKey:0x400:
06-04 18:26:57.311 I/AS.AudioDeviceInventory(15731): deviceInfo:null is(already)Connected:false
06-04 18:26:57.366 D/CompatibilityChangeReporter(15731): Compat change id reported: 218533173; UID 10040; state: DISABLED
06-04 18:26:57.377 D/CompatibilityChangeReporter(15731): Compat change id reported: 262645982; UID 10040; state: DISABLED
06-04 18:26:57.385 D/CompatibilityChangeReporter(15731): Compat change id reported: 218533173; UID 10072; state: DISABLED
06-04 18:26:57.386 D/CompatibilityChangeReporter(15731): Compat change id reported: 262645982; UID 10072; state: DISABLED
06-04 18:26:57.388 D/CompatibilityChangeReporter(15731): Compat change id reported: 218533173; UID 10061; state: ENABLED
06-04 18:26:57.389 D/CompatibilityChangeReporter(15731): Compat change id reported: 262645982; UID 10061; state: ENABLED
06-04 18:26:57.390 D/CompatibilityChangeReporter(15731): Compat change id reported: 218533173; UID 10056; state: ENABLED
06-04 18:26:57.390 D/CompatibilityChangeReporter(15731): Compat change id reported: 262645982; UID 10056; state: ENABLED
06-04 18:26:57.391 D/CompatibilityChangeReporter(15731): Compat change id reported: 218533173; UID 10065; state: ENABLED
06-04 18:26:57.391 D/CompatibilityChangeReporter(15731): Compat change id reported: 262645982; UID 10065; state: ENABLED
06-04 18:26:57.396 W/NotificationHistory(15731): Attempted to add notif for locked/gone/disabled user 0
06-04 18:26:57.398 W/WindowManager(15731): [addWindow] title:com.android.systemui.wallpapers.ImageWallpaper
06-04 18:26:57.401 D/CompatibilityChangeReporter(15731): Compat change id reported: 218533173; UID 10018; state: ENABLED
06-04 18:26:57.402 D/CompatibilityChangeReporter(15731): Compat change id reported: 262645982; UID 10018; state: ENABLED
06-04 18:26:57.404 D/CompatibilityChangeReporter(15731): Compat change id reported: 218533173; UID 10017; state: ENABLED
06-04 18:26:57.452 D/CompatibilityChangeReporter(15731): Compat change id reported: 262645982; UID 10017; state: ENABLED
06-04 18:26:57.458 D/CompatibilityChangeReporter(15731): Compat change id reported: 218533173; UID 10066; state: ENABLED
06-04 18:26:57.459 D/SystemServerTiming(15731): ManagedServices.unbindOtherUserServices_current0
06-04 18:26:57.460 D/SystemServerTiming(15731): ManagedServices.unbindOtherUserServices_current0
06-04 18:26:57.460 D/SystemServerTiming(15731): ManagedServices.unbindOtherUserServices_current0
06-04 18:26:57.461 V/NotificationAssistants(15731): enabling notification assistant for 0: ComponentInfo{android.ext.services/android.ext.services.notification.Assistant}
06-04 18:26:57.461 V/NotificationAssistants(15731): binding: Intent { act=android.service.notification.NotificationAssistantService cmp=android.ext.services/.notification.Assistant (has extras) }
06-04 18:26:57.464 D/CompatibilityChangeReporter(15731): Compat change id reported: 262645982; UID 10066; state: ENABLED
06-04 18:26:57.465 D/CompatibilityChangeReporter(15731): Compat change id reported: 218533173; UID 10074; state: ENABLED
06-04 18:26:57.465 D/CompatibilityChangeReporter(15731): Compat change id reported: 262645982; UID 10074; state: ENABLED
06-04 18:26:57.466 D/CompatibilityChangeReporter(15731): Compat change id reported: 218533173; UID 10039; state: DISABLED
06-04 18:26:57.466 D/CompatibilityChangeReporter(15731): Compat change id reported: 262645982; UID 10039; state: DISABLED
06-04 18:26:57.481 D/CompatibilityChangeReporter(15731): Compat change id reported: 218533173; UID 10006; state: ENABLED
06-04 18:26:57.481 D/OomAdjuster(15731): Not killing cached processes
06-04 18:26:57.485 D/CompatibilityChangeReporter(15731): Compat change id reported: 262645982; UID 10006; state: ENABLED
06-04 18:26:57.488 W/ActivityThread(16024): Failed to find provider info for bluetooth_legacy.provider (user not unlocked)
06-04 18:26:57.491 D/CompatibilityChangeReporter(15731): Compat change id reported: 218533173; UID 10019; state: ENABLED
06-04 18:26:57.492 D/CompatibilityChangeReporter(15731): Compat change id reported: 262645982; UID 10019; state: ENABLED
06-04 18:26:57.493 D/CompatibilityChangeReporter(15731): Compat change id reported: 218533173; UID 10035; state: ENABLED
06-04 18:26:57.494 D/CompatibilityChangeReporter(15731): Compat change id reported: 262645982; UID 10035; state: ENABLED
06-04 18:26:57.494 D/CompatibilityChangeReporter(15731): Compat change id reported: 218533173; UID 10036; state: ENABLED
06-04 18:26:57.495 D/CompatibilityChangeReporter(15731): Compat change id reported: 262645982; UID 10036; state: ENABLED
06-04 18:26:57.496 D/CompatibilityChangeReporter(15731): Compat change id reported: 218533173; UID 10027; state: ENABLED
06-04 18:26:57.496 D/CompatibilityChangeReporter(15731): Compat change id reported: 262645982; UID 10027; state: ENABLED
06-04 18:26:57.497 D/CompatibilityChangeReporter(15731): Compat change id reported: 218533173; UID 10053; state: ENABLED
06-04 18:26:57.497 D/CompatibilityChangeReporter(15731): Compat change id reported: 262645982; UID 10053; state: ENABLED
06-04 18:26:57.498 D/CompatibilityChangeReporter(15731): Compat change id reported: 218533173; UID 10004; state: ENABLED
06-04 18:26:57.499 D/CompatibilityChangeReporter(15731): Compat change id reported: 262645982; UID 10004; state: ENABLED
06-04 18:26:57.500 D/CompatibilityChangeReporter(15731): Compat change id reported: 218533173; UID 10042; state: DISABLED
06-04 18:26:57.501 D/CompatibilityChangeReporter(15731): Compat change id reported: 262645982; UID 10042; state: DISABLED
06-04 18:26:57.506 D/CompatibilityChangeReporter(15731): Compat change id reported: 218533173; UID 10010; state: ENABLED
06-04 18:26:57.507 D/CompatibilityChangeReporter(15731): Compat change id reported: 262645982; UID 10010; state: ENABLED
06-04 18:26:57.509 D/CompatibilityChangeReporter(15731): Compat change id reported: 218533173; UID 10069; state: ENABLED
06-04 18:26:57.509 D/CompatibilityChangeReporter(15731): Compat change id reported: 262645982; UID 10069; state: ENABLED
06-04 18:26:57.510 D/CompatibilityChangeReporter(15731): Compat change id reported: 218533173; UID 10037; state: ENABLED
06-04 18:26:57.510 D/CompatibilityChangeReporter(15731): Compat change id reported: 262645982; UID 10037; state: ENABLED
06-04 18:26:57.511 D/CompatibilityChangeReporter(15731): Compat change id reported: 218533173; UID 10067; state: ENABLED
06-04 18:26:57.512 D/CompatibilityChangeReporter(15731): Compat change id reported: 262645982; UID 10067; state: ENABLED
06-04 18:26:57.513 D/CompatibilityChangeReporter(15731): Compat change id reported: 218533173; UID 10047; state: DISABLED
06-04 18:26:57.513 D/CompatibilityChangeReporter(15731): Compat change id reported: 262645982; UID 10047; state: DISABLED
06-04 18:26:57.517 D/CompatibilityChangeReporter(15731): Compat change id reported: 218533173; UID 10033; state: ENABLED
06-04 18:26:57.524 D/CompatibilityChangeReporter(15731): Compat change id reported: 182478738; UID 1073; state: ENABLED
06-04 18:26:57.526 D/CompatibilityChangeReporter(15731): Compat change id reported: 262645982; UID 10033; state: ENABLED
06-04 18:26:57.527 D/CompatibilityChangeReporter(15731): Compat change id reported: 218533173; UID 10064; state: ENABLED
06-04 18:26:57.528 D/CompatibilityChangeReporter(15731): Compat change id reported: 262645982; UID 10064; state: ENABLED
06-04 18:26:57.530 D/CompatibilityChangeReporter(15731): Compat change id reported: 218533173; UID 10076; state: DISABLED
06-04 18:26:57.530 D/CompatibilityChangeReporter(15731): Compat change id reported: 262645982; UID 10076; state: DISABLED
06-04 18:26:57.532 D/CompatibilityChangeReporter(15731): Compat change id reported: 218533173; UID 10048; state: ENABLED
06-04 18:26:57.532 D/CompatibilityChangeReporter(15731): Compat change id reported: 262645982; UID 10048; state: ENABLED --------- beginning of main
06-04 18:26:57.554 D/CCodecConfig(15731): c2 config diff is Dict {
06-04 18:26:57.554 D/CCodecConfig(15731): c2::u32 coded.bitrate.value = 64000
06-04 18:26:57.554 D/CCodecConfig(15731): c2::u32 input.buffers.max-size.value = 32768
06-04 18:26:57.554 D/CCodecConfig(15731): c2::u32 input.delay.value = 0
06-04 18:26:57.554 D/CCodecConfig(15731): string input.media-type.value = "audio/vorbis"
06-04 18:26:57.554 D/CCodecConfig(15731): string output.media-type.value = "audio/raw"
06-04 18:26:57.554 D/CCodecConfig(15731): c2::u32 raw.channel-count.value = 1
06-04 18:26:57.554 D/CCodecConfig(15731): c2::u32 raw.sample-rate.value = 48000
06-04 18:26:57.554 D/CCodecConfig(15731): }
06-04 18:26:57.556 I/CCodecConfig(15731): query failed after returning 7 values (BAD_INDEX)
06-04 18:26:57.556 D/CCodecConfig(15731): c2 config diff is Dict {
06-04 18:26:57.556 D/CCodecConfig(15731): c2::u32 coded.bitrate.value = 64000
06-04 18:26:57.556 D/CCodecConfig(15731): c2::u32 input.buffers.max-size.value = 32768
06-04 18:26:57.556 D/CCodecConfig(15731): c2::u32 input.delay.value = 0
06-04 18:26:57.556 D/CCodecConfig(15731): string input.media-type.value = "audio/vorbis"
06-04 18:26:57.556 D/CCodecConfig(15731): string output.media-type.value = "audio/raw"
06-04 18:26:57.556 D/CCodecConfig(15731): c2::u32 raw.channel-count.value = 1
06-04 18:26:57.556 D/CCodecConfig(15731): c2::u32 raw.sample-rate.value = 48000
06-04 18:26:57.556 D/CCodecConfig(15731): }
06-04 18:26:57.560 D/MediaCodec(15731): flushMediametrics
06-04 18:26:57.560 D/CCodec (15731): [c2.android.vorbis.decoder] buffers are bound to CCodec for this session
06-04 18:26:57.560 D/CCodecConfig(15731): no c2 equivalents for durationUs
06-04 18:26:57.560 D/CCodecConfig(15731): no c2 equivalents for track-id
06-04 18:26:57.560 D/CCodecConfig(15731): no c2 equivalents for csd-1
06-04 18:26:57.561 D/CCodecConfig(15731): no c2 equivalents for flags
06-04 18:26:57.562 D/CCodecConfig(15731): c2 config diff is c2::u32 coded.bitrate.value = 140000
06-04 18:26:57.565 D/MediaCodec(15731): flushMediametrics
06-04 18:26:57.565 D/CCodec (15731): [c2.android.vorbis.decoder] buffers are bound to CCodec for this session
06-04 18:26:57.565 I/BluetoothMetricsLogger(16024): setCounterMetricsAlarm()
06-04 18:26:57.565 D/CCodecConfig(15731): no c2 equivalents for durationUs
06-04 18:26:57.565 D/CCodecConfig(15731): no c2 equivalents for track-id
06-04 18:26:57.565 D/CCodecConfig(15731): no c2 equivalents for csd-1
06-04 18:26:57.565 D/CCodecConfig(15731): no c2 equivalents for flags
06-04 18:26:57.566 D/CCodecConfig(15731): c2 config diff is c2::u32 coded.bitrate.value = 96000
06-04 18:26:57.566 D/CCodecConfig(15731): c2::u32 raw.channel-count.value = 2
06-04 18:26:57.566 D/wpa_supplicant(16113): wpa_supplicant v2.11-devel-14
06-04 18:26:57.566 D/wpa_supplicant(16113): Global control interface '@android:wpa_wlan0'
06-04 18:26:57.566 D/wpa_supplicant(16113): Using Android control socket 'wpa_wlan0'
06-04 18:26:57.566 D/wpa_supplicant(16113): Initing aidl control
06-04 18:26:57.567 W/Codec2Client(15731): query -- param skipped: index = 1107298332.
06-04 18:26:57.567 D/CCodec (15731): encoding statistics level = 0
06-04 18:26:57.567 D/CCodec (15731): setup formats input: AMessage(what = 0x00000000) = {
06-04 18:26:57.567 D/CCodec (15731): int32_t bitrate = 140000
06-04 18:26:57.567 D/CCodec (15731): int32_t channel-count = 1
06-04 18:26:57.567 D/CCodec (15731): int32_t max-input-size = 32768
06-04 18:26:57.567 D/CCodec (15731): string mime = "audio/vorbis"
06-04 18:26:57.567 D/CCodec (15731): int32_t sample-rate = 48000
06-04 18:26:57.567 D/CCodec (15731): }
06-04 18:26:57.567 D/CCodec (15731): setup formats output: AMessage(what = 0x00000000) = {
06-04 18:26:57.567 D/CCodec (15731): int32_t channel-count = 1
06-04 18:26:57.567 D/CCodec (15731): string mime = "audio/raw"
06-04 18:26:57.567 D/CCodec (15731): int32_t sample-rate = 48000
06-04 18:26:57.567 D/CCodec (15731): int32_t channel-mask = 1
06-04 18:26:57.567 D/CCodec (15731): int32_t android._config-pcm-encoding = 2
06-04 18:26:57.567 D/CCodec (15731): }
06-04 18:26:57.567 W/Codec2Client(15731): query -- param skipped: index = 1107298332.
06-04 18:26:57.567 D/CCodec (15731): encoding statistics level = 0
06-04 18:26:57.567 D/CCodec (15731): setup formats input: AMessage(what = 0x00000000) = {
06-04 18:26:57.567 D/CCodec (15731): int32_t bitrate = 96000
06-04 18:26:57.567 D/CCodec (15731): int32_t channel-count = 2
06-04 18:26:57.567 D/CCodec (15731): int32_t max-input-size = 32768
06-04 18:26:57.567 D/CCodec (15731): string mime = "audio/vorbis"
06-04 18:26:57.567 D/CCodec (15731): int32_t sample-rate = 48000
06-04 18:26:57.567 D/CCodec (15731): }
06-04 18:26:57.567 I/CCodecConfig(15731): query failed after returning 7 values (BAD_INDEX)
06-04 18:26:57.567 D/CCodec (15731): setup formats output: AMessage(what = 0x00000000) = {
06-04 18:26:57.567 D/CCodec (15731): int32_t channel-count = 2
06-04 18:26:57.567 D/CCodec (15731): string mime = "audio/raw"
06-04 18:26:57.567 D/CCodec (15731): int32_t sample-rate = 48000
06-04 18:26:57.567 D/CCodec (15731): int32_t channel-mask = 3
06-04 18:26:57.567 D/CCodec (15731): int32_t android._config-pcm-encoding = 2
06-04 18:26:57.567 D/CCodec (15731): }
06-04 18:26:57.568 I/CCodecConfig(15731): query failed after returning 7 values (BAD_INDEX)
06-04 18:26:57.568 I/wpa_supplicant(16113): Processing aidl events on FD 4
06-04 18:26:57.568 I/wpa_supplicant(16113): Starting AIDL supplicant
06-04 18:26:57.568 I/wpa_supplicant(16113): Interface version: 2
06-04 18:26:57.572 I/wpa_supplicant(16113): Successfully initialized wpa_supplicant
06-04 18:26:57.573 I/SupplicantStaIfaceHalAidlImpl(15731): Obtained ISupplicant binder.
06-04 18:26:57.573 I/SupplicantStaIfaceHalAidlImpl(15731): Local Version: 2
06-04 18:26:57.573 I/AudioFlinger(15606): AudioFlinger's thread 0xe7b84930 tid=16126 ready to run
06-04 18:26:57.574 I/audio_hw_hal_primary(15619): [out_set_volume:1406] out:0xebe447f0 left:0.120643 continuous:1 internal_format:PCM_16_BIT dolby:0 direct pcm:1 mmap_pcm:1
06-04 18:26:57.576 I/SupplicantStaIfaceHalAidlImpl(15731): Remote service version was cached
06-04 18:26:57.576 I/SupplicantStaIfaceHalAidlImpl(15731): Remote Version: 2
06-04 18:26:57.577 I/SupplicantStaIfaceHalAidlImpl(15731): Non-standard cert callback was registered
06-04 18:26:57.578 D/CompatibilityChangeReporter(15731): Compat change id reported: 161145287; UID 10059; state: ENABLED
06-04 18:26:57.578 D/KeyguardTransitionCoreStartable(15915): Started com.android.systemui.keyguard.domain.interactor.FromLockscreenTransitionInteractor@4bdfd66
06-04 18:26:57.581 D/BluetoothAdapterService(16024): onCreate()
06-04 18:26:57.583 D/CompatibilityChangeReporter(15731): Compat change id reported: 218533173; UID 10015; state: ENABLED
06-04 18:26:57.583 D/KeyguardTransitionCoreStartable(15915): Started com.android.systemui.keyguard.domain.interactor.FromPrimaryBouncerTransitionInteractor@5bf41c1
06-04 18:26:57.583 I/wpa_supplicant(16113): rfkill: Cannot open RFKILL control device
06-04 18:26:57.584 D/KeyguardTransitionCoreStartable(15915): Started com.android.systemui.keyguard.domain.interactor.FromDreamingLockscreenHostedTransitionInteractor@c1c89f2
06-04 18:26:57.589 D/CompatibilityChangeReporter(15731): Compat change id reported: 262645982; UID 10015; state: ENABLED
06-04 18:26:57.590 D/CompatibilityChangeReporter(15731): Compat change id reported: 218533173; UID 10014; state: ENABLED
06-04 18:26:57.590 D/CompatibilityChangeReporter(15731): Compat change id reported: 262645982; UID 10014; state: ENABLED
06-04 18:26:57.591 D/CompatibilityChangeReporter(15731): Compat change id reported: 218533173; UID 10005; state: ENABLED
06-04 18:26:57.591 D/CompatibilityChangeReporter(15731): Compat change id reported: 262645982; UID 10005; state: ENABLED
06-04 18:26:57.592 I/AudioFlinger(15606): AudioFlinger's thread 0xe7d60490 tid=16132 ready to run
06-04 18:26:57.592 D/CompatibilityChangeReporter(15731): Compat change id reported: 218533173; UID 10026; state: DISABLED
06-04 18:26:57.593 W/Codec2Client(15731): query -- param skipped: index = 1342179345.
06-04 18:26:57.593 W/Codec2Client(15731): query -- param skipped: index = 2415921170.
06-04 18:26:57.593 D/AudioFlinger(15606): ro.audio.silent is ignored since no output device is set
06-04 18:26:57.593 W/Codec2Client(15731): query -- param skipped: index = 1342179345.
06-04 18:26:57.593 W/Codec2Client(15731): query -- param skipped: index = 2415921170.
06-04 18:26:57.593 D/audio_hw_hal_primary(15619): [out_set_parameters:971] out:0xebe43990 kvpairs:closing=true;exiting=1 out->out_device:0x400, adev->out_device:0x80002
06-04 18:26:57.593 E/audio_hw_hal_primary(15619): out_set_parameters, ret:-2, hw_sync_mode:is false
06-04 18:26:57.594 D/audio_hw_hal_primary(15619): [out_standby_new:5767] io 133: out:0xebe43990 usecase:PCM_HWSYNC
06-04 18:26:57.594 I/audio_hw_hal_primary(15619): already standby, do nothing
06-04 18:26:57.594 I/audio_hw_hal_primary(15619): [adev_set_parameters:4123] dev:0xec1014a0, kv: cmd_aed_lr_ch_volume_mute=0
06-04 18:26:57.594 D/audio_hw_hal_hfp(15619): [audio_extn_hfp_set_parameters:739] audio_extn_hfp_set_parameters
06-04 18:26:57.594 D/C2Store (15731): debug.c2.use_dmabufheaps set, forcing DMABUF Heaps
06-04 18:26:57.594 D/C2Store (15731): Using DMABUF Heaps
06-04 18:26:57.594 I/DMABUFHEAPS(15731): Using : Non-legacy ION heaps
06-04 18:26:57.595 D/AudioFlinger(15606): ro.audio.silent is ignored since no output device is set
06-04 18:26:57.595 I/audio_hw_hal_primary(15619): [out_set_event_callback:3158] io 133: out:0xebe43990, callback:0xee34891d cookie:0xee680490
06-04 18:26:57.596 I/audio_hw_hal_primary(15619): [adev_close_output_stream_new:8052] io handle 133: out:0xebe43990
06-04 18:26:57.596 D/CCodecBufferChannel(15731): [c2.android.vorbis.decoder#303] Created input block pool with allocatorID 16 => poolID 17 - OK (0)
06-04 18:26:57.596 D/audio_hw_hal_primary(15619): adev_close_output_stream_new: enter usecase = PCM_HWSYNC
06-04 18:26:57.596 D/audio_hw_hal_timer(15619): func:audio_timer_delete delete timer.3 success.
06-04 18:26:57.596 D/audio_hw_hal_timer(15619): func:audio_timer_delete delete timer.4 success.
06-04 18:26:57.596 D/audio_hw_hal_primary(15619): [adev_close_output_stream_new:8076] timer_id:3 ret:4
06-04 18:26:57.596 I/audio_hw_hal_primary(15619): [adev_close_output_stream:3695] io 133: out:0xebe43990 dev:OUT_HDMI(0x400) flags:0x41, usecase:PCM_HWSYNC
06-04 18:26:57.596 D/audio_hw_hal_primary(15619): [out_standby_new:5767] io 133: out:0xebe43990 usecase:PCM_HWSYNC
06-04 18:26:57.596 I/audio_hw_hal_primary(15619): already standby, do nothing
06-04 18:26:57.596 I/audio_hw_hal_resourcemgr(15619): [is_output_device_muted:710] device:0x2 port_mute:0, fade_mute:0
06-04 18:26:57.596 I/audio_hw_hal_primary(15619): [adev_close_output_stream:3863] io 133: out:0xebe43990 exit ------
06-04 18:26:57.596 D/CCodecBufferChannel(15731): [c2.android.vorbis.decoder#481] Created input block pool with allocatorID 16 => poolID 18 - OK (0)
06-04 18:26:57.597 I/AudioFlinger(15606): openOutput() this 0xed943310, module 10 Device AUDIO_DEVICE_OUT_HDMI, @:, SamplingRate 8000, Format 0xd000000, Channels 0x1, flags 0x41
06-04 18:26:57.597 D/audio_hw_hal_primary(15619): [adev_open_output_stream_new:7868] enter: dev=0xec1014a0 handle=8d devices=0x400/'HDMI,' flags=0x441/'DIRECT,HW_AV_SYNC,IEC958_NONAUDIO,' config=(rt=8000 ch_mask=0x1 fmt=0xd000000) address=''
06-04 18:26:57.597 D/audio_hw_hal_primary(15619): adev_open_output_stream_new: enter
06-04 18:26:57.597 I/audio_hw_hal_primary(15619): [adev_open_output_stream:3285] io 141: out:0xebe43990 dev:OUT_HDMI(0x400) addr:
06-04 18:26:57.597 I/audio_hw_hal_primary(15619): [adev_open_output_stream:3287] ch_mask:0x1 rate:8000 format:IEC61937(0xd000000) flags:0x441
06-04 18:26:57.597 D/audio_hw_hal_primary(15619): [adev_open_output_stream:3381] current format is IEC61937
06-04 18:26:57.597 D/audio_hw_hal_primary(15619): [adev_open_output_stream:3573] format=IEC61937 rate=8000
06-04 18:26:57.597 I/audio_hw_hal_primary(15619): [adev_open_output_stream:3610] result profile ch_mask:0x1 rate:8000 format:IEC61937(0xd000000) usecase:RAW_DIRECT
06-04 18:26:57.597 I/audio_hw_hal_utils(15619): aml_get_stream_dump_file_name line 2929 file_name /data/vendor/audiohal/stream_pid15619_tid15708.pcm
06-04 18:26:57.597 I/audio_hw_hal_primary(15619): [adev_open_output_stream_new:8037] io 141: out: 0xebe43990 card:0 alsa devices:0 exit ------
06-04 18:26:57.598 I/audio_hw_hal_primary(15619): [out_get_buffer_size:552] out:0xebe43990 config.rate=8000, format:IEC61937(0xd000000), stream format:IEC61937(0xd000000)
06-04 18:26:57.598 I/audio_hw_hal_primary(15619): out_get_buffer_size AUDIO_FORMAT_IEC61937 buffer size = 4096 frames
06-04 18:26:57.598 I/AudioFlinger(15606): HAL output buffer size 2048 frames, normal sink buffer size 2048 frames
06-04 18:26:57.599 I/CCodecBufferChannel(15731): [c2.android.vorbis.decoder#481] Created output block pool with allocatorID 16 => poolID 26 - OK
06-04 18:26:57.599 I/audio_hw_hal_primary(15619): [audiohal_get_latency:1333] io 141: out:0xebe43990 frames:1152 rate:8000 whole_latency:144 alsa_latency:144
06-04 18:26:57.599 I/audio_hw_hal_primary(15619): [out_set_event_callback:3158] io 141: out:0xebe43990, callback:0xee34891d cookie:0xee680eb0
06-04 18:26:57.599 V/WifiManager(16010): registerSoftApCallback: callback=com.android.networkstack.tethering.Tethering$TetheringSoftApCallback@c801cbd, executor=com.android.networkstack.tethering.Tethering$TetheringThreadExecutor@27c02b2
06-04 18:26:57.600 I/audio_hw_hal_primary(15619): [audiohal_get_latency:1333] io 141: out:0xebe43990 frames:1152 rate:8000 whole_latency:144 alsa_latency:144
06-04 18:26:57.600 I/audio_hw_hal_primary(15619): [audiohal_get_latency:1333] io 141: out:0xebe43990 frames:1152 rate:8000 whole_latency:144 alsa_latency:144
06-04 18:26:57.600 D/CCodecBufferChannel(15731): [c2.android.vorbis.decoder#481] Configured output block pool ids 26 => OK
06-04 18:26:57.600 I/CCodecBufferChannel(15731): [c2.android.vorbis.decoder#303] Created output block pool with allocatorID 16 => poolID 27 - OK
06-04 18:26:57.600 D/CCodecBufferChannel(15731): [c2.android.vorbis.decoder#303] Configured output block pool ids 27 => OK
06-04 18:26:57.601 I/C2VendorComponentStore( 475): setDmaBufUsage 5
06-04 18:26:57.601 I/DMABUFHEAPS(15731): Using DMA-BUF heap named: system
06-04 18:26:57.602 V/WifiManager(16010): registerLocalOnlyHotspotSoftApCallback: callback=com.android.networkstack.tethering.Tethering$LocalOnlyHotspotCallback@f4b9203, executor=com.android.networkstack.tethering.Tethering$TetheringThreadExecutor@27c02b2
06-04 18:26:57.607 D/ConnectivityService(15731): requestNetwork for uid/pid:1073/16010 activeRequest: null callbackRequest: 19 [NetworkRequest [ TRACK_SYSTEM_DEFAULT id=19, [ Capabilities: INTERNET&NOT_RESTRICTED&TRUSTED&NOT_VPN&NOT_VCN_MANAGED RequestorUid: 1073 RequestorPkg: com.android.networkstack.tethering UnderlyingNetworks: Null] ]] callback flags: 0 order: 2147483647
06-04 18:26:57.608 D/SimpleC2Component( 634): Using output block pool with poolID 26 => got 26 - 0
06-04 18:26:57.608 D/ConnectivityService(15731): NetReassign [no changes] [c 0] [a 0] [i 0]
06-04 18:26:57.611 D/SimpleC2Component( 634): Using output block pool with poolID 27 => got 27 - 0
06-04 18:26:57.621 I/AudioFlinger(15606): AudioFlinger's thread 0xe7d60490 tid=16143 ready to run
06-04 18:26:57.622 D/AudioFlinger(15606): ro.audio.silent is ignored since no output device is set
06-04 18:26:57.625 D/audio_hw_hal_primary(15619): [out_standby_new:5767] io 141: out:0xebe43990 usecase:RAW_DIRECT
06-04 18:26:57.625 I/audio_hw_hal_primary(15619): already standby, do nothing
06-04 18:26:57.626 D/AudioFlinger(15606): ro.audio.silent is ignored since no output device is set
06-04 18:26:57.627 I/MesonDisplay( 289): [/mode_policy.c, meson_mode_set_policy, 1177] connector:0 to policy:0
06-04 18:26:57.627 I/MesonDisplay( 289): [/mode_policy.c, is_dv_prefer, 66] not prefer dv, hdr_priority:10000010
06-04 18:26:57.627 I/MesonDisplay( 289): [/mode_policy.c, is_dv_prefer, 66] not prefer dv, hdr_priority:10000010
06-04 18:26:57.627 I/MesonDisplay( 289): [/mode_policy.c, hdr_scene_process, 724] policy:0 is_bestcolorspace:1 state:0
06-04 18:26:57.627 I/MesonDisplay( 289): [/mode_policy_parser.c, is_support_hdmimode, 110] is_support_hdmimode mode: 2160p60hz
06-04 18:26:57.627 I/MesonDisplay( 289): [/mode_policy_parser.c, is_support_hdmimode, 110] is_support_hdmimode mode: 2160p60hz
06-04 18:26:57.627 D/MesonDisplay( 289): meson_write /sys/class/amhdmitx/amhdmitx0/valid_mode, outputmode:2160p60hz422,12bit
06-04 18:26:57.627 D/MesonDisplay( 289): valid mode is false!
06-04 18:26:57.627 I/MesonDisplay( 289): [/mode_policy_parser.c, is_support_hdmimode, 110] is_support_hdmimode mode: 2160p50hz
06-04 18:26:57.627 D/MesonDisplay( 289): meson_write /sys/class/amhdmitx/amhdmitx0/valid_mode, outputmode:2160p50hz422,12bit
06-04 18:26:57.628 D/MesonDisplay( 289): valid mode is false!
06-04 18:26:57.628 I/MesonDisplay( 289): [/mode_policy.c, is_support_4kHDR, 507] is_support_4kHDR 4k hdr not support
06-04 18:26:57.628 I/MesonDisplay( 289): [/mode_policy_parser.c, is_support_hdmimode, 110] is_support_hdmimode mode: 1080p60hz
06-04 18:26:57.628 D/MesonDisplay( 289): meson_write /sys/class/amhdmitx/amhdmitx0/valid_mode, outputmode:1080p60hz422,12bit
06-04 18:26:57.628 D/MesonDisplay( 289): valid mode is true!
06-04 18:26:57.628 I/MesonDisplay( 289): [/mode_policy.c, is_support_non4kHDR, 552] is_support_non4kHDR mode:[1080p60hz], color format:[422,12bit]
06-04 18:26:57.628 I/MesonDisplay( 289): [/mode_policy.c, meson_mode_get_policy_output, 1289] final_displaymode:1080p60hz, final_deepcolor:422,12bit, amdv_type:0
06-04 18:26:57.628 I/MesonDisplay( 289): [/mode_policy.c, meson_mode_set_policy, 1177] connector:0 to policy:0
06-04 18:26:57.628 D/AudioFlinger(15606): ro.audio.silent is ignored since no output device is set
06-04 18:26:57.629 D/AudioFlinger(15606): ro.audio.silent is ignored since no output device is set
06-04 18:26:57.630 I/C2VendorComponentStore( 475): setDmaBufUsage 5
06-04 18:26:57.630 I/C2VendorComponentStore( 475): setDmaBufUsage 5
06-04 18:26:57.632 D/WallpaperService(15915): reportEngineShown: shouldWait=false
06-04 18:26:57.633 D/AudioFlinger(15606): ro.audio.silent is ignored since no output device is set
06-04 18:26:57.634 D/CompatibilityChangeReporter(15731): Compat change id reported: 262645982; UID 10026; state: DISABLED
06-04 18:26:57.635 D/WallpaperService(15915): Wallpaper has updated the surface:null
06-04 18:26:57.635 D/CompatibilityChangeReporter(15731): Compat change id reported: 218533173; UID 10043; state: DISABLED
06-04 18:26:57.636 D/AudioFlinger(15606): ro.audio.silent is ignored since no output device is set
06-04 18:26:57.639 D/AudioFlinger(15606): ro.audio.silent is ignored since no output device is set
06-04 18:26:57.649 D/AudioFlinger(15606): ro.audio.silent is ignored since no output device is set
06-04 18:26:57.650 D/AudioFlinger(15606): ro.audio.silent is ignored since no output device is set
06-04 18:26:57.651 D/AudioFlinger(15606): ro.audio.silent is ignored since no output device is set
06-04 18:26:57.652 I/AudioFlinger(15606): openOutput() this 0xed943310, module 10 Device AUDIO_DEVICE_OUT_HDMI, @:, SamplingRate 0, Format 00000000, Channels 0, flags 0x1
06-04 18:26:57.653 D/audio_hw_hal_primary(15619): [adev_open_output_stream_new:7868] enter: dev=0xec1014a0 handle=95 devices=0x400/'HDMI,' flags=0x1/'DIRECT,' config=(rt=0 ch_mask=0x0 fmt=0x0) address=''
06-04 18:26:57.653 D/audio_hw_hal_primary(15619): adev_open_output_stream_new: enter
06-04 18:26:57.653 I/audio_hw_hal_primary(15619): [adev_open_output_stream:3285] io 149: out:0xebe46be0 dev:OUT_HDMI(0x400) addr:
06-04 18:26:57.653 I/audio_hw_hal_primary(15619): [adev_open_output_stream:3287] ch_mask:0 rate:0 format:DEFAULT(0) flags:0x1
06-04 18:26:57.653 I/audio_hw_hal_primary(15619): [adev_open_output_stream:3610] result profile ch_mask:0x3 rate:48000 format:PCM_16_BIT(0x1) usecase:PCM_DIRECT
06-04 18:26:57.653 I/audio_hw_hal_utils(15619): aml_get_stream_dump_file_name line 2929 file_name /data/vendor/audiohal/stream_pid15619_tid16133.pcm
06-04 18:26:57.653 I/audio_hw_hal_primary(15619): [adev_open_output_stream_new:8037] io 149: out: 0xebe46be0 card:0 alsa devices:0 exit ------
06-04 18:26:57.654 W/AudioCapabilities(15731): Unsupported mime audio/vnd.dts.hd;profile=lbr
06-04 18:26:57.654 D/incidentd( 624): WorkDirectory::getReports
06-04 18:26:57.654 W/AudioCapabilities(15731): Unsupported mime audio/ffmpeg
06-04 18:26:57.654 W/AudioCapabilities(15731): Unsupported mime audio/mpeg-L1
06-04 18:26:57.655 W/AudioCapabilities(15731): Unsupported mime audio/mpeg-L2
06-04 18:26:57.655 I/audio_hw_hal_primary(15619): [out_get_buffer_size:552] out:0xebe46be0 config.rate=48000, format:PCM_16_BIT(0x1), stream format:PCM_16_BIT(0x1)
06-04 18:26:57.655 I/AudioFlinger(15606): HAL output buffer size 2048 frames, normal sink buffer size 2048 frames
06-04 18:26:57.656 I/audio_hw_hal_primary(15619): [audiohal_get_latency:1333] io 149: out:0xebe46be0 frames:1280 rate:48000 whole_latency:26 alsa_latency:26
06-04 18:26:57.656 I/audio_hw_hal_primary(15619): [out_set_event_callback:3158] io 149: out:0xebe46be0, callback:0xee34891d cookie:0xee681090
06-04 18:26:57.657 I/audio_hw_hal_primary(15619): [audiohal_get_latency:1333] io 149: out:0xebe46be0 frames:1152 rate:48000 whole_latency:24 alsa_latency:24
06-04 18:26:57.657 I/audio_hw_hal_primary(15619): [audiohal_get_latency:1333] io 149: out:0xebe46be0 frames:1152 rate:48000 whole_latency:24 alsa_latency:24
06-04 18:26:57.658 I/audio_hw_hal_profile(15619): [out_get_parameters:2085] out:0xebe46be0 query audio format. ++++++++++ hal_format:PCM_16_BIT
06-04 18:26:57.659 D/audio_hw_hal_profile(15619): get_hdmi_sink_cap_new is running...
06-04 18:26:57.659 D/audio_hw_hal_profile(15619): query hdmi format...
06-04 18:26:57.659 D/audio_hw_hal_profile(15619): get_hdmi_sink_cap_new ddp is supported; ddp-joc(atmos) is unsupported;
06-04 18:26:57.659 I/audio_hw_hal_profile(15619): get_hdmi_sink_cap_new dts-hd vendor special byte3:0x1
06-04 18:26:57.659 I/audio_hw_hal_profile(15619): PCM cap Max channel =2
06-04 18:26:57.659 I/audio_hw_hal_profile(15619): [out_get_parameters:2165] sup_formats=AUDIO_FORMAT_PCM_16_BIT|AUDIO_FORMAT_IEC61937|AUDIO_FORMAT_E_AC3|AUDIO_FORMAT_AC3|AUDIO_FORMAT_DTS
06-04 18:26:57.659 D/APM_AudioPolicyManager(15606): modifySurroundFormats: forced use = 13
06-04 18:26:57.660 W/ActivityTaskManager(15731): Activity top resumed state loss timeout for ActivityRecord{b3d9f40 u0 com.android.systemui/.sensorprivacy.television.TvSensorPrivacyChangedActivity t2 f}}
06-04 18:26:57.660 I/audio_hw_hal_profile(15619): [out_get_parameters:2089] out:0xebe46be0 query sample rate. Format:PCM_16_BIT(0x1) ++++++++++ hal_format:PCM_16_BIT
06-04 18:26:57.660 D/audio_hw_hal_profile(15619): get_hdmi_sink_cap_new is running...
06-04 18:26:57.660 D/audio_hw_hal_profile(15619): [get_hdmi_sink_cap_new:960] query hdmi sample_rate... format: PCM_16_BIT(0x1)
06-04 18:26:57.660 I/audio_hw_hal_profile(15619): get_hdmi_sink_cap_new format =0x1 support rate =sup_sampling_rates=32000|44100|48000
06-04 18:26:57.661 I/audio_hw_hal_profile(15619): [out_get_parameters:2165] sup_sampling_rates=32000|44100|48000
06-04 18:26:57.661 I/audio_hw_hal_profile(15619): [out_get_parameters:2092] out:0xebe46be0 query channels. Format:PCM_16_BIT(0x1) ++++++++++ hal_format:PCM_16_BIT
06-04 18:26:57.661 D/audio_hw_hal_profile(15619): get_hdmi_sink_cap_new is running...
06-04 18:26:57.661 D/audio_hw_hal_profile(15619): [get_hdmi_sink_cap_new:887] query hdmi channels... format: PCM_16_BIT(0x1)
06-04 18:26:57.661 I/audio_hw_hal_profile(15619): [out_get_parameters:2165] sup_channels=AUDIO_CHANNEL_OUT_STEREO
06-04 18:26:57.662 W/ActivityTaskManager(15731): Activity pause timeout for ActivityRecord{b3d9f40 u0 com.android.systemui/.sensorprivacy.television.TvSensorPrivacyChangedActivity t2 f}}
06-04 18:26:57.663 D/WindowManager(15731): ThemeHomeDelay: Home launch was deferred.
06-04 18:26:57.664 D/CompatibilityChangeReporter(15731): Compat change id reported: 161145287; UID 1002; state: ENABLED
06-04 18:26:57.665 D/WindowManager(15731): ThemeHomeDelay: Home launch was deferred.
06-04 18:26:57.665 I/wpa_supplicant(16113): Init sm=0xf4a00230
06-04 18:26:57.665 D/WindowManager(15731): ThemeHomeDelay: Home launch was deferred.
06-04 18:26:57.668 I/audio_hw_hal_profile(15619): [out_get_parameters:2089] out:0xebe46be0 query sample rate. Format:IEC61937(0xd000000) ++++++++++ hal_format:PCM_16_BIT
06-04 18:26:57.668 D/audio_hw_hal_profile(15619): get_hdmi_sink_cap_new is running...
06-04 18:26:57.668 D/audio_hw_hal_profile(15619): [get_hdmi_sink_cap_new:960] query hdmi sample_rate... format: IEC61937(0xd000000)
06-04 18:26:57.669 I/audio_hw_hal_profile(15619): [out_get_parameters:2165] sup_sampling_rates=8000|11025|16000|22050|24000|32000|44100|48000|128000|176400|192000
06-04 18:26:57.669 I/audio_hw_hal_profile(15619): [out_get_parameters:2092] out:0xebe46be0 query channels. Format:IEC61937(0xd000000) ++++++++++ hal_format:PCM_16_BIT
06-04 18:26:57.669 D/audio_hw_hal_profile(15619): get_hdmi_sink_cap_new is running...
06-04 18:26:57.669 D/audio_hw_hal_profile(15619): [get_hdmi_sink_cap_new:887] query hdmi channels... format: IEC61937(0xd000000)
06-04 18:26:57.669 I/audio_hw_hal_profile(15619): [out_get_parameters:2165] sup_channels=AUDIO_CHANNEL_OUT_MONO|AUDIO_CHANNEL_OUT_STEREO|AUDIO_CHANNEL_OUT_TRI|AUDIO_CHANNEL_OUT_TRI_BACK|AUDIO_CHANNEL_OUT_3POINT1|AUDIO_CHANNEL_OUT_QUAD|AUDIO_CHANNEL_OUT_SURROUND|AUDIO_CHANNEL_OUT_PENTA|AUDIO_CHANNEL_OUT_5POINT1|AUDIO_CHANNEL_OUT_7POINT1
06-04 18:26:57.670 D/audio_hw_hal_primary(15619): [out_dump:848] io 149: out:0xebe46be0, fd:22
06-04 18:26:57.671 D/MesonDisplay( 289): read /sys/class/amhdmitx/amhdmitx0/hdcp_lstore, result length:0, val:
06-04 18:26:57.672 D/audio_hw_hal_primary(15619): [out_set_parameters:971] out:0xebe46be0 kvpairs:closing=true;exiting=1 out->out_device:0x400, adev->out_device:0x80002
06-04 18:26:57.672 E/audio_hw_hal_primary(15619): out_set_parameters, ret:-2, hw_sync_mode:is false
06-04 18:26:57.678 D/CCodecBufferChannel(15731): [c2.android.vorbis.decoder#303] MediaCodec discarded an unknown buffer
06-04 18:26:57.683 D/CCodecBufferChannel(15731): [c2.android.vorbis.decoder#481] MediaCodec discarded an unknown buffer
06-04 18:26:57.683 D/CCodecBufferChannel(15731): [c2.android.vorbis.decoder#481] MediaCodec discarded an unknown buffer
06-04 18:26:57.683 D/CCodecBufferChannel(15731): [c2.android.vorbis.decoder#481] MediaCodec discarded an unknown buffer
06-04 18:26:57.684 I/audio_hw_hal_primary(15619): [adev_set_parameters:4123] dev:0xec1014a0, kv: ad_switch_enable=0
06-04 18:26:57.684 D/audio_hw_hal_hfp(15619): [audio_extn_hfp_set_parameters:739] audio_extn_hfp_set_parameters
06-04 18:26:57.686 D/MediaCodec(15731): flushMediametrics
06-04 18:26:57.688 I/hw-BpHwBinder( 634): onLastStrongRef automatically unlinking death recipients
06-04 18:26:57.688 I/hw-BpHwBinder(15731): onLastStrongRef automatically unlinking death recipients
06-04 18:26:57.693 D/CompatibilityChangeReporter(15731): Compat change id reported: 262645982; UID 10043; state: DISABLED
06-04 18:26:57.695 I/hw-BpHwBinder(15731): onLastStrongRef automatically unlinking death recipients
06-04 18:26:57.696 I/hw-BpHwBinder( 634): onLastStrongRef automatically unlinking death recipients
06-04 18:26:57.696 I/hw-BpHwBinder( 634): onLastStrongRef automatically unlinking death recipients
06-04 18:26:57.697 I/WifiHAL ( 493): found interface wlan0
06-04 18:26:57.697 D/WifiHAL ( 493): error code -95 mapped to -3
06-04 18:26:57.697 E/WifiHAL ( 493): failed to set scanning mac OUI; result = -3
06-04 18:26:57.698 E/WifiChipAidlImpl(15731): getUsableChannels failed with service-specific exception: android.os.ServiceSpecificException: (code 4)
06-04 18:26:57.698 I/AmFFmpegByteIOAdapter( 627): File size : 5952
06-04 18:26:57.699 D/MediaCodec(15731): flushMediametrics
06-04 18:26:57.700 W/exFFmpeg( 627): Invalid return value 0 for stream protocol
06-04 18:26:57.700 W/exFFmpeg( 627): Invalid return value 0 for stream protocol
06-04 18:26:57.701 I/WifiNative(15731): Successfully switched to connectivity mode on iface=Iface:{Name=wlan0,Id=0,Type=STA_CONNECTIVITY}
06-04 18:26:57.702 D/WifiClientModeManager[7594383:wlan0](15731): entering ConnectModeState, starting ClientModeImpl
06-04 18:26:57.703 I/AmFFmpegExtractor( 627): checkInList: iswhite:0, mime:audio/ogg, type:1, id:86021 tag:0
06-04 18:26:57.703 I/AmFFmpegExtractor( 627): checkInList: iswhite:1, mime:audio/ogg, type:1, id:86021 tag:0
06-04 18:26:57.703 E/AmFFmpegExtractor( 627): codec_ctx->properties: 0
06-04 18:26:57.703 I/AmFFmpegExtractor( 627): checkSupportInList ret 1
06-04 18:26:57.707 D/DroidAudioManager.J(15928): setDialogEnhancerLevel level: 0
06-04 18:26:57.709 D/AdapterState(16024): make() - Creating AdapterState
06-04 18:26:57.710 I/audio_hw_hal_primary(15619): [adev_set_parameters:4123] dev:0xec1014a0, kv: hal_param_dialogue_enhancement=0
06-04 18:26:57.710 D/audio_hw_hal_hfp(15619): [audio_extn_hfp_set_parameters:739] audio_extn_hfp_set_parameters
06-04 18:26:57.710 I/audio_hw_hal_primary(15619): Amlogic_HAL - adev_set_parameters: set MS12 ac4 Dialogue Enhancement gain :0.
06-04 18:26:57.710 I/audio_hw_decoder_ms12v2(15619): -ac4_de mAC4De: 0
06-04 18:26:57.710 E/libdolbyms12(15619): ms_get_runtime_params() line 3242
06-04 18:26:57.710 E/libdolbyms12(15619):
06-04 18:26:57.710 E/libdolbyms12(15619): Inapplicable or unsupported parameter - "ac4_de"
06-04 18:26:57.710 E/libdolbyms12(15619):
06-04 18:26:57.710 E/libdolbyms12(15619):
06-04 18:26:57.710 D/libdolbyms12(15619):
06-04 18:26:57.710 D/libdolbyms12(15619):
06-04 18:26:57.710 D/libdolbyms12(15619): ERROR:
06-04 18:26:57.710 D/libdolbyms12(15619):
06-04 18:26:57.710 E/libdolbyms12(15619): ms_handle_parser_retval() line 162
06-04 18:26:57.710 E/libdolbyms12(15619):
06-04 18:26:57.710 E/libdolbyms12(15619): ERROR:
06-04 18:26:57.710 E/libdolbyms12(15619):
06-04 18:26:57.710 D/libdolbyms12(15619): Type -h for help text
06-04 18:26:57.710 D/libdolbyms12(15619): Type -h [ddplus / he-aac / pcm] for codec-specific help text
06-04 18:26:57.710 D/CompatibilityChangeReporter(15731): Compat change id reported: 218533173; UID 10046; state: DISABLED
06-04 18:26:57.711 D/CompatibilityChangeReporter(15731): Compat change id reported: 262645982; UID 10046; state: DISABLED
06-04 18:26:57.711 D/WifiNative(15731): enableVerboseLogging false hal false
06-04 18:26:57.712 I/AmFFmpegExtractor( 627): checkInList: iswhite:0, mime:audio/ogg, type:1, id:86021 tag:0
06-04 18:26:57.712 I/AmFFmpegExtractor( 627): checkInList: iswhite:1, mime:audio/ogg, type:1, id:86021 tag:0
06-04 18:26:57.712 E/AmFFmpegExtractor( 627): codec_ctx->properties: 0
06-04 18:26:57.712 I/AmFFmpegExtractor( 627): checkSupportInList ret 0
06-04 18:26:57.712 E/AmFFmpegExtractor( 627): vendor do not support
06-04 18:26:57.712 I/AmFFmpegByteIOAdapter( 627): File size : 5832
06-04 18:26:57.713 W/exFFmpeg( 627): Invalid return value 0 for stream protocol
06-04 18:26:57.713 W/exFFmpeg( 627): Invalid return value 0 for stream protocol
06-04 18:26:57.713 I/AmFFmpegExtractor( 627): checkInList: iswhite:0, mime:audio/ogg, type:1, id:86021 tag:0
06-04 18:26:57.713 I/AmFFmpegExtractor( 627): checkInList: iswhite:1, mime:audio/ogg, type:1, id:86021 tag:0
06-04 18:26:57.713 E/AmFFmpegExtractor( 627): codec_ctx->properties: 0
06-04 18:26:57.713 I/AmFFmpegExtractor( 627): checkSupportInList ret 1
06-04 18:26:57.714 E/SettingsState(15731): Failed to write settings, restoring old file
06-04 18:26:57.714 E/SettingsState(15731): java.io.SyncFailedException: sync failed
06-04 18:26:57.714 E/SettingsState(15731): at java.io.FileDescriptor.sync(Native Method)
06-04 18:26:57.714 E/SettingsState(15731): at com.android.providers.settings.SettingsState.doWriteState(SettingsState.java:925)
06-04 18:26:57.714 E/SettingsState(15731): at com.android.providers.settings.SettingsState.-$$Nest$mdoWriteState(SettingsState.java:0)
06-04 18:26:57.714 E/SettingsState(15731): at com.android.providers.settings.SettingsState$MyHandler.handleMessage(SettingsState.java:1279)
06-04 18:26:57.714 E/SettingsState(15731): at android.os.Handler.dispatchMessage(Handler.java:106)
06-04 18:26:57.714 E/SettingsState(15731): at android.os.Looper.loopOnce(Looper.java:205)
06-04 18:26:57.714 E/SettingsState(15731): at android.os.Looper.loop(Looper.java:294)
06-04 18:26:57.714 E/SettingsState(15731): at android.os.HandlerThread.run(HandlerThread.java:67)
06-04 18:26:57.716 I/AudioFlinger(15606): AudioFlinger's thread 0xe7d58370 tid=16146 ready to run
06-04 18:26:57.717 I/audio_hw_hal_primary(15619): [out_set_event_callback:3158] io 149: out:0xebe46be0, callback:0xee34891d cookie:0xee681090
06-04 18:26:57.717 I/audio_hw_hal_primary(15619): [adev_close_output_stream_new:8052] io handle 149: out:0xebe46be0
06-04 18:26:57.717 D/audio_hw_hal_primary(15619): adev_close_output_stream_new: enter usecase = PCM_DIRECT
06-04 18:26:57.717 I/audio_hw_hal_primary(15619): [adev_close_output_stream:3695] io 149: out:0xebe46be0 dev:OUT_HDMI(0x400) flags:0x1, usecase:PCM_DIRECT
06-04 18:26:57.717 D/audio_hw_hal_primary(15619): [out_standby_new:5767] io 149: out:0xebe46be0 usecase:PCM_DIRECT
06-04 18:26:57.717 I/audio_hw_hal_primary(15619): already standby, do nothing
06-04 18:26:57.717 I/audio_hw_hal_resourcemgr(15619): [is_output_device_muted:710] device:0x2 port_mute:0, fade_mute:0
06-04 18:26:57.717 I/audio_hw_hal_primary(15619): [adev_close_output_stream:3863] io 149: out:0xebe46be0 exit ------
06-04 18:26:57.717 D/DroidAudioManager.J(15928): setSoundDmxMode: 0
06-04 18:26:57.717 D/CompatibilityChangeReporter(15731): Compat change id reported: 218533173; UID 10024; state: ENABLED
06-04 18:26:57.718 I/AudioFlinger(15606): openOutput() this 0xed943310, module 10 Device AUDIO_DEVICE_OUT_HDMI, @:, SamplingRate 8000, Format 0xd000000, Channels 0x1, flags 0x1
06-04 18:26:57.718 E/AtomicFile(15731): Failed to sync file output stream
06-04 18:26:57.718 D/audio_hw_hal_primary(15619): [adev_open_output_stream_new:7868] enter: dev=0xec1014a0 handle=9d devices=0x400/'HDMI,' flags=0x401/'DIRECT,IEC958_NONAUDIO,' config=(rt=8000 ch_mask=0x1 fmt=0xd000000) address=''
06-04 18:26:57.718 D/audio_hw_hal_primary(15619): adev_open_output_stream_new: enter
06-04 18:26:57.718 I/audio_hw_hal_primary(15619): [adev_open_output_stream:3285] io 157: out:0xebe46be0 dev:OUT_HDMI(0x400) addr:
06-04 18:26:57.718 I/audio_hw_hal_primary(15619): [adev_open_output_stream:3287] ch_mask:0x1 rate:8000 format:IEC61937(0xd000000) flags:0x401
06-04 18:26:57.718 D/audio_hw_hal_primary(15619): [adev_open_output_stream:3381] current format is IEC61937
06-04 18:26:57.718 I/audio_hw_hal_primary(15619): [adev_open_output_stream:3610] result profile ch_mask:0x1 rate:8000 format:IEC61937(0xd000000) usecase:RAW_DIRECT
06-04 18:26:57.718 I/audio_hw_hal_utils(15619): aml_get_stream_dump_file_name line 2929 file_name /data/vendor/audiohal/stream_pid15619_tid15708.pcm
06-04 18:26:57.718 I/audio_hw_hal_primary(15619): [adev_open_output_stream_new:8037] io 157: out: 0xebe46be0 card:0 alsa devices:0 exit ------
06-04 18:26:57.718 E/AtomicFile(15731): Failed to delete new file /data/system/users/0/settings_global.xml.new
06-04 18:26:57.719 I/AmFFmpegExtractor( 627): checkInList: iswhite:0, mime:audio/ogg, type:1, id:86021 tag:0
06-04 18:26:57.719 I/AmFFmpegExtractor( 627): checkInList: iswhite:1, mime:audio/ogg, type:1, id:86021 tag:0
06-04 18:26:57.719 E/AmFFmpegExtractor( 627): codec_ctx->properties: 0
06-04 18:26:57.719 I/AmFFmpegExtractor( 627): checkSupportInList ret 0
06-04 18:26:57.719 E/AmFFmpegExtractor( 627): vendor do not support
06-04 18:26:57.719 D/CompatibilityChangeReporter(15731): Compat change id reported: 262645982; UID 10024; state: ENABLED
06-04 18:26:57.720 I/audio_hw_hal_primary(15619): [out_get_buffer_size:552] out:0xebe46be0 config.rate=8000, format:IEC61937(0xd000000), stream format:IEC61937(0xd000000)
06-04 18:26:57.720 I/audio_hw_hal_primary(15619): out_get_buffer_size AUDIO_FORMAT_IEC61937 buffer size = 4096 frames
06-04 18:26:57.720 D/WifiScoreReport(15731): setShouldReduceNetworkScore=false mNetworkAgent is null? true
06-04 18:26:57.720 I/AudioFlinger(15606): HAL output buffer size 2048 frames, normal sink buffer size 2048 frames
06-04 18:26:57.721 I/audio_hw_hal_primary(15619): [audiohal_get_latency:1333] io 157: out:0xebe46be0 frames:1152 rate:8000 whole_latency:144 alsa_latency:144
06-04 18:26:57.721 I/audio_hw_hal_primary(15619): [out_set_event_callback:3158] io 157: out:0xebe46be0, callback:0xee34891d cookie:0xee680370
06-04 18:26:57.722 I/audio_hw_hal_primary(15619): [audiohal_get_latency:1333] io 157: out:0xebe46be0 frames:1152 rate:8000 whole_latency:144 alsa_latency:144
06-04 18:26:57.722 I/AudioFlinger(15606): AudioFlinger's thread 0xe7d58370 tid=16153 ready to run
06-04 18:26:57.722 I/audio_hw_hal_primary(15619): [audiohal_get_latency:1333] io 157: out:0xebe46be0 frames:1152 rate:8000 whole_latency:144 alsa_latency:144
