06-04 18:26:58.672 D/SystemServerTiming(15731): getInt-ALLOW_USER_SWITCHING_WHEN_SYSTEM_USER_LOCKED
06-04 18:26:58.672 D/SystemServerTiming(15731): isUserUnlocked-USER_SYSTEM
06-04 18:26:58.672 D/xm_audio(15619): adev_get_parameters
06-04 18:26:58.675 D/SystemServerTiming(15731): getUserSwitchability-0
06-04 18:26:58.676 D/SystemServerTiming(15731): TM.isInCall
06-04 18:26:58.676 D/AudioService(15731): Restoring device volume behavior
06-04 18:26:58.676 D/AudioService(15731): Retrieving Volume Behavior for DeviceType: 8192
06-04 18:26:58.676 D/AudioService(15731): Skipping Setting Volume Behavior for DeviceType: 8192
06-04 18:26:58.676 D/AudioService(15731): Retrieving Volume Behavior for DeviceType: 512
06-04 18:26:58.676 D/AudioService(15731): Skipping Setting Volume Behavior for DeviceType: 512
06-04 18:26:58.676 D/AudioService(15731): Retrieving Volume Behavior for DeviceType: 64
06-04 18:26:58.676 D/AudioService(15731): Skipping Setting Volume Behavior for DeviceType: 64
06-04 18:26:58.676 D/AudioService(15731): Retrieving Volume Behavior for DeviceType: 128
06-04 18:26:58.676 D/AudioService(15731): Skipping Setting Volume Behavior for DeviceType: 128
06-04 18:26:58.676 D/AudioService(15731): Retrieving Volume Behavior for DeviceType: 256
06-04 18:26:58.676 D/AudioService(15731): Skipping Setting Volume Behavior for DeviceType: 256
06-04 18:26:58.676 D/AudioService(15731): Retrieving Volume Behavior for DeviceType: 1024
06-04 18:26:58.676 D/AudioService(15731): Skipping Setting Volume Behavior for DeviceType: 1024
06-04 18:26:58.677 D/AudioService(15731): Retrieving Volume Behavior for DeviceType: 2048
06-04 18:26:58.677 D/AudioService(15731): Skipping Setting Volume Behavior for DeviceType: 2048
06-04 18:26:58.676 D/Zygote (15605): Forked child process 16216
06-04 18:26:58.677 D/AudioService(15731): Retrieving Volume Behavior for DeviceType: 4096
06-04 18:26:58.677 D/AudioService(15731): Skipping Setting Volume Behavior for DeviceType: 4096
06-04 18:26:58.677 D/AudioService(15731): Retrieving Volume Behavior for DeviceType: 16384
06-04 18:26:58.677 D/AudioService(15731): Skipping Setting Volume Behavior for DeviceType: 16384
06-04 18:26:58.677 D/AudioService(15731): Retrieving Volume Behavior for DeviceType: 32768
06-04 18:26:58.677 D/AudioService(15731): Skipping Setting Volume Behavior for DeviceType: 32768
06-04 18:26:58.677 D/AudioService(15731): Retrieving Volume Behavior for DeviceType: 4194304
06-04 18:26:58.677 D/AudioService(15731): Skipping Setting Volume Behavior for DeviceType: 4194304
06-04 18:26:58.677 D/AudioService(15731): Retrieving Volume Behavior for DeviceType: 8388608
06-04 18:26:58.677 D/AudioService(15731): Skipping Setting Volume Behavior for DeviceType: 8388608
06-04 18:26:58.677 D/AudioService(15731): Retrieving Volume Behavior for DeviceType: 16777216
06-04 18:26:58.677 D/AudioService(15731): Skipping Setting Volume Behavior for DeviceType: 16777216
06-04 18:26:58.677 D/AudioService(15731): Retrieving Volume Behavior for DeviceType: 33554432
06-04 18:26:58.677 D/AudioService(15731): Skipping Setting Volume Behavior for DeviceType: 33554432
06-04 18:26:58.677 D/AudioService(15731): Retrieving Volume Behavior for DeviceType: 67108864
06-04 18:26:58.677 D/AudioService(15731): Skipping Setting Volume Behavior for DeviceType: 67108864
06-04 18:26:58.677 D/AudioService(15731): Retrieving Volume Behavior for DeviceType: 134217728
06-04 18:26:58.677 D/AudioService(15731): Skipping Setting Volume Behavior for DeviceType: 134217728
06-04 18:26:58.677 D/AudioService(15731): Retrieving Volume Behavior for DeviceType: 268435456
06-04 18:26:58.677 D/AudioService(15731): Skipping Setting Volume Behavior for DeviceType: 268435456
06-04 18:26:58.677 D/AudioService(15731): Retrieving Volume Behavior for DeviceType: 536870912
06-04 18:26:58.677 D/AudioService(15731): Skipping Setting Volume Behavior for DeviceType: 536870912
06-04 18:26:58.677 D/AudioService(15731): Retrieving Volume Behavior for DeviceType: 1073741824
06-04 18:26:58.677 D/AudioService(15731): Skipping Setting Volume Behavior for DeviceType: 1073741824
06-04 18:26:58.677 D/AudioService(15731): Retrieving Volume Behavior for DeviceType: 1
06-04 18:26:58.677 D/AudioService(15731): Skipping Setting Volume Behavior for DeviceType: 1
06-04 18:26:58.677 D/AudioService(15731): Retrieving Volume Behavior for DeviceType: 65536
06-04 18:26:58.677 D/AudioService(15731): Skipping Setting Volume Behavior for DeviceType: 65536
06-04 18:26:58.677 D/AudioService(15731): Retrieving Volume Behavior for DeviceType: 536870913
06-04 18:26:58.677 D/AudioService(15731): Skipping Setting Volume Behavior for DeviceType: 536870913
06-04 18:26:58.677 D/AudioService(15731): Retrieving Volume Behavior for DeviceType: 2
06-04 18:26:58.677 D/AudioService(15731): Skipping Setting Volume Behavior for DeviceType: 2
06-04 18:26:58.677 D/AudioService(15731): Retrieving Volume Behavior for DeviceType: 131072
06-04 18:26:58.677 D/AudioService(15731): Skipping Setting Volume Behavior for DeviceType: 131072
06-04 18:26:58.677 D/AudioService(15731): Retrieving Volume Behavior for DeviceType: 536870914
06-04 18:26:58.677 I/ActivityManager(15731): Start proc 16216:com.android.tv.settings/1000 for top-activity {com.android.tv.settings/com.android.tv.settings.system.FallbackHome}
06-04 18:26:58.678 D/AudioService(15731): Skipping Setting Volume Behavior for DeviceType: 536870914
06-04 18:26:58.678 D/AudioService(15731): Retrieving Volume Behavior for DeviceType: 4
06-04 18:26:58.678 D/SystemServerTiming(15731): hasUserRestriction-DISALLOW_USER_SWITCH
06-04 18:26:58.678 D/SystemServerTiming(15731): getInt-ALLOW_USER_SWITCHING_WHEN_SYSTEM_USER_LOCKED
06-04 18:26:58.678 D/SystemServerTiming(15731): isUserUnlocked-USER_SYSTEM
06-04 18:26:58.678 D/AudioService(15731): Skipping Setting Volume Behavior for DeviceType: 4
06-04 18:26:58.678 D/AudioService(15731): Retrieving Volume Behavior for DeviceType: 262144
06-04 18:26:58.678 D/AudioService(15731): Skipping Setting Volume Behavior for DeviceType: 262144
06-04 18:26:58.678 D/AudioService(15731): Retrieving Volume Behavior for DeviceType: 262145
06-04 18:26:58.678 D/AudioService(15731): Skipping Setting Volume Behavior for DeviceType: 262145
06-04 18:26:58.678 D/AudioService(15731): Retrieving Volume Behavior for DeviceType: 8
06-04 18:26:58.678 D/AudioService(15731): Skipping Setting Volume Behavior for DeviceType: 8
06-04 18:26:58.678 D/AudioService(15731): Retrieving Volume Behavior for DeviceType: 524288
06-04 18:26:58.678 D/AudioService(15731): Skipping Setting Volume Behavior for DeviceType: 524288
06-04 18:26:58.678 D/AudioService(15731): Retrieving Volume Behavior for DeviceType: 16
06-04 18:26:58.678 D/AudioService(15731): Skipping Setting Volume Behavior for DeviceType: 16
06-04 18:26:58.678 D/AudioService(15731): Retrieving Volume Behavior for DeviceType: 1048576
06-04 18:26:58.678 D/AudioService(15731): Skipping Setting Volume Behavior for DeviceType: 1048576
06-04 18:26:58.678 D/AudioService(15731): Retrieving Volume Behavior for DeviceType: 32
06-04 18:26:58.678 D/AudioService(15731): Skipping Setting Volume Behavior for DeviceType: 32
06-04 18:26:58.678 D/AudioService(15731): Retrieving Volume Behavior for DeviceType: 2097152
06-04 18:26:58.678 D/AudioService(15731): Skipping Setting Volume Behavior for DeviceType: 2097152
06-04 18:26:58.679 W/Looper (15731): Slow dispatch took 1190ms main h=android.app.ActivityThread$H c=android.app.LoadedApk$ReceiverDispatcher$Args$$ExternalSyntheticLambda0@d49d262 m=0
06-04 18:26:58.679 I/vol.Events(15915): writeEvent level_changed STREAM_SYSTEM 35
06-04 18:26:58.683 D/BluetoothA2dp(15731): Binding service...
06-04 18:26:58.683 D/BluetoothManagerService(15731): Trying to bind to profile: 2, while Bluetooth was disabled
06-04 18:26:58.683 D/BluetoothHearingAid(15731): Binding service...
06-04 18:26:58.683 D/BluetoothManagerService(15731): Trying to bind to profile: 21, while Bluetooth was disabled
06-04 18:26:58.683 D/BluetoothLeAudio(15731): Binding service...
06-04 18:26:58.684 D/BluetoothManagerService(15731): Trying to bind to profile: 22, while Bluetooth was disabled
06-04 18:26:58.688 D/SystemServerTiming(15731): getUserSwitchability-0
06-04 18:26:58.688 D/SystemServerTiming(15731): TM.isInCall
06-04 18:26:58.688 I/Zygote (16216): seccomp disabled by setenforce 0
06-04 18:26:58.688 D/SystemServerTiming(15731): hasUserRestriction-DISALLOW_USER_SWITCH
06-04 18:26:58.689 D/SystemServerTiming(15731): getInt-ALLOW_USER_SWITCHING_WHEN_SYSTEM_USER_LOCKED
06-04 18:26:58.689 D/xm_audio(15619): adev_get_parameters
06-04 18:26:58.689 D/SystemServerTiming(15731): isUserUnlocked-USER_SYSTEM
06-04 18:26:58.690 D/InstantWifi(15731): mWifiEnabled is changed to false
06-04 18:26:58.692 D/xm_audio(15619): adev_get_parameters
06-04 18:26:58.693 I/AutofillManagerService(15731): Updating for user 0: disabled=false
06-04 18:26:58.696 I/ExplicitHealthCheckController(15731): Explicit health check service is connected ComponentInfo{android.ext.services/android.ext.services.watchdog.ExplicitHealthCheckServiceImpl}
06-04 18:26:58.696 I/oid.tv.settings(16216): Using CollectorTypeCC GC.
06-04 18:26:58.697 I/ExplicitHealthCheckController(15731): Service initialized, syncing requests
06-04 18:26:58.698 D/WifiService(15731): user restrictions changed
06-04 18:26:58.703 D/CompatibilityChangeReporter(15928): Compat change id reported: 150939131; UID 1000; state: ENABLED
06-04 18:26:58.705 D/xm_audio(15619): adev_get_parameters
06-04 18:26:58.706 E/oid.tv.settings(16216): Not starting debugger since process cannot load the jdwp agent.
06-04 18:26:58.707 I/DroidAudioCore(15928): needSyncDroidSetting internal audio format:0, android format:1
06-04 18:26:58.708 D/xm_audio(15619): adev_get_parameters
06-04 18:26:58.710 I/bluetooth(16024): packages/modules/Bluetooth/system/gd/hci/controller.cc:412 read_default_erroneous_data_reporting_handler: erroneous data reporting: 0
06-04 18:26:58.712 I/DroidAudioCore(15928): needSyncDroidSetting internal audio format:0, android format:1
06-04 18:26:58.713 E/bluetooth(16024): packages/modules/Bluetooth/system/gd/hci/controller.cc:574 le_get_vendor_capabilities_handler: invalid data for hci requirements v0.96
06-04 18:26:58.714 D/xm_audio(15619): adev_get_parameters
06-04 18:26:58.714 V/NotificationAssistants(15731): 0 notification assistant service connected: ComponentInfo{android.ext.services/android.ext.services.notification.Assistant}
06-04 18:26:58.715 I/BtGdModule(16024): packages/modules/Bluetooth/system/gd/module.cc:99 Start: Started Controller
06-04 18:26:58.715 I/BtGdModule(16024): packages/modules/Bluetooth/system/gd/module.cc:93 Start: Finished starting dependencies and calling Start() of Vendor Specific Event Manager
06-04 18:26:58.715 I/BtGdModule(16024): packages/modules/Bluetooth/system/gd/module.cc:99 Start: Started Vendor Specific Event Manager
06-04 18:26:58.715 I/BtGdModule(16024): packages/modules/Bluetooth/system/gd/module.cc:85 Start: Constructing next module
06-04 18:26:58.715 I/BtGdModule(16024): packages/modules/Bluetooth/system/gd/module.cc:89 Start: Starting dependencies of AclSchedulerModule
06-04 18:26:58.715 I/BtGdModule(16024): packages/modules/Bluetooth/system/gd/module.cc:93 Start: Finished starting dependencies and calling Start() of AclSchedulerModule
06-04 18:26:58.715 I/BtGdModule(16024): packages/modules/Bluetooth/system/gd/module.cc:99 Start: Started AclSchedulerModule
06-04 18:26:58.715 I/BtGdModule(16024): packages/modules/Bluetooth/system/gd/module.cc:85 Start: Constructing next module
06-04 18:26:58.716 I/BtGdModule(16024): packages/modules/Bluetooth/system/gd/module.cc:89 Start: Starting dependencies of Acl Manager
06-04 18:26:58.716 I/BtGdModule(16024): packages/modules/Bluetooth/system/gd/module.cc:93 Start: Finished starting dependencies and calling Start() of Acl Manager
06-04 18:26:58.716 D/xm_audio(15619): adev_get_parameters
06-04 18:26:58.716 I/BtGdModule(16024): packages/modules/Bluetooth/system/gd/module.cc:99 Start: Started Acl Manager
06-04 18:26:58.716 I/BtGdModule(16024): packages/modules/Bluetooth/system/gd/module.cc:85 Start: Constructing next module
06-04 18:26:58.716 I/BtGdModule(16024): packages/modules/Bluetooth/system/gd/module.cc:89 Start: Starting dependencies of Le Advertising Manager
06-04 18:26:58.716 I/BtGdModule(16024): packages/modules/Bluetooth/system/gd/module.cc:93 Start: Finished starting dependencies and calling Start() of Le Advertising Manager
06-04 18:26:58.716 I/bluetooth(16024): packages/modules/Bluetooth/system/gd/hci/le_advertising_manager.cc:177 get_tx_path_loss_compensation: Tx path loss compensation: 0
06-04 18:26:58.716 I/BtGdModule(16024): packages/modules/Bluetooth/system/gd/module.cc:99 Start: Started Le Advertising Manager
06-04 18:26:58.716 I/BtGdModule(16024): packages/modules/Bluetooth/system/gd/module.cc:85 Start: Constructing next module
06-04 18:26:58.716 I/bluetooth(16024): packages/modules/Bluetooth/system/gd/hci/msft.cc:305 MsftExtensionManager: MsftExtensionManager()
06-04 18:26:58.716 I/BtGdModule(16024): packages/modules/Bluetooth/system/gd/module.cc:89 Start: Starting dependencies of Microsoft Extension Manager
06-04 18:26:58.717 I/BtGdModule(16024): packages/modules/Bluetooth/system/gd/module.cc:93 Start: Finished starting dependencies and calling Start() of Microsoft Extension Manager
06-04 18:26:58.717 I/bluetooth(16024): packages/modules/Bluetooth/system/gd/hci/msft.cc:51 start: MsftExtensionManager start()
06-04 18:26:58.717 I/bluetooth(16024): packages/modules/Bluetooth/system/gd/hci/msft.cc:63 start: MSFT extension is not supported.
06-04 18:26:58.717 I/BtGdModule(16024): packages/modules/Bluetooth/system/gd/module.cc:99 Start: Started Microsoft Extension Manager
06-04 18:26:58.717 I/BtGdModule(16024): packages/modules/Bluetooth/system/gd/module.cc:85 Start: Constructing next module
06-04 18:26:58.717 I/BtGdModule(16024): packages/modules/Bluetooth/system/gd/module.cc:89 Start: Starting dependencies of Le Scanning Manager
06-04 18:26:58.717 I/BtGdModule(16024): packages/modules/Bluetooth/system/gd/module.cc:93 Start: Finished starting dependencies and calling Start() of Le Scanning Manager
06-04 18:26:58.717 I/bluetooth(16024): packages/modules/Bluetooth/system/gd/hci/le_scanning_manager.cc:304 get_rx_path_loss_compensation: Rx path loss compensation: 0
06-04 18:26:58.717 I/BtGdModule(16024): packages/modules/Bluetooth/system/gd/module.cc:99 Start: Started Le Scanning Manager
06-04 18:26:58.717 I/BtGdModule(16024): packages/modules/Bluetooth/system/gd/module.cc:85 Start: Constructing next module
06-04 18:26:58.717 I/BtGdModule(16024): packages/modules/Bluetooth/system/gd/module.cc:89 Start: Starting dependencies of Distance Measurement Manager
06-04 18:26:58.717 I/BtGdModule(16024): packages/modules/Bluetooth/system/gd/module.cc:93 Start: Finished starting dependencies and calling Start() of Distance Measurement Manager
06-04 18:26:58.717 I/BtGdModule(16024): packages/modules/Bluetooth/system/gd/module.cc:99 Start: Started Distance Measurement Manager
06-04 18:26:58.718 I/bluetooth(16024): packages/modules/Bluetooth/system/gd/stack_manager.cc:52 StartUp: init_status == 0
06-04 18:26:58.718 I/bluetooth(16024): packages/modules/Bluetooth/system/gd/stack_manager.cc:59 StartUp: init complete
06-04 18:26:58.718 I/bt_gd_shim(16024): packages/modules/Bluetooth/system/main/shim/stack.cc:168 Start: Start Successfully toggled Gd stack
06-04 18:26:58.719 I/bt_shim_scanner(16024): packages/modules/Bluetooth/system/main/shim/le_scanning_manager.cc:144 Init: init BleScannerInterfaceImpl
06-04 18:26:58.719 I/bt_core_module(16024): packages/modules/Bluetooth/system/btcore/src/module.cc:91 module_start_up: module_start_up Started module "gd_shim_module"
06-04 18:26:58.719 I/bt_btif_core(16024): packages/modules/Bluetooth/system/btif/src/btif_core.cc:228 btif_init_bluetooth: btif_init_bluetooth entered
06-04 18:26:58.720 I/droid.bluetooth(16024): [0604/182658.720303:INFO:message_loop_thread.cc(184)] Run: message loop starting for thread bt_jni_thread
06-04 18:26:58.720 I/bt_btif_core(16024): packages/modules/Bluetooth/system/btif/src/btif_core.cc:232 btif_init_bluetooth: btif_init_bluetooth finished
06-04 18:26:58.721 I/ConnectivityModuleConnector(15731): Networking module service connected
06-04 18:26:58.722 D/CompatibilityChangeReporter(15731): Compat change id reported: 168419799; UID 1000; state: DISABLED
06-04 18:26:58.723 D/CompatibilityChangeReporter(15731): Compat change id reported: 273564678; UID 1000; state: DISABLED
06-04 18:26:58.726 D/xm_audio(15619): adev_get_parameters
06-04 18:26:58.727 D/xm_audio(15619): adev_get_parameters
06-04 18:26:58.728 W/bt_device_interop(16024): packages/modules/Bluetooth/system/device/src/interop.cc:1676 interop_database_save_allowlisted_media_players_list: found feature - INTEROP_BROWSE_PLAYER_ALLOW_LIST
06-04 18:26:58.728 I/bt_stack_config(16024): packages/modules/Bluetooth/system/main/stack_config.cc:72 init: init attempt to load stack conf from /apex/com.android.btservices/etc/bluetooth/bt_stack.conf
06-04 18:26:58.728 I/bt_stack_manager(16024): packages/modules/Bluetooth/system/btif/src/stack_manager.cc:285 event_init_stack: finished
06-04 18:26:58.729 I/bt_osi_wakelock(16024): packages/modules/Bluetooth/system/osi/src/wakelock.cc:99 wakelock_set_os_callouts: wakelock_set_os_callouts set to non-native
06-04 18:26:58.729 I/bt_btif (16024): packages/modules/Bluetooth/system/btif/src/bluetooth.cc:829 get_profile_interface: get_profile_interface: id = socket
06-04 18:26:58.729 E/bt_btif_storage(16024): packages/modules/Bluetooth/system/btif/src/btif_storage.cc:622 btif_storage_get_adapter_property: btif_storage_get_adapter_property: Controller not ready! Unable to return Bluetooth Address
06-04 18:26:58.729 E/BluetoothServiceJni(16024): adapter_properties_callback: Status 1 is incorrect
06-04 18:26:58.731 D/BluetoothKeystoreService(16024): initJni()
06-04 18:26:58.732 I/bt_btif (16024): packages/modules/Bluetooth/system/btif/src/bluetooth.cc:829 get_profile_interface: get_profile_interface: id = bluetooth_keystore
06-04 18:26:58.732 I/droid.bluetooth(16024): [0604/182658.732325:INFO:com_android_bluetooth_BluetoothQualityReport.cpp(88)] classInitNative: succeeds
06-04 18:26:58.732 I/bt_btif (16024): packages/modules/Bluetooth/system/btif/src/bluetooth.cc:829 get_profile_interface: get_profile_interface: id = bqr
06-04 18:26:58.732 I/bluetooth(16024): packages/modules/Bluetooth/system/btif/src/btif_bqr.cc:739 init: BluetoothQualityReportInterfaceImpl
06-04 18:26:58.727 I/bt_main_thread(16024): type=1400 audit(0.0:1656): avc: denied { open } for path="/dev/__properties__/u:object_r:vendor_default_prop:s0" dev="tmpfs" ino=377 scontext=u:r:bluetooth:s0 tcontext=u:object_r:vendor_default_prop:s0 tclass=file permissive=1
06-04 18:26:58.732 I/bt_btif (16024): packages/modules/Bluetooth/system/btif/src/bluetooth.cc:829 get_profile_interface: get_profile_interface: id = sdp
06-04 18:26:58.734 I/BluetoothAdapterService(16024): loadLeAudioAllowDevices
06-04 18:26:58.734 I/BluetoothAdapterService(16024): LE Audio allow list is disabled.
06-04 18:26:58.734 D/xm_audio(15619): adev_get_parameters
06-04 18:26:58.727 I/bt_main_thread(16024): type=1400 audit(0.0:1657): avc: denied { getattr } for path="/dev/__properties__/u:object_r:vendor_default_prop:s0" dev="tmpfs" ino=377 scontext=u:r:bluetooth:s0 tcontext=u:object_r:vendor_default_prop:s0 tclass=file permissive=1
06-04 18:26:58.737 D/BluetoothDatabase(16024): start()
06-04 18:26:58.727 I/bt_main_thread(16024): type=1400 audit(0.0:1658): avc: denied { map } for path="/dev/__properties__/u:object_r:vendor_default_prop:s0" dev="tmpfs" ino=377 scontext=u:r:bluetooth:s0 tcontext=u:object_r:vendor_default_prop:s0 tclass=file permissive=1
06-04 18:26:58.739 D/WifiP2pService(15731): Wifi enabled=true, P2P disallowed by admin=false
06-04 18:26:58.741 D/xm_audio(15619): adev_get_parameters
06-04 18:26:58.741 D/InstantWifi(15731): mWifiEnabled is changed to true
06-04 18:26:58.741 D/BluetoothDatabase(16024): Load Database
06-04 18:26:58.742 I/BluetoothAdapterService(16024): Phone policy enabled
06-04 18:26:58.742 D/AdapterProperties(16024): Name is: DBBOX-A3 62cc
06-04 18:26:58.742 I/bluetooth(16024): packages/modules/Bluetooth/system/gd/storage/config_cache.cc:289 ConvertEncryptOrDecryptKeyIfNeeded: ConvertEncryptOrDecryptKeyIfNeeded
06-04 18:26:58.746 D/ActiveDeviceManager(16024): start()
06-04 18:26:58.747 D/xm_audio(15619): adev_get_parameters
06-04 18:26:58.749 D/xm_audio(15619): adev_get_parameters
06-04 18:26:58.752 D/CompatibilityChangeReporter(16216): Compat change id reported: 171979766; UID 1000; state: ENABLED
06-04 18:26:58.752 D/CompatibilityChangeReporter(16216): Compat change id reported: 242716250; UID 1000; state: ENABLED
06-04 18:26:58.754 D/xm_audio(15619): adev_get_parameters
06-04 18:26:58.756 D/xm_audio(15619): adev_get_parameters
06-04 18:26:58.759 D/AudioTrack(15928): stop(33): called with 24600 frames delivered
06-04 18:26:58.761 D/xm_audio(15619): adev_get_parameters
06-04 18:26:58.763 D/SoundEffectManager(15928): getDualEffectMode:3
06-04 18:26:58.763 D/xm_audio(15619): adev_get_parameters
06-04 18:26:58.768 E/SettingsState(15731): Failed to write settings, restoring old file
06-04 18:26:58.768 E/SettingsState(15731): java.io.SyncFailedException: sync failed
06-04 18:26:58.768 E/SettingsState(15731): at java.io.FileDescriptor.sync(Native Method)
06-04 18:26:58.768 E/SettingsState(15731): at com.android.providers.settings.SettingsState.doWriteState(SettingsState.java:925)
06-04 18:26:58.768 E/SettingsState(15731): at com.android.providers.settings.SettingsState.-$$Nest$mdoWriteState(SettingsState.java:0)
06-04 18:26:58.768 E/SettingsState(15731): at com.android.providers.settings.SettingsState$MyHandler.handleMessage(SettingsState.java:1279)
06-04 18:26:58.768 E/SettingsState(15731): at android.os.Handler.dispatchMessage(Handler.java:106)
06-04 18:26:58.768 E/SettingsState(15731): at android.os.Looper.loopOnce(Looper.java:205)
06-04 18:26:58.768 E/SettingsState(15731): at android.os.Looper.loop(Looper.java:294)
06-04 18:26:58.768 E/SettingsState(15731): at android.os.HandlerThread.run(HandlerThread.java:67)
06-04 18:26:58.770 E/AtomicFile(15731): Failed to sync file output stream
06-04 18:26:58.770 E/AtomicFile(15731): Failed to delete new file /data/system/users/0/settings_secure.xml.new
06-04 18:26:58.770 D/xm_audio(15619): adev_get_parameters
06-04 18:26:58.772 D/SoundEffectManager(15928): setSoundMode = 0
06-04 18:26:58.772 D/SoundEffectManager(15928): init() dolbyMs12AudioConfig: Y, dtsVirtualxConfig: 0
06-04 18:26:58.772 D/xm_audio(15619): adev_get_parameters
06-04 18:26:58.772 W/oid.tv.settings(16216): ClassLoaderContext shared library size mismatch. Expected=2, found=0 (PCL[]{PCL[/system_ext/framework/androidx.window.extensions.jar*875812793]#PCL[/system_ext/framework/androidx.window.sidecar.jar*2298648165]} | PCL[])
06-04 18:26:58.776 D/nativeloader(16216): Configuring clns-shared-4 for other apk /system_ext/priv-app/TvSettings/TvSettings.apk. target_sdk_version=34, uses_libraries=, library_path=/system_ext/priv-app/TvSettings/lib/arm:/system_ext/priv-app/TvSettings/TvSettings.apk!/lib/armeabi-v7a:/system/lib:/system_ext/lib, permitted_path=/data:/mnt/expand:/data/user_de/0/com.android.tv.settings:/system_ext/priv-app/TvSettings:/system/lib:/system_ext/lib
06-04 18:26:58.778 D/xm_audio(15619): adev_get_parameters
06-04 18:26:58.779 D/ActiveDeviceManager(16024): onAudioDevicesAdded
06-04 18:26:58.779 D/ActiveDeviceManager(16024): Audio device added: DBBOX-A3 type: 2
06-04 18:26:58.779 D/ActiveDeviceManager(16024): Audio device added: DBBOX-A3 type: 9
06-04 18:26:58.779 D/ActiveDeviceManager(16024): Audio device added: DBBOX-A3 type: 14
06-04 18:26:58.779 D/ActiveDeviceManager(16024): Audio device added: DBBOX-A3 type: 15
06-04 18:26:58.779 D/ActiveDeviceManager(16024): Audio device added: DBBOX-A3 type: 25
06-04 18:26:58.779 D/ActiveDeviceManager(16024): Audio device added: DBBOX-A3 type: 17
06-04 18:26:58.779 D/ActiveDeviceManager(16024): Audio device added: DBBOX-A3 type: 28
06-04 18:26:58.780 D/xm_audio(15619): adev_get_parameters
06-04 18:26:58.780 I/droid.bluetooth(16024): [0604/182658.780771:INFO:com_android_bluetooth_btservice_ActivityAttribution.cpp(96)] classInitNative: succeeds
06-04 18:26:58.781 D/BluetoothAdapterService(16024): setAdapterService() - trying to set service to com.android.bluetooth.btservice.AdapterService@ae213b4
06-04 18:26:58.783 V/MediaRouter(15731): Audio routes updated: AudioRoutesInfo{ type=HDMI }, a2dp=false
06-04 18:26:58.784 V/MediaRouter(15731): Selecting route: RouteInfo{ name=外部设备, description=null, status=null, category=RouteCategory{ name=系统 types=ROUTE_TYPE_LIVE_AUDIO ROUTE_TYPE_LIVE_VIDEO groupable=false }, supportedTypes=ROUTE_TYPE_LIVE_AUDIO ROUTE_TYPE_LIVE_VIDEO , presentationDisplay=null }
06-04 18:26:58.787 D/BluetoothDatabase(16024): compactLastConnectionTime: Compacting metadata after load
06-04 18:26:58.787 D/BluetoothDatabase(16024): compactLastConnectionTime: Setting last_active_item for device: XX:XX:XX:XX:C0:7A from 24 to 0
06-04 18:26:58.787 D/BluetoothDatabase(16024): updateDatabase XX:XX:XX:XX:C0:7A
06-04 18:26:58.787 I/BluetoothDatabase(16024): cacheMetadata
06-04 18:26:58.787 V/BluetoothDatabase(16024): cacheMetadata: found device XX:XX:XX:XX:C0:7A
06-04 18:26:58.787 V/BluetoothDatabase(16024): cacheMetadata: found device null
06-04 18:26:58.787 I/BluetoothDatabase(16024): cacheMetadata: Database is ready
06-04 18:26:58.788 D/xm_audio(15619): adev_get_parameters
06-04 18:26:58.790 D/xm_audio(15619): adev_get_parameters
06-04 18:26:58.792 D/BluetoothAdapterService(16024): onBind()
06-04 18:26:58.795 D/xm_audio(15619): adev_get_parameters
06-04 18:26:58.796 D/xm_audio(15619): adev_get_parameters
06-04 18:26:58.798 I/audio_hw_hal_primary(15619): [audiohal_get_latency:1333] io 13: out:0xebe415a0 frames:1024 rate:48000 whole_latency:21 alsa_latency:21
06-04 18:26:58.801 D/xm_audio(15619): adev_get_parameters
06-04 18:26:58.802 D/xm_audio(15619): adev_get_parameters
06-04 18:26:58.811 I/PackageWatchdog(15731): Syncing health check requests for packages: {}
06-04 18:26:58.811 D/ExplicitHealthCheckController(15731): Getting health check supported packages
06-04 18:26:58.815 V/BluetoothManagerService(15731): Searching package com.android.bluetooth
06-04 18:26:58.815 I/ExplicitHealthCheckController(15731): Explicit health check supported packages [PackageConfig{com.android.networkstack, 86400000}]
06-04 18:26:58.815 D/PackageWatchdog(15731): Received supported packages [PackageConfig{com.android.networkstack, 86400000}]
06-04 18:26:58.815 V/BluetoothManagerService(15731): Checking activity com.android.bluetooth.BluetoothPrefs
06-04 18:26:58.815 V/BluetoothManagerService(15731): Checking activity com.android.bluetooth.map.BluetoothMapSettings
06-04 18:26:58.815 V/BluetoothManagerService(15731): Checking activity com.android.bluetooth.opp.BluetoothOppLauncherActivity
06-04 18:26:58.815 D/ExplicitHealthCheckController(15731): Getting health check requested packages
06-04 18:26:58.816 D/WifiP2pService(15731): user restrictions changed
06-04 18:26:58.817 I/ExplicitHealthCheckController(15731): Explicit health check requested packages []
06-04 18:26:58.818 I/ExplicitHealthCheckController(15731): No more health check requests, unbinding...
06-04 18:26:58.818 D/BluetoothManagerService(15731): Bluetooth Adapter name changed to DBBOX-A3 62cc by android
06-04 18:26:58.818 D/BluetoothManagerService(15731): Stored Bluetooth name: DBBOX-A3 62cc
06-04 18:26:58.819 D/BluetoothManagerService(15731): BluetoothServiceConnection: com.android.bluetooth.btservice.AdapterService
06-04 18:26:58.819 W/Looper (15731): Drained
06-04 18:26:58.820 D/BluetoothManagerService(15731): MESSAGE_BLUETOOTH_SERVICE_CONNECTED: 1
06-04 18:26:58.820 I/audio_hw_hal_primary(15619): [audiohal_get_latency:1333] io 13: out:0xebe415a0 frames:1280 rate:48000 whole_latency:26 alsa_latency:26
06-04 18:26:58.820 V/GraphicsEnvironment(16216): Currently set values for:
06-04 18:26:58.821 V/GraphicsEnvironment(16216): angle_gl_driver_selection_pkgs=[]
06-04 18:26:58.821 V/GraphicsEnvironment(16216): angle_gl_driver_selection_values=[]
06-04 18:26:58.821 V/GraphicsEnvironment(16216): ANGLE GameManagerService for com.android.tv.settings: false
06-04 18:26:58.822 V/GraphicsEnvironment(16216): com.android.tv.settings is not listed in per-application setting
06-04 18:26:58.822 I/ExplicitHealthCheckController(15731): Explicit health check service is unbound
06-04 18:26:58.822 V/GraphicsEnvironment(16216): Neither updatable production driver nor prerelease driver is supported.
06-04 18:26:58.825 D/QSTileHost(15915): Loaded tile specs from setting: internet,bt,dnd,alarm,airplane,cast,screenrecord,mictoggle,cameratoggle,custom(com.android.permissioncontroller/.permission.service.v33.SafetyCenterQsTileService)
06-04 18:26:58.825 D/QSTileHost(15915): Recreating tiles: [internet, bt, dnd, alarm, airplane, cast, screenrecord, mictoggle, cameratoggle, custom(com.android.permissioncontroller/.permission.service.v33.SafetyCenterQsTileService)]
06-04 18:26:58.825 D/QSTileHost(15915): Adding com.android.systemui.qs.tiles.InternetTile@6749ce0
06-04 18:26:58.825 D/QSTileHost(15915): Adding com.android.systemui.qs.tiles.BluetoothTile@cb33b99
06-04 18:26:58.825 D/QSTileHost(15915): Adding com.android.systemui.qs.tiles.DndTile@5cf2e5e
06-04 18:26:58.825 D/QSTileHost(15915): Adding com.android.systemui.qs.tiles.AlarmTile@40b923f
06-04 18:26:58.825 D/QSTileHost(15915): Adding com.android.systemui.qs.tiles.AirplaneModeTile@b36a70c
06-04 18:26:58.825 D/QSTileHost(15915): Adding com.android.systemui.qs.tiles.CastTile@c72f855
06-04 18:26:58.825 D/QSTileHost(15915): Adding com.android.systemui.qs.tiles.ScreenRecordTile@b5bd26a
06-04 18:26:58.825 D/QSTileHost(15915): Adding com.android.systemui.qs.tiles.MicrophoneToggleTile@831135b
06-04 18:26:58.825 D/QSTileHost(15915): Adding com.android.systemui.qs.tiles.CameraToggleTile@42d27f8
06-04 18:26:58.825 D/QSTileHost(15915): Creating tile: custom(com.android.permissioncontroller/.permission.service.v33.SafetyCenterQsTileService)
06-04 18:26:58.828 D/xm_audio(15619): adev_get_parameters
06-04 18:26:58.829 D/xm_audio(15619): adev_get_parameters
06-04 18:26:58.833 D/BluetoothManagerService(15731): Broadcasting onBluetoothServiceUp() to 3 receivers.
06-04 18:26:58.833 D/BluetoothAdapter(15731): onBluetoothServiceUp: android.bluetooth.IBluetooth$Stub$Proxy@7a5259
06-04 18:26:58.834 D/BluetoothAdapter(15915): onBluetoothServiceUp: android.bluetooth.IBluetooth$Stub$Proxy@aa2dd0d
06-04 18:26:58.834 D/BluetoothAdapter(16024): onBluetoothServiceUp: com.android.bluetooth.btservice.AdapterService$AdapterServiceBinder@8fb65dc
06-04 18:26:58.837 I/audio_hw_hal_primary(15619): [audiohal_get_latency:1333] io 13: out:0xebe415a0 frames:1152 rate:48000 whole_latency:24 alsa_latency:24
06-04 18:26:58.838 V/WindowManager(15731): app ------------- force_land :0
06-04 18:26:58.838 V/WindowManager(15731): app ------------- force_land :0
06-04 18:26:58.839 D/BluetoothAdapterService(16024): enable() - Enable called with quiet mode status = false
06-04 18:26:58.842 I/AdapterState(16024): BLE_TURNING_ON : entered
06-04 18:26:58.843 D/AdapterProperties(16024): Setting state to BLE_TURNING_ON
06-04 18:26:58.844 D/BluetoothAdapterService(16024): updateAdapterState() - Broadcasting state BLE_TURNING_ON to 1 receivers.
06-04 18:26:58.844 D/xm_audio(15619): adev_get_parameters
06-04 18:26:58.845 D/BluetoothManagerService(15731): MESSAGE_BLUETOOTH_STATE_CHANGE: OFF > BLE_TURNING_ON
06-04 18:26:58.845 D/BluetoothManagerService(15731): Sending BLE State Change: OFF > BLE_TURNING_ON
06-04 18:26:58.845 W/BroadcastLoopers(15731): Found previously unknown looper Thread[BluetoothManagerService,5,main]
06-04 18:26:58.848 D/xm_audio(15619): adev_get_parameters
06-04 18:26:58.856 D/xm_audio(15619): adev_get_parameters
06-04 18:26:58.858 D/xm_audio(15619): adev_get_parameters
06-04 18:26:58.858 I/audio_hw_hal_primary(15619): [audiohal_get_latency:1333] io 13: out:0xebe415a0 frames:1152 rate:48000 whole_latency:24 alsa_latency:24
06-04 18:26:58.863 D/xm_audio(15619): adev_get_parameters
06-04 18:26:58.864 D/xm_audio(15619): adev_get_parameters
06-04 18:26:58.869 D/xm_audio(15619): adev_get_parameters
06-04 18:26:58.871 D/xm_audio(15619): adev_get_parameters
06-04 18:26:58.872 D/AdapterState(16024): Start Timeout Delay: 4000
06-04 18:26:58.872 D/BluetoothAdapterService(16024): bleOnProcessStart()
06-04 18:26:58.872 I/AdapterProperties(16024): init(), maxConnectedAudioDevices, default=5, propertyOverlayed=5, finalValue=5
06-04 18:26:58.877 I/audio_hw_hal_primary(15619): [audiohal_get_latency:1333] io 13: out:0xebe415a0 frames:1024 rate:48000 whole_latency:21 alsa_latency:21
06-04 18:26:58.878 D/BluetoothAdapterService(16024): bleOnProcessStart() - Make Bond State Machine
06-04 18:26:58.878 D/BluetoothBondStateMachine(16024): make
06-04 18:26:58.881 D/CompatibilityChangeReporter(16216): Compat change id reported: 183155436; UID 1000; state: ENABLED
06-04 18:26:58.882 W/BestClock(15731): java.time.DateTimeException: Missing network time fix
06-04 18:26:58.884 I/BluetoothBondStateMachine(16024): StableState(): Entering Off State
06-04 18:26:58.886 D/xm_audio(15619): adev_get_parameters
06-04 18:26:58.889 D/xm_audio(15619): adev_get_parameters
06-04 18:26:58.892 I/BtGatt.JNI(16024): classInitNative(L1347): classInitNative: Success!
06-04 18:26:58.892 I/bt_btif (16024): packages/modules/Bluetooth/system/btif/src/bluetooth.cc:829 get_profile_interface: get_profile_interface: id = gatt
06-04 18:26:58.892 I/droid.bluetooth(16024): [0604/182658.892263:INFO:btif_ble_advertiser.cc(271)] get_ble_advertiser_instance use gd le advertiser
06-04 18:26:58.892 I/droid.bluetooth(16024): [0604/182658.892337:INFO:bta_gatts_api.cc(379)] BTA_GATTS_InitBonded
06-04 18:26:58.892 I/droid.bluetooth(16024): [0604/182658.892408:INFO:le_scanning_manager.cc(483)] RegisterCallbacks in shim layer
06-04 18:26:58.892 I/bt_bta_sys_main(16024): packages/modules/Bluetooth/system/bta/sys/bta_sys_main.cc:101 bta_sys_event: Ignoring receipt of unregistered event id:GATT server
06-04 18:26:58.893 D/CompatibilityChangeReporter(16024): Compat change id reported: 160794467; UID 1002; state: ENABLED
06-04 18:26:58.899 I/audio_hw_hal_primary(15619): [audiohal_get_latency:1333] io 13: out:0xebe415a0 frames:1280 rate:48000 whole_latency:26 alsa_latency:26
06-04 18:26:58.906 D/xm_audio(15619): adev_get_parameters
06-04 18:26:58.909 D/xm_audio(15619): adev_get_parameters
06-04 18:26:58.909 I/bt_stack_manager(16024): packages/modules/Bluetooth/system/btif/src/stack_manager.cc:310 event_start_up_stack: event_start_up_stack is bringing up the stack
06-04 18:26:58.909 I/bt_stack_manager(16024): packages/modules/Bluetooth/system/btif/src/stack_manager.cc:314 event_start_up_stack: event_start_up_stack Gd shim module enabled
06-04 18:26:58.911 W/BestClock(15731): java.time.DateTimeException: Missing network time fix
06-04 18:26:58.911 I/bt_core_module(16024): packages/modules/Bluetooth/system/btcore/src/module.cc:86 module_start_up: module_start_up Starting module "btif_config_module"
06-04 18:26:58.911 I/bt_core_module(16024): packages/modules/Bluetooth/system/btcore/src/module.cc:91 module_start_up: module_start_up Started module "btif_config_module"
06-04 18:26:58.911 I/bt_l2cap(16024): packages/modules/Bluetooth/system/stack/l2cap/l2c_api.cc:172 L2CA_Register: L2CAP Registered service classic PSM: 0x0001
06-04 18:26:58.912 I/bt_l2cap(16024): packages/modules/Bluetooth/system/stack/l2cap/l2c_api.cc:172 L2CA_Register: L2CAP Registered service classic PSM: 0x001f
06-04 18:26:58.912 I/bluetooth(16024): packages/modules/Bluetooth/system/stack/gatt/gatt_api.cc:1257 GATT_Register: Allocated name:GattProfileDb uuid:81818181-8181-8181-8181-818181818181 gatt_if:1 eatt_support:0
06-04 18:26:58.912 I/droid.bluetooth(16024): [0604/182658.912343:INFO:gatt_api.cc(174)] GATTS_AddService
06-04 18:26:58.912 I/droid.bluetooth(16024): [0604/182658.912418:INFO:gatt_api.cc(289)] GATTS_AddService: service parsed correctly, now starting
06-04 18:26:58.912 I/droid.bluetooth(16024): [0604/182658.912674:INFO:gatt_sr_hash.cc(127)] gatts_calculate_database_hash: hash=80AEB10BC70DCCEFA207489DCED98FED
06-04 18:26:58.912 I/bt_l2cap(16024): packages/modules/Bluetooth/system/stack/l2cap/l2c_api.cc:472 L2CA_RegisterLECoc: Registered service LE COC PSM: 0x0027
06-04 18:26:58.912 I/bt_l2cap(16024): packages/modules/Bluetooth/system/stack/l2cap/l2c_api.cc:172 L2CA_Register: L2CAP Registered service classic PSM: 0x0003
06-04 18:26:58.912 I/bluetooth(16024): packages/modules/Bluetooth/system/stack/gatt/gatt_api.cc:1257 GATT_Register: Allocated name:Gap uuid:82828282-8282-8282-8282-828282828282 gatt_if:2 eatt_support:0
06-04 18:26:58.912 I/droid.bluetooth(16024): [0604/182658.912888:INFO:gatt_api.cc(174)] GATTS_AddService
06-04 18:26:58.912 I/droid.bluetooth(16024): [0604/182658.912935:INFO:gatt_api.cc(289)] GATTS_AddService: service parsed correctly, now starting
06-04 18:26:58.913 I/droid.bluetooth(16024): [0604/182658.912995:INFO:gatt_sr_hash.cc(127)] gatts_calculate_database_hash: hash=8991C462EBE9D90B9EA0DA3E16D0F513
06-04 18:26:58.913 I/bt_bte (16024): packages/modules/Bluetooth/system/btif/src/profile_log_levels.cc:146 load_levels_from_config: BTE_InitTraceLevels -- TRC_HCI : Level 2
06-04 18:26:58.913 I/bt_bte (16024): packages/modules/Bluetooth/system/btif/src/profile_log_levels.cc:146 load_levels_from_config: BTE_InitTraceLevels -- TRC_L2CAP : Level 2
06-04 18:26:58.913 I/bt_bte (16024): packages/modules/Bluetooth/system/btif/src/profile_log_levels.cc:146 load_levels_from_config: BTE_InitTraceLevels -- TRC_RFCOMM : Level 2
06-04 18:26:58.913 I/bt_bte (16024): packages/modules/Bluetooth/system/btif/src/profile_log_levels.cc:146 load_levels_from_config: BTE_InitTraceLevels -- TRC_AVCT : Level 2
06-04 18:26:58.913 I/bt_bte (16024): packages/modules/Bluetooth/system/btif/src/profile_log_levels.cc:146 load_levels_from_config: BTE_InitTraceLevels -- TRC_AVDT : Level 2
06-04 18:26:58.913 I/bt_bte (16024): packages/modules/Bluetooth/system/btif/src/profile_log_levels.cc:146 load_levels_from_config: BTE_InitTraceLevels -- TRC_AVRC : Level 2
06-04 18:26:58.913 I/bt_bte (16024): packages/modules/Bluetooth/system/btif/src/profile_log_levels.cc:146 load_levels_from_config: BTE_InitTraceLevels -- TRC_A2D : Level 2
06-04 18:26:58.913 I/bt_bte (16024): packages/modules/Bluetooth/system/btif/src/profile_log_levels.cc:146 load_levels_from_config: BTE_InitTraceLevels -- TRC_BNEP : Level 2
06-04 18:26:58.913 I/bt_bte (16024): packages/modules/Bluetooth/system/btif/src/profile_log_levels.cc:146 load_levels_from_config: BTE_InitTraceLevels -- TRC_BTM : Level 2
06-04 18:26:58.913 I/bt_bte (16024): packages/modules/Bluetooth/system/btif/src/profile_log_levels.cc:146 load_levels_from_config: BTE_InitTraceLevels -- TRC_HID_HOST : Level 2
06-04 18:26:58.913 I/bt_bte (16024): packages/modules/Bluetooth/system/btif/src/profile_log_levels.cc:146 load_levels_from_config: BTE_InitTraceLevels -- TRC_PAN : Level 2
06-04 18:26:58.913 I/bt_bte (16024): packages/modules/Bluetooth/system/btif/src/profile_log_levels.cc:146 load_levels_from_config: BTE_InitTraceLevels -- TRC_SDP : Level 2
06-04 18:26:58.913 I/bt_bte (16024): packages/modules/Bluetooth/system/btif/src/profile_log_levels.cc:146 load_levels_from_config: BTE_InitTraceLevels -- TRC_SMP : Level 2
06-04 18:26:58.913 I/vol.Events(15915): writeEvent level_changed STREAM_RING 35
06-04 18:26:58.913 I/bt_bte (16024): packages/modules/Bluetooth/system/btif/src/profile_log_levels.cc:146 load_levels_from_config: BTE_InitTraceLevels -- TRC_HID_DEV : Level 2
06-04 18:26:58.913 I/bt_bte (16024): packages/modules/Bluetooth/system/btif/src/profile_log_levels.cc:146 load_levels_from_config: BTE_InitTraceLevels -- TRC_BTAPP : Level 2
06-04 18:26:58.913 I/bt_bte (16024): packages/modules/Bluetooth/system/btif/src/profile_log_levels.cc:146 load_levels_from_config: BTE_InitTraceLevels -- TRC_BTIF : Level 2
06-04 18:26:58.913 W/bluetooth(16024): packages/modules/Bluetooth/system/stack/btm/btm_inq.cc:1073 btm_clr_inq_result_flt: Memory being reset multiple times
06-04 18:26:58.913 I/bt_core_module(16024): packages/modules/Bluetooth/system/btcore/src/module.cc:86 module_start_up: module_start_up Starting module "gd_controller_module"
06-04 18:26:58.913 I/bt_shim_controller(16024): packages/modules/Bluetooth/system/main/shim/controller.cc:65 start_up: start_up Starting up
06-04 18:26:58.913 I/bt_shim_controller(16024): packages/modules/Bluetooth/system/main/shim/controller.cc:84 start_up: Mac address:xx:xx:xx:xx:62:cc
06-04 18:26:58.913 I/bt_core_module(16024): packages/modules/Bluetooth/system/btcore/src/module.cc:91 module_start_up: module_start_up Started module "gd_controller_module"
06-04 18:26:58.913 I/bt_btm_pm(16024): packages/modules/Bluetooth/system/stack/acl/btm_pm.cc:381 btm_pm_reset: reset pm
06-04 18:26:58.913 I/bt_bta_dm(16024): packages/modules/Bluetooth/system/bta/dm/bta_dm_act.cc:393 BTA_dm_on_hw_on: BTA_dm_on_hw_on: Read default class of device {0x2c, 0x4, 0x20}
06-04 18:26:58.913 I/bt_btm_sec(16024): packages/modules/Bluetooth/system/stack/btm/btm_sec.cc:268 BTM_SecRegister: BTM_SecRegister p_cb_info->p_le_callback == 0x0xc5a2ba11
06-04 18:26:58.913 I/bt_btm_sec(16024): packages/modules/Bluetooth/system/stack/btm/btm_sec.cc:283 BTM_SecRegister: BTM_SecRegister btm_cb.api.p_le_callback = 0x0xc5a2ba11
06-04 18:26:58.913 I/bt_stack(16024): [INFO:ble_scanner_hci_interface.cc(329)] Advertiser list in controller can be used
06-04 18:26:58.913 I/bt_stack(16024): [INFO:ble_scanner_hci_interface.cc(330)] Periodic Adv Sync Transfer Sender role is supported
06-04 18:26:58.914 I/bluetooth(16024): packages/modules/Bluetooth/system/stack/gatt/gatt_api.cc:1257 GATT_Register: Allocated name:GattClient uuid:873f8fff-b970-6f7d-f0f7-eb289c926481 gatt_if:3 eatt_support:0
06-04 18:26:58.916 D/CompatibilityChangeReporter(16216): Compat change id reported: 237531167; UID 1000; state: DISABLED
06-04 18:26:58.917 I/audio_hw_hal_primary(15619): [audiohal_get_latency:1333] io 13: out:0xebe415a0 frames:1152 rate:48000 whole_latency:24 alsa_latency:24
06-04 18:26:58.918 W/OpenGLRenderer(16216): Unknown dataspace 0
06-04 18:26:58.919 D/audioserver(15606): logFgsApiEnd: FGS Logger Transaction failed, -129
06-04 18:26:58.921 D/QSTileHost(15915): Saving tiles: [internet, bt, dnd, alarm, airplane, cast, screenrecord, mictoggle, cameratoggle] for user: 0
06-04 18:26:58.922 D/xm_audio(15619): adev_get_parameters
06-04 18:26:58.923 W/WindowManager(15731): [addWindow] title:com.android.tv.settings/com.android.tv.settings.system.FallbackHome
06-04 18:26:58.927 D/xm_audio(15619): adev_get_parameters
06-04 18:26:58.932 I/bt_stack(16024): [INFO:ble_advertiser_hci_interface.cc(775)] Extended advertising will be in use
06-04 18:26:58.932 D/AdapterProperties(16024): BT_PROPERTY_LOCAL_LE_FEATURES: update from BT controller mNumOfAdvertisementInstancesSupported = 5 mRpaOffloadSupported = true mNumOfOffloadedIrkSupported = 8 mNumOfOffloadedScanFilterSupported = 0 mOffloadedScanResultStorageBytes= 256 mIsActivityAndEnergyReporting = false mVersSupported = 96 mTotNumOfTrackableAdv = 0 mIsExtendedScanSupported = true mIsDebugLogSupported = false mIsLe2MPhySupported = false mIsLeCodedPhySupported = true mIsLeExtendedAdvertisingSupported = true mIsLePeriodicAdvertisingSupported = true mLeMaximumAdvertisingDataLength = 1650 mDynamicAudioBufferSizeSupportedCodecsGroup1 = 0 mDynamicAudioBufferSizeSupportedCodecsGroup2 = 0 mIsLePeriodicAdvertisingSyncTransferSenderSupported = true mIsLeConnectedIsochronousStreamCentralSupported = false mIsLeIsochronousBroadcasterSupported = false mIsLePeriodicAdvertisingSyncTransferRecipientSupported = true mIsOffloadedTransportDiscoveryDataScanSupported = false
06-04 18:26:58.933 V/AdapterServiceConfig(16024): Remove McpService from supported list.
06-04 18:26:58.934 I/bt_btif_dm(16024): packages/modules/Bluetooth/system/btif/src/btif_dm.cc:2090 BTIF_dm_enable: BTIF_dm_enable BLE Privacy: 0
06-04 18:26:58.935 E/bt_btif_storage(16024): packages/modules/Bluetooth/system/btif/src/btif_storage.cc:626 btif_storage_get_adapter_property: btif_storage_get_adapter_property: Controller ready!
06-04 18:26:58.935 I/bt_btif_storage(16024): packages/modules/Bluetooth/system/btif/src/btif_storage.cc:653 btif_storage_get_adapter_property: btif_storage_get_adapter_property service_mask:0x20000000
06-04 18:26:58.935 I/bt_stack(16024): [INFO:btif_bqr.cc(292)] EnableBtQualityReport: is_enable: true
06-04 18:26:58.935 W/bt_stack(16024): [WARNING:btif_bqr.cc(304)] EnableBtQualityReport: Bluetooth Quality Report is disabled. bqr_prop_evtmask: , bqr_prop_interval_ms:
06-04 18:26:58.935 D/QSTileHost(15915): Loaded tile specs from setting: internet,bt,dnd,alarm,airplane,cast,screenrecord,mictoggle,cameratoggle
06-04 18:26:58.935 D/QSTileHost(15915): Recreating tiles: [internet, bt, dnd, alarm, airplane, cast, screenrecord, mictoggle, cameratoggle]
06-04 18:26:58.935 D/QSTileHost(15915): Destroying tile: custom(com.android.permissioncontroller/.permission.service.v33.SafetyCenterQsTileService)
06-04 18:26:58.935 D/QSTileHost(15915): Adding com.android.systemui.qs.tiles.InternetTile@6749ce0
06-04 18:26:58.935 D/ConnectivityService(15731): NetReassign [no changes] [c 0] [a 0] [i 0]
06-04 18:26:58.935 I/bt_osi_thread(16024): packages/modules/Bluetooth/system/osi/src/thread.cc:210 run_thread: run_thread: thread id 16256, thread name btif_sock started
06-04 18:26:58.936 D/ConnectivityService(15731): requestNetwork for uid/pid:10052/15915 activeRequest: null callbackRequest: 30 [NetworkRequest [ REQUEST id=31, [ Capabilities: INTERNET&NOT_RESTRICTED&TRUSTED&NOT_VCN_MANAGED Uid: 10052 RequestorUid: 10052 RequestorPkg: com.android.systemui UnderlyingNetworks: Null] ]] callback flags: 1 order: 2147483647
06-04 18:26:58.936 I/bt_bte_conf(16024): packages/modules/Bluetooth/system/main/bte_conf.cc:83 bte_load_did_conf: Device ID record 1 : primary
06-04 18:26:58.936 I/bt_bte_conf(16024): packages/modules/Bluetooth/system/main/bte_conf.cc:84 bte_load_did_conf: vendorId = 00e0
06-04 18:26:58.936 I/bt_bte_conf(16024): packages/modules/Bluetooth/system/main/bte_conf.cc:85 bte_load_did_conf: vendorIdSource = 0001
06-04 18:26:58.936 I/bt_bte_conf(16024): packages/modules/Bluetooth/system/main/bte_conf.cc:86 bte_load_did_conf: product = 1200
06-04 18:26:58.936 I/bt_bte_conf(16024): packages/modules/Bluetooth/system/main/bte_conf.cc:87 bte_load_did_conf: version = 1436
06-04 18:26:58.936 I/bt_bte_conf(16024): packages/modules/Bluetooth/system/main/bte_conf.cc:88 bte_load_did_conf: clientExecutableURL =
06-04 18:26:58.936 I/bt_bte_conf(16024): packages/modules/Bluetooth/system/main/bte_conf.cc:89 bte_load_did_conf: serviceDescription =
06-04 18:26:58.936 I/bt_bte_conf(16024): packages/modules/Bluetooth/system/main/bte_conf.cc:90 bte_load_did_conf: documentationURL =
06-04 18:26:58.936 I/bt_bta_dm(16024): packages/modules/Bluetooth/system/bta/dm/bta_dm_act.cc:3456 bta_dm_eir_update_uuid: EIR Adding UUID=0x1200 into extended inquiry response
06-04 18:26:58.936 I/bt_bta_dm(16024): packages/modules/Bluetooth/system/bta/dm/bta_dm_act.cc:3155 bta_dm_set_eir: Generating extended inquiry response packet EIR
06-04 18:26:58.936 I/bt_bte_conf(16024): packages/modules/Bluetooth/system/main/bte_conf.cc:46 bte_load_did_conf: bte_load_did_conf no section named DID2.
06-04 18:26:58.936 I/bt_btif_core(16024): packages/modules/Bluetooth/system/btif/src/btif_core.cc:294 btif_enable_bluetooth_evt: Bluetooth enable event completed
06-04 18:26:58.936 I/bt_bta_dm(16024): packages/modules/Bluetooth/system/bta/dm/bta_dm_act.cc:3155 bta_dm_set_eir: Generating extended inquiry response packet EIR
06-04 18:26:58.936 I/bt_core_module(16024): packages/modules/Bluetooth/system/btcore/src/module.cc:86 module_start_up: module_start_up Starting module "rust_module"
06-04 18:26:58.936 W/bt_btm (16024): packages/modules/Bluetooth/system/main/bte_logmsg.cc:108 LogMsg: BTM_BleConfigPrivacy 0
06-04 18:26:58.936 I/bluetooth(16024): packages/modules/Bluetooth/system/gd/hci/le_address_manager.cc:72 SetPrivacyPolicyForInitiatorAddress: SetPrivacyPolicyForInitiatorAddress with policy 1
06-04 18:26:58.936 I/bluetooth(16024): packages/modules/Bluetooth/system/gd/hci/le_address_manager.cc:294 resume_registered_clients: Resuming registered clients
06-04 18:26:58.936 D/QSTileHost(15915): Adding com.android.systemui.qs.tiles.BluetoothTile@cb33b99
06-04 18:26:58.937 I/bt (16024): bluetooth_core: starting Rust modules
06-04 18:26:58.937 I/bluetooth(16024): packages/modules/Bluetooth/system/stack/arbiter/acl_arbiter.cc:153 StoreCallbacksFromRust: Received callbacks from Rust, registering in Arbiter
06-04 18:26:58.937 D/ConnectivityService(15731): NetReassign [no changes] [c 0] [a 0] [i 0]
06-04 18:26:58.937 I/bt (16024): bluetooth_core: starting Tokio event loop
06-04 18:26:58.938 D/QSTileHost(15915): Adding com.android.systemui.qs.tiles.DndTile@5cf2e5e
06-04 18:26:58.938 D/xm_audio(15619): adev_get_parameters
06-04 18:26:58.938 D/QSTileHost(15915): Adding com.android.systemui.qs.tiles.AlarmTile@40b923f
06-04 18:26:58.938 D/QSTileHost(15915): Adding com.android.systemui.qs.tiles.AirplaneModeTile@b36a70c
06-04 18:26:58.938 D/QSTileHost(15915): Adding com.android.systemui.qs.tiles.CastTile@c72f855
06-04 18:26:58.938 D/QSTileHost(15915): Adding com.android.systemui.qs.tiles.ScreenRecordTile@b5bd26a
06-04 18:26:58.938 D/QSTileHost(15915): Adding com.android.systemui.qs.tiles.MicrophoneToggleTile@831135b
06-04 18:26:58.938 I/bt_core_module(16024): packages/modules/Bluetooth/system/btcore/src/module.cc:91 module_start_up: module_start_up Started module "rust_module"
