06-04 18:27:00.927 D/TvApiSDKManager(16566): getTvApi startService
06-04 18:27:00.927 W/ContextImpl(16566): Calling a method in the system process without a qualified user: android.app.ContextImpl.startService:1899 android.content.ContextWrapper.startService:825 com.cvte.tv.api.TvApiSDKManager.getTvApi:361 com.dangbei.rocky.component.system.SystemControlUtils.initSystemAidl:83 com.dangbei.rocky.component.system.SystemComponent.onAttached:38
06-04 18:27:00.929 W/ActivityManager(15731): Unable to start service Intent { act=com.cvte.tv.api.TV_API_SERVICE pkg=com.cvte.tv.api.impl } U=0: not found
06-04 18:27:00.930 W/ContextImpl(16566): Calling a method in the system process without a qualified user: android.app.ContextImpl.bindService:1988 android.content.ContextWrapper.bindService:861 com.cvte.tv.api.TvApiSDKManager.getTvApi:362 com.dangbei.rocky.component.system.SystemControlUtils.initSystemAidl:83 com.dangbei.rocky.component.system.SystemComponent.onAttached:38
06-04 18:27:00.931 I/HdmiCecService(15928): Netflix feature is not supported
06-04 18:27:00.933 I/Zygote (16615): seccomp disabled by setenforce 0
06-04 18:27:00.933 E/hq (16421): USBReceiver:::USBReceiver onReceive: list=1
06-04 18:27:00.935 D/hq (16421): NetWorkStateReceiver:::检查网络,并且持续更新 isConnect=false
06-04 18:27:00.936 W/ActivityManager(15731): Unable to start service Intent { act=com.cvte.tv.api.TV_API_SERVICE pkg=com.cvte.tv.api.impl } U=0: not found
06-04 18:27:00.936 D/CompatibilityChangeReporter(15731): Compat change id reported: 170503758; UID 10043; state: DISABLED
06-04 18:27:00.940 E/DispatcherManager(16421): publishMode=DBBOX-A3 piDispatcher=com.dangbei.launcher.dispatcher.function.BOXAXDispatcher@4d32675
06-04 18:27:00.939 I/d.process.media(16615): Using CollectorTypeCC GC.
06-04 18:27:00.940 I/hq (16421): 当前的服务模式是,serviceMode=0
06-04 18:27:00.940 D/ApplicationLoaders(16587): Returning zygote-cached class loader: /system/framework/android.test.base.jar
06-04 18:27:00.940 D/ApplicationLoaders(16587): Returning zygote-cached class loader: /system/framework/android.hidl.manager-V1.0-java.jar
06-04 18:27:00.940 D/ApplicationLoaders(16587): Returning zygote-cached class loader: /system/framework/android.hidl.base-V1.0-java.jar
06-04 18:27:00.950 E/hq (16421): 检查user:::switchDao id=119225474
06-04 18:27:00.951 E/ShutdownService(15928): Larson: bt module = true
06-04 18:27:00.958 E/d.process.media(16615): Not starting debugger since process cannot load the jdwp agent.
06-04 18:27:00.963 D/nativeloader(16587): Configuring clns-shared-4 for other apk /system/app/dangbei-screencast/dangbei-screencast.apk. target_sdk_version=28, uses_libraries=, library_path=/system/app/dangbei-screencast/lib/arm:/system/app/dangbei-screencast/dangbei-screencast.apk!/lib/armeabi-v7a:/system/lib:/system_ext/lib, permitted_path=/data:/mnt/expand:/data/user/0/com.dangbei.screencast:/system/app/dangbei-screencast:/system/lib:/system_ext/lib
06-04 18:27:00.966 E/hq (16421): 检查user:::更新前的信息: null
06-04 18:27:00.966 E/hq (16421): 更新后的信息: Users{userId=119225474, nickName='果灯', avatarUrl='https://thirdwx.qlogo.cn/mmopen/vi_32/20llzrJ5Io0HvEnA6hMfBQty8h8a6iakx6FaIzy97OsCyEbjicGZfics2nRNr91odT9kmlCgBYR9sWeohnxBKj4Rw/132', wxToken='oV3gIwV5M1ONr8gfi3acKVqv6t7Y', vip='[{"id":30,"memberCode":"bestv","mlUserId":"f2e8bb84fd24b91471f223770518416c","token":"","status":2,"endDate":"2024-11-05","pic":""},{"id":33,"memberCode":"dbmusic","mlUserId":"119225474","token":"","status":0,"endDate":"2025-06-04","pic":""},{"id":13,"memberCode":"dbmusic","mlUserId":"119225474","token":"","status":0,"endDate":"2025-06-04","pic":""},{"id":1,"memberCode":"iqiyi","mlUserId":"4abec98028af4eb749de58d97aef22ca","token":"","status":1,"endDate":"2025-11-06","pic":"http://dbimgsou.bestv.com.cn/newos/20240125/65b213276894c.png"},{"id":35,"memberCode":"mitu","mlUserId":"","token":"","status":0,"endDate":"2025-06-04","pic":""}]', mobile='15179707759', sex=1, description='和丰账号ID:13e643a010', city='', province='', country='', launcherMode=null, token='', token='16e4095bd46b8e44cdd4805ef07eee06'}
06-04 18:27:00.968 D/AdHelper(16421): ad server environment is official? false
06-04 18:27:00.968 D/AdHelper(16421): ad server environment is official? false
06-04 18:27:00.968 D/AdHelper(16421): ad server environment is official? false
06-04 18:27:00.968 D/AdHelper(16421): ad server environment is official? false
06-04 18:27:00.972 D/AdHelper(16421): AdHelper init: end
06-04 18:27:00.974 W/ContextImpl(16566): Calling a method in the system process without a qualified user: android.app.ContextImpl.startService:1899 android.content.ContextWrapper.startService:825 com.dangbei.phrike.core.DownloadManager.register:294 com.dangbei.component_appcontrol.phrike.XPhrikeAppCreator.register:47 com.dangbei.component_appcontrol.AppControlComponent.onAttached:65
06-04 18:27:00.975 E/xxxxxxxxxxxxxxx(16421): onConfigurationChanged2===>{1.0 ?mcc0mnc [zh_CN] ldltr sw720dp w1280dp h720dp 240dpi xlrg long land television -touch qwerty/v/v dpad/v winConfig={ mBounds=Rect(0, 0 - 1920, 1080) mAppBounds=Rect(0, 0 - 1920, 1080) mMaxBounds=Rect(0, 0 - 1920, 1080) mDisplayRotation=ROTATION_0 mWindowingMode=fullscreen mDisplayWindowingMode=fullscreen mActivityType=undefined mAlwaysOnTop=undefined mRotation=ROTATION_0} s.6 fontWeightAdjustment=0}
06-04 18:27:00.976 E/memInfo.totalMem(16421): memInfo.totalMem=3856015360 1073741824
06-04 18:27:00.992 I/WebViewFactory(16421): Loading com.android.webview version 116.0.5845.195 (code 584519500)
06-04 18:27:00.995 I/RockyManager(16566): initSDKDelegate:
06-04 18:27:00.999 D/getEthernetMacAddr(16421): getEthernetMacAddr use eth0
06-04 18:27:01.008 D/nativeloader(16421): InitLlndkLibrariesProduct: libEGL.so:libGLESv1_CM.so:libGLESv2.so:libGLESv3.so:libRS.so:libandroid_net.so:libbinder_ndk.so:libc.so:libcgrouprc.so:libclang_rt.asan-arm-android.so:libcom.android.tethering.connectivity_native.so:libdl.so:libft2.so:liblog.so:libm.so:libmediandk.so:libnativewindow.so:libneuralnetworks.so:libselinux.so:libsync.so:libvndksupport.so:libvulkan.so
06-04 18:27:01.008 D/nativeloader(16421): Configuring product-clns-5 for unbundled product apk /product/app/webview/webview.apk. target_sdk_version=34, uses_libraries=, library_path=/product/app/webview/lib/arm:/product/app/webview/webview.apk!/lib/armeabi-v7a:/product/lib:/system/product/lib, permitted_path=/data:/mnt/expand:/product/lib:/system/product/lib
06-04 18:27:01.008 D/OsInitLaunch(16421): send cache: homeCreate, null, null, null
06-04 18:27:01.012 D/nativeloader(16421): InitVndkspLibrariesProduct: android.hardware.common-V2-ndk.so:android.hardware.common.fmq-V1-ndk.so:android.hardware.graphics.allocator-V2-ndk.so:android.hardware.graphics.common-V4-ndk.so:android.hardware.graphics.common@1.0.so:android.hardware.graphics.common@1.1.so:android.hardware.graphics.common@1.2.so:android.hardware.graphics.composer3-V1-ndk.so:android.hardware.graphics.mapper@2.0.so:android.hardware.graphics.mapper@2.1.so:android.hardware.graphics.mapper@3.0.so:android.hardware.graphics.mapper@4.0.so:android.hardware.renderscript@1.0.so:android.hidl.memory.token@1.0.so:android.hidl.memory@1.0-impl.so:android.hidl.memory@1.0.so:android.hidl.safe_union@1.0.so:libRSCpuRef.so:libRSDriver.so:libRS_internal.so:libbase.so:libbcinfo.so:libblas.so:libc++.so:libcompiler_rt.so:libcutils.so:libdmabufheap.so:libgralloctypes.so:libhardware.so:libhidlbase.so:libhidlmemory.so:libion.so:libjsoncpp.so:liblzma.so:libprocessgroup.so:libunwindstack.so:libutils.so:libutilscallstack.so:libz.so
06-04 18:27:01.013 D/CompatibilityChangeReporter(15731): Compat change id reported: 168419799; UID 10017; state: DISABLED
06-04 18:27:01.013 D/CompatibilityChangeReporter(15731): Compat change id reported: 273564678; UID 10017; state: DISABLED
06-04 18:27:01.018 D/CompatibilityChangeReporter(15731): Compat change id reported: 265195908; UID 10017; state: ENABLED
06-04 18:27:01.020 V/GraphicsEnvironment(16587): Currently set values for:
06-04 18:27:01.020 V/GraphicsEnvironment(16587): angle_gl_driver_selection_pkgs=[]
06-04 18:27:01.020 V/GraphicsEnvironment(16587): angle_gl_driver_selection_values=[]
06-04 18:27:01.021 V/GraphicsEnvironment(16587): ANGLE GameManagerService for com.dangbei.screencast: false
06-04 18:27:01.021 V/GraphicsEnvironment(16587): com.dangbei.screencast is not listed in per-application setting
06-04 18:27:01.021 V/GraphicsEnvironment(16587): Neither updatable production driver nor prerelease driver is supported.
06-04 18:27:01.022 D/CompatibilityChangeReporter(16615): Compat change id reported: 171979766; UID 10017; state: ENABLED
06-04 18:27:01.023 D/CompatibilityChangeReporter(16615): Compat change id reported: 242716250; UID 10017; state: ENABLED
06-04 18:27:01.026 I/MultiDex(16587): VM with version 2.1.0 has multidex support
06-04 18:27:01.026 I/MultiDex(16587): Installing application
06-04 18:27:01.026 I/MultiDex(16587): VM has multidex support, MultiDex support library is disabled.
06-04 18:27:01.027 E/PartsInfoProvider(16587): onCreate:
06-04 18:27:01.029 W/ActivityManager(15731): Background start not allowed: service Intent { act=com.dangbei.screencast.STARTUP pkg=com.dangbei.screencast } to com.dangbei.screencast/.startup.StartupService from pid=16587 uid=10043 pkg=com.dangbei.screencast startFg?=false
06-04 18:27:01.034 D/FrameRateService(15928): [AIPQservice] onCreate sys_value= 0
06-04 18:27:01.036 D/FrameRateService(15928): [FrameRateService] onStartCommand
06-04 18:27:01.040 D/CompatibilityChangeReporter(15731): Compat change id reported: 170503758; UID 10017; state: ENABLED
06-04 18:27:01.043 W/System.err(16587): android.app.BackgroundServiceStartNotAllowedException: Not allowed to start service Intent { act=com.dangbei.screencast.STARTUP pkg=com.dangbei.screencast }: app is in background uid UidRecord{cff34fd u0a43 CEM idle change:idle|cached|procstate procs:0 seq(90,90)} caps=------
06-04 18:27:01.043 W/System.err(16587): at android.app.ContextImpl.startServiceCommon(ContextImpl.java:1945)
06-04 18:27:01.043 W/System.err(16587): at android.app.ContextImpl.startService(ContextImpl.java:1900)
06-04 18:27:01.043 W/System.err(16587): at android.content.ContextWrapper.startService(ContextWrapper.java:825)
06-04 18:27:01.043 W/System.err(16587): at b.f.f.h.g.k.a(Unknown Source:20)
06-04 18:27:01.043 W/System.err(16587): at com.dangbei.screencast.provider.PartsInfoProvider.onCreate(:2)
06-04 18:27:01.043 W/System.err(16587): at android.content.ContentProvider.attachInfo(ContentProvider.java:2619)
06-04 18:27:01.043 W/System.err(16587): at android.content.ContentProvider.attachInfo(ContentProvider.java:2589)
06-04 18:27:01.043 W/System.err(16587): at android.app.ActivityThread.installProvider(ActivityThread.java:7840)
06-04 18:27:01.043 W/System.err(16587): at android.app.ActivityThread.installContentProviders(ActivityThread.java:7351)
06-04 18:27:01.043 W/System.err(16587): at android.app.ActivityThread.handleBindApplication(ActivityThread.java:7046)
06-04 18:27:01.046 W/System.err(16587): at android.app.ActivityThread.-$$Nest$mhandleBindApplication(Unknown Source:0)
06-04 18:27:01.046 W/System.err(16587): at android.app.ActivityThread$H.handleMessage(ActivityThread.java:2265)
06-04 18:27:01.046 W/System.err(16587): at android.os.Handler.dispatchMessage(Handler.java:106)
06-04 18:27:01.046 W/System.err(16587): at android.os.Looper.loopOnce(Looper.java:205)
06-04 18:27:01.046 W/System.err(16587): at android.os.Looper.loop(Looper.java:294)
06-04 18:27:01.046 W/System.err(16587): at android.app.ActivityThread.main(ActivityThread.java:8255)
06-04 18:27:01.046 W/System.err(16587): at java.lang.reflect.Method.invoke(Native Method)
06-04 18:27:01.046 W/System.err(16587): at com.android.internal.os.RuntimeInit$MethodAndArgsCaller.run(RuntimeInit.java:552)
06-04 18:27:01.046 W/System.err(16587): at com.android.internal.os.ZygoteInit.main(ZygoteInit.java:978)
06-04 18:27:01.049 W/ActivityManager(15731): Background start not allowed: service Intent { act=com.dangbei.screencast.STARTUP pkg=com.dangbei.screencast } to com.dangbei.screencast/.startup.StartupService from pid=16587 uid=10043 pkg=com.dangbei.screencast startFg?=false
06-04 18:27:01.050 W/System.err(16587): android.app.BackgroundServiceStartNotAllowedException: Not allowed to start service Intent { act=com.dangbei.screencast.STARTUP pkg=com.dangbei.screencast }: app is in background uid UidRecord{cff34fd u0a43 CEM idle change:idle|cached|procstate procs:0 seq(90,90)} caps=------
06-04 18:27:01.050 W/System.err(16587): at android.app.ContextImpl.startServiceCommon(ContextImpl.java:1945)
06-04 18:27:01.050 W/System.err(16587): at android.app.ContextImpl.startService(ContextImpl.java:1900)
06-04 18:27:01.051 W/System.err(16587): at android.content.ContextWrapper.startService(ContextWrapper.java:825)
06-04 18:27:01.051 W/System.err(16587): at b.f.f.h.g.k.a(Unknown Source:20)
06-04 18:27:01.051 W/System.err(16587): at com.dangbei.screencast.common.utils.remotepreferences.ScreenCastPreferenceProvider.onCreate(Unknown Source:11)
06-04 18:27:01.051 W/System.err(16587): at android.content.ContentProvider.attachInfo(ContentProvider.java:2619)
06-04 18:27:01.051 W/System.err(16587): at android.content.ContentProvider.attachInfo(ContentProvider.java:2589)
06-04 18:27:01.051 W/System.err(16587): at android.app.ActivityThread.installProvider(ActivityThread.java:7840)
06-04 18:27:01.051 W/System.err(16587): at android.app.ActivityThread.installContentProviders(ActivityThread.java:7351)
06-04 18:27:01.051 W/System.err(16587): at android.app.ActivityThread.handleBindApplication(ActivityThread.java:7046)
06-04 18:27:01.051 W/System.err(16587): at android.app.ActivityThread.-$$Nest$mhandleBindApplication(Unknown Source:0)
06-04 18:27:01.051 W/System.err(16587): at android.app.ActivityThread$H.handleMessage(ActivityThread.java:2265)
06-04 18:27:01.051 W/System.err(16587): at android.os.Handler.dispatchMessage(Handler.java:106)
06-04 18:27:01.051 W/System.err(16587): at android.os.Looper.loopOnce(Looper.java:205)
06-04 18:27:01.051 W/System.err(16587): at android.os.Looper.loop(Looper.java:294)
06-04 18:27:01.051 W/System.err(16587): at android.app.ActivityThread.main(ActivityThread.java:8255)
06-04 18:27:01.051 W/System.err(16587): at java.lang.reflect.Method.invoke(Native Method)
06-04 18:27:01.051 W/System.err(16587): at com.android.internal.os.RuntimeInit$MethodAndArgsCaller.run(RuntimeInit.java:552)
06-04 18:27:01.051 W/System.err(16587): at com.android.internal.os.ZygoteInit.main(ZygoteInit.java:978)
06-04 18:27:01.060 D/nativeloader(16615): Configuring clns-shared-4 for other apk /system/priv-app/DownloadProvider/DownloadProvider.apk. target_sdk_version=34, uses_libraries=, library_path=/system/priv-app/DownloadProvider/lib/arm:/system/lib:/system_ext/lib, permitted_path=/data:/mnt/expand:/data/user/0/com.android.providers.downloads:/system/priv-app/DownloadProvider:/system/lib:/system_ext/lib
06-04 18:27:01.063 E/hq (16421): LauncherCallback:::onViewCreate
06-04 18:27:01.063 E/hq (16421): LauncherCallback:::onAttach
06-04 18:27:01.066 D/AndroidAutoSize(16587): designWidthInDp = 360, designHeightInDp = 640, screenWidth = 1920, screenHeight = 1080
06-04 18:27:01.067 D/AndroidAutoSize(16587): initDensity = 1.5, initScaledDensity = 1.5
06-04 18:27:01.080 D/ConnectivityService(15731): NetReassign [no changes] [c 0] [a 0] [i 1]
06-04 18:27:01.081 D/CompatibilityChangeReporter(15731): Compat change id reported: 149924527; UID 10043; state: ENABLED
06-04 18:27:01.082 D/CompatibilityChangeReporter(15731): Compat change id reported: 132649864; UID 10043; state: DISABLED
06-04 18:27:01.093 D/CompatibilityChangeReporter(16587): Compat change id reported: 247079863; UID 10043; state: DISABLED
06-04 18:27:01.097 V/GraphicsEnvironment(16615): Currently set values for:
06-04 18:27:01.097 V/GraphicsEnvironment(16615): angle_gl_driver_selection_pkgs=[]
06-04 18:27:01.097 V/GraphicsEnvironment(16615): angle_gl_driver_selection_values=[]
06-04 18:27:01.098 V/GraphicsEnvironment(16615): ANGLE GameManagerService for com.android.providers.downloads: false
06-04 18:27:01.098 V/GraphicsEnvironment(16615): com.android.providers.downloads is not listed in per-application setting
06-04 18:27:01.098 V/GraphicsEnvironment(16615): Neither updatable production driver nor prerelease driver is supported.
06-04 18:27:01.098 E/hq (16421): LauncherCallback:::inspect
06-04 18:27:01.099 D/CompatibilityChangeReporter(16421): Compat change id reported: 289878283; UID 1000; state: DISABLED
06-04 18:27:01.099 E/hq (16421): AdHelper:::后台配置是否展现广告: true
06-04 18:27:01.099 D/OsInitLaunch(16421): send cache: launchHome, launchMainActivity, null, 1
06-04 18:27:01.104 D/CompatibilityChangeReporter(15731): Compat change id reported: 161145287; UID 10043; state: DISABLED
06-04 18:27:01.111 D/CompatibilityChangeReporter(16421): Compat change id reported: 210923482; UID 1000; state: DISABLED
06-04 18:27:01.111 D/CompatibilityChangeReporter(16421): Compat change id reported: 37756858; UID 1000; state: ENABLED
06-04 18:27:01.117 D/nativeloader(16615): Configuring clns-shared-5 for other apk /system/priv-app/MtpService/MtpService.apk. target_sdk_version=34, uses_libraries=, library_path=/system/priv-app/MtpService/lib/arm:/system/lib:/system_ext/lib, permitted_path=/data:/mnt/expand:/data/user/0/com.android.mtp:/system/priv-app/MtpService:/system/lib:/system_ext/lib
06-04 18:27:01.131 I/crashsdk(16587): version unique build id: 6230cced
06-04 18:27:01.132 I/crashsdk(16587): version unique build id: 6230cced
06-04 18:27:01.137 I/crashsdk(16587): begin hack android.os.Process
06-04 18:27:01.137 I/crashsdk(16587): end hack android.os.Process
06-04 18:27:01.145 D/crashsdk(16587): Native log stat thread 16668 setup, waiting
06-04 18:27:01.169 I/cr_WVCFactoryProvider(16421): Loaded version=116.0.5845.195 minSdkVersion=1 isBundle=false multiprocess=true packageId=2
06-04 18:27:01.171 D/nativeloader(16615): Configuring clns-shared-6 for other apk /system/priv-app/MediaProviderLegacy/MediaProviderLegacy.apk. target_sdk_version=34, uses_libraries=, library_path=/system/priv-app/MediaProviderLegacy/lib/arm:/system/lib:/system_ext/lib, permitted_path=/data:/mnt/expand:/data/user/0/com.android.providers.media:/system/priv-app/MediaProviderLegacy:/system/lib:/system_ext/lib
06-04 18:27:01.173 I/Matrix.AnrTracer(16587): anrTrace, final mAnrBeatTime:400, mAnrBeatRate:400
06-04 18:27:01.178 D/LaunchConfigManager(16587): check in allready
06-04 18:27:01.183 E/getHdmiStatus(16421): sourceInputStatus=null mEtnaAdapter=null
06-04 18:27:01.184 I/LaunchTrace(16587): begin sendLaunchCache
06-04 18:27:01.188 W/Searchables(15731): No global search activity found
06-04 18:27:01.188 D/WallpaperManagerService(15731): Wallpaper_selinux_restorecon-0
06-04 18:27:01.202 W/efs.send_log(16587): tryFileLock start!
06-04 18:27:01.205 I/efs.config(16587): --->>> 删除旧的配置文件 false
06-04 18:27:01.206 I/efs.base(16587): lt=event`ev_ct=efs_core`ev_ac=pvuv`tm=2025-06-04 18:27:20`dn=44a903f6-afe3-4478-bff9-2c554859be60`ps=com.dangbei.screencast`um_os=android`stime=1749032821009`pid=16587`fr=android`pkg=com.dangbei.screencast`vcode=20830`dsp_w=1920`uid=44a903f6-afe3-4478-bff9-2c554859be60`rom=14`wid=44a903f6-afe3-4478-bff9-2c554859be60`um_app_carrier=`um_access=unknow`um_app_channel=os`um_crash_sdk_version=1.4.0`ctime=1749032821`model=dbbox-a3`lang=zh`net=disconnected`brand=amlogic`dsp_h=1080`um_network_type=0`ver=v2.8.3`build_model=DBBOX-A3`w_tm=1749032821`appid=5fc60c21094d637f3130af19`um_umid_header=aif54b0e13231baa76d39051a48c8b0e67`sdk=34`tzone=Asia/Shanghai`sdk_ver=1.3.6.umeng
06-04 18:27:01.206 D/CompatibilityChangeReporter(16566): Compat change id reported: 263076149; UID 1000; state: DISABLED
06-04 18:27:01.213 W/System.err(16566): java.lang.NoSuchMethodException: android.bluetooth.IBluetooth$Stub$Proxy.getAddress []
06-04 18:27:01.214 W/System.err(16566): at java.lang.Class.getMethod(Class.java:2937)
06-04 18:27:01.214 W/System.err(16566): at java.lang.Class.getMethod(Class.java:2449)
06-04 18:27:01.214 W/System.err(16566): at com.dangbei.statistics.UtilCommon.getBluetoothAddressSdk23(UtilCommon.java:363)
06-04 18:27:01.214 W/System.err(16566): at com.dangbei.statistics.UtilCommon.getBluetoothAddress(UtilCommon.java:333)
06-04 18:27:01.214 W/System.err(16566): at com.dangbei.statistics.HttpBasicParamsInterceptor.lambda$create$26(HttpBasicParamsInterceptor.java:105)
06-04 18:27:01.214 W/System.err(16566): at com.dangbei.statistics.-$$Lambda$HttpBasicParamsInterceptor$rmVfygJIBySIPZc0Bf7cpAPG2bY.call(Unknown Source:0)
06-04 18:27:01.214 W/System.err(16566): at com.dangbei.statistics.library.Helper.callBackSelf(Helper.java:9)
06-04 18:27:01.214 W/System.err(16566): at com.dangbei.statistics.HttpBasicParamsInterceptor.create(HttpBasicParamsInterceptor.java:105)
06-04 18:27:01.214 W/System.err(16566): at com.dangbei.statistics.HttpBasicParamsInterceptor.lambda$init$0(HttpBasicParamsInterceptor.java:40)
06-04 18:27:01.214 W/System.err(16566): at com.dangbei.statistics.-$$Lambda$HttpBasicParamsInterceptor$wo_01s0EQtjtRA0FDaKTO2uOKHM.accept(Unknown Source:2)
06-04 18:27:01.214 W/System.err(16566): at io.reactivex.internal.operators.single.SingleDoOnSuccess$DoOnSuccess.onSuccess(SingleDoOnSuccess.java:54)
06-04 18:27:01.214 W/System.err(16566): at io.reactivex.internal.operators.single.SingleObserveOn$ObserveOnSingleObserver.run(SingleObserveOn.java:81)
06-04 18:27:01.214 W/System.err(16566): at io.reactivex.Scheduler$DisposeTask.run(Scheduler.java:578)
06-04 18:27:01.214 W/System.err(16566): at io.reactivex.internal.schedulers.ScheduledRunnable.run(ScheduledRunnable.java:66)
06-04 18:27:01.214 W/System.err(16566): at io.reactivex.internal.schedulers.ScheduledRunnable.call(ScheduledRunnable.java:57)
06-04 18:27:01.214 W/System.err(16566): at java.util.concurrent.FutureTask.run(FutureTask.java:264)
06-04 18:27:01.214 W/System.err(16566): at java.util.concurrent.ScheduledThreadPoolExecutor$ScheduledFutureTask.run(ScheduledThreadPoolExecutor.java:307)
06-04 18:27:01.214 W/System.err(16566): at java.util.concurrent.ThreadPoolExecutor.runWorker(ThreadPoolExecutor.java:1145)
06-04 18:27:01.214 W/System.err(16566): at java.util.concurrent.ThreadPoolExecutor$Worker.run(ThreadPoolExecutor.java:644)
06-04 18:27:01.214 W/System.err(16566): at java.lang.Thread.run(Thread.java:1012)
06-04 18:27:01.216 D/OsInitLaunch(16421): send cache: mangoAuth, null, AUTH_NO_NETWORK, null
06-04 18:27:01.217 I/UtilCommon(16566): bluetoothMac=1C:79:2D:20:62:CC
06-04 18:27:01.223 D/ConnectivityService(15731): requestNetwork for uid/pid:1000/16421 activeRequest: null callbackRequest: 38 [NetworkRequest [ REQUEST id=39, [ Capabilities: INTERNET&NOT_RESTRICTED&TRUSTED&NOT_VCN_MANAGED Uid: 1000 RequestorUid: 1000 RequestorPkg: com.dangbei.leard.leradlauncher UnderlyingNetworks: Null] ]] callback flags: 0 order: 2147483647
06-04 18:27:01.225 W/efs.send_log(16587): tryFileLock sendlock sucess! processname: com.dangbei.screencast
06-04 18:27:01.227 D/WifiNetworkFactory(15731): got request NetworkRequest [ REQUEST id=39, [ Capabilities: INTERNET&NOT_RESTRICTED&TRUSTED&NOT_VCN_MANAGED Uid: 1000 RequestorUid: 1000 RequestorPkg: com.dangbei.leard.leradlauncher UnderlyingNetworks: Null] ]
06-04 18:27:01.227 D/UntrustedWifiNetworkFactory(15731): got request NetworkRequest [ REQUEST id=39, [ Capabilities: INTERNET&NOT_RESTRICTED&TRUSTED&NOT_VCN_MANAGED Uid: 1000 RequestorUid: 1000 RequestorPkg: com.dangbei.leard.leradlauncher UnderlyingNetworks: Null] ]
06-04 18:27:01.227 I/efs.config(16587): current config version (-1) is older than another (1735614866)
06-04 18:27:01.228 I/efs.config(16587): load config from storage and notify observer
06-04 18:27:01.228 D/ConnectivityService(15731): NetReassign [no changes] [c 0] [a 0] [i 2]
06-04 18:27:01.229 D/OemPaidWifiNetworkFactory(15731): got request NetworkRequest [ REQUEST id=39, [ Capabilities: INTERNET&NOT_RESTRICTED&TRUSTED&NOT_VCN_MANAGED Uid: 1000 RequestorUid: 1000 RequestorPkg: com.dangbei.leard.leradlauncher UnderlyingNetworks: Null] ]
06-04 18:27:01.229 D/MultiInternetWifiNetworkFactory(15731): got request NetworkRequest [ REQUEST id=39, [ Capabilities: INTERNET&NOT_RESTRICTED&TRUSTED&NOT_VCN_MANAGED Uid: 1000 RequestorUid: 1000 RequestorPkg: com.dangbei.leard.leradlauncher UnderlyingNetworks: Null] ]
06-04 18:27:01.235 I/TDLog (16587): setReportUncaughtExceptions: true
06-04 18:27:01.235 E/Application(16587): onCreate:Version:v2.8.3/20830/883432e
06-04 18:27:01.236 I/MobclickAgent(16421): module init:azio
06-04 18:27:01.238 D/CompatibilityChangeReporter(16421): Compat change id reported: 237531167; UID 1000; state: DISABLED
06-04 18:27:01.241 W/OpenGLRenderer(16421): Unknown dataspace 0
06-04 18:27:01.244 I/ActivityManager(15731): com.droidlogic.mictoggle is exempt from freezer
06-04 18:27:01.244 D/CompatibilityChangeReporter(15731): Compat change id reported: 135634846; UID 1000; state: DISABLED
06-04 18:27:01.250 W/bei.lerad.rocky(16566): Method com.iflytek.aiui.AIUIAgent com.iflytek.aiui.AIUIAgent.createAgent(android.content.Context, java.lang.String, com.iflytek.aiui.AIUIListener) failed lock verification and will run slower.
06-04 18:27:01.250 W/bei.lerad.rocky(16566): Common causes for lock verification issues are non-optimized dex code
06-04 18:27:01.250 W/bei.lerad.rocky(16566): and incorrect proguard optimizations.
06-04 18:27:01.259 W/System.err(16566): java.net.UnknownHostException: Unable to resolve host "tyapi.qun7.com": No address associated with hostname
06-04 18:27:01.260 W/System.err(16566): at java.net.Inet6AddressImpl.lookupHostByName(Inet6AddressImpl.java:156)
06-04 18:27:01.260 W/System.err(16566): at java.net.Inet6AddressImpl.lookupAllHostAddr(Inet6AddressImpl.java:103)
06-04 18:27:01.260 W/System.err(16566): at java.net.InetAddress.getAllByName(InetAddress.java:1152)
06-04 18:27:01.260 W/System.err(16566): at com.android.okhttp.Dns$1.lookup(Dns.java:41)
06-04 18:27:01.260 W/System.err(16566): at com.android.okhttp.internal.http.RouteSelector.resetNextInetSocketAddress(RouteSelector.java:178)
06-04 18:27:01.260 W/System.err(16566): at com.android.okhttp.internal.http.RouteSelector.nextProxy(RouteSelector.java:144)
06-04 18:27:01.260 W/System.err(16566): at com.android.okhttp.internal.http.RouteSelector.next(RouteSelector.java:86)
06-04 18:27:01.260 W/System.err(16566): at com.android.okhttp.internal.http.StreamAllocation.findConnection(StreamAllocation.java:176)
06-04 18:27:01.260 W/System.err(16566): at com.android.okhttp.internal.http.StreamAllocation.findHealthyConnection(StreamAllocation.java:128)
06-04 18:27:01.260 W/System.err(16566): at com.android.okhttp.internal.http.StreamAllocation.newStream(StreamAllocation.java:97)
06-04 18:27:01.260 W/System.err(16566): at com.android.okhttp.internal.http.HttpEngine.connect(HttpEngine.java:289)
06-04 18:27:01.260 W/System.err(16566): at com.android.okhttp.internal.http.HttpEngine.sendRequest(HttpEngine.java:232)
06-04 18:27:01.260 W/System.err(16566): at com.android.okhttp.internal.huc.HttpURLConnectionImpl.execute(HttpURLConnectionImpl.java:465)
06-04 18:27:01.260 W/System.err(16566): at com.android.okhttp.internal.huc.HttpURLConnectionImpl.getResponse(HttpURLConnectionImpl.java:411)
06-04 18:27:01.260 W/System.err(16566): at com.android.okhttp.internal.huc.HttpURLConnectionImpl.getResponseCode(HttpURLConnectionImpl.java:542)
06-04 18:27:01.260 W/System.err(16566): at com.dangbei.statistics.UtilCommon.networkGetIp(UtilCommon.java:826)
06-04 18:27:01.260 W/System.err(16566): at com.dangbei.statistics.UtilCommon$1.accept(UtilCommon.java:807)
06-04 18:27:01.260 W/System.err(16566): at com.dangbei.statistics.UtilCommon$1.accept(UtilCommon.java:803)
06-04 18:27:01.260 W/System.err(16566): at io.reactivex.internal.operators.observable.ObservableDoOnEach$DoOnEachObserver.onNext(ObservableDoOnEach.java:93)
06-04 18:27:01.260 W/System.err(16566): at io.reactivex.internal.operators.observable.ObservableObserveOn$ObserveOnObserver.drainNormal(ObservableObserveOn.java:201)
06-04 18:27:01.260 W/System.err(16566): at io.reactivex.internal.operators.observable.ObservableObserveOn$ObserveOnObserver.run(ObservableObserveOn.java:255)
06-04 18:27:01.260 W/System.err(16566): at io.reactivex.internal.schedulers.ScheduledRunnable.run(ScheduledRunnable.java:66)
06-04 18:27:01.260 W/System.err(16566): at io.reactivex.internal.schedulers.ScheduledRunnable.call(ScheduledRunnable.java:57)
06-04 18:27:01.260 W/System.err(16566): at java.util.concurrent.FutureTask.run(FutureTask.java:264)
06-04 18:27:01.260 W/System.err(16566): at java.util.concurrent.ScheduledThreadPoolExecutor$ScheduledFutureTask.run(ScheduledThreadPoolExecutor.java:307)
06-04 18:27:01.260 W/System.err(16566): at java.util.concurrent.ThreadPoolExecutor.runWorker(ThreadPoolExecutor.java:1145)
06-04 18:27:01.260 W/System.err(16566): at java.util.concurrent.ThreadPoolExecutor$Worker.run(ThreadPoolExecutor.java:644)
06-04 18:27:01.260 W/System.err(16566): at java.lang.Thread.run(Thread.java:1012)
06-04 18:27:01.260 W/System.err(16566): Caused by: android.system.GaiException: android_getaddrinfo failed: EAI_NODATA (No address associated with hostname)
06-04 18:27:01.260 W/System.err(16566): at libcore.io.Linux.android_getaddrinfo(Native Method)
06-04 18:27:01.260 W/System.err(16566): at libcore.io.ForwardingOs.android_getaddrinfo(ForwardingOs.java:133)
06-04 18:27:01.260 W/System.err(16566): at libcore.io.BlockGuardOs.android_getaddrinfo(BlockGuardOs.java:222)
06-04 18:27:01.261 W/System.err(16566): at libcore.io.ForwardingOs.android_getaddrinfo(ForwardingOs.java:133)
06-04 18:27:01.261 W/System.err(16566): at java.net.Inet6AddressImpl.lookupHostByName(Inet6AddressImpl.java:135)
06-04 18:27:01.261 W/System.err(16566): ... 27 more
06-04 18:27:01.269 I/AiuiEngine(16566): create aiui agent
06-04 18:27:01.269 D/RockyVoice_AiUiDelegate(16566): 初始化成功
06-04 18:27:01.270 D/RockyNetMessageUtil(16566): initTipsList tipEntity = null isRequestTipSuccess = false
06-04 18:27:01.277 W/WindowManager(15731): Failed looking up window session=Session{33fc3e4 16421:1000} callers=com.android.server.wm.WindowManagerService.windowForClientLocked:6075 com.android.server.wm.Session.updateRequestedVisibleTypes:695 android.view.IWindowSession$Stub.onTransact:1034
06-04 18:27:01.277 W/WindowManager(15731): [addWindow] title:com.dangbei.leard.leradlauncher/com.dangbei.launcher.home.LauncherActivity
06-04 18:27:01.282 D/RockyNetMessageUtil(16566): initMediaControlPage pageEntity = null isRequestPageControlSuccess = false
06-04 18:27:01.284 I/Choreographer(16421): Skipped 41 frames! The application may be doing too much work on its main thread.
06-04 18:27:01.288 W/bei.lerad.rocky(16566): Method com.iflytek.aiui.pro.o0 com.iflytek.aiui.utils.c.c(android.content.Context) failed lock verification and will run slower.
06-04 18:27:01.297 I/crashsdk(16587): Catcher mask: 5000, 20480
06-04 18:27:01.297 I/crashsdk(16587): Catcher thread 16593
06-04 18:27:01.297 D/crashsdk(16587): Register ANR handler ...
06-04 18:27:01.300 E/hq (16421): ErrorCoroutineExceptionHandler:::runTry error:java.net.UnknownHostException: Unable to resolve host "ottdbui-tyapiqun7.yysh.mgtv.com": No address associated with hostname from=requestAppBarData_loadData
06-04 18:27:01.308 W/SQLiteLog(16421): (28) double-quoted string literal: "UjftmJwNeB//pVBx7mhtEcU0e6UtnS3ypgkMWGAyZ7Q0BkJV4cU2keyPTVffq5BcFTUjY1EIntqK
06-04 18:27:01.308 W/SQLiteLog(16421): gCD3vIOrPA==
06-04 18:27:01.308 W/SQLiteLog(16421): "
06-04 18:27:01.308 W/SQLiteLog(16421): (28) double-quoted string literal: "3749BD9DDE00CBEA94337A6C823660D0"
06-04 18:27:01.309 W/SQLiteLog(16421): (28) double-quoted string literal: "1749032624622"
06-04 18:27:01.309 W/SQLiteLog(16421): (28) double-quoted string literal: "3749BD9DDE00CBEA94337A6C823660D0"
06-04 18:27:01.311 D/CoreBackPreview(15731): Window{5020c26 u0 com.dangbei.leard.leradlauncher/com.dangbei.launcher.home.LauncherActivity}: Setting back callback OnBackInvokedCallbackInfo{mCallback=android.window.IOnBackInvokedCallback$Stub$Proxy@90dee14, mPriority=0, mIsAnimationCallback=false}
06-04 18:27:01.317 D/Zygote (15605): Forked child process 16734
06-04 18:27:01.318 W/ActivityManager(15731): Slow operation: 74ms so far, now at startProcess: returned from zygote!
06-04 18:27:01.318 W/ActivityManager(15731): Slow operation: 75ms so far, now at startProcess: done updating battery stats
06-04 18:27:01.318 W/ActivityManager(15731): Slow operation: 75ms so far, now at startProcess: building log message
06-04 18:27:01.318 I/ActivityManager(15731): Start proc 16734:com.droidlogic.mictoggle/1000 for broadcast {com.droidlogic.mictoggle/com.droidlogic.mictoggle.AssistantMicMuteReceiver}
06-04 18:27:01.318 W/ActivityManager(15731): Slow operation: 75ms so far, now at startProcess: starting to update pids map
06-04 18:27:01.318 W/ActivityManager(15731): Slow operation: 75ms so far, now at startProcess: done updating pids map
06-04 18:27:01.324 I/Zygote (16734): seccomp disabled by setenforce 0
06-04 18:27:01.326 D/XHttpObservable(16566): handleRequest: start https://tyapi.qun7.com/v1/voice/getResponseControlPage ,,, isCache = false
06-04 18:27:01.327 I/mali (16421): Successfully parsed 1 environment variable(s) from /vendor/etc/mali_platform.config.
06-04 18:27:01.327 I/ActivityManager(15731): Background started FGS: Allowed [callingPackage: com.dangbei.screencast; callingUid: 10043; uidState: CEM ; uidBFSL: n/a; intent: Intent { act=com.dangbei.screencast.STARTUP pkg=com.dangbei.screencast }; code:SYSTEM_ALERT_WINDOW_PERMISSION; tempAllowListReason:; targetSdkVersion:28; callerTargetSdkVersion:28; startForegroundCount:0; bindFromPackage:null: isBindService:false]
06-04 18:27:01.328 I/mali (16421): Successfully parsed 1 environment variable(s) from /vendor/etc/mali_platform.config.
06-04 18:27:01.332 D/XHttpObservable(16566): handleRequest: start https://tyapi.qun7.com/v1/voice/getsoundshowmsg ,,, isCache = false
06-04 18:27:01.336 I/logic.mictoggle(16734): Using CollectorTypeCC GC.
06-04 18:27:01.341 W/bei.lerad.rocky(16566): Method java.lang.String com.iflytek.aiui.utils.l.o(android.content.Context) failed lock verification and will run slower.
06-04 18:27:01.343 E/logic.mictoggle(16734): Not starting debugger since process cannot load the jdwp agent.
06-04 18:27:01.356 I/hwservicemanager( 233): getTransport: Cannot find entry android.hardware.configstore@1.0::ISurfaceFlingerConfigs/default in either framework or device VINTF manifest.
06-04 18:27:01.356 W/ServiceManagerCppClient(15825): Waited one second for android.hardware.tv.tuner.ITuner/default (is service started? Number of threads started in the threadpool: 0. Are binder threads started and available?)
06-04 18:27:01.374 D/CompatibilityChangeReporter(15731): Compat change id reported: 170668199; UID 10043; state: DISABLED
06-04 18:27:01.374 W/ActivityManager(15731): Foreground service started from background can not have location/camera/microphone access: service com.dangbei.screencast/.startup.StartupService
06-04 18:27:01.375 D/CompatibilityChangeReporter(15731): Compat change id reported: 255038118; UID 10043; state: DISABLED
06-04 18:27:01.376 D/CompatibilityChangeReporter(15731): Compat change id reported: 255042465; UID 10043; state: DISABLED
06-04 18:27:01.378 W/ForegroundServiceTypeLoggerModule(15731): Foreground service start for UID: 10043 does not have any types
06-04 18:27:01.389 I/ActivityManager(15731): Deferring FGS notification in legacy app com.dangbei.screencast/u0a43 : Notification(channel=channel_record shortcut=null contentView=null vibrate=null sound=null defaults=0x0 flags=0x60 color=0x00000000 category=transport vis=PUBLIC)
06-04 18:27:01.389 W/SoundPool(16566): Use of stream types is deprecated for operations other than volume control
06-04 18:27:01.392 W/SoundPool(16566): See the documentation of SoundPool() for what to use instead with android.media.AudioAttributes to qualify your playback use case
06-04 18:27:01.393 I/MesonDisplay( 289): [/mode_policy.c, meson_mode_set_policy, 1177] connector:0 to policy:0
06-04 18:27:01.393 I/MesonDisplay( 289): [/mode_policy.c, is_dv_prefer, 66] not prefer dv, hdr_priority:10000010
06-04 18:27:01.393 I/MesonDisplay( 289): [/mode_policy.c, is_dv_prefer, 66] not prefer dv, hdr_priority:10000010
06-04 18:27:01.393 I/MesonDisplay( 289): [/mode_policy.c, hdr_scene_process, 724] policy:0 is_bestcolorspace:1 state:0
06-04 18:27:01.393 I/MesonDisplay( 289): [/mode_policy_parser.c, is_support_hdmimode, 110] is_support_hdmimode mode: 2160p60hz
06-04 18:27:01.393 I/MesonDisplay( 289): [/mode_policy_parser.c, is_support_hdmimode, 110] is_support_hdmimode mode: 2160p60hz
06-04 18:27:01.393 D/MesonDisplay( 289): meson_write /sys/class/amhdmitx/amhdmitx0/valid_mode, outputmode:2160p60hz422,12bit
06-04 18:27:01.393 D/MesonDisplay( 289): valid mode is false!
06-04 18:27:01.393 I/MesonDisplay( 289): [/mode_policy_parser.c, is_support_hdmimode, 110] is_support_hdmimode mode: 2160p50hz
06-04 18:27:01.393 D/MesonDisplay( 289): meson_write /sys/class/amhdmitx/amhdmitx0/valid_mode, outputmode:2160p50hz422,12bit
06-04 18:27:01.393 W/SQLiteLog(16421): (28) double-quoted string literal: "1749032624622"
06-04 18:27:01.393 W/SQLiteLog(16421): (28) double-quoted string literal: "0"
06-04 18:27:01.393 W/SQLiteLog(16421): (28) double-quoted string literal: ""
06-04 18:27:01.393 W/SQLiteLog(16421): (28) double-quoted string literal: ""
06-04 18:27:01.393 W/SQLiteLog(16421): (28) double-quoted string literal: "3749BD9DDE00CBEA94337A6C823660D0"
06-04 18:27:01.393 D/MesonDisplay( 289): valid mode is false!
06-04 18:27:01.393 I/MesonDisplay( 289): [/mode_policy.c, is_support_4kHDR, 507] is_support_4kHDR 4k hdr not support
06-04 18:27:01.393 I/MesonDisplay( 289): [/mode_policy_parser.c, is_support_hdmimode, 110] is_support_hdmimode mode: 1080p60hz
06-04 18:27:01.393 D/MesonDisplay( 289): meson_write /sys/class/amhdmitx/amhdmitx0/valid_mode, outputmode:1080p60hz422,12bit
06-04 18:27:01.393 D/MesonDisplay( 289): valid mode is true!
06-04 18:27:01.393 I/MesonDisplay( 289): [/mode_policy.c, is_support_non4kHDR, 552] is_support_non4kHDR mode:[1080p60hz], color format:[422,12bit]
06-04 18:27:01.393 I/MesonDisplay( 289): [/mode_policy.c, meson_mode_get_policy_output, 1289] final_displaymode:1080p60hz, final_deepcolor:422,12bit, amdv_type:0
06-04 18:27:01.393 I/MesonDisplay( 289): [/mode_policy.c, meson_mode_set_policy, 1177] connector:0 to policy:0
06-04 18:27:01.395 E/OpenGLRenderer(16421): Unable to match the desired swap behavior.
06-04 18:27:01.405 D/RockyVoice(16566): RestartReceiver onReceive
06-04 18:27:01.411 D/CompatibilityChangeReporter(15731): Compat change id reported: 168419799; UID 1000; state: DISABLED
06-04 18:27:01.412 D/CompatibilityChangeReporter(15731): Compat change id reported: 273564678; UID 1000; state: DISABLED
06-04 18:27:01.416 D/RockyReceiver(16566): action: android.net.wifi.WIFI_STATE_CHANGED
06-04 18:27:01.418 W/ContextImpl(15731): Calling a method in the system process without a qualified user: android.app.ContextImpl.startService:1899 com.android.server.wm.DisplayPolicy.lambda$focusChangedLw$5:2126 com.android.server.wm.DisplayPolicy.$r8$lambda$Znxk63oh-WzVnzo_WQefN7uxV48:0 com.android.server.wm.DisplayPolicy$$ExternalSyntheticLambda13.run:0 android.os.Handler.handleCallback:958
06-04 18:27:01.425 D/aaa (16457): LedStatusService onStartCommand begin
06-04 18:27:01.426 W/libc ( 232): Unable to set property "ctl.interface_start" to "aidl/android.hardware.tv.tuner.ITuner/default": error code: 0x20
06-04 18:27:01.435 E/raop (16587): *********************AirplayBroadcastServer+++++++++
06-04 18:27:01.454 D/CompatibilityChangeReporter(16734): Compat change id reported: 171979766; UID 1000; state: ENABLED
06-04 18:27:01.454 D/CompatibilityChangeReporter(16734): Compat change id reported: 242716250; UID 1000; state: ENABLED
06-04 18:27:01.470 D/CompatibilityChangeReporter(16587): Compat change id reported: 270306772; UID 10043; state: DISABLED
06-04 18:27:01.472 D/CompatibilityChangeReporter(16587): Compat change id reported: 235355681; UID 10043; state: DISABLED
06-04 18:27:01.486 E/xxxxxxxxxxxxxxx(16421): onReceive:mIsHDMIPlugged = true
06-04 18:27:01.487 W/SQLiteLog(16421): (28) double-quoted string literal: "335E012ABA9F9B07DF4979C330D50BAA"
06-04 18:27:01.487 W/SQLiteLog(16421): (28) double-quoted string literal: ""
06-04 18:27:01.487 W/SQLiteLog(16421): (28) double-quoted string literal: "335E012ABA9F9B07DF4979C330D50BAA"
06-04 18:27:01.487 W/SQLiteLog(16421): (28) double-quoted string literal: "-1"
06-04 18:27:01.487 D/aaa (16457): topPkg is -------------- :com.dangbei.leard.leradlauncher
06-04 18:27:01.493 I/ActivityManager(15731): Background started FGS: Allowed [callingPackage: com.dangbei.screencast; callingUid: 10043; uidState: FGS ; uidBFSL: [BFSL]; intent: Intent { cmp=com.dangbei.screencast/.huaweicast.service.HuaweiCastService }; code:PROC_STATE_FGS; tempAllowListReason:; targetSdkVersion:28; callerTargetSdkVersion:28; startForegroundCount:0; bindFromPackage:null: isBindService:false]
06-04 18:27:01.497 I/OpenGLRenderer(16421): Davey! duration=889ms; Flags=1, FrameTimelineVsyncId=796, IntendedVsync=7599295058166, Vsync=7599979070514, InputEventId=0, HandleInputStart=7599989715289, AnimationStart=7599989717580, PerformTraversalsStart=7599989811580, DrawStart=7600102739372, FrameDeadline=7599313741499, FrameInterval=7599989027039, FrameStartTime=16683228, SyncQueued=7600103266955, SyncStart=7600107565997, IssueDrawCommandsStart=7600109035872, SwapBuffers=7600177289164, FrameCompleted=7600189301372, DequeueBufferDuration=20847875, QueueBufferDuration=571541, GpuCompleted=7600188332664, SwapBuffersCompleted=7600189301372, DisplayPresentTime=0, CommandSubmissionCompleted=7600177289164,
06-04 18:27:01.497 D/MobclickAgent(16421): 创建新会话: 335E012ABA9F9B07DF4979C330D50BAA
06-04 18:27:01.500 D/nativeloader(16734): Configuring clns-shared-4 for other apk /vendor/framework/droidlogic.software.core.jar. target_sdk_version=34, uses_libraries=ALL, library_path=/system_ext/priv-app/MicToggleProvider/lib/arm:/system_ext/priv-app/MicToggleProvider/MicToggleProvider.apk!/lib/armeabi-v7a:/system/lib:/system_ext/lib, permitted_path=/data:/mnt/expand:/data/user/0/com.droidlogic.mictoggle:/system_ext/priv-app/MicToggleProvider:/system/lib:/system_ext/lib
06-04 18:27:01.509 D/nativeloader(16734): Configuring clns-shared-5 for other apk /system_ext/priv-app/MicToggleProvider/MicToggleProvider.apk. target_sdk_version=34, uses_libraries=, library_path=/system_ext/priv-app/MicToggleProvider/lib/arm:/system_ext/priv-app/MicToggleProvider/MicToggleProvider.apk!/lib/armeabi-v7a:/system/lib:/system_ext/lib, permitted_path=/data:/mnt/expand:/data/user/0/com.droidlogic.mictoggle:/system_ext/priv-app/MicToggleProvider:/system/lib:/system_ext/lib
06-04 18:27:01.513 V/WindowManagerShell(15915): onTransitionReady android.os.BinderProxy@86b9ac9: {id=1 t=CLOSE f=0x0 trk=0 r=[0@Point(0, 0)] c=[{WCT{android.window.IWindowContainerToken$Stub$Proxy@41ef90b} m=OPEN f=MOVE_TO_TOP leash=Surface(name=Task=53)/@0x4e933fc sb=Rect(0, 0 - 1920, 1080) eb=Rect(0, 0 - 1920, 1080) d=0},{WCT{android.window.IWindowContainerToken$Stub$Proxy@a9393e8} m=CLOSE f=SHOW_WALLPAPER leash=Surface(name=Task=3)/@0x60a1a85 sb=Rect(0, 0 - 1920, 1080) eb=Rect(0, 0 - 1920, 1080) d=0}]}
06-04 18:27:01.514 V/WindowManagerShell(15915): Playing animation for (#1)android.os.BinderProxy@86b9ac9@0
06-04 18:27:01.514 V/WindowManagerShell(15915): try handler com.android.wm.shell.keyguard.KeyguardTransitionHandler@556da01
06-04 18:27:01.514 V/WindowManagerShell(15915): try handler com.android.wm.shell.pip.tv.TvPipTransition@a2d50a6
06-04 18:27:01.515 V/WindowManagerShell(15915): try handler com.android.wm.shell.activityembedding.ActivityEmbeddingController@a421ae7
06-04 18:27:01.515 V/WindowManagerShell(15915): try handler com.android.wm.shell.transition.RemoteTransitionHandler@8020694
06-04 18:27:01.515 V/WindowManagerShell(15915): Transition doesn't have explicit remote, search filters for match for {id=1 t=CLOSE f=0x0 trk=0 r=[0@Point(0, 0)] c=[{WCT{android.window.IWindowContainerToken$Stub$Proxy@41ef90b} m=OPEN f=MOVE_TO_TOP leash=Surface(name=Task=53)/@0x4e933fc sb=Rect(0, 0 - 1920, 1080) eb=Rect(0, 0 - 1920, 1080) d=0},{WCT{android.window.IWindowContainerToken$Stub$Proxy@a9393e8} m=CLOSE f=SHOW_WALLPAPER leash=Surface(name=Task=3)/@0x60a1a85 sb=Rect(0, 0 - 1920, 1080) eb=Rect(0, 0 - 1920, 1080) d=0}]}
06-04 18:27:01.515 V/WindowManagerShell(15915): Delegate animation for #1 to null
06-04 18:27:01.515 V/WindowManagerShell(15915): try handler com.android.wm.shell.transition.DefaultTransitionHandler@156153d
06-04 18:27:01.515 V/WindowManagerShell(15915): start default transition animation, info = {id=1 t=CLOSE f=0x0 trk=0 r=[0@Point(0, 0)] c=[{WCT{android.window.IWindowContainerToken$Stub$Proxy@41ef90b} m=OPEN f=MOVE_TO_TOP leash=Surface(name=Task=53)/@0x4e933fc sb=Rect(0, 0 - 1920, 1080) eb=Rect(0, 0 - 1920, 1080) d=0},{WCT{android.window.IWindowContainerToken$Stub$Proxy@a9393e8} m=CLOSE f=SHOW_WALLPAPER leash=Surface(name=Task=3)/@0x60a1a85 sb=Rect(0, 0 - 1920, 1080) eb=Rect(0, 0 - 1920, 1080) d=0}]}
06-04 18:27:01.517 V/WindowManagerShell(15915): loadAnimation: anim=android.view.animation.AlphaAnimation@713c839 animAttr=0x13 type=CLOSE isEntrance=false
06-04 18:27:01.517 V/WindowManagerShell(15915): loadAnimation: anim=android.view.animation.AlphaAnimation@77d7fdf animAttr=0x12 type=CLOSE isEntrance=true
06-04 18:27:01.519 D/View (16421):
06-04 18:27:01.520 D/View (16421):
06-04 18:27:01.521 D/View (16421):
06-04 18:27:01.523 V/WindowManagerShell(15915): animated by com.android.wm.shell.transition.DefaultTransitionHandler@156153d
06-04 18:27:01.524 D/View (16421):
06-04 18:27:01.528 D/View (16421):
06-04 18:27:01.529 D/View (16421):
06-04 18:27:01.530 D/View (16421):
06-04 18:27:01.530 D/View (16421):
06-04 18:27:01.530 D/View (16421):
06-04 18:27:01.531 D/View (16421):
06-04 18:27:01.532 D/View (16421):
06-04 18:27:01.532 D/View (16421):
06-04 18:27:01.533 D/View (16421):
06-04 18:27:01.538 D/View (16421):
06-04 18:27:01.538 D/CompatibilityChangeReporter(15731): Compat change id reported: 214016041; UID 1000; state: ENABLED
06-04 18:27:01.538 D/View (16421):
06-04 18:27:01.538 D/CompatibilityChangeReporter(15731): Compat change id reported: 214016041; UID 1000; state: DISABLED
06-04 18:27:01.539 D/View (16421):
06-04 18:27:01.539 W/System.err(16421): java.net.UnknownHostException: Unable to resolve host "utoken.umeng.com": No address associated with hostname
06-04 18:27:01.539 D/View (16421):
06-04 18:27:01.539 W/System.err(16421): at java.net.Inet6AddressImpl.lookupHostByName(Inet6AddressImpl.java:156)
06-04 18:27:01.540 W/System.err(16421): at java.net.Inet6AddressImpl.lookupAllHostAddr(Inet6AddressImpl.java:103)
06-04 18:27:01.540 W/System.err(16421): at java.net.InetAddress.getAllByName(InetAddress.java:1152)
06-04 18:27:01.540 W/System.err(16421): at com.android.okhttp.Dns$1.lookup(Dns.java:41)
06-04 18:27:01.540 W/System.err(16421): at com.android.okhttp.internal.http.RouteSelector.resetNextInetSocketAddress(RouteSelector.java:178)
06-04 18:27:01.540 W/System.err(16421): at com.android.okhttp.internal.http.RouteSelector.nextProxy(RouteSelector.java:144)
06-04 18:27:01.540 W/System.err(16421): at com.android.okhttp.internal.http.RouteSelector.next(RouteSelector.java:86)
06-04 18:27:01.540 W/System.err(16421): at com.android.okhttp.internal.http.StreamAllocation.findConnection(StreamAllocation.java:176)
06-04 18:27:01.540 W/System.err(16421): at com.android.okhttp.internal.http.StreamAllocation.findHealthyConnection(StreamAllocation.java:128)
06-04 18:27:01.540 W/System.err(16421): at com.android.okhttp.internal.http.StreamAllocation.newStream(StreamAllocation.java:97)
06-04 18:27:01.540 W/System.err(16421): at com.android.okhttp.internal.http.HttpEngine.connect(HttpEngine.java:289)
06-04 18:27:01.540 W/System.err(16421): at com.android.okhttp.internal.http.HttpEngine.sendRequest(HttpEngine.java:232)
06-04 18:27:01.540 W/System.err(16421): at com.android.okhttp.internal.huc.HttpURLConnectionImpl.execute(HttpURLConnectionImpl.java:465)
06-04 18:27:01.540 W/System.err(16421): at com.android.okhttp.internal.huc.HttpURLConnectionImpl.connect(HttpURLConnectionImpl.java:131)
06-04 18:27:01.540 W/System.err(16421): at com.android.okhttp.internal.huc.HttpURLConnectionImpl.getOutputStream(HttpURLConnectionImpl.java:262)
06-04 18:27:01.540 W/System.err(16421): at com.android.okhttp.internal.huc.DelegatingHttpsURLConnection.getOutputStream(DelegatingHttpsURLConnection.java:219)
06-04 18:27:01.540 W/System.err(16421): at com.android.okhttp.internal.huc.HttpsURLConnectionImpl.getOutputStream(HttpsURLConnectionImpl.java:30)
06-04 18:27:01.540 W/System.err(16421): at com.umeng.umzid.a.a(SourceFile:80)
06-04 18:27:01.540 W/System.err(16421): at com.umeng.umzid.ZIDManager.b(SourceFile:298)
06-04 18:27:01.540 W/System.err(16421): at com.umeng.umzid.ZIDManager$b.run(Unknown Source:4)
06-04 18:27:01.540 W/System.err(16421): at java.util.concurrent.Executors$RunnableAdapter.call(Executors.java:487)
06-04 18:27:01.540 W/System.err(16421): at java.util.concurrent.FutureTask.run(FutureTask.java:264)
06-04 18:27:01.540 W/System.err(16421): at java.util.concurrent.ScheduledThreadPoolExecutor$ScheduledFutureTask.run(ScheduledThreadPoolExecutor.java:307)
06-04 18:27:01.540 W/System.err(16421): at java.util.concurrent.ThreadPoolExecutor.runWorker(ThreadPoolExecutor.java:1145)
06-04 18:27:01.540 W/System.err(16421): at java.util.concurrent.ThreadPoolExecutor$Worker.run(ThreadPoolExecutor.java:644)
06-04 18:27:01.540 W/System.err(16421): at java.lang.Thread.run(Thread.java:1012)
06-04 18:27:01.540 D/View (16421):
06-04 18:27:01.540 W/System.err(16421): Caused by: android.system.GaiException: android_getaddrinfo failed: EAI_NODATA (No address associated with hostname)
