06-04 18:27:04.410 I/WM-WorkerWrapper(16326): Worker result FAILURE for Work [ id=120c7f18-7278-4f77-bc24-32d8e61df32e, tags={ com.android.devicelockcontroller.provision.worker.DeviceCheckInWorker } ]
06-04 18:27:04.412 D/CompatibilityChangeReporter(17287): Compat change id reported: 171979766; UID 1000; state: ENABLED
06-04 18:27:04.412 D/CompatibilityChangeReporter(17287): Compat change id reported: 242716250; UID 1000; state: ENABLED
06-04 18:27:04.420 I/WM-WorkerWrapper(17136): Worker result SUCCESS for Work [ id=78adc618-d938-45a7-81d5-fd2026029048, tags={ com.android.statementservice.domain.worker.RetryRequestWorker } ]
06-04 18:27:04.422 D/nativeloader(17287): Configuring clns-shared-4 for other apk /system/app/UsbOpenFT/UsbOpenFT.apk. target_sdk_version=35, uses_libraries=, library_path=/system/app/UsbOpenFT/lib/arm:/system/app/UsbOpenFT/UsbOpenFT.apk!/lib/armeabi-v7a:/system/lib:/system_ext/lib, permitted_path=/data:/mnt/expand:/data/user/0/com.oranth.usbopenft:/system/app/UsbOpenFT:/system/lib:/system_ext/lib
06-04 18:27:04.431 I/DrmHalHidl(17061): No hidl drm factories found
06-04 18:27:04.432 I/hwservicemanager( 233): getTransport: Cannot find entry android.hardware.drm@1.0::IDrmFactory/default in either framework or device VINTF manifest.
06-04 18:27:04.436 E/DrmHalHidl(17061): Failed to find passthrough drm factories
06-04 18:27:04.448 I/DrmUtils(17061): found IDrmFactory. Instance name:[android.hardware.drm.IDrmFactory/clearkey]
06-04 18:27:04.454 V/GraphicsEnvironment(17287): Currently set values for:
06-04 18:27:04.454 V/GraphicsEnvironment(17287): angle_gl_driver_selection_pkgs=[]
06-04 18:27:04.454 V/GraphicsEnvironment(17287): angle_gl_driver_selection_values=[]
06-04 18:27:04.455 V/GraphicsEnvironment(17287): ANGLE GameManagerService for com.oranth.usbopenft: false
06-04 18:27:04.455 V/GraphicsEnvironment(17287): com.oranth.usbopenft is not listed in per-application setting
06-04 18:27:04.455 V/GraphicsEnvironment(17287): Neither updatable production driver nor prerelease driver is supported.
06-04 18:27:04.456 I/DrmUtils(17061): found IDrmFactory. Instance name:[android.hardware.drm.IDrmFactory/widevine]
06-04 18:27:04.457 I/WVCdm-DrmFactory( 534): [app][com.android.rkpdapp] calling virtual ::ndk::ScopedAStatus wvdrm::hardware::drm::widevine::WVDrmFactory::createDrmPlugin(const Uuid &, const string &, std::shared_ptr< ::aidl::android::hardware::drm::IDrmPlugin> *)
06-04 18:27:04.457 D/WVCdm ( 534): Instantiating CDM.
06-04 18:27:04.467 D/WVCdm ( 534): [cdm_engine.cpp(581):QueryStatus] security_level = Default, query_token = WidevineCdmVersion
06-04 18:27:04.467 I/WVCdm ( 534): [file_utils.cpp(38):Exists] stat failed: ENOENT
06-04 18:27:04.468 I/WVCdm ( 534): [oemcrypto_adapter_dynamic.cpp(783):Initialize] Level 3 Build Info (v18): {"soc_vendor":"L3_34136","soc_model":"ARM 32 bit","ta_ver":"18.1.0+May 15 2024_23:17:25_","uses_opk":false,"tee_os":"none","tee_os_ver":"0.0.0","form_factor":"L3","implementer":"Widevine","fused":false}
06-04 18:27:04.468 I/WVCdm ( 534): [(0):] Level3 Library 34136 May 15 2024 23:17:25
06-04 18:27:04.470 I/WVCdm ( 534): [oemcrypto_adapter_dynamic.cpp(797):Initialize] L3 Initialized. Trying L1.
06-04 18:27:04.471 W/WVCdm ( 534): [oemcrypto_adapter_dynamic.cpp(810):Initialize] Could not load oemcrypto from path liboemcrypto.so. dlopen failed: library "liboemcrypto.so" not found
06-04 18:27:04.471 W/WVCdm ( 534): [oemcrypto_adapter_dynamic.cpp(814):Initialize] Could not load oemcrypto. Falling back to L3.
06-04 18:27:04.471 E/WVCdm ( 534): [oemcrypto_adapter_dynamic.cpp(1271):ValidateOrInstallL1KeyboxOrCert] L1 not initialized. Falling back to L3
06-04 18:27:04.471 I/WVCdm ( 534): [file_utils.cpp(38):Exists] stat failed: ENOENT
06-04 18:27:04.471 W/WVCdm ( 534): [oemcrypto_adapter_dynamic.cpp(1470):OEMCrypto_InitializeAndCheckKeybox] Keybox error: 25. Falling back to L3.
06-04 18:27:04.471 I/WVCdm ( 534): [oemcrypto_adapter_dynamic.cpp(846):Level1Terminate] L1 Terminate not needed
06-04 18:27:04.471 D/WVCdm ( 534): [crypto_session.cpp(472):CacheVersion] OEMCrypto version (default security level): 18.1
06-04 18:27:04.471 D/WVCdm ( 534): [crypto_session.cpp(481):CacheVersion] OEMCrypto version (L3 security level): 18.1
06-04 18:27:04.475 D/TrafficStats(16386): tagSocket(96) with statsTag=0xffffffff, statsUid=-1
06-04 18:27:04.476 D/TrafficStats(16386): tagSocket(97) with statsTag=0xffffffff, statsUid=-1
06-04 18:27:04.476 D/TrafficStats(16386): tagSocket(94) with statsTag=0xffffffff, statsUid=-1
06-04 18:27:04.484 D/WVCdm ( 534): [cdm_engine.cpp(581):QueryStatus] security_level = Default, query_token = ProvisioningModel
06-04 18:27:04.494 I/RkpdWidevine(17061): Not a WV provisioning 4.0 device. No provisioning required.
06-04 18:27:04.504 D/TrafficStats(16386): tagSocket(93) with statsTag=0xffffffff, statsUid=-1
06-04 18:27:04.508 V/NFC (17165): this device does not have NFC support
06-04 18:27:04.511 D/statsd_drm( 628): statsd_mediadrm skipping empty entry
06-04 18:27:04.513 I/WVCdm ( 534): [(0):] L3 Terminate.
06-04 18:27:04.514 I/WM-WorkerWrapper(17061): Worker result SUCCESS for Work [ id=479dc162-5b16-4b98-bf8d-a361d8952d96, tags={ com.android.rkpdapp.provisioner.WidevineProvisioner, WidevineProvisioner } ]
06-04 18:27:04.527 I/SendAliveManager(16304): doWhenNetworkStateChanged
06-04 18:27:04.529 E/StartupService(16587): onConnected:
06-04 18:27:04.559 I/Receiver(16566): ----------netConnectInitSDK--------------
06-04 18:27:04.559 D/RockyNetMessageUtil(16566): initTipsList tipEntity = TipEntity{movieType=[我想看喜剧片, 动作片, 枪战片], movie=[庆余年, 误杀, 美丽人生, 爆笑虫子, 哪吒, 小猪佩奇, 胡歌的电视剧, 张艺谋导演的电影, 切换到1080P, 收藏], appController=[打开当贝市场, 下载哈趣影视, 爱奇艺, 卸载腾讯视频], weather=[今天的天气, 未来五天的天气, 杭州天气怎么样, 明天下不下雨], music=[我要听歌, 周杰伦的歌, 上一首, 下一首, 快进一分钟, 暂停], liveAppDownload='非常抱歉,根据监管部门政策管理要求,暂不提供相应服务。', subscreen=null, wakeUpVoiceResponse=[ProbabilityEntity{word='在呢', probability=30}, ProbabilityEntity{word='我在', probability=35}, ProbabilityEntity{word='你说', probability=15}, ProbabilityEntity{word='来啦', probability=20}], unrecognizedVoiceResponse=[ProbabilityEntity{word='可以再说一遍么', probability=45}, ProbabilityEntity{word='可以说的详细一点么', probability=30}, ProbabilityEntity{word='请问有什么可以帮您', probability=25}], notUnderstandVoiceResponse=[ProbabilityEntity{word='换个说法试试吧', probability=100}]} isRequestTipSuccess = false
06-04 18:27:04.561 D/RockyNetMessageUtil(16566): initMediaControlPage pageEntity = PageEntity{list=[ContentEntity{packageName='com.dangbei.leard.leradlauncher', activityName='FilmDetailActivity'}, ContentEntity{packageName='com.dangbei.leard.leradlauncher', activityName='FullScreenDetailActivity'}, ContentEntity{packageName='com.dangbei.leard.leradlauncher', activityName='TencentSportActivity'}, ContentEntity{packageName='com.dangbei.leradVideoPlugins', activityName='FilmDetailActivity'}, ContentEntity{packageName='com.dangbei.leradVideoPlugins', activityName='FullScreenDetailActivity'}, ContentEntity{packageName='com.dangbei.leradVideoPlugins', activityName='TencentSportActivity'}, ContentEntity{packageName='com.dangbei.leradVideoPlugins', activityName='ShortPlayActivity'}, ContentEntity{packageName='com.dangbei.hqmedia', activityName='FilmDetailActivity'}, ContentEntity{packageName='com.dangbei.hqmedia', activityName='FullScreenDetailActivity'}, ContentEntity{packageName='com.dangbei.leradVideoPlugins', activityName='MangoMediaActivity'}, ContentEntity{packageName='com.dangbei.leradVideoPlugins', activityName='VcinemaActivity'}]} isRequestPageControlSuccess = false
06-04 18:27:04.562 D/XHttpObservable(16566): handleRequest: start https://tyapi.qun7.com/v1/voice/getsoundshowmsg ,,, isCache = false
06-04 18:27:04.565 D/XHttpObservable(16566): handleRequest: start https://tyapi.qun7.com/v1/voice/getResponseControlPage ,,, isCache = false
06-04 18:27:04.566 D/aaa (16457): WiFi is connect
06-04 18:27:04.568 D/aaa (16457): WiFi is connect
06-04 18:27:04.594 W/System.err(16587): java.lang.NullPointerException: Attempt to invoke virtual method 'byte[] java.net.NetworkInterface.getHardwareAddress()' on a null object reference
06-04 18:27:04.594 W/System.err(16587): at b.f.f.y.g.b(Unknown Source:11)
06-04 18:27:04.594 W/System.err(16587): at b.d.a.a.p.c0(Unknown Source:2)
06-04 18:27:04.594 W/System.err(16587): at b.f.f.w.b.(:16)
06-04 18:27:04.595 W/System.err(16587): at com.dangbei.screencast.startup.StartupService.w(:2)
06-04 18:27:04.595 W/System.err(16587): at b.f.f.h.g.b.run(:6)
06-04 18:27:04.595 W/System.err(16587): at b.d.a.a.n.a(Unknown Source:10)
06-04 18:27:04.595 W/System.err(16587): at b.f.f.h.g.j.onReceive(Unknown Source:20)
06-04 18:27:04.595 W/System.err(16587): at android.app.LoadedApk$ReceiverDispatcher$Args.lambda$getRunnable$0(LoadedApk.java:1811)
06-04 18:27:04.595 W/System.err(16587): at android.app.LoadedApk$ReceiverDispatcher$Args.$r8$lambda$gDuJqgxY6Zb-ifyeubKeivTLAwk(Unknown Source:0)
06-04 18:27:04.595 W/System.err(16587): at android.app.LoadedApk$ReceiverDispatcher$Args$$ExternalSyntheticLambda0.run(Unknown Source:2)
06-04 18:27:04.595 W/System.err(16587): at android.os.Handler.handleCallback(Handler.java:958)
06-04 18:27:04.595 W/System.err(16587): at android.os.Handler.dispatchMessage(Handler.java:99)
06-04 18:27:04.595 W/System.err(16587): at android.os.Looper.loopOnce(Looper.java:205)
06-04 18:27:04.595 W/System.err(16587): at android.os.Looper.loop(Looper.java:294)
06-04 18:27:04.595 W/System.err(16587): at android.app.ActivityThread.main(ActivityThread.java:8255)
06-04 18:27:04.595 W/System.err(16587): at java.lang.reflect.Method.invoke(Native Method)
06-04 18:27:04.595 W/System.err(16587): at com.android.internal.os.RuntimeInit$MethodAndArgsCaller.run(RuntimeInit.java:552)
06-04 18:27:04.595 W/System.err(16587): at com.android.internal.os.ZygoteInit.main(ZygoteInit.java:978)
06-04 18:27:04.616 W/efs.info.manager(16587): network change: wifi
06-04 18:27:04.622 I/bluetooth(16024): packages/modules/Bluetooth/system/gd/metrics/metrics_state.cc:177 AddStateChangedEvent: LEConnectionMetricsRemoteDevice: Transaction State 0x00000002, Connection Type 0x00000001, Origin Type 0x00000001
06-04 18:27:04.622 I/bluetooth(16024): packages/modules/Bluetooth/system/gd/metrics/metrics_state.cc:58 AddStateChangedEvent: LEConnectionMetricState: Origin Type: 0x00000001, Connection Type: 0x00000001, Transaction State: 0x00000002
06-04 18:27:04.622 I/bluetooth(16024): packages/modules/Bluetooth/system/gd/metrics/metrics_state.cc:161 UploadLEConnectionSession: LEConnectionMetricsRemoteDevice: The session is uploaded for xx:xx:xx:xx:c0:7a
06-04 18:27:04.623 W/bluetooth(16024): packages/modules/Bluetooth/system/main/shim/acl.cc:189 Remove: Unknown device being removed from acceptlist:e4:bb:d3:57:c0:7a[PUBLIC_DEVICE_ADDRESS]
06-04 18:27:04.623 I/bluetooth(16024): packages/modules/Bluetooth/system/gd/hci/le_address_manager.cc:265 ack_pause: Client already in paused state
06-04 18:27:04.623 I/bluetooth(16024): packages/modules/Bluetooth/system/stack/gatt/connection_manager.cc:438 on_connection_complete: Le connection completed to device:xx:xx:xx:xx:c0:7a
06-04 18:27:04.623 I/bluetooth(16024): packages/modules/Bluetooth/system/stack/gatt/connection_manager.cc:438 on_connection_complete: Le connection completed to device:xx:xx:xx:xx:c0:7a
06-04 18:27:04.623 I/bt_btm_ble(16024): packages/modules/Bluetooth/system/stack/btm/btm_ble.cc:1730 btm_ble_connected: Updating device record timestamp for existing ble connection
06-04 18:27:04.625 I/bluetooth(16024): packages/modules/Bluetooth/system/gd/hci/le_address_manager.cc:596 OnCommandComplete: Received command complete with op_code LE_REMOVE_DEVICE_FROM_FILTER_ACCEPT_LIST
06-04 18:27:04.625 I/bluetooth(16024): packages/modules/Bluetooth/system/gd/hci/le_address_manager.cc:294 resume_registered_clients: Resuming registered clients
06-04 18:27:04.710 I/bt_stack(16024): [INFO:gatt_attr.cc(950)] gatt_sr_init_cl_status: bda=xx:xx:xx:xx:c0:7a, cl_supp_feat=0000, aware=1
06-04 18:27:04.710 I/bluetooth(16024): packages/modules/Bluetooth/system/stack/gap/gap_ble.cc:304 client_connect_cback: No active GAP service found for peer:xx:xx:xx:xx:c0:7a callback:Connected
06-04 18:27:04.710 I/bt_bta_gattc(16024): packages/modules/Bluetooth/system/bta/gatt/bta_gattc_act.cc:1304 bta_gattc_conn_cback: Connected client_if:3 addr:xx:xx:xx:xx:c0:7a, transport:BT_TRANSPORT_LE reason:GATT_CONN_OK
06-04 18:27:04.710 I/bt_bta_gattc(16024): packages/modules/Bluetooth/system/bta/gatt/bta_gattc_act.cc:1304 bta_gattc_conn_cback: Connected client_if:4 addr:xx:xx:xx:xx:c0:7a, transport:BT_TRANSPORT_LE reason:GATT_CONN_OK
06-04 18:27:04.710 I/bluetooth(16024): packages/modules/Bluetooth/system/stack/gatt/gatt_main.cc:405 gatt_update_app_use_link_flag: disable link idle timer for xx:xx:xx:xx:c0:7a
06-04 18:27:04.710 I/bt_stack(16024): [INFO:l2c_api.cc(1607)] L2CA_MarkLeLinkAsActivesetting link to e4:bb:d3:57:c0:7a as active
06-04 18:27:04.710 I/bluetooth(16024): packages/modules/Bluetooth/system/stack/gatt/gatt_api.cc:1206 GATT_SetIdleTimeout: idle_timeout=65535, is_active=1, status=1 (1-OK 0-not performed)
06-04 18:27:04.710 I/bt_bta_gattc(16024): packages/modules/Bluetooth/system/bta/gatt/bta_gattc_act.cc:1304 bta_gattc_conn_cback: Connected client_if:5 addr:xx:xx:xx:xx:c0:7a, transport:BT_TRANSPORT_LE reason:GATT_CONN_OK
06-04 18:27:04.710 I/bluetooth(16024): packages/modules/Bluetooth/system/stack/gatt/connection_manager.cc:438 on_connection_complete: Le connection completed to device:xx:xx:xx:xx:c0:7a
06-04 18:27:04.710 I/bt_stack(16024): [INFO:l2c_api.cc(1607)] L2CA_MarkLeLinkAsActivesetting link to e4:bb:d3:57:c0:7a as active
06-04 18:27:04.710 I/bluetooth(16024): packages/modules/Bluetooth/system/stack/gatt/gatt_api.cc:1206 GATT_SetIdleTimeout: idle_timeout=65535, is_active=1, status=1 (1-OK 0-not performed)
06-04 18:27:04.710 I/bluetooth(16024): packages/modules/Bluetooth/system/stack/gatt/gatt_main.cc:594 check_cached_model_name: Device xx:xx:xx:xx:c0:7a no cached model name
06-04 18:27:04.711 I/bt_btif_dm(16024): packages/modules/Bluetooth/system/btif/src/btif_dm.cc:642 btif_update_remote_version_property: Remote version info valid:true [xx:xx:xx:xx:c0:7a]: 9, 1bf, 100
06-04 18:27:04.711 E/bta_gattc_main(16024): packages/modules/Bluetooth/system/bta/gatt/bta_gattc_main.cc:395 bta_gattc_hdl_event: Ignore unknown conn ID: 3
06-04 18:27:04.711 E/bta_gattc_main(16024): packages/modules/Bluetooth/system/bta/gatt/bta_gattc_main.cc:395 bta_gattc_hdl_event: Ignore unknown conn ID: 4
06-04 18:27:04.711 I/bt_bta_gattc(16024): packages/modules/Bluetooth/system/bta/gatt/bta_gattc_act.cc:549 bta_gattc_conn: Connected to xx:xx:xx:xx:c0:7a, robust caching support is 0
06-04 18:27:04.711 W/BatteryService(16024): getBatteryService(): service is NULL
06-04 18:27:04.719 I/BluetoothPhonePolicy(16024): processDeviceConnected, device=XX:XX:XX:XX:C0:7A
06-04 18:27:04.720 D/BluetoothDatabase(16024): setConnection: device XX:XX:XX:XX:C0:7A and isA2dpDevice=false
06-04 18:27:04.720 D/BluetoothDatabase(16024): Updating last connected time for device: XX:XX:XX:XX:C0:7A to 1
06-04 18:27:04.720 D/BluetoothDatabase(16024): updateDatabase XX:XX:XX:XX:C0:7A
06-04 18:27:04.725 I/BLE_Service(15928): >ACL LINK CONNECTED [Dangbei] - checking for supported devices after delay
06-04 18:27:04.728 I/dangbei111(16386): cccccc on receiver=android.bluetooth.device.action.ACL_CONNECTED,mac=E4:BB:D3:57:C0:7A
06-04 18:27:04.728 E/dangbei111(16386): cccccc cancelDiscovery begin
06-04 18:27:04.740 E/dangbei111(16386): cccccc 检查遥控器是否连接: Dangbei E4:BB:D3:57:C0:7A
06-04 18:27:04.744 E/dangbei111(16386): cccccc 检查遥控器是否连接: 蓝牙的结果 Dangbei E4:BB:D3:57:C0:7A true
06-04 18:27:04.752 E/dangbei111(16386): cccccc input中没有遥控器存在
06-04 18:27:04.752 E/dangbei111(16386): cccccc 蓝牙状态连接 开启30s check任务
06-04 18:27:04.754 E/dangbei111(16386): cccccc 开始扫描
06-04 18:27:04.754 D/BluetoothAdapter(16386): isLeEnabled(): ON
06-04 18:27:04.758 I/bt_stack(16024): [INFO:le_scanning_manager.cc(155)] RegisterScanner in shim layer
06-04 18:27:04.759 D/BluetoothLeScanner(16386): onScannerRegistered() - status=0 scannerId=1 mScannerId=0
06-04 18:27:04.760 W/smp_act (16024): packages/modules/Bluetooth/system/stack/smp/smp_act.cc:2064 smp_link_encrypted: SMP state machine busy so skipping encryption enable:1 device:xx:xx:xx:xx:c0:7a
06-04 18:27:04.760 W/bt_stack(16024): [WARNING:bta_gattc_api.cc(689)] notification already registered
06-04 18:27:04.760 W/bt_stack(16024): [WARNING:bta_gattc_api.cc(689)] notification already registered
06-04 18:27:04.761 W/bt_stack(16024): [WARNING:bta_gattc_api.cc(689)] notification already registered
06-04 18:27:04.761 I/bluetooth(16024): packages/modules/Bluetooth/system/stack/eatt/eatt_impl.h:1008 connect: Device xx:xx:xx:xx:c0:7a, role central
06-04 18:27:04.761 I/bluetooth(16024): packages/modules/Bluetooth/system/stack/gatt/gatt_main.cc:405 gatt_update_app_use_link_flag: disable link idle timer for xx:xx:xx:xx:c0:7a
06-04 18:27:04.761 I/bt_stack(16024): [INFO:l2c_api.cc(1607)] L2CA_MarkLeLinkAsActivesetting link to e4:bb:d3:57:c0:7a as active
06-04 18:27:04.761 I/bluetooth(16024): packages/modules/Bluetooth/system/stack/gatt/gatt_api.cc:1206 GATT_SetIdleTimeout: idle_timeout=65535, is_active=1, status=1 (1-OK 0-not performed)
06-04 18:27:04.761 D/BluetoothHidHostService(16024): Connection state XX:XX:XX:XX:C0:7A: 0->1
06-04 18:27:04.764 D/CachedBluetoothDevice(15928): onProfileStateChanged: profile HID, device XX:XX:XX:XX:C0:7A, newProfileState 1
06-04 18:27:04.764 D/BluetoothAdapter(15928): getActiveDevices(profile= A2DP)
06-04 18:27:04.766 D/CachedBluetoothDevice(15915): onProfileStateChanged: profile HID, device XX:XX:XX:XX:C0:7A, newProfileState 1
06-04 18:27:04.766 D/BluetoothAdapter(15915): getActiveDevices(profile= A2DP)
06-04 18:27:04.768 I/BluetoothAdapterService(16024): getActiveDevices: A2dp device: null
06-04 18:27:04.768 D/BluetoothAdapter(15928): getActiveDevices(profile= HEADSET)
06-04 18:27:04.769 I/BluetoothAdapterService(16024): getActiveDevices: A2dp device: null
06-04 18:27:04.770 I/bluetooth(16024): packages/modules/Bluetooth/system/stack/gatt/gatt_sr.cc:839 gatts_process_mtu_req: MTU 247 request from remote (e4:bb:d3:57:c0:7a), resulted MTU 247
06-04 18:27:04.770 I/bt_btm_ble(16024): packages/modules/Bluetooth/system/stack/btm/btm_ble.cc:620 BTM_SetBleDataLength: xx:xx:xx:xx:c0:7a, 251
06-04 18:27:04.770 W/bt_stack(16024): [WARNING:gatt_utils.cc(831)] Call back not found for application conn_id=3
06-04 18:27:04.770 W/bt_stack(16024): [WARNING:gatt_utils.cc(831)] Call back not found for application conn_id=4
06-04 18:27:04.770 W/bt_stack(16024): [WARNING:gatt_utils.cc(831)] Call back not found for application conn_id=5
06-04 18:27:04.773 D/AdapterProperties(16024): PROFILE_CONNECTION_STATE_CHANGE: profile=4, device=XX:XX:XX:XX:C0:7A, 0 -> 1
06-04 18:27:04.773 D/BluetoothAdapter(15915): getActiveDevices(profile= HEADSET)
06-04 18:27:04.773 D/audio_hw_hal_ms12common(15619): func:ms12_timer_callback_handler sigv:0 ~~~~~~~~~~
06-04 18:27:04.774 D/audio_hw_hal_ms12v2(15619): set_dolby_ms12_continuous_state audio_continuous_standby_set status 1
06-04 18:27:04.774 D/audio_hw_hal_continuous_standby(15619): audio_continuous_standby_set, type 0, params 1
06-04 18:27:04.774 D/audio_hw_hal_ms12common(15619): aml_send_ms12_scheduler_state_2_ms12 adev:0xec1014a0, sch_state:1(SCHEDULER_STANDBY)
06-04 18:27:04.774 I/BluetoothAdapterService(16024): getActiveDevices: Headset device: null
06-04 18:27:04.774 D/BluetoothAdapter(15928): getActiveDevices(profile= HEARING_AID)
06-04 18:27:04.776 I/BluetoothAdapterService(16024): getActiveDevices: Headset device: null
06-04 18:27:04.777 D/BluetoothAdapter(15915): getActiveDevices(profile= HEARING_AID)
06-04 18:27:04.777 I/BluetoothAdapterService(16024): getActiveDevices: Hearing Aid devices: Left[null] - Right[null]
06-04 18:27:04.779 I/bt_btif_hh(16024): packages/modules/Bluetooth/system/btif/src/btif_hh.cc:436 hh_open_handler: Found device, getting dscp info for handle 16
06-04 18:27:04.779 I/bt_btif_dm(16024): packages/modules/Bluetooth/system/btif/src/btif_dm.cc:489 get_cod: get_cod remote_cod = 0x0000050c
06-04 18:27:04.779 I/bt_btif_dm(16024): packages/modules/Bluetooth/system/btif/src/btif_dm.cc:489 get_cod: get_cod remote_cod = 0x0000050c
06-04 18:27:04.779 I/BluetoothAdapterService(16024): getActiveDevices: Hearing Aid devices: Left[null] - Right[null]
06-04 18:27:04.780 D/ActivityAttributionService(16024): notifyActivityAttributionInfo UID=1002 packageName=com.android.bluetooth deviceAddress=no_active_device_address
06-04 18:27:04.780 I/bt_btif (16024): packages/modules/Bluetooth/system/btif/src/bluetooth.cc:829 get_profile_interface: get_profile_interface: id = activity_attribution
06-04 18:27:04.780 W/bt_btif (16024): packages/modules/Bluetooth/system/main/bte_logmsg.cc:108 LogMsg: btif_hh_upstreams_evt: name = Dangbei
06-04 18:27:04.780 W/bt_btif (16024): packages/modules/Bluetooth/system/main/bte_logmsg.cc:108 LogMsg: bta_hh_co_send_hid_info: fd = 148, name = [Dangbei], dscp_len = 80
06-04 18:27:04.780 W/bt_btif (16024): packages/modules/Bluetooth/system/main/bte_logmsg.cc:108 LogMsg: bta_hh_co_send_hid_info: vendor_id = 0x000d, product_id = 0x3838, version= 0x0000,ctry_code=0x00
06-04 18:27:04.780 W/bt_btif (16024): packages/modules/Bluetooth/system/main/bte_logmsg.cc:108 LogMsg: bta_hh_co_send_hid_info: wrote descriptor to fd = 148, dscp_len = 80, result = 0
06-04 18:27:04.780 W/bt_stack(16024): [WARNING:btif_hh.cc(461)] Device xx:xx:xx:xx:c0:7a already added
06-04 18:27:04.780 W/bt_btif (16024): packages/modules/Bluetooth/system/main/bte_logmsg.cc:108 LogMsg: btif_hh_upstreams_evt: Device already added
06-04 18:27:04.780 I/bt_stack(16024): [INFO:le_scanning_manager.cc(168)] Scan in shim layer started
06-04 18:27:04.780 I/bluetooth(16024): packages/modules/Bluetooth/system/gd/hci/le_scanning_manager.cc:588 stop_scan: Scanning already stopped, return!
06-04 18:27:04.781 I/bluetooth(16024): packages/modules/Bluetooth/system/gd/hci/le_address_manager.cc:178 register_client: Client registered
06-04 18:27:04.782 D/AdapterProperties(16024): ADAPTER_CONNECTION_STATE_CHANGE: XX:XX:XX:XX:C0:7A: 0 -> 1
06-04 18:27:04.785 D/XM_HIDREAD( 2053): add@ add@/devices/virtual/misc/uhid/0005:000D:3838.0005
06-04 18:27:04.785 D/XM_HIDREAD( 2053): add@ add@/devices/virtual/misc/uhid/0005:000D:3838.0005/input/input18
06-04 18:27:04.785 I/bt_stack(16024): [INFO:le_scanning_manager.cc(168)] Scan in shim layer stopped
06-04 18:27:04.785 I/bluetooth(16024): packages/modules/Bluetooth/system/gd/hci/le_address_manager.cc:193 unregister_client: Client unregistered
06-04 18:27:04.785 I/bt_stack(16024): [INFO:le_scanning_manager.cc(346)] SetScanParameters in shim layer
06-04 18:27:04.786 I/bt_stack(16024): [INFO:le_scanning_manager.cc(168)] Scan in shim layer started
06-04 18:27:04.786 I/bluetooth(16024): packages/modules/Bluetooth/system/gd/hci/le_scanning_manager.cc:588 stop_scan: Scanning already stopped, return!
06-04 18:27:04.786 I/bluetooth(16024): packages/modules/Bluetooth/system/gd/hci/le_address_manager.cc:178 register_client: Client registered
06-04 18:27:04.791 D/XM_HIDREAD( 2053): add@ add@/devices/virtual/misc/uhid/0005:000D:3838.0005/input/input18/event12
06-04 18:27:04.792 D/XM_HIDREAD( 2053): add@ add@/devices/virtual/misc/uhid/0005:000D:3838.0005/input/input20
06-04 18:27:04.792 D/XM_HIDREAD( 2053): add@ add@/devices/virtual/misc/uhid/0005:000D:3838.0005/input/input20/event13
06-04 18:27:04.792 D/XM_HIDREAD( 2053): add@ add@/devices/virtual/misc/uhid/0005:000D:3838.0005/hidraw/hidraw2
06-04 18:27:04.792 D/XM_HIDREAD( 2053): ready open:/dev/hidraw2
06-04 18:27:04.792 D/XM_HIDREAD( 2053): open:/dev/hidraw2 resultFD:-1
06-04 18:27:04.793 E/XM_HIDREAD( 2053): open hidraw error: No such file or directory, wait to retry...
06-04 18:27:04.795 I/wpa_supplicant(16113): wpa_driver_nl80211_driver_cmd: wifi vendor: aml_w2_s
06-04 18:27:04.795 I/wpa_supplicant(16113): wpa_driver_nl80211_driver_cmd: wlan0: private command: BTCOEXSCAN-START
06-04 18:27:04.795 D/EventHub(15731): No input device configuration file found for device 'Dangbei'.
06-04 18:27:04.795 D/BluetoothHidHostService(16024): Connection state XX:XX:XX:XX:C0:7A: 1->2
06-04 18:27:04.797 I/EventHub(15731): usingClockIoctl=true
06-04 18:27:04.798 I/EventHub(15731): New device: id=13, fd=433, path='/dev/input/event12', name='Dangbei', classes=KEYBOARD | DPAD | EXTERNAL, configuration='', keyLayout='/vendor/usr/keylayout/Vendor_000d_Product_3838.kl', keyCharacterMap='/system/usr/keychars/Generic.kcm', builtinKeyboard=false,
06-04 18:27:04.798 I/InputReader(15731): Device added: id=12, eventHubId=13, name='Dangbei', descriptor='651c02fc25e22f45bf8fc0886230121b32a1c5c9',sources=KEYBOARD | DPAD
06-04 18:27:04.804 D/CachedBluetoothDevice(15928): onProfileStateChanged: profile HID, device XX:XX:XX:XX:C0:7A, newProfileState 2
06-04 18:27:04.804 D/BluetoothAdapter(15928): getActiveDevices(profile= A2DP)
06-04 18:27:04.804 D/AdapterProperties(16024): PROFILE_CONNECTION_STATE_CHANGE: profile=4, device=XX:XX:XX:XX:C0:7A, 1 -> 2
06-04 18:27:04.805 D/CachedBluetoothDevice(15915): onProfileStateChanged: profile HID, device XX:XX:XX:XX:C0:7A, newProfileState 2
06-04 18:27:04.805 D/BluetoothAdapter(15915): getActiveDevices(profile= A2DP)
06-04 18:27:04.806 I/BluetoothAdapterService(16024): getActiveDevices: A2dp device: null
06-04 18:27:04.806 D/BluetoothAdapter(15928): getActiveDevices(profile= HEADSET)
06-04 18:27:04.807 I/BluetoothAdapterService(16024): getActiveDevices: A2dp device: null
06-04 18:27:04.807 D/BluetoothAdapter(15915): getActiveDevices(profile= HEADSET)
06-04 18:27:04.808 D/AdapterProperties(16024): ADAPTER_CONNECTION_STATE_CHANGE: XX:XX:XX:XX:C0:7A: 1 -> 2
06-04 18:27:04.808 I/BluetoothAdapterService(16024): getActiveDevices: Headset device: null
06-04 18:27:04.809 D/BluetoothAdapter(15928): getActiveDevices(profile= HEARING_AID)
06-04 18:27:04.810 I/bt_stack(16024): [INFO:eatt_impl.h(888)] supported_features_cb e4:bb:d3:57:c0:7a is_eatt_supported = 0
06-04 18:27:04.812 I/BluetoothAdapterService(16024): getActiveDevices: Headset device: null
06-04 18:27:04.813 D/BluetoothAdapter(15915): getActiveDevices(profile= HEARING_AID)
06-04 18:27:04.813 I/wpa_supplicant(16113): wpa_driver_nl80211_driver_cmd: wifi vendor: aml_w2_s
06-04 18:27:04.813 I/wpa_supplicant(16113): wpa_driver_nl80211_driver_cmd: wlan0: private command: BTCOEXSCAN-START
06-04 18:27:04.814 I/BluetoothAdapterService(16024): getActiveDevices: Hearing Aid devices: Left[null] - Right[null]
06-04 18:27:04.815 D/EventHub(15731): No input device configuration file found for device 'Dangbei Consumer Control'.
06-04 18:27:04.818 W/EventHub(15731): Unable to disable kernel key repeat for /dev/input/event13: Function not implemented
06-04 18:27:04.818 I/EventHub(15731): usingClockIoctl=true
06-04 18:27:04.818 I/EventHub(15731): New device: id=14, fd=440, path='/dev/input/event13', name='Dangbei Consumer Control', classes=KEYBOARD | DPAD | JOYSTICK | EXTERNAL, configuration='', keyLayout='/vendor/usr/keylayout/Vendor_000d_Product_3838.kl', keyCharacterMap='/system/usr/keychars/Generic.kcm', builtinKeyboard=false,
06-04 18:27:04.818 I/InputReader(15731): Device added: id=12, eventHubId=14, name='Dangbei Consumer Control', descriptor='d1a64ac59cff7d0d22206f3b378df7c5b30d32d8',sources=KEYBOARD | DPAD | JOYSTICK
06-04 18:27:04.829 I/BluetoothAdapterService(16024): getActiveDevices: Hearing Aid devices: Left[null] - Right[null]
06-04 18:27:04.829 I/okhttp.OkHttpClient(16386): <-- 200 OK http://tymsgapi.qun7.com/v1/core/logip (484ms, 81-byte body)
06-04 18:27:04.831 I/okhttp.OkHttpClient(16386): <-- 200 OK http://tymsgapi.qun7.com/v1/core/appupdate (471ms, unknown-length body)
06-04 18:27:04.835 I/okhttp.OkHttpClient(16386): <-- 200 OK http://tymsgapi.qun7.com/v1/core/rom (491ms, unknown-length body)
06-04 18:27:04.836 I/HttpUtil(16386): success
06-04 18:27:04.840 E/ccc (16386): cccccc requestOtaInfo result BaseResponse{message='success', data=OtaUpdateBean{downloadId='3859', updateType=1, romVersionName='5.0.0.8', romCode=66666, current=0, romMd5v='17431cb2a750999f0e622e1ab0b8522c', romLength=1107813855, romSize='1.0 GB', downUrl='http://dl.qun7.com/H5/H5Pro/5.0.0.8_20250604_release/user_H5P_S905X5M_20250604-ota.zip', reUrl='http://dl.v5tv.com/H5/H5Pro/5.0.0.8_20250604_release/user_H5P_S905X5M_20250604-ota.zip', reUrl2='http://dl.tymcdn.com/H5/H5Pro/5.0.0.8_20250604_release/user_H5P_S905X5M_20250604-ota.zip', tempUrl='null', remark='MP量产固件测试5008
06-04 18:27:04.840 E/ccc (16386): MP量产固件测试5008
06-04 18:27:04.840 E/ccc (16386): MP量产固件测试5008
06-04 18:27:04.840 E/ccc (16386): ', status=idle, progress=0.0, filterMac=[], localPath='null', popup=1, isPaused=false, cancelled=false, extraInfo='null'}, code=0}
06-04 18:27:04.842 E/ccc (16386): cccccc com.dangbei.haqusetting not connect
06-04 18:27:04.842 E/ccc (16386): cccccc updateHelper 通知更新
06-04 18:27:04.842 E/ccc (16386): cccccc OtaUpdateHelper 普通更新 1
06-04 18:27:04.893 E/XM_HIDREAD( 2053): trying to reopen hidraw: /dev/hidraw2
06-04 18:27:04.893 D/XM_HIDREAD( 2053): ready open:/dev/hidraw2
06-04 18:27:04.893 D/XM_HIDREAD( 2053): open:/dev/hidraw2 resultFD:11
06-04 18:27:04.893 D/XM_HIDREAD( 2053): 1 ready ioctl hidrawFD 11
06-04 18:27:04.893 D/XM_HIDREAD( 2053): 2 ready ioctl hidrawFD 11
06-04 18:27:04.893 D/XM_HIDREAD( 2053): 3 ready ioctl hidrawFD 11
06-04 18:27:04.893 D/XM_HIDREAD( 2053): 4 ready ioctl hidrawFD 11
06-04 18:27:04.893 D/XM_HIDREAD( 2053): ioctl hidrawFD HIDIOCGRDESC ret 0
06-04 18:27:04.893 D/XM_HIDREAD( 2053): dinfo.vendor:13,dinfo.product:14392
06-04 18:27:04.893 D/XM_HIDREAD( 2053): m_pid:0x3838,m_vid:0x000d
06-04 18:27:04.893 D/XM_HIDREAD( 2053): /dev/hidraw2 open succussfully!
06-04 18:27:04.893 D/XM_HIDREAD( 2053): add@ add@/devices/virtual/wakeup/wakeup37
06-04 18:27:04.893 D/XM_HIDREAD( 2053): add@ add@/devices/virtual/wakeup/wakeup38
06-04 18:27:04.934 I/CameraManagerGlobal(17165): Connecting to camera service
06-04 18:27:04.973 I/okhttp.OkHttpClient(16386): <-- 200 OK http://tyapi.qun7.com/v1/core/launcherota (624ms, unknown-length body)
06-04 18:27:04.976 E/ccc (16386): cccccc launcher ota response is BaseResponse{message='success', data=UpgradeInfoEntity{contentLength=0, versionName='', versionCode=0, remark='', list=[]}, code=0}
06-04 18:27:04.977 W/System.err(16386): java.lang.IndexOutOfBoundsException: Index 0 out of bounds for length 0
06-04 18:27:04.978 W/System.err(16386): at jdk.internal.util.Preconditions.outOfBounds(Preconditions.java:64)
06-04 18:27:04.978 W/System.err(16386): at jdk.internal.util.Preconditions.outOfBoundsCheckIndex(Preconditions.java:70)
06-04 18:27:04.978 W/System.err(16386): at jdk.internal.util.Preconditions.checkIndex(Preconditions.java:266)
06-04 18:27:04.978 W/System.err(16386): at java.util.Objects.checkIndex(Objects.java:359)
06-04 18:27:04.978 W/System.err(16386): at java.util.ArrayList.get(ArrayList.java:434)
06-04 18:27:04.978 W/System.err(16386): at com.dangbei.etna.update.launcher.LauncherUpdateHelper$requestLauncherUpdateInfo$1$2.invoke(LauncherUpdateHelper.kt:198)
06-04 18:27:04.978 W/System.err(16386): at com.dangbei.etna.update.launcher.LauncherUpdateHelper$requestLauncherUpdateInfo$1$2.invoke(LauncherUpdateHelper.kt:189)
06-04 18:27:04.978 W/System.err(16386): at com.etna.haqu.support.ext.FlowExtKt$safeCollect$3.emit(FlowExt.kt:52)
06-04 18:27:04.978 W/System.err(16386): at kotlinx.coroutines.flow.FlowKt__ErrorsKt$catchImpl$2.emit(Errors.kt:158)
06-04 18:27:04.978 W/System.err(16386): at kotlinx.coroutines.flow.FlowKt__ChannelsKt.emitAllImpl$FlowKt__ChannelsKt(Channels.kt:62)
06-04 18:27:04.978 W/System.err(16386): at kotlinx.coroutines.flow.FlowKt__ChannelsKt.access$emitAllImpl$FlowKt__ChannelsKt(Channels.kt:1)
06-04 18:27:04.978 W/System.err(16386): at kotlinx.coroutines.flow.FlowKt__ChannelsKt$emitAllImpl$1.invokeSuspend(Unknown Source:14)
06-04 18:27:04.978 W/System.err(16386): at kotlin.coroutines.jvm.internal.BaseContinuationImpl.resumeWith(ContinuationImpl.kt:33)
06-04 18:27:04.978 W/System.err(16386): at kotlinx.coroutines.DispatchedTask.run(DispatchedTask.kt:106)
06-04 18:27:04.978 W/System.err(16386): at android.os.Handler.handleCallback(Handler.java:958)
06-04 18:27:04.978 W/System.err(16386): at android.os.Handler.dispatchMessage(Handler.java:99)
06-04 18:27:04.978 W/System.err(16386): at android.os.Looper.loopOnce(Looper.java:205)
06-04 18:27:04.978 W/System.err(16386): at android.os.Looper.loop(Looper.java:294)
06-04 18:27:04.978 W/System.err(16386): at android.app.ActivityThread.main(ActivityThread.java:8255)
06-04 18:27:04.978 W/System.err(16386): at java.lang.reflect.Method.invoke(Native Method)
06-04 18:27:04.978 W/System.err(16386): at com.android.internal.os.RuntimeInit$MethodAndArgsCaller.run(RuntimeInit.java:552)
06-04 18:27:04.978 W/System.err(16386): at com.android.internal.os.ZygoteInit.main(ZygoteInit.java:978)
06-04 18:27:04.979 D/TrafficStats(16421): tagSocket(127) with statsTag=0xffffffff, statsUid=-1
06-04 18:27:04.979 D/TrafficStats(16421): tagSocket(128) with statsTag=0xffffffff, statsUid=-1
06-04 18:27:04.980 D/TrafficStats(16421): tagSocket(147) with statsTag=0xffffffff, statsUid=-1
06-04 18:27:04.980 D/TrafficStats(16421): tagSocket(156) with statsTag=0xffffffff, statsUid=-1
06-04 18:27:04.980 D/TrafficStats(16421): tagSocket(155) with statsTag=0xffffffff, statsUid=-1
06-04 18:27:04.981 E/ccc (16386): cccccc com.dangbei.haqusetting not connect
06-04 18:27:04.981 E/ccc (16386): cccccc updateHelper 通知更新
06-04 18:27:04.996 E/SecondScreen(16421): isShowSecondScreen()=0 getCurrentPageState()=com.monster.gamma.core.LoadService@2ab851a
06-04 18:27:05.007 E/hq (16421): WeatherRefresh:::请求网络地址后,更新的地理位置为:101280601
06-04 18:27:05.081 I/ActivityManager(15731): reportOnUserCompletedEvent(0): stored=10, eligible=111
06-04 18:27:05.081 D/SystemServerTimingAsync(15731): ssm.CompletedEventUser-0
06-04 18:27:05.081 I/SystemServiceManager(15731): Calling onCompletedEventUser 0
06-04 18:27:05.082 D/SystemServerTimingAsync(15731): ssm.onCompletedEventUser-0_{|Unlocked|}_com.android.server.pm.Installer
06-04 18:27:05.082 D/SystemServerTimingAsync(15731): ssm.onCompletedEventUser-0_{|Unlocked|}_com.android.server.flags.FeatureFlagsService
06-04 18:27:05.082 D/SystemServerTimingAsync(15731): ssm.onCompletedEventUser-0_{|Unlocked|}_com.android.server.uri.UriGrantsManagerService$Lifecycle
06-04 18:27:05.083 D/SystemServerTimingAsync(15731): ssm.onCompletedEventUser-0_{|Unlocked|}_com.android.server.os.DeviceIdentifiersPolicyService
06-04 18:27:05.083 D/SystemServerTimingAsync(15731): ssm.onCompletedEventUser-0_{|Unlocked|}_com.android.server.powerstats.PowerStatsService
06-04 18:27:05.083 D/SystemServerTimingAsync(15731): ssm.onCompletedEventUser-0_{|Unlocked|}_com.android.server.permission.access.AccessCheckingService
06-04 18:27:05.083 D/SystemServerTimingAsync(15731): ssm.onCompletedEventUser-0_{|Unlocked|}_com.android.server.wm.ActivityTaskManagerService$Lifecycle
06-04 18:27:05.083 D/SystemServerTimingAsync(15731): ssm.onCompletedEventUser-0_{|Unlocked|}_com.android.server.am.ActivityManagerService$Lifecycle
06-04 18:27:05.083 D/SystemServerTimingAsync(15731): ssm.onCompletedEventUser-0_{|Unlocked|}_com.android.server.power.PowerManagerService
06-04 18:27:05.083 D/SystemServerTimingAsync(15731): ssm.onCompletedEventUser-0_{|Unlocked|}_com.android.server.pm.DataLoaderManagerService
06-04 18:27:05.083 D/SystemServerTimingAsync(15731): ssm.onCompletedEventUser-0_{|Unlocked|}_com.android.server.power.hint.HintManagerService
06-04 18:27:05.083 D/SystemServerTimingAsync(15731): ssm.onCompletedEventUser-0_{|Unlocked|}_com.android.server.recoverysystem.RecoverySystemService$Lifecycle
06-04 18:27:05.083 D/SystemServerTimingAsync(15731): ssm.onCompletedEventUser-0_{|Unlocked|}_com.android.server.lights.LightsService
06-04 18:27:05.083 D/SystemServerTimingAsync(15731): ssm.onCompletedEventUser-0_{|Unlocked|}_com.android.server.display.DisplayManagerService
06-04 18:27:05.083 D/SystemServerTimingAsync(15731): ssm.onCompletedEventUser-0_{|Unlocked|}_com.android.server.pm.verify.domain.DomainVerificationService
06-04 18:27:05.083 D/SystemServerTimingAsync(15731): ssm.onCompletedEventUser-0_{|Unlocked|}_com.android.server.pm.PackageInstallerService$Lifecycle
06-04 18:27:05.083 D/SystemServerTimingAsync(15731): ssm.onCompletedEventUser-0_{|Unlocked|}_com.android.server.pm.UserManagerService$LifeCycle
06-04 18:27:05.083 D/SystemServerTimingAsync(15731): ssm.onCompletedEventUser-0_{|Unlocked|}_com.android.server.om.OverlayManagerService
06-04 18:27:05.083 D/SystemServerTimingAsync(15731): ssm.onCompletedEventUser-0_{|Unlocked|}_com.android.server.resources.ResourcesManagerService
06-04 18:27:05.083 D/SystemServerTimingAsync(15731): ssm.onCompletedEventUser-0_{|Unlocked|}_com.android.server.sensorprivacy.SensorPrivacyService
06-04 18:27:05.083 D/SystemServerTimingAsync(15731): ssm.onCompletedEventUser-0_{|Unlocked|}_com.android.server.power.ThermalManagerService
06-04 18:27:05.083 E/hq (16421): ErrorCoroutineExceptionHandler:::runTry error:com.dangbei.leard.base.proider.error.EmptyApiException: 数据为空 from=requestMessageDialog from=requestMessageDialog
06-04 18:27:05.087 D/SystemServerTimingAsync(15731): ssm.onCompletedEventUser-0_{|Unlocked|}_com.android.server.sensors.SensorService
06-04 18:27:05.087 D/SystemServerTimingAsync(15731): ssm.onCompletedEventUser-0_{|Unlocked|}_com.android.server.SystemConfigService
06-04 18:27:05.087 D/SystemServerTimingAsync(15731): ssm.onCompletedEventUser-0_{|Unlocked|}_com.android.server.BatteryService
06-04 18:27:05.087 D/SystemServerTimingAsync(15731): ssm.onCompletedEventUser-0_{|Unlocked|}_com.android.server.usage.UsageStatsService
06-04 18:27:05.087 D/SystemServerTimingAsync(15731): ssm.onCompletedEventUser-0_{|Unlocked|}_com.android.server.webkit.WebViewUpdateService
06-04 18:27:05.087 D/SystemServerTimingAsync(15731): ssm.onCompletedEventUser-0_{|Unlocked|}_com.android.server.CachedDeviceStateService
06-04 18:27:05.087 D/SystemServerTimingAsync(15731): ssm.onCompletedEventUser-0_{|Unlocked|}_com.android.server.BinderCallsStatsService$LifeCycle
06-04 18:27:05.087 D/SystemServerTimingAsync(15731): ssm.onCompletedEventUser-0_{|Unlocked|}_com.android.server.LooperStatsService$Lifecycle
06-04 18:27:05.087 D/SystemServerTimingAsync(15731): ssm.onCompletedEventUser-0_{|Unlocked|}_com.android.server.rollback.RollbackManagerService
06-04 18:27:05.087 D/SystemServerTimingAsync(15731): ssm.onCompletedEventUser-0_{|Unlocked|}_com.android.server.os.NativeTombstoneManagerService
06-04 18:27:05.087 D/SystemServerTimingAsync(15731): ssm.onCompletedEventUser-0_{|Unlocked|}_com.android.server.os.BugreportManagerService
06-04 18:27:05.087 D/SystemServerTimingAsync(15731): ssm.onCompletedEventUser-0_{|Unlocked|}_com.android.server.gpu.GpuService
06-04 18:27:05.087 D/SystemServerTimingAsync(15731): ssm.onCompletedEventUser-0_{|Unlocked|}_com.android.server.security.rkp.RemoteProvisioningService
06-04 18:27:05.087 D/SystemServerTimingAsync(15731): ssm.onCompletedEventUser-0_{|Unlocked|}_com.android.server.security.KeyChainSystemService
06-04 18:27:05.087 D/SystemServerTimingAsync(15731): ssm.onCompletedEventUser-0_{|Unlocked|}_com.android.server.BinaryTransparencyService
06-04 18:27:05.087 D/SystemServerTimingAsync(15731): ssm.onCompletedEventUser-0_{|Unlocked|}_com.android.server.accounts.AccountManagerService$Lifecycle
06-04 18:27:05.087 D/SystemServerTimingAsync(15731): ssm.onCompletedEventUser-0_{|Unlocked|}_com.android.server.content.ContentService$Lifecycle
06-04 18:27:05.087 D/SystemServerTimingAsync(15731): ssm.onCompletedEventUser-0_{|Unlocked|}_com.android.server.deviceconfig.DeviceConfigInit$Lifecycle
06-04 18:27:05.087 D/SystemServerTimingAsync(15731): ssm.onCompletedEventUser-0_{|Unlocked|}_com.android.server.DropBoxManagerService
06-04 18:27:05.087 D/SystemServerTimingAsync(15731): ssm.onCompletedEventUser-0_{|Unlocked|}_com.android.role.RoleService
06-04 18:27:05.087 D/SystemServerTimingAsync(15731): ssm.onCompletedEventUser-0_{|Unlocked|}_com.android.server.vibrator.VibratorManagerService$Lifecycle
06-04 18:27:05.088 D/SystemServerTimingAsync(15731): ssm.onCompletedEventUser-0_{|Unlocked|}_com.android.server.tare.InternalResourceService
06-04 18:27:05.088 D/SystemServerTimingAsync(15731): ssm.onCompletedEventUser-0_{|Unlocked|}_com.android.server.alarm.AlarmManagerService
06-04 18:27:05.088 D/SystemServerTimingAsync(15731): ssm.onCompletedEventUser-0_{|Unlocked|}_com.android.server.devicestate.DeviceStateManagerService
06-04 18:27:05.088 D/SystemServerTimingAsync(15731): ssm.onCompletedEventUser-0_{|Unlocked|}_com.android.server.camera.CameraServiceProxy
06-04 18:27:05.088 D/SystemServerTimingAsync(15731): ssm.onCompletedEventUser-0_{|Unlocked|}_com.android.server.bluetooth.BluetoothService
06-04 18:27:05.088 D/SystemServerTimingAsync(15731): ssm.onCompletedEventUser-0_{|Unlocked|}_com.android.server.connectivity.IpConnectivityMetrics
06-04 18:27:05.088 D/SystemServerTimingAsync(15731): ssm.onCompletedEventUser-0_{|Unlocked|}_com.android.server.security.FileIntegrityService
06-04 18:27:05.088 D/SystemServerTimingAsync(15731): ssm.onCompletedEventUser-0_{|Unlocked|}_com.android.server.PinnerService
06-04 18:27:05.088 D/SystemServerTimingAsync(15731): ssm.onCompletedEventUser-0_{|Unlocked|}_com.android.server.net.watchlist.NetworkWatchlistService$Lifecycle
06-04 18:27:05.088 D/SystemServerTimingAsync(15731): ssm.onCompletedEventUser-0_{|Unlocked|}_com.android.server.logcat.LogcatManagerService
06-04 18:27:05.088 D/SystemServerTimingAsync(15731): ssm.onCompletedEventUser-0_{|Unlocked|}_com.android.server.inputmethod.InputMethodManagerService$Lifecycle
06-04 18:27:05.088 D/SystemServerTimingAsync(15731): ssm.onCompletedEventUser-0_{|Unlocked|}_com.android.server.accessibility.AccessibilityManagerService$Lifecycle
06-04 18:27:05.088 D/SystemServerTimingAsync(15731): ssm.onCompletedEventUser-0_{|Unlocked|}_com.android.server.StorageManagerService$Lifecycle
06-04 18:27:05.088 D/SystemServerTimingAsync(15731): ssm.onCompletedEventUser-0_{|Unlocked|}_com.android.server.usage.StorageStatsService$Lifecycle
06-04 18:27:05.088 D/SystemServerTimingAsync(15731): ssm.onCompletedEventUser-0_{|Unlocked|}_com.android.server.UiModeManagerService
06-04 18:27:05.088 D/SystemServerTimingAsync(15731): ssm.onCompletedEventUser-0_{|Unlocked|}_com.android.server.locales.LocaleManagerService
06-04 18:27:05.088 D/SystemServerTimingAsync(15731): ssm.onCompletedEventUser-0_{|Unlocked|}_com.android.server.grammaticalinflection.GrammaticalInflectionService
06-04 18:27:05.088 D/SystemServerTimingAsync(15731): ssm.onCompletedEventUser-0_{|Unlocked|}_com.android.server.apphibernation.AppHibernationService
06-04 18:27:05.088 D/SystemServerTimingAsync(15731): ssm.onCompletedEventUser-0_{|Unlocked|}_com.android.server.locksettings.LockSettingsService$Lifecycle
06-04 18:27:05.088 D/SystemServerTimingAsync(15731): ssm.onCompletedEventUser-0_{|Unlocked|}_com.android.server.PersistentDataBlockService
06-04 18:27:05.088 D/SystemServerTimingAsync(15731): ssm.onCompletedEventUser-0_{|Unlocked|}_com.android.server.oemlock.OemLockService
06-04 18:27:05.088 D/SystemServerTimingAsync(15731): ssm.onCompletedEventUser-0_{|Unlocked|}_com.android.server.DeviceIdleController
06-04 18:27:05.088 D/SystemServerTimingAsync(15731): ssm.onCompletedEventUser-0_{|Unlocked|}_com.android.server.devicepolicy.DevicePolicyManagerService$Lifecycle
06-04 18:27:05.088 D/SystemServerTimingAsync(15731): ssm.onCompletedEventUser-0_{|Unlocked|}_com.android.server.texttospeech.TextToSpeechManagerService
06-04 18:27:05.088 D/SystemServerTimingAsync(15731): ssm.onCompletedEventUser-0_{|Unlocked|}_com.android.server.testharness.TestHarnessModeService
06-04 18:27:05.088 D/SystemServerTimingAsync(15731): ssm.onCompletedEventUser-0_{|Unlocked|}_com.android.server.ambientcontext.AmbientContextManagerService
06-04 18:27:05.088 D/SystemServerTimingAsync(15731): ssm.onCompletedEventUser-0_{|Unlocked|}_com.android.server.wearable.WearableSensingManagerService
06-04 18:27:05.088 D/SystemServerTimingAsync(15731): ssm.onCompletedEventUser-0_{|Unlocked|}_com.android.server.integrity.AppIntegrityManagerService
06-04 18:27:05.088 D/SystemServerTimingAsync(15731): ssm.onCompletedEventUser-0_{|Unlocked|}_com.android.server.speech.SpeechRecognitionManagerService
06-04 18:27:05.088 D/SystemServerTimingAsync(15731): ssm.onCompletedEventUser-0_{|Unlocked|}_com.android.server.smartspace.SmartspaceManagerService
06-04 18:27:05.088 D/SystemServerTimingAsync(15731): ssm.onCompletedEventUser-0_{|Unlocked|}_com.android.server.graphics.fonts.FontManagerService$Lifecycle
06-04 18:27:05.088 D/SystemServerTimingAsync(15731): ssm.onCompletedEventUser-0_{|Unlocked|}_com.android.server.textservices.TextServicesManagerService$Lifecycle
06-04 18:27:05.088 D/SystemServerTimingAsync(15731): ssm.onCompletedEventUser-0_{|Unlocked|}_com.android.server.searchui.SearchUiManagerService
06-04 18:27:05.088 D/SystemServerTimingAsync(15731): ssm.onCompletedEventUser-0_{|Unlocked|}_com.android.server.NetworkScoreService$Lifecycle
06-04 18:27:05.088 D/SystemServerTimingAsync(15731): ssm.onCompletedEventUser-0_{|Unlocked|}_com.android.server.textclassifier.TextClassificationManagerService$Lifecycle
06-04 18:27:05.088 D/SystemServerTimingAsync(15731): ssm.onCompletedEventUser-0_{|Unlocked|}_com.android.server.wifi.scanner.WifiScanningService
06-04 18:27:05.088 D/SystemServerTimingAsync(15731): ssm.onCompletedEventUser-0_{|Unlocked|}_com.android.server.wifi.WifiService
06-04 18:27:05.088 D/SystemServerTimingAsync(15731): ssm.onCompletedEventUser-0_{|Unlocked|}_com.android.server.wifi.p2p.WifiP2pService
06-04 18:27:05.088 D/SystemServerTimingAsync(15731): ssm.onCompletedEventUser-0_{|Unlocked|}_com.android.server.ConnectivityServiceInitializer
06-04 18:27:05.088 D/SystemServerTimingAsync(15731): ssm.onCompletedEventUser-0_{|Unlocked|}_com.android.server.notification.NotificationManagerService
06-04 18:27:05.088 D/SystemServerTimingAsync(15731): ssm.onCompletedEventUser-0_{|Unlocked|}_com.android.server.storage.DeviceStorageMonitorService
06-04 18:27:05.088 D/SystemServerTimingAsync(15731): ssm.onCompletedEventUser-0_{|Unlocked|}_com.android.server.NetworkStatsServiceInitializer
06-04 18:27:05.088 D/SystemServerTimingAsync(15731): ssm.onCompletedEventUser-0_{|Unlocked|}_com.android.server.timedetector.TimeDetectorService$Lifecycle
06-04 18:27:05.088 D/SystemServerTimingAsync(15731): ssm.onCompletedEventUser-0_{|Unlocked|}_com.android.server.location.LocationManagerService$Lifecycle
06-04 18:27:05.088 D/SystemServerTimingAsync(15731): ssm.onCompletedEventUser-0_{|Unlocked|}_com.android.server.location.altitude.AltitudeService$Lifecycle
06-04 18:27:05.088 D/SystemServerTimingAsync(15731): ssm.onCompletedEventUser-0_{|Unlocked|}_com.android.server.timezonedetector.TimeZoneDetectorService$Lifecycle
06-04 18:27:05.089 D/SystemServerTimingAsync(15731): ssm.onCompletedEventUser-0_{|Unlocked|}_com.android.server.timezonedetector.location.LocationTimeZoneManagerService$Lifecycle
06-04 18:27:05.089 D/SystemServerTimingAsync(15731): ssm.onCompletedEventUser-0_{|Unlocked|}_com.android.server.search.SearchManagerService$Lifecycle
06-04 18:27:05.089 D/SystemServerTimingAsync(15731): ssm.onCompletedEventUser-0_{|Unlocked|}_com.android.server.wallpaper.WallpaperManagerService$Lifecycle
06-04 18:27:05.089 D/SystemServerTimingAsync(15731): ssm.onCompletedEventUser-0_{|Unlocked|}_com.android.server.wallpapereffectsgeneration.WallpaperEffectsGenerationManagerService
06-04 18:27:05.089 D/SystemServerTimingAsync(15731): ssm.onCompletedEventUser-0_{|Unlocked|}_com.android.server.soundtrigger_middleware.SoundTriggerMiddlewareService$Lifecycle
06-04 18:27:05.089 D/SystemServerTimingAsync(15731): ssm.onCompletedEventUser-0_{|Unlocked|}_com.android.server.adb.AdbService$Lifecycle
06-04 18:27:05.089 D/SystemServerTimingAsync(15731): ssm.onCompletedEventUser-0_{|Unlocked|}_com.android.server.usb.UsbService$Lifecycle
06-04 18:27:05.089 D/SystemServerTimingAsync(15731): ssm.onCompletedEventUser-0_{|Unlocked|}_com.android.server.audio.AudioService$Lifecycle
06-04 18:27:05.089 D/SystemServerTimingAsync(15731): ssm.onCompletedEventUser-0_{|Unlocked|}_com.android.server.job.JobSchedulerService
06-04 18:27:05.089 D/SystemServerTimingAsync(15731): ssm.onCompletedEventUser-0_{|Unlocked|}_com.android.server.display.color.ColorDisplayService
06-04 18:27:05.089 D/SystemServerTimingAsync(15731): ssm.onCompletedEventUser-0_{|Unlocked|}_com.android.server.soundtrigger.SoundTriggerService
06-04 18:27:05.089 D/SystemServerTimingAsync(15731): ssm.onCompletedEventUser-0_{|Unlocked|}_com.android.server.trust.TrustManagerService
06-04 18:27:05.089 D/SystemServerTimingAsync(15731): ssm.onCompletedEventUser-0_{|Unlocked|}_com.android.server.backup.BackupManagerService$Lifecycle
06-04 18:27:05.089 D/SystemServerTimingAsync(15731): ssm.onCompletedEventUser-0_{|Unlocked|}_com.android.server.appwidget.AppWidgetService
06-04 18:27:05.089 D/SystemServerTimingAsync(15731): ssm.onCompletedEventUser-0_{|Unlocked|}_com.android.server.twilight.TwilightService
06-04 18:27:05.089 D/SystemServerTimingAsync(15731): ssm.onCompletedEventUser-0_{|Unlocked|}_com.android.server.voiceinteraction.VoiceInteractionManagerService
06-04 18:27:05.089 D/SystemServerTimingAsync(15731): ssm.onCompletedEventUser-0_{|Unlocked|}_com.android.server.GestureLauncherService
06-04 18:27:05.089 D/SystemServerTimingAsync(15731): ssm.onCompletedEventUser-0_{|Unlocked|}_com.android.server.SensorNotificationService
06-04 18:27:05.089 D/SystemServerTimingAsync(15731): ssm.onCompletedEventUser-0_{|Unlocked|}_com.android.server.emergency.EmergencyAffordanceService
06-04 18:27:05.089 D/SystemServerTimingAsync(15731): ssm.onCompletedEventUser-0_{|Unlocked|}_com.android.server.blob.BlobStoreManagerService
