06-04 18:27:01.540 W/System.err(16421): at libcore.io.Linux.android_getaddrinfo(Native Method)
06-04 18:27:01.540 W/System.err(16421): at libcore.io.ForwardingOs.android_getaddrinfo(ForwardingOs.java:133)
06-04 18:27:01.540 W/System.err(16421): at libcore.io.BlockGuardOs.android_getaddrinfo(BlockGuardOs.java:222)
06-04 18:27:01.540 W/System.err(16421): at libcore.io.ForwardingOs.android_getaddrinfo(ForwardingOs.java:133)
06-04 18:27:01.540 W/System.err(16421): at java.net.Inet6AddressImpl.lookupHostByName(Inet6AddressImpl.java:135)
06-04 18:27:01.540 W/System.err(16421): ... 25 more
06-04 18:27:01.541 D/View (16421):
06-04 18:27:01.547 D/View (16421):
06-04 18:27:01.547 D/View (16421):
06-04 18:27:01.548 I/ImeTracker(15731): com.dangbei.leard.leradlauncher:bffc637a: onRequestHide at ORIGIN_SERVER_HIDE_INPUT reason HIDE_UNSPECIFIED_WINDOW
06-04 18:27:01.548 I/ImeTracker(15731): com.dangbei.leard.leradlauncher:bffc637a: onCancelled at PHASE_SERVER_SHOULD_HIDE
06-04 18:27:01.549 D/CompatibilityChangeReporter(16421): Compat change id reported: 263076149; UID 1000; state: DISABLED
06-04 18:27:01.552 D/CompatibilityChangeReporter(16403): Compat change id reported: 247079863; UID 10058; state: ENABLED
06-04 18:27:01.554 I/vold ( 246): fuse-bpf is enabled because of property ro.fuse.bpf.is_running
06-04 18:27:01.554 I/vold ( 246): Configuring read_ahead of /mnt/user/0/emulated fuse filesystem to 256kb
06-04 18:27:01.554 I/vold ( 246): Writing 256 to /sys/class/bdi/0:60/read_ahead_kb
06-04 18:27:01.554 I/vold ( 246): Configuring max_ratio of /mnt/user/0/emulated fuse filesystem to 40
06-04 18:27:01.554 I/vold ( 246): Writing 40 to /sys/class/bdi/0:60/max_ratio
06-04 18:27:01.555 D/View (16421):
06-04 18:27:01.556 D/View (16421):
06-04 18:27:01.555 I/StorageManagerService(15731): Mounted volume VolumeInfo{emulated;0}:
06-04 18:27:01.555 I/StorageManagerService(15731): type=EMULATED diskId=null partGuid= mountFlags=PRIMARY|VISIBLE_FOR_WRITE
06-04 18:27:01.555 I/StorageManagerService(15731): mountUserId=0 state=CHECKING
06-04 18:27:01.555 I/StorageManagerService(15731): fsType=null fsUuid=null fsLabel=null
06-04 18:27:01.555 I/StorageManagerService(15731): path=/storage/emulated internalPath=/data/media
06-04 18:27:01.557 D/View (16421):
06-04 18:27:01.559 E/H264FrameQueue(16587): H264FrameQueue: mFullQueueCount:200
06-04 18:27:01.563 I/StorageSessionController(15731): Notifying volume state changed for session with id: emulated;0
06-04 18:27:01.564 I/ActivityTaskManager(15731): Displayed com.dangbei.leard.leradlauncher/com.dangbei.launcher.home.LauncherActivity for user 0: +1s392ms
06-04 18:27:01.566 V/WindowManager(15731): Sent Transition #1 createdAt=06-04 18:27:00.089 via request=TransitionRequestInfo { type = 2, triggerTask = TaskInfo{userId=0 taskId=3 displayId=0 isRunning=false baseIntent=Intent { act=android.intent.action.MAIN cat=[android.intent.category.HOME] flg=0x10800100 cmp=com.android.tv.settings/.system.FallbackHome } baseActivity=null topActivity=null origActivity=null realActivity=ComponentInfo{com.android.tv.settings/com.android.tv.settings.system.FallbackHome} numActivities=0 lastActiveTime=7597544 supportsMultiWindow=true resizeMode=0 isResizeable=false minWidth=-1 minHeight=-1 defaultMinSize=220 token=WCT{RemoteToken{5b31497 Task{e6a9ed6 #3 type=home A=1000:com.android.tv.settings}}} topActivityType=2 pictureInPictureParams=null shouldDockBigOverlays=false launchIntoPipHostTaskId=-1 lastParentTaskIdBeforePip=-1 displayCutoutSafeInsets=null topActivityInfo=null launchCookies=[] positionInParent=Point(0, 0) parentTaskId=-1 isFocused=true isVisible=true isVisibleRequested=true isSleeping=false topActivityInSizeCompat=false topActivityEligibleForLetterboxEducation= false isLetterboxDoubleTapEnabled= false topActivityEligibleForUserAspectRatioButton= false topActivityBoundsLetterboxed= false isFromLetterboxDoubleTap= false topActivityLetterboxVerticalPosition= -1 topActivityLetterboxHorizontalPosition= -1 topActivityLetterboxWidth=-1 topActivityLetterboxHeight=-1 isUserFullscreenOverrideEnabled=false isTopActivityTransparent=false locusId=null displayAreaFeatureId=1 cameraCompatControlState=hidden}, remoteTransition = null, displayChange = null, flags = 0 }
06-04 18:27:01.566 I/DefaultIMS(16304): onStartInput attribute=android.view.inputmethod.EditorInfo@6967c62 restarting=false inputType: 0
06-04 18:27:01.566 V/WindowManager(15731): startWCT=WindowContainerTransaction { changes = {} hops = [] errorCallbackToken=null taskFragmentOrganizer=null }
06-04 18:27:01.566 V/WindowManager(15731): info={id=1 t=CLOSE f=0x0 trk=0 r=[0@Point(0, 0)] c=[{WCT{RemoteToken{14ff684 Task{64c2246 #53 type=home A=1000:com.dangbei.leard.leradlauncher}}} m=OPEN f=MOVE_TO_TOP leash=Surface(name=Task=53)/@0xb3a7d89 sb=Rect(0, 0 - 1920, 1080) eb=Rect(0, 0 - 1920, 1080) d=0},{WCT{RemoteToken{5b31497 Task{e6a9ed6 #3 type=home A=1000:com.android.tv.settings}}} m=CLOSE f=SHOW_WALLPAPER leash=Surface(name=Task=3)/@0x1c8f090 sb=Rect(0, 0 - 1920, 1080) eb=Rect(0, 0 - 1920, 1080) d=0}]}
06-04 18:27:01.583 W/System.err(16587): java.lang.NullPointerException: Attempt to invoke virtual method 'byte[] java.net.NetworkInterface.getHardwareAddress()' on a null object reference
06-04 18:27:01.583 W/System.err(16587): at b.f.f.y.g.b(Unknown Source:11)
06-04 18:27:01.583 W/System.err(16587): at b.d.a.a.p.c0(Unknown Source:2)
06-04 18:27:01.583 W/System.err(16587): at com.dangbei.screencast.startup.StartupService.onCreate(:5)
06-04 18:27:01.583 W/System.err(16587): at android.app.ActivityThread.handleCreateService(ActivityThread.java:4696)
06-04 18:27:01.583 W/System.err(16587): at android.app.ActivityThread.-$$Nest$mhandleCreateService(Unknown Source:0)
06-04 18:27:01.583 W/System.err(16587): at android.app.ActivityThread$H.handleMessage(ActivityThread.java:2293)
06-04 18:27:01.583 W/System.err(16587): at android.os.Handler.dispatchMessage(Handler.java:106)
06-04 18:27:01.583 W/System.err(16587): at android.os.Looper.loopOnce(Looper.java:205)
06-04 18:27:01.583 W/System.err(16587): at android.os.Looper.loop(Looper.java:294)
06-04 18:27:01.583 W/System.err(16587): at android.app.ActivityThread.main(ActivityThread.java:8255)
06-04 18:27:01.583 W/System.err(16587): at java.lang.reflect.Method.invoke(Native Method)
06-04 18:27:01.583 W/System.err(16587): at com.android.internal.os.RuntimeInit$MethodAndArgsCaller.run(RuntimeInit.java:552)
06-04 18:27:01.583 W/System.err(16587): at com.android.internal.os.ZygoteInit.main(ZygoteInit.java:978)
06-04 18:27:01.585 I/ImeTracker(15731): com.dangbei.leard.leradlauncher:aa5af00c: onRequestHide at ORIGIN_SERVER_HIDE_INPUT reason HIDE_SAME_WINDOW_FOCUSED_WITHOUT_EDITOR
06-04 18:27:01.586 I/ImeTracker(15731): com.dangbei.leard.leradlauncher:aa5af00c: onCancelled at PHASE_SERVER_SHOULD_HIDE
06-04 18:27:01.588 I/DefaultIMS(16304): onStartInput attribute=android.view.inputmethod.EditorInfo@dc501f3 restarting=false inputType: 0
06-04 18:27:01.603 V/MediaStore(16403): Examining volume emulated;0 with name external_primary and state mounted
06-04 18:27:01.608 I/system_server(15731): Background young concurrent copying GC freed 187856(9251KB) AllocSpace objects, 25(884KB) LOS objects, 39% free, 14MB/23MB, paused 226us,375us total 358.327ms
06-04 18:27:01.630 D/View (16421):
06-04 18:27:01.630 D/View (16421):
06-04 18:27:01.631 D/View (16421):
06-04 18:27:01.631 D/View (16421):
06-04 18:27:01.632 D/View (16421):
06-04 18:27:01.632 D/View (16421):
06-04 18:27:01.633 D/View (16421):
06-04 18:27:01.633 D/View (16421):
06-04 18:27:01.634 D/View (16421):
06-04 18:27:01.641 E/HuaweiCastService(16587): onCreate called().
06-04 18:27:01.646 E/PlayerClient(16587): registerCallback com.dangbei.screencast.huaweicast.service.HuaweiCastService$a@a798fef
06-04 18:27:01.646 D/PlayerClient(16587): registerCallback true
06-04 18:27:01.646 D/PlayerClient(16587): init.
06-04 18:27:01.647 W/KIT_FWK_a(16587): KitFwk is not installed, pls do not use related interfaces.
06-04 18:27:01.648 W/KIT_FWK_a(16587): KitFwk is not installed, pls do not use related interfaces.
06-04 18:27:01.648 E/PlayerClient(16587): bind player service by aar.
06-04 18:27:01.650 V/GraphicsEnvironment(16734): Currently set values for:
06-04 18:27:01.651 V/GraphicsEnvironment(16734): angle_gl_driver_selection_pkgs=[]
06-04 18:27:01.651 V/GraphicsEnvironment(16734): angle_gl_driver_selection_values=[]
06-04 18:27:01.652 V/GraphicsEnvironment(16734): ANGLE GameManagerService for com.droidlogic.mictoggle: false
06-04 18:27:01.652 V/GraphicsEnvironment(16734): com.droidlogic.mictoggle is not listed in per-application setting
06-04 18:27:01.652 V/GraphicsEnvironment(16734): Neither updatable production driver nor prerelease driver is supported.
06-04 18:27:01.658 E/StartupService(16587): onFailure: java.net.UnknownHostException: Unable to resolve host "tyapi.qun7.com": No address associated with hostname
06-04 18:27:01.665 I/WifiService(15731): acquireMulticastLock uid=10043
06-04 18:27:01.666 I/WifiService(15731): acquireMulticastLock uid=10043
06-04 18:27:01.673 D/View (16421):
06-04 18:27:01.674 D/View (16421):
06-04 18:27:01.674 D/View (16421):
06-04 18:27:01.675 D/View (16421):
06-04 18:27:01.675 D/View (16421):
06-04 18:27:01.676 D/View (16421):
06-04 18:27:01.676 D/View (16421):
06-04 18:27:01.680 W/WindowOnBackDispatcher(16216): sendCancelIfRunning: isInProgress=falsecallback=android.view.ViewRootImpl$$ExternalSyntheticLambda17@86c0eb0
06-04 18:27:01.684 D/CoreBackPreview(15731): Window{b1b437e u0 com.android.tv.settings/com.android.tv.settings.system.FallbackHome}: Setting back callback null
06-04 18:27:01.684 D/CompatibilityChangeReporter(15731): Compat change id reported: 261072174; UID 10043; state: DISABLED
06-04 18:27:01.687 I/android_os_HwBinder(16734): HwBinder: Starting thread pool for getting: vendor.amlogic.hardware.systemcontrol@1.1::ISystemControl/default
06-04 18:27:01.688 W/InputManager-JNI(15731): Input channel object 'b1b437e com.android.tv.settings/com.android.tv.settings.system.FallbackHome (client)' was disposed without first being removed with the input manager!
06-04 18:27:01.694 D/View (16421):
06-04 18:27:01.696 D/AssistantMicMuteProvider(16734): getMicToggleState:[0]: name = bluetooth status = 1 [1]: name = mute status = 1
06-04 18:27:01.696 D/AssistantMicMuteProvider(16734): mic_state:1
06-04 18:27:01.696 D/PlayerClient(16587): bind player sink service true
06-04 18:27:01.698 D/View (16421):
06-04 18:27:01.698 D/View (16421):
06-04 18:27:01.699 D/View (16421):
06-04 18:27:01.700 D/View (16421):
06-04 18:27:01.700 D/View (16421):
06-04 18:27:01.700 D/View (16421):
06-04 18:27:01.701 D/View (16421):
06-04 18:27:01.701 D/View (16421):
06-04 18:27:01.702 D/View (16421):
06-04 18:27:01.702 D/View (16421):
06-04 18:27:01.703 D/View (16421):
06-04 18:27:01.703 D/View (16421):
06-04 18:27:01.704 D/View (16421):
06-04 18:27:01.704 D/View (16421):
06-04 18:27:01.704 D/View (16421):
06-04 18:27:01.705 D/View (16421):
06-04 18:27:01.705 D/View (16421):
06-04 18:27:01.710 W/ActivityManager(15731): Foreground service started from background can not have location/camera/microphone access: service com.dangbei.screencast/.huaweicast.service.HuaweiCastService
06-04 18:27:01.711 D/View (16421):
06-04 18:27:01.712 W/ForegroundServiceTypeLoggerModule(15731): Foreground service start for UID: 10043 does not have any types
06-04 18:27:01.712 D/View (16421):
06-04 18:27:01.713 D/View (16421):
06-04 18:27:01.713 D/View (16421):
06-04 18:27:01.714 E/HuaweiCastService(16587): startForeground!
06-04 18:27:01.714 I/StorageSessionController(15731): Notifying volume state changed for session with id: emulated;0
06-04 18:27:01.715 D/View (16421):
06-04 18:27:01.715 I/ExternalStorageServiceImpl(16403): Ignoring volume state for vol:external_primary. State: checking
06-04 18:27:01.717 E/HuaweiCastService(16587): onStartCommand in 0
06-04 18:27:01.718 V/MediaStore(16403): Examining volume emulated;0 with name external_primary and state mounted
06-04 18:27:01.719 D/HiSight-SinkService(16587): onCreate.
06-04 18:27:01.730 W/ContextImpl(16734): Calling a method in the system process without a qualified user: android.app.ContextImpl.startService:1899 android.content.ContextWrapper.startService:825 android.content.ContextWrapper.startService:825 com.droidlogic.mictoggle.AssistantMicMuteReceiver.onReceive:48 android.app.ActivityThread.handleReceiver:4494
06-04 18:27:01.734 I/StorageSessionController(15731): Notifying volume state changed for session with id: emulated;0
06-04 18:27:01.738 D/View (16421):
06-04 18:27:01.738 D/View (16421):
06-04 18:27:01.739 D/View (16421):
06-04 18:27:01.740 D/HiSight-ConnectionManager(16587): start ConnectionManager
06-04 18:27:01.746 D/HiSight-SinkService(16587): onBind.
06-04 18:27:01.748 D/CompatibilityChangeReporter(16403): Compat change id reported: 194532703; UID 10058; state: ENABLED
06-04 18:27:01.748 D/CompatibilityChangeReporter(16403): Compat change id reported: 253665015; UID 10058; state: ENABLED
06-04 18:27:01.748 D/PlayerClient(16587): service connected.
06-04 18:27:01.748 I/libusbconfigfs( 492): monitorFfs signalled error
06-04 18:27:01.748 D/HiSight-SinkService(16587): ITaskBinder registerCallback: true
06-04 18:27:01.748 D/HiSight-HiSightManager(16587): ITaskBinder registerCallback.
06-04 18:27:01.748 D/HiSight-CallbackManager(16587): addNewCallback. com.dangbei.screencast.huaweicast.service.HuaweiCastService$a@a798fef
06-04 18:27:01.748 I/usb.gadget.aidl-service.droidlogic( 492): unvote accessory limit current failed
06-04 18:27:01.748 I/usb.gadget.aidl-service.droidlogic( 492): Usb Gadget setcurrent functions called successfully
06-04 18:27:01.749 E/HuaweiCastService(16587): eventId: 4001
06-04 18:27:01.749 E/UsbDeviceManager(15731): Usb setCurrentUsbFunctionsCb failed ,functions:4 ,status:1 ,transactionId:6
06-04 18:27:01.749 I/UsbDeviceManager(15731): notifyCurrentFunction request:1 status:1
06-04 18:27:01.749 D/HiSight-HiSightManager(16587): check capability vbr range not setting, using default value
06-04 18:27:01.749 E/HuaweiCastService(16587): mPlayerClient is null.
06-04 18:27:01.749 D/HiSight-SinkService(16587): setAuthMode
06-04 18:27:01.749 W/HiSight-ConnectionManager(16587): mSinkId is empty
06-04 18:27:01.750 D/CompatibilityChangeReporter(15731): Compat change id reported: 253665015; UID 10058; state: ENABLED
06-04 18:27:01.750 D/CompatibilityChangeReporter(15731): Compat change id reported: 194532703; UID 10058; state: ENABLED
06-04 18:27:01.751 E/HuaweiCastService(16587): mPlayerClient is null.
06-04 18:27:01.758 D/View (16421):
06-04 18:27:01.759 D/View (16421):
06-04 18:27:01.759 D/View (16421):
06-04 18:27:01.760 D/View (16421):
06-04 18:27:01.761 D/View (16421):
06-04 18:27:01.761 D/View (16421):
06-04 18:27:01.762 D/View (16421):
06-04 18:27:01.762 D/View (16421):
06-04 18:27:01.762 D/View (16421):
06-04 18:27:01.763 D/View (16421):
06-04 18:27:01.763 D/View (16421):
06-04 18:27:01.764 D/View (16421):
06-04 18:27:01.767 D/View (16421):
06-04 18:27:01.767 D/View (16421):
06-04 18:27:01.768 D/View (16421):
06-04 18:27:01.768 D/View (16421):
06-04 18:27:01.769 D/View (16421):
06-04 18:27:01.769 D/View (16421):
06-04 18:27:01.770 D/View (16421):
06-04 18:27:01.770 D/View (16421):
06-04 18:27:01.771 D/View (16421):
06-04 18:27:01.771 W/ContextImpl(16216): Calling a method in the system process without a qualified user: android.app.ContextImpl.startForegroundService:1905 android.content.ContextWrapper.startForegroundService:830 android.content.ContextWrapper.startForegroundService:830 com.android.tv.settings.BootReceiver.onReceive:58 android.app.ActivityThread.handleReceiver:4494
06-04 18:27:01.771 D/View (16421):
06-04 18:27:01.771 D/View (16421):
06-04 18:27:01.772 D/View (16421):
06-04 18:27:01.772 D/View (16421):
06-04 18:27:01.773 I/AiPqReceiver(15928): start AiPqService
06-04 18:27:01.773 D/audio_hw_hal_primary(15619): [out_standby_new:5767] io 13: out:0xebe415a0 usecase:PCM_NORMAL
06-04 18:27:01.773 I/audio_hw_hal_primary(15619): [do_output_standby_l:5663] io 13: out:0xebe415a0, stream usecase:PCM_NORMAL, continuous:1
06-04 18:27:01.773 I/audio_hw_hal_primary(15619): [usecase_change_validate_l:7436] ++ io 13: out:0xebe415a0 dev masks:0x1 is_standby:1 out usecase:PCM_NORMAL
06-04 18:27:01.773 I/audio_hw_hal_ms12common(15619): aml_set_ms12_scheduler_state ms12_scheduler_state:1, sch_state:1 SCHEDULER_STANDBY is sent to ms12
06-04 18:27:01.773 I/audio_hw_hal_primary(15619): [usecase_change_validate_l:7477] -- dev masks:0 is_standby:1 out usecase PCM_NORMAL
06-04 18:27:01.773 D/audio_hw_hal_primary(15619): [out_standby_new:5790] io 13: out:0xebe415a0 usecase:PCM_NORMAL exit
06-04 18:27:01.773 W/ContextImpl(15928): Calling a method in the system process without a qualified user: android.app.ContextImpl.startService:1899 android.content.ContextWrapper.startService:825 android.content.ContextWrapper.startService:825 com.droidlogic.AiPqReceiver.onReceive:31 android.app.ActivityThread.handleReceiver:4494
06-04 18:27:01.774 W/ActivityManager(15731): Unable to start service Intent { act=android.intent.action.BOOT_COMPLETED flg=0x89000010 cmp=com.android.tv.settings/.BootReceiver (has extras) } U=0: not found
06-04 18:27:01.776 D/View (16421):
06-04 18:27:01.777 D/View (16421):
06-04 18:27:01.777 D/View (16421):
06-04 18:27:01.782 V/MediaStore(16403): Examining volume emulated;0 with name external_primary and state mounted
06-04 18:27:01.786 D/HDMI (15731): receive android.intent.action.BOOT_COMPLETED
06-04 18:27:01.786 I/HDMI (15731): Receive boot completed broadcast
06-04 18:27:01.792 I/AiPqService(15928): [AIPQservice] onCreate
06-04 18:27:01.794 I/SysControlManager(15928): run getAipqTable
06-04 18:27:01.794 I/SystemControl( 316): [/SystemControlService.cpp, readAiPqTable, 2082] readAiPqTable:run readAiPqTable
06-04 18:27:01.794 E/SystemControl( 316): [/SysTokenizer.cpp, open, 62] Error opening file 'vendor/etc/scenes_data.txt', No such file or directory.
06-04 18:27:01.794 E/SystemControl( 316): [/SystemControlService.cpp, readAiPqTable, 2085] Error -2 opening aipq config file vendor/etc/scenes_data.txt.
06-04 18:27:01.795 D/AIPQ_TABLE(15928): getAipqTable value:
06-04 18:27:01.795 D/AiPqService(15928): scenesval--><--
06-04 18:27:01.798 I/extservices(16068): BootCompletedReceiver received BOOT_COMPLETED broadcast (f): Amlogic/ross/Dangbei:14/UD2A.240505.001.W1/eng.server.20250604.121603:user/release-keys
06-04 18:27:01.798 D/AiPqService(15928): [AIPQservice] onCreate sys_value= 0
06-04 18:27:01.799 D/extservices(16068): BootCompletedReceiver not enabled in config, exiting
06-04 18:27:01.801 I/ActivityManager(15731): com.android.dynsystem is exempt from freezer
06-04 18:27:01.801 I/CheckInBootCompletedReceiver(16326): Received boot completed intent
06-04 18:27:01.801 D/CompatibilityChangeReporter(15731): Compat change id reported: 135634846; UID 1000; state: DISABLED
06-04 18:27:01.805 W/BroadcastLoopers(15731): Found previously unknown looper Thread[StorageManagerService,5,main]
06-04 18:27:01.807 D/StorageManagerService(15731): Volume emulated;0 broadcasting checking to UserHandle{0}
06-04 18:27:01.808 D/StorageManagerService(15731): Volume emulated;0 broadcasting mounted to UserHandle{0}
06-04 18:27:01.815 D/installd( 625): Found quota mount /dev/block/by-name/metadata at /metadata
06-04 18:27:01.815 D/installd( 625): Found quota mount /dev/block/dm-50 at /data
06-04 18:27:01.816 D/installd( 625): Found quota mount /dev/block/dm-50 at /data/user/0
06-04 18:27:01.817 D/installd( 625): Found quota mount /dev/block/dm-50 at /mnt/pass_through/0/emulated
06-04 18:27:01.818 D/installd( 625): Found storage mount /dev/block/dm-50 at /mnt/pass_through/0/emulated
06-04 18:27:01.818 D/installd( 625): Found storage mount at /mnt/pass_through/0/emulated
06-04 18:27:01.819 I/MediaProvider(16403): Begin Intent { act=com.android.providers.media.action.SCAN_VOLUME (has extras) }
06-04 18:27:01.830 V/Settings_BootBroadcastReceiver(16216): com.google.android.tv.remote.service启动成功
06-04 18:27:01.832 V/MediaStore(16403): Examining volume emulated;0 with name external_primary and state mounted
06-04 18:27:01.832 D/AiPqService(15928): [AIPQservice] onStartCommand
06-04 18:27:01.838 D/libdolbyms12(15619): continuous underrun 2
06-04 18:27:01.838 V/MediaStore(16403): Examining volume emulated;0 with name external_primary and state mounted
06-04 18:27:01.844 E/hq (16421): USBReceiver:::USBReceiver onReceive: action=android.intent.action.MEDIA_MOUNTED
06-04 18:27:01.849 D/View (16421):
06-04 18:27:01.850 D/View (16421):
06-04 18:27:01.850 D/View (16421):
06-04 18:27:01.850 E/DiskReceiver(16216): Missing fsUuid, not launching activity.
06-04 18:27:01.851 D/View (16421):
06-04 18:27:01.859 D/View (16421):
06-04 18:27:01.863 D/View (16421):
06-04 18:27:01.864 D/View (16421):
06-04 18:27:01.864 D/View (16421):
06-04 18:27:01.864 D/View (16421):
06-04 18:27:01.865 D/View (16421):
06-04 18:27:01.865 D/View (16421):
06-04 18:27:01.866 D/View (16421):
06-04 18:27:01.866 D/View (16421):
06-04 18:27:01.867 D/View (16421):
06-04 18:27:01.867 D/View (16421):
06-04 18:27:01.868 D/View (16421):
06-04 18:27:01.868 D/View (16421):
06-04 18:27:01.869 D/View (16421):
06-04 18:27:01.869 D/View (16421):
06-04 18:27:01.870 D/View (16421):
06-04 18:27:01.870 D/View (16421):
06-04 18:27:01.871 D/View (16421):
06-04 18:27:01.871 D/View (16421):
06-04 18:27:01.871 D/View (16421):
06-04 18:27:01.872 D/View (16421):
06-04 18:27:01.872 D/View (16421):
06-04 18:27:01.872 D/View (16421):
06-04 18:27:01.875 I/DlcClient(16326): Binding com.android.devicelockcontroller/.storage.GlobalParametersService
06-04 18:27:01.882 D/DiskReceiver(16216): Scanning volume: VolumeInfo{emulated;0}:
06-04 18:27:01.882 D/DiskReceiver(16216): type=EMULATED diskId=null partGuid= mountFlags=PRIMARY|VISIBLE_FOR_WRITE
06-04 18:27:01.882 D/DiskReceiver(16216): mountUserId=0 state=MOUNTED
06-04 18:27:01.882 D/DiskReceiver(16216): fsType=null fsUuid=null fsLabel=null
06-04 18:27:01.882 D/DiskReceiver(16216): path=/storage/emulated internalPath=/data/media
06-04 18:27:01.882 V/MediaProvider(16403): onConfigure() for internal.db
06-04 18:27:01.873 D/View (16421):
06-04 18:27:01.883 D/View (16421):
06-04 18:27:01.883 D/View (16421):
06-04 18:27:01.884 D/View (16421):
06-04 18:27:01.884 D/View (16421):
06-04 18:27:01.884 D/View (16421):
06-04 18:27:01.885 D/View (16421):
06-04 18:27:01.885 D/View (16421):
06-04 18:27:01.885 D/View (16421):
06-04 18:27:01.885 D/View (16421):
06-04 18:27:01.886 D/View (16421):
06-04 18:27:01.886 D/View (16421):
06-04 18:27:01.886 D/View (16421):
06-04 18:27:01.887 D/View (16421):
06-04 18:27:01.887 D/View (16421):
06-04 18:27:01.887 D/View (16421):
06-04 18:27:01.887 D/View (16421):
06-04 18:27:01.888 D/View (16421):
06-04 18:27:01.888 D/View (16421):
06-04 18:27:01.888 D/View (16421):
06-04 18:27:01.889 D/View (16421):
06-04 18:27:01.889 D/View (16421):
06-04 18:27:01.889 D/View (16421):
06-04 18:27:01.889 D/Zygote (15605): Forked child process 16864
06-04 18:27:01.889 W/ActivityManager(15731): Slow operation: 89ms so far, now at startProcess: returned from zygote!
06-04 18:27:01.890 W/ActivityManager(15731): Slow operation: 90ms so far, now at startProcess: done updating battery stats
06-04 18:27:01.890 W/ActivityManager(15731): Slow operation: 90ms so far, now at startProcess: building log message
06-04 18:27:01.890 I/ActivityManager(15731): Start proc 16864:com.android.dynsystem/1000 for broadcast {com.android.dynsystem/com.android.dynsystem.BootCompletedReceiver}
06-04 18:27:01.890 W/ActivityManager(15731): Slow operation: 90ms so far, now at startProcess: starting to update pids map
06-04 18:27:01.890 W/ActivityManager(15731): Slow operation: 90ms so far, now at startProcess: done updating pids map
06-04 18:27:01.891 I/DeviceCheckInHelper(16326): enqueueDeviceCheckInWork with delay: PT0S
06-04 18:27:01.894 V/MediaProvider(16403): onOpen() for internal.db
06-04 18:27:01.895 D/View (16421):
06-04 18:27:01.895 D/View (16421):
06-04 18:27:01.896 V/MediaProvider(16403): onOpen() finished for internal.db
06-04 18:27:01.897 D/WifiNl80211Manager(15731): Scan result ready event
06-04 18:27:01.897 D/WifiNative(15731): Scan result ready event
06-04 18:27:01.899 D/View (16421):
06-04 18:27:01.899 D/View (16421):
06-04 18:27:01.900 D/View (16421):
06-04 18:27:01.910 D/CompatibilityChangeReporter(15731): Compat change id reported: 182734110; UID 10058; state: ENABLED
06-04 18:27:01.918 I/Zygote (16864): seccomp disabled by setenforce 0
06-04 18:27:01.925 D/WificondScannerImpl(15731): Filtering out 3 scan results.
06-04 18:27:01.931 I/droid.dynsystem(16864): Using CollectorTypeCC GC.
06-04 18:27:01.934 D/View (16421):
06-04 18:27:01.934 D/View (16421):
06-04 18:27:01.935 D/View (16421):
06-04 18:27:01.935 D/View (16421):
06-04 18:27:01.935 D/View (16421):
06-04 18:27:01.936 D/View (16421):
06-04 18:27:01.936 D/View (16421):
06-04 18:27:01.936 D/View (16421):
06-04 18:27:02.095 I/AIUIPushConnect(16566): type=1400 audit(0.0:1699): avc: denied { ioctl } for path="socket:[529353]" dev="sockfs" ino=529353 ioctlcmd=0x8927 scontext=u:r:system_app:s0 tcontext=u:r:system_app:s0 tclass=tcp_socket permissive=1
06-04 18:27:01.936 D/View (16421):
06-04 18:27:01.936 D/View (16421):
06-04 18:27:01.937 D/View (16421):
06-04 18:27:01.937 D/View (16421):
06-04 18:27:01.937 D/View (16421):
06-04 18:27:01.937 D/View (16421):
06-04 18:27:01.938 D/View (16421):
06-04 18:27:01.938 D/View (16421):
06-04 18:27:01.938 D/View (16421):
06-04 18:27:01.938 D/View (16421):
06-04 18:27:01.939 D/View (16421):
06-04 18:27:01.939 D/View (16421):
06-04 18:27:01.939 D/View (16421):
06-04 18:27:01.951 V/WindowManagerShell(15915): Transition animation finished (aborted=false), notifying core (#1)android.os.BinderProxy@86b9ac9@0
06-04 18:27:01.953 V/WindowManager(15731): Finish Transition #1: created at
06-04 18:27:00.089 collect-started=0.124ms request-sent=0.778ms started=33.807ms ready=311.867ms sent=1408.162ms finished=1862.89ms
06-04 18:27:01.977 E/droid.dynsystem(16864): Not starting debugger since process cannot load the jdwp agent.
06-04 18:27:01.979 I/MediaProvider(16403): Scanned internal due to REASON_MOUNTED, found 4 items in 83ms, 0 inserts 0 updates 0 deletes
06-04 18:27:01.990 W/ModernMediaScanner(16403): Failed to visit /oem/media: java.nio.file.NoSuchFileException: /oem/media
06-04 18:27:01.992 I/MediaProvider(16403): Scanned internal due to REASON_MOUNTED, found 0 items in 10ms, 0 inserts 0 updates 0 deletes
06-04 18:27:01.999 D/CompatibilityChangeReporter(16615): Compat change id reported: 194532703; UID 10017; state: ENABLED
06-04 18:27:02.015 D/CompatibilityChangeReporter(16615): Compat change id reported: 253665015; UID 10017; state: ENABLED
06-04 18:27:02.024 D/CompatibilityChangeReporter(15731): Compat change id reported: 253665015; UID 10017; state: ENABLED
06-04 18:27:02.024 D/CompatibilityChangeReporter(15731): Compat change id reported: 194532703; UID 10017; state: ENABLED
06-04 18:27:02.034 V/WindowManagerShell(15915): Track 0 became idle
06-04 18:27:02.034 V/WindowManagerShell(15915): All active transition animations finished
06-04 18:27:02.036 I/MediaProvider(16403): Scanned internal due to REASON_MOUNTED, found 10 items in 42ms, 0 inserts 0 updates 0 deletes
06-04 18:27:02.038 D/CompatibilityChangeReporter(15731): Compat change id reported: 168419799; UID 1000; state: DISABLED
06-04 18:27:02.038 D/CompatibilityChangeReporter(15731): Compat change id reported: 273564678; UID 1000; state: DISABLED
06-04 18:27:02.040 D/WM-PackageManagerHelper(16326): androidx.work.impl.background.systemjob.SystemJobService enabled
06-04 18:27:02.040 D/WM-Schedulers(16326): Created SystemJobScheduler and enabled SystemJobService
06-04 18:27:02.041 D/CompatibilityChangeReporter(15731): Compat change id reported: 261072174; UID 1000; state: DISABLED
06-04 18:27:02.049 E/ccc (16386): cccccc etnaService addListener com.dangbei.lerad.etna.aidl.IEtnaAidlListener$Stub$Proxy@9b1e53f com.dangbei.leard.leradlauncher
06-04 18:27:02.054 D/CompatibilityChangeReporter(16864): Compat change id reported: 171979766; UID 1000; state: ENABLED
06-04 18:27:02.054 D/CompatibilityChangeReporter(15731): Compat change id reported: 161145287; UID 10017; state: ENABLED
06-04 18:27:02.054 D/CompatibilityChangeReporter(16864): Compat change id reported: 242716250; UID 1000; state: ENABLED
06-04 18:27:02.115 D/nativeloader(16864): Configuring clns-shared-4 for other apk /system/priv-app/DynamicSystemInstallationService/DynamicSystemInstallationService.apk. target_sdk_version=34, uses_libraries=, library_path=/system/priv-app/DynamicSystemInstallationService/lib/arm:/system/priv-app/DynamicSystemInstallationService/DynamicSystemInstallationService.apk!/lib/armeabi-v7a:/system/lib:/system_ext/lib, permitted_path=/data:/mnt/expand:/data/user/0/com.android.dynsystem:/system/priv-app/DynamicSystemInstallationService:/system/lib:/system_ext/lib
06-04 18:27:02.156 V/GraphicsEnvironment(16864): Currently set values for:
06-04 18:27:02.156 V/GraphicsEnvironment(16864): angle_gl_driver_selection_pkgs=[]
06-04 18:27:02.156 V/GraphicsEnvironment(16864): angle_gl_driver_selection_values=[]
06-04 18:27:02.157 V/GraphicsEnvironment(16864): ANGLE GameManagerService for com.android.dynsystem: false
06-04 18:27:02.157 V/GraphicsEnvironment(16864): com.android.dynsystem is not listed in per-application setting
06-04 18:27:02.157 V/GraphicsEnvironment(16864): Neither updatable production driver nor prerelease driver is supported.
06-04 18:27:02.165 I/ActivityManager(15731): com.android.managedprovisioning is exempt from freezer
06-04 18:27:02.165 D/CompatibilityChangeReporter(15731): Compat change id reported: 135634846; UID 10022; state: DISABLED
06-04 18:27:02.165 D/CompatibilityChangeReporter(15731): Compat change id reported: 177438394; UID 10022; state: DISABLED
06-04 18:27:02.165 D/CompatibilityChangeReporter(15731): Compat change id reported: 135772972; UID 10022; state: DISABLED
06-04 18:27:02.166 D/CompatibilityChangeReporter(15731): Compat change id reported: 135754954; UID 10022; state: ENABLED
06-04 18:27:02.168 I/WifiHAL ( 493): call wifi_get_link_stats handler
06-04 18:27:02.168 I/WifiHAL ( 493): Creating message to get link statistics; iface = 16
06-04 18:27:02.168 D/WifiHAL ( 493): error code -95 mapped to -3
06-04 18:27:02.168 D/CompatibilityChangeReporter(15731): Compat change id reported: 143937733; UID 10022; state: ENABLED
06-04 18:27:02.175 D/View (16421):
06-04 18:27:02.183 E/WifiStaIfaceAidlImpl(15731): getLinkLayerStats failed with service-specific exception: android.os.ServiceSpecificException: (code 4)
06-04 18:27:02.194 D/View (16421):
06-04 18:27:02.195 D/View (16421):
06-04 18:27:02.195 D/View (16421):
06-04 18:27:02.196 D/View (16421):
06-04 18:27:02.197 D/View (16421):
06-04 18:27:02.197 D/View (16421):
06-04 18:27:02.197 D/View (16421):
06-04 18:27:02.197 D/View (16421):
06-04 18:27:02.198 D/View (16421):
06-04 18:27:02.198 D/View (16421):
06-04 18:27:02.198 D/View (16421):
06-04 18:27:02.198 D/View (16421):
06-04 18:27:02.199 D/View (16421):
06-04 18:27:02.199 D/View (16421):
06-04 18:27:02.200 D/View (16421):
06-04 18:27:02.200 D/View (16421):
06-04 18:27:02.200 D/View (16421):
06-04 18:27:02.200 D/View (16421):
06-04 18:27:02.201 D/View (16421):
06-04 18:27:02.201 D/View (16421):
06-04 18:27:02.201 D/View (16421):
06-04 18:27:02.201 D/View (16421):
06-04 18:27:02.202 D/View (16421):
06-04 18:27:02.202 D/View (16421):
06-04 18:27:02.202 D/View (16421):
06-04 18:27:02.202 D/View (16421):
06-04 18:27:02.203 D/View (16421):
06-04 18:27:02.203 D/View (16421):
06-04 18:27:02.203 D/View (16421):
06-04 18:27:02.213 D/Zygote (15605): Forked child process 16923
06-04 18:27:02.215 D/View (16421):
06-04 18:27:02.215 W/ActivityManager(15731): Slow operation: 51ms so far, now at startProcess: returned from zygote!
06-04 18:27:02.215 W/ActivityManager(15731): Slow operation: 51ms so far, now at startProcess: done updating battery stats
06-04 18:27:02.217 W/ActivityManager(15731): Slow operation: 52ms so far, now at startProcess: building log message
06-04 18:27:02.217 I/ActivityManager(15731): Start proc 16923:com.android.managedprovisioning/u0a22 for broadcast {com.android.managedprovisioning/com.android.managedprovisioning.BootReminder}
06-04 18:27:02.217 W/ActivityManager(15731): Slow operation: 53ms so far, now at startProcess: starting to update pids map
06-04 18:27:02.217 W/ActivityManager(15731): Slow operation: 53ms so far, now at startProcess: done updating pids map
06-04 18:27:02.217 D/View (16421):
06-04 18:27:02.218 D/View (16421):
06-04 18:27:02.218 D/View (16421):
06-04 18:27:02.218 D/View (16421):
06-04 18:27:02.219 D/View (16421):
06-04 18:27:02.219 D/View (16421):
06-04 18:27:02.220 D/View (16421):
06-04 18:27:02.221 D/View (16421):
06-04 18:27:02.221 D/View (16421):
06-04 18:27:02.221 D/View (16421):
06-04 18:27:02.221 D/View (16421):
06-04 18:27:02.222 D/View (16421):
06-04 18:27:02.222 D/View (16421):
06-04 18:27:02.222 D/View (16421):
06-04 18:27:02.222 D/View (16421):
06-04 18:27:02.223 D/View (16421):
06-04 18:27:02.223 D/View (16421):
06-04 18:27:02.223 I/Zygote (16923): seccomp disabled by setenforce 0
06-04 18:27:02.223 D/View (16421):
06-04 18:27:02.228 D/View (16421):
06-04 18:27:02.228 D/View (16421):
06-04 18:27:02.228 D/View (16421):
06-04 18:27:02.228 D/View (16421):
06-04 18:27:02.229 D/View (16421):
06-04 18:27:02.229 D/View (16421):
06-04 18:27:02.230 I/gedprovisioning(16923): Using CollectorTypeCC GC.
06-04 18:27:02.231 D/View (16421):
06-04 18:27:02.231 D/View (16421):
06-04 18:27:02.232 D/View (16421):
06-04 18:27:02.232 D/View (16421):
06-04 18:27:02.232 D/View (16421):
06-04 18:27:02.232 D/View (16421):
06-04 18:27:02.233 D/View (16421):
06-04 18:27:02.233 D/View (16421):
06-04 18:27:02.233 D/View (16421):
06-04 18:27:02.233 W/BluetoothManagerService(15731): Unable to bind with intent: Intent { act=android.bluetooth.IBluetoothHeadset cmp=com.android.bluetooth/.hfp.HeadsetService }
06-04 18:27:02.233 D/View (16421):
06-04 18:27:02.234 D/View (16421):
06-04 18:27:02.234 D/View (16421):
06-04 18:27:02.234 D/View (16421):
06-04 18:27:02.234 D/View (16421):
06-04 18:27:02.235 D/View (16421):
06-04 18:27:02.235 D/View (16421):
06-04 18:27:02.235 D/View (16421):
06-04 18:27:02.236 D/View (16421):
06-04 18:27:02.236 D/View (16421):
06-04 18:27:02.236 D/View (16421):
06-04 18:27:02.236 D/View (16421):
06-04 18:27:02.235 I/rainbow_flow(15369): type=1400 audit(0.0:1700): avc: denied { ioctl } for path="/dev/spidev1.0" dev="tmpfs" ino=541 ioctlcmd=0x6b00 scontext=u:r:init:s0 tcontext=u:object_r:device:s0 tclass=chr_file permissive=1
06-04 18:27:02.237 D/View (16421):
06-04 18:27:02.237 D/View (16421):
06-04 18:27:02.237 D/View (16421):
06-04 18:27:02.237 D/View (16421):
06-04 18:27:02.238 D/View (16421):
06-04 18:27:02.238 D/View (16421):
06-04 18:27:02.238 D/View (16421):
06-04 18:27:02.238 D/View (16421):
06-04 18:27:02.238 D/View (16421):
06-04 18:27:02.239 D/View (16421):
06-04 18:27:02.239 D/View (16421):
06-04 18:27:02.239 D/View (16421):
06-04 18:27:02.240 D/View (16421):
06-04 18:27:02.240 D/View (16421):
06-04 18:27:02.241 D/View (16421):
06-04 18:27:02.241 D/View (16421):
06-04 18:27:02.241 D/View (16421):
06-04 18:27:02.241 D/View (16421):
06-04 18:27:02.242 D/View (16421):
06-04 18:27:02.242 D/View (16421):
06-04 18:27:02.242 D/View (16421):
06-04 18:27:02.242 D/View (16421):
06-04 18:27:02.243 D/View (16421):
06-04 18:27:02.243 D/View (16421):
06-04 18:27:02.243 D/View (16421):
06-04 18:27:02.244 D/View (16421):
06-04 18:27:02.245 E/gedprovisioning(16923): Not starting debugger since process cannot load the jdwp agent.
06-04 18:27:02.245 I/ActivityManager(15731): com.android.dynsystem is exempt from freezer
06-04 18:27:02.246 D/View (16421):
06-04 18:27:02.246 D/CompatibilityChangeReporter(15731): Compat change id reported: 135634846; UID 1000; state: DISABLED
06-04 18:27:02.246 D/View (16421):
06-04 18:27:02.255 D/View (16421):
06-04 18:27:02.255 D/View (16421):
06-04 18:27:02.256 D/View (16421):
06-04 18:27:02.256 D/View (16421):
06-04 18:27:02.256 D/View (16421):
06-04 18:27:02.256 D/View (16421):
06-04 18:27:02.257 D/View (16421):
06-04 18:27:02.258 D/View (16421):
06-04 18:27:02.258 D/View (16421):
06-04 18:27:02.258 D/View (16421):
06-04 18:27:02.258 D/CompatibilityChangeReporter(15731): Compat change id reported: 168419799; UID 10022; state: DISABLED
06-04 18:27:02.258 D/CompatibilityChangeReporter(15731): Compat change id reported: 273564678; UID 10022; state: DISABLED
06-04 18:27:02.260 D/View (16421):
06-04 18:27:02.261 D/View (16421):
06-04 18:27:02.261 D/View (16421):
06-04 18:27:02.262 D/View (16421):
06-04 18:27:02.262 D/View (16421):
06-04 18:27:02.262 D/View (16421):
06-04 18:27:02.262 D/View (16421):
06-04 18:27:02.262 D/View (16421):
06-04 18:27:02.263 D/View (16421):
06-04 18:27:02.263 D/View (16421):
06-04 18:27:02.263 D/View (16421):
06-04 18:27:02.264 D/View (16421):
06-04 18:27:02.264 D/View (16421):
06-04 18:27:02.264 D/View (16421):
06-04 18:27:02.265 D/View (16421):
06-04 18:27:02.265 D/View (16421):
06-04 18:27:02.266 D/View (16421):
06-04 18:27:02.266 I/TDLog (16587): TalkingData SDK init...
06-04 18:27:02.266 I/TDLog (16587): SDK_VERSION is: Android+TD+V5.0.7 gp Type:Native Build_Num:2141
06-04 18:27:02.266 I/TDLog (16587): App ID is: B9D7815EC975466AB1332111FCE62DF5
06-04 18:27:02.266 I/TDLog (16587): App Channel is: os
06-04 18:27:02.266 I/TDLog (16587): App Custom is:
06-04 18:27:02.266 I/TDLog (16587): SDK_OVC is: TDOVC+a3bb7754719798526508b6caad480dd7+SaaS
06-04 18:27:02.266 D/View (16421):
06-04 18:27:02.266 D/View (16421):
06-04 18:27:02.266 D/View (16421):
06-04 18:27:02.267 D/View (16421):
06-04 18:27:02.267 D/View (16421):
06-04 18:27:02.267 D/View (16421):
06-04 18:27:02.269 D/View (16421):
06-04 18:27:02.269 D/View (16421):
06-04 18:27:02.269 D/View (16421):
06-04 18:27:02.270 D/View (16421):
06-04 18:27:02.270 D/View (16421):
06-04 18:27:02.271 D/CompatibilityChangeReporter(15731): Compat change id reported: 265195908; UID 10022; state: ENABLED
06-04 18:27:02.271 D/View (16421):
06-04 18:27:02.271 D/View (16421):
06-04 18:27:02.271 D/View (16421):
06-04 18:27:02.272 D/View (16421):
06-04 18:27:02.272 D/View (16421):
06-04 18:27:02.272 D/View (16421):
06-04 18:27:02.272 D/View (16421):
06-04 18:27:02.273 D/View (16421):
06-04 18:27:02.273 D/View (16421):
06-04 18:27:02.273 D/View (16421):
06-04 18:27:02.273 D/View (16421):
06-04 18:27:02.274 D/View (16421):
06-04 18:27:02.274 D/View (16421):
06-04 18:27:02.274 D/Zygote (15605): Forked child process 16938
06-04 18:27:02.274 D/View (16421):
06-04 18:27:02.275 I/ActivityManager(15731): Start proc 16938:com.android.dynsystem:dynsystem/1000 for service {com.android.dynsystem/com.android.dynsystem.DynamicSystemInstallationService}
06-04 18:27:02.275 D/View (16421):
06-04 18:27:02.275 D/View (16421):
06-04 18:27:02.276 D/View (16421):
06-04 18:27:02.276 D/View (16421):
06-04 18:27:02.276 D/CompatibilityChangeReporter(16923): Compat change id reported: 171979766; UID 10022; state: ENABLED
06-04 18:27:02.276 D/View (16421):
06-04 18:27:02.276 D/CompatibilityChangeReporter(16923): Compat change id reported: 242716250; UID 10022; state: ENABLED
06-04 18:27:02.276 D/View (16421):
06-04 18:27:02.277 D/View (16421):
06-04 18:27:02.279 D/View (16421):
06-04 18:27:02.280 D/View (16421):
06-04 18:27:02.280 D/View (16421):
06-04 18:27:02.280 D/View (16421):
06-04 18:27:02.280 D/View (16421):
06-04 18:27:02.281 D/View (16421):
06-04 18:27:02.281 I/Zygote (16938): seccomp disabled by setenforce 0
06-04 18:27:02.281 D/View (16421):
06-04 18:27:02.282 D/View (16421):
06-04 18:27:02.282 D/WifiScoreReport(15731): setShouldReduceNetworkScore=false mNetworkAgent is null? true
06-04 18:27:02.282 D/View (16421):
06-04 18:27:02.282 D/WifiClientModeImpl[7596409:wlan0](15731): CMD_START_CONNECT my state DisconnectedState nid=0 roam=false
06-04 18:27:02.282 D/View (16421):
06-04 18:27:02.282 D/View (16421):
06-04 18:27:02.283 D/View (16421):
06-04 18:27:02.283 W/eventbuscore(16421): post Event:com.dangbei.leard.base.entity.event.NetWifiRssiEvent
06-04 18:27:02.283 D/View (16421):
06-04 18:27:02.284 D/View (16421):
06-04 18:27:02.285 D/CompatibilityChangeReporter(15731): Compat change id reported: 170503758; UID 10022; state: ENABLED
06-04 18:27:02.285 D/View (16421):
06-04 18:27:02.287 D/View (16421):
06-04 18:27:02.287 D/View (16421):
06-04 18:27:02.287 I/ystem:dynsystem(16938): Using CollectorTypeCC GC.
06-04 18:27:02.288 D/View (16421):
06-04 18:27:02.288 D/View (16421):
06-04 18:27:02.288 W/LastMileLogger(15731): Failed to open free_buffer pseudo-file: /sys/kernel/debug/tracing/instances/wifi/free_buffer: open failed: ENOENT (No such file or directory)
06-04 18:27:02.288 W/LastMileLogger(15731): Failed to arm fail-safe.
06-04 18:27:02.288 D/View (16421):
06-04 18:27:02.288 D/View (16421):
06-04 18:27:02.289 D/View (16421):
06-04 18:27:02.289 D/View (16421):
06-04 18:27:02.289 D/View (16421):
06-04 18:27:02.290 D/View (16421):
06-04 18:27:02.290 I/wpa_supplicant(16113): wpa_driver_nl80211_driver_cmd: wifi vendor: aml_w2_s
06-04 18:27:02.290 I/wpa_supplicant(16113): wpa_driver_nl80211_driver_cmd: wlan0: private command: MACADDR
06-04 18:27:02.290 D/View (16421):
06-04 18:27:02.290 D/View (16421):
06-04 18:27:02.291 D/View (16421):
06-04 18:27:02.291 D/View (16421):
06-04 18:27:02.291 D/View (16421):
06-04 18:27:02.399 I/rainbow_flow(15369): type=1400 audit(0.0:1701): avc: denied { ioctl } for path="/dev/spidev1.0" dev="tmpfs" ino=541 ioctlcmd=0x6b00 scontext=u:r:init:s0 tcontext=u:object_r:device:s0 tclass=chr_file permissive=1
06-04 18:27:02.291 W/wificond(15618): Scan is not started. Ignore abort request
06-04 18:27:02.292 D/View (16421):
06-04 18:27:02.295 D/SupplicantStaIfaceHalAidlImpl(15731): connectToNetwork "DB-machines5G"WPA_PSK, actualSsid=null
06-04 18:27:02.300 D/SupplicantStaIfaceHalAidlImpl(15731): Selecting supplicant SSID "DB-machines5G"
06-04 18:27:02.300 E/ystem:dynsystem(16938): Not starting debugger since process cannot load the jdwp agent.
06-04 18:27:02.300 W/gedprovisioning(16923): ClassLoaderContext shared library size mismatch. Expected=2, found=0 (PCL[]{PCL[/system_ext/framework/androidx.window.extensions.jar*875812793]#PCL[/system_ext/framework/androidx.window.sidecar.jar*2298648165]} | PCL[])
06-04 18:27:02.305 D/nativeloader(16923): Configuring clns-shared-4 for other apk /system/priv-app/ManagedProvisioning/ManagedProvisioning.apk. target_sdk_version=34, uses_libraries=, library_path=/system/priv-app/ManagedProvisioning/lib/arm:/system/lib:/system_ext/lib, permitted_path=/data:/mnt/expand:/data/user/0/com.android.managedprovisioning:/system/priv-app/ManagedProvisioning:/system/lib:/system_ext/lib
06-04 18:27:02.314 I/SupplicantStaNetworkHalAidlImpl(15731): Successfully set SSID
06-04 18:27:02.315 D/SupplicantStaNetworkHalAidlImpl(15731): The target security params: Security Parameters:
06-04 18:27:02.315 D/SupplicantStaNetworkHalAidlImpl(15731): Type: 2
06-04 18:27:02.315 D/SupplicantStaNetworkHalAidlImpl(15731): Enabled: true
06-04 18:27:02.315 D/SupplicantStaNetworkHalAidlImpl(15731): KeyMgmt: WPA_PSK
06-04 18:27:02.315 D/SupplicantStaNetworkHalAidlImpl(15731): Protocols: WPA RSN
06-04 18:27:02.315 D/SupplicantStaNetworkHalAidlImpl(15731): AuthAlgorithms:
06-04 18:27:02.315 D/SupplicantStaNetworkHalAidlImpl(15731): PairwiseCiphers: TKIP CCMP
06-04 18:27:02.315 D/SupplicantStaNetworkHalAidlImpl(15731): GroupCiphers: WEP40 WEP104 TKIP CCMP
06-04 18:27:02.315 D/SupplicantStaNetworkHalAidlImpl(15731): GroupMgmtCiphers:
06-04 18:27:02.315 D/SupplicantStaNetworkHalAidlImpl(15731): SuiteBCiphers:
06-04 18:27:02.315 D/SupplicantStaNetworkHalAidlImpl(15731): RequirePmf: false
06-04 18:27:02.315 D/SupplicantStaNetworkHalAidlImpl(15731): IsAddedByAutoUpgrade: false
06-04 18:27:02.315 D/SupplicantStaNetworkHalAidlImpl(15731): IsSaeH2eOnlyMode: false
06-04 18:27:02.315 D/SupplicantStaNetworkHalAidlImpl(15731): IsSaePkOnlyMode: false
06-04 18:27:02.329 D/CompatibilityChangeReporter(16938): Compat change id reported: 171979766; UID 1000; state: ENABLED
06-04 18:27:02.330 D/CompatibilityChangeReporter(16938): Compat change id reported: 242716250; UID 1000; state: ENABLED
06-04 18:27:02.341 I/ImeTracker(15731): com.dangbei.leard.leradlauncher:94a0649b: onCancelled at PHASE_SERVER_SHOULD_HIDE
06-04 18:27:02.350 D/nativeloader(16938): Configuring clns-shared-4 for other apk /system/priv-app/DynamicSystemInstallationService/DynamicSystemInstallationService.apk. target_sdk_version=34, uses_libraries=, library_path=/system/priv-app/DynamicSystemInstallationService/lib/arm:/system/priv-app/DynamicSystemInstallationService/DynamicSystemInstallationService.apk!/lib/armeabi-v7a:/system/lib:/system_ext/lib, permitted_path=/data:/mnt/expand:/data/user/0/com.android.dynsystem:/system/priv-app/DynamicSystemInstallationService:/system/lib:/system_ext/lib
06-04 18:27:02.359 V/GraphicsEnvironment(16923): Currently set values for:
06-04 18:27:02.359 V/GraphicsEnvironment(16923): angle_gl_driver_selection_pkgs=[]
06-04 18:27:02.359 V/GraphicsEnvironment(16923): angle_gl_driver_selection_values=[]
06-04 18:27:02.360 V/GraphicsEnvironment(16923): ANGLE GameManagerService for com.android.managedprovisioning: false
06-04 18:27:02.360 W/ServiceManagerCppClient(15825): Waited one second for android.hardware.tv.tuner.ITuner/default (is service started? Number of threads started in the threadpool: 0. Are binder threads started and available?)
06-04 18:27:02.360 V/GraphicsEnvironment(16923): com.android.managedprovisioning is not listed in per-application setting
06-04 18:27:02.360 V/GraphicsEnvironment(16923): Neither updatable production driver nor prerelease driver is supported.
06-04 18:27:02.368 D/CompatibilityChangeReporter(16326): Compat change id reported: 160794467; UID 10055; state: ENABLED
06-04 18:27:02.373 W/libc ( 232): Unable to set property "ctl.interface_start" to "aidl/android.hardware.tv.tuner.ITuner/default": error code: 0x20
06-04 18:27:02.378 I/ActivityManager(15731): com.android.packageinstaller is exempt from freezer
06-04 18:27:02.378 D/CompatibilityChangeReporter(15731): Compat change id reported: 135634846; UID 10025; state: DISABLED
06-04 18:27:02.379 D/CompatibilityChangeReporter(15731): Compat change id reported: 177438394; UID 10025; state: DISABLED
06-04 18:27:02.379 D/CompatibilityChangeReporter(15731): Compat change id reported: 135772972; UID 10025; state: DISABLED
06-04 18:27:02.379 D/CompatibilityChangeReporter(15731): Compat change id reported: 135754954; UID 10025; state: ENABLED
06-04 18:27:02.380 D/CompatibilityChangeReporter(15731): Compat change id reported: 143937733; UID 10025; state: ENABLED
06-04 18:27:02.391 V/GraphicsEnvironment(16938): Currently set values for:
06-04 18:27:02.391 V/GraphicsEnvironment(16938): angle_gl_driver_selection_pkgs=[]
06-04 18:27:02.391 V/GraphicsEnvironment(16938): angle_gl_driver_selection_values=[]
06-04 18:27:02.392 V/GraphicsEnvironment(16938): ANGLE GameManagerService for com.android.dynsystem: false
06-04 18:27:02.392 V/GraphicsEnvironment(16938): com.android.dynsystem is not listed in per-application setting
06-04 18:27:02.392 V/GraphicsEnvironment(16938): Neither updatable production driver nor prerelease driver is supported.
06-04 18:27:02.396 D/Zygote (15605): Forked child process 16958
06-04 18:27:02.397 I/ActivityManager(15731): Start proc 16958:com.android.packageinstaller/u0a25 for broadcast {com.android.packageinstaller/com.android.packageinstaller.TemporaryFileManager}
06-04 18:27:02.405 I/Zygote (16958): seccomp disabled by setenforce 0
06-04 18:27:02.408 D/DynamicSystemInstallationService(16938): onStartCommand(): action=android.os.image.action.NOTIFY_IF_IN_USE
06-04 18:27:02.412 I/ackageinstaller(16958): Using CollectorTypeCC GC.
06-04 18:27:02.415 I/DynamicSystemService(15731): isInstalled(): false
06-04 18:27:02.420 E/ackageinstaller(16958): Not starting debugger since process cannot load the jdwp agent.
06-04 18:27:02.436 D/CompatibilityChangeReporter(15731): Compat change id reported: 168419799; UID 10025; state: DISABLED
06-04 18:27:02.437 D/CompatibilityChangeReporter(15731): Compat change id reported: 273564678; UID 10025; state: DISABLED
06-04 18:27:02.441 I/wpa_supplicant(16113): wlan0: Trying to associate with 58:c7:ac:78:f0:10 (SSID='DB-machines5G' freq=5745 MHz)
06-04 18:27:02.442 I/wpa_supplicant(16113): assoc key_mgmt 0x2 network key_mgmt 0x142
06-04 18:27:02.444 D/WifiCountryCode(15731): evaluateAllCmmStateAndApplyIfAllReady: {ConcreteClientModeManager{id=7594383 iface=wlan0 role=ROLE_CLIENT_PRIMARY}=false}
06-04 18:27:02.444 D/WifiClientModeImpl[7596409:wlan0](15731): Start Connecting Watchdog 1
06-04 18:27:02.444 D/CompatibilityChangeReporter(15731): Compat change id reported: 265195908; UID 10025; state: ENABLED
06-04 18:27:02.449 D/CompatibilityChangeReporter(16958): Compat change id reported: 171979766; UID 10025; state: ENABLED
06-04 18:27:02.449 D/CompatibilityChangeReporter(16958): Compat change id reported: 242716250; UID 10025; state: ENABLED
06-04 18:27:02.455 W/ContextImpl(15731): Calling a method in the system process without a qualified user: android.app.ContextImpl.sendStickyBroadcast:1626 com.android.server.wifi.ClientModeImpl.sendNetworkChangeBroadcast:3008 com.android.server.wifi.ClientModeImpl.lambda$sendNetworkChangeBroadcastWithCurrentState$14:2985 com.android.server.wifi.ClientModeImpl.$r8$lambda$q-j88Pjw4gROgoJFr8wBlBVbuJI:0 com.android.server.wifi.ClientModeImpl$$ExternalSyntheticLambda4.send:0
06-04 18:27:02.458 D/RockyReceiver(16566): action: android.net.wifi.STATE_CHANGE
06-04 18:27:02.460 I/WifiClientModeImpl[7596409:wlan0](15731): Update current security type to 2
06-04 18:27:02.463 D/CompatibilityChangeReporter(15731): Compat change id reported: 170503758; UID 10025; state: ENABLED
