06-04 18:26:56.654 D/SystemServerTimingAsync(15731): ssm.onStartUser-0_com.android.server.pm.verify.domain.DomainVerificationService
06-04 18:26:56.654 D/SystemServerTimingAsync(15731): ssm.onStartUser-0_com.android.server.pm.PackageInstallerService$Lifecycle
06-04 18:26:56.654 D/SystemServerTimingAsync(15731): ssm.onStartUser-0_com.android.server.pm.UserManagerService$LifeCycle
06-04 18:26:56.654 D/SystemServerTimingAsync(15731): ssm.onStartUser-0_com.android.server.om.OverlayManagerService
06-04 18:26:56.699 D/SystemServerTimingAsync(15731): ssm.onStartUser-0_com.android.server.resources.ResourcesManagerService
06-04 18:26:56.699 D/SystemServerTimingAsync(15731): ssm.onStartUser-0_com.android.server.sensorprivacy.SensorPrivacyService
06-04 18:26:56.711 D/CompatibilityChangeReporter(15731): Compat change id reported: 265464455; UID 10052; state: DISABLED
06-04 18:26:56.711 D/CompatibilityChangeReporter(15731): Compat change id reported: 265452344; UID 10052; state: DISABLED
06-04 18:26:56.712 D/CompatibilityChangeReporter(15731): Compat change id reported: 266124927; UID 10052; state: DISABLED
06-04 18:26:56.712 D/CompatibilityChangeReporter(15731): Compat change id reported: 265451093; UID 10052; state: DISABLED
06-04 18:26:56.712 D/CompatibilityChangeReporter(15731): Compat change id reported: 265456536; UID 10052; state: DISABLED
06-04 18:26:56.712 D/CompatibilityChangeReporter(15731): Compat change id reported: 255940284; UID 10052; state: DISABLED
06-04 18:26:56.713 D/CompatibilityChangeReporter(15731): Compat change id reported: 236283604; UID 10052; state: DISABLED
06-04 18:26:56.713 D/CompatibilityChangeReporter(15731): Compat change id reported: 263959004; UID 10052; state: DISABLED
06-04 18:26:56.713 D/CompatibilityChangeReporter(15731): Compat change id reported: 264304459; UID 10052; state: DISABLED
06-04 18:26:56.713 D/CompatibilityChangeReporter(15731): Compat change id reported: 264301586; UID 10052; state: DISABLED
06-04 18:26:56.713 D/CompatibilityChangeReporter(15731): Compat change id reported: 254631730; UID 10052; state: DISABLED
06-04 18:26:56.714 D/CompatibilityChangeReporter(15731): Compat change id reported: 273509367; UID 10052; state: DISABLED
06-04 18:26:56.714 D/CompatibilityChangeReporter(15731): Compat change id reported: 263259275; UID 10052; state: DISABLED
06-04 18:26:56.714 D/CompatibilityChangeReporter(15731): Compat change id reported: 174042980; UID 10052; state: DISABLED
06-04 18:26:56.715 D/CompatibilityChangeReporter(15731): Compat change id reported: 174042936; UID 10052; state: DISABLED
06-04 18:26:56.715 D/CompatibilityChangeReporter(15731): Compat change id reported: 181136395; UID 10052; state: DISABLED
06-04 18:26:56.731 D/CompatibilityChangeReporter(15731): Compat change id reported: 194480991; UID 10052; state: ENABLED
06-04 18:26:56.735 W/ActivityTaskManager(15731): startActivity called from non-Activity context; forcing Intent.FLAG_ACTIVITY_NEW_TASK for: Intent { flg=0x840000 cmp=com.android.systemui/.sensorprivacy.television.TvSensorPrivacyChangedActivity (has extras) }
06-04 18:26:56.741 D/CompatibilityChangeReporter(15731): Compat change id reported: 184838306; UID 10052; state: DISABLED
06-04 18:26:56.741 D/CompatibilityChangeReporter(15731): Compat change id reported: 185004937; UID 10052; state: DISABLED
06-04 18:26:56.744 D/CompatibilityChangeReporter(15731): Compat change id reported: 197654537; UID 10052; state: ENABLED
06-04 18:26:56.749 I/ActivityTaskManager(15731): START u0 {flg=0x840000 cmp=com.android.systemui/.sensorprivacy.television.TvSensorPrivacyChangedActivity (has extras)} with LAUNCH_SINGLE_TOP from uid 1000 (BAL_ALLOW_ALLOWLISTED_UID) result code=0
06-04 18:26:56.756 E/SettingsState(15731): Failed to write settings, restoring old file
06-04 18:26:56.756 E/SettingsState(15731): java.io.SyncFailedException: sync failed
06-04 18:26:56.756 E/SettingsState(15731): at java.io.FileDescriptor.sync(Native Method)
06-04 18:26:56.756 E/SettingsState(15731): at com.android.providers.settings.SettingsState.doWriteState(SettingsState.java:925)
06-04 18:26:56.756 E/SettingsState(15731): at com.android.providers.settings.SettingsState.-$$Nest$mdoWriteState(SettingsState.java:0)
06-04 18:26:56.756 E/SettingsState(15731): at com.android.providers.settings.SettingsState$MyHandler.handleMessage(SettingsState.java:1279)
06-04 18:26:56.756 E/SettingsState(15731): at android.os.Handler.dispatchMessage(Handler.java:106)
06-04 18:26:56.756 E/SettingsState(15731): at android.os.Looper.loopOnce(Looper.java:205)
06-04 18:26:56.756 E/SettingsState(15731): at android.os.Looper.loop(Looper.java:294)
06-04 18:26:56.756 E/SettingsState(15731): at android.os.HandlerThread.run(HandlerThread.java:67)
06-04 18:26:56.764 W/ActivityTaskManager(15731): startActivity called from non-Activity context; forcing Intent.FLAG_ACTIVITY_NEW_TASK for: Intent { flg=0x840000 cmp=com.android.systemui/.sensorprivacy.television.TvSensorPrivacyChangedActivity (has extras) }
06-04 18:26:56.767 W/ActivityManager(15731): Slow operation: 157ms so far, now at startProcess: returned from zygote!
06-04 18:26:56.768 W/ActivityManager(15731): Slow operation: 157ms so far, now at startProcess: done updating battery stats
06-04 18:26:56.768 W/ActivityManager(15731): Slow operation: 158ms so far, now at startProcess: building log message
06-04 18:26:56.768 I/ActivityManager(15731): Start proc 16010:com.android.networkstack.process/1073 for service {com.android.networkstack/com.android.server.NetworkStackService}
06-04 18:26:56.768 W/ActivityManager(15731): Slow operation: 158ms so far, now at startProcess: starting to update pids map
06-04 18:26:56.769 I/ActivityTaskManager(15731): START u0 {flg=0x840000 cmp=com.android.systemui/.sensorprivacy.television.TvSensorPrivacyChangedActivity (has extras)} with LAUNCH_SINGLE_TOP from uid 1000 (BAL_ALLOW_ALLOWLISTED_UID) result code=3
06-04 18:26:56.769 W/ActivityManager(15731): Slow operation: 159ms so far, now at startProcess: done updating pids map
06-04 18:26:56.778 W/ActivityTaskManager(15731): startActivity called from non-Activity context; forcing Intent.FLAG_ACTIVITY_NEW_TASK for: Intent { flg=0x840000 cmp=com.android.systemui/.sensorprivacy.television.TvSensorPrivacyChangedActivity (has extras) }
06-04 18:26:56.780 I/ActivityTaskManager(15731): START u0 {flg=0x840000 cmp=com.android.systemui/.sensorprivacy.television.TvSensorPrivacyChangedActivity (has extras)} with LAUNCH_SINGLE_TOP from uid 1000 (BAL_ALLOW_ALLOWLISTED_UID) result code=3
06-04 18:26:56.783 W/ActivityTaskManager(15731): startActivity called from non-Activity context; forcing Intent.FLAG_ACTIVITY_NEW_TASK for: Intent { flg=0x840000 cmp=com.android.systemui/.sensorprivacy.television.TvSensorPrivacyChangedActivity (has extras) }
06-04 18:26:56.786 I/ActivityTaskManager(15731): START u0 {flg=0x840000 cmp=com.android.systemui/.sensorprivacy.television.TvSensorPrivacyChangedActivity (has extras)} with LAUNCH_SINGLE_TOP from uid 1000 (BAL_ALLOW_ALLOWLISTED_UID) result code=3
06-04 18:26:56.786 W/SystemServiceManager(15731): Service com.android.server.sensorprivacy.SensorPrivacyService took 87 ms in onStartUser-0
06-04 18:26:56.786 D/SystemServerTimingAsync(15731): ssm.onStartUser-0_com.android.server.sensors.SensorService
06-04 18:26:56.786 D/SystemServerTimingAsync(15731): ssm.onStartUser-0_com.android.server.SystemConfigService
06-04 18:26:56.786 D/SystemServerTimingAsync(15731): ssm.onStartUser-0_com.android.server.BatteryService
06-04 18:26:56.786 D/SystemServerTimingAsync(15731): ssm.onStartUser-0_com.android.server.usage.UsageStatsService
06-04 18:26:56.786 D/SystemServerTimingAsync(15731): ssm.onStartUser-0_com.android.server.webkit.WebViewUpdateService
06-04 18:26:56.786 D/SystemServerTimingAsync(15731): ssm.onStartUser-0_com.android.server.CachedDeviceStateService
06-04 18:26:56.786 D/SystemServerTimingAsync(15731): ssm.onStartUser-0_com.android.server.BinderCallsStatsService$LifeCycle
06-04 18:26:56.786 D/SystemServerTimingAsync(15731): ssm.onStartUser-0_com.android.server.LooperStatsService$Lifecycle
06-04 18:26:56.786 D/SystemServerTimingAsync(15731): ssm.onStartUser-0_com.android.server.rollback.RollbackManagerService
06-04 18:26:56.786 D/SystemServerTimingAsync(15731): ssm.onStartUser-0_com.android.server.os.NativeTombstoneManagerService
06-04 18:26:56.786 D/SystemServerTimingAsync(15731): ssm.onStartUser-0_com.android.server.os.BugreportManagerService
06-04 18:26:56.786 D/SystemServerTimingAsync(15731): ssm.onStartUser-0_com.android.server.gpu.GpuService
06-04 18:26:56.786 D/SystemServerTimingAsync(15731): ssm.onStartUser-0_com.android.server.security.rkp.RemoteProvisioningService
06-04 18:26:56.786 D/SystemServerTimingAsync(15731): ssm.onStartUser-0_com.android.server.security.KeyChainSystemService
06-04 18:26:56.786 D/SystemServerTimingAsync(15731): ssm.onStartUser-0_com.android.server.BinaryTransparencyService
06-04 18:26:56.786 D/SystemServerTimingAsync(15731): ssm.onStartUser-0_com.android.server.accounts.AccountManagerService$Lifecycle
06-04 18:26:56.786 D/SystemServerTimingAsync(15731): ssm.onStartUser-0_com.android.server.content.ContentService$Lifecycle
06-04 18:26:56.787 D/SystemServerTimingAsync(15731): ssm.onStartUser-0_com.android.server.deviceconfig.DeviceConfigInit$Lifecycle
06-04 18:26:56.787 D/SystemServerTimingAsync(15731): ssm.onStartUser-0_com.android.server.DropBoxManagerService
06-04 18:26:56.787 D/SystemServerTimingAsync(15731): ssm.onStartUser-0_com.android.role.RoleService
06-04 18:26:56.793 D/SystemServerTimingAsync(15731): ssm.onStartUser-0_com.android.server.vibrator.VibratorManagerService$Lifecycle
06-04 18:26:56.793 D/SystemServerTimingAsync(15731): ssm.onStartUser-0_com.android.server.tare.InternalResourceService
06-04 18:26:56.793 D/SystemServerTimingAsync(15731): ssm.onStartUser-0_com.android.server.alarm.AlarmManagerService
06-04 18:26:56.793 D/SystemServerTimingAsync(15731): ssm.onStartUser-0_com.android.server.devicestate.DeviceStateManagerService
06-04 18:26:56.793 D/SystemServerTimingAsync(15731): ssm.onStartUser-0_com.android.server.camera.CameraServiceProxy
06-04 18:26:56.794 D/SystemServerTimingAsync(15731): ssm.onStartUser-0_com.android.server.bluetooth.BluetoothService
06-04 18:26:56.805 D/CompatibilityChangeReporter(15731): Compat change id reported: 135634846; UID 1002; state: DISABLED
06-04 18:26:56.809 D/SystemServerTimingAsync(15731): ssm.onStartUser-0_com.android.server.connectivity.IpConnectivityMetrics
06-04 18:26:56.809 D/SystemServerTimingAsync(15731): ssm.onStartUser-0_com.android.server.net.watchlist.NetworkWatchlistService$Lifecycle
06-04 18:26:56.809 D/SystemServerTimingAsync(15731): ssm.onStartUser-0_com.android.server.PinnerService
06-04 18:26:56.809 D/SystemServerTimingAsync(15731): ssm.onStartUser-0_com.android.server.integrity.AppIntegrityManagerService
06-04 18:26:56.809 D/SystemServerTimingAsync(15731): ssm.onStartUser-0_com.android.server.logcat.LogcatManagerService
06-04 18:26:56.809 D/SystemServerTimingAsync(15731): ssm.onStartUser-0_com.android.server.inputmethod.InputMethodManagerService$Lifecycle
06-04 18:26:56.809 D/SystemServerTimingAsync(15731): ssm.onStartUser-0_com.android.server.accessibility.AccessibilityManagerService$Lifecycle
06-04 18:26:56.809 D/SystemServerTimingAsync(15731): ssm.onStartUser-0_com.android.server.StorageManagerService$Lifecycle
06-04 18:26:56.812 V/StorageManagerService(15731): Package com.dangbei.lerad.leradwatcher has legacy storage
06-04 18:26:56.813 V/StorageManagerService(15731): Package com.android.cts.priv.ctsshim does not have legacy storage
06-04 18:26:56.813 V/StorageManagerService(15731): Package com.android.uwb.resources does not have legacy storage
06-04 18:26:56.813 V/StorageManagerService(15731): Package com.android.adservices.api does not have legacy storage
06-04 18:26:56.813 V/StorageManagerService(15731): Package com.android.dynsystem does not have legacy storage
06-04 18:26:56.813 V/StorageManagerService(15731): Package com.dangbei.lerad.rocky does not have legacy storage
06-04 18:26:56.813 V/StorageManagerService(15731): Package com.android.healthconnect.controller does not have legacy storage
06-04 18:26:56.813 V/StorageManagerService(15731): Package com.android.providers.calendar does not have legacy storage
06-04 18:26:56.813 V/StorageManagerService(15731): Package com.android.tv.settings does not have legacy storage
06-04 18:26:56.813 V/StorageManagerService(15731): Package com.android.providers.media does not have legacy storage
06-04 18:26:56.813 V/StorageManagerService(15731): Package com.android.health.connect.backuprestore does not have legacy storage
06-04 18:26:56.813 V/StorageManagerService(15731): Package com.android.virtualmachine.res does not have legacy storage
06-04 18:26:56.813 V/StorageManagerService(15731): Package com.dangbei.zhushou.os does not have legacy storage
06-04 18:26:56.813 V/StorageManagerService(15731): Package com.sohu.inputmethod.sogou.tv has legacy storage
06-04 18:26:56.813 V/StorageManagerService(15731): Package com.droidlogic.tvprovider.overlay does not have legacy storage
06-04 18:26:56.813 V/StorageManagerService(15731): Package com.android.externalstorage does not have legacy storage
06-04 18:26:56.813 V/StorageManagerService(15731): Package com.android.htmlviewer does not have legacy storage
06-04 18:26:56.813 V/StorageManagerService(15731): Package com.android.companiondevicemanager does not have legacy storage
06-04 18:26:56.813 V/StorageManagerService(15731): Package com.android.providers.downloads does not have legacy storage
06-04 18:26:56.813 V/StorageManagerService(15731): Package com.android.providers.tv does not have legacy storage
06-04 18:26:56.813 V/StorageManagerService(15731): Package com.droidlogic.mediacenter does not have legacy storage
06-04 18:26:56.813 V/StorageManagerService(15731): Package com.android.federatedcompute.services does not have legacy storage
06-04 18:26:56.813 V/StorageManagerService(15731): Package com.droidlogic does not have legacy storage
06-04 18:26:56.813 V/StorageManagerService(15731): Package com.droidlogic.tv.settings does not have legacy storage
06-04 18:26:56.813 V/StorageManagerService(15731): Package com.oranth.ledstatus does not have legacy storage
06-04 18:26:56.814 V/StorageManagerService(15731): Package com.android.tv.overlay.lps.disabled does not have legacy storage
06-04 18:26:56.814 V/StorageManagerService(15731): Package com.dangbei.lerad.videoposter has legacy storage
06-04 18:26:56.814 V/StorageManagerService(15731): Package com.android.tv.overlay.settingsprovider does not have legacy storage
06-04 18:26:56.814 V/StorageManagerService(15731): Package com.android.safetycenter.resources does not have legacy storage
06-04 18:26:56.814 V/StorageManagerService(15731): Package com.android.pacprocessor does not have legacy storage
06-04 18:26:56.814 V/StorageManagerService(15731): Package com.android.networkstack does not have legacy storage
06-04 18:26:56.814 V/StorageManagerService(15731): Package com.android.connectivity.resources does not have legacy storage
06-04 18:26:56.814 V/StorageManagerService(15731): Package com.android.modulemetadata does not have legacy storage
06-04 18:26:56.814 V/StorageManagerService(15731): Package com.android.certinstaller does not have legacy storage
06-04 18:26:56.814 V/StorageManagerService(15731): Package com.android.wifi.dialog does not have legacy storage
06-04 18:26:56.814 V/StorageManagerService(15731): Package com.dangbei.dbmusic.dbos.tab has legacy storage
06-04 18:26:56.814 V/StorageManagerService(15731): Package android does not have legacy storage
06-04 18:26:56.814 V/StorageManagerService(15731): Package com.android.camera2 does not have legacy storage
06-04 18:26:56.814 V/StorageManagerService(15731): Package com.android.mtp does not have legacy storage
06-04 18:26:56.814 V/StorageManagerService(15731): Package com.android.backupconfirm does not have legacy storage
06-04 18:26:56.814 V/StorageManagerService(15731): Package com.android.systemui.auto_generated_rro_vendor__ does not have legacy storage
06-04 18:26:56.814 V/StorageManagerService(15731): Package com.android.tv.overlay.networkstack does not have legacy storage
06-04 18:26:56.814 V/StorageManagerService(15731): Package com.android.statementservice does not have legacy storage
06-04 18:26:56.814 V/StorageManagerService(15731): Package com.dangbei.screencast has legacy storage
06-04 18:26:56.819 D/CompatibilityChangeReporter(15731): Compat change id reported: 157233955; UID 10052; state: ENABLED
06-04 18:26:56.820 D/GameManagerService(15731): User ID '0' does not have a Game Mode selected for package: 'com.android.networkstack'
06-04 18:26:56.821 D/CompatibilityChangeReporter(15731): Compat change id reported: 168419799; UID 1073; state: DISABLED
06-04 18:26:56.821 D/CompatibilityChangeReporter(15731): Compat change id reported: 273564678; UID 1073; state: DISABLED
06-04 18:26:56.824 V/StorageManagerService(15731): Package com.android.settings.intelligence does not have legacy storage
06-04 18:26:56.824 V/StorageManagerService(15731): Package com.dangbei.leard.leradlauncher does not have legacy storage
06-04 18:26:56.825 V/StorageManagerService(15731): Package com.android.providers.settings does not have legacy storage
06-04 18:26:56.825 V/StorageManagerService(15731): Package com.android.sharedstoragebackup does not have legacy storage
06-04 18:26:56.825 V/StorageManagerService(15731): Package com.android.printspooler does not have legacy storage
06-04 18:26:56.825 V/StorageManagerService(15731): Package com.android.dreams.basic does not have legacy storage
06-04 18:26:56.825 V/StorageManagerService(15731): Package com.android.webview does not have legacy storage
06-04 18:26:56.825 V/StorageManagerService(15731): Package com.android.se does not have legacy storage
06-04 18:26:56.825 V/StorageManagerService(15731): Package com.android.inputdevices does not have legacy storage
06-04 18:26:56.825 V/StorageManagerService(15731): Package com.android.rkpdapp does not have legacy storage
06-04 18:26:56.825 V/StorageManagerService(15731): Package com.android.tv.overlay.wifi.resources does not have legacy storage
06-04 18:26:56.825 V/StorageManagerService(15731): Package com.oranth.inputmacsn does not have legacy storage
06-04 18:26:56.825 V/StorageManagerService(15731): Package com.android.musicfx does not have legacy storage
06-04 18:26:56.825 V/StorageManagerService(15731): Package com.dangbei.hqguide does not have legacy storage
06-04 18:26:56.825 V/StorageManagerService(15731): Package com.dangbei.hqmedia does not have legacy storage
06-04 18:26:56.825 V/StorageManagerService(15731): Package com.droidlogic.systemui.overlay does not have legacy storage
06-04 18:26:56.825 V/StorageManagerService(15731): Package android.ext.shared does not have legacy storage
06-04 18:26:56.825 V/StorageManagerService(15731): Package com.android.keychain does not have legacy storage
06-04 18:26:56.825 V/StorageManagerService(15731): Package com.dlg.framework.overlay does not have legacy storage
06-04 18:26:56.825 V/StorageManagerService(15731): Package android.ext.services does not have legacy storage
06-04 18:26:56.825 V/StorageManagerService(15731): Package com.android.wifi.resources does not have legacy storage
06-04 18:26:56.825 V/StorageManagerService(15731): Package com.android.cameraextensions does not have legacy storage
06-04 18:26:56.825 V/StorageManagerService(15731): Package com.android.localtransport does not have legacy storage
06-04 18:26:56.825 V/StorageManagerService(15731): Package com.android.networkstack.tethering.droidlogic does not have legacy storage
06-04 18:26:56.825 V/StorageManagerService(15731): Package com.droidlogic.mictoggle does not have legacy storage
06-04 18:26:56.825 V/StorageManagerService(15731): Package com.android.packageinstaller does not have legacy storage
06-04 18:26:56.825 V/StorageManagerService(15731): Package com.cskj.factorytest does not have legacy storage
06-04 18:26:56.825 V/StorageManagerService(15731): Package com.android.proxyhandler does not have legacy storage
06-04 18:26:56.826 V/StorageManagerService(15731): Package com.android.intentresolver does not have legacy storage
06-04 18:26:56.826 V/StorageManagerService(15731): Package com.android.nearby.halfsheet does not have legacy storage
06-04 18:26:56.826 D/CompatibilityChangeReporter(15731): Compat change id reported: 265195908; UID 1073; state: ENABLED
06-04 18:26:56.826 I/ActivityManager(15731): Start proc 16024:com.android.bluetooth/1002 for service {com.android.bluetooth/com.android.bluetooth.btservice.AdapterService}
06-04 18:26:56.827 V/StorageManagerService(15731): Package com.android.managedprovisioning does not have legacy storage
06-04 18:26:56.827 V/StorageManagerService(15731): Package com.oranth.usbopenft does not have legacy storage
06-04 18:26:56.827 V/StorageManagerService(15731): Package com.android.networkstack.tethering does not have legacy storage
06-04 18:26:56.827 V/StorageManagerService(15731): Package com.android.soundpicker does not have legacy storage
06-04 18:26:56.827 V/StorageManagerService(15731): Package com.dangbei.lerad.etna.haqu does not have legacy storage
06-04 18:26:56.827 V/StorageManagerService(15731): Package com.droidlogic.miracast does not have legacy storage
06-04 18:26:56.827 V/StorageManagerService(15731): Package com.amlogic.tv.overlay.matchcontent does not have legacy storage
06-04 18:26:56.827 V/StorageManagerService(15731): Package com.droidlogic.wifitetheringoverlay does not have legacy storage
06-04 18:26:56.827 V/StorageManagerService(15731): Package com.tv.filemanager.os has legacy storage
06-04 18:26:56.827 V/StorageManagerService(15731): Package com.oranth.powerwindow does not have legacy storage
06-04 18:26:56.827 V/StorageManagerService(15731): Package com.android.cts.ctsshim does not have legacy storage
06-04 18:26:56.827 V/StorageManagerService(15731): Package com.dangbei.lerad.screensaver does not have legacy storage
06-04 18:26:56.827 V/StorageManagerService(15731): Package com.droidlogic.wifion does not have legacy storage
06-04 18:26:56.827 V/StorageManagerService(15731): Package com.android.vpndialogs does not have legacy storage
06-04 18:26:56.827 V/StorageManagerService(15731): Package com.android.music does not have legacy storage
06-04 18:26:56.827 V/StorageManagerService(15731): Package com.android.shell does not have legacy storage
06-04 18:26:56.827 V/StorageManagerService(15731): Package com.android.sdksandbox does not have legacy storage
06-04 18:26:56.827 V/StorageManagerService(15731): Package com.android.wallpaperbackup does not have legacy storage
06-04 18:26:56.827 V/StorageManagerService(15731): Package com.android.providers.userdictionary does not have legacy storage
06-04 18:26:56.828 V/StorageManagerService(15731): Package com.android.providers.media.module does not have legacy storage
06-04 18:26:56.828 V/StorageManagerService(15731): Package com.oranth.storage does not have legacy storage
06-04 18:26:56.828 V/StorageManagerService(15731): Package com.android.hotspot2.osulogin does not have legacy storage
06-04 18:26:56.828 V/StorageManagerService(15731): Package com.android.location.fused does not have legacy storage
06-04 18:26:56.828 V/StorageManagerService(15731): Package com.android.deskclock does not have legacy storage
06-04 18:26:56.828 V/StorageManagerService(15731): Package com.android.systemui does not have legacy storage
06-04 18:26:56.828 V/StorageManagerService(15731): Package com.dangbei.haqusetting does not have legacy storage
06-04 18:26:56.828 V/StorageManagerService(15731): Package com.android.tv.overlay.framework does not have legacy storage
06-04 18:26:56.828 V/StorageManagerService(15731): Package com.android.permissioncontroller does not have legacy storage
06-04 18:26:56.829 V/StorageManagerService(15731): Package com.droidlogic.appinstall does not have legacy storage
06-04 18:26:56.829 V/StorageManagerService(15731): Package com.android.ondevicepersonalization.services does not have legacy storage
06-04 18:26:56.829 V/StorageManagerService(15731): Package com.android.bluetooth does not have legacy storage
06-04 18:26:56.829 V/StorageManagerService(15731): Package com.android.providers.contacts does not have legacy storage
06-04 18:26:56.829 V/StorageManagerService(15731): Package com.android.captiveportallogin does not have legacy storage
06-04 18:26:56.829 V/StorageManagerService(15731): Package com.droidlogic.overlay does not have legacy storage
06-04 18:26:56.829 V/StorageManagerService(15731): Package com.android.devicelockcontroller does not have legacy storage
06-04 18:26:56.829 V/StorageManagerService(15731): Package com.cibn.tv has legacy storage
06-04 18:26:56.829 V/StorageManagerService(15731): Package com.android.ext.adservices.api does not have legacy storage
06-04 18:26:56.829 V/StorageManagerService(15731): Package android.auto_generated_rro_vendor__ does not have legacy storage
06-04 18:26:56.830 D/SystemServerTimingAsync(15731): ssm.onStartUser-0_com.android.server.usage.StorageStatsService$Lifecycle
06-04 18:26:56.830 D/SystemServerTimingAsync(15731): ssm.onStartUser-0_com.android.server.UiModeManagerService
06-04 18:26:56.830 D/SystemServerTimingAsync(15731): ssm.onStartUser-0_com.android.server.locales.LocaleManagerService
06-04 18:26:56.830 D/SystemServerTimingAsync(15731): ssm.onStartUser-0_com.android.server.grammaticalinflection.GrammaticalInflectionService
06-04 18:26:56.830 D/SystemServerTimingAsync(15731): ssm.onStartUser-0_com.android.server.apphibernation.AppHibernationService
06-04 18:26:56.830 D/SystemServerTimingAsync(15731): ssm.onStartUser-0_com.android.server.locksettings.LockSettingsService$Lifecycle
06-04 18:26:56.830 D/SystemServerTimingAsync(15731): ssm.onStartUser-0_com.android.server.PersistentDataBlockService
06-04 18:26:56.830 D/SystemServerTimingAsync(15731): ssm.onStartUser-0_com.android.server.testharness.TestHarnessModeService
06-04 18:26:56.830 D/SystemServerTimingAsync(15731): ssm.onStartUser-0_com.android.server.oemlock.OemLockService
06-04 18:26:56.830 D/SystemServerTimingAsync(15731): ssm.onStartUser-0_com.android.server.DeviceIdleController
06-04 18:26:56.830 D/SystemServerTimingAsync(15731): ssm.onStartUser-0_com.android.server.devicepolicy.DevicePolicyManagerService$Lifecycle
06-04 18:26:56.833 D/SystemServerTimingAsync(15731): ssm.onStartUser-0_com.android.server.texttospeech.TextToSpeechManagerService
06-04 18:26:56.833 D/SystemServerTimingAsync(15731): ssm.onStartUser-0_com.android.server.ambientcontext.AmbientContextManagerService
06-04 18:26:56.833 D/SystemServerTimingAsync(15731): ssm.onStartUser-0_com.android.server.wearable.WearableSensingManagerService
06-04 18:26:56.833 D/SystemServerTimingAsync(15731): ssm.onStartUser-0_com.android.server.speech.SpeechRecognitionManagerService
06-04 18:26:56.833 D/SystemServerTimingAsync(15731): ssm.onStartUser-0_com.android.server.searchui.SearchUiManagerService
06-04 18:26:56.833 D/SystemServerTimingAsync(15731): ssm.onStartUser-0_com.android.server.smartspace.SmartspaceManagerService
06-04 18:26:56.833 D/SystemServerTimingAsync(15731): ssm.onStartUser-0_com.android.server.graphics.fonts.FontManagerService$Lifecycle
06-04 18:26:56.833 D/SystemServerTimingAsync(15731): ssm.onStartUser-0_com.android.server.textservices.TextServicesManagerService$Lifecycle
06-04 18:26:56.833 D/SystemServerTimingAsync(15731): ssm.onStartUser-0_com.android.server.textclassifier.TextClassificationManagerService$Lifecycle
06-04 18:26:56.834 D/SystemServerTimingAsync(15731): ssm.onStartUser-0_com.android.server.NetworkScoreService$Lifecycle
06-04 18:26:56.834 D/SystemServerTimingAsync(15731): ssm.onStartUser-0_com.android.server.NetworkStatsServiceInitializer
06-04 18:26:56.834 D/SystemServerTimingAsync(15731): ssm.onStartUser-0_com.android.server.wifi.WifiService
06-04 18:26:56.834 D/SystemServerTimingAsync(15731): ssm.onStartUser-0_com.android.server.wifi.scanner.WifiScanningService
06-04 18:26:56.834 D/SystemServerTimingAsync(15731): ssm.onStartUser-0_com.android.server.wifi.p2p.WifiP2pService
06-04 18:26:56.834 D/SystemServerTimingAsync(15731): ssm.onStartUser-0_com.android.server.ConnectivityServiceInitializer
06-04 18:26:56.834 D/SystemServerTimingAsync(15731): ssm.onStartUser-0_com.android.server.notification.NotificationManagerService
06-04 18:26:56.834 D/SystemServerTimingAsync(15731): ssm.onStartUser-0_com.android.server.storage.DeviceStorageMonitorService
06-04 18:26:56.835 D/SystemServerTimingAsync(15731): ssm.onStartUser-0_com.android.server.timedetector.TimeDetectorService$Lifecycle
06-04 18:26:56.835 D/SystemServerTimingAsync(15731): ssm.onStartUser-0_com.android.server.location.LocationManagerService$Lifecycle
06-04 18:26:56.835 D/SystemServerTimingAsync(15731): ssm.onStartUser-0_com.android.server.timezonedetector.TimeZoneDetectorService$Lifecycle
06-04 18:26:56.836 D/SystemServerTimingAsync(15731): ssm.onStartUser-0_com.android.server.location.altitude.AltitudeService$Lifecycle
06-04 18:26:56.836 D/SystemServerTimingAsync(15731): ssm.onStartUser-0_com.android.server.timezonedetector.location.LocationTimeZoneManagerService$Lifecycle
06-04 18:26:56.836 D/SystemServerTimingAsync(15731): ssm.onStartUser-0_com.android.server.search.SearchManagerService$Lifecycle
06-04 18:26:56.836 D/SystemServerTimingAsync(15731): ssm.onStartUser-0_com.android.server.wallpaper.WallpaperManagerService$Lifecycle
06-04 18:26:56.836 D/SystemServerTimingAsync(15731): ssm.onStartUser-0_com.android.server.wallpapereffectsgeneration.WallpaperEffectsGenerationManagerService
06-04 18:26:56.836 D/SystemServerTimingAsync(15731): ssm.onStartUser-0_com.android.server.audio.AudioService$Lifecycle
06-04 18:26:56.836 D/SystemServerTimingAsync(15731): ssm.onStartUser-0_com.android.server.soundtrigger_middleware.SoundTriggerMiddlewareService$Lifecycle
06-04 18:26:56.836 D/SystemServerTimingAsync(15731): ssm.onStartUser-0_com.android.server.adb.AdbService$Lifecycle
06-04 18:26:56.836 D/SystemServerTimingAsync(15731): ssm.onStartUser-0_com.android.server.usb.UsbService$Lifecycle
06-04 18:26:56.836 D/SystemServerTimingAsync(15731): ssm.onStartUser-0_com.android.server.twilight.TwilightService
06-04 18:26:56.836 D/SystemServerTimingAsync(15731): ssm.onStartUser-0_com.android.server.display.color.ColorDisplayService
06-04 18:26:56.836 D/SystemServerTimingAsync(15731): ssm.onStartUser-0_com.android.server.job.JobSchedulerService
06-04 18:26:56.836 D/SystemServerTimingAsync(15731): ssm.onStartUser-0_com.android.server.soundtrigger.SoundTriggerService
06-04 18:26:56.836 D/SystemServerTimingAsync(15731): ssm.onStartUser-0_com.android.server.trust.TrustManagerService
06-04 18:26:56.836 D/SystemServerTimingAsync(15731): ssm.onStartUser-0_com.android.server.backup.BackupManagerService$Lifecycle
06-04 18:26:56.836 D/SystemServerTimingAsync(15731): ssm.onStartUser-0_com.android.server.appwidget.AppWidgetService
06-04 18:26:56.836 D/SystemServerTimingAsync(15731): ssm.onStartUser-0_com.android.server.voiceinteraction.VoiceInteractionManagerService
06-04 18:26:56.837 W/VoiceInteractionManager(15731): no available voice recognition services found for user 0
06-04 18:26:56.837 D/SystemServerTimingAsync(15731): ssm.onStartUser-0_com.android.server.GestureLauncherService
06-04 18:26:56.837 D/SystemServerTimingAsync(15731): ssm.onStartUser-0_com.android.server.SensorNotificationService
06-04 18:26:56.837 D/SystemServerTimingAsync(15731): ssm.onStartUser-0_com.android.server.emergency.EmergencyAffordanceService
06-04 18:26:56.837 D/SystemServerTimingAsync(15731): ssm.onStartUser-0_com.android.server.blob.BlobStoreManagerService
06-04 18:26:56.837 D/SystemServerTimingAsync(15731): ssm.onStartUser-0_com.android.server.dreams.DreamManagerService
06-04 18:26:56.837 D/SystemServerTimingAsync(15731): ssm.onStartUser-0_com.android.server.security.AttestationVerificationManagerService
06-04 18:26:56.837 D/SystemServerTimingAsync(15731): ssm.onStartUser-0_com.android.server.restrictions.RestrictionsManagerService
06-04 18:26:56.837 D/SystemServerTimingAsync(15731): ssm.onStartUser-0_com.android.server.media.MediaSessionService
06-04 18:26:56.837 D/SystemServerTimingAsync(15731): ssm.onStartUser-0_com.android.server.hdmi.HdmiControlService
06-04 18:26:56.837 D/SystemServerTimingAsync(15731): ssm.onStartUser-0_com.android.server.tv.interactive.TvInteractiveAppManagerService
06-04 18:26:56.837 D/SystemServerTimingAsync(15731): ssm.onStartUser-0_com.android.server.tv.TvInputManagerService
06-04 18:26:56.837 D/SystemServerTimingAsync(15731): ssm.onStartUser-0_com.android.server.media.MediaResourceMonitorService
06-04 18:26:56.837 D/SystemServerTimingAsync(15731): ssm.onStartUser-0_com.android.server.tv.TvRemoteService
06-04 18:26:56.837 D/SystemServerTimingAsync(15731): ssm.onStartUser-0_com.android.server.biometrics.BiometricService
06-04 18:26:56.837 D/SystemServerTimingAsync(15731): ssm.onStartUser-0_com.android.server.biometrics.AuthService
06-04 18:26:56.837 D/SystemServerTimingAsync(15731): ssm.onStartUser-0_com.android.server.pm.ShortcutService$Lifecycle
06-04 18:26:56.837 D/SystemServerTimingAsync(15731): ssm.onStartUser-0_com.android.server.pm.LauncherAppsService
06-04 18:26:56.837 D/SystemServerTimingAsync(15731): ssm.onStartUser-0_com.android.server.pm.CrossProfileAppsService
06-04 18:26:56.837 D/SystemServerTimingAsync(15731): ssm.onStartUser-0_com.android.server.people.PeopleService
06-04 18:26:56.837 D/SystemServerTimingAsync(15731): ssm.onStartUser-0_com.android.server.media.metrics.MediaMetricsManagerService
06-04 18:26:56.837 D/SystemServerTimingAsync(15731): ssm.onStartUser-0_com.android.server.pm.BackgroundInstallControlService
06-04 18:26:56.837 D/SystemServerTimingAsync(15731): ssm.onStartUser-0_com.android.server.media.projection.MediaProjectionManagerService
06-04 18:26:56.837 D/SystemServerTimingAsync(15731): ssm.onStartUser-0_com.android.server.slice.SliceManagerService$Lifecycle
06-04 18:26:56.837 D/SystemServerTimingAsync(15731): ssm.onStartUser-0_com.android.server.stats.StatsCompanion$Lifecycle
06-04 18:26:56.837 D/SystemServerTimingAsync(15731): ssm.onStartUser-0_com.android.server.scheduling.RebootReadinessManagerService$Lifecycle
06-04 18:26:56.837 D/SystemServerTimingAsync(15731): ssm.onStartUser-0_com.android.server.stats.pull.StatsPullAtomService
06-04 18:26:56.837 D/SystemServerTimingAsync(15731): ssm.onStartUser-0_com.android.server.stats.bootstrap.StatsBootstrapAtomService$Lifecycle
06-04 18:26:56.837 D/SystemServerTimingAsync(15731): ssm.onStartUser-0_com.android.server.incident.IncidentCompanionService
06-04 18:26:56.837 D/SystemServerTimingAsync(15731): ssm.onStartUser-0_com.android.server.sdksandbox.SdkSandboxManagerService$Lifecycle
06-04 18:26:56.837 D/SystemServerTimingAsync(15731): ssm.onStartUser-0_com.android.server.adservices.AdServicesManagerService$Lifecycle
06-04 18:26:56.837 D/SystemServerTimingAsync(15731): ssm.onStartUser-0_com.android.server.ondevicepersonalization.OnDevicePersonalizationSystemService$Lifecycle
06-04 18:26:56.837 D/SystemServerTimingAsync(15731): ssm.onStartUser-0_com.android.server.autofill.AutofillManagerService
06-04 18:26:56.837 D/SystemServerTimingAsync(15731): ssm.onStartUser-0_com.android.server.clipboard.ClipboardService
06-04 18:26:56.837 D/SystemServerTimingAsync(15731): ssm.onStartUser-0_com.android.server.appbinding.AppBindingService$Lifecycle
06-04 18:26:56.838 W/AppBindingService(15731): [Default SMS app] u0 Target package not found
06-04 18:26:56.838 D/SystemServerTimingAsync(15731): ssm.onStartUser-0_com.android.server.tracing.TracingServiceProxy
06-04 18:26:56.838 D/SystemServerTimingAsync(15731): ssm.onStartUser-0_com.android.server.policy.PermissionPolicyService
06-04 18:26:56.838 D/SystemServerTimingAsync(15731): ssm.onStartUser-0_com.android.server.pm.StagingManager$Lifecycle
06-04 18:26:56.838 D/SystemServerTimingAsync(15731): ssm.onStartUser-0_com.android.server.app.GameManagerService$Lifecycle
06-04 18:26:56.838 D/GameManagerService(15731): Starting user 0
06-04 18:26:56.843 D/SystemServerTimingAsync(15731): ssm.onStartUser-0_com.android.safetycenter.SafetyCenterService
06-04 18:26:56.843 D/SystemServerTimingAsync(15731): ssm.onStartUser-0_com.android.server.appsearch.AppSearchModule$Lifecycle
06-04 18:26:56.843 D/SystemServerTimingAsync(15731): ssm.onStartUser-0_com.android.server.media.MediaCommunicationService
06-04 18:26:56.843 D/SystemServerTimingAsync(15731): ssm.onStartUser-0_com.android.server.compat.overrides.AppCompatOverridesService$Lifecycle
06-04 18:26:56.843 D/SystemServerTimingAsync(15731): ssm.onStartUser-0_com.android.server.healthconnect.HealthConnectManagerService
06-04 18:26:56.843 D/SystemServerTimingAsync(15731): ssm.onStartUser-0_com.android.server.devicelock.DeviceLockService
06-04 18:26:56.844 D/SystemServerTiming(15731): startPersistentApps
06-04 18:26:56.847 D/CompatibilityChangeReporter(15731): Compat change id reported: 135634846; UID 1068; state: DISABLED
06-04 18:26:56.847 D/SystemServerTiming(15731): startHomeOnAllDisplays
06-04 18:26:56.852 D/WindowManager(15731): ThemeHomeDelay: Home launch was deferred.
06-04 18:26:56.852 D/SystemServerTiming(15731): showSystemReadyErrorDialogs
06-04 18:26:56.872 I/android.hardware.wifi-service.droidlogic( 493): Legacy HAL stop complete callback received
06-04 18:26:56.908 W/ActivityManager(15731): Slow operation: 62ms so far, now at startProcess: returned from zygote!
06-04 18:26:56.931 I/android.hardware.wifi-service.droidlogic( 493): Wifi HAL stopped
06-04 18:26:56.938 W/android.hardware.wifi-service.droidlogic( 493): Duplicate death notification registration
06-04 18:26:56.977 E/Build (15731): Vendor interface is incompatible, error=1
06-04 18:26:56.977 E/ActivityTaskManager(15731): Build fingerprint is not consistent, warning user
06-04 18:26:56.978 D/SystemServerTiming(15731): sendUserStartBroadcast
06-04 18:26:56.979 D/SystemServerTiming(15731): resumeTopActivities
06-04 18:26:56.989 D/SystemServerTiming(15731): sendUserSwitchBroadcasts
06-04 18:26:56.990 D/SystemServerTiming(15731): setBinderProxies
06-04 18:26:56.990 D/SystemServerTiming(15731): componentAlias
06-04 18:26:56.991 D/ComponentAliasResolver(15731): Compat listener set.
06-04 18:26:56.992 D/SystemServerTiming(15731): LockSettingsThirdPartyAppsStarted
06-04 18:26:56.992 D/SystemServerTiming(15731): StartSystemUI
06-04 18:26:56.993 D/CompatibilityChangeReporter(15731): Compat change id reported: 168419799; UID 1002; state: DISABLED
06-04 18:26:56.993 D/CompatibilityChangeReporter(15731): Compat change id reported: 273564678; UID 1002; state: DISABLED
06-04 18:26:56.997 D/CompatibilityChangeReporter(15731): Compat change id reported: 265195908; UID 1002; state: ENABLED
06-04 18:26:56.997 W/ActivityManager(15731): Slow operation: 151ms so far, now at startProcess: done updating battery stats
06-04 18:26:56.997 W/ActivityManager(15731): Slow operation: 151ms so far, now at startProcess: building log message
06-04 18:26:56.997 I/ActivityManager(15731): Start proc 16041:com.android.se/1068 for added application com.android.se
06-04 18:26:56.997 W/ActivityManager(15731): Slow operation: 151ms so far, now at startProcess: starting to update pids map
06-04 18:26:56.997 W/ActivityManager(15731): Slow operation: 151ms so far, now at startProcess: done updating pids map
06-04 18:26:57.001 D/CompatibilityChangeReporter(15731): Compat change id reported: 168419799; UID 1068; state: DISABLED
06-04 18:26:57.001 D/CompatibilityChangeReporter(15731): Compat change id reported: 273564678; UID 1068; state: DISABLED
06-04 18:26:57.011 D/CompatibilityChangeReporter(15731): Compat change id reported: 265195908; UID 1068; state: ENABLED
06-04 18:26:57.012 W/ActivityManager(15731): Unable to start service Intent { flg=0x100 cmp=com.droidlogic/.StubKeyguardService } U=0: not found
06-04 18:26:57.012 D/SystemServerTiming(15731): startApexServices
06-04 18:26:57.013 D/SystemServerTiming(15731): starting com.android.server.scheduling.RebootReadinessManagerService$Lifecycle
06-04 18:26:57.013 I/SystemServiceManager(15731): Starting com.android.server.scheduling.RebootReadinessManagerService$Lifecycle
06-04 18:26:57.013 I/SystemServiceManager(15731): Not starting an already started service com.android.server.scheduling.RebootReadinessManagerService$Lifecycle
06-04 18:26:57.013 D/SystemServerTiming(15731): UpdateWatchdogTimeout
06-04 18:26:57.013 I/Watchdog(15731): Watchdog timeout updated to 60000 millis
06-04 18:26:57.018 I/MR2ServiceImpl(15731): registerManager | uid: 10052, pid: 15915, package: com.android.systemui, user: 0
06-04 18:26:57.022 W/android.hardware.wifi-service.droidlogic( 493): --------------------------------
06-04 18:26:57.022 W/android.hardware.wifi-service.droidlogic( 493): Wi-Fi Hal(Amlogic multi-wifi so library) build info:
06-04 18:26:57.022 W/android.hardware.wifi-service.droidlogic( 493): Author: ShenZhen wifi platform team
06-04 18:26:57.022 W/android.hardware.wifi-service.droidlogic( 493): Branch name: s-amlogic
06-04 18:26:57.022 W/android.hardware.wifi-service.droidlogic( 493): Last Commit Info:
06-04 18:26:57.022 W/android.hardware.wifi-service.droidlogic( 493): commit 261ff018afdce4373c75fbf43963aa0d35f58dc5
06-04 18:26:57.022 W/android.hardware.wifi-service.droidlogic( 493): Author: li.dong
06-04 18:26:57.022 W/android.hardware.wifi-service.droidlogic( 493): Date: 2024-06-18 11:01:08 +0800
06-04 18:26:57.022 W/android.hardware.wifi-service.droidlogic( 493): PD#SWPL-164711
06-04 18:26:57.022 W/android.hardware.wifi-service.droidlogic( 493): Change-Id: I2961daeab82941e3ed12007689a93099019d1795
06-04 18:26:57.022 W/android.hardware.wifi-service.droidlogic( 493): uncommit file num: 0
06-04 18:26:57.022 W/android.hardware.wifi-service.droidlogic( 493): Build name: li.dong
06-04 18:26:57.022 W/android.hardware.wifi-service.droidlogic( 493): Build time: 2024-09-06 11:01:40 +0800
06-04 18:26:57.022 W/android.hardware.wifi-service.droidlogic( 493): Build arch: arm
06-04 18:26:57.022 W/android.hardware.wifi-service.droidlogic( 493): Build use wifi_info so library: true
06-04 18:26:57.022 W/android.hardware.wifi-service.droidlogic( 493): --------------------------------
06-04 18:26:57.022 W/android.hardware.wifi-service.droidlogic( 493): use wifi info
06-04 18:26:57.022 W/Looper (15731): Slow delivery took 4443ms main h=android.app.PropertyInvalidatedCache$AutoCorker$1 c=null m=0
06-04 18:26:57.025 W/android.hardware.wifi-service.droidlogic( 493): driver is load,not load again
06-04 18:26:57.025 I/android.hardware.wifi-service.droidlogic( 493): After driver loaded, wifi_name:aml_w2_s
06-04 18:26:57.025 I/android.hardware.wifi-service.droidlogic( 493): Even /data/vendor/wifi/wpa/wpa_supplicant.conf exists, still overwrite it.
06-04 18:26:57.025 I/android.hardware.wifi-service.droidlogic( 493): Migrated conf file from /vendor/etc/wifi/unbcm_supplicant.conf to /data/vendor/wifi/wpa/wpa_supplicant.conf: No such file or directory
06-04 18:26:57.025 I/android.hardware.wifi-service.droidlogic( 493): Even /data/vendor/wifi/wpa/p2p_supplicant.conf exists, still overwrite it.
06-04 18:26:57.026 I/android.hardware.wifi-service.droidlogic( 493): Migrated conf file from /vendor/etc/wifi/p2p_supplicant.conf to /data/vendor/wifi/wpa/p2p_supplicant.conf: Read-only file system
06-04 18:26:57.026 I/android.hardware.wifi-service.droidlogic( 493): no bcm and uwe wifi ,need use p2p0 with p2p interface
06-04 18:26:57.028 I/android.hardware.wifi-service.droidlogic( 493): Wifi HAL started
06-04 18:26:57.038 I/DisplayDeviceRepository(15731): Display device changed: DisplayDeviceInfo{"内置屏幕": uniqueId="local:4639170348389509643", 3840 x 2160, modeId 3, renderFrameRate 59.94006, defaultModeId 3, supportedModes [{id=1, width=1920, height=1080, fps=59.94006, alternativeRefreshRates=[], supportedHdrTypes=[2]}, {id=2, width=1920, height=1080, fps=60.000004, alternativeRefreshRates=[], supportedHdrTypes=[2]}, {id=3, width=3840, height=2160, fps=59.94006, alternativeRefreshRates=[], supportedHdrTypes=[2]}, {id=4, width=3840, height=2160, fps=60.000004, alternativeRefreshRates=[], supportedHdrTypes=[2]}, {id=5, width=3840, height=2160, fps=50.0, alternativeRefreshRates=[], supportedHdrTypes=[2]}, {id=6, width=3840, height=2160, fps=29.97003, alternativeRefreshRates=[], supportedHdrTypes=[2]}, {id=7, width=3840, height=2160, fps=30.000002, alternativeRefreshRates=[], supportedHdrTypes=[2]}, {id=8, width=3840, height=2160, fps=25.0, alternativeRefreshRates=[], supportedHdrTypes=[2]}, {id=9, width=3840, height=2160, fps=23.976025, alternativeRefreshRates=[], supportedHdrTypes=[2]}, {id=10, width=3840, height=2160, fps=24.000002, alternativeRefreshRates=[], supportedHdrTypes=[2]}, {id=11, width=1920, height=1080, fps=50.0, alternativeRefreshRates=[], supportedHdrTypes=[2]}, {id=12, width=1280, height=720, fps=59.94006, alternativeRefreshRates=[], supportedHdrTypes=[2]}, {id=13, width=1280, height=720, fps=60.000004, alternativeRefreshRates=[], supportedHdrTypes=[2]}, {id=14, width=1280, height=720, fps=50.0, alternativeRefreshRates=[], supportedHdrTypes=[2]}], colorMode 0, supportedColorModes [0], hdrCapabilities HdrCapabilities{mSupportedHdrTypes=[2], mMaxLuminance=500.0, mMaxAverageLuminance=500.0, mMinLuminance=0.0}, allmSupported false, gameContentTypeSupported true, density 480, 79.947 x 79.513 dpi, appVsyncOff 2000000, presDeadline 13683333, touch INTERNAL, rotation 0, type INTERNAL, address {port=11, model=0x4061a4da3c482a}, deviceProductInfo DeviceProductInfo{name=Mi TV, manufacturerPnpId=XMD, productId=74, modelYear=null, manufactureDate=ManufactureDate{week=13, year=2019}, connectionToSinkType=2}, state ON, committedState ON, frameRateOverride , brightnessMinimum 0.0, brightnessMaximum 1.0, brightnessDefault 0.39763778, hdrSdrRatio NaN, FLAG_ALLOWED_TO_BE_DEFAULT_DISPLAY, FLAG_ROTATES_WITH_CONTENT, FLAG_SECURE, FLAG_SUPPORTS_PROTECTED_BUFFERS, FLAG_TRUSTED, installOrientation 0, displayShape DisplayShape{ spec=-545313861 displayWidth=3840 displayHeight=2160 physicalPixelDisplaySizeRatio=1.0 rotation=0 offsetX=0 offsetY=0 scale=1.0}}
06-04 18:26:57.048 W/android.hardware.wifi-service.droidlogic( 493): No active wlan interfaces in use! Using default
06-04 18:26:57.048 E/android.hardware.wifi-service.droidlogic( 493): Unknown iface name: wlan0
06-04 18:26:57.048 E/android.hardware.wifi-service.droidlogic( 493): Unknown iface name: wlan0
06-04 18:26:57.056 D/ConditionProviders.SCP(15731): onConnected
06-04 18:26:57.057 D/ConditionProviders.SCP(15731): onSubscribe condition://android/schedule?days=1.2.3.4.5.6.7&start=22.0&end=7.0&exitAtAlarm=true
06-04 18:26:57.057 D/ConditionProviders.SCP(15731): setRegistered true
06-04 18:26:57.060 W/ActivityThread(15731): Failed to find provider info for com.android.calendar (user not unlocked)
06-04 18:26:57.060 W/ActivityThread(15731): Failed to find provider info for com.android.calendar (user not unlocked)
06-04 18:26:57.067 D/CompatibilityChangeReporter(15731): Compat change id reported: 253665015; UID 1073; state: ENABLED
06-04 18:26:57.069 D/CompatibilityChangeReporter(15731): Compat change id reported: 194532703; UID 1073; state: ENABLED
06-04 18:26:57.069 W/android.hardware.wifi-service.droidlogic( 493): No active wlan interfaces in use! Using default
06-04 18:26:57.069 E/android.hardware.wifi-service.droidlogic( 493): Unknown iface name: wlan0
06-04 18:26:57.069 E/android.hardware.wifi-service.droidlogic( 493): Unknown iface name: wlan0
06-04 18:26:57.074 D/ConditionProviders.SCP(15731): evaluateSubscriptionLocked cal=ScheduleCalendar[mDays={1, 2, 3, 4, 5, 6, 7}, mSchedule=ScheduleInfo{days=[1, 2, 3, 4, 5, 6, 7], startHour=22, startMinute=0, endHour=7, endMinute=0, exitAtAlarm=true, nextAlarm=Thu Jan 01 08:00:00 GMT+08:00 1970 (0)}], now=Wed Jun 04 18:26:57 GMT+08:00 2025 (1749032817057), nextUserAlarmTime=Thu Jan 01 08:00:00 GMT+08:00 1970 (0)
06-04 18:26:57.075 D/ConditionProviders.SCP(15731): notifyCondition condition://android/schedule?days=1.2.3.4.5.6.7&start=22.0&end=7.0&exitAtAlarm=true STATE_FALSE reason=!meetsSchedule
06-04 18:26:57.092 D/CompatibilityChangeReporter(15731): Compat change id reported: 218533173; UID 1000; state: ENABLED
06-04 18:26:57.102 D/ConditionProviders.SCP(15731): Scheduling evaluate for Wed Jun 04 22:00:00 GMT+08:00 2025 (1749045600000), in +3h33m2s943ms, now=Wed Jun 04 18:26:57 GMT+08:00 2025 (1749032817057)
06-04 18:26:57.108 D/CompatibilityChangeReporter(15731): Compat change id reported: 135634846; UID 10059; state: DISABLED
06-04 18:26:57.109 D/CompatibilityChangeReporter(15731): Compat change id reported: 143937733; UID 10059; state: ENABLED
06-04 18:26:57.117 D/HDMI (15731): receive android.intent.action.CONFIGURATION_CHANGED
06-04 18:26:57.136 D/HDMI (15731): receive android.intent.action.CONFIGURATION_CHANGED
06-04 18:26:57.148 I/android.hardware.wifi-service.droidlogic( 493): Adding interface handle for p2p0
06-04 18:26:57.148 I/android.hardware.wifi-service.droidlogic( 493): Adding interface handle for ap0
06-04 18:26:57.148 I/android.hardware.wifi-service.droidlogic( 493): Adding interface handle for wlan0
06-04 18:26:57.148 W/android.hardware.wifi-service.droidlogic( 493): No active wlan interfaces in use! Using default
06-04 18:26:57.148 E/android.hardware.wifi-service.droidlogic( 493): Failed to register radio mode change callback
06-04 18:26:57.148 W/android.hardware.wifi-service.droidlogic( 493): No active wlan interfaces in use! Using default
06-04 18:26:57.153 D/AudioService(15731): onStatusChange cecEnabled:false available:false
06-04 18:26:57.155 E/android.hardware.wifi-service.droidlogic( 493): Failed to get SupportedIfaceCombinations matrix from legacy HAL: NOT_SUPPORTED
06-04 18:26:57.155 I/android.hardware.wifi-service.droidlogic( 493): Configured chip in mode 3
