06-04 12:13:35.209 V/WindowManagerShell( 939): onTransitionReady android.os.BinderProxy@eeb8ec7: {id=5 t=OPEN f=0x0 trk=0 r=[0@Point(0, 0)] c=[{null m=CLOSE f=FILLS_TASK leash=Surface(name=ActivityRecord{1948d80 u0 com.dangbei.leard.leradlauncher/.module.usercenter.UserCenterActivity)/@0x7953e92 sb=Rect(0, 0 - 1920, 1080) eb=Rect(0, 0 - 1920, 1080) d=0},{null m=TO_FRONT f=FILLS_TASK leash=Surface(name=ActivityRecord{791cab8 u0 com.dangbei.leard.leradlauncher/com.dangbei.launcher.home.LauncherActivity)/@0xa885063 sb=Rect(0, 0 - 1920, 1080) eb=Rect(0, 0 - 1920, 1080) d=0}]}
06-04 12:13:35.210 V/WindowManagerShell( 939): Playing animation for (#5)android.os.BinderProxy@eeb8ec7@0
06-04 12:13:35.210 V/WindowManagerShell( 939): try handler com.android.wm.shell.keyguard.KeyguardTransitionHandler@3edb90e
06-04 12:13:35.210 V/WindowManagerShell( 939): try handler com.android.wm.shell.pip.tv.TvPipTransition@96e3f2f
06-04 12:13:35.210 V/WindowManagerShell( 939): try handler com.android.wm.shell.activityembedding.ActivityEmbeddingController@88b693c
06-04 12:13:35.210 V/WindowManagerShell( 939): try handler com.android.wm.shell.transition.RemoteTransitionHandler@dd446c5
06-04 12:13:35.210 V/WindowManagerShell( 939): Transition doesn't have explicit remote, search filters for match for {id=5 t=OPEN f=0x0 trk=0 r=[0@Point(0, 0)] c=[{null m=CLOSE f=FILLS_TASK leash=Surface(name=ActivityRecord{1948d80 u0 com.dangbei.leard.leradlauncher/.module.usercenter.UserCenterActivity)/@0x7953e92 sb=Rect(0, 0 - 1920, 1080) eb=Rect(0, 0 - 1920, 1080) d=0},{null m=TO_FRONT f=FILLS_TASK leash=Surface(name=ActivityRecord{791cab8 u0 com.dangbei.leard.leradlauncher/com.dangbei.launcher.home.LauncherActivity)/@0xa885063 sb=Rect(0, 0 - 1920, 1080) eb=Rect(0, 0 - 1920, 1080) d=0}]}
06-04 12:13:35.210 V/WindowManagerShell( 939): Delegate animation for #5 to null
06-04 12:13:35.210 V/WindowManagerShell( 939): try handler com.android.wm.shell.transition.DefaultTransitionHandler@250581a
06-04 12:13:35.210 V/WindowManagerShell( 939): start default transition animation, info = {id=5 t=OPEN f=0x0 trk=0 r=[0@Point(0, 0)] c=[{null m=CLOSE f=FILLS_TASK leash=Surface(name=ActivityRecord{1948d80 u0 com.dangbei.leard.leradlauncher/.module.usercenter.UserCenterActivity)/@0x7953e92 sb=Rect(0, 0 - 1920, 1080) eb=Rect(0, 0 - 1920, 1080) d=0},{null m=TO_FRONT f=FILLS_TASK leash=Surface(name=ActivityRecord{791cab8 u0 com.dangbei.leard.leradlauncher/com.dangbei.launcher.home.LauncherActivity)/@0xa885063 sb=Rect(0, 0 - 1920, 1080) eb=Rect(0, 0 - 1920, 1080) d=0}]}
06-04 12:13:35.211 V/WindowManager( 713): Sent Transition #5 createdAt=06-04 12:13:35.126 via request=TransitionRequestInfo { type = 1, triggerTask = TaskInfo{userId=0 taskId=43 displayId=0 isRunning=true baseIntent=Intent { act=android.intent.action.MAIN cat=[android.intent.category.HOME] flg=0x10800100 cmp=com.dangbei.leard.leradlauncher/com.dangbei.launcher.home.LauncherActivity } baseActivity=ComponentInfo{com.dangbei.leard.leradlauncher/com.dangbei.launcher.home.LauncherActivity} topActivity=ComponentInfo{com.dangbei.leard.leradlauncher/com.dangbei.launcher.home.LauncherActivity} origActivity=null realActivity=ComponentInfo{com.dangbei.leard.leradlauncher/com.dangbei.launcher.home.LauncherActivity} numActivities=1 lastActiveTime=50447 supportsMultiWindow=true resizeMode=0 isResizeable=false minWidth=-1 minHeight=-1 defaultMinSize=220 token=WCT{RemoteToken{fb82221 Task{b0aebf6 #43 type=home A=1000:com.dangbei.leard.leradlauncher}}} topActivityType=2 pictureInPictureParams=null shouldDockBigOverlays=true launchIntoPipHostTaskId=-1 lastParentTaskIdBeforePip=-1 displayCutoutSafeInsets=null topActivityInfo=ActivityInfo{db6474e com.dangbei.launcher.home.LauncherActivity} launchCookies=[] positionInParent=Point(0, 0) parentTaskId=-1 isFocused=true isVisible=true isVisibleRequested=false isSleeping=false topActivityInSizeCompat=false topActivityEligibleForLetterboxEducation= false isLetterboxDoubleTapEnabled= false topActivityEligibleForUserAspectRatioButton= false topActivityBoundsLetterboxed= false isFromLetterboxDoubleTap= false topActivityLetterboxVerticalPosition= -1 topActivityLetterboxHorizontalPosition= -1 topActivityLetterboxWidth=-1 topActivityLetterboxHeight=-1 isUserFullscreenOverrideEnabled=false isTopActivityTransparent=false locusId=null displayAreaFeatureId=1 cameraCompatControlState=hidden}, remoteTransition = null, displayChange = null, flags = 0 }
06-04 12:13:35.211 V/WindowManager( 713): startWCT=WindowContainerTransaction { changes = {} hops = [] errorCallbackToken=null taskFragmentOrganizer=null }
06-04 12:13:35.211 V/WindowManager( 713): info={id=5 t=OPEN f=0x0 trk=0 r=[0@Point(0, 0)] c=[{null m=CLOSE f=FILLS_TASK leash=Surface(name=ActivityRecord{1948d80 u0 com.dangbei.leard.leradlauncher/.module.usercenter.UserCenterActivity)/@0xbf4a67b sb=Rect(0, 0 - 1920, 1080) eb=Rect(0, 0 - 1920, 1080) d=0},{null m=TO_FRONT f=FILLS_TASK leash=Surface(name=ActivityRecord{791cab8 u0 com.dangbei.leard.leradlauncher/com.dangbei.launcher.home.LauncherActivity)/@0x1b33e0a sb=Rect(0, 0 - 1920, 1080) eb=Rect(0, 0 - 1920, 1080) d=0}]}
06-04 12:13:35.212 V/WindowManagerShell( 939): Transition animation finished (aborted=false), notifying core (#5)android.os.BinderProxy@eeb8ec7@0
06-04 12:13:35.214 D/OomAdjuster( 713): Not killing cached processes
06-04 12:13:35.215 V/WindowManager( 713): Finish Transition #5: created at
06-04 12:13:35.126 collect-started=0.096ms request-sent=7.19ms started=10.672ms ready=22.848ms sent=82.259ms finished=89.148ms
06-04 12:13:35.220 V/WindowManagerShell( 939): Track 0 became idle
06-04 12:13:35.220 V/WindowManagerShell( 939): All active transition animations finished
06-04 12:13:35.220 V/WindowManagerShell( 939): animated by com.android.wm.shell.transition.DefaultTransitionHandler@250581a
06-04 12:13:35.220 V/WindowManagerShell( 939): Track 0 became idle
06-04 12:13:35.220 V/WindowManagerShell( 939): All active transition animations finished
06-04 12:13:35.238 D/CoreBackPreview( 713): Window{476335f u0 com.dangbei.leard.leradlauncher/com.dangbei.leard.leradlauncher.module.usercenter.UserCenterActivity}: Setting back callback null
06-04 12:13:35.253 D/WindowManagerShell( 939): TvPipController: onTaskStackChanged()
06-04 12:13:35.277 W/ContextImpl( 713): Calling a method in the system process without a qualified user: android.app.ContextImpl.startService:1899 com.android.server.wm.DisplayPolicy.lambda$focusChangedLw$5:2126 com.android.server.wm.DisplayPolicy.$r8$lambda$Znxk63oh-WzVnzo_WQefN7uxV48:0 com.android.server.wm.DisplayPolicy$$ExternalSyntheticLambda13.run:0 android.os.Handler.handleCallback:958
06-04 16:21:14.679 E/LazyAlarmStore( 713): Removed TIME_TICK alarm
06-04 16:21:14.704 I/JobScheduler( 713): RTC now valid; recalculating persisted job windows
06-04 16:21:14.722 W/SyncManager( 713): Clock is valid now.
06-04 16:21:14.723 D/ConditionProviders.SCP( 713): onReceive android.intent.action.TIME_SET
06-04 16:21:14.726 D/ConditionProviders.SCP( 713): evaluateSubscriptionLocked cal=ScheduleCalendar[mDays={1, 2, 3, 4, 5, 6, 7}, mSchedule=ScheduleInfo{days=[1, 2, 3, 4, 5, 6, 7], startHour=22, startMinute=0, endHour=7, endMinute=0, exitAtAlarm=true, nextAlarm=Thu Jan 01 08:00:00 GMT+08:00 1970 (0)}], now=Wed Jun 04 16:21:14 GMT+08:00 2025 (1749025274723), nextUserAlarmTime=Thu Jan 01 08:00:00 GMT+08:00 1970 (0)
06-04 16:21:14.726 D/ConditionProviders.SCP( 713): notifyCondition condition://android/schedule?days=1.2.3.4.5.6.7&start=22.0&end=7.0&exitAtAlarm=true STATE_FALSE reason=!meetsSchedule
06-04 16:21:14.728 D/ConditionProviders.SCP( 713): Scheduling evaluate for Wed Jun 04 22:00:00 GMT+08:00 2025 (1749045600000), in +5h38m45s277ms, now=Wed Jun 04 16:21:14 GMT+08:00 2025 (1749025274723)
06-04 16:21:14.760 D/CompatibilityChangeReporter( 713): Compat change id reported: 143231523; UID 1000; state: DISABLED
06-04 16:21:14.811 I/UsageStatsService( 713): User[0] Time changed in by 14856 seconds
06-04 16:21:14.811 I/UsageStatsService( 713): User[0] Flushing usage stats to disk
06-04 16:21:14.824 I/UsageStatsDatabase( 713): Time changed by +4h7m36s612ms. files deleted: 0 files moved: 4
06-04 16:21:14.829 I/UsageStatsService( 713): User[0] Rollover scheduled @ 2025-06-05 16:20:44(1749111644638)
06-04 16:21:14.833 D/CompatibilityChangeReporter( 713): Compat change id reported: 218533173; UID 10017; state: ENABLED
06-04 16:21:14.833 D/CompatibilityChangeReporter( 713): Compat change id reported: 262645982; UID 10017; state: ENABLED
06-04 16:21:14.835 D/CompatibilityChangeReporter( 713): Compat change id reported: 218533173; UID 10039; state: DISABLED
06-04 16:21:14.835 D/CompatibilityChangeReporter( 713): Compat change id reported: 262645982; UID 10039; state: DISABLED
06-04 16:21:14.835 D/CompatibilityChangeReporter( 713): Compat change id reported: 218533173; UID 10019; state: ENABLED
06-04 16:21:14.836 D/CompatibilityChangeReporter( 713): Compat change id reported: 262645982; UID 10019; state: ENABLED
06-04 16:21:14.837 D/CompatibilityChangeReporter( 713): Compat change id reported: 218533173; UID 10027; state: ENABLED
06-04 16:21:14.837 D/CompatibilityChangeReporter( 713): Compat change id reported: 262645982; UID 10027; state: ENABLED
06-04 16:21:14.841 D/CompatibilityChangeReporter( 713): Compat change id reported: 218533173; UID 10026; state: DISABLED
06-04 16:21:14.841 D/CompatibilityChangeReporter( 713): Compat change id reported: 262645982; UID 10026; state: DISABLED
06-04 16:21:14.841 D/CompatibilityChangeReporter( 713): Compat change id reported: 218533173; UID 10043; state: DISABLED
06-04 16:21:14.841 D/CompatibilityChangeReporter( 713): Compat change id reported: 262645982; UID 10043; state: DISABLED
06-04 16:21:14.843 D/CompatibilityChangeReporter( 713): Compat change id reported: 218533173; UID 10071; state: ENABLED
06-04 16:21:14.843 D/CompatibilityChangeReporter( 713): Compat change id reported: 262645982; UID 10071; state: ENABLED
06-04 16:21:14.844 D/CompatibilityChangeReporter( 713): Compat change id reported: 218533173; UID 10075; state: DISABLED
06-04 16:21:14.844 D/CompatibilityChangeReporter( 713): Compat change id reported: 262645982; UID 10075; state: DISABLED
06-04 16:21:14.847 D/CompatibilityChangeReporter( 713): Compat change id reported: 218533173; UID 10025; state: ENABLED
06-04 16:21:14.847 D/CompatibilityChangeReporter( 713): Compat change id reported: 262645982; UID 10025; state: ENABLED
06-04 16:21:14.848 D/CompatibilityChangeReporter( 713): Compat change id reported: 218533173; UID 10022; state: ENABLED
06-04 16:21:14.848 D/CompatibilityChangeReporter( 713): Compat change id reported: 262645982; UID 10022; state: ENABLED
06-04 16:21:14.852 D/CompatibilityChangeReporter( 713): Compat change id reported: 218533173; UID 10049; state: DISABLED
06-04 16:21:14.852 D/CompatibilityChangeReporter( 713): Compat change id reported: 262645982; UID 10049; state: DISABLED
06-04 16:21:14.853 D/CompatibilityChangeReporter( 713): Compat change id reported: 218533173; UID 10016; state: ENABLED
06-04 16:21:14.853 D/CompatibilityChangeReporter( 713): Compat change id reported: 262645982; UID 10016; state: ENABLED
06-04 16:21:14.853 D/CompatibilityChangeReporter( 713): Compat change id reported: 218533173; UID 10058; state: ENABLED
06-04 16:21:14.854 D/CompatibilityChangeReporter( 713): Compat change id reported: 262645982; UID 10058; state: ENABLED
06-04 16:21:14.855 D/CompatibilityChangeReporter( 713): Compat change id reported: 218533173; UID 10070; state: ENABLED
06-04 16:21:14.855 D/CompatibilityChangeReporter( 713): Compat change id reported: 262645982; UID 10070; state: ENABLED
06-04 16:21:19.318 D/ActivityManager( 713): freezing 2196 com.android.providers.tv
06-04 16:21:19.749 D/OomAdjuster( 713): Not killing cached processes
06-04 16:21:19.757 D/CompatibilityChangeReporter( 713): Compat change id reported: 261072174; UID 1000; state: ENABLED
06-04 16:21:22.043 D/ActivityManager( 713): freezing 1585 android.process.acore
06-04 16:21:24.692 D/ActivityManager( 713): freezing 1675 android.process.media
06-04 16:21:27.912 D/ActivityManager( 713): sync unfroze 2196 com.android.providers.tv for 6
06-04 16:21:27.956 D/OomAdjuster( 713): Not killing cached processes
06-04 16:21:34.723 D/OomAdjuster( 713): Not killing cached processes
06-04 16:21:37.983 D/ActivityManager( 713): freezing 2196 com.android.providers.tv
06-04 16:21:38.503 I/UsageStatsService( 713): Time changed in by 14856 seconds
06-04 16:21:44.642 W/BatteryExternalStatsWorker( 713): error reading Bluetooth stats: 11
06-04 16:21:44.767 D/ActivityManager( 713): freezing 2378 com.android.statementservice
06-04 16:21:44.768 D/ActivityManager( 713): freezing 2247 com.android.rkpdapp
06-04 16:21:47.688 D/OomAdjuster( 713): Not killing cached processes
06-04 16:21:47.691 I/ActivityManager( 713): Background started FGS: Allowed [callingPackage: com.dangbei.screencast; callingUid: 10043; uidState: FGS ; uidBFSL: [BFSL]; intent: Intent { cmp=com.dangbei.screencast/.startup.GuardService }; code:PROC_STATE_FGS; tempAllowListReason:; targetSdkVersion:28; callerTargetSdkVersion:28; startForegroundCount:0; bindFromPackage:null: isBindService:false]
06-04 16:21:47.694 D/CompatibilityChangeReporter( 713): Compat change id reported: 135634846; UID 10043; state: DISABLED
06-04 16:21:47.695 D/CompatibilityChangeReporter( 713): Compat change id reported: 143937733; UID 10043; state: DISABLED
06-04 16:21:47.714 I/ActivityManager( 713): Start proc 3520:com.dangbei.screencast:bg_guard/u0a43 for service {com.dangbei.screencast/com.dangbei.screencast.startup.GuardService}
06-04 16:21:47.753 D/CompatibilityChangeReporter( 713): Compat change id reported: 168419799; UID 10043; state: DISABLED
06-04 16:21:47.754 D/CompatibilityChangeReporter( 713): Compat change id reported: 273564678; UID 10043; state: DISABLED
06-04 16:21:47.760 D/CompatibilityChangeReporter( 713): Compat change id reported: 170503758; UID 10043; state: DISABLED
06-04 16:21:47.830 D/CompatibilityChangeReporter( 713): Compat change id reported: 161145287; UID 10043; state: DISABLED
06-04 16:21:47.930 D/CompatibilityChangeReporter( 713): Compat change id reported: 170668199; UID 10043; state: DISABLED
06-04 16:21:47.930 W/ActivityManager( 713): Foreground service started from background can not have location/camera/microphone access: service com.dangbei.screencast/.startup.GuardService
06-04 16:21:47.930 D/CompatibilityChangeReporter( 713): Compat change id reported: 255038118; UID 10043; state: DISABLED
06-04 16:21:47.930 D/CompatibilityChangeReporter( 713): Compat change id reported: 255042465; UID 10043; state: DISABLED
06-04 16:21:47.931 W/ForegroundServiceTypeLoggerModule( 713): Foreground service start for UID: 10043 does not have any types
06-04 16:21:48.151 W/BatteryExternalStatsWorker( 713): error reading modem stats:ERROR_PHONE_NOT_AVAILABLE
06-04 16:21:48.151 W/BatteryExternalStatsWorker( 713): error reading Bluetooth stats: 11
06-04 16:21:49.764 I/ActivityManager( 713): Process com.dangbei.screencast (pid 1745) has died: prcp FGS
06-04 16:21:49.766 D/CompatibilityChangeReporter( 713): Compat change id reported: 261072174; UID 10043; state: DISABLED
06-04 16:21:49.768 W/ActivityManager( 713): Scheduling restart of crashed service com.dangbei.screencast/.huaweicast.service.HuaweiCastService in 1000ms for start-requested
06-04 16:21:49.768 W/ActivityManager( 713): Scheduling restart of crashed service com.dangbei.screencast/.startup.StartupService in 10999ms for start-requested
06-04 16:21:49.815 I/ActivityManager( 713): Process com.huawei.connection (pid 2584) has died: fg SVC
06-04 16:21:50.770 D/CompatibilityChangeReporter( 713): Compat change id reported: 135634846; UID 10043; state: DISABLED
06-04 16:21:50.771 D/CompatibilityChangeReporter( 713): Compat change id reported: 143937733; UID 10043; state: DISABLED
06-04 16:21:50.789 I/ActivityManager( 713): Start proc 3627:com.dangbei.screencast/u0a43 for service {com.dangbei.screencast/com.dangbei.screencast.huaweicast.service.HuaweiCastService}
06-04 16:21:51.028 W/ActivityManager( 713): Foreground service started from background can not have location/camera/microphone access: service com.dangbei.screencast/.huaweicast.service.HuaweiCastService
06-04 16:21:51.044 W/ActivityManager( 713): Foreground service started from background can not have location/camera/microphone access: service com.dangbei.screencast/.startup.StartupService
06-04 16:21:51.044 I/ActivityManager( 713): Background started FGS: Allowed [callingPackage: com.dangbei.screencast; callingUid: 10043; uidState: BTOP; uidBFSL: [BFSL]; intent: Intent { act=com.dangbei.screencast.STARTUP pkg=com.dangbei.screencast }; code:PROC_STATE_BTOP; tempAllowListReason:; targetSdkVersion:28; callerTargetSdkVersion:28; startForegroundCount:1; bindFromPackage:null: isBindService:true]
06-04 16:21:54.937 D/OomAdjuster( 713): Not killing cached processes
06-04 16:21:56.120 D/CompatibilityChangeReporter( 713): Compat change id reported: 135634846; UID 10043; state: DISABLED
06-04 16:21:56.122 D/CompatibilityChangeReporter( 713): Compat change id reported: 143937733; UID 10043; state: DISABLED
06-04 16:21:56.135 I/ActivityManager( 713): Start proc 3766:com.huawei.connection/u0a43 for service {com.dangbei.screencast/com.huawei.connection.service.NearFieldManagerService}
06-04 16:21:57.744 D/ActivityManager( 713): freezing 2158 com.android.providers.calendar
06-04 16:21:57.970 I/ActivityManager( 713): Process com.dangbei.screencast:bg_guard (pid 3520) has died: prcp FGS
06-04 16:21:57.972 W/ForegroundServiceTypeLoggerModule( 713): FGS stop call for: 10043 has no types!
06-04 16:21:58.718 D/ActivityManager( 713): freezing 2116 com.android.permissioncontroller
06-04 16:22:01.321 D/OomAdjuster( 713): Not killing cached processes
06-04 16:22:06.378 I/keystore2( 282): system/security/keystore2/src/watchdog.rs:319 - Watchdog thread idle -> terminating. Have a great day.
06-04 16:22:11.323 D/OomAdjuster( 713): Not killing cached processes
06-04 16:22:17.704 D/OomAdjuster( 713): Not killing cached processes
06-04 16:22:21.365 D/ActivityManager( 713): freezing 2788 com.dangbei.hqmedia
06-04 16:22:48.714 W/BatteryExternalStatsWorker( 713): error reading Bluetooth stats: 11
06-04 16:23:14.737 D/OomAdjuster( 713): Not killing cached processes
06-04 16:23:46.083 W/ContextImpl( 1430): Calling a method in the system process without a qualified user: android.app.ContextImpl.sendBroadcast:1220 android.content.ContextWrapper.sendBroadcast:504 com.dangbei.etna.setting.core.SettingHelper.sendCycleToProjector:257 com.dangbei.etna.setting.core.SettingHelper.sendCycleCheckBroadcast:226 com.dangbei.etna.setting.core.SettingHelper.startLoop$lambda-0:185
06-04 16:23:46.085 W/ContextImpl( 1430): Calling a method in the system process without a qualified user: android.app.ContextImpl.sendBroadcast:1220 android.content.ContextWrapper.sendBroadcast:504 com.dangbei.etna.setting.core.SettingHelper.sendCycleToVoice:242 com.dangbei.etna.setting.core.SettingHelper.sendCycleCheckBroadcast:227 com.dangbei.etna.setting.core.SettingHelper.startLoop$lambda-0:185
06-04 16:23:46.086 D/OomAdjuster( 713): Not killing cached processes
06-04 16:24:14.743 D/OomAdjuster( 713): Not killing cached processes
06-04 16:25:14.749 D/OomAdjuster( 713): Not killing cached processes
06-04 16:26:04.738 V/DisplayPowerController2[0]( 713): Brightness [0.05] reason changing to: 'manual [ dim ]', previous reason: 'manual'.
06-04 16:26:04.738 I/DisplayPowerController2[0]( 713): BrightnessEvent: disp=0, physDisp=local:4621527120592813323, brt=0.05, initBrt=0.39763778, rcmdBrt=NaN, preBrt=NaN, lux=0.0, preLux=0.0, hbmMax=1.0, hbmMode=off, rbcStrength=0, thrmMax=1.0, powerFactor=1.0, wasShortTermModelActive=false, flags=, reason=manual [ dim ], autoBrightness=false, strategy=InvalidBrightnessStrategy
06-04 16:26:11.737 I/PowerGroup( 713): Napping power group (groupId=0, uid=1000)...
06-04 16:26:11.738 I/PowerManagerService( 713): Nap time (uid 1000)...
06-04 16:26:11.738 D/WindowManager( 713): updateCecScreenStatus 0
06-04 16:26:11.738 D/HDMI ( 713): setCecSettingIntValue name:cec_screen_state, value:0
06-04 16:26:11.738 I/HDMI ( 713): screen state is changing to 0
06-04 16:26:11.739 W/DreamManagerService( 713): Falling back to default dream ComponentInfo{com.dangbei.lerad.screensaver/com.dangbei.lerad.screensaver.service.ScreenSaverService}
06-04 16:26:11.740 D/OomAdjuster( 713): Not killing cached processes
06-04 16:26:11.740 I/DreamManagerService( 713): Entering dreamland.
06-04 16:26:11.742 I/PowerManagerService( 713): Dreaming...
06-04 16:26:11.743 I/DreamController( 713): Starting dream: name=ComponentInfo{com.dangbei.lerad.screensaver/com.dangbei.lerad.screensaver.service.ScreenSaverService}, isPreviewMode=false, canDoze=false, userId=0, reason='power manager request'
06-04 16:26:11.745 D/WindowManagerShell( 939): TvPipMenuController: closeMenu()
06-04 16:26:11.746 I/WindowManagerShell( 939): TvPipMenuController: switchToMenuMode: setting mCurrentMenuMode=MODE_NO_MENU, mPrevMenuMode=MODE_NO_MENU
06-04 16:26:11.752 D/CompatibilityChangeReporter( 713): Compat change id reported: 135634846; UID 10044; state: DISABLED
06-04 16:26:11.753 D/CompatibilityChangeReporter( 713): Compat change id reported: 143937733; UID 10044; state: ENABLED
06-04 16:26:11.770 I/ActivityManager( 713): Start proc 4185:com.dangbei.lerad.screensaver/u0a44 for service {com.dangbei.lerad.screensaver/com.dangbei.lerad.screensaver.service.ScreenSaverService}
06-04 16:26:11.803 D/CompatibilityChangeReporter( 713): Compat change id reported: 168419799; UID 10044; state: DISABLED
06-04 16:26:11.803 D/CompatibilityChangeReporter( 713): Compat change id reported: 273564678; UID 10044; state: DISABLED
06-04 16:26:11.807 D/CompatibilityChangeReporter( 713): Compat change id reported: 265195908; UID 10044; state: ENABLED
06-04 16:26:11.810 D/CompatibilityChangeReporter( 713): Compat change id reported: 170503758; UID 10044; state: ENABLED
06-04 16:26:11.916 D/CompatibilityChangeReporter( 713): Compat change id reported: 149924527; UID 10044; state: ENABLED
06-04 16:26:11.917 D/CompatibilityChangeReporter( 713): Compat change id reported: 132649864; UID 10044; state: DISABLED
06-04 16:26:12.025 D/CompatibilityChangeReporter( 713): Compat change id reported: 161145287; UID 10044; state: ENABLED
06-04 16:26:12.201 W/ActivityTaskManager( 713): callingPackage for (uid=1000, pid=0) has no WPC
06-04 16:26:12.203 D/CompatibilityChangeReporter( 713): Compat change id reported: 265464455; UID 10044; state: DISABLED
06-04 16:26:12.203 D/CompatibilityChangeReporter( 713): Compat change id reported: 265452344; UID 10044; state: DISABLED
06-04 16:26:12.203 D/CompatibilityChangeReporter( 713): Compat change id reported: 266124927; UID 10044; state: DISABLED
06-04 16:26:12.204 D/CompatibilityChangeReporter( 713): Compat change id reported: 265451093; UID 10044; state: DISABLED
06-04 16:26:12.204 D/CompatibilityChangeReporter( 713): Compat change id reported: 265456536; UID 10044; state: DISABLED
06-04 16:26:12.204 D/CompatibilityChangeReporter( 713): Compat change id reported: 255940284; UID 10044; state: DISABLED
06-04 16:26:12.204 D/CompatibilityChangeReporter( 713): Compat change id reported: 236283604; UID 10044; state: DISABLED
06-04 16:26:12.205 D/CompatibilityChangeReporter( 713): Compat change id reported: 263959004; UID 10044; state: DISABLED
06-04 16:26:12.205 D/CompatibilityChangeReporter( 713): Compat change id reported: 264304459; UID 10044; state: DISABLED
06-04 16:26:12.205 D/CompatibilityChangeReporter( 713): Compat change id reported: 264301586; UID 10044; state: DISABLED
06-04 16:26:12.205 D/CompatibilityChangeReporter( 713): Compat change id reported: 254631730; UID 10044; state: DISABLED
06-04 16:26:12.205 D/CompatibilityChangeReporter( 713): Compat change id reported: 273509367; UID 10044; state: DISABLED
06-04 16:26:12.206 D/CompatibilityChangeReporter( 713): Compat change id reported: 263259275; UID 10044; state: DISABLED
06-04 16:26:12.206 D/CompatibilityChangeReporter( 713): Compat change id reported: 174042980; UID 10044; state: DISABLED
06-04 16:26:12.206 D/CompatibilityChangeReporter( 713): Compat change id reported: 174042936; UID 10044; state: DISABLED
06-04 16:26:12.206 D/CompatibilityChangeReporter( 713): Compat change id reported: 181136395; UID 10044; state: DISABLED
06-04 16:26:12.212 D/CompatibilityChangeReporter( 713): Compat change id reported: 184838306; UID 10044; state: DISABLED
06-04 16:26:12.215 D/CompatibilityChangeReporter( 713): Compat change id reported: 185004937; UID 10044; state: DISABLED
06-04 16:26:12.220 D/CompatibilityChangeReporter( 713): Compat change id reported: 194480991; UID 10044; state: ENABLED
06-04 16:26:12.232 D/CompatibilityChangeReporter( 713): Compat change id reported: 197654537; UID 10044; state: ENABLED
06-04 16:26:12.238 D/CompatibilityChangeReporter( 713): Compat change id reported: 205907456; UID 10044; state: ENABLED
06-04 16:26:12.243 V/WindowManagerShell( 939): Transition requested: android.os.BinderProxy@5a58fbf TransitionRequestInfo { type = 1, triggerTask = TaskInfo{userId=0 taskId=46 displayId=0 isRunning=true baseIntent=Intent { flg=0x10840000 pkg=com.dangbei.lerad.screensaver cmp=com.dangbei.lerad.screensaver/android.service.dreams.DreamActivity } baseActivity=ComponentInfo{com.dangbei.lerad.screensaver/android.service.dreams.DreamActivity} topActivity=ComponentInfo{com.dangbei.lerad.screensaver/android.service.dreams.DreamActivity} origActivity=null realActivity=ComponentInfo{com.dangbei.lerad.screensaver/android.service.dreams.DreamActivity} numActivities=1 lastActiveTime=350946 supportsMultiWindow=true resizeMode=0 isResizeable=false minWidth=-1 minHeight=-1 defaultMinSize=220 token=WCT{android.window.IWindowContainerToken$Stub$Proxy@604968c} topActivityType=5 pictureInPictureParams=null shouldDockBigOverlays=true launchIntoPipHostTaskId=-1 lastParentTaskIdBeforePip=-1 displayCutoutSafeInsets=null topActivityInfo=ActivityInfo{21af1d5 android.service.dreams.DreamActivity} launchCookies=[] positionInParent=Point(0, 0) parentTaskId=-1 isFocused=false isVisible=false isVisibleRequested=false isSleeping=false topActivityInSizeCompat=false topActivityEligibleForLetterboxEducation= false isLetterboxDoubleTapEnabled= false topActivityEligibleForUserAspectRatioButton= false topActivityBoundsLetterboxed= false isFromLetterboxDoubleTap= false topActivityLetterboxVerticalPosition= -1 topActivityLetterboxHorizontalPosition= -1 topActivityLetterboxWidth=-1 topActivityLetterboxHeight=-1 isUserFullscreenOverrideEnabled=false isTopActivityTransparent=false locusId=null displayAreaFeatureId=1 cameraCompatControlState=hidden}, remoteTransition = null, displayChange = null, flags = 0 }
06-04 16:26:12.244 I/ActivityTaskManager( 713): START u0 {flg=0x10040000 pkg=com.dangbei.lerad.screensaver cmp=com.dangbei.lerad.screensaver/android.service.dreams.DreamActivity (has extras)} with LAUNCH_SINGLE_INSTANCE from uid 10044 (realCallingUid=1000) (BAL_ALLOW_PENDING_INTENT) result code=0
06-04 16:26:12.251 V/WindowManager( 713): app ------------- force_land :0
06-04 16:26:12.252 V/WindowManager( 713): app ------------- force_land :0
06-04 16:26:12.252 V/WindowManager( 713): app ------------- force_land :0
06-04 16:26:12.313 W/WindowManager( 713): [addWindow] title:com.dangbei.lerad.screensaver/android.service.dreams.DreamActivity
06-04 16:26:12.313 W/WindowManager( 713): Failed looking up window session=Session{64905f0 4185:u0a10044} callers=com.android.server.wm.WindowManagerService.windowForClientLocked:6075 com.android.server.wm.Session.updateRequestedVisibleTypes:695 android.view.IWindowSession$Stub.onTransact:1034
06-04 16:26:12.337 D/CoreBackPreview( 713): Window{f319a8f u0 com.dangbei.lerad.screensaver/android.service.dreams.DreamActivity}: Setting back callback OnBackInvokedCallbackInfo{mCallback=android.window.IOnBackInvokedCallback$Stub$Proxy@2ac8125, mPriority=0, mIsAnimationCallback=false}
06-04 16:26:12.356 D/WindowManagerShell( 939): TvPipController: onTaskStackChanged()
06-04 16:26:12.442 W/ContextImpl( 713): Calling a method in the system process without a qualified user: android.app.ContextImpl.startService:1899 com.android.server.wm.DisplayPolicy.lambda$focusChangedLw$5:2126 com.android.server.wm.DisplayPolicy.$r8$lambda$Znxk63oh-WzVnzo_WQefN7uxV48:0 com.android.server.wm.DisplayPolicy$$ExternalSyntheticLambda13.run:0 android.os.Handler.handleCallback:958
06-04 16:26:12.446 V/WindowManagerShell( 939): onTransitionReady android.os.BinderProxy@5a58fbf: {id=6 t=OPEN f=0x0 trk=0 r=[0@Point(0, 0)] c=[{WCT{android.window.IWindowContainerToken$Stub$Proxy@925d651} m=TO_FRONT f=NONE leash=Surface(name=Task=45)/@0xae60dea sb=Rect(0, 0 - 1920, 1080) eb=Rect(0, 0 - 1920, 1080) d=0},{WCT{android.window.IWindowContainerToken$Stub$Proxy@f1eb6} m=TO_BACK f=NONE leash=Surface(name=Task=1)/@0x92d68db sb=Rect(0, 0 - 1920, 1080) eb=Rect(0, 0 - 1920, 1080) d=0}]}
06-04 16:26:12.447 V/WindowManagerShell( 939): Playing animation for (#6)android.os.BinderProxy@5a58fbf@0
06-04 16:26:12.448 V/WindowManagerShell( 939): try handler com.android.wm.shell.keyguard.KeyguardTransitionHandler@3edb90e
06-04 16:26:12.448 V/WindowManagerShell( 939): try handler com.android.wm.shell.pip.tv.TvPipTransition@96e3f2f
06-04 16:26:12.448 V/WindowManagerShell( 939): try handler com.android.wm.shell.activityembedding.ActivityEmbeddingController@88b693c
06-04 16:26:12.448 V/WindowManagerShell( 939): try handler com.android.wm.shell.transition.RemoteTransitionHandler@dd446c5
06-04 16:26:12.448 V/WindowManagerShell( 939): Transition doesn't have explicit remote, search filters for match for {id=6 t=OPEN f=0x0 trk=0 r=[0@Point(0, 0)] c=[{WCT{android.window.IWindowContainerToken$Stub$Proxy@925d651} m=TO_FRONT f=NONE leash=Surface(name=Task=45)/@0xae60dea sb=Rect(0, 0 - 1920, 1080) eb=Rect(0, 0 - 1920, 1080) d=0},{WCT{android.window.IWindowContainerToken$Stub$Proxy@f1eb6} m=TO_BACK f=NONE leash=Surface(name=Task=1)/@0x92d68db sb=Rect(0, 0 - 1920, 1080) eb=Rect(0, 0 - 1920, 1080) d=0}]}
06-04 16:26:12.448 V/WindowManagerShell( 939): Delegate animation for #6 to null
06-04 16:26:12.448 V/WindowManagerShell( 939): try handler com.android.wm.shell.transition.DefaultTransitionHandler@250581a
06-04 16:26:12.448 V/WindowManagerShell( 939): start default transition animation, info = {id=6 t=OPEN f=0x0 trk=0 r=[0@Point(0, 0)] c=[{WCT{android.window.IWindowContainerToken$Stub$Proxy@925d651} m=TO_FRONT f=NONE leash=Surface(name=Task=45)/@0xae60dea sb=Rect(0, 0 - 1920, 1080) eb=Rect(0, 0 - 1920, 1080) d=0},{WCT{android.window.IWindowContainerToken$Stub$Proxy@f1eb6} m=TO_BACK f=NONE leash=Surface(name=Task=1)/@0x92d68db sb=Rect(0, 0 - 1920, 1080) eb=Rect(0, 0 - 1920, 1080) d=0}]}
06-04 16:26:12.448 V/WindowManagerShell( 939): loadAnimation: anim=null animAttr=0x1d type=OPEN isEntrance=false
06-04 16:26:12.448 V/WindowManagerShell( 939): loadAnimation: anim=null animAttr=0x1c type=OPEN isEntrance=true
06-04 16:26:12.451 V/DisplayPowerController2[0]( 713): Brightness [0.39763778] reason changing to: 'manual', previous reason: 'manual [ dim ]'.
06-04 16:26:12.451 V/WindowManagerShell( 939): Transition animation finished (aborted=false), notifying core (#6)android.os.BinderProxy@5a58fbf@0
06-04 16:26:12.451 I/DisplayPowerController2[0]( 713): BrightnessEvent: disp=0, physDisp=local:4621527120592813323, brt=0.39763778, initBrt=0.05, rcmdBrt=NaN, preBrt=NaN, lux=0.0, preLux=0.0, hbmMax=1.0, hbmMode=off, rbcStrength=0, thrmMax=1.0, powerFactor=1.0, wasShortTermModelActive=false, flags=, reason=manual, autoBrightness=false, strategy=InvalidBrightnessStrategy
06-04 16:26:12.453 V/WindowManager( 713): Sent Transition #6 createdAt=06-04 16:26:12.222 via request=TransitionRequestInfo { type = 1, triggerTask = TaskInfo{userId=0 taskId=46 displayId=0 isRunning=true baseIntent=Intent { flg=0x10840000 pkg=com.dangbei.lerad.screensaver cmp=com.dangbei.lerad.screensaver/android.service.dreams.DreamActivity } baseActivity=ComponentInfo{com.dangbei.lerad.screensaver/android.service.dreams.DreamActivity} topActivity=ComponentInfo{com.dangbei.lerad.screensaver/android.service.dreams.DreamActivity} origActivity=null realActivity=ComponentInfo{com.dangbei.lerad.screensaver/android.service.dreams.DreamActivity} numActivities=1 lastActiveTime=350946 supportsMultiWindow=true resizeMode=0 isResizeable=false minWidth=-1 minHeight=-1 defaultMinSize=220 token=WCT{RemoteToken{4c90aa1 Task{1c0ecc0 #46 type=dream A=10044:android:com.dangbei.lerad.screensaver/dream}}} topActivityType=5 pictureInPictureParams=null shouldDockBigOverlays=true launchIntoPipHostTaskId=-1 lastParentTaskIdBeforePip=-1 displayCutoutSafeInsets=null topActivityInfo=ActivityInfo{45cc4c6 android.service.dreams.DreamActivity} launchCookies=[] positionInParent=Point(0, 0) parentTaskId=-1 isFocused=false isVisible=false isVisibleRequested=false isSleeping=false topActivityInSizeCompat=false topActivityEligibleForLetterboxEducation= false isLetterboxDoubleTapEnabled= false topActivityEligibleForUserAspectRatioButton= false topActivityBoundsLetterboxed= false isFromLetterboxDoubleTap= false topActivityLetterboxVerticalPosition= -1 topActivityLetterboxHorizontalPosition= -1 topActivityLetterboxWidth=-1 topActivityLetterboxHeight=-1 isUserFullscreenOverrideEnabled=false isTopActivityTransparent=false locusId=null displayAreaFeatureId=1 cameraCompatControlState=hidden}, remoteTransition = null, displayChange = null, flags = 0 }
06-04 16:26:12.453 V/WindowManager( 713): startWCT=WindowContainerTransaction { changes = {} hops = [] errorCallbackToken=null taskFragmentOrganizer=null }
06-04 16:26:12.453 V/WindowManager( 713): info={id=6 t=OPEN f=0x0 trk=0 r=[0@Point(0, 0)] c=[{WCT{RemoteToken{6984c87 Task{da94e43 #45 type=dream}}} m=TO_FRONT f=NONE leash=Surface(name=Task=45)/@0xa6a72fa sb=Rect(0, 0 - 1920, 1080) eb=Rect(0, 0 - 1920, 1080) d=0},{WCT{RemoteToken{16bb0d5 Task{d12e568 #1 type=home}}} m=TO_BACK f=NONE leash=Surface(name=Task=1)/@0xd5a3874 sb=Rect(0, 0 - 1920, 1080) eb=Rect(0, 0 - 1920, 1080) d=0}]}
06-04 16:26:12.455 V/WindowManager( 713): Finish Transition #6: created at
06-04 16:26:12.222 collect-started=1.15ms request-sent=19.058ms started=24.741ms ready=32.14ms sent=221.391ms finished=231.02ms
06-04 16:26:12.456 V/WindowManagerShell( 939): Track 0 became idle
06-04 16:26:12.457 V/WindowManagerShell( 939): All active transition animations finished
06-04 16:26:12.457 V/WindowManagerShell( 939): animated by com.android.wm.shell.transition.DefaultTransitionHandler@250581a
06-04 16:26:12.457 V/WindowManagerShell( 939): Track 0 became idle
06-04 16:26:12.457 V/WindowManagerShell( 939): All active transition animations finished
06-04 16:26:12.467 D/DisplayManagerService( 713): Ignore redundant display event 0/4 to 10075/2788
06-04 16:26:12.508 D/CompatibilityChangeReporter( 713): Compat change id reported: 214016041; UID 10044; state: ENABLED
06-04 16:26:46.176 W/ContextImpl( 1430): Calling a method in the system process without a qualified user: android.app.ContextImpl.sendBroadcast:1220 android.content.ContextWrapper.sendBroadcast:504 com.dangbei.etna.setting.core.SettingHelper.sendCycleToProjector:257 com.dangbei.etna.setting.core.SettingHelper.sendCycleCheckBroadcast:226 com.dangbei.etna.setting.core.SettingHelper.startLoop$lambda-0:185
06-04 16:26:46.178 W/ContextImpl( 1430): Calling a method in the system process without a qualified user: android.app.ContextImpl.sendBroadcast:1220 android.content.ContextWrapper.sendBroadcast:504 com.dangbei.etna.setting.core.SettingHelper.sendCycleToVoice:242 com.dangbei.etna.setting.core.SettingHelper.sendCycleCheckBroadcast:227 com.dangbei.etna.setting.core.SettingHelper.startLoop$lambda-0:185
06-04 16:26:46.180 D/OomAdjuster( 713): Not killing cached processes
06-04 16:27:14.761 D/OomAdjuster( 713): Not killing cached processes
06-04 16:28:14.767 D/OomAdjuster( 713): Not killing cached processes
06-04 16:29:14.772 D/OomAdjuster( 713): Not killing cached processes
06-04 16:29:46.280 W/ContextImpl( 1430): Calling a method in the system process without a qualified user: android.app.ContextImpl.sendBroadcast:1220 android.content.ContextWrapper.sendBroadcast:504 com.dangbei.etna.setting.core.SettingHelper.sendCycleToProjector:257 com.dangbei.etna.setting.core.SettingHelper.sendCycleCheckBroadcast:226 com.dangbei.etna.setting.core.SettingHelper.startLoop$lambda-0:185
06-04 16:29:46.282 W/ContextImpl( 1430): Calling a method in the system process without a qualified user: android.app.ContextImpl.sendBroadcast:1220 android.content.ContextWrapper.sendBroadcast:504 com.dangbei.etna.setting.core.SettingHelper.sendCycleToVoice:242 com.dangbei.etna.setting.core.SettingHelper.sendCycleCheckBroadcast:227 com.dangbei.etna.setting.core.SettingHelper.startLoop$lambda-0:185
06-04 16:29:46.283 D/OomAdjuster( 713): Not killing cached processes
06-04 16:30:14.779 D/OomAdjuster( 713): Not killing cached processes
06-04 16:31:14.785 I/ActivityManager( 713): Killing 1844:com.android.dynsystem/1000 (adj 985): empty #17
06-04 16:31:14.786 I/ActivityManager( 713): Killing 1675:android.process.media/u0a17 (adj 985): empty #18
06-04 16:31:14.787 I/ActivityManager( 713): Killing 1514:com.android.keychain/1000 (adj 995): empty #19
06-04 16:31:14.787 I/ActivityManager( 713): Killing 1477:com.android.music/u0a49 (adj 995): empty #20
06-04 16:31:14.860 I/MediaSessionStack( 713): removeSession | record: com.android.music/MediaPlaybackService (userId=0)
06-04 16:31:14.861 D/DisplayManagerService( 713): Drop pending events for gone uid 10049
06-04 16:31:14.900 D/DisplayManagerService( 713): Drop pending events for gone uid 10017
06-04 16:31:39.225 W/DeviceIdleController( 713): motion timeout went off and device isn't stationary
06-04 16:31:39.292 D/TransparencyService( 713): Job to update binary measurements started.
06-04 16:31:39.292 I/WatchlistLoggingHandler( 713): No need to aggregate record yet.
06-04 16:31:39.292 I/WatchlistLoggingHandler( 713): Milliseconds spent on tryAggregateRecords(): 0
06-04 16:31:39.297 D/TransparencyService( 713): Measurement was last taken at 0 and is now updated to: 1749025899297
06-04 16:31:39.300 D/ActivityManager( 713): sync unfroze 2378 com.android.statementservice for 6
06-04 16:31:39.310 W/Looper ( 2378): Slow delivery took 260576ms main h=android.os.Handler c=androidx.work.impl.background.greedy.DelayedWorkTracker$1@df0416 m=0
06-04 16:31:39.336 W/Looper ( 2378): Drained
06-04 16:31:39.474 D/ActivityManager( 713): sync unfroze 1585 android.process.acore for 7
06-04 16:31:39.523 D/CompatibilityChangeReporter( 713): Compat change id reported: 135634846; UID 10017; state: DISABLED
06-04 16:31:39.524 D/CompatibilityChangeReporter( 713): Compat change id reported: 177438394; UID 10017; state: DISABLED
06-04 16:31:39.524 D/CompatibilityChangeReporter( 713): Compat change id reported: 135772972; UID 10017; state: DISABLED
06-04 16:31:39.524 D/CompatibilityChangeReporter( 713): Compat change id reported: 135754954; UID 10017; state: ENABLED
06-04 16:31:39.525 D/CompatibilityChangeReporter( 713): Compat change id reported: 143937733; UID 10017; state: ENABLED
06-04 16:31:39.573 W/ActivityManager( 713): Slow operation: 51ms so far, now at startProcess: returned from zygote!
06-04 16:31:39.574 W/ActivityManager( 713): Slow operation: 51ms so far, now at startProcess: done updating battery stats
06-04 16:31:39.574 W/ActivityManager( 713): Slow operation: 52ms so far, now at startProcess: building log message
06-04 16:31:39.574 I/ActivityManager( 713): Start proc 4877:android.process.media/u0a17 for service {com.android.providers.downloads/com.android.providers.downloads.DownloadIdleService}
06-04 16:31:39.574 W/ActivityManager( 713): Slow operation: 52ms so far, now at startProcess: starting to update pids map
06-04 16:31:39.574 W/ActivityManager( 713): Slow operation: 52ms so far, now at startProcess: done updating pids map
06-04 16:31:39.579 W/Looper ( 1585): Slow delivery took 612670ms main h=android.database.sqlite.SQLiteConnectionPool$IdleConnectionHandler c=null m=0
06-04 16:31:39.624 D/CompatibilityChangeReporter( 713): Compat change id reported: 253665015; UID 1000; state: DISABLED
06-04 16:31:39.624 D/CompatibilityChangeReporter( 713): Compat change id reported: 253665015; UID 1000; state: ENABLED
06-04 16:31:39.626 D/CompatibilityChangeReporter( 713): Compat change id reported: 194532703; UID 1000; state: DISABLED
06-04 16:31:39.626 D/CompatibilityChangeReporter( 713): Compat change id reported: 194532703; UID 1000; state: ENABLED
06-04 16:31:39.630 D/CompatibilityChangeReporter( 713): Compat change id reported: 168419799; UID 10017; state: DISABLED
06-04 16:31:39.631 D/CompatibilityChangeReporter( 713): Compat change id reported: 273564678; UID 10017; state: DISABLED
06-04 16:31:39.635 D/CompatibilityChangeReporter( 713): Compat change id reported: 265195908; UID 10017; state: ENABLED
06-04 16:31:39.640 D/CompatibilityChangeReporter( 713): Compat change id reported: 170503758; UID 10017; state: ENABLED
06-04 16:31:39.765 D/DownloadManager( 4877): Removed 0 stale downloads
06-04 16:31:39.781 D/DownloadManager( 4877): Found 0 files in database
06-04 16:31:39.781 D/DownloadManager( 4877): Found 3 files on disk
06-04 16:31:39.781 D/DownloadManager( 4877): Missing db entry, deleting /data/user/0/com.android.providers.downloads/cache/oat_primary/arm/MediaProviderLegacy.art
06-04 16:31:39.782 D/DownloadManager( 4877): Missing db entry, deleting /data/user/0/com.android.providers.downloads/cache/oat_primary/arm/MtpService.art
06-04 16:31:39.782 D/DownloadManager( 4877): Missing db entry, deleting /data/user/0/com.android.providers.downloads/cache/oat_primary/arm/DownloadProvider.art
06-04 16:31:39.901 D/BlobStore( 713): Completed idle maintenance; deleted []
06-04 16:31:49.584 D/ActivityManager( 713): freezing 2378 com.android.statementservice
06-04 16:31:49.797 D/ActivityManager( 713): freezing 4877 android.process.media
06-04 16:32:46.391 W/ContextImpl( 1430): Calling a method in the system process without a qualified user: android.app.ContextImpl.sendBroadcast:1220 android.content.ContextWrapper.sendBroadcast:504 com.dangbei.etna.setting.core.SettingHelper.sendCycleToProjector:257 com.dangbei.etna.setting.core.SettingHelper.sendCycleCheckBroadcast:226 com.dangbei.etna.setting.core.SettingHelper.startLoop$lambda-0:185
06-04 16:32:46.393 W/ContextImpl( 1430): Calling a method in the system process without a qualified user: android.app.ContextImpl.sendBroadcast:1220 android.content.ContextWrapper.sendBroadcast:504 com.dangbei.etna.setting.core.SettingHelper.sendCycleToVoice:242 com.dangbei.etna.setting.core.SettingHelper.sendCycleCheckBroadcast:227 com.dangbei.etna.setting.core.SettingHelper.startLoop$lambda-0:185
06-04 16:34:04.714 W/Looper ( 1585): Drained
06-04 16:34:04.717 I/ActivityManager( 713): Killing 1313:com.android.tv.settings/1000 (adj 985): empty #17
06-04 16:34:14.760 D/ActivityManager( 713): freezing 1585 android.process.acore
06-04 16:35:46.499 W/ContextImpl( 1430): Calling a method in the system process without a qualified user: android.app.ContextImpl.sendBroadcast:1220 android.content.ContextWrapper.sendBroadcast:504 com.dangbei.etna.setting.core.SettingHelper.sendCycleToProjector:257 com.dangbei.etna.setting.core.SettingHelper.sendCycleCheckBroadcast:226 com.dangbei.etna.setting.core.SettingHelper.startLoop$lambda-0:185
06-04 16:35:46.504 W/ContextImpl( 1430): Calling a method in the system process without a qualified user: android.app.ContextImpl.sendBroadcast:1220 android.content.ContextWrapper.sendBroadcast:504 com.dangbei.etna.setting.core.SettingHelper.sendCycleToVoice:242 com.dangbei.etna.setting.core.SettingHelper.sendCycleCheckBroadcast:227 com.dangbei.etna.setting.core.SettingHelper.startLoop$lambda-0:185
06-04 16:38:46.603 W/ContextImpl( 1430): Calling a method in the system process without a qualified user: android.app.ContextImpl.sendBroadcast:1220 android.content.ContextWrapper.sendBroadcast:504 com.dangbei.etna.setting.core.SettingHelper.sendCycleToProjector:257 com.dangbei.etna.setting.core.SettingHelper.sendCycleCheckBroadcast:226 com.dangbei.etna.setting.core.SettingHelper.startLoop$lambda-0:185
06-04 16:38:46.605 W/ContextImpl( 1430): Calling a method in the system process without a qualified user: android.app.ContextImpl.sendBroadcast:1220 android.content.ContextWrapper.sendBroadcast:504 com.dangbei.etna.setting.core.SettingHelper.sendCycleToVoice:242 com.dangbei.etna.setting.core.SettingHelper.sendCycleCheckBroadcast:227 com.dangbei.etna.setting.core.SettingHelper.startLoop$lambda-0:185
06-04 16:40:37.020 I/UsageStatsService( 713): User[0] Flushing usage stats to disk
06-04 16:41:46.699 W/ContextImpl( 1430): Calling a method in the system process without a qualified user: android.app.ContextImpl.sendBroadcast:1220 android.content.ContextWrapper.sendBroadcast:504 com.dangbei.etna.setting.core.SettingHelper.sendCycleToProjector:257 com.dangbei.etna.setting.core.SettingHelper.sendCycleCheckBroadcast:226 com.dangbei.etna.setting.core.SettingHelper.startLoop$lambda-0:185
06-04 16:41:46.701 W/ContextImpl( 1430): Calling a method in the system process without a qualified user: android.app.ContextImpl.sendBroadcast:1220 android.content.ContextWrapper.sendBroadcast:504 com.dangbei.etna.setting.core.SettingHelper.sendCycleToVoice:242 com.dangbei.etna.setting.core.SettingHelper.sendCycleCheckBroadcast:227 com.dangbei.etna.setting.core.SettingHelper.startLoop$lambda-0:185
06-04 16:44:46.798 W/ContextImpl( 1430): Calling a method in the system process without a qualified user: android.app.ContextImpl.sendBroadcast:1220 android.content.ContextWrapper.sendBroadcast:504 com.dangbei.etna.setting.core.SettingHelper.sendCycleToProjector:257 com.dangbei.etna.setting.core.SettingHelper.sendCycleCheckBroadcast:226 com.dangbei.etna.setting.core.SettingHelper.startLoop$lambda-0:185
06-04 16:44:46.800 W/ContextImpl( 1430): Calling a method in the system process without a qualified user: android.app.ContextImpl.sendBroadcast:1220 android.content.ContextWrapper.sendBroadcast:504 com.dangbei.etna.setting.core.SettingHelper.sendCycleToVoice:242 com.dangbei.etna.setting.core.SettingHelper.sendCycleCheckBroadcast:227 com.dangbei.etna.setting.core.SettingHelper.startLoop$lambda-0:185
06-04 16:47:46.899 W/ContextImpl( 1430): Calling a method in the system process without a qualified user: android.app.ContextImpl.sendBroadcast:1220 android.content.ContextWrapper.sendBroadcast:504 com.dangbei.etna.setting.core.SettingHelper.sendCycleToProjector:257 com.dangbei.etna.setting.core.SettingHelper.sendCycleCheckBroadcast:226 com.dangbei.etna.setting.core.SettingHelper.startLoop$lambda-0:185
06-04 16:47:46.901 W/ContextImpl( 1430): Calling a method in the system process without a qualified user: android.app.ContextImpl.sendBroadcast:1220 android.content.ContextWrapper.sendBroadcast:504 com.dangbei.etna.setting.core.SettingHelper.sendCycleToVoice:242 com.dangbei.etna.setting.core.SettingHelper.sendCycleCheckBroadcast:227 com.dangbei.etna.setting.core.SettingHelper.startLoop$lambda-0:185
06-04 16:49:48.713 V/WindowManagerShell( 939): Transition requested: android.os.BinderProxy@1515bf0 TransitionRequestInfo { type = 3, triggerTask = null, remoteTransition = null, displayChange = null, flags = 0 }
06-04 16:49:48.718 I/DreamManagerService( 713): Gently waking up from dream.
06-04 16:49:48.729 V/WindowManager( 713): app ------------- force_land :0
06-04 16:49:48.753 I/PowerGroup( 713): Waking up power group from Dreaming (groupId=0, uid=1000, reason=WAKE_REASON_DREAM_FINISHED, details=android.server.power:DREAM_FINISHED)...
06-04 16:49:48.753 I/PowerManagerService( 713): Waking up from Dreaming (uid=1000, reason=WAKE_REASON_DREAM_FINISHED, details=android.server.power:DREAM_FINISHED)...
06-04 16:49:48.758 E/ActivityManager( 713): Cancel pending or running compactions as system is awake
06-04 16:49:48.762 W/VRI[DreamActivity]( 4185): Cancelling event (no window focus):KeyEvent { action=ACTION_UP, keyCode=KEYCODE_BACK, scanCode=1, metaState=0, flags=0x28, repeatCount=0, eventTime=1767450892257, downTime=1767379191000, deviceId=13, source=0x301, displayId=-1 }
06-04 16:49:48.762 W/VRI[DreamActivity]( 4185): Cancelling event (no window focus):KeyEvent { action=ACTION_UP, keyCode=KEYCODE_BACK, scanCode=1, metaState=0, flags=0x28, repeatCount=0, eventTime=1767450892257, downTime=1767379191000, deviceId=13, source=0x301, displayId=-1 }
06-04 16:49:48.762 W/VRI[DreamActivity]( 4185): Cancelling event (no window focus):KeyEvent { action=ACTION_UP, keyCode=KEYCODE_BACK, scanCode=1, metaState=0, flags=0x28, repeatCount=0, eventTime=1767450892257, downTime=1767379191000, deviceId=13, source=0x301, displayId=-1 }
06-04 16:49:48.798 V/WindowManager( 713): Sent Transition #7 createdAt=06-04 16:49:48.706 via request=TransitionRequestInfo { type = 3, triggerTask = null, remoteTransition = null, displayChange = null, flags = 0 }
06-04 16:49:48.798 V/WindowManager( 713): startWCT=WindowContainerTransaction { changes = {} hops = [] errorCallbackToken=null taskFragmentOrganizer=null }
06-04 16:49:48.798 V/WindowManager( 713): info={id=7 t=TO_FRONT f=0x0 trk=0 r=[0@Point(0, 0)] c=[{WCT{RemoteToken{6984c87 Task{da94e43 #45 type=dream}}} m=TO_BACK f=TRANSLUCENT leash=Surface(name=Task=45)/@0xa6a72fa sb=Rect(0, 0 - 1920, 1080) eb=Rect(0, 0 - 1920, 1080) d=0},{WCT{RemoteToken{16bb0d5 Task{d12e568 #1 type=home}}} m=TO_FRONT f=NONE leash=Surface(name=Task=1)/@0xd5a3874 sb=Rect(0, 0 - 1920, 1080) eb=Rect(0, 0 - 1920, 1080) d=0}]}
