06-04 18:27:00.095 V/WindowManagerShell(15915): Transition requested: android.os.BinderProxy@86b9ac9 TransitionRequestInfo { type = 2, triggerTask = TaskInfo{userId=0 taskId=3 displayId=0 isRunning=false baseIntent=Intent { act=android.intent.action.MAIN cat=[android.intent.category.HOME] flg=0x10800100 cmp=com.android.tv.settings/.system.FallbackHome } baseActivity=null topActivity=null origActivity=null realActivity=ComponentInfo{com.android.tv.settings/com.android.tv.settings.system.FallbackHome} numActivities=0 lastActiveTime=7597544 supportsMultiWindow=true resizeMode=0 isResizeable=false minWidth=-1 minHeight=-1 defaultMinSize=220 token=WCT{android.window.IWindowContainerToken$Stub$Proxy@f7055ce} topActivityType=2 pictureInPictureParams=null shouldDockBigOverlays=false launchIntoPipHostTaskId=-1 lastParentTaskIdBeforePip=-1 displayCutoutSafeInsets=null topActivityInfo=null launchCookies=[] positionInParent=Point(0, 0) parentTaskId=-1 isFocused=true isVisible=true isVisibleRequested=true isSleeping=false topActivityInSizeCompat=false topActivityEligibleForLetterboxEducation= false isLetterboxDoubleTapEnabled= false topActivityEligibleForUserAspectRatioButton= false topActivityBoundsLetterboxed= false isFromLetterboxDoubleTap= false topActivityLetterboxVerticalPosition= -1 topActivityLetterboxHorizontalPosition= -1 topActivityLetterboxWidth=-1 topActivityLetterboxHeight=-1 isUserFullscreenOverrideEnabled=false isTopActivityTransparent=false locusId=null displayAreaFeatureId=1 cameraCompatControlState=hidden}, remoteTransition = null, displayChange = null, flags = 0 }
06-04 18:27:00.096 D/A2dpService(16024): Unlocked userId 0
06-04 18:27:00.098 D/AvrcpTargetService(16024): Unlocked userId 0
06-04 18:27:00.098 I/AvrcpTargetService(16024): User unlocked, initializing the service
06-04 18:27:00.098 V/MediaPlayerList(16024): Initializing MediaPlayerList
06-04 18:27:00.098 D/CompatibilityChangeReporter(15731): Compat change id reported: 265464455; UID 1000; state: DISABLED
06-04 18:27:00.098 D/CompatibilityChangeReporter(15731): Compat change id reported: 265452344; UID 1000; state: DISABLED
06-04 18:27:00.099 D/CompatibilityChangeReporter(15731): Compat change id reported: 266124927; UID 1000; state: DISABLED
06-04 18:27:00.099 D/CompatibilityChangeReporter(15731): Compat change id reported: 265451093; UID 1000; state: DISABLED
06-04 18:27:00.099 I/BrowsedPlayerWrapper(16024): Wrapping Media Browser com.android.bluetooth
06-04 18:27:00.099 D/CompatibilityChangeReporter(15731): Compat change id reported: 265456536; UID 1000; state: DISABLED
06-04 18:27:00.099 I/BrowsedPlayerWrapper(16024): Wrapping Media Browser com.android.music
06-04 18:27:00.100 D/CompatibilityChangeReporter(15731): Compat change id reported: 255940284; UID 1000; state: DISABLED
06-04 18:27:00.100 D/CompatibilityChangeReporter(15731): Compat change id reported: 236283604; UID 1000; state: DISABLED
06-04 18:27:00.100 D/CompatibilityChangeReporter(15731): Compat change id reported: 263959004; UID 1000; state: DISABLED
06-04 18:27:00.100 D/CompatibilityChangeReporter(15731): Compat change id reported: 264304459; UID 1000; state: DISABLED
06-04 18:27:00.101 D/CompatibilityChangeReporter(15731): Compat change id reported: 264301586; UID 1000; state: DISABLED
06-04 18:27:00.101 D/CompatibilityChangeReporter(15731): Compat change id reported: 254631730; UID 1000; state: DISABLED
06-04 18:27:00.101 D/CompatibilityChangeReporter(15731): Compat change id reported: 273509367; UID 1000; state: DISABLED
06-04 18:27:00.101 D/CompatibilityChangeReporter(15731): Compat change id reported: 263259275; UID 1000; state: DISABLED
06-04 18:27:00.101 D/CompatibilityChangeReporter(15731): Compat change id reported: 174042980; UID 1000; state: DISABLED
06-04 18:27:00.101 D/CompatibilityChangeReporter(15731): Compat change id reported: 174042936; UID 1000; state: DISABLED
06-04 18:27:00.102 D/CompatibilityChangeReporter(15731): Compat change id reported: 181136395; UID 1000; state: DISABLED
06-04 18:27:00.103 I/Zygote (16386): seccomp disabled by setenforce 0
06-04 18:27:00.106 D/CompatibilityChangeReporter(15731): Compat change id reported: 194480991; UID 1000; state: ENABLED
06-04 18:27:00.108 I/FastBootComplete(15928): action:android.intent.action.BOOT_COMPLETED
06-04 18:27:00.108 E/CellBroadcastUtils(15731): getDefaultCellBroadcastReceiverPackageName: no package found
06-04 18:27:00.109 W/ContextImpl(15928): Calling a method in the system process without a qualified user: android.app.ContextImpl.startService:1899 android.content.ContextWrapper.startService:825 android.content.ContextWrapper.startService:825 com.droidlogic.btpair.FastBootComplete.onReceive:20 android.app.ActivityThread.handleReceiver:4494
06-04 18:27:00.109 I/SELinux (15731): SELinux: Loaded file context from:
06-04 18:27:00.109 I/SELinux (15731): /system/etc/selinux/plat_file_contexts
06-04 18:27:00.109 I/SELinux (15731): /system_ext/etc/selinux/system_ext_file_contexts
06-04 18:27:00.109 I/SELinux (15731): /product/etc/selinux/product_file_contexts
06-04 18:27:00.109 I/SELinux (15731): /vendor/etc/selinux/vendor_file_contexts
06-04 18:27:00.111 V/NotificationAssistants(15731): enabling notification assistant for 0: ComponentInfo{android.ext.services/android.ext.services.notification.Assistant}
06-04 18:27:00.111 V/NotificationAssistants(15731): binding: Intent { act=android.service.notification.NotificationAssistantService cmp=android.ext.services/.notification.Assistant (has extras) }
06-04 18:27:00.112 D/CompatibilityChangeReporter(15731): Compat change id reported: 197654537; UID 1000; state: DISABLED
06-04 18:27:00.115 I/ActivityTaskManager(15731): START u0 {act=android.intent.action.MAIN cat=[android.intent.category.HOME] flg=0x10000100 cmp=com.dangbei.leard.leradlauncher/com.dangbei.launcher.home.LauncherActivity (has extras)} with LAUNCH_SINGLE_TASK from uid 0 (BAL_ALLOW_ALLOWLISTED_UID) result code=0
06-04 18:27:00.115 I/lerad.etna.haqu(16386): Using CollectorTypeCC GC.
06-04 18:27:00.116 W/ActivityManager(15731): Slow operation: 62ms so far, now at startProcess: done updating battery stats
06-04 18:27:00.116 W/ActivityManager(15731): Slow operation: 62ms so far, now at startProcess: building log message
06-04 18:27:00.116 I/ActivityManager(15731): Start proc 16386:com.dangbei.lerad.etna.haqu/1000 for added application com.dangbei.lerad.etna.haqu
06-04 18:27:00.116 W/ActivityManager(15731): Slow operation: 63ms so far, now at startProcess: starting to update pids map
06-04 18:27:00.124 W/ActivityManager(15731): Slow operation: 70ms so far, now at startProcess: done updating pids map
06-04 18:27:00.124 W/ActivityManager(15731): Slow operation: 65ms so far, now at startProcess: asking zygote to start proc
06-04 18:27:00.124 D/CompatibilityChangeReporter(15731): Compat change id reported: 143937733; UID 10058; state: ENABLED
06-04 18:27:00.127 I/AccountManagerService(15731): User 0 is unlocked - opening CE database
06-04 18:27:00.128 I/ActivityManager(15731): com.dangbei.leard.leradlauncher is exempt from freezer
06-04 18:27:00.130 D/CompatibilityChangeReporter(15731): Compat change id reported: 261072174; UID 1002; state: ENABLED
06-04 18:27:00.135 E/lerad.etna.haqu(16386): Not starting debugger since process cannot load the jdwp agent.
06-04 18:27:00.142 I/BpBinder(15613): onLastStrongRef automatically unlinking death recipients:
06-04 18:27:00.144 W/ContextImpl(15928): Calling a method in the system process without a qualified user: android.app.ContextImpl.startService:1899 android.content.ContextWrapper.startService:825 android.content.ContextWrapper.startService:825 com.droidlogic.btpair.FastBootComplete.onReceive:23 android.app.ActivityThread.handleReceiver:4494
06-04 18:27:00.152 D/SystemServerTiming(15731): getUserSwitchability-0
06-04 18:27:00.152 D/SystemServerTiming(15731): TM.isInCall
06-04 18:27:00.152 D/SystemServerTiming(15731): hasUserRestriction-DISALLOW_USER_SWITCH
06-04 18:27:00.152 D/SystemServerTiming(15731): getInt-ALLOW_USER_SWITCHING_WHEN_SYSTEM_USER_LOCKED
06-04 18:27:00.152 D/SystemServerTiming(15731): isUserUnlocked-USER_SYSTEM
06-04 18:27:00.153 D/SystemServerTiming(15731): getUserSwitchability-0
06-04 18:27:00.153 D/SystemServerTiming(15731): TM.isInCall
06-04 18:27:00.154 D/SystemServerTiming(15731): hasUserRestriction-DISALLOW_USER_SWITCH
06-04 18:27:00.154 D/SystemServerTiming(15731): getInt-ALLOW_USER_SWITCHING_WHEN_SYSTEM_USER_LOCKED
06-04 18:27:00.154 D/SystemServerTiming(15731): isUserUnlocked-USER_SYSTEM
06-04 18:27:00.154 E/BackupPasswordManager(15731): Unable to read backup pw version
06-04 18:27:00.156 I/SyncManager(15731): Loaded persisted syncs: 0 periodic syncs, 0 oneshot syncs, 0 total system server jobs, JobStats: FirstLoad: 5/3/0 LastSave: -1/-1/-1
06-04 18:27:00.156 V/NotificationAssistants(15731): 0 notification assistant service connected: ComponentInfo{android.ext.services/android.ext.services.notification.Assistant}
06-04 18:27:00.157 D/SystemServerTiming(15731): getUserSwitchability-0
06-04 18:27:00.157 D/SystemServerTiming(15731): TM.isInCall
06-04 18:27:00.159 D/CompatibilityChangeReporter(15731): Compat change id reported: 161252188; UID 10049; state: DISABLED
06-04 18:27:00.160 D/SystemServerTiming(15731): hasUserRestriction-DISALLOW_USER_SWITCH
06-04 18:27:00.160 D/SystemServerTiming(15731): getInt-ALLOW_USER_SWITCHING_WHEN_SYSTEM_USER_LOCKED
06-04 18:27:00.160 D/SystemServerTiming(15731): isUserUnlocked-USER_SYSTEM
06-04 18:27:00.160 D/BLE_Service(15928): Service onCreate
06-04 18:27:00.161 D/CompatibilityChangeReporter(15731): Compat change id reported: 135634846; UID 10049; state: DISABLED
06-04 18:27:00.162 D/CompatibilityChangeReporter(15731): Compat change id reported: 177438394; UID 10049; state: DISABLED
06-04 18:27:00.162 D/CompatibilityChangeReporter(15731): Compat change id reported: 135772972; UID 10049; state: DISABLED
06-04 18:27:00.162 D/CompatibilityChangeReporter(15731): Compat change id reported: 135754954; UID 10049; state: ENABLED
06-04 18:27:00.162 D/SystemServerTiming(15731): getUserSwitchability-0
06-04 18:27:00.162 D/SystemServerTiming(15731): TM.isInCall
06-04 18:27:00.163 D/SystemServerTiming(15731): hasUserRestriction-DISALLOW_USER_SWITCH
06-04 18:27:00.163 D/SystemServerTiming(15731): getInt-ALLOW_USER_SWITCHING_WHEN_SYSTEM_USER_LOCKED
06-04 18:27:00.163 D/SystemServerTiming(15731): isUserUnlocked-USER_SYSTEM
06-04 18:27:00.164 D/CompatibilityChangeReporter(15731): Compat change id reported: 168419799; UID 1000; state: DISABLED
06-04 18:27:00.164 D/CompatibilityChangeReporter(15731): Compat change id reported: 273564678; UID 1000; state: DISABLED
06-04 18:27:00.164 D/HeadsetService(16024): Unlocked userId 0
06-04 18:27:00.164 D/HearingAidService(16024): Unlocked userId 0
06-04 18:27:00.164 D/HidHostService(16024): Unlocked userId 0
06-04 18:27:00.164 D/BluetoothOppService(16024): Unlocked userId 0
06-04 18:27:00.164 D/PanService(16024): Unlocked userId 0
06-04 18:27:00.166 D/CompatibilityChangeReporter(15731): Compat change id reported: 161252188; UID 1000; state: DISABLED
06-04 18:27:00.167 I/ActivityManager(15731): com.android.keychain is exempt from freezer
06-04 18:27:00.168 D/CompatibilityChangeReporter(15731): Compat change id reported: 135634846; UID 1000; state: DISABLED
06-04 18:27:00.169 E/BackupPasswordManager(15731): Unable to read saved backup pw hash
06-04 18:27:00.170 W/MediaSessionCompat(16024): Couldn't find a unique registered media button receiver in the given context.
06-04 18:27:00.170 I/ActivityManager(15731): com.oranth.ledstatus is exempt from freezer
06-04 18:27:00.173 D/SystemServerTiming(15731): getUserSwitchability-0
06-04 18:27:00.173 D/SystemServerTiming(15731): TM.isInCall
06-04 18:27:00.174 D/SystemServerTiming(15731): hasUserRestriction-DISALLOW_USER_SWITCH
06-04 18:27:00.174 D/SystemServerTiming(15731): getInt-ALLOW_USER_SWITCHING_WHEN_SYSTEM_USER_LOCKED
06-04 18:27:00.174 D/SystemServerTiming(15731): isUserUnlocked-USER_SYSTEM
06-04 18:27:00.175 W/AudioVideoDevReconnectService(15928): oncreate
06-04 18:27:00.176 I/MediaSessionStack(15731): addSession to bottom of stack | record: com.android.bluetooth/BluetoothMediaBrowserService (userId=0)
06-04 18:27:00.180 D/CompatibilityChangeReporter(16386): Compat change id reported: 171979766; UID 1000; state: DISABLED
06-04 18:27:00.180 D/CompatibilityChangeReporter(16386): Compat change id reported: 242716250; UID 1000; state: DISABLED
06-04 18:27:00.181 D/SystemServerTiming(15731): getUserSwitchability-0
06-04 18:27:00.181 D/SystemServerTiming(15731): TM.isInCall
06-04 18:27:00.182 D/SystemServerTiming(15731): hasUserRestriction-DISALLOW_USER_SWITCH
06-04 18:27:00.182 D/Zygote (15605): Forked child process 16403
06-04 18:27:00.182 D/SystemServerTiming(15731): getInt-ALLOW_USER_SWITCHING_WHEN_SYSTEM_USER_LOCKED
06-04 18:27:00.182 D/SystemServerTiming(15731): isUserUnlocked-USER_SYSTEM
06-04 18:27:00.182 W/ActivityManager(15731): Slow operation: 123ms so far, now at startProcess: returned from zygote!
06-04 18:27:00.182 W/ActivityManager(15731): Slow operation: 123ms so far, now at startProcess: done updating battery stats
06-04 18:27:00.183 I/Watchdog(15731): Interesting Java process com.android.providers.media.module started. Pid 16403
06-04 18:27:00.183 W/ActivityManager(15731): Slow operation: 123ms so far, now at startProcess: building log message
06-04 18:27:00.183 I/ActivityManager(15731): Start proc 16403:com.android.providers.media.module/u0a58 for service {com.android.providers.media.module/com.android.providers.media.fuse.ExternalStorageServiceImpl}
06-04 18:27:00.183 W/ActivityManager(15731): Slow operation: 123ms so far, now at startProcess: starting to update pids map
06-04 18:27:00.183 W/ActivityManager(15731): Slow operation: 123ms so far, now at startProcess: done updating pids map
06-04 18:27:00.183 W/ActivityManager(15731): Slow operation: 56ms so far, now at startProcess: asking zygote to start proc
06-04 18:27:00.184 D/SystemServerTiming(15731): getUserSwitchability-0
06-04 18:27:00.184 D/SystemServerTiming(15731): TM.isInCall
06-04 18:27:00.184 D/SystemServerTiming(15731): hasUserRestriction-DISALLOW_USER_SWITCH
06-04 18:27:00.184 D/SystemServerTiming(15731): getInt-ALLOW_USER_SWITCHING_WHEN_SYSTEM_USER_LOCKED
06-04 18:27:00.184 D/SystemServerTiming(15731): isUserUnlocked-USER_SYSTEM
06-04 18:27:00.185 D/SystemServerTiming(15731): getUserSwitchability-0
06-04 18:27:00.185 D/SystemServerTiming(15731): TM.isInCall
06-04 18:27:00.186 D/SystemServerTiming(15731): hasUserRestriction-DISALLOW_USER_SWITCH
06-04 18:27:00.186 D/SystemServerTiming(15731): getInt-ALLOW_USER_SWITCHING_WHEN_SYSTEM_USER_LOCKED
06-04 18:27:00.186 D/SystemServerTiming(15731): isUserUnlocked-USER_SYSTEM
06-04 18:27:00.190 V/MediaPlayerList(16024): onActiveSessionsChanged: number of controllers: 0
06-04 18:27:00.190 D/AvrcpTargetJni(16024): sendPlayerSettingsNative
06-04 18:27:00.190 I/bt_stack(16024): [INFO:avrcp_service.cc(551)] virtual void bluetooth::avrcp::AvrcpService::SendPlayerSettingsChanged(std::vector, std::vector)
06-04 18:27:00.190 I/bt_stack(16024): [INFO:avrcp_service.cc(565)] attribute=PlayerAttribute::REPEAT : value=PlayerRepeatValue::OFF
06-04 18:27:00.190 I/bt_stack(16024): attribute=PlayerAttribute::SHUFFLE : value=PlayerShuffleValue::OFF
06-04 18:27:00.190 I/bt_stack(16024):
06-04 18:27:00.192 D/ApplicationLoaders(16386): Returning zygote-cached class loader: /system/framework/android.test.base.jar
06-04 18:27:00.192 D/ApplicationLoaders(16386): Returning zygote-cached class loader: /system/framework/android.hidl.manager-V1.0-java.jar
06-04 18:27:00.192 D/ApplicationLoaders(16386): Returning zygote-cached class loader: /system/framework/android.hidl.base-V1.0-java.jar
06-04 18:27:00.194 I/Zygote (16403): seccomp disabled by setenforce 0
06-04 18:27:00.196 I/BrowsedPlayerWrapper(16024): onConnected: com.android.bluetooth is connected
06-04 18:27:00.196 D/AvrcpBrowsablePlayerConnector(16024): Browse player callback called: package=com.android.bluetooth : status=0
06-04 18:27:00.196 D/AvrcpBrowsablePlayerConnector(16024): Received a message: msg.what=1
06-04 18:27:00.196 I/AvrcpBrowsablePlayerConnector(16024): Checking root contents for com.android.bluetooth
06-04 18:27:00.205 I/rs.media.module(16403): Using CollectorTypeCC GC.
06-04 18:27:00.212 D/LocalBluetoothProfileManager(15928): LocalBluetoothProfileManager construction complete
06-04 18:27:00.213 D/nativeloader(16386): Configuring clns-shared-4 for other apk /system/app/dangbei-etna-service/dangbei-etna-service.apk. target_sdk_version=28, uses_libraries=, library_path=/system/app/dangbei-etna-service/lib/arm:/system/app/dangbei-etna-service/dangbei-etna-service.apk!/lib/armeabi-v7a:/system/lib:/system_ext/lib, permitted_path=/data:/mnt/expand:/data/user/0/com.dangbei.lerad.etna.haqu:/system/app/dangbei-etna-service:/system/lib:/system_ext/lib
06-04 18:27:00.213 W/MediaSessionCompat(16024): Couldn't find a unique registered media button receiver in the given context.
06-04 18:27:00.214 E/AppSearchIcing(15731): icing-array-storage.cc:107: Array storage bad crc 3189700143 vs 0
06-04 18:27:00.214 E/AppSearchIcing(15731): icing-dynamic-trie.cc:511: Trie mmap node failed
06-04 18:27:00.214 E/AppSearchIcing(15731): document-store.cc:438: Failed to init DynamicTrieKeyMapper file: /data/system_ce/0/appsearch/icing/document_dir/key_mapper_dir/key_mapperFailed to initialize KeyMapper
06-04 18:27:00.214 W/AppSearchIcing(15731): document-store.cc:381: Couldn't find derived files or failed to initialize them, regenerating derived files for DocumentStore.
06-04 18:27:00.214 E/rs.media.module(16403): Not starting debugger since process cannot load the jdwp agent.
06-04 18:27:00.215 I/MediaSessionStack(15731): addSession to bottom of stack | record: com.android.bluetooth/BluetoothMediaBrowserService (userId=0)
06-04 18:27:00.218 D/LocalBluetoothProfileManager(15928): Adding local A2DP profile
06-04 18:27:00.220 D/BluetoothA2dp(15928): Binding service...
06-04 18:27:00.221 D/WindowManagerShell(15915): TvPipController: onTaskStackChanged()
06-04 18:27:00.221 D/LocalBluetoothProfileManager(15928): Adding local HEADSET profile
06-04 18:27:00.223 D/BluetoothHeadset(15928): Binding service...
06-04 18:27:00.224 D/LocalBluetoothProfileManager(15928): Adding local OPP profile
06-04 18:27:00.224 D/LocalBluetoothProfileManager(15928): Adding local Hearing Aid profile
06-04 18:27:00.225 V/MediaPlayerList(16024): onActiveSessionsChanged: number of controllers: 0
06-04 18:27:00.225 D/AvrcpTargetJni(16024): sendPlayerSettingsNative
06-04 18:27:00.225 I/bt_stack(16024): [INFO:avrcp_service.cc(551)] virtual void bluetooth::avrcp::AvrcpService::SendPlayerSettingsChanged(std::vector, std::vector)
06-04 18:27:00.225 I/bt_stack(16024): [INFO:avrcp_service.cc(565)] attribute=PlayerAttribute::REPEAT : value=PlayerRepeatValue::OFF
06-04 18:27:00.225 I/bt_stack(16024): attribute=PlayerAttribute::SHUFFLE : value=PlayerShuffleValue::OFF
06-04 18:27:00.225 I/bt_stack(16024):
06-04 18:27:00.225 I/BrowsedPlayerWrapper(16024): onConnected: com.android.bluetooth is connected
06-04 18:27:00.225 I/BrowsedPlayerWrapper(16024): getFolderItems: Connected to browsable player: com.android.bluetooth
06-04 18:27:00.227 D/BluetoothHearingAid(15928): Binding service...
06-04 18:27:00.229 D/LocalBluetoothProfileManager(15928): Adding local HID_HOST profile
06-04 18:27:00.231 D/BluetoothHidHost(15928): Binding service...
06-04 18:27:00.231 D/LocalBluetoothProfileManager(15928): Adding local PAN profile
06-04 18:27:00.233 D/BluetoothPan(15928): Binding service...
06-04 18:27:00.234 V/BackupManagerConstants(15731): getKeyValueBackupIntervalMilliseconds(...) returns 14400000
06-04 18:27:00.234 V/BackupManagerConstants(15731): getKeyValueBackupFuzzMilliseconds(...) returns 600000
06-04 18:27:00.234 V/BackupManagerConstants(15731): getKeyValueBackupRequiredNetworkType(...) returns 1
06-04 18:27:00.234 V/BackupManagerConstants(15731): getKeyValueBackupRequireCharging(...) returns true
06-04 18:27:00.235 V/KeyValueBackupJob(15731): Scheduling k/v pass in 247 minutes
06-04 18:27:00.236 D/Zygote (15605): Forked child process 16421
06-04 18:27:00.236 W/ActivityManager(15731): Slow operation: 109ms so far, now at startProcess: returned from zygote!
06-04 18:27:00.237 W/ActivityManager(15731): Slow operation: 109ms so far, now at startProcess: done updating battery stats
06-04 18:27:00.237 W/ActivityManager(15731): Slow operation: 109ms so far, now at startProcess: building log message
06-04 18:27:00.237 I/ActivityManager(15731): Start proc 16421:com.dangbei.leard.leradlauncher/1000 for top-activity {com.dangbei.leard.leradlauncher/com.dangbei.launcher.home.LauncherActivity}
06-04 18:27:00.237 W/ActivityManager(15731): Slow operation: 109ms so far, now at startProcess: starting to update pids map
06-04 18:27:00.237 W/ActivityManager(15731): Slow operation: 110ms so far, now at startProcess: done updating pids map
06-04 18:27:00.237 W/ActivityManager(15731): Slow operation: 76ms so far, now at startProcess: asking zygote to start proc
06-04 18:27:00.237 D/CompatibilityChangeReporter(15731): Compat change id reported: 143937733; UID 10049; state: ENABLED
06-04 18:27:00.242 I/Zygote (16421): seccomp disabled by setenforce 0
06-04 18:27:00.243 D/CompatibilityChangeReporter(15731): Compat change id reported: 168419799; UID 10058; state: DISABLED
06-04 18:27:00.244 D/CompatibilityChangeReporter(15731): Compat change id reported: 273564678; UID 10058; state: DISABLED
06-04 18:27:00.248 I/d.leradlauncher(16421): Using CollectorTypeCC GC.
06-04 18:27:00.248 D/CompatibilityChangeReporter(15731): Compat change id reported: 265195908; UID 10058; state: ENABLED
06-04 18:27:00.255 V/BackupManagerService(15731): [UserID:0] No ancestral data
06-04 18:27:00.255 E/d.leradlauncher(16421): Not starting debugger since process cannot load the jdwp agent.
06-04 18:27:00.268 D/CompatibilityChangeReporter(16403): Compat change id reported: 171979766; UID 10058; state: ENABLED
06-04 18:27:00.268 D/CompatibilityChangeReporter(15731): Compat change id reported: 168419799; UID 1000; state: DISABLED
06-04 18:27:00.269 D/CompatibilityChangeReporter(15731): Compat change id reported: 273564678; UID 1000; state: DISABLED
06-04 18:27:00.270 D/CompatibilityChangeReporter(16403): Compat change id reported: 242716250; UID 10058; state: ENABLED
06-04 18:27:00.272 D/CompatibilityChangeReporter(15731): Compat change id reported: 271850009; UID 1000; state: ENABLED
06-04 18:27:00.273 D/CompatibilityChangeReporter(15731): Compat change id reported: 271850009; UID 1000; state: DISABLED
06-04 18:27:00.274 V/GraphicsEnvironment(16386): Currently set values for:
06-04 18:27:00.274 V/GraphicsEnvironment(16386): angle_gl_driver_selection_pkgs=[]
06-04 18:27:00.274 V/GraphicsEnvironment(16386): angle_gl_driver_selection_values=[]
06-04 18:27:00.274 D/LocalBluetoothProfileManager(15928): Current Profiles[]
06-04 18:27:00.274 D/LocalBluetoothProfileManager(15928): New Profiles[HID]
06-04 18:27:00.274 D/CachedBluetoothDevice(15928): updating profiles for XX:XX:XX:XX:C0:7A
06-04 18:27:00.275 V/GraphicsEnvironment(16386): ANGLE GameManagerService for com.dangbei.lerad.etna.haqu: false
06-04 18:27:00.276 V/GraphicsEnvironment(16386): com.dangbei.lerad.etna.haqu is not listed in per-application setting
06-04 18:27:00.276 V/GraphicsEnvironment(16386): Neither updatable production driver nor prerelease driver is supported.
06-04 18:27:00.278 V/CachedBluetoothDevice(15928): Class: 50c
06-04 18:27:00.278 V/CachedBluetoothDevice(15928): UUID:
06-04 18:27:00.278 V/CachedBluetoothDevice(15928): 0000180f-0000-1000-8000-00805f9b34fb
06-04 18:27:00.278 V/CachedBluetoothDevice(15928): 00001812-0000-1000-8000-00805f9b34fb
06-04 18:27:00.278 D/BluetoothAdapter(15928): getActiveDevices(profile= A2DP)
06-04 18:27:00.278 D/ConnectivityService(15731): requestNetwork for uid/pid:1000/15731 activeRequest: null callbackRequest: 33 [NetworkRequest [ REQUEST id=34, [ Capabilities: INTERNET&NOT_RESTRICTED&TRUSTED&NOT_VCN_MANAGED Uid: 1000 RequestorUid: 1000 RequestorPkg: android UnderlyingNetworks: Null] ]] callback flags: 0 order: 2147483647
06-04 18:27:00.273 D/Zygote (15605): Forked child process 16437
06-04 18:27:00.279 W/ActivityManager(15731): Slow operation: 117ms so far, now at startProcess: returned from zygote!
06-04 18:27:00.279 W/ActivityManager(15731): Slow operation: 117ms so far, now at startProcess: done updating battery stats
06-04 18:27:00.279 W/ActivityManager(15731): Slow operation: 118ms so far, now at startProcess: building log message
06-04 18:27:00.279 I/ActivityManager(15731): Start proc 16437:com.android.music/u0a49 for service {com.android.music/com.android.music.MediaPlaybackService}
06-04 18:27:00.279 W/ActivityManager(15731): Slow operation: 118ms so far, now at startProcess: starting to update pids map
06-04 18:27:00.279 W/ActivityManager(15731): Slow operation: 118ms so far, now at startProcess: done updating pids map
06-04 18:27:00.279 D/ConnectivityService(15731): NetReassign [no changes] [c 0] [a 0] [i 1]
06-04 18:27:00.279 W/ActivityManager(15731): Slow operation: 113ms so far, now at startProcess: asking zygote to start proc
06-04 18:27:00.280 I/Zygote (16437): seccomp disabled by setenforce 0
06-04 18:27:00.281 I/BluetoothAdapterService(16024): getActiveDevices: A2dp device: null
06-04 18:27:00.281 D/WifiNetworkFactory(15731): got request NetworkRequest [ REQUEST id=34, [ Capabilities: INTERNET&NOT_RESTRICTED&TRUSTED&NOT_VCN_MANAGED Uid: 1000 RequestorUid: 1000 RequestorPkg: android UnderlyingNetworks: Null] ]
06-04 18:27:00.281 D/BluetoothAdapter(15928): getActiveDevices(profile= HEADSET)
06-04 18:27:00.282 D/UntrustedWifiNetworkFactory(15731): got request NetworkRequest [ REQUEST id=34, [ Capabilities: INTERNET&NOT_RESTRICTED&TRUSTED&NOT_VCN_MANAGED Uid: 1000 RequestorUid: 1000 RequestorPkg: android UnderlyingNetworks: Null] ]
06-04 18:27:00.282 D/OemPaidWifiNetworkFactory(15731): got request NetworkRequest [ REQUEST id=34, [ Capabilities: INTERNET&NOT_RESTRICTED&TRUSTED&NOT_VCN_MANAGED Uid: 1000 RequestorUid: 1000 RequestorPkg: android UnderlyingNetworks: Null] ]
06-04 18:27:00.282 D/MultiInternetWifiNetworkFactory(15731): got request NetworkRequest [ REQUEST id=34, [ Capabilities: INTERNET&NOT_RESTRICTED&TRUSTED&NOT_VCN_MANAGED Uid: 1000 RequestorUid: 1000 RequestorPkg: android UnderlyingNetworks: Null] ]
06-04 18:27:00.283 I/BluetoothAdapterService(16024): getActiveDevices: Headset device: null
06-04 18:27:00.284 D/BluetoothAdapter(15928): getActiveDevices(profile= HEARING_AID)
06-04 18:27:00.286 D/CompatibilityChangeReporter(15731): Compat change id reported: 170503758; UID 10058; state: ENABLED
06-04 18:27:00.288 I/MultiDex(16386): VM with version 2.1.0 has multidex support
06-04 18:27:00.288 I/MultiDex(16386): Installing application
06-04 18:27:00.288 I/MultiDex(16386): VM has multidex support, MultiDex support library is disabled.
06-04 18:27:00.289 I/BluetoothAdapterService(16024): getActiveDevices: Hearing Aid devices: Left[null] - Right[null]
06-04 18:27:00.290 I/m.android.music(16437): Using CollectorTypeCC GC.
06-04 18:27:00.292 I/BackupManagerService(15731): isBackupEnabled() => false due to absent settings file
06-04 18:27:00.292 D/BackupManagerService(15731): user:0 readBackupEnableState enabled:false
06-04 18:27:00.294 I/BLE_Service(15928): mConnRunnable, looking on bonded devices in order to find connection target...
06-04 18:27:00.294 I/BLE_Service(15928): connectToBondedDevices><
06-04 18:27:00.296 I/BLE_Service(15928): bondedDevices size:1
06-04 18:27:00.298 D/nativeloader(16403): Configuring clns-shared-4 for other apk /apex/com.android.mediaprovider/priv-app/MediaProvider@UD2A.240505.001.W1/MediaProvider.apk. target_sdk_version=34, uses_libraries=, library_path=/apex/com.android.mediaprovider/priv-app/MediaProvider@UD2A.240505.001.W1/lib/arm:/apex/com.android.mediaprovider/priv-app/MediaProvider@UD2A.240505.001.W1/MediaProvider.apk!/lib/armeabi-v7a:/system/lib:/system_ext/lib, permitted_path=/data:/mnt/expand:/data/user/0/com.android.providers.media.module:/apex/com.android.mediaprovider/priv-app/MediaProvider@UD2A.240505.001.W1:/system/lib:/system_ext/lib
06-04 18:27:00.298 D/CompatibilityChangeReporter(16421): Compat change id reported: 171979766; UID 1000; state: DISABLED
06-04 18:27:00.298 D/CompatibilityChangeReporter(16421): Compat change id reported: 242716250; UID 1000; state: DISABLED
06-04 18:27:00.300 D/nativeloader(16403): InitApexLibraries:
06-04 18:27:00.300 D/nativeloader(16403): com_android_adservices: libhpke_jni.so:libtflite_support_classifiers_native.so
06-04 18:27:00.300 D/nativeloader(16403): com_android_appsearch: libicing.so
06-04 18:27:00.300 D/nativeloader(16403): com_android_art: libartservice.so
06-04 18:27:00.300 D/nativeloader(16403): com_android_btservices: libbluetooth_jni.so
06-04 18:27:00.300 D/nativeloader(16403): com_android_conscrypt: libjavacrypto.so
06-04 18:27:00.300 D/nativeloader(16403): com_android_extservices: libhpke_jni.so:libtflite_support_classifiers_native.so
06-04 18:27:00.300 D/nativeloader(16403): com_android_os_statsd: libstats_jni.so
06-04 18:27:00.300 D/nativeloader(16403): com_android_tethering: libandroid_net_connectivity_com_android_net_module_util_jni.so:libcronet.114.0.5735.84.so:libframework-connectivity-jni.so:libframework-connectivity-tiramisu-jni.so:libservice-connectivity.so
06-04 18:27:00.300 D/nativeloader(16403): com_android_uwb: libuwb_uci_jni_rust.so
06-04 18:27:00.300 D/nativeloader(16403): com_android_virt: libvirtualizationservice_jni.so:libvirtualmachine_jni.so
06-04 18:27:00.300 I/BLE_Service(15928): GetToBondedDevicesMacAddress><
06-04 18:27:00.301 E/m.android.music(16437): Not starting debugger since process cannot load the jdwp agent.
06-04 18:27:00.302 I/BLE_Service(15928): bondedDevices size: 1
06-04 18:27:00.303 W/System.err(15928): java.io.FileNotFoundException: /sys/class/aml_btusb/aml_btusb/aml_rclist: open failed: ENOENT (No such file or directory)
06-04 18:27:00.303 W/System.err(15928): at libcore.io.IoBridge.open(IoBridge.java:574)
06-04 18:27:00.303 W/System.err(15928): at java.io.FileOutputStream.(FileOutputStream.java:236)
06-04 18:27:00.303 W/System.err(15928): at java.io.FileOutputStream.(FileOutputStream.java:125)
06-04 18:27:00.303 W/System.err(15928): at java.io.FileWriter.(FileWriter.java:66)
06-04 18:27:00.303 W/System.err(15928): at com.droidlogic.btpair.DialogBluetoothService.writeFileFromString(DialogBluetoothService.java:294)
06-04 18:27:00.303 W/System.err(15928): at com.droidlogic.btpair.DialogBluetoothService.GetToBondedDevicesMacAddress(DialogBluetoothService.java:452)
06-04 18:27:00.303 W/System.err(15928): at com.droidlogic.btpair.DialogBluetoothService$2.run(DialogBluetoothService.java:349)
06-04 18:27:00.303 W/System.err(15928): at android.os.Handler.handleCallback(Handler.java:958)
06-04 18:27:00.303 W/System.err(15928): at android.os.Handler.dispatchMessage(Handler.java:99)
06-04 18:27:00.303 W/System.err(15928): at android.os.Looper.loopOnce(Looper.java:205)
06-04 18:27:00.303 W/System.err(15928): at android.os.Looper.loop(Looper.java:294)
06-04 18:27:00.303 W/System.err(15928): at android.app.ActivityThread.main(ActivityThread.java:8255)
06-04 18:27:00.303 W/System.err(15928): at java.lang.reflect.Method.invoke(Native Method)
06-04 18:27:00.303 W/System.err(15928): at com.android.internal.os.RuntimeInit$MethodAndArgsCaller.run(RuntimeInit.java:552)
06-04 18:27:00.303 W/System.err(15928): at com.android.internal.os.ZygoteInit.main(ZygoteInit.java:978)
06-04 18:27:00.304 W/System.err(15928): Caused by: android.system.ErrnoException: open failed: ENOENT (No such file or directory)
06-04 18:27:00.305 W/System.err(15928): at libcore.io.Linux.open(Native Method)
06-04 18:27:00.305 W/System.err(15928): at libcore.io.ForwardingOs.open(ForwardingOs.java:563)
06-04 18:27:00.305 W/System.err(15928): at libcore.io.BlockGuardOs.open(BlockGuardOs.java:274)
06-04 18:27:00.305 W/System.err(15928): at libcore.io.ForwardingOs.open(ForwardingOs.java:563)
06-04 18:27:00.305 W/System.err(15928): at android.app.ActivityThread$AndroidOs.open(ActivityThread.java:8138)
06-04 18:27:00.305 W/System.err(15928): at libcore.io.IoBridge.open(IoBridge.java:560)
06-04 18:27:00.305 W/System.err(15928): ... 14 more
06-04 18:27:00.292 I/BackupManagerService(15731): [UserID:0] Backup enabled => false
06-04 18:27:00.307 I/system_server(15731): Using smaps_rollup for pss collection
06-04 18:27:00.309 I/BLE_Service(15928): Device Name: Dangbei, MAC Address: E4:BB:D3:57:C0:7A
06-04 18:27:00.309 W/System.err(15928): java.io.FileNotFoundException: /sys/class/aml_btusb/aml_btusb/aml_rclist: open failed: ENOENT (No such file or directory)
06-04 18:27:00.310 W/System.err(15928): at libcore.io.IoBridge.open(IoBridge.java:574)
06-04 18:27:00.310 W/System.err(15928): at java.io.FileInputStream.(FileInputStream.java:160)
06-04 18:27:00.310 W/System.err(15928): at java.io.FileReader.(FileReader.java:75)
06-04 18:27:00.310 W/System.err(15928): at com.droidlogic.btpair.DialogBluetoothService.readCurrentMacAddresses(DialogBluetoothService.java:325)
06-04 18:27:00.310 W/System.err(15928): at com.droidlogic.btpair.DialogBluetoothService.writeMacAddressToFile(DialogBluetoothService.java:307)
06-04 18:27:00.310 W/System.err(15928): at com.droidlogic.btpair.DialogBluetoothService.GetToBondedDevicesMacAddress(DialogBluetoothService.java:456)
06-04 18:27:00.310 W/System.err(15928): at com.droidlogic.btpair.DialogBluetoothService$2.run(DialogBluetoothService.java:349)
06-04 18:27:00.310 W/System.err(15928): at android.os.Handler.handleCallback(Handler.java:958)
06-04 18:27:00.310 W/System.err(15928): at android.os.Handler.dispatchMessage(Handler.java:99)
06-04 18:27:00.310 W/System.err(15928): at android.os.Looper.loopOnce(Looper.java:205)
06-04 18:27:00.310 W/System.err(15928): at android.os.Looper.loop(Looper.java:294)
06-04 18:27:00.310 W/System.err(15928): at android.app.ActivityThread.main(ActivityThread.java:8255)
06-04 18:27:00.310 W/System.err(15928): at java.lang.reflect.Method.invoke(Native Method)
06-04 18:27:00.310 W/System.err(15928): at com.android.internal.os.RuntimeInit$MethodAndArgsCaller.run(RuntimeInit.java:552)
06-04 18:27:00.310 W/System.err(15928): at com.android.internal.os.ZygoteInit.main(ZygoteInit.java:978)
06-04 18:27:00.310 W/System.err(15928): Caused by: android.system.ErrnoException: open failed: ENOENT (No such file or directory)
06-04 18:27:00.310 W/System.err(15928): at libcore.io.Linux.open(Native Method)
06-04 18:27:00.310 W/System.err(15928): at libcore.io.ForwardingOs.open(ForwardingOs.java:563)
06-04 18:27:00.310 W/System.err(15928): at libcore.io.BlockGuardOs.open(BlockGuardOs.java:274)
06-04 18:27:00.310 W/System.err(15928): at libcore.io.ForwardingOs.open(ForwardingOs.java:563)
06-04 18:27:00.310 W/System.err(15928): at android.app.ActivityThread$AndroidOs.open(ActivityThread.java:8138)
06-04 18:27:00.310 W/System.err(15928): at libcore.io.IoBridge.open(IoBridge.java:560)
06-04 18:27:00.310 W/System.err(15928): ... 14 more
06-04 18:27:00.310 E/BLE_Service(15928): error /sys/class/aml_btusb/aml_btusb/aml_rclist: open failed: ENOENT (No such file or directory)
06-04 18:27:00.310 W/System.err(15928): java.io.FileNotFoundException: /sys/class/aml_btusb/aml_btusb/aml_rclist: open failed: ENOENT (No such file or directory)
06-04 18:27:00.311 W/System.err(15928): at libcore.io.IoBridge.open(IoBridge.java:574)
06-04 18:27:00.311 W/System.err(15928): at java.io.FileOutputStream.(FileOutputStream.java:236)
06-04 18:27:00.311 W/System.err(15928): at java.io.FileOutputStream.(FileOutputStream.java:125)
06-04 18:27:00.311 W/System.err(15928): at java.io.FileWriter.(FileWriter.java:66)
06-04 18:27:00.311 W/System.err(15928): at com.droidlogic.btpair.DialogBluetoothService.writeMacAddressToFile(DialogBluetoothService.java:310)
06-04 18:27:00.311 W/System.err(15928): at com.droidlogic.btpair.DialogBluetoothService.GetToBondedDevicesMacAddress(DialogBluetoothService.java:456)
06-04 18:27:00.311 W/System.err(15928): at com.droidlogic.btpair.DialogBluetoothService$2.run(DialogBluetoothService.java:349)
06-04 18:27:00.311 W/System.err(15928): at android.os.Handler.handleCallback(Handler.java:958)
06-04 18:27:00.311 W/System.err(15928): at android.os.Handler.dispatchMessage(Handler.java:99)
06-04 18:27:00.311 W/System.err(15928): at android.os.Looper.loopOnce(Looper.java:205)
06-04 18:27:00.311 W/System.err(15928): at android.os.Looper.loop(Looper.java:294)
06-04 18:27:00.311 W/System.err(15928): at android.app.ActivityThread.main(ActivityThread.java:8255)
06-04 18:27:00.311 W/System.err(15928): at java.lang.reflect.Method.invoke(Native Method)
06-04 18:27:00.311 W/System.err(15928): at com.android.internal.os.RuntimeInit$MethodAndArgsCaller.run(RuntimeInit.java:552)
06-04 18:27:00.311 W/System.err(15928): at com.android.internal.os.ZygoteInit.main(ZygoteInit.java:978)
06-04 18:27:00.311 W/System.err(15928): Caused by: android.system.ErrnoException: open failed: ENOENT (No such file or directory)
06-04 18:27:00.311 W/System.err(15928): at libcore.io.Linux.open(Native Method)
06-04 18:27:00.311 W/System.err(15928): at libcore.io.ForwardingOs.open(ForwardingOs.java:563)
06-04 18:27:00.312 W/System.err(15928): at libcore.io.BlockGuardOs.open(BlockGuardOs.java:274)
06-04 18:27:00.312 W/System.err(15928): at libcore.io.ForwardingOs.open(ForwardingOs.java:563)
06-04 18:27:00.312 W/System.err(15928): at android.app.ActivityThread$AndroidOs.open(ActivityThread.java:8138)
06-04 18:27:00.312 W/System.err(15928): at libcore.io.IoBridge.open(IoBridge.java:560)
06-04 18:27:00.312 W/System.err(15928): ... 14 more
06-04 18:27:00.315 D/CompatibilityChangeReporter(15731): Compat change id reported: 168419799; UID 10049; state: DISABLED
06-04 18:27:00.316 D/CompatibilityChangeReporter(15731): Compat change id reported: 273564678; UID 10049; state: DISABLED
06-04 18:27:00.316 D/Zygote (15605): Forked child process 16455
06-04 18:27:00.316 W/AppSearchIcing(15731): integer-index.cc:206: Failed to persist integer index to disk while destructing /data/system_ce/0/appsearch/icing/integer_index_dir
06-04 18:27:00.316 W/ActivityManager(15731): Slow operation: 150ms so far, now at startProcess: returned from zygote!
06-04 18:27:00.318 D/CompatibilityChangeReporter(15731): Compat change id reported: 265195908; UID 10049; state: ENABLED
06-04 18:27:00.320 W/ActivityManager(15731): Slow operation: 154ms so far, now at startProcess: done updating battery stats
06-04 18:27:00.320 W/ActivityManager(15731): Slow operation: 154ms so far, now at startProcess: building log message
06-04 18:27:00.320 I/ActivityManager(15731): Start proc 16455:com.android.keychain/1000 for service {com.android.keychain/com.android.keychain.KeyChainService}
06-04 18:27:00.320 W/ActivityManager(15731): Slow operation: 154ms so far, now at startProcess: starting to update pids map
06-04 18:27:00.320 W/ActivityManager(15731): Slow operation: 154ms so far, now at startProcess: done updating pids map
06-04 18:27:00.321 W/ActivityManager(15731): Slow operation: 150ms so far, now at startProcess: asking zygote to start proc
06-04 18:27:00.321 D/BluetoothA2dp(15928): Proxy object connected
06-04 18:27:00.323 D/CompatibilityChangeReporter(16437): Compat change id reported: 171979766; UID 10049; state: DISABLED
06-04 18:27:00.324 D/CompatibilityChangeReporter(16437): Compat change id reported: 242716250; UID 10049; state: DISABLED
06-04 18:27:00.326 D/BluetoothHeadset(15928): Proxy object connected
06-04 18:27:00.328 D/CompatibilityChangeReporter(15731): Compat change id reported: 170503758; UID 10049; state: DISABLED
06-04 18:27:00.331 D/BluetoothHearingAid(15928): Proxy object connected
06-04 18:27:00.332 D/BluetoothHidHost(15928): Proxy object connected
06-04 18:27:00.333 V/GraphicsEnvironment(16403): Currently set values for:
06-04 18:27:00.334 V/GraphicsEnvironment(16403): angle_gl_driver_selection_pkgs=[]
06-04 18:27:00.334 V/GraphicsEnvironment(16403): angle_gl_driver_selection_values=[]
06-04 18:27:00.334 D/BluetoothPan(15928): Proxy object connected
06-04 18:27:00.334 V/GraphicsEnvironment(16403): ANGLE GameManagerService for com.android.providers.media.module: false
06-04 18:27:00.334 V/GraphicsEnvironment(16403): com.android.providers.media.module is not listed in per-application setting
06-04 18:27:00.335 V/GraphicsEnvironment(16403): Neither updatable production driver nor prerelease driver is supported.
06-04 18:27:00.339 D/Zygote (15605): Forked child process 16457
06-04 18:27:00.339 W/ServiceManagerCppClient(15825): Waited one second for android.hardware.tv.tuner.ITuner/default (is service started? Number of threads started in the threadpool: 0. Are binder threads started and available?)
06-04 18:27:00.339 W/ActivityManager(15731): Slow operation: 169ms so far, now at startProcess: returned from zygote!
06-04 18:27:00.340 W/ActivityManager(15731): Slow operation: 169ms so far, now at startProcess: done updating battery stats
06-04 18:27:00.340 W/ActivityManager(15731): Slow operation: 169ms so far, now at startProcess: building log message
06-04 18:27:00.340 I/ActivityManager(15731): Start proc 16457:com.oranth.ledstatus/1000 for broadcast {com.oranth.ledstatus/com.oranth.ledstatus.BootCompletedReceiver}
06-04 18:27:00.340 W/ActivityManager(15731): Slow operation: 170ms so far, now at startProcess: starting to update pids map
06-04 18:27:00.340 W/ActivityManager(15731): Slow operation: 170ms so far, now at startProcess: done updating pids map
06-04 18:27:00.341 D/nativeloader(16437): InitLlndkLibrariesProduct: libEGL.so:libGLESv1_CM.so:libGLESv2.so:libGLESv3.so:libRS.so:libandroid_net.so:libbinder_ndk.so:libc.so:libcgrouprc.so:libclang_rt.asan-arm-android.so:libcom.android.tethering.connectivity_native.so:libdl.so:libft2.so:liblog.so:libm.so:libmediandk.so:libnativewindow.so:libneuralnetworks.so:libselinux.so:libsync.so:libvndksupport.so:libvulkan.so
06-04 18:27:00.342 D/nativeloader(16437): Configuring product-clns-4 for unbundled product apk /product/app/Music/Music.apk. target_sdk_version=30, uses_libraries=, library_path=/product/app/Music/lib/arm:/product/lib:/system/product/lib, permitted_path=/data:/mnt/expand:/data/user/0/com.android.music:/product/lib:/system/product/lib
06-04 18:27:00.343 D/nativeloader(16437): InitVndkspLibrariesProduct: android.hardware.common-V2-ndk.so:android.hardware.common.fmq-V1-ndk.so:android.hardware.graphics.allocator-V2-ndk.so:android.hardware.graphics.common-V4-ndk.so:android.hardware.graphics.common@1.0.so:android.hardware.graphics.common@1.1.so:android.hardware.graphics.common@1.2.so:android.hardware.graphics.composer3-V1-ndk.so:android.hardware.graphics.mapper@2.0.so:android.hardware.graphics.mapper@2.1.so:android.hardware.graphics.mapper@3.0.so:android.hardware.graphics.mapper@4.0.so:android.hardware.renderscript@1.0.so:android.hidl.memory.token@1.0.so:android.hidl.memory@1.0-impl.so:android.hidl.memory@1.0.so:android.hidl.safe_union@1.0.so:libRSCpuRef.so:libRSDriver.so:libRS_internal.so:libbase.so:libbcinfo.so:libblas.so:libc++.so:libcompiler_rt.so:libcutils.so:libdmabufheap.so:libgralloctypes.so:libhardware.so:libhidlbase.so:libhidlmemory.so:libion.so:libjsoncpp.so:liblzma.so:libprocessgroup.so:libunwindstack.so:libutils.so:libutilscallstack.so:libz.so
06-04 18:27:00.345 I/Zygote (16457): seccomp disabled by setenforce 0
06-04 18:27:00.351 I/ranth.ledstatus(16457): Late-enabling -Xcheck:jni
06-04 18:27:00.358 D/ApplicationLoaders(16421): Returning zygote-cached class loader: /system/framework/android.test.base.jar
06-04 18:27:00.358 D/ApplicationLoaders(16421): Returning zygote-cached class loader: /system/framework/android.hidl.manager-V1.0-java.jar
06-04 18:27:00.358 D/ApplicationLoaders(16421): Returning zygote-cached class loader: /system/framework/android.hidl.base-V1.0-java.jar
06-04 18:27:00.365 W/libc ( 232): Unable to set property "ctl.interface_start" to "aidl/android.hardware.tv.tuner.ITuner/default": error code: 0x20
06-04 18:27:00.373 V/MediaProvider(16403): Attached media from com.android.providers.media.module
06-04 18:27:00.379 I/Zygote (16455): seccomp disabled by setenforce 0
06-04 18:27:00.382 I/ranth.ledstatus(16457): Using CollectorTypeCC GC.
06-04 18:27:00.386 I/ndroid.keychain(16455): Using CollectorTypeCC GC.
06-04 18:27:00.387 V/GraphicsEnvironment(16437): Currently set values for:
06-04 18:27:00.387 V/GraphicsEnvironment(16437): angle_gl_driver_selection_pkgs=[]
06-04 18:27:00.387 V/GraphicsEnvironment(16437): angle_gl_driver_selection_values=[]
06-04 18:27:00.388 V/GraphicsEnvironment(16437): ANGLE GameManagerService for com.android.music: false
06-04 18:27:00.388 V/GraphicsEnvironment(16437): com.android.music is not listed in per-application setting
06-04 18:27:00.389 V/GraphicsEnvironment(16437): Neither updatable production driver nor prerelease driver is supported.
06-04 18:27:00.395 E/ndroid.keychain(16455): Not starting debugger since process cannot load the jdwp agent.
06-04 18:27:00.396 V/WindowManager(15731): app ------------- force_land :0
06-04 18:27:00.401 V/PickerDatabaseHelper(16403): onConfigure() for picker.db
06-04 18:27:00.402 I/adbd (16344): jdwp connection from 16457
06-04 18:27:00.416 D/CompatibilityChangeReporter(15731): Compat change id reported: 168419799; UID 1000; state: DISABLED
06-04 18:27:00.416 D/nativeloader(16421): Configuring clns-shared-4 for other apk /system/app/dangbei-launcher/dangbei-launcher.apk. target_sdk_version=28, uses_libraries=, library_path=/system/app/dangbei-launcher/lib/arm:/system/app/dangbei-launcher/dangbei-launcher.apk!/lib/armeabi-v7a:/system/lib:/system_ext/lib, permitted_path=/data:/mnt/expand:/data/user/0/com.dangbei.leard.leradlauncher:/system/app/dangbei-launcher:/system/lib:/system_ext/lib
06-04 18:27:00.417 D/CompatibilityChangeReporter(15731): Compat change id reported: 273564678; UID 1000; state: DISABLED
06-04 18:27:00.418 D/PickerSyncController(16403): Cloud-Media-in-Photo-Picker feature is disabled during PickerSyncController construction.
06-04 18:27:00.423 D/PickerSyncController(16403): Updated cloud provider to: null
06-04 18:27:00.423 D/PickerSyncController(16403): Ignoring cache media info for null authority with bundle: null
06-04 18:27:00.423 D/CompatibilityChangeReporter(16455): Compat change id reported: 171979766; UID 1000; state: ENABLED
06-04 18:27:00.424 D/CompatibilityChangeReporter(16455): Compat change id reported: 242716250; UID 1000; state: ENABLED
06-04 18:27:00.434 I/MediaSessionStack(15731): addSession to bottom of stack | record: com.android.music/MediaPlaybackService (userId=0)
06-04 18:27:00.434 D/nativeloader(16455): Configuring clns-shared-4 for other apk /system/app/KeyChain/KeyChain.apk. target_sdk_version=34, uses_libraries=, library_path=/system/app/KeyChain/lib/arm:/system/app/KeyChain/KeyChain.apk!/lib/armeabi-v7a:/system/lib:/system_ext/lib, permitted_path=/data:/mnt/expand:/data/user/0/com.android.keychain:/system/app/KeyChain:/system/lib:/system_ext/lib
06-04 18:27:00.435 D/MediaCodecList(16403): codecHandlesFormat: no format, so no extra checks
06-04 18:27:00.435 V/MediaPlayerList(16024): onActiveSessionsChanged: number of controllers: 0
06-04 18:27:00.435 D/AvrcpTargetJni(16024): sendPlayerSettingsNative
06-04 18:27:00.435 I/bt_stack(16024): [INFO:avrcp_service.cc(551)] virtual void bluetooth::avrcp::AvrcpService::SendPlayerSettingsChanged(std::vector, std::vector)
06-04 18:27:00.435 I/bt_stack(16024): [INFO:avrcp_service.cc(565)] attribute=PlayerAttribute::REPEAT : value=PlayerRepeatValue::OFF
06-04 18:27:00.435 I/bt_stack(16024): attribute=PlayerAttribute::SHUFFLE : value=PlayerShuffleValue::OFF
06-04 18:27:00.435 I/bt_stack(16024):
06-04 18:27:00.440 D/MediaCodecList(16403): codecHandlesFormat: no format, so no extra checks
06-04 18:27:00.442 D/CCodec (16403): allocate(c2.amlogic.hevc.decoder)
06-04 18:27:00.446 D/CompatibilityChangeReporter(15731): Compat change id reported: 168419799; UID 1000; state: DISABLED
06-04 18:27:00.446 D/CompatibilityChangeReporter(15731): Compat change id reported: 273564678; UID 1000; state: DISABLED
06-04 18:27:00.452 V/GraphicsEnvironment(16421): Currently set values for:
06-04 18:27:00.452 V/GraphicsEnvironment(16421): angle_gl_driver_selection_pkgs=[]
06-04 18:27:00.452 V/GraphicsEnvironment(16421): angle_gl_driver_selection_values=[]
06-04 18:27:00.453 V/GraphicsEnvironment(16421): ANGLE GameManagerService for com.dangbei.leard.leradlauncher: false
06-04 18:27:00.453 V/GraphicsEnvironment(16421): com.dangbei.leard.leradlauncher is not listed in per-application setting
06-04 18:27:00.453 V/GraphicsEnvironment(16421): Neither updatable production driver nor prerelease driver is supported.
06-04 18:27:00.456 D/CompatibilityChangeReporter(16437): Compat change id reported: 160794467; UID 10049; state: DISABLED
06-04 18:27:00.459 I/MultiDex(16421): VM with version 2.1.0 has multidex support
06-04 18:27:00.459 I/MultiDex(16421): Installing application
06-04 18:27:00.459 I/MultiDex(16421): VM has multidex support, MultiDex support library is disabled.
06-04 18:27:00.459 I/MediaBrowserService(16437): No root for client com.android.bluetooth from service android.service.media.MediaBrowserService$ServiceBinder$1
06-04 18:27:00.461 I/Codec2Client(16403): Available Codec2 services: "default" "software"
06-04 18:27:00.461 E/MediaBrowser(16024): onConnectFailed for ComponentInfo{com.android.music/com.android.music.MediaPlaybackService}
06-04 18:27:00.464 I/CCodec (16403): setting up 'default' as default (vendor) store
06-04 18:27:00.467 W/BrowsedPlayerWrapper(16024): onConnectionFailed: Connection Failed with com.android.music
06-04 18:27:00.467 D/AvrcpBrowsablePlayerConnector(16024): Browse player callback called: package=com.android.music : status=1
06-04 18:27:00.467 D/AvrcpBrowsablePlayerConnector(16024): Received a message: msg.what=1
