06-04 18:27:40.302 V/WindowManagerShell(15915): Transition requested: android.os.BinderProxy@94f8242 TransitionRequestInfo { type = 1, triggerTask = TaskInfo{userId=0 taskId=54 displayId=0 isRunning=true baseIntent=Intent { dat=haqu://setting:8080/... flg=0x10000000 pkg=com.dangbei.haqusetting cmp=com.dangbei.haqusetting/.ui.HomeActivity } baseActivity=ComponentInfo{com.dangbei.haqusetting/com.dangbei.haqusetting.ui.HomeActivity} topActivity=ComponentInfo{com.dangbei.haqusetting/com.dangbei.haqusetting.ui.HomeActivity} origActivity=null realActivity=ComponentInfo{com.dangbei.haqusetting/com.dangbei.haqusetting.ui.HomeActivity} numActivities=1 lastActiveTime=7639005 supportsMultiWindow=true resizeMode=1 isResizeable=true minWidth=-1 minHeight=-1 defaultMinSize=220 token=WCT{android.window.IWindowContainerToken$Stub$Proxy@196c253} topActivityType=1 pictureInPictureParams=null shouldDockBigOverlays=true launchIntoPipHostTaskId=-1 lastParentTaskIdBeforePip=-1 displayCutoutSafeInsets=null topActivityInfo=ActivityInfo{b983790 com.dangbei.haqusetting.ui.HomeActivity} launchCookies=[] positionInParent=Point(0, 0) parentTaskId=-1 isFocused=false isVisible=false isVisibleRequested=false isSleeping=false topActivityInSizeCompat=false topActivityEligibleForLetterboxEducation= false isLetterboxDoubleTapEnabled= false topActivityEligibleForUserAspectRatioButton= false topActivityBoundsLetterboxed= false isFromLetterboxDoubleTap= false topActivityLetterboxVerticalPosition= -1 topActivityLetterboxHorizontalPosition= -1 topActivityLetterboxWidth=-1 topActivityLetterboxHeight=-1 isUserFullscreenOverrideEnabled=false isTopActivityTransparent=true locusId=null displayAreaFeatureId=1 cameraCompatControlState=hidden}, remoteTransition = null, displayChange = null, flags = 0 }
06-04 18:27:40.304 I/ActivityManager(15731): com.dangbei.haqusetting is exempt from freezer
06-04 18:27:40.305 D/CompatibilityChangeReporter(15731): Compat change id reported: 135634846; UID 1000; state: DISABLED
06-04 18:27:40.313 D/TrafficStats(16421): tagSocket(138) with statsTag=0xffffffff, statsUid=-1
06-04 18:27:40.316 I/BpBinder(15613): onLastStrongRef automatically unlinking death recipients:
06-04 18:27:40.325 W/SQLiteLog(16421): (28) double-quoted string literal: "
06-04 18:27:40.325 W/SQLiteLog(16421): (28) double-quoted string literal: "335E012ABA9F9B07DF4979C330D50BAA"
06-04 18:27:40.329 I/audio_hw_hal_primary(15619): [audiohal_get_latency:1333] io 13: out:0xebe415a0 frames:1280 rate:48000 whole_latency:26 alsa_latency:26
06-04 18:27:40.329 D/Zygote (15605): Forked child process 17778
06-04 18:27:40.330 I/ActivityManager(15731): Start proc 17778:com.dangbei.haqusetting/1000 for next-top-activity {com.dangbei.haqusetting/com.dangbei.haqusetting.ui.HomeActivity}
06-04 18:27:40.336 I/Zygote (17778): seccomp disabled by setenforce 0
06-04 18:27:40.343 I/bei.haqusetting(17778): Using CollectorTypeCC GC.
06-04 18:27:40.348 E/bei.haqusetting(17778): Not starting debugger since process cannot load the jdwp agent.
06-04 18:27:40.359 D/CompatibilityChangeReporter(15731): Compat change id reported: 168419799; UID 1000; state: DISABLED
06-04 18:27:40.359 D/CompatibilityChangeReporter(15731): Compat change id reported: 273564678; UID 1000; state: DISABLED
06-04 18:27:40.364 D/CompatibilityChangeReporter(17778): Compat change id reported: 171979766; UID 1000; state: ENABLED
06-04 18:27:40.364 D/CompatibilityChangeReporter(17778): Compat change id reported: 242716250; UID 1000; state: DISABLED
06-04 18:27:40.372 I/audio_hw_hal_primary(15619): [audiohal_get_latency:1333] io 13: out:0xebe415a0 frames:1280 rate:48000 whole_latency:26 alsa_latency:26
06-04 18:27:40.386 D/nativeloader(17778): Configuring clns-shared-4 for other apk /system/app/dangbei-setting/dangbei-setting.apk. target_sdk_version=31, uses_libraries=, library_path=/system/app/dangbei-setting/lib/arm:/system/app/dangbei-setting/dangbei-setting.apk!/lib/armeabi-v7a:/system/lib:/system_ext/lib, permitted_path=/data:/mnt/expand:/data/user/0/com.dangbei.haqusetting:/system/app/dangbei-setting:/system/lib:/system_ext/lib
06-04 18:27:40.411 V/GraphicsEnvironment(17778): Currently set values for:
06-04 18:27:40.411 V/GraphicsEnvironment(17778): angle_gl_driver_selection_pkgs=[]
06-04 18:27:40.411 V/GraphicsEnvironment(17778): angle_gl_driver_selection_values=[]
06-04 18:27:40.411 V/GraphicsEnvironment(17778): ANGLE GameManagerService for com.dangbei.haqusetting: false
06-04 18:27:40.411 V/GraphicsEnvironment(17778): com.dangbei.haqusetting is not listed in per-application setting
06-04 18:27:40.411 V/GraphicsEnvironment(17778): Neither updatable production driver nor prerelease driver is supported.
06-04 18:27:40.412 D/WindowManagerShell(15915): TvPipController: onTaskStackChanged()
06-04 18:27:40.414 I/audio_hw_hal_primary(15619): [audiohal_get_latency:1333] io 13: out:0xebe415a0 frames:1280 rate:48000 whole_latency:26 alsa_latency:26
06-04 18:27:40.414 I/audio_hw_hal_primary(15619): [audiohal_get_latency:1333] io 13: out:0xebe415a0 frames:1280 rate:48000 whole_latency:26 alsa_latency:26
06-04 18:27:40.416 I/MultiDex(17778): VM with version 2.1.0 has multidex support
06-04 18:27:40.416 I/MultiDex(17778): Installing application
06-04 18:27:40.416 I/MultiDex(17778): VM has multidex support, MultiDex support library is disabled.
06-04 18:27:40.424 E/ccc (17778): cccccc HaquSettingApplication app onCreate start
06-04 18:27:40.426 E/ccc (17778): cccccc HaquSettingApplication app onCreate end
06-04 18:27:40.428 V/WindowManager(15731): app ------------- force_land :0
06-04 18:27:40.433 D/CompatibilityChangeReporter(15731): Compat change id reported: 197654537; UID 1000; state: DISABLED
06-04 18:27:40.436 I/audio_hw_hal_primary(15619): [audiohal_get_latency:1333] io 13: out:0xebe415a0 frames:1280 rate:48000 whole_latency:26 alsa_latency:26
06-04 18:27:40.436 I/audio_hw_hal_primary(15619): [audiohal_get_latency:1333] io 13: out:0xebe415a0 frames:1280 rate:48000 whole_latency:26 alsa_latency:26
06-04 18:27:40.436 D/CompatibilityChangeReporter(15731): Compat change id reported: 161145287; UID 1000; state: ENABLED
06-04 18:27:40.437 D/CompatibilityChangeReporter(15731): Compat change id reported: 161145287; UID 1000; state: DISABLED
06-04 18:27:40.441 W/ContextImpl(17778): Calling a method in the system process without a qualified user: android.app.ContextImpl.bindService:1988 android.content.ContextWrapper.bindService:861 com.dangbei.lerad.etna.lib.client.EtnaClient.bindServer:138 com.dangbei.lerad.etna.lib.client.EtnaClient.access$600:29 com.dangbei.lerad.etna.lib.client.EtnaClient$3.call:205
06-04 18:27:40.442 D/CompatibilityChangeReporter(15731): Compat change id reported: 261072174; UID 1000; state: DISABLED
06-04 18:27:40.457 I/audio_hw_hal_primary(15619): [audiohal_get_latency:1333] io 13: out:0xebe415a0 frames:1280 rate:48000 whole_latency:26 alsa_latency:26
06-04 18:27:40.457 I/audio_hw_hal_primary(15619): [audiohal_get_latency:1333] io 13: out:0xebe415a0 frames:1280 rate:48000 whole_latency:26 alsa_latency:26
06-04 18:27:40.479 I/audio_hw_hal_primary(15619): [audiohal_get_latency:1333] io 13: out:0xebe415a0 frames:1024 rate:48000 whole_latency:21 alsa_latency:21
06-04 18:27:40.479 I/audio_hw_hal_primary(15619): [audiohal_get_latency:1333] io 13: out:0xebe415a0 frames:1024 rate:48000 whole_latency:21 alsa_latency:21
06-04 18:27:40.479 D/audioserver(15606): logFgsApiEnd: FGS Logger Transaction failed, -129
06-04 18:27:40.480 I/audio_hw_hal_primary(15619): out_update_source_metadata_v7() line 2013 usage:13 content_type:4
06-04 18:27:40.482 W/ServiceManagerCppClient(15825): Waited one second for android.hardware.tv.tuner.ITuner/default (is service started? Number of threads started in the threadpool: 0. Are binder threads started and available?)
06-04 18:27:40.486 D/CompatibilityChangeReporter(17778): Compat change id reported: 237531167; UID 1000; state: DISABLED
06-04 18:27:40.487 W/libc ( 232): Unable to set property "ctl.interface_start" to "aidl/android.hardware.tv.tuner.ITuner/default": error code: 0x20
06-04 18:27:40.487 W/OpenGLRenderer(17778): Unknown dataspace 0
06-04 18:27:40.491 W/WindowManager(15731): [addWindow] title:com.dangbei.haqusetting/com.dangbei.haqusetting.ui.HomeActivity
06-04 18:27:40.494 E/ccc (16386): cccccc etnaService addListener com.dangbei.lerad.etna.aidl.IEtnaAidlListener$Stub$Proxy@83e3a com.dangbei.haqusetting
06-04 18:27:40.494 E/ccc (17778): cccccc etna-haqu-connected
06-04 18:27:40.500 I/audio_hw_hal_primary(15619): [audiohal_get_latency:1333] io 13: out:0xebe415a0 frames:1280 rate:48000 whole_latency:26 alsa_latency:26
06-04 18:27:40.503 D/CoreBackPreview(15731): Window{6bf79e9 u0 com.dangbei.haqusetting/com.dangbei.haqusetting.ui.HomeActivity}: Setting back callback OnBackInvokedCallbackInfo{mCallback=android.window.IOnBackInvokedCallback$Stub$Proxy@f2d410f, mPriority=0, mIsAnimationCallback=false}
06-04 18:27:40.512 I/mali (17778): Successfully parsed 1 environment variable(s) from /vendor/etc/mali_platform.config.
06-04 18:27:40.513 I/mali (17778): Successfully parsed 1 environment variable(s) from /vendor/etc/mali_platform.config.
06-04 18:27:40.521 I/audio_hw_hal_primary(15619): [audiohal_get_latency:1333] io 13: out:0xebe415a0 frames:1024 rate:48000 whole_latency:21 alsa_latency:21
06-04 18:27:40.522 I/hwservicemanager( 233): getTransport: Cannot find entry android.hardware.configstore@1.0::ISurfaceFlingerConfigs/default in either framework or device VINTF manifest.
06-04 18:27:40.542 I/audio_hw_hal_primary(15619): [audiohal_get_latency:1333] io 13: out:0xebe415a0 frames:1280 rate:48000 whole_latency:26 alsa_latency:26
06-04 18:27:40.551 I/MesonDisplay( 289): [/mode_policy.c, meson_mode_set_policy, 1177] connector:0 to policy:0
06-04 18:27:40.551 I/MesonDisplay( 289): [/mode_policy.c, is_dv_prefer, 66] not prefer dv, hdr_priority:10000010
06-04 18:27:40.551 I/MesonDisplay( 289): [/mode_policy.c, is_dv_prefer, 66] not prefer dv, hdr_priority:10000010
06-04 18:27:40.551 I/MesonDisplay( 289): [/mode_policy.c, hdr_scene_process, 724] policy:0 is_bestcolorspace:1 state:0
06-04 18:27:40.551 I/MesonDisplay( 289): [/mode_policy_parser.c, is_support_hdmimode, 110] is_support_hdmimode mode: 2160p60hz
06-04 18:27:40.551 I/MesonDisplay( 289): [/mode_policy_parser.c, is_support_hdmimode, 110] is_support_hdmimode mode: 2160p60hz
06-04 18:27:40.551 D/MesonDisplay( 289): meson_write /sys/class/amhdmitx/amhdmitx0/valid_mode, outputmode:2160p60hz422,12bit
06-04 18:27:40.551 D/MesonDisplay( 289): valid mode is false!
06-04 18:27:40.551 I/MesonDisplay( 289): [/mode_policy_parser.c, is_support_hdmimode, 110] is_support_hdmimode mode: 2160p50hz
06-04 18:27:40.551 D/MesonDisplay( 289): meson_write /sys/class/amhdmitx/amhdmitx0/valid_mode, outputmode:2160p50hz422,12bit
06-04 18:27:40.551 D/MesonDisplay( 289): valid mode is false!
06-04 18:27:40.551 I/MesonDisplay( 289): [/mode_policy.c, is_support_4kHDR, 507] is_support_4kHDR 4k hdr not support
06-04 18:27:40.551 I/MesonDisplay( 289): [/mode_policy_parser.c, is_support_hdmimode, 110] is_support_hdmimode mode: 1080p60hz
06-04 18:27:40.551 D/MesonDisplay( 289): meson_write /sys/class/amhdmitx/amhdmitx0/valid_mode, outputmode:1080p60hz422,12bit
06-04 18:27:40.551 D/MesonDisplay( 289): valid mode is true!
06-04 18:27:40.551 I/MesonDisplay( 289): [/mode_policy.c, is_support_non4kHDR, 552] is_support_non4kHDR mode:[1080p60hz], color format:[422,12bit]
06-04 18:27:40.551 I/MesonDisplay( 289): [/mode_policy.c, meson_mode_get_policy_output, 1289] final_displaymode:1080p60hz, final_deepcolor:422,12bit, amdv_type:0
06-04 18:27:40.551 I/MesonDisplay( 289): [/mode_policy.c, meson_mode_set_policy, 1177] connector:0 to policy:0
06-04 18:27:40.554 E/OpenGLRenderer(17778): Unable to match the desired swap behavior.
06-04 18:27:40.564 I/audio_hw_hal_primary(15619): [audiohal_get_latency:1333] io 13: out:0xebe415a0 frames:1280 rate:48000 whole_latency:26 alsa_latency:26
06-04 18:27:40.565 D/audioserver(15606): logFgsApiEnd: FGS Logger Transaction failed, -129
06-04 18:27:40.585 W/RecyclerView(17778): No adapter attached; skipping layout
06-04 18:27:40.589 V/WindowManagerShell(15915): onTransitionReady android.os.BinderProxy@94f8242: {id=2 t=OPEN f=0x0 trk=0 r=[0@Point(0, 0)] c=[{WCT{android.window.IWindowContainerToken$Stub$Proxy@3c130af} m=OPEN f=TRANSLUCENT leash=Surface(name=Task=54)/@0xa1db889 sb=Rect(0, 0 - 1920, 1080) eb=Rect(0, 0 - 1920, 1080) d=0}]}
06-04 18:27:40.589 V/WindowManagerShell(15915): Playing animation for (#2)android.os.BinderProxy@94f8242@0
06-04 18:27:40.589 V/WindowManagerShell(15915): try handler com.android.wm.shell.keyguard.KeyguardTransitionHandler@556da01
06-04 18:27:40.590 V/WindowManagerShell(15915): try handler com.android.wm.shell.pip.tv.TvPipTransition@a2d50a6
06-04 18:27:40.590 V/WindowManagerShell(15915): try handler com.android.wm.shell.activityembedding.ActivityEmbeddingController@a421ae7
06-04 18:27:40.590 V/WindowManagerShell(15915): try handler com.android.wm.shell.transition.RemoteTransitionHandler@8020694
06-04 18:27:40.590 V/WindowManagerShell(15915): Transition doesn't have explicit remote, search filters for match for {id=2 t=OPEN f=0x0 trk=0 r=[0@Point(0, 0)] c=[{WCT{android.window.IWindowContainerToken$Stub$Proxy@3c130af} m=OPEN f=TRANSLUCENT leash=Surface(name=Task=54)/@0xa1db889 sb=Rect(0, 0 - 1920, 1080) eb=Rect(0, 0 - 1920, 1080) d=0}]}
06-04 18:27:40.590 V/WindowManagerShell(15915): Delegate animation for #2 to null
06-04 18:27:40.590 V/WindowManagerShell(15915): try handler com.android.wm.shell.transition.DefaultTransitionHandler@156153d
06-04 18:27:40.590 V/WindowManagerShell(15915): start default transition animation, info = {id=2 t=OPEN f=0x0 trk=0 r=[0@Point(0, 0)] c=[{WCT{android.window.IWindowContainerToken$Stub$Proxy@3c130af} m=OPEN f=TRANSLUCENT leash=Surface(name=Task=54)/@0xa1db889 sb=Rect(0, 0 - 1920, 1080) eb=Rect(0, 0 - 1920, 1080) d=0}]}
06-04 18:27:40.590 V/WindowManagerShell(15915): loadAnimation: anim=android.view.animation.AlphaAnimation@c713cbc animAttr=0x4 type=OPEN isEntrance=true
06-04 18:27:40.594 V/WindowManagerShell(15915): animated by com.android.wm.shell.transition.DefaultTransitionHandler@156153d
06-04 18:27:40.596 D/OomAdjuster(15731): Not killing cached processes
06-04 18:27:40.599 I/ActivityTaskManager(15731): Displayed com.dangbei.haqusetting/.ui.HomeActivity for user 0: +307ms
06-04 18:27:40.600 V/WindowManager(15731): Sent Transition #2 createdAt=06-04 18:27:40.290 via request=TransitionRequestInfo { type = 1, triggerTask = TaskInfo{userId=0 taskId=54 displayId=0 isRunning=true baseIntent=Intent { dat=haqu://setting:8080/... flg=0x10000000 pkg=com.dangbei.haqusetting cmp=com.dangbei.haqusetting/.ui.HomeActivity } baseActivity=ComponentInfo{com.dangbei.haqusetting/com.dangbei.haqusetting.ui.HomeActivity} topActivity=ComponentInfo{com.dangbei.haqusetting/com.dangbei.haqusetting.ui.HomeActivity} origActivity=null realActivity=ComponentInfo{com.dangbei.haqusetting/com.dangbei.haqusetting.ui.HomeActivity} numActivities=1 lastActiveTime=7639005 supportsMultiWindow=true resizeMode=1 isResizeable=true minWidth=-1 minHeight=-1 defaultMinSize=220 token=WCT{RemoteToken{406df2b Task{6fd1d28 #54 type=standard A=1000:com.dangbei.haqusetting}}} topActivityType=1 pictureInPictureParams=null shouldDockBigOverlays=true launchIntoPipHostTaskId=-1 lastParentTaskIdBeforePip=-1 displayCutoutSafeInsets=null topActivityInfo=ActivityInfo{52e4f88 com.dangbei.haqusetting.ui.HomeActivity} launchCookies=[] positionInParent=Point(0, 0) parentTaskId=-1 isFocused=false isVisible=false isVisibleRequested=false isSleeping=false topActivityInSizeCompat=false topActivityEligibleForLetterboxEducation= false isLetterboxDoubleTapEnabled= false topActivityEligibleForUserAspectRatioButton= false topActivityBoundsLetterboxed= false isFromLetterboxDoubleTap= false topActivityLetterboxVerticalPosition= -1 topActivityLetterboxHorizontalPosition= -1 topActivityLetterboxWidth=-1 topActivityLetterboxHeight=-1 isUserFullscreenOverrideEnabled=false isTopActivityTransparent=true locusId=null displayAreaFeatureId=1 cameraCompatControlState=hidden}, remoteTransition = null, displayChange = null, flags = 0 }
06-04 18:27:40.600 V/WindowManager(15731): startWCT=WindowContainerTransaction { changes = {} hops = [] errorCallbackToken=null taskFragmentOrganizer=null }
06-04 18:27:40.600 V/WindowManager(15731): info={id=2 t=OPEN f=0x0 trk=0 r=[0@Point(0, 0)] c=[{WCT{RemoteToken{406df2b Task{6fd1d28 #54 type=standard A=1000:com.dangbei.haqusetting}}} m=OPEN f=TRANSLUCENT leash=Surface(name=Task=54)/@0xb1759c sb=Rect(0, 0 - 1920, 1080) eb=Rect(0, 0 - 1920, 1080) d=0}]}
06-04 18:27:40.608 W/ContextImpl(15731): Calling a method in the system process without a qualified user: android.app.ContextImpl.startService:1899 com.android.server.wm.DisplayPolicy.lambda$focusChangedLw$5:2126 com.android.server.wm.DisplayPolicy.$r8$lambda$Znxk63oh-WzVnzo_WQefN7uxV48:0 com.android.server.wm.DisplayPolicy$$ExternalSyntheticLambda13.run:0 android.os.Handler.handleCallback:958
06-04 18:27:40.610 D/aaa (16457): LedStatusService onStartCommand begin
06-04 18:27:40.612 D/aaa (16457): topPkg is -------------- :com.dangbei.haqusetting
06-04 18:27:40.636 D/CompatibilityChangeReporter(15731): Compat change id reported: 214016041; UID 1000; state: ENABLED
06-04 18:27:40.636 D/CompatibilityChangeReporter(15731): Compat change id reported: 214016041; UID 1000; state: DISABLED
06-04 18:27:40.637 I/ImeTracker(15731): com.dangbei.haqusetting:7bd73bb7: onRequestHide at ORIGIN_SERVER_HIDE_INPUT reason HIDE_UNSPECIFIED_WINDOW
06-04 18:27:40.637 I/ImeTracker(15731): com.dangbei.haqusetting:7bd73bb7: onCancelled at PHASE_SERVER_SHOULD_HIDE
06-04 18:27:40.641 I/DefaultIMS(16304): onStartInput attribute=android.view.inputmethod.EditorInfo@c213d37 restarting=false inputType: 0
06-04 18:27:40.804 E/ccc (16386): cccccc UpdateHelper onMessageReceived com.dangbei.haqusetting com.dangbei.etna.update {"action":"get","functionTag":"leaf_controller_function_controller_dangbei_update","value":0} com.dangbei.lerad.etna.aidl.IEtnaAidlCallback$Stub$Proxy@1545aeb
06-04 18:27:40.804 E/ccc (16386): cccccc 缓存获取遥控器版本 DB-15B-H5-R0111
06-04 18:27:40.809 D/BluetoothGatt(16386): connect() - device: E4:BB:D3:57:C0:7A, auto: true
06-04 18:27:40.809 D/BluetoothGatt(16386): registerApp()
06-04 18:27:40.809 D/BluetoothGatt(16386): registerApp() - UUID=72452808-ed95-44c7-931d-bbe97a1e6d6a
06-04 18:27:40.811 I/bluetooth(16024): packages/modules/Bluetooth/system/stack/gatt/gatt_api.cc:1257 GATT_Register: Allocated name:GattClient uuid:baadbab0-04e6-4d8e-78ac-7b5cfbb55f0f gatt_if:7 eatt_support:0
06-04 18:27:40.811 I/bluetooth(16024): packages/modules/Bluetooth/system/stack/gatt/gatt_api.cc:1371 GATT_StartIf: GATT interface 7 already has connected device xx:xx:xx:xx:c0:7a
06-04 18:27:40.811 I/bluetooth(16024): packages/modules/Bluetooth/system/stack/gatt/gatt_api.cc:1374 GATT_StartIf: Invoking callback with connection id 7
06-04 18:27:40.811 E/ccc (16386): cccccc 请求电量实时 -1
06-04 18:27:40.811 I/bt_bta_gattc(16024): packages/modules/Bluetooth/system/bta/gatt/bta_gattc_act.cc:1304 bta_gattc_conn_cback: Connected client_if:7 addr:xx:xx:xx:xx:c0:7a, transport:BT_TRANSPORT_LE reason:GATT_CONN_OK
06-04 18:27:40.811 E/bta_gattc_main(16024): packages/modules/Bluetooth/system/bta/gatt/bta_gattc_main.cc:395 bta_gattc_hdl_event: Ignore unknown conn ID: 7
06-04 18:27:40.812 D/BluetoothGatt(16386): onClientRegistered() - status=0 clientIf=7
06-04 18:27:40.813 I/bt_btif_gattc(16024): packages/modules/Bluetooth/system/btif/src/btif_gatt_client.cc:340 btif_gattc_open_impl: Transport=2, device type=2, address type =0, phy=1
06-04 18:27:40.813 I/bluetooth(16024): packages/modules/Bluetooth/system/stack/gatt/gatt_main.cc:405 gatt_update_app_use_link_flag: disable link idle timer for xx:xx:xx:xx:c0:7a
06-04 18:27:40.814 I/bt_stack(16024): [INFO:l2c_api.cc(1607)] L2CA_MarkLeLinkAsActivesetting link to e4:bb:d3:57:c0:7a as active
06-04 18:27:40.814 I/bluetooth(16024): packages/modules/Bluetooth/system/stack/gatt/gatt_api.cc:1206 GATT_SetIdleTimeout: idle_timeout=65535, is_active=1, status=1 (1-OK 0-not performed)
06-04 18:27:40.814 D/BtGatt.GattService(16024): onConnected() - adding permit for address=E4:BB:D3:57:C0:7A
06-04 18:27:40.814 D/BluetoothGatt(16386): onClientConnectionState() - status=0 clientIf=7 device=E4:BB:D3:57:C0:7A
06-04 18:27:40.814 D/BluetoothGatt(16386): discoverServices() - device: E4:BB:D3:57:C0:7A
06-04 18:27:40.816 I/bt_bta_gattc(16024): packages/modules/Bluetooth/system/bta/gatt/bta_gattc_cache.cc:1035 bta_gattc_get_gatt_db: bta_gattc_get_gatt_db
06-04 18:27:40.817 D/BluetoothGatt(16386): onSearchComplete() = Device=E4:BB:D3:57:C0:7A Status=0
06-04 18:27:40.819 D/bt_vendor( 470): op for 7
06-04 18:27:40.819 D/bt_upio ( 470): upio_set : pio 0 action 2, polarity 1
06-04 18:27:40.819 D/bt_upio ( 470): begin open btwrite.
06-04 18:27:40.819 E/bt_upio ( 470): upio_set : open(/proc/bluetooth/sleep/btwrite) for write failed: No such file or directory (2)
06-04 18:27:40.821 D/CompatibilityChangeReporter(17778): Compat change id reported: 210923482; UID 1000; state: DISABLED
06-04 18:27:40.821 D/CompatibilityChangeReporter(17778): Compat change id reported: 37756858; UID 1000; state: ENABLED
06-04 18:27:40.871 D/ConnectivityService(15731): requestNetwork for uid/pid:1000/17778 activeRequest: null callbackRequest: 53 [NetworkRequest [ REQUEST id=54, [ Capabilities: INTERNET&NOT_RESTRICTED&TRUSTED&NOT_VCN_MANAGED Uid: 1000 RequestorUid: 1000 RequestorPkg: com.dangbei.haqusetting UnderlyingNetworks: Null] ]] callback flags: 0 order: 2147483647
06-04 18:27:40.873 D/ConnectivityService(15731): NetReassign [54 : null → 100] [c 0] [a 1] [i 1]
06-04 18:27:40.875 D/WifiNetworkFactory(15731): got request NetworkRequest [ REQUEST id=54, [ Capabilities: INTERNET&NOT_RESTRICTED&TRUSTED&NOT_VCN_MANAGED Uid: 1000 RequestorUid: 1000 RequestorPkg: com.dangbei.haqusetting UnderlyingNetworks: Null] ]
06-04 18:27:40.875 I/DefaultIMS(16304): onStartInput attribute=android.view.inputmethod.EditorInfo@b8f6a0e restarting=false inputType: 0
06-04 18:27:40.875 D/UntrustedWifiNetworkFactory(15731): got request NetworkRequest [ REQUEST id=54, [ Capabilities: INTERNET&NOT_RESTRICTED&TRUSTED&NOT_VCN_MANAGED Uid: 1000 RequestorUid: 1000 RequestorPkg: com.dangbei.haqusetting UnderlyingNetworks: Null] ]
06-04 18:27:40.875 D/OemPaidWifiNetworkFactory(15731): got request NetworkRequest [ REQUEST id=54, [ Capabilities: INTERNET&NOT_RESTRICTED&TRUSTED&NOT_VCN_MANAGED Uid: 1000 RequestorUid: 1000 RequestorPkg: com.dangbei.haqusetting UnderlyingNetworks: Null] ]
06-04 18:27:40.875 D/MultiInternetWifiNetworkFactory(15731): got request NetworkRequest [ REQUEST id=54, [ Capabilities: INTERNET&NOT_RESTRICTED&TRUSTED&NOT_VCN_MANAGED Uid: 1000 RequestorUid: 1000 RequestorPkg: com.dangbei.haqusetting UnderlyingNetworks: Null] ]
06-04 18:27:40.999 V/WindowManagerShell(15915): Transition animation finished (aborted=false), notifying core (#2)android.os.BinderProxy@94f8242@0
06-04 18:27:41.004 V/WindowManager(15731): Finish Transition #2: created at
06-04 18:27:40.290 collect-started=0.113ms request-sent=10.968ms started=13.743ms ready=140.919ms sent=297.585ms finished=712.605ms
06-04 18:27:41.005 V/WindowManagerShell(15915): Track 0 became idle
06-04 18:27:41.005 V/WindowManagerShell(15915): All active transition animations finished
06-04 18:27:41.059 E/ccc (16386): cccccc settingHelper resetManager
06-04 18:27:41.061 V/HdmiDisplayManager(16386): Amlogic Y5
06-04 18:27:41.061 E/ccc (16386): cccccc 去判断 是不是 auto
06-04 18:27:41.070 E/ccc (16386): cccccc current is 4k (59.94 Hz)
06-04 18:27:41.081 E/ccc (16386): cccccc ColorFormatManager reset
06-04 18:27:41.082 V/MesonDisplayServer( 289): GetDisplayMode:2160p60hz
06-04 18:27:41.086 V/MesonDisplayServer( 289): GetDisplayMode:2160p60hz
06-04 18:27:41.086 D/MesonDisplay( 289): meson_write /sys/class/amhdmitx/amhdmitx0/valid_mode, outputmode:2160p60hz420,8bit
06-04 18:27:41.086 D/MesonDisplay( 289): valid mode is true!
06-04 18:27:41.086 D/MesonDisplay( 289): meson_write /sys/class/amhdmitx/amhdmitx0/valid_mode, outputmode:2160p60hz444,12bit
06-04 18:27:41.087 D/MesonDisplay( 289): valid mode is false!
06-04 18:27:41.087 D/MesonDisplay( 289): meson_write /sys/class/amhdmitx/amhdmitx0/valid_mode, outputmode:2160p60hz444,10bit
06-04 18:27:41.087 D/MesonDisplay( 289): valid mode is false!
06-04 18:27:41.087 D/MesonDisplay( 289): meson_write /sys/class/amhdmitx/amhdmitx0/valid_mode, outputmode:2160p60hz444,8bit
06-04 18:27:41.087 D/MesonDisplay( 289): valid mode is false!
06-04 18:27:41.087 D/MesonDisplay( 289): meson_write /sys/class/amhdmitx/amhdmitx0/valid_mode, outputmode:2160p60hz422,12bit
06-04 18:27:41.087 D/MesonDisplay( 289): valid mode is false!
06-04 18:27:41.087 D/MesonDisplay( 289): meson_write /sys/class/amhdmitx/amhdmitx0/valid_mode, outputmode:2160p60hzrgb,12bit
06-04 18:27:41.087 D/MesonDisplay( 289): valid mode is false!
06-04 18:27:41.087 D/MesonDisplay( 289): meson_write /sys/class/amhdmitx/amhdmitx0/valid_mode, outputmode:2160p60hzrgb,10bit
06-04 18:27:41.087 D/MesonDisplay( 289): valid mode is false!
06-04 18:27:41.087 D/MesonDisplay( 289): meson_write /sys/class/amhdmitx/amhdmitx0/valid_mode, outputmode:2160p60hzrgb,8bit
06-04 18:27:41.088 D/MesonDisplay( 289): valid mode is false!
06-04 18:27:41.088 I/MesonHwc( 289): [/ModePolicy.cpp, getCurrentSupportDeepColor, 736] getCurrentSupportDeepColor current mode: 2160p60hz supported color: 420,8bit
06-04 18:27:41.090 D/MesonDisplayServer( 289): use connector getDisplayAttribute "HDR Priority": "268435472"
06-04 18:27:41.091 I/SystemControl( 316): [/DisplayMode.cpp, getCurrentHdrPriority, 2840] getCurrentHdrPriority is [0x10000010]
06-04 18:27:41.092 V/MesonDisplayServer( 289): GetDisplayMode:2160p60hz
06-04 18:27:41.094 D/MesonDisplayServer( 289): use connector getDisplayAttribute "HDR Priority": "268435472"
06-04 18:27:41.094 I/SystemControl( 316): [/DisplayMode.cpp, getCurrentHdrPriority, 2840] getCurrentHdrPriority is [0x10000010]
06-04 18:27:41.098 V/MesonDisplayServer( 289): GetDisplayMode:2160p60hz
06-04 18:27:41.098 D/MesonDisplay( 289): meson_write /sys/class/amhdmitx/amhdmitx0/valid_mode, outputmode:2160p60hz420,8bit
06-04 18:27:41.098 D/MesonDisplay( 289): valid mode is true!
06-04 18:27:41.098 D/MesonDisplay( 289): meson_write /sys/class/amhdmitx/amhdmitx0/valid_mode, outputmode:2160p60hz444,12bit
06-04 18:27:41.098 D/MesonDisplay( 289): valid mode is false!
06-04 18:27:41.098 D/MesonDisplay( 289): meson_write /sys/class/amhdmitx/amhdmitx0/valid_mode, outputmode:2160p60hz444,10bit
06-04 18:27:41.098 D/MesonDisplay( 289): valid mode is false!
06-04 18:27:41.098 D/MesonDisplay( 289): meson_write /sys/class/amhdmitx/amhdmitx0/valid_mode, outputmode:2160p60hz444,8bit
06-04 18:27:41.098 D/MesonDisplay( 289): valid mode is false!
06-04 18:27:41.098 D/MesonDisplay( 289): meson_write /sys/class/amhdmitx/amhdmitx0/valid_mode, outputmode:2160p60hz422,12bit
06-04 18:27:41.099 D/MesonDisplay( 289): valid mode is false!
06-04 18:27:41.099 D/MesonDisplay( 289): meson_write /sys/class/amhdmitx/amhdmitx0/valid_mode, outputmode:2160p60hzrgb,12bit
06-04 18:27:41.099 D/MesonDisplay( 289): valid mode is false!
06-04 18:27:41.099 D/MesonDisplay( 289): meson_write /sys/class/amhdmitx/amhdmitx0/valid_mode, outputmode:2160p60hzrgb,10bit
06-04 18:27:41.099 D/MesonDisplay( 289): valid mode is false!
06-04 18:27:41.099 D/MesonDisplay( 289): meson_write /sys/class/amhdmitx/amhdmitx0/valid_mode, outputmode:2160p60hzrgb,8bit
06-04 18:27:41.099 D/MesonDisplay( 289): valid mode is false!
06-04 18:27:41.099 I/MesonHwc( 289): [/ModePolicy.cpp, getCurrentSupportDeepColor, 736] getCurrentSupportDeepColor current mode: 2160p60hz supported color: 420,8bit
06-04 18:27:41.100 V/MesonDisplayServer( 289): GetDisplayMode:2160p60hz
06-04 18:27:41.102 D/MesonDisplayServer( 289): use connector getDisplayAttribute "HDMI Color ATTR": "420,8bit"
06-04 18:27:41.102 I/SystemControl( 316): [/DisplayMode.cpp, getDeepColorAttr, 2290] getDeepColorAttr colorspace:420,8bit
06-04 18:27:41.102 I/SystemControl( 316): get deep color attr mode 2160p60hz, value 420,8bit
06-04 18:27:41.102 E/ccc (16386): cccccc ColorHelper current get YCbCr 4:2:0 8-bit
06-04 18:27:41.104 E/ccc (16386): cccccc current is 4k (59.94 Hz)
06-04 18:27:41.113 E/ccc (16386): cccccc ColorFormatManager reset
06-04 18:27:41.114 D/MesonDisplayServer( 289): use connector getDisplayAttribute "HDR Priority": "268435472"
06-04 18:27:41.114 I/SystemControl( 316): [/DisplayMode.cpp, getCurrentHdrPriority, 2840] getCurrentHdrPriority is [0x10000010]
06-04 18:27:41.114 V/MesonDisplayServer( 289): GetDisplayMode:2160p60hz
06-04 18:27:41.116 D/MesonDisplayServer( 289): use connector getDisplayAttribute "HDR Priority": "268435472"
06-04 18:27:41.116 I/SystemControl( 316): [/DisplayMode.cpp, getCurrentHdrPriority, 2840] getCurrentHdrPriority is [0x10000010]
06-04 18:27:41.118 V/MesonDisplayServer( 289): GetDisplayMode:2160p60hz
06-04 18:27:41.118 D/MesonDisplay( 289): meson_write /sys/class/amhdmitx/amhdmitx0/valid_mode, outputmode:2160p60hz420,8bit
06-04 18:27:41.118 D/MesonDisplay( 289): valid mode is true!
06-04 18:27:41.118 D/MesonDisplay( 289): meson_write /sys/class/amhdmitx/amhdmitx0/valid_mode, outputmode:2160p60hz444,12bit
06-04 18:27:41.118 D/MesonDisplay( 289): valid mode is false!
06-04 18:27:41.118 D/MesonDisplay( 289): meson_write /sys/class/amhdmitx/amhdmitx0/valid_mode, outputmode:2160p60hz444,10bit
06-04 18:27:41.119 D/MesonDisplay( 289): valid mode is false!
06-04 18:27:41.119 D/MesonDisplay( 289): meson_write /sys/class/amhdmitx/amhdmitx0/valid_mode, outputmode:2160p60hz444,8bit
06-04 18:27:41.119 D/MesonDisplay( 289): valid mode is false!
06-04 18:27:41.119 D/MesonDisplay( 289): meson_write /sys/class/amhdmitx/amhdmitx0/valid_mode, outputmode:2160p60hz422,12bit
06-04 18:27:41.119 D/MesonDisplay( 289): valid mode is false!
06-04 18:27:41.119 D/MesonDisplay( 289): meson_write /sys/class/amhdmitx/amhdmitx0/valid_mode, outputmode:2160p60hzrgb,12bit
06-04 18:27:41.119 D/MesonDisplay( 289): valid mode is false!
06-04 18:27:41.119 D/MesonDisplay( 289): meson_write /sys/class/amhdmitx/amhdmitx0/valid_mode, outputmode:2160p60hzrgb,10bit
06-04 18:27:41.119 D/MesonDisplay( 289): valid mode is false!
06-04 18:27:41.119 D/MesonDisplay( 289): meson_write /sys/class/amhdmitx/amhdmitx0/valid_mode, outputmode:2160p60hzrgb,8bit
06-04 18:27:41.119 D/MesonDisplay( 289): valid mode is false!
06-04 18:27:41.119 I/MesonHwc( 289): [/ModePolicy.cpp, getCurrentSupportDeepColor, 736] getCurrentSupportDeepColor current mode: 2160p60hz supported color: 420,8bit
06-04 18:27:41.121 V/MesonDisplayServer( 289): GetDisplayMode:2160p60hz
06-04 18:27:41.121 D/MesonDisplayServer( 289): use connector getDisplayAttribute "HDMI Color ATTR": "420,8bit"
06-04 18:27:41.122 I/SystemControl( 316): [/DisplayMode.cpp, getDeepColorAttr, 2290] getDeepColorAttr colorspace:420,8bit
06-04 18:27:41.122 I/SystemControl( 316): get deep color attr mode 2160p60hz, value 420,8bit
06-04 18:27:41.122 E/ccc (16386): cccccc ColorHelper current get YCbCr 4:2:0 8-bit
06-04 18:27:41.231 I/cling--ap-2(16587): type=1400 audit(0.0:2207): avc: denied { search } for name="net" dev="sysfs" ino=12344 scontext=u:r:untrusted_app_27:s0:c43,c256,c512,c768 tcontext=u:object_r:sysfs_net:s0 tclass=dir permissive=1 app=com.dangbei.screencast
06-04 18:27:41.231 I/cling--ap-2(16587): type=1400 audit(0.0:2208): avc: denied { read } for name="address" dev="sysfs" ino=22126 scontext=u:r:untrusted_app_27:s0:c43,c256,c512,c768 tcontext=u:object_r:sysfs_net:s0 tclass=file permissive=1 app=com.dangbei.screencast
06-04 18:27:41.231 I/cling--ap-2(16587): type=1400 audit(0.0:2209): avc: denied { open } for path="/sys/devices/virtual/net/dummy0/address" dev="sysfs" ino=22126 scontext=u:r:untrusted_app_27:s0:c43,c256,c512,c768 tcontext=u:object_r:sysfs_net:s0 tclass=file permissive=1 app=com.dangbei.screencast
06-04 18:27:41.231 I/cling--ap-2(16587): type=1400 audit(0.0:2210): avc: denied { getattr } for path="/sys/devices/virtual/net/dummy0/address" dev="sysfs" ino=22126 scontext=u:r:untrusted_app_27:s0:c43,c256,c512,c768 tcontext=u:object_r:sysfs_net:s0 tclass=file permissive=1 app=com.dangbei.screencast
06-04 18:27:41.398 D/XM_HIDREAD( 2053): poll ret=1, event=1
06-04 18:27:41.398 D/XM_HIDREAD( 2053): [9 bytes]:01 00 00 50 00 00 00 00 00
06-04 18:27:41.411 I/audio_hw_hal_primary(15619): [register_audio_patch:8215] Patch 3:id:3 mix(io:13)->dev_0[OUT_HDMI(id:22)] found, register the same patch, do nothing.
06-04 18:27:41.411 I/audio_hw_hal_primary(15619): [adev_create_audio_patch:8316] Patch 3: MIX->DEVICE, num_src:1 num_sink:1 patch_src:INVAL
06-04 18:27:41.411 I/audio_hw_hal_primary(15619): [adev_create_audio_patch:8320] sink[0]: OUT_HDMI(id:22)
06-04 18:27:41.411 I/audio_hw_hal_primary(15619): [adev_create_audio_patch:8377] Patch 3: mix(io:13) -> dev[OUT_HDMI(id:22)]
06-04 18:27:41.411 I/xm_hidread( 2053): type=1400 audit(0.0:2211): avc: denied { read } for scontext=u:r:init:s0 tcontext=u:r:init:s0 tclass=netlink_kobject_uevent_socket permissive=1
06-04 18:27:41.411 I/audio_hw_hal_primary(15619): [adev_create_audio_patch:8445] dev=0xec1014a0 cur_out_device=0x400
06-04 18:27:41.411 D/UEventObserver(15928): change@/devices/platform/auge_sound/sound/card0/controlC0ACTION=changeDEVPATH=/devices/platform/auge_sound/sound/card0/controlC0SUBSYSTEM=soundAUDIO_FORMAT=0MAJOR=116MINOR=13DEVNAME=snd/controlC0SEQNUM=4443
06-04 18:27:41.422 D/audioserver(15606): logFgsApiBegin: FGS Logger Transaction failed, -129
06-04 18:27:41.424 I/SogouIME(16304): onKeyDown: keyoCode=21
06-04 18:27:41.424 I/DefaultIMS(16304): onKeyDown: keyoCode=21
06-04 18:27:41.435 I/rainbow_flow(17349): type=1400 audit(0.0:2212): avc: denied { ioctl } for path="/dev/spidev1.0" dev="tmpfs" ino=541 ioctlcmd=0x6b00 scontext=u:r:init:s0 tcontext=u:object_r:device:s0 tclass=chr_file permissive=1
06-04 18:27:41.438 I/DefaultIMS(16304): onStartInput attribute=android.view.inputmethod.EditorInfo@3349c2f restarting=false inputType: 0
06-04 18:27:41.439 I/audio_hw_hal_primary(15619): out_update_source_metadata_v7() line 2013 usage:1 content_type:2
06-04 18:27:41.482 I/audio_hw_hal_primary(15619): [register_audio_patch:8215] Patch 3:id:3 mix(io:13)->dev_0[OUT_HDMI(id:22)] found, register the same patch, do nothing.
06-04 18:27:41.482 I/audio_hw_hal_primary(15619): [adev_create_audio_patch:8316] Patch 3: MIX->DEVICE, num_src:1 num_sink:1 patch_src:INVAL
06-04 18:27:41.482 I/audio_hw_hal_primary(15619): [adev_create_audio_patch:8320] sink[0]: OUT_HDMI(id:22)
06-04 18:27:41.482 I/audio_hw_hal_primary(15619): [adev_create_audio_patch:8377] Patch 3: mix(io:13) -> dev[OUT_HDMI(id:22)]
06-04 18:27:41.482 D/UEventObserver(15928): change@/devices/platform/auge_sound/sound/card0/controlC0ACTION=changeDEVPATH=/devices/platform/auge_sound/sound/card0/controlC0SUBSYSTEM=soundAUDIO_FORMAT=0MAJOR=116MINOR=13DEVNAME=snd/controlC0SEQNUM=4444
06-04 18:27:41.482 I/audio_hw_hal_primary(15619): [adev_create_audio_patch:8445] dev=0xec1014a0 cur_out_device=0x400
06-04 18:27:41.482 D/audioserver(15606): logFgsApiEnd: FGS Logger Transaction failed, -129
06-04 18:27:41.483 D/audioserver(15606): logFgsApiBegin: FGS Logger Transaction failed, -129
06-04 18:27:41.485 W/ServiceManagerCppClient(15825): Waited one second for android.hardware.tv.tuner.ITuner/default (is service started? Number of threads started in the threadpool: 0. Are binder threads started and available?)
06-04 18:27:41.486 I/audio_hw_hal_primary(15619): out_update_source_metadata_v7() line 2013 usage:1 content_type:2
06-04 18:27:41.491 D/audioserver(15606): logFgsApiBegin: FGS Logger Transaction failed, -129
06-04 18:27:41.492 W/libc ( 232): Unable to set property "ctl.interface_start" to "aidl/android.hardware.tv.tuner.ITuner/default": error code: 0x20
06-04 18:27:41.524 I/audio_hw_hal_primary(15619): out_update_source_metadata_v7() line 2013 usage:1 content_type:2
06-04 18:27:41.532 D/XM_HIDREAD( 2053): poll ret=1, event=1
06-04 18:27:41.533 D/XM_HIDREAD( 2053): [9 bytes]:01 00 00 00 00 00 00 00 00
06-04 18:27:41.537 I/SogouIME(16304): onKeyUp: keyoCode=21
06-04 18:27:41.537 I/DefaultIMS(16304): onKeyUp: keyoCode=21
06-04 18:27:41.610 I/audio_hw_hal_primary(15619): [audiohal_get_latency:1333] io 13: out:0xebe415a0 frames:1280 rate:48000 whole_latency:26 alsa_latency:26
06-04 18:27:41.653 I/audio_hw_hal_primary(15619): [audiohal_get_latency:1333] io 13: out:0xebe415a0 frames:1280 rate:48000 whole_latency:26 alsa_latency:26
06-04 18:27:41.653 I/audio_hw_hal_primary(15619): [audiohal_get_latency:1333] io 13: out:0xebe415a0 frames:1152 rate:48000 whole_latency:24 alsa_latency:24
06-04 18:27:41.674 I/audio_hw_hal_primary(15619): [audiohal_get_latency:1333] io 13: out:0xebe415a0 frames:1152 rate:48000 whole_latency:24 alsa_latency:24
06-04 18:27:41.674 I/audio_hw_hal_primary(15619): [audiohal_get_latency:1333] io 13: out:0xebe415a0 frames:1152 rate:48000 whole_latency:24 alsa_latency:24
06-04 18:27:41.694 I/audio_hw_hal_primary(15619): [audiohal_get_latency:1333] io 13: out:0xebe415a0 frames:1280 rate:48000 whole_latency:26 alsa_latency:26
06-04 18:27:41.694 I/audio_hw_hal_primary(15619): [audiohal_get_latency:1333] io 13: out:0xebe415a0 frames:1280 rate:48000 whole_latency:26 alsa_latency:26
06-04 18:27:41.716 I/audio_hw_hal_primary(15619): [audiohal_get_latency:1333] io 13: out:0xebe415a0 frames:1280 rate:48000 whole_latency:26 alsa_latency:26
06-04 18:27:41.716 I/audio_hw_hal_primary(15619): [audiohal_get_latency:1333] io 13: out:0xebe415a0 frames:1280 rate:48000 whole_latency:26 alsa_latency:26
06-04 18:27:41.737 I/audio_hw_hal_primary(15619): [audiohal_get_latency:1333] io 13: out:0xebe415a0 frames:1280 rate:48000 whole_latency:26 alsa_latency:26
06-04 18:27:41.737 I/audio_hw_hal_primary(15619): [audiohal_get_latency:1333] io 13: out:0xebe415a0 frames:1280 rate:48000 whole_latency:26 alsa_latency:26
06-04 18:27:41.759 I/audio_hw_hal_primary(15619): [audiohal_get_latency:1333] io 13: out:0xebe415a0 frames:1280 rate:48000 whole_latency:26 alsa_latency:26
06-04 18:27:41.759 I/audio_hw_hal_primary(15619): [audiohal_get_latency:1333] io 13: out:0xebe415a0 frames:1152 rate:48000 whole_latency:24 alsa_latency:24
06-04 18:27:41.760 D/audioserver(15606): logFgsApiEnd: FGS Logger Transaction failed, -129
06-04 18:27:41.761 I/audio_hw_hal_primary(15619): out_update_source_metadata_v7() line 2013 usage:13 content_type:4
06-04 18:27:41.780 I/audio_hw_hal_primary(15619): [audiohal_get_latency:1333] io 13: out:0xebe415a0 frames:1280 rate:48000 whole_latency:26 alsa_latency:26
06-04 18:27:41.801 I/audio_hw_hal_primary(15619): [audiohal_get_latency:1333] io 13: out:0xebe415a0 frames:1280 rate:48000 whole_latency:26 alsa_latency:26
06-04 18:27:41.803 D/audioserver(15606): logFgsApiEnd: FGS Logger Transaction failed, -129
06-04 18:27:41.983 D/XM_HIDREAD( 2053): poll ret=1, event=1
06-04 18:27:41.983 D/XM_HIDREAD( 2053): [9 bytes]:01 00 00 28 00 00 00 00 00
06-04 18:27:41.999 I/audio_hw_hal_primary(15619): [register_audio_patch:8215] Patch 3:id:3 mix(io:13)->dev_0[OUT_HDMI(id:22)] found, register the same patch, do nothing.
06-04 18:27:41.999 I/audio_hw_hal_primary(15619): [adev_create_audio_patch:8316] Patch 3: MIX->DEVICE, num_src:1 num_sink:1 patch_src:INVAL
06-04 18:27:41.999 I/audio_hw_hal_primary(15619): [adev_create_audio_patch:8320] sink[0]: OUT_HDMI(id:22)
06-04 18:27:41.999 I/audio_hw_hal_primary(15619): [adev_create_audio_patch:8377] Patch 3: mix(io:13) -> dev[OUT_HDMI(id:22)]
06-04 18:27:41.999 I/audio_hw_hal_primary(15619): [adev_create_audio_patch:8445] dev=0xec1014a0 cur_out_device=0x400
06-04 18:27:42.002 D/UEventObserver(15928): change@/devices/platform/auge_sound/sound/card0/controlC0ACTION=changeDEVPATH=/devices/platform/auge_sound/sound/card0/controlC0SUBSYSTEM=soundAUDIO_FORMAT=0MAJOR=116MINOR=13DEVNAME=snd/controlC0SEQNUM=4445
06-04 18:27:42.009 D/audioserver(15606): logFgsApiBegin: FGS Logger Transaction failed, -129
06-04 18:27:42.010 I/SogouIME(16304): onKeyDown: keyoCode=23
06-04 18:27:42.010 I/DefaultIMS(16304): onKeyDown: keyoCode=23
06-04 18:27:42.036 I/audio_hw_hal_primary(15619): out_update_source_metadata_v7() line 2013 usage:1 content_type:2
06-04 18:27:42.061 D/XM_HIDREAD( 2053): poll ret=1, event=1
06-04 18:27:42.061 D/XM_HIDREAD( 2053): [9 bytes]:01 00 00 00 00 00 00 00 00
06-04 18:27:42.062 I/SogouIME(16304): onKeyUp: keyoCode=23
06-04 18:27:42.062 I/DefaultIMS(16304): onKeyUp: keyoCode=23
06-04 18:27:42.071 E/ccc (16386): cccccc current is 4k (59.94 Hz)
06-04 18:27:42.073 E/ccc (16386): cccccc resolutionListItem is AUTO
06-04 18:27:42.073 E/ccc (16386): cccccc resolutionListItem is 4k (60 Hz)
06-04 18:27:42.073 E/ccc (16386): cccccc resolutionListItem is 4k (59.94 Hz)
06-04 18:27:42.073 E/ccc (16386): cccccc resolutionListItem is 4k (50 Hz)
06-04 18:27:42.073 E/ccc (16386): cccccc resolutionListItem is 4k (30 Hz)
06-04 18:27:42.073 E/ccc (16386): cccccc resolutionListItem is 4k (29.97 Hz)
06-04 18:27:42.073 E/ccc (16386): cccccc resolutionListItem is 4k (25 Hz)
06-04 18:27:42.073 E/ccc (16386): cccccc resolutionListItem is 4k (24 Hz)
06-04 18:27:42.073 E/ccc (16386): cccccc resolutionListItem is 4k (23.98 Hz)
06-04 18:27:42.073 E/ccc (16386): cccccc resolutionListItem is 1080p (60 Hz)
06-04 18:27:42.073 E/ccc (16386): cccccc resolutionListItem is 1080p (59.94 Hz)
06-04 18:27:42.073 E/ccc (16386): cccccc resolutionListItem is 1080p (50 Hz)
06-04 18:27:42.073 E/ccc (16386): cccccc resolutionListItem is 720p (60 Hz)
06-04 18:27:42.073 E/ccc (16386): cccccc resolutionListItem is 720p (59.94 Hz)
06-04 18:27:42.073 E/ccc (16386): cccccc resolutionListItem is 720p (50 Hz)
06-04 18:27:42.079 I/audio_hw_hal_primary(15619): [register_audio_patch:8215] Patch 3:id:3 mix(io:13)->dev_0[OUT_HDMI(id:22)] found, register the same patch, do nothing.
06-04 18:27:42.079 I/audio_hw_hal_primary(15619): [adev_create_audio_patch:8316] Patch 3: MIX->DEVICE, num_src:1 num_sink:1 patch_src:INVAL
06-04 18:27:42.079 I/audio_hw_hal_primary(15619): [adev_create_audio_patch:8320] sink[0]: OUT_HDMI(id:22)
06-04 18:27:42.079 I/audio_hw_hal_primary(15619): [adev_create_audio_patch:8377] Patch 3: mix(io:13) -> dev[OUT_HDMI(id:22)]
06-04 18:27:42.079 I/audio_hw_hal_primary(15619): [adev_create_audio_patch:8445] dev=0xec1014a0 cur_out_device=0x400
06-04 18:27:42.079 D/UEventObserver(15928): change@/devices/platform/auge_sound/sound/card0/controlC0ACTION=changeDEVPATH=/devices/platform/auge_sound/sound/card0/controlC0SUBSYSTEM=soundAUDIO_FORMAT=0MAJOR=116MINOR=13DEVNAME=snd/controlC0SEQNUM=4446
06-04 18:27:42.079 E/ccc (16386): cccccc current is 4k (59.94 Hz)
06-04 18:27:42.079 D/audioserver(15606): logFgsApiEnd: FGS Logger Transaction failed, -129
06-04 18:27:42.079 D/audioserver(15606): logFgsApiBegin: FGS Logger Transaction failed, -129
06-04 18:27:42.081 I/audio_hw_hal_primary(15619): out_update_source_metadata_v7() line 2013 usage:1 content_type:2
06-04 18:27:42.086 D/audioserver(15606): logFgsApiBegin: FGS Logger Transaction failed, -129
06-04 18:27:42.122 I/audio_hw_hal_primary(15619): out_update_source_metadata_v7() line 2013 usage:1 content_type:2
06-04 18:27:42.207 I/audio_hw_hal_primary(15619): [audiohal_get_latency:1333] io 13: out:0xebe415a0 frames:1280 rate:48000 whole_latency:26 alsa_latency:26
06-04 18:27:42.214 I/WifiHAL ( 493): call wifi_get_link_stats handler
06-04 18:27:42.214 I/WifiHAL ( 493): Creating message to get link statistics; iface = 16
06-04 18:27:42.215 D/WifiHAL ( 493): error code -95 mapped to -3
06-04 18:27:42.215 E/WifiStaIfaceAidlImpl(15731): getLinkLayerStats failed with service-specific exception: android.os.ServiceSpecificException: (code 4)
06-04 18:27:42.249 I/audio_hw_hal_primary(15619): [audiohal_get_latency:1333] io 13: out:0xebe415a0 frames:1280 rate:48000 whole_latency:26 alsa_latency:26
06-04 18:27:42.249 I/audio_hw_hal_primary(15619): [audiohal_get_latency:1333] io 13: out:0xebe415a0 frames:1280 rate:48000 whole_latency:26 alsa_latency:26
06-04 18:27:42.272 I/audio_hw_hal_primary(15619): [audiohal_get_latency:1333] io 13: out:0xebe415a0 frames:1152 rate:48000 whole_latency:24 alsa_latency:24
06-04 18:27:42.272 I/audio_hw_hal_primary(15619): [audiohal_get_latency:1333] io 13: out:0xebe415a0 frames:1152 rate:48000 whole_latency:24 alsa_latency:24
06-04 18:27:42.292 I/audio_hw_hal_primary(15619): [audiohal_get_latency:1333] io 13: out:0xebe415a0 frames:1280 rate:48000 whole_latency:26 alsa_latency:26
06-04 18:27:42.292 I/audio_hw_hal_primary(15619): [audiohal_get_latency:1333] io 13: out:0xebe415a0 frames:1280 rate:48000 whole_latency:26 alsa_latency:26
06-04 18:27:42.314 I/audio_hw_hal_primary(15619): [audiohal_get_latency:1333] io 13: out:0xebe415a0 frames:1280 rate:48000 whole_latency:26 alsa_latency:26
06-04 18:27:42.314 I/audio_hw_hal_primary(15619): [audiohal_get_latency:1333] io 13: out:0xebe415a0 frames:1152 rate:48000 whole_latency:24 alsa_latency:24
06-04 18:27:42.334 I/audio_hw_hal_primary(15619): [audiohal_get_latency:1333] io 13: out:0xebe415a0 frames:1280 rate:48000 whole_latency:26 alsa_latency:26
06-04 18:27:42.335 I/audio_hw_hal_primary(15619): [audiohal_get_latency:1333] io 13: out:0xebe415a0 frames:1280 rate:48000 whole_latency:26 alsa_latency:26
06-04 18:27:42.356 I/audio_hw_hal_primary(15619): [audiohal_get_latency:1333] io 13: out:0xebe415a0 frames:1280 rate:48000 whole_latency:26 alsa_latency:26
06-04 18:27:42.357 I/audio_hw_hal_primary(15619): [audiohal_get_latency:1333] io 13: out:0xebe415a0 frames:1152 rate:48000 whole_latency:24 alsa_latency:24
06-04 18:27:42.357 D/audioserver(15606): logFgsApiEnd: FGS Logger Transaction failed, -129
06-04 18:27:42.358 I/audio_hw_hal_primary(15619): out_update_source_metadata_v7() line 2013 usage:13 content_type:4
06-04 18:27:42.377 I/audio_hw_hal_primary(15619): [audiohal_get_latency:1333] io 13: out:0xebe415a0 frames:1024 rate:48000 whole_latency:21 alsa_latency:21
06-04 18:27:42.399 I/audio_hw_hal_primary(15619): [audiohal_get_latency:1333] io 13: out:0xebe415a0 frames:1280 rate:48000 whole_latency:26 alsa_latency:26
06-04 18:27:42.400 D/audioserver(15606): logFgsApiEnd: FGS Logger Transaction failed, -129
06-04 18:27:42.489 W/ServiceManagerCppClient(15825): Waited one second for android.hardware.tv.tuner.ITuner/default (is service started? Number of threads started in the threadpool: 0. Are binder threads started and available?)
06-04 18:27:42.494 W/libc ( 232): Unable to set property "ctl.interface_start" to "aidl/android.hardware.tv.tuner.ITuner/default": error code: 0x20
06-04 18:27:42.557 D/XM_HIDREAD( 2053): poll ret=1, event=1
06-04 18:27:42.557 D/XM_HIDREAD( 2053): [9 bytes]:01 00 00 51 00 00 00 00 00
06-04 18:27:42.591 I/audio_hw_hal_primary(15619): [register_audio_patch:8215] Patch 3:id:3 mix(io:13)->dev_0[OUT_HDMI(id:22)] found, register the same patch, do nothing.
06-04 18:27:42.591 I/audio_hw_hal_primary(15619): [adev_create_audio_patch:8316] Patch 3: MIX->DEVICE, num_src:1 num_sink:1 patch_src:INVAL
06-04 18:27:42.591 I/audio_hw_hal_primary(15619): [adev_create_audio_patch:8320] sink[0]: OUT_HDMI(id:22)
06-04 18:27:42.591 I/audio_hw_hal_primary(15619): [adev_create_audio_patch:8377] Patch 3: mix(io:13) -> dev[OUT_HDMI(id:22)]
06-04 18:27:42.591 I/audio_hw_hal_primary(15619): [adev_create_audio_patch:8445] dev=0xec1014a0 cur_out_device=0x400
06-04 18:27:42.591 D/UEventObserver(15928): change@/devices/platform/auge_sound/sound/card0/controlC0ACTION=changeDEVPATH=/devices/platform/auge_sound/sound/card0/controlC0SUBSYSTEM=soundAUDIO_FORMAT=0MAJOR=116MINOR=13DEVNAME=snd/controlC0SEQNUM=4447
06-04 18:27:42.599 D/audioserver(15606): logFgsApiBegin: FGS Logger Transaction failed, -129
06-04 18:27:42.601 I/SogouIME(16304): onKeyDown: keyoCode=20
06-04 18:27:42.601 I/DefaultIMS(16304): onKeyDown: keyoCode=20
06-04 18:27:42.601 I/audio_hw_hal_primary(15619): out_update_source_metadata_v7() line 2013 usage:1 content_type:2
06-04 18:27:42.633 I/audio_hw_hal_primary(15619): [register_audio_patch:8215] Patch 3:id:3 mix(io:13)->dev_0[OUT_HDMI(id:22)] found, register the same patch, do nothing.
06-04 18:27:42.633 I/audio_hw_hal_primary(15619): [adev_create_audio_patch:8316] Patch 3: MIX->DEVICE, num_src:1 num_sink:1 patch_src:INVAL
06-04 18:27:42.633 I/audio_hw_hal_primary(15619): [adev_create_audio_patch:8320] sink[0]: OUT_HDMI(id:22)
06-04 18:27:42.633 I/audio_hw_hal_primary(15619): [adev_create_audio_patch:8377] Patch 3: mix(io:13) -> dev[OUT_HDMI(id:22)]
06-04 18:27:42.634 I/audio_hw_hal_primary(15619): [adev_create_audio_patch:8445] dev=0xec1014a0 cur_out_device=0x400
06-04 18:27:42.634 D/UEventObserver(15928): change@/devices/platform/auge_sound/sound/card0/controlC0ACTION=changeDEVPATH=/devices/platform/auge_sound/sound/card0/controlC0SUBSYSTEM=soundAUDIO_FORMAT=0MAJOR=116MINOR=13DEVNAME=snd/controlC0SEQNUM=4448
06-04 18:27:42.635 D/audioserver(15606): logFgsApiEnd: FGS Logger Transaction failed, -129
06-04 18:27:42.636 D/audioserver(15606): logFgsApiBegin: FGS Logger Transaction failed, -129
06-04 18:27:42.637 I/audio_hw_hal_primary(15619): out_update_source_metadata_v7() line 2013 usage:1 content_type:2
06-04 18:27:42.639 D/audioserver(15606): logFgsApiBegin: FGS Logger Transaction failed, -129
06-04 18:27:42.676 I/audio_hw_hal_primary(15619): out_update_source_metadata_v7() line 2013 usage:1 content_type:2
06-04 18:27:42.703 D/XM_HIDREAD( 2053): poll ret=1, event=1
06-04 18:27:42.703 D/XM_HIDREAD( 2053): [9 bytes]:01 00 00 00 00 00 00 00 00
06-04 18:27:42.705 I/SogouIME(16304): onKeyUp: keyoCode=20
06-04 18:27:42.705 I/DefaultIMS(16304): onKeyUp: keyoCode=20
06-04 18:27:42.761 I/audio_hw_hal_primary(15619): [audiohal_get_latency:1333] io 13: out:0xebe415a0 frames:1280 rate:48000 whole_latency:26 alsa_latency:26
