06-04 20:37:28.400 W/abs ( 3469): HCDN_LOG: [T:3820][func:update_global_bandwidth_mean],[line:3230],insert_bandwidth_val 1715150:557056, avg_bandwidth=830656!
06-04 20:37:28.400 W/abs ( 3469): HCDN_LOG: [T:3820][func:update_global_bandwidth_mean],[line:3230],insert_bandwidth_val 1715150:860160, avg_bandwidth=832447!
06-04 20:37:28.401 W/abs ( 3469): HCDN_LOG: [T:3820][func:measure_hcdn_buffer],[line:722],measure_hcdn_buffer:hcdn_cached_bytes_=363402016, cur_player_parsed_chunk_idx_=215, cur_hcdn_cached_time=80821, hcdn_cached_time_=80821, hcdn_time_gap_=0, cur_player_pos_=839259
06-04 20:37:28.401 E/abs_info( 3469): HCDN_LOG: [T:3820][HINFO]:[f:PostABSInfo],[l:7214],Task(5), SetABSInterface ret(1) SetParam("DownloadStatusByHcdn", {"BandWidth":557056,"BandWidth_1":860160,"CachedBytes":363402016,"IsAd":0,"IsP2P":1,"ReadBytes":331797280,"VID":"65f888b7cc0c74b794ab89eac7137fc8"}
06-04 20:37:28.401 E/abs_info( 3469): )
06-04 20:37:28.416 E/storage_operate( 3469): HCDN_LOG: [T:3866][HINFO]:[f:BBNCheck],[l:3253],,[map_size:0]
06-04 20:37:28.430 I/CLog ( 3469): 2025-06-04 20:37:28.430 T:5737 DEBUG: [107]BaseDataProvider::OnPreload,video_buffer_time=12960
06-04 20:37:28.433 I/CLog ( 3469): 2025-06-04 20:37:28.433 T:5704 INFO: RM_PC::4,HEARTBEAT, spd[C:0,V:1000,A:1000],[drn:0,acpt:0],a[839073] v[839040, 839080], lev[a:52,v:51]
06-04 20:37:28.434 I/CLog ( 3469): 2025-06-04 20:37:28.433 T:5709 INFO: RM_PA::4,HEARTBEAT, o_pts:834801, dts:834801, volume:100, cbk:[0-0-0-0-0], rdr_spc:1
06-04 20:37:28.437 I/CLog ( 3469): 2025-06-04 20:37:28.437 T:5707 INFO: RM_PV::4,HEARTBEAT, o_pts:834560, dts:834960, pts:835000, m_clk:834534
06-04 20:37:28.440 D/XM_HIDREAD( 1910): poll ret=1, event=1
06-04 20:37:28.440 D/XM_HIDREAD( 1910): [3 bytes]:03 23 02
06-04 20:37:28.443 I/CLog ( 3469): 2025-06-04 20:37:28.443 T:5700 DEBUG: DataPush to read:107,size(11),[839280-839422]
06-04 20:37:28.460 I/CLog ( 3469): 2025-06-04 20:37:28.460 T:5737 DEBUG: [107]BaseDataProvider::OnPreload,video_buffer_time=12800
06-04 20:37:28.491 I/CLog ( 3469): 2025-06-04 20:37:28.491 T:5737 DEBUG: [107]BaseDataProvider::OnPreload,video_buffer_time=12800
06-04 20:37:28.496 W/abs_update_info( 3469): HCDN_LOG: [T:3861][HERROR]:[f:CalcVidCacheBytesFromReadOffset],[l:2489],UPDATA CALC:vid:65f888b7cc0c74b794ab89eac7137fc8,task_seg=2, task_offset=37748736, cur_cache_bytes=31604736, total_cache_bytes=31604736, fileToEnd=0
06-04 20:37:28.496 W/abs_update_info( 3469): HCDN_LOG: [T:3861][HERROR]:[f:UpdateForABS],[l:2545],UPDATA:vid:65f888b7cc0c74b794ab89eac7137fc8,i64ReadOffset=331797280, cache=31604736, CachedBytes=363402016
06-04 20:37:28.497 E/Hcdn_DeTask3128192202( 3469): HCDN_LOG: [T:3861][HINFO]:[f:PostNotifyInfo],[l:248], notify type(6),info({"BandWidth":557056,"CachedBytes":363402016,"IsAd":0,"IsP2P":1,"ReadBytes":331797280,"VID":"65f888b7cc0c74b794ab89eac7137fc8"}
06-04 20:37:28.497 E/Hcdn_DeTask3128192202( 3469): )
06-04 20:37:28.497 E/playfilesourceNew( 3469): HCDN_LOG: [T:3820][HINFO]:[f:DoAsynNotifyInfoResponse],[l:2605],[TaskID(3128192202),type(6),msg({"BandWidth":557056,"CachedBytes":363402016,"IsAd":0,"IsP2P":1,"ReadBytes":331797280,"VID":"65f888b7cc0c74b794ab89eac7137fc8"}
06-04 20:37:28.497 E/playfilesourceNew( 3469): )!]
06-04 20:37:28.497 W/abs ( 3469): HCDN_LOG: [T:3820][func:SetParam],[line:744],e4123580 szParamName = DownloadStatusByHcdn, szParamValue = {"BandWidth":557056,"BandWidth_1":860160,"CachedBytes":363402016,"IsAd":0,"IsP2P":1,"ReadBytes":331797280,"VID":"65f888b7cc0c74b794ab89eac7137fc8"}
06-04 20:37:28.497 I/audio_hw_hal_stream( 491): aml_stream_out_info_print: out:0xe6245d80, stream_type:pcm, sync_mode:non tunnel, input_size:291651584 bytes
06-04 20:37:28.497 I/audio_hw_hal_stream( 491): aml_stream_out_info_print: last_time:1715211 ms (sec:1715, nsec:211971525), last_position:1518668 ms (72896080), cur_time:1715248 ms (sec:1715, nsec:248970067), cur_position:1518705 ms (72897872)
06-04 20:37:28.497 I/audio_hw_hal_stream( 491): aml_stream_out_info_print: time_gap:37 ms (thr:100 ms), position_gap:37 ms, delay:313 ms, jitter: Position gap is ahead of system time gap by 0 ms (thr:100 ms)
06-04 20:37:28.497 W/abs ( 3469): HCDN_LOG: [T:3820][func:update_global_bandwidth_mean],[line:3230],insert_bandwidth_val 1715250:557056, avg_bandwidth=829958!
06-04 20:37:28.497 W/abs ( 3469): HCDN_LOG: [T:3820][func:update_global_bandwidth_mean],[line:3230],insert_bandwidth_val 1715250:860160, avg_bandwidth=831569!
06-04 20:37:28.498 W/abs ( 3469): HCDN_LOG: [T:3820][func:measure_hcdn_buffer],[line:722],measure_hcdn_buffer:hcdn_cached_bytes_=363402016, cur_player_parsed_chunk_idx_=215, cur_hcdn_cached_time=80821, hcdn_cached_time_=80821, hcdn_time_gap_=0, cur_player_pos_=839259
06-04 20:37:28.498 E/abs_info( 3469): HCDN_LOG: [T:3820][HINFO]:[f:PostABSInfo],[l:7214],Task(5), SetABSInterface ret(1) SetParam("DownloadStatusByHcdn", {"BandWidth":557056,"BandWidth_1":860160,"CachedBytes":363402016,"IsAd":0,"IsP2P":1,"ReadBytes":331797280,"VID":"65f888b7cc0c74b794ab89eac7137fc8"}
06-04 20:37:28.498 E/abs_info( 3469): )
06-04 20:37:28.521 I/CLog ( 3469): 2025-06-04 20:37:28.521 T:5737 DEBUG: [107]BaseDataProvider::OnPreload,video_buffer_time=12800
06-04 20:37:28.527 I/UNIPLAYERSDK( 3469): PumaPlayerAdaptor.cpp:320 [PumaPlayerAdaptor@0xe4c22224][pos]getCurrentPosition=834624
06-04 20:37:28.527 D/UNIPLAYERSDK( 3469): BaseState.cpp:42 [PumaPlayerAdaptor@0xe4c22224@0x965863e8]{fm(KMSG_ACTION_GETCURRENTPOSITION),ret(0),at(1,5282,5283),s(9,-2,-2,-2,9),fm=Message@0x964d4650{what=1048605,when=1715282,arg1=834624,arg2=-1,arg3=-1111111111,str=,timeout=0,obj=0x0,runnable=0x0,target=0xebea371c,watchDogOp=0x0}
06-04 20:37:28.527 D/UNIPLAYERSDK( 3469): BaseState.cpp:56 [PumaPlayerAdaptor@0xe4c22224@0x965863e8]{fm(KMSG_ACTION_GETCURRENTPOSITION),o(AudioPrevi)-t(0,5282,5282),o(BitstreamS)-t(0,5283,5283),o(CarouselPr)-t(1,5282,5283),o(FastHelper)-t(0,5282,5282),o(HeaderTail)-t(0,5282,5282),o(HighLights)-t(0,5282,5282),o(InteractPr)-t(0,5282,5282),o(LivePrevie)-t(0,5282,5282),o(MediaPlaye)-t(0,5283,5283),o(MovieVVInf)-t(0,5283,5283),o(PPrecacher)-t(0,5282,5282),o(PlayerStuc)-t(0,5283,5283),o(PumaAbsCmd)-t(0,5283,5283),o(PumaAdvert)-t(0,5282,5282),o(PumaBuffer)-t(0,5282,5282),o(PumaError@)-t(0,5282,5282),o(PumaMediaD)-t(0,5282,5282),o(PumaPlayer)-t(0,5282,5282),o(PumaRate@0)-t(0,5282,5282),o(PumaSegmen)-t(0,5282,5282),o(PumaSubtit)-t(0,5282,5282),o(RefreshAcc)-t(0,5282,5282),o(RefreshSer)-t(0,5282,5282),o(SceneKeepe)-t(0,5282,5282),o(SetRate@0x)-t(0,5283,5283),o(SwitchEpis)-t(0,5283,5283),o(VideoPlayC)-t(0,5282,5282)}
06-04 20:37:28.527 D/UNIPLAYERSDK( 3469): MovieVVInfo.cpp:113 [pos]getCurrentPosition=834624
06-04 20:37:28.551 I/CLog ( 3469): 2025-06-04 20:37:28.551 T:5737 DEBUG: [107]BaseDataProvider::OnPreload,video_buffer_time=12800
06-04 20:37:28.582 I/CLog ( 3469): 2025-06-04 20:37:28.581 T:5737 DEBUG: [107]BaseDataProvider::OnPreload,video_buffer_time=12800
06-04 20:37:28.582 E/playfilesourceNew( 3469): HCDN_LOG: [T:5737][HINFO]:[f:GetCacheSeconds],[l:846],[TaskID(3128192202), offset(37748736), CacheBytes(31604736)]
06-04 20:37:28.582 E/p2pfile ( 3469): HCDN_LOG: [T:5737][HINFO]:[f:GetBufferLength],[l:1726],[Task(5), offset(331797280), CacheBytes(31604736)]
06-04 20:37:28.582 I/CLog ( 3469): 2025-06-04 20:37:28.582 T:5737 DEBUG: [107]ProcessDownloadStatus:index=2,parsed_pos=37748708,m_spd=-1,r_spd=-1
06-04 20:37:28.587 D/XM_HIDREAD( 1910): poll ret=1, event=1
06-04 20:37:28.587 D/XM_HIDREAD( 1910): [3 bytes]:03 00 00
06-04 20:37:28.592 D/HdmiControlService( 707): Process pid: 707 is calling oneTouchPlay.
06-04 20:37:28.593 D/HdmiControlService( 707): Local device is under address allocation. Save OTP callback for later process.
06-04 20:37:28.597 D/WindowManagerShell( 912): TvPipMenuController: closeMenu()
06-04 20:37:28.597 I/WindowManagerShell( 912): TvPipMenuController: switchToMenuMode: setting mCurrentMenuMode=MODE_NO_MENU, mPrevMenuMode=MODE_NO_MENU
06-04 20:37:28.599 I/vol.VolumeDialogImpl( 912): mDialog.dismiss() reason: volume_controller from: com.android.systemui.volume.VolumeDialogImpl$7.onDismissRequested:3
06-04 20:37:28.601 D/CompatibilityChangeReporter( 707): Compat change id reported: 265464455; UID 1000; state: DISABLED
06-04 20:37:28.602 D/CompatibilityChangeReporter( 707): Compat change id reported: 265452344; UID 1000; state: DISABLED
06-04 20:37:28.602 E/Hcdn_DeTask3128192202( 3469): HCDN_LOG: [T:3861][HINFO]:[f:PostNotifyInfo],[l:248], notify type(6),info({"BandWidth":557056,"CachedBytes":363402016,"IsAd":0,"IsP2P":1,"ReadBytes":331797280,"VID":"65f888b7cc0c74b794ab89eac7137fc8"}
06-04 20:37:28.602 E/Hcdn_DeTask3128192202( 3469): )
06-04 20:37:28.602 E/playfilesourceNew( 3469): HCDN_LOG: [T:3820][HINFO]:[f:DoAsynNotifyInfoResponse],[l:2605],[TaskID(3128192202),type(6),msg({"BandWidth":557056,"CachedBytes":363402016,"IsAd":0,"IsP2P":1,"ReadBytes":331797280,"VID":"65f888b7cc0c74b794ab89eac7137fc8"}
06-04 20:37:28.602 E/playfilesourceNew( 3469): )!]
06-04 20:37:28.602 D/CompatibilityChangeReporter( 707): Compat change id reported: 266124927; UID 1000; state: DISABLED
06-04 20:37:28.602 W/abs ( 3469): HCDN_LOG: [T:3820][func:SetParam],[line:744],e4123580 szParamName = DownloadStatusByHcdn, szParamValue = {"BandWidth":557056,"BandWidth_1":860160,"CachedBytes":363402016,"IsAd":0,"IsP2P":1,"ReadBytes":331797280,"VID":"65f888b7cc0c74b794ab89eac7137fc8"}
06-04 20:37:28.602 E/hq ( 1414): HomeKeyReceiver:::onReceive android.intent.action.CLOSE_SYSTEM_DIALOGS
06-04 20:37:28.602 W/abs ( 3469): HCDN_LOG: [T:3820][func:update_global_bandwidth_mean],[line:3230],insert_bandwidth_val 1715350:557056, avg_bandwidth=829425!
06-04 20:37:28.603 W/abs ( 3469): HCDN_LOG: [T:3820][func:update_global_bandwidth_mean],[line:3230],insert_bandwidth_val 1715350:860160, avg_bandwidth=830887!
06-04 20:37:28.603 D/HomeKeyReceiver( 1414): reason:-----------homekey
06-04 20:37:28.603 W/eventbuscore( 1414): post Event:com.dangbei.leard.base.entity.event.HomeEvent
06-04 20:37:28.603 D/CompatibilityChangeReporter( 707): Compat change id reported: 265451093; UID 1000; state: DISABLED
06-04 20:37:28.603 W/abs ( 3469): HCDN_LOG: [T:3820][func:measure_hcdn_buffer],[line:722],measure_hcdn_buffer:hcdn_cached_bytes_=363402016, cur_player_parsed_chunk_idx_=215, cur_hcdn_cached_time=80821, hcdn_cached_time_=80821, hcdn_time_gap_=0, cur_player_pos_=839259
06-04 20:37:28.603 W/eventbuscore( 1414): post Event:com.dangbei.leard.base.entity.event.SwitchLauncherPageEvent
06-04 20:37:28.603 E/abs_info( 3469): HCDN_LOG: [T:3820][HINFO]:[f:PostABSInfo],[l:7214],Task(5), SetABSInterface ret(1) SetParam("DownloadStatusByHcdn", {"BandWidth":557056,"BandWidth_1":860160,"CachedBytes":363402016,"IsAd":0,"IsP2P":1,"ReadBytes":331797280,"VID":"65f888b7cc0c74b794ab89eac7137fc8"}
06-04 20:37:28.603 E/abs_info( 3469): )
06-04 20:37:28.603 D/CompatibilityChangeReporter( 707): Compat change id reported: 265456536; UID 1000; state: DISABLED
06-04 20:37:28.604 D/CompatibilityChangeReporter( 707): Compat change id reported: 255940284; UID 1000; state: DISABLED
06-04 20:37:28.605 D/CompatibilityChangeReporter( 707): Compat change id reported: 236283604; UID 1000; state: DISABLED
06-04 20:37:28.606 D/CompatibilityChangeReporter( 707): Compat change id reported: 263959004; UID 1000; state: DISABLED
06-04 20:37:28.606 D/CompatibilityChangeReporter( 707): Compat change id reported: 264304459; UID 1000; state: DISABLED
06-04 20:37:28.606 D/CompatibilityChangeReporter( 707): Compat change id reported: 264301586; UID 1000; state: DISABLED
06-04 20:37:28.607 D/CompatibilityChangeReporter( 707): Compat change id reported: 254631730; UID 1000; state: DISABLED
06-04 20:37:28.607 D/CompatibilityChangeReporter( 707): Compat change id reported: 273509367; UID 1000; state: DISABLED
06-04 20:37:28.607 D/CompatibilityChangeReporter( 707): Compat change id reported: 263259275; UID 1000; state: DISABLED
06-04 20:37:28.608 D/CompatibilityChangeReporter( 707): Compat change id reported: 174042980; UID 1000; state: DISABLED
06-04 20:37:28.608 D/CompatibilityChangeReporter( 707): Compat change id reported: 174042936; UID 1000; state: DISABLED
06-04 20:37:28.608 D/CompatibilityChangeReporter( 707): Compat change id reported: 181136395; UID 1000; state: DISABLED
06-04 20:37:28.609 I/CLog ( 3469): 2025-06-04 20:37:28.609 T:5700 DEBUG: DataPush to read:125,size(14),[839440-839631]
06-04 20:37:28.611 E/CellBroadcastUtils( 707): getDefaultCellBroadcastReceiverPackageName: no package found
06-04 20:37:28.611 D/CompatibilityChangeReporter( 707): Compat change id reported: 197654537; UID 1000; state: DISABLED
06-04 20:37:28.612 I/CLog ( 3469): 2025-06-04 20:37:28.612 T:5737 DEBUG: [107]BaseDataProvider::OnPreload,video_buffer_time=12600
06-04 20:37:28.622 I/ActivityTaskManager( 707): START u0 {act=android.intent.action.MAIN cat=[android.intent.category.HOME] flg=0x10000100 cmp=com.dangbei.leard.leradlauncher/com.dangbei.launcher.home.LauncherActivity (has extras)} with LAUNCH_SINGLE_TASK from uid 0 (BAL_ALLOW_ALLOWLISTED_UID) result code=2
06-04 20:37:28.622 V/WindowManagerShell( 912): Transition requested: android.os.BinderProxy@e8f56e6 TransitionRequestInfo { type = 1, triggerTask = TaskInfo{userId=0 taskId=63 displayId=0 isRunning=true baseIntent=Intent { act=android.intent.action.MAIN cat=[android.intent.category.HOME] flg=0x10800100 cmp=com.dangbei.leard.leradlauncher/com.dangbei.launcher.home.LauncherActivity } baseActivity=ComponentInfo{com.dangbei.leard.leradlauncher/com.dangbei.launcher.home.LauncherActivity} topActivity=ComponentInfo{com.dangbei.leard.leradlauncher/com.dangbei.launcher.home.LauncherActivity} origActivity=null realActivity=ComponentInfo{com.dangbei.leard.leradlauncher/com.dangbei.launcher.home.LauncherActivity} numActivities=1 lastActiveTime=200105 supportsMultiWindow=true resizeMode=0 isResizeable=false minWidth=-1 minHeight=-1 defaultMinSize=220 token=WCT{android.window.IWindowContainerToken$Stub$Proxy@b664427} topActivityType=2 pictureInPictureParams=null shouldDockBigOverlays=true launchIntoPipHostTaskId=-1 lastParentTaskIdBeforePip=-1 displayCutoutSafeInsets=null topActivityInfo=ActivityInfo{7916d4 com.dangbei.launcher.home.LauncherActivity} launchCookies=[] positionInParent=Point(0, 0) parentTaskId=-1 isFocused=true isVisible=false isVisibleRequested=false isSleeping=false topActivityInSizeCompat=false topActivityEligibleForLetterboxEducation= false isLetterboxDoubleTapEnabled= false topActivityEligibleForUserAspectRatioButton= false topActivityBoundsLetterboxed= false isFromLetterboxDoubleTap= false topActivityLetterboxVerticalPosition= -1 topActivityLetterboxHorizontalPosition= -1 topActivityLetterboxWidth=-1 topActivityLetterboxHeight=-1 isUserFullscreenOverrideEnabled=false isTopActivityTransparent=false locusId=null displayAreaFeatureId=1 cameraCompatControlState=hidden}, remoteTransition = null, displayChange = null, flags = 0 }
06-04 20:37:28.629 W/ActivityTaskManager( 707): Duplicate finish request for r=ActivityRecord{b5b916b u0 com.dangbei.leard.leradlauncher/.module.vipcenter.VipCenterActivity t63 f}}
06-04 20:37:28.629 D/onUserLeaveHint :( 3469): onUserLeaveHint
06-04 20:37:28.629 D/yc_test ( 3469): getWatchRecord: currentProgress:834624
06-04 20:37:28.629 E/BaseMediaDetailP( 3469): requestChangePlayRecord:68075221,jump:JumpConfig{type=5, link='null', param=IQiyiJumpParam{playType=null, albumId='5567532336805201', tvId='1608843880763300', channelId='null', programId='null', isVip=1, isTvod=0, playEpisode='6', videoType=1970, playStartTime=834624, playDuration=2249520, isAdvance=0, isPreview=0}, limitVipId=null, appInfo=null}
06-04 20:37:28.630 D/lau_LauncherLogManager( 3469): onActivityPaused FullScreenDetailActivity ,,, com.dangbei.launcher.media.ui.fullscreen.FullScreenDetailActivity@d6af082
06-04 20:37:28.630 D/yc_test ( 3469): getWatchRecord: currentProgress:834624
06-04 20:37:28.631 D/UNIPLAYERSDK( 3469): PumaPlayer.cpp:773 [PumaPlayer@0xa9c8825c]getCachePercent(37)
06-04 20:37:28.631 D/UNIPLAYERSDK( 3469): PumaPlayerAdaptor.cpp:343 [PumaPlayerAdaptor@0xe4c22224]KMSG_ACTION_GETCACHEPERCENT=37
06-04 20:37:28.631 E/BaseMediaDetailP( 3469): requestChangePlayRecord:68075221,jump:JumpConfig{type=5, link='null', param=IQiyiJumpParam{playType=null, albumId='5567532336805201', tvId='1608843880763300', channelId='null', programId='null', isVip=1, isTvod=0, playEpisode='6', videoType=1970, playStartTime=834624, playDuration=2249520, isAdvance=0, isPreview=0}, limitVipId=null, appInfo=null}
06-04 20:37:28.632 V/UNIPLAYERSDK( 3469): MediaPlayerImpl.cpp:420 [MediaPlayerImpl@0xebcf0434]isSleeping ret=0
06-04 20:37:28.632 I/TvUniPlayer/UniPlayer@7a0c4a5( 3469): isSleeping:false
06-04 20:37:28.632 I/TvUniPlayer/UniPlayer@7a0c4a5( 3469): sleep()
06-04 20:37:28.632 D/EventBus( 4242): No subscribers registered for event class com.dangbei.haqusetting.model.bean.event.RootEvent
06-04 20:37:28.632 D/EventBus( 4242): No subscribers registered for event class org.greenrobot.eventbus.NoSubscriberEvent
06-04 20:37:28.633 D/PlayStaticsReporter( 3469): start sendOnStop
06-04 20:37:28.633 D/PlayStaticsReporter( 3469): sendPlayStatus: 发送观看状态 0
06-04 20:37:28.637 I/VDA ( 497): [0##23]"ServiceDeviceTask INs=18351/18351, OUTs=18345/18351"" {IN=0/8, OUT=7/13[kAtAccelerator(0) kAtDevice(6) kAtClient(7)]}"
06-04 20:37:28.638 D/FrameWorkHelper( 3469): notifyPlayPageExit: success
06-04 20:37:28.638 D/BaseMediaDetailActivity( 3469): activity_life_onPause
06-04 20:37:28.639 W/WindowOnBackDispatcher( 1414): sendCancelIfRunning: isInProgress=falsecallback=android.view.ViewRootImpl$$ExternalSyntheticLambda17@5fcff7f
06-04 20:37:28.640 D/db_request( 3469): SignAndEncrypt originalHttpUrl: https://ottdbui-tyapiqun7.yysh.mgtv.com/v1/collect/playrecord?vid=68075221&lastplay=%7B%22type%22%3A5%2C%22param%22%3A%7B%22albumId%22%3A%225567532336805201%22%2C%22isAdvance%22%3A0%2C%22isPreview%22%3A0%2C%22isTvod%22%3A0%2C%22isVip%22%3A1%2C%22playDuration%22%3A2249520%2C%22playEpisode%22%3A%226%22%2C%22startTime%22%3A834624%2C%22tvId%22%3A%221608843880763300%22%2C%22cid%22%3A1970%7D%7D&source_type=12&deviceEid=0c23b39f0b3d00d523fbb6609e7981e5&mac=20%3A02%3AFE%3A19%3AC2%3A3F&userid=119225474&brand=Amlogic&rommodel=DBBOX-A3&rommodelnumber=H5P464&romvercode=5008&romvername=5.0.0.8&channel=DBBOX-A3&vcode=102941&vname=2.9.4.1&packagename=com.dangbei.hqmedia&sn=DZOH5P8251918256&cpuserial=0000000000000000&license=mgtv&network=1
06-04 20:37:28.640 D/db_request( 3469): SignAndEncrypt originalHttpUrl: https://ottdbui-tyapiqun7.yysh.mgtv.com/v1/collect/playrecord?vid=68075221&lastplay=%7B%22type%22%3A5%2C%22param%22%3A%7B%22albumId%22%3A%225567532336805201%22%2C%22isAdvance%22%3A0%2C%22isPreview%22%3A0%2C%22isTvod%22%3A0%2C%22isVip%22%3A1%2C%22playDuration%22%3A2249520%2C%22playEpisode%22%3A%226%22%2C%22startTime%22%3A834624%2C%22tvId%22%3A%221608843880763300%22%2C%22cid%22%3A1970%7D%7D&source_type=12&deviceEid=0c23b39f0b3d00d523fbb6609e7981e5&mac=20%3A02%3AFE%3A19%3AC2%3A3F&userid=119225474&brand=Amlogic&rommodel=DBBOX-A3&rommodelnumber=H5P464&romvercode=5008&romvername=5.0.0.8&channel=DBBOX-A3&vcode=102941&vname=2.9.4.1&packagename=com.dangbei.hqmedia&sn=DZOH5P8251918256&cpuserial=0000000000000000&license=mgtv&network=1
06-04 20:37:28.641 D/UNIPLAYERSDK( 3469): BaseState.cpp:42 [PumaPlayerAdaptor@0xe4c22224@0x96585a68]{fm(KMSG_ACTION_GETCACHEPERCENT),ret(0),at(1,5386,5387),s(9,-2,-2,-2,9),fm=Message@0x964d2cb0{what=1048610,when=1715384,arg1=37,arg2=-1111111111,arg3=-1111111111,str=,timeout=0,obj=0x0,runnable=0x0,target=0xebea371c,watchDogOp=0x0}
06-04 20:37:28.641 D/UNIPLAYERSDK( 3469): BaseState.cpp:56 [PumaPlayerAdaptor@0xe4c22224@0x96585a68]{fm(KMSG_ACTION_GETCACHEPERCENT),o(AudioPrevi)-t(0,5386,5386),o(BitstreamS)-t(0,5387,5387),o(CarouselPr)-t(0,5387,5387),o(FastHelper)-t(0,5386,5386),o(HeaderTail)-t(0,5386,5386),o(HighLights)-t(0,5386,5386),o(InteractPr)-t(0,5386,5386),o(LivePrevie)-t(0,5386,5386),o(MediaPlaye)-t(0,5387,5387),o(MovieVVInf)-t(0,5387,5387),o(PPrecacher)-t(0,5387,5387),o(PlayerStuc)-t(0,5387,5387),o(PumaAbsCmd)-t(0,5387,5387),o(PumaAdvert)-t(0,5386,5386),o(PumaBuffer)-t(0,5386,5386),o(PumaError@)-t(0,5386,5386),o(PumaMediaD)-t(0,5386,5386),o(PumaPlayer)-t(0,5387,5387),o(PumaRate@0)-t(0,5387,5387),o(PumaSegmen)-t(0,5386,5386),o(PumaSubtit)-t(0,5386,5386),o(RefreshAcc)-t(0,5386,5386),o(RefreshSer)-t(0,5386,5386),o(SceneKeepe)-t(0,5386,5386),o(SetRate@0x)-t(0,5387,5387),o(SwitchEpis)-t(0,5387,5387),o(VideoPlayC)-t(0,5386,5386)}
06-04 20:37:28.641 D/UNIPLAYERSDK( 3469): MovieVVInfo.cpp:129 [pos]getCachePercent=37
06-04 20:37:28.641 I/TvUniPlayer/SdkMediaPlayer@7fc307a( 3469): native_sleep
06-04 20:37:28.641 D/TVUNIPLAYER( 3469): gala_player_SdkMediaPlayer.cpp:540 gala_player_SdkMediaPlayer_sleep()
06-04 20:37:28.641 I/UNIPLAYERSDK( 3469): MediaPlayerImpl.cpp:742 [MediaPlayerImpl@0xebcf0434]sleep()
06-04 20:37:28.641 I/UNIPLAYERSDK( 3469): WakeModeSetter.cpp:91 stayAwake() awake = 0.
06-04 20:37:28.641 D/WakeModeSetter( 3469): stayAwake awake:false,mWakeLock.isHeld():true
06-04 20:37:28.642 V/WindowManager( 707): app ------------- force_land :0
06-04 20:37:28.642 D/db_request( 3469): SignAndEncrypt real url: https://ottdbui-tyapiqun7.yysh.mgtv.com/v1/collect/playrecord?vid=3MkPpK5ralkAnFQTp2YhtA%3D%3D&lastplay=buuVlGBcW2aiYXJRCV%2FEbmI5STSDUIdETxNqqzzlmidDsjk4LU8pDbH2aEQMYEfPtRT30qdhEW0btJ9CtzkrcQXfverr%2FrupkrsT8eZFf3lh9Nz%2B0LOqYeXwiyCeQvqdAtnrbn8M4mzKFQvMyhiB%2BQCJ7lGTOAtCXqOKAYiyumbqxhsK4xLu7n2hk3BNAgBjlDXXKcspTEgdfmdfkl5M9gvvS4fqd2iUy0rpozqKsugNBZ0mg3tLHHgdfTEm%2FvTXvnRp%2Fv9T9y8%3D&source_type=KWRcr3vdn%2Bc%3D&deviceEid=e23kIa4O1EK%2Fe2PsIrXApTdqridGi6ndBxyLfWHdepjwQu6yfbLl8g%3D%3D&mac=iP4TVZLko9XL7L07ohg7E30LICLwHdZ3&userid=a0Qm2f1TEMUs6IXa8mBjoQ%3D%3D&brand=yX9G3n%2BCRfo%3D&rommodel=yOjHVedNSYg5sKMTZcMv%2Bg%3D%3D&rommodelnumber=AcRpJnmM0co%3D&romvercode=gUu7NJIR5%2BU%3D&romvername=anSrugD0yFo%3D&channel=yOjHVedNSYg5sKMTZcMv%2Bg%3D%3D&vcode=glBqqERuO34%3D&vname=M8ppljYl8c8%3D&packagename=qzBdBNULiCnlsdmGZxyXOcOoZ80nK%2F7H&sn=f3S8sdYMuxpCE%2FtKLk%2BC2QIfAxg85Bpt&cpuserial=PlZpqfc1JpxOOZ0anAV38AcloAYinsDQ&license=Hs4jp68qr9I%3D&network=4Beei9NZNdo%3D
06-04 20:37:28.642 I/BpBinder( 265): onLastStrongRef automatically unlinking death recipients:
06-04 20:37:28.646 D/db_request( 3469): SignAndEncrypt real url: https://ottdbui-tyapiqun7.yysh.mgtv.com/v1/collect/playrecord?vid=3MkPpK5ralkAnFQTp2YhtA%3D%3D&lastplay=buuVlGBcW2aiYXJRCV%2FEbmI5STSDUIdETxNqqzzlmidDsjk4LU8pDbH2aEQMYEfPtRT30qdhEW0btJ9CtzkrcQXfverr%2FrupkrsT8eZFf3lh9Nz%2B0LOqYeXwiyCeQvqdAtnrbn8M4mzKFQvMyhiB%2BQCJ7lGTOAtCXqOKAYiyumbqxhsK4xLu7n2hk3BNAgBjlDXXKcspTEgdfmdfkl5M9gvvS4fqd2iUy0rpozqKsugNBZ0mg3tLHHgdfTEm%2FvTXvnRp%2Fv9T9y8%3D&source_type=KWRcr3vdn%2Bc%3D&deviceEid=e23kIa4O1EK%2Fe2PsIrXApTdqridGi6ndBxyLfWHdepjwQu6yfbLl8g%3D%3D&mac=iP4TVZLko9XL7L07ohg7E30LICLwHdZ3&userid=a0Qm2f1TEMUs6IXa8mBjoQ%3D%3D&brand=yX9G3n%2BCRfo%3D&rommodel=yOjHVedNSYg5sKMTZcMv%2Bg%3D%3D&rommodelnumber=AcRpJnmM0co%3D&romvercode=gUu7NJIR5%2BU%3D&romvername=anSrugD0yFo%3D&channel=yOjHVedNSYg5sKMTZcMv%2Bg%3D%3D&vcode=glBqqERuO34%3D&vname=M8ppljYl8c8%3D&packagename=qzBdBNULiCnlsdmGZxyXOcOoZ80nK%2F7H&sn=f3S8sdYMuxpCE%2FtKLk%2BC2QIfAxg85Bpt&cpuserial=PlZpqfc1JpxOOZ0anAV38AcloAYinsDQ&license=Hs4jp68qr9I%3D&network=4Beei9NZNdo%3D
06-04 20:37:28.648 D/CoreBackPreview( 707): Window{ecb8c86 u0 com.dangbei.leard.leradlauncher/com.dangbei.leard.leradlauncher.module.vipcenter.VipCenterActivity}: Setting back callback null
06-04 20:37:28.648 I/TvUniPlayer/UniPlayer@7a0c4a5( 3469): in handleMessage event:10000
06-04 20:37:28.648 I/CLog ( 3469): 2025-06-04 20:37:28.648 T:5737 DEBUG: [107]BaseDataProvider::OnPreload,video_buffer_time=12600
06-04 20:37:28.650 W/InputManager-JNI( 707): Input channel object 'ecb8c86 com.dangbei.leard.leradlauncher/com.dangbei.leard.leradlauncher.module.vipcenter.VipCenterActivity (client)' was disposed without first being removed with the input manager!
06-04 20:37:28.654 D/sgw_debug( 1414): stopReckon
06-04 20:37:28.655 E/hq ( 1414): 播放时长统计:::停止倒计时: 1749039137316 true
06-04 20:37:28.651 I/UNIPLAYERSDK( 3469): MediaPlayerAdaptor.cpp:297 [PumaPlayerAdaptor@0xe4c22224]doHandleMessage(KMSG_ACTION_SLEEP, arg1:-111, arg2:-111)
06-04 20:37:28.656 I/UNIPLAYERSDK( 3469): MediaPlayerAdaptor.cpp:297 [PumaPlayerAdaptor@0xe4c22224]doHandleMessage(KMSG_INNERACTION_EVENT_SLEEPING, arg1:-111, arg2:-111)
06-04 20:37:28.656 I/UNIPLAYERSDK( 3469): MediaPlayerListenerContainer.cpp:193 onSleeping
06-04 20:37:28.656 I/TVUNIPLAYER( 3469): JNIMediaPlayerOnStateChangedListener.cpp:59 onSleeping(player=0xebcf03d0, media=0x9bc81ff0)
06-04 20:37:28.656 I/TvUniPlayer/SdkMediaPlayer@7fc307a( 3469): postEventFromNative(118, 0, 0, null)
06-04 20:37:28.656 I/TvUniPlayer/UniPlayer@7a0c4a5( 3469): player sdk event:118,hasBarrier:false
06-04 20:37:28.656 D/UNIPLAYERSDK( 3469): BaseState.cpp:42 [PumaPlayerAdaptor@0xe4c22224@0x9658f968]{fm(KMSG_INNERACTION_EVENT_SLEEPING),ret(0),at(0,5412,5412),s(9,-2,-2,-2,9),fm=Message@0x964d2710{what=2097213,when=18446744073709551615,arg1=-1111111111,arg2=-1111111111,arg3=-1111111111,str=,timeout=0,obj=0x0,runnable=0x0,target=0x0,watchDogOp=0x0}
06-04 20:37:28.656 D/UNIPLAYERSDK( 3469): BaseState.cpp:56 [PumaPlayerAdaptor@0xe4c22224@0x9658f968]{fm(KMSG_INNERACTION_EVENT_SLEEPING),o(AudioPrevi)-t(0,5412,5412),o(BitstreamS)-t(0,5412,5412),o(CarouselPr)-t(0,5412,5412),o(FastHelper)-t(0,5412,5412),o(HeaderTail)-t(0,5412,5412),o(HighLights)-t(0,5412,5412),o(InteractPr)-t(0,5412,5412),o(LivePrevie)-t(0,5412,5412),o(MediaPlaye)-t(0,5412,5412),o(MovieVVInf)-t(0,5412,5412),o(PPrecacher)-t(0,5412,5412),o(PlayerStuc)-t(0,5412,5412),o(PumaAbsCmd)-t(0,5412,5412),o(PumaAdvert)-t(0,5412,5412),o(PumaBuffer)-t(0,5412,5412),o(PumaError@)-t(0,5412,5412),o(PumaMediaD)-t(0,5412,5412),o(PumaPlayer)-t(0,5412,5412),o(PumaRate@0)-t(0,5412,5412),o(PumaSegmen)-t(0,5412,5412),o(PumaSubtit)-t(0,5412,5412),o(RefreshAcc)-t(0,5412,5412),o(RefreshSer)-t(0,5412,5412),o(SceneKeepe)-t(0,5412,5412),o(SetRate@0x)-t(0,5412,5412),o(SwitchEpis)-t(0,5412,5412),o(VideoPlayC)-t(0,5412,5412)}
06-04 20:37:28.656 I/UNIPLAYERSDK( 3469): PumaPlayer.cpp:604 [PumaPlayer@0xa9c8825c]sleep()
06-04 20:37:28.656 W/UNIPLAYERSDK( 3469): PumaPlayer.cpp:179 [PumaPlayer@0xa9c8825c]releaseWindow()
06-04 20:37:28.656 I/CLog ( 3469): 2025-06-04 20:37:28.656 T:3546 INFO: [0x9708e240]CMctoMediaPlayer::SetWindow(0x0), type=0...
06-04 20:37:28.656 I/CLog ( 3469): 2025-06-04 20:37:28.656 T:3546 INFO: SetWindow:0,0
06-04 20:37:28.656 I/CLog ( 3469): 2025-06-04 20:37:28.656 T:3546 INFO: PlayCoreManager::SetWindow-- hard_render----begin
06-04 20:37:28.657 I/CLog ( 3469): 2025-06-04 20:37:28.656 T:3546 INFO: RM::4,SetWindow window:0x0 sleepwakeup_mode: 0, type: 0
06-04 20:37:28.657 I/CLog ( 3469): 2025-06-04 20:37:28.657 T:3546 INFO: RM_RE::4, SetWindow sendMsg Begin, sync: 1, window: 0x0
06-04 20:37:28.662 V/UNIPLAYERSDK( 3469): PerformaceStepInfo.cpp:312 doRecord 14 1715412 0
06-04 20:37:28.662 I/TvUniPlayer/UniPlayer@7a0c4a5( 3469): in handleMessage event:118
06-04 20:37:28.672 I/hq ( 1414): 当小贝:::showMessage from=mActivityLifecycleCallbacks
06-04 20:37:28.672 I/hq ( 1414): 当小贝:::showMessage 没有消息需要显示
06-04 20:37:28.680 I/CLog ( 3469): 2025-06-04 20:37:28.679 T:5737 DEBUG: [107]BaseDataProvider::OnPreload,video_buffer_time=12600
06-04 20:37:28.684 D/TrafficStats( 3469): tagSocket(165) with statsTag=0xffffffff, statsUid=-1
06-04 20:37:28.685 I/CLog ( 3469): 2025-06-04 20:37:28.685 T:5703 INFO: RM_RE::4,RENDER_SET_WINDOW
06-04 20:37:28.685 I/CLog ( 3469): 2025-06-04 20:37:28.685 T:5703 INFO: RM_RE::4,_setWindow begin, this:0xebe3ee90 window:0x0, view_type:0
06-04 20:37:28.685 I/CLog ( 3469): 2025-06-04 20:37:28.685 T:5703 INFO: RM_RE::4,_callCloseCodecCallBack close_codec_callback_fn_(), ctx = 0x975e9830
06-04 20:37:28.685 I/CLog ( 3469): 2025-06-04 20:37:28.685 T:5703 INFO: RM_MCD::4,CallbackCloseCodec resetOutputSurface, support_dummy_surface: 1, support_wakeup_sleep_opt: 0
06-04 20:37:28.685 I/CLog ( 3469): 2025-06-04 20:37:28.685 T:5703 INFO: RM_MCD::4,_resetSurface mc_state_:1
06-04 20:37:28.687 E/OpenGLRenderer( 1414): Unable to match the desired swap behavior.
06-04 20:37:28.702 E/Hcdn_DeTask3128192202( 3469): HCDN_LOG: [T:3861][HINFO]:[f:PostNotifyInfo],[l:248], notify type(6),info({"BandWidth":557056,"CachedBytes":363402016,"IsAd":0,"IsP2P":1,"ReadBytes":331797280,"VID":"65f888b7cc0c74b794ab89eac7137fc8"}
06-04 20:37:28.702 E/Hcdn_DeTask3128192202( 3469): )
06-04 20:37:28.703 E/playfilesourceNew( 3469): HCDN_LOG: [T:3820][HINFO]:[f:DoAsynNotifyInfoResponse],[l:2605],[TaskID(3128192202),type(6),msg({"BandWidth":557056,"CachedBytes":363402016,"IsAd":0,"IsP2P":1,"ReadBytes":331797280,"VID":"65f888b7cc0c74b794ab89eac7137fc8"}
06-04 20:37:28.703 E/playfilesourceNew( 3469): )!]
06-04 20:37:28.703 W/abs ( 3469): HCDN_LOG: [T:3820][func:SetParam],[line:744],e4123580 szParamName = DownloadStatusByHcdn, szParamValue = {"BandWidth":557056,"BandWidth_1":860160,"CachedBytes":363402016,"IsAd":0,"IsP2P":1,"ReadBytes":331797280,"VID":"65f888b7cc0c74b794ab89eac7137fc8"}
06-04 20:37:28.703 W/abs ( 3469): HCDN_LOG: [T:3820][func:update_global_bandwidth_mean],[line:3230],insert_bandwidth_val 1715450:557056, avg_bandwidth=829004!
06-04 20:37:28.703 W/abs ( 3469): HCDN_LOG: [T:3820][func:update_global_bandwidth_mean],[line:3230],insert_bandwidth_val 1715450:860160, avg_bandwidth=830341!
06-04 20:37:28.703 W/abs ( 3469): HCDN_LOG: [T:3820][func:measure_hcdn_buffer],[line:722],measure_hcdn_buffer:hcdn_cached_bytes_=363402016, cur_player_parsed_chunk_idx_=215, cur_hcdn_cached_time=80821, hcdn_cached_time_=80821, hcdn_time_gap_=0, cur_player_pos_=839259
06-04 20:37:28.703 E/abs_info( 3469): HCDN_LOG: [T:3820][HINFO]:[f:PostABSInfo],[l:7214],Task(5), SetABSInterface ret(1) SetParam("DownloadStatusByHcdn", {"BandWidth":557056,"BandWidth_1":860160,"CachedBytes":363402016,"IsAd":0,"IsP2P":1,"ReadBytes":331797280,"VID":"65f888b7cc0c74b794ab89eac7137fc8"}
06-04 20:37:28.703 E/abs_info( 3469): )
06-04 20:37:28.704 D/SurfaceUtils( 3469): connecting to surface 0x95ba5c98, reason connectToSurface
06-04 20:37:28.704 D/TrafficStats( 1414): tagSocket(113) with statsTag=0xffffffff, statsUid=-1
06-04 20:37:28.704 I/MediaCodec( 3469): [c2.amlogic.hevc.decoder] setting surface generation to 3552265
06-04 20:37:28.704 D/SurfaceUtils( 3469): disconnecting from surface 0x95ba5c98, reason connectToSurface(reconnect)
06-04 20:37:28.704 D/SurfaceUtils( 3469): connecting to surface 0x95ba5c98, reason connectToSurface(reconnect)
06-04 20:37:28.704 D/Codec2-OutputBufferQueue( 3469): C2SurfaceSyncMemory created 20(20)
06-04 20:37:28.705 D/Codec2-OutputBufferQueue( 3469): remote graphic buffer migration 4/4
06-04 20:37:28.706 D/Codec2Client( 3469): setOutputSurface -- generation=3552265 consumer usage=0x900 sync
06-04 20:37:28.711 I/CLog ( 3469): 2025-06-04 20:37:28.711 T:5737 DEBUG: [107]BaseDataProvider::OnPreload,video_buffer_time=12600
06-04 20:37:28.714 D/C2BqBuffer( 497): local generation change 3552265 , bqId: 14899241549836 migrated buffers # 6
06-04 20:37:28.714 D/Codec2Client( 3469): Surface configure completed
06-04 20:37:28.714 D/SurfaceUtils( 3469): disconnecting from surface 0x95bada88, reason disconnectFromSurface
06-04 20:37:28.716 I/CLog ( 3469): 2025-06-04 20:37:28.716 T:5703 INFO: RM_MCD::4,_resetSurface end QOS mc_state_:1 time: 31, lock:18, sfc_crt:0, sfc_set:13
06-04 20:37:28.716 I/CLog ( 3469): 2025-06-04 20:37:28.716 T:5703 INFO: RM_RE::4,_callCloseCodecCallBack done
06-04 20:37:28.716 I/CLog ( 3469): 2025-06-04 20:37:28.716 T:5703 INFO: RM_VRM::4,SetWindow, 0x0
06-04 20:37:28.716 I/CLog ( 3469): 2025-06-04 20:37:28.716 T:5703 INFO: RM_EGLWS::4, SetDevWindow, null, r = 1
06-04 20:37:28.716 I/CLog ( 3469): 2025-06-04 20:37:28.716 T:5703 INFO: RM_VRM::4,SetWindow, 0x0 end
06-04 20:37:28.716 I/CLog ( 3469): 2025-06-04 20:37:28.716 T:5703 INFO: RM_SUHU::4,releaseSurfaceObj 0x46f6
06-04 20:37:28.716 I/CLog ( 3469): 2025-06-04 20:37:28.716 T:5703 INFO: RM_RE::4,_setWindow end, this:0xebe3ee90, window:0x0
06-04 20:37:28.717 I/CLog ( 3469): 2025-06-04 20:37:28.717 T:3546 INFO: RM_RE::4, SetWindow sendMsg End, consumed:60
06-04 20:37:28.719 I/CLog ( 3469): 2025-06-04 20:37:28.719 T:3546 INFO: PlayCoreManager::SetWindow-- hard_render----end
06-04 20:37:28.719 I/UNIPLAYERSDK( 3469): PumaPlayerListener.cpp:521 [PumaPlayerListener@0xe4cfd0d0]OnWindowChanged null
06-04 20:37:28.719 I/CLog ( 3469): 2025-06-04 20:37:28.719 T:3546 INFO: [0x9708e240]CMctoMediaPlayer::Sleep
06-04 20:37:28.719 I/CLog ( 3469): 2025-06-04 20:37:28.719 T:3546 DEBUG: [0x9708e240]CMctoMediaPlayer::Invoke_iqyplayer_Cmd cmd:4101,params:(null)
06-04 20:37:28.719 I/CLog ( 3469): 2025-06-04 20:37:28.719 T:3546 INFO: RM::4, unknown command(4101)
06-04 20:37:28.719 D/UNIPLAYERSDK( 3469): AudioPreviewMonitor.cpp:214 [AudioPreviewMonitor@0xa9c83460]stopCheckAudioPreView(KMSG_STATEEXIT_MOVIE_PLAYING)
06-04 20:37:28.719 D/UNIPLAYERSDK( 3469): HeaderTailer.cpp:63 [HeaderTailer@0xa9cabe40]KMSG_STATEEXIT_MOVIE_PLAYING
06-04 20:37:28.719 I/UNIPLAYERSDK( 3469): HeaderTailer.cpp:214 [HeaderTailer@0xa9cabe40]stopAutoSkipCheck
06-04 20:37:28.719 D/UNIPLAYERSDK( 3469): PositionHintHelper.cpp:165 (0xa0549490)stop() - mRunning=1
06-04 20:37:28.720 D/UNIPLAYERSDK( 3469): PositionHintHelper.cpp:137 (0xa0549490)clearHints()
06-04 20:37:28.720 V/UNIPLAYERSDK( 3469): Advertisement.cpp:389 [PumaAdvertisement@0xa05384dc]HandleStateExitMessage() msg = KMSG_STATEEXIT_MOVIE_PLAYING
06-04 20:37:28.720 I/UNIPLAYERSDK( 3469): PlayerStuckDetector.cpp:34 [PlayerStuckDetector@0x9658c0e0]update, msg = KMSG_STATEEXIT_MOVIE_PLAYING
06-04 20:37:28.720 I/UNIPLAYERSDK( 3469): PlayerStuckDetector.cpp:97 [PlayerStuckDetector@0x9658c0e0]stopDetect.
06-04 20:37:28.720 D/UNIPLAYERSDK( 3469): PositionHintHelper.cpp:165 (0xa055b880)stop() - mRunning=1
06-04 20:37:28.720 D/UNIPLAYERSDK( 3469): PositionHintHelper.cpp:137 (0xa055b880)clearHints()
06-04 20:37:28.721 D/TrafficStats( 3469): tagSocket(113) with statsTag=0xffffffff, statsUid=-1
06-04 20:37:28.721 I/UNIPLAYERSDK( 3469): MediaPlayerAdaptor.cpp:297 [PumaPlayerAdaptor@0xe4c22224]doHandleMessage(KMSG_STATEEXIT_MOVIE_PLAYING, arg1:11, arg2:-111)
06-04 20:37:28.721 V/UNIPLAYERSDK( 3469): MediaPlayerListenerContainer.cpp:322 HandleStateExitMessage() msg = KMSG_STATEEXIT_MOVIE_PLAYING
06-04 20:37:28.721 D/UNIPLAYERSDK( 3469): BaseState.cpp:42 [PumaPlayerAdaptor@0xe4c22224@0x9658f968]{fm(KMSG_STATEEXIT_MOVIE_PLAYING),ret(0),at(2,5475,5477),s(9,-2,-2,-2,9),fm=Message@0x964d2710{what=25165927,when=18446744073709551615,arg1=11,arg2=-1111111111,arg3=-1111111111,str=,timeout=0,obj=0x0,runnable=0x0,target=0x0,watchDogOp=0x0}
06-04 20:37:28.721 I/CLog ( 3469): 2025-06-04 20:37:28.720 T:5700 INFO: SleepPlayer
06-04 20:37:28.721 D/UNIPLAYERSDK( 3469): BaseState.cpp:56 [PumaPlayerAdaptor@0xe4c22224@0x9658f968]{fm(KMSG_STATEEXIT_MOVIE_PLAYING),o(AudioPrevi)-t(0,5475,5475),o(BitstreamS)-t(0,5476,5476),o(CarouselPr)-t(0,5476,5476),o(FastHelper)-t(0,5475,5475),o(HeaderTail)-t(1,5475,5476),o(HighLights)-t(0,5475,5475),o(InteractPr)-t(0,5476,5476),o(LivePrevie)-t(0,5476,5476),o(MediaPlaye)-t(0,5477,5477),o(MovieVVInf)-t(0,5476,5476),o(PPrecacher)-t(0,5476,5476),o(PlayerStuc)-t(1,5476,5477),o(PumaAbsCmd)-t(0,5477,5477),o(PumaAdvert)-t(0,5476,5476),o(PumaBuffer)-t(0,5476,5476),o(PumaError@)-t(0,5476,5476),o(PumaMediaD)-t(0,5476,5476),o(PumaPlayer)-t(0,5476,5476),o(PumaRate@0)-t(0,5476,5476),o(PumaSegmen)-t(0,5476,5476),o(PumaSubtit)-t(0,5476,5476),o(RefreshAcc)-t(0,5475,5475),o(RefreshSer)-t(0,5475,5475),o(SceneKeepe)-t(0,5475,5475),o(SetRate@0x)-t(0,5476,5476),o(SwitchEpis)-t(0,5476,5476),o(VideoPlayC)-t(0,5475,5475)}
06-04 20:37:28.721 I/CLog ( 3469): 2025-06-04 20:37:28.721 T:5700 DEBUG: GetCurrentDefinition bs=800, have 8 defs, ret=0xe3ee76a0
06-04 20:37:28.721 I/UNIPLAYERSDK( 3469): MediaPlayerAdaptor.cpp:282 [PumaPlayerAdaptor@0xe4c22224]onPlayerStateChanged(9:PLAYING, 11:SLEEPED)
06-04 20:37:28.721 I/CLog ( 3469): 2025-06-04 20:37:28.721 T:5700 DEBUG: GetCurrentDefinition bs=800, have 8 defs, ret=0xe3ee76a0
06-04 20:37:28.721 I/CLog ( 3469): 2025-06-04 20:37:28.721 T:5700 INFO: SleepPlayer(Movie), mode:0, video:834819, ad:-1, cp:-1
06-04 20:37:28.721 I/CLog ( 3469): 2025-06-04 20:37:28.721 T:5700 INFO: RM_DEM::4,Clear seek: 0
06-04 20:37:28.721 I/CLog ( 3469): 2025-06-04 20:37:28.721 T:5700 INFO: PlayCoreManager::Sleep begin
06-04 20:37:28.721 I/CLog ( 3469): 2025-06-04 20:37:28.721 T:5700 INFO: RM::4,Sleep
06-04 20:37:28.721 I/CLog ( 3469): 2025-06-04 20:37:28.721 T:5700 INFO: RM_PC::4,EndMovie, is_clear_picture: 0
06-04 20:37:28.721 I/CLog ( 3469): 2025-06-04 20:37:28.721 T:5700 INFO: PlayCoreManager::Sleep end
06-04 20:37:28.723 I/CLog ( 3469): 2025-06-04 20:37:28.723 T:5700 INFO: ADPlayerManager::Sleep
06-04 20:37:28.723 I/CLog ( 3469): 2025-06-04 20:37:28.723 T:5700 DEBUG: [108]CHCDNControl::Sleep begin
06-04 20:37:28.723 I/UNIPLAYERSDK( 3469): MediaPlayerAdaptor.cpp:297 [PumaPlayerAdaptor@0xe4c22224]doHandleMessage(KMSG_STATECHANGED_SLEEPED, arg1:9, arg2:-111)
06-04 20:37:28.723 I/CLog ( 3469): 2025-06-04 20:37:28.722 T:5704 INFO: RM_PC::4,_updatePlayState, abs_clock:751456041us, playing_clock:834820654us
06-04 20:37:28.723 I/CLog ( 3469): 2025-06-04 20:37:28.723 T:5704 DEBUG: RM_PC::4,_innerSetPlaySpeed(1000 --> 0), state_.ts_us:751456041,state_.play_time_ms:834820
06-04 20:37:28.723 D/UNIPLAYERSDK( 3469): MediaPlayerListenerContainer.cpp:542 HandleStateChangedMessage() msg = KMSG_STATECHANGED_SLEEPED
06-04 20:37:28.723 V/UNIPLAYERSDK( 3469): MediaPlayerListenerContainer.cpp:549 OnStateMachineChanged
06-04 20:37:28.723 D/TVUNIPLAYER( 3469): JNIMediaPlayerOnStateMachineListener.cpp:18 onStateChanged(player=0xebcf03d0, media=0x9bc81ff0, from=9, to=11)
06-04 20:37:28.723 I/TvUniPlayer/SdkMediaPlayer@7fc307a( 3469): postEventFromNative(1901, 9, 11, null)
06-04 20:37:28.723 I/TvUniPlayer/UniPlayer@7a0c4a5( 3469): player sdk event:1901,hasBarrier:false
06-04 20:37:28.724 D/UNIPLAYERSDK( 3469): BaseState.cpp:42 [PumaPlayerAdaptor@0xe4c22224@0x9658f968]{fm(KMSG_STATECHANGED_SLEEPED),ret(0),at(2,5477,5479),s(9,-2,-2,-2,9),fm=Message@0x964d2710{what=4194409,when=18446744073709551615,arg1=9,arg2=-1111111111,arg3=-1111111111,str=,timeout=0,obj=0x0,runnable=0x0,target=0x0,watchDogOp=0x0}
06-04 20:37:28.724 D/UNIPLAYERSDK( 3469): BaseState.cpp:56 [PumaPlayerAdaptor@0xe4c22224@0x9658f968]{fm(KMSG_STATECHANGED_SLEEPED),o(AudioPrevi)-t(0,5477,5477),o(BitstreamS)-t(0,5477,5477),o(CarouselPr)-t(0,5477,5477),o(FastHelper)-t(0,5477,5477),o(HeaderTail)-t(0,5477,5477),o(HighLights)-t(0,5477,5477),o(InteractPr)-t(0,5477,5477),o(LivePrevie)-t(0,5477,5477),o(MediaPlaye)-t(0,5479,5479),o(MovieVVInf)-t(0,5477,5477),o(PPrecacher)-t(0,5477,5477),o(PlayerStuc)-t(0,5477,5477),o(PumaAbsCmd)-t(0,5477,5477),o(PumaAdvert)-t(0,5477,5477),o(PumaBuffer)-t(0,5477,5477),o(PumaError@)-t(0,5477,5477),o(PumaMediaD)-t(0,5477,5477),o(PumaPlayer)-t(0,5477,5477),o(PumaRate@0)-t(0,5477,5477),o(PumaSegmen)-t(0,5477,5477),o(PumaSubtit)-t(0,5477,5477),o(RefreshAcc)-t(0,5477,5477),o(RefreshSer)-t(0,5477,5477),o(SceneKeepe)-t(0,5477,5477),o(SetRate@0x)-t(0,5477,5477),o(SwitchEpis)-t(0,5477,5477),o(VideoPlayC)-t(0,5477,5477)}
06-04 20:37:28.724 V/UNIPLAYERSDK( 3469): Advertisement.cpp:403 [PumaAdvertisement@0xa05384dc]HandleStateEnterMessage() msg = KMSG_STATEENTER_SLEEPED
06-04 20:37:28.724 I/UNIPLAYERSDK( 3469): PlayerStuckChecker.cpp:72 PlayerStuckChecker::update, msg = KMSG_STATEENTER_SLEEPED
06-04 20:37:28.724 I/UNIPLAYERSDK( 3469): PlayerStuckChecker.cpp:166 PlayerStuckChecker::stop(scene=0)
06-04 20:37:28.724 I/UNIPLAYERSDK( 3469): MediaPlayerAdaptor.cpp:297 [PumaPlayerAdaptor@0xe4c22224]doHandleMessage(KMSG_STATEENTER_SLEEPED, arg1:9, arg2:-111)
06-04 20:37:28.724 V/UNIPLAYERSDK( 3469): MediaPlayerListenerContainer.cpp:341 HandleStateEnterMessage() msg=KMSG_STATEENTER_SLEEPED, arg1=9
06-04 20:37:28.724 I/UNIPLAYERSDK( 3469): MediaPlayerListenerContainer.cpp:475 onSleeped
06-04 20:37:28.724 I/TVUNIPLAYER( 3469): JNIMediaPlayerOnStateChangedListener.cpp:55 OnSleeped(player=0xebcf03d0, media=0x9bc81ff0)
06-04 20:37:28.725 I/TvUniPlayer/UniPlayer@7a0c4a5( 3469): in handleMessage event:1901
06-04 20:37:28.725 I/BitStreamMonitor@582002b( 3469): handlePlayerStateChangedMonitor() from=9,to=11
06-04 20:37:28.725 I/BitStreamMonitor@582002b( 3469): handlePlayerStateChangedMonitor() remove monitor
06-04 20:37:28.725 I/BitStreamMonitor@582002b( 3469): stopStuckAllMonitor()
06-04 20:37:28.725 I/BitStreamMonitor@582002b( 3469): stopPreviewStartMonitor() isAll=false
06-04 20:37:28.725 I/CLog ( 3469): 2025-06-04 20:37:28.723 T:5704 DEBUG: RM_PA::4,SetSpeed:0
06-04 20:37:28.725 I/CLog ( 3469): 2025-06-04 20:37:28.725 T:5704 DEBUG: RM_PV::4,SetSpeed:0
06-04 20:37:28.725 I/CLog ( 3469): 2025-06-04 20:37:28.725 T:5704 INFO: RM_PC::4,PLAYER_SET_ENDMOVIE(clear:0)
06-04 20:37:28.725 I/CLog ( 3469): 2025-06-04 20:37:28.725 T:5704 INFO: RM_PV::4,CloseStream, clear:0, from: 0
06-04 20:37:28.725 I/CLog ( 3469): 2025-06-04 20:37:28.725 T:5704 INFO: RM_SPV::4,Seek cur_switch_stream_id_:-1
06-04 20:37:28.725 I/CLog ( 3469): 2025-06-04 20:37:28.725 T:5708 INFO: RM_SPV::4,Proc, SUB_PLAYER_CLEAR_PACKETS coming switch_stream_id:0, cur_cocec_switch_stream_id_:-1
06-04 20:37:28.725 I/CLog ( 3469): 2025-06-04 20:37:28.725 T:5709 INFO: RM_PA::4,PLAYER_SETSPEED:0
06-04 20:37:28.725 I/CLog ( 3469): 2025-06-04 20:37:28.725 T:5709 INFO: RM_PTSOPQ::4,Pause current_.pts:834731611
06-04 20:37:28.727 D/TrafficStats( 1414): tagSocket(110) with statsTag=0xffffffff, statsUid=-1
06-04 20:37:28.727 E/p2pfile ( 3469): HCDN_LOG: [T:5700][HWARN]:[f:Sleep],[l:5502],[Task(5),sleep flag(1)
06-04 20:37:28.727 E/playfilesourceNew( 3469): HCDN_LOG: [T:5700][HINFO]:[f:SleepWakeup],[l:4111],[sleep]
06-04 20:37:28.727 E/hcdn_downloadengine( 3469): HCDN_LOG: [T:3861][HINFO]:[f:OnRecvSleepWakeupNotify],[l:5317], sleep wakeup notify(1)!
06-04 20:37:28.727 I/CLog ( 3469): 2025-06-04 20:37:28.727 T:5700 DEBUG: [108]CHCDNControl::Sleep end
06-04 20:37:28.727 E/Hcdn_DeTask3128192202( 3469): HCDN_LOG: [T:3861][HINFO]:[f:OnRecvSleepWakeupNotify],[l:5362], sleep notify
06-04 20:37:28.728 E/cdntask_new( 3469): HCDN_LOG: [T:3868][HFATAL]:[f:ClearDownloadRange],[l:1008], task_id:3128192202, cancel range num = 0
06-04 20:37:28.728 E/playfilesourceNew( 3469): HCDN_LOG: [T:3820][HFATAL]:[f:AddResopnseMessage],[l:95],[Failed! Can not find task_id(0) or msg_seq(0)]
06-04 20:37:28.729 E/Hcdn_DeTask3128192202( 3469): HCDN_LOG: [T:3861][HINFO]:[f:OnRecvHaveSameNetDecacheNotify],[l:2467], have same net dcache:0
06-04 20:37:28.729 E/playfilesourceNew( 3469): HCDN_LOG: [T:3820][HFATAL]:[f:AddResopnseMessage],[l:95],[Failed! Can not find task_id(0) or msg_seq(0)]
06-04 20:37:28.730 I/CLog ( 3469): 2025-06-04 20:37:28.730 T:5704 DEBUG: RM_RQ::4,Flush, writeable_slot_num_=2
06-04 20:37:28.730 I/CLog ( 3469): 2025-06-04 20:37:28.730 T:5704 INFO: RM_PA::4,CloseStream, endmovie:1
06-04 20:37:28.730 I/CLog ( 3469): 2025-06-04 20:37:28.730 T:5707 INFO: RM_PV::4,PLAYER_SETSPEED: 0
06-04 20:37:28.731 I/CLog ( 3469): 2025-06-04 20:37:28.731 T:5707 INFO: RM_PV::4,GENERAL_CLOSESTREAM
06-04 20:37:28.731 I/CLog ( 3469): 2025-06-04 20:37:28.731 T:5707 DEBUG: RM_RQ::4,Flush, writeable_slot_num_=2
06-04 20:37:28.731 I/CLog ( 3469): 2025-06-04 20:37:28.731 T:5707 DEBUG: RM_PV::4,_closeStream, delete codec obj
06-04 20:37:28.731 I/CLog ( 3469): 2025-06-04 20:37:28.731 T:5707 INFO: RM_MCD::4,_dispose begin
06-04 20:37:28.731 I/TvUniPlayer/SdkMediaPlayer@7fc307a( 3469): postEventFromNative(109, 0, 0, null)
06-04 20:37:28.731 I/CLog ( 3469): 2025-06-04 20:37:28.731 T:5707 INFO: RM_MCD::4,_dispose thread:0x975e9830 stopping
06-04 20:37:28.731 I/CLog ( 3469): 2025-06-04 20:37:28.731 T:5709 INFO: RM_PA::4,GENERAL_CLOSESTREAM endmovie:1
06-04 20:37:28.731 I/TvUniPlayer/UniPlayer@7a0c4a5( 3469): player sdk event:109,hasBarrier:false
06-04 20:37:28.731 I/TvUniPlayer/UniPlayer@7a0c4a5( 3469): in handleMessage event:109
06-04 20:37:28.731 D/UNIPLAYERSDK( 3469): PlayerTimeRecorder.cpp:390 onSleeped
06-04 20:37:28.731 D/UNIPLAYERSDK( 3469): PlayerTimeRecorder.cpp:82 stopRecord() needIssueTiming=1, mIsRecording=1
06-04 20:37:28.731 D/UNIPLAYERSDK( 3469): PlayerTimeRecorder.cpp:121 calculatePlayTime(), lastRecordTime=1640553, currentTime=1715487, playTime=74934
06-04 20:37:28.731 D/UNIPLAYERSDK( 3469): PlayerTimeRecorder.cpp:146 calculateVideoPlayTime(), finalPos=834819, lastPos=759894, seekPlayTime=0, currentPos=834819, playTime=74925
06-04 20:37:28.731 D/UNIPLAYERSDK( 3469): PlayerTimeRecorder.cpp:97 checkPlayTime: playTime=74934(ms), playVideoTime=74925(ms), mBufferTime=0, totalPlayTime=74934, bufferTime=0
06-04 20:37:28.732 D/PINGBACKSDK( 3469): PingbackSenderImpl.cpp:102 PingbackSenderImpl::sendPingback() start, type 6
06-04 20:37:28.733 D/PINGBACKSDK( 3469): Pingback.cpp:131 babelSend() start: PbPlayerType:timing
06-04 20:37:28.733 D/PINGBACKSDK( 3469): Pingback.cpp:135 babelSend() sendurl: PbPlayerType:timing
06-04 20:37:28.733 I/CLog ( 3469): 2025-06-04 20:37:28.733 T:5709 INFO: RM_AP::4,Destroy this:0xb740ddf8
06-04 20:37:28.733 I/CLog ( 3469): 2025-06-04 20:37:28.733 T:5709 INFO: RM_ATS::4,ForceInterrupt:1 -> -1
06-04 20:37:28.733 I/CLog ( 3469): 2025-06-04 20:37:28.733 T:5709 INFO: RM_AE::4,FreeStream, state:1 -> -1
06-04 20:37:28.733 I/CLog ( 3469): 2025-06-04 20:37:28.733 T:5709 INFO: RM_SAES::4,~SoftAEStream
06-04 20:37:28.736 I/mali_gralloc( 264): am_gralloc_get_uvm_decoder_para: parameters:[slot_id=0,w*h(1024*576),w_align=64,h_align=64,size=0]
06-04 20:37:28.736 I/mali_gralloc( 264): am_gralloc_get_uvm_decoder_para: parameters:[slot_id=0,w*h(1024*576),w_align=64,h_align=64,size=0]
06-04 20:37:28.737 V/UFUnilog( 3469): api_group_impl.cpp : 434 PingbackSdk {fuc=APIGroupImpl:call(),name=babel_pb,params=0xb7af03fc,callback=0xa75085f0}
06-04 20:37:28.737 W/UFUnilog( 3469): api_group_impl.cpp : 890 PingbackSdk {fuc=APIGroupImpl:BuildRequest(),logtag=babel_pb_231,interface_msg=Null formdata Parameters!}
06-04 20:37:28.737 D/UFUnilog( 3469): api_group_impl.cpp : 1051 PingbackSdk {fuc=APIGroupImpl:BuildRequest(),logtag=babel_pb_231,request_type=1,client_type=0}
06-04 20:37:28.737 D/UFUnilog( 3469): api_network_status.cpp : 105 {fuc=APINetworkStatus:IsIPV6Works(),interface_msg=localResult=0, fastdnsResult=0}
06-04 20:37:28.737 D/UNIPLAYERSDK( 3469): PlayerTimeRecorder.cpp:278 resetRecordTime: mLastVideoPlayTime=834819(ms), currentPos=834819(ms), stoppedPosition=-1(ms)
06-04 20:37:28.737 I/UFUnilog( 3469): api_engine.cpp : 993 PingbackSdk {fuc=APIEngine::generateFinalIPV6Config(),logtag=babel_pb_231,interface_msg=forceIPV6Status:-1}
06-04 20:37:28.737 I/UFUnilog( 3469): api_engine.cpp : 1003 PingbackSdk {fuc=APIEngine::generateFinalIPV6Config(),logtag=babel_pb_231,interface_msg=domain support ipv6, sOriginHost:msg.ptqy.gitv.tv, strIPV6Domain:}
06-04 20:37:28.737 D/PINGBACKSDK( 3469): PingbackSenderImpl.cpp:102 PingbackSenderImpl::sendPingback() start, type 26
06-04 20:37:28.737 V/UFUnilog( 3469): api_engine.cpp : 189 PingbackSdk {fuc=APIEngine:Call(),logtag=babel_pb_231,interface_msg=Start Try!,try_count=0}
06-04 20:37:28.737 I/CLog ( 3469): 2025-06-04 20:37:28.737 T:5702 INFO: RM_AE::4,Proc, SOFTAE_FREE_STREAM, sink 0xe4d973f0,gain_db:-1
06-04 20:37:28.737 I/CLog ( 3469): 2025-06-04 20:37:28.737 T:5702 INFO: RM_AE::4,_closeSink clear format:1
06-04 20:37:28.737 I/UFUnilog( 3469): api_strategy_impl.cpp : 438 PingbackSdk {fuc=APIStrategyImpl:CreateStrategyResult(),logtag=babel_pb_231,strategyname=httpdns-strategy,current_try_count=0,interface_msg=try to get ip list from dns_type = 1}
06-04 20:37:28.737 W/UFUnilog( 3469): api_httpdns_fastdns.cpp : 110 {fuc=APIHttpdnsFastDns:GetHttpDnsResult(),interface_msg=start find,business=unifiedx,bgp_flag=1,timeout=2000,domain_list=msg.ptqy.gitv.tv,cache_only=0}
06-04 20:37:28.737 D/PINGBACKSDK( 3469): Pingback.cpp:131 babelSend() start: PbPlayerType:playersleep
06-04 20:37:28.738 D/PINGBACKSDK( 3469): Pingback.cpp:135 babelSend() sendurl: PbPlayerType:playersleep
06-04 20:37:28.738 I/CLog ( 3469): 2025-06-04 20:37:28.738 T:5702 INFO: RM_ATS::4,Deinitialize
06-04 20:37:28.738 D/AudioTrack( 3469): stop(53): called with 33074848 frames delivered
06-04 20:37:28.738 I/C2VdecBlockPoolUtil( 497): Fetch the new block(ino:37360 fd:77 dup fd:81 id:13) and append.
06-04 20:37:28.739 I/V4l2Adaptor( 497): importBufferForPicture pictureBufferId 13, dmabufFd 35, metaFd -1
06-04 20:37:28.739 I/mali_gralloc( 264): am_gralloc_get_uvm_decoder_para: parameters:[slot_id=0,w*h(1024*576),w_align=64,h_align=64,size=0]
06-04 20:37:28.739 I/mali_gralloc( 264): am_gralloc_get_uvm_decoder_para: parameters:[slot_id=0,w*h(1024*576),w_align=64,h_align=64,size=0]
06-04 20:37:28.739 I/V4l2Adaptor( 497): onImportBufferForPicture pictureBufferId 13, dmabufFd 35, metaFd -1, plane size 1
06-04 20:37:28.739 I/V4l2Adaptor( 497): onImportBufferForPicture addr 0x0, stride 0, offset 0, size 0
06-04 20:37:28.739 I/VDA ( 497): [0##23]"ImportDynamicCaptureBufferForPictureTask fd=35, index=13\n"" {IN=0/8, OUT=7/14[kAtAccelerator(1) kAtDevice(6) kAtClient(7)]}"
06-04 20:37:28.741 I/C2VdecBlockPoolUtil( 497): Fetch the new block(ino:37362 fd:107 dup fd:115 id:14) and append.
06-04 20:37:28.741 I/V4l2Adaptor( 497): importBufferForPicture pictureBufferId 14, dmabufFd 130, metaFd -1
06-04 20:37:28.742 I/V4l2Adaptor( 497): onImportBufferForPicture pictureBufferId 14, dmabufFd 130, metaFd -1, plane size 1
06-04 20:37:28.742 I/V4l2Adaptor( 497): onImportBufferForPicture addr 0x0, stride 0, offset 0, size 0
06-04 20:37:28.742 I/VDA ( 497): [0##23]"ImportDynamicCaptureBufferForPictureTask fd=130, index=14\n"" {IN=0/8, OUT=7/15[kAtAccelerator(1) kAtDevice(7) kAtClient(7)]}"
06-04 20:37:28.744 I/UFUnilog( 3469): api_httpdns_fastdns.cpp : 184 {fuc=APIHttpdnsFastDns:GetHttpDnsResult(),interface_msg=v6 domain finded, result4a_size=1, result4aaaa_size=1, result4b_size=1, result4bbbb_size=0}
