06-04 12:13:09.898 I/ActivityManager( 707): Start proc 1677:com.android.managedprovisioning/u0a22 for broadcast {com.android.managedprovisioning/com.android.managedprovisioning.BootReminder}
06-04 12:13:09.922 I/ActivityManager( 707): Start proc 1681:com.android.dynsystem:dynsystem/1000 for service {com.android.dynsystem/com.android.dynsystem.DynamicSystemInstallationService}
06-04 12:13:09.948 D/CompatibilityChangeReporter( 707): Compat change id reported: 168419799; UID 10022; state: DISABLED
06-04 12:13:09.949 D/CompatibilityChangeReporter( 707): Compat change id reported: 273564678; UID 10022; state: DISABLED
06-04 12:13:09.952 D/CompatibilityChangeReporter( 707): Compat change id reported: 265195908; UID 10022; state: ENABLED
06-04 12:13:09.970 D/CompatibilityChangeReporter( 707): Compat change id reported: 170503758; UID 10022; state: ENABLED
06-04 12:13:09.971 D/CompatibilityChangeReporter( 707): Compat change id reported: 271850009; UID 10055; state: ENABLED
06-04 12:13:09.972 D/CompatibilityChangeReporter( 707): Compat change id reported: 253665015; UID 10055; state: ENABLED
06-04 12:13:09.972 D/CompatibilityChangeReporter( 707): Compat change id reported: 194532703; UID 10055; state: ENABLED
06-04 12:13:10.034 W/StorageManagerService( 707): Reporting emulated;0 unmounted due to system locked
06-04 12:13:10.036 W/StorageManagerService( 707): Reporting emulated;0 unmounted due to system locked
06-04 12:13:10.038 W/StorageManagerService( 707): Reporting emulated;0 unmounted due to system locked
06-04 12:13:10.045 W/StorageManagerService( 707): Reporting emulated;0 unmounted due to system locked
06-04 12:13:10.047 W/StorageManagerService( 707): Reporting emulated;0 unmounted due to system locked
06-04 12:13:10.071 I/DynamicSystemService( 707): isInstalled(): false
06-04 12:13:10.137 W/StorageManagerService( 707): Reporting emulated;0 unmounted due to system locked
06-04 12:13:10.143 W/StorageManagerService( 707): Reporting emulated;0 unmounted due to system locked
06-04 12:13:10.144 W/StorageManagerService( 707): Reporting emulated;0 unmounted due to system locked
06-04 12:13:10.145 W/WindowManager( 707): Failed looking up window session=Session{ce5de7b 1414:1000} callers=com.android.server.wm.WindowManagerService.windowForClientLocked:6075 com.android.server.wm.Session.updateRequestedVisibleTypes:695 android.view.IWindowSession$Stub.onTransact:1034
06-04 12:13:10.145 W/WindowManager( 707): [addWindow] title:com.dangbei.leard.leradlauncher/com.dangbei.launcher.home.LauncherActivity
06-04 12:13:10.145 W/StorageManagerService( 707): Reporting emulated;0 unmounted due to system locked
06-04 12:13:10.155 I/ActivityManager( 707): com.android.packageinstaller is exempt from freezer
06-04 12:13:10.156 D/CompatibilityChangeReporter( 707): Compat change id reported: 135634846; UID 10025; state: DISABLED
06-04 12:13:10.156 D/CompatibilityChangeReporter( 707): Compat change id reported: 177438394; UID 10025; state: DISABLED
06-04 12:13:10.156 D/CompatibilityChangeReporter( 707): Compat change id reported: 135772972; UID 10025; state: DISABLED
06-04 12:13:10.156 D/CompatibilityChangeReporter( 707): Compat change id reported: 135754954; UID 10025; state: ENABLED
06-04 12:13:10.157 D/CompatibilityChangeReporter( 707): Compat change id reported: 143937733; UID 10025; state: ENABLED
06-04 12:13:10.163 W/StorageManagerService( 707): Reporting emulated;0 unmounted due to system locked
06-04 12:13:10.164 W/StorageManagerService( 707): Reporting emulated;0 unmounted due to system locked
06-04 12:13:10.166 I/vold ( 248): fuse-bpf is enabled because /sys/fs/fuse/features/fuse_bpf reads 'supported'
06-04 12:13:10.166 I/vold ( 248): Setting ro.fuse.bpf.is_running to true
06-04 12:13:10.167 I/vold ( 248): Configuring read_ahead of /mnt/user/0/emulated fuse filesystem to 256kb
06-04 12:13:10.168 I/vold ( 248): Writing 256 to /sys/class/bdi/0:60/read_ahead_kb
06-04 12:13:10.168 I/vold ( 248): Configuring max_ratio of /mnt/user/0/emulated fuse filesystem to 40
06-04 12:13:10.168 I/vold ( 248): Writing 40 to /sys/class/bdi/0:60/max_ratio
06-04 12:13:10.170 I/StorageManagerService( 707): Mounted volume VolumeInfo{emulated;0}:
06-04 12:13:10.170 I/StorageManagerService( 707): type=EMULATED diskId=null partGuid= mountFlags=PRIMARY|VISIBLE_FOR_WRITE
06-04 12:13:10.170 I/StorageManagerService( 707): mountUserId=0 state=MOUNTED
06-04 12:13:10.170 I/StorageManagerService( 707): fsType=null fsUuid=null fsLabel=null
06-04 12:13:10.170 I/StorageManagerService( 707): path=/storage/emulated internalPath=/data/media
06-04 12:13:10.170 W/StorageManagerService( 707): Reporting emulated;0 unmounted due to system locked
06-04 12:13:10.171 I/StorageSessionController( 707): Notifying volume state changed for session with id: emulated;0
06-04 12:13:10.180 W/StorageManagerService( 707): Reporting emulated;0 unmounted due to system locked
06-04 12:13:10.188 D/CoreBackPreview( 707): Window{6fbc8d6 u0 com.dangbei.leard.leradlauncher/com.dangbei.launcher.home.LauncherActivity}: Setting back callback OnBackInvokedCallbackInfo{mCallback=android.window.IOnBackInvokedCallback$Stub$Proxy@82855ba, mPriority=0, mIsAnimationCallback=false}
06-04 12:13:10.191 I/StorageSessionController( 707): Notifying volume state changed for session with id: emulated;0
06-04 12:13:10.194 I/ActivityManager( 707): Start proc 1751:com.android.packageinstaller/u0a25 for broadcast {com.android.packageinstaller/com.android.packageinstaller.TemporaryFileManager}
06-04 12:13:10.198 I/StorageSessionController( 707): Notifying volume state changed for session with id: emulated;0
06-04 12:13:10.230 D/OomAdjuster( 707): Not killing cached processes
06-04 12:13:10.260 D/CompatibilityChangeReporter( 707): Compat change id reported: 168419799; UID 10025; state: DISABLED
06-04 12:13:10.261 D/CompatibilityChangeReporter( 707): Compat change id reported: 273564678; UID 10025; state: DISABLED
06-04 12:13:10.264 D/CompatibilityChangeReporter( 707): Compat change id reported: 265195908; UID 10025; state: ENABLED
06-04 12:13:10.274 W/ContextImpl( 1642): Calling a method in the system process without a qualified user: android.app.ContextImpl.startService:1899 android.content.ContextWrapper.startService:825 com.cvte.tv.api.TvApiSDKManager.:177 com.cvte.tv.api.TvApiSDKManager.init:217 com.dangbei.rocky.component.system.SystemControlUtils.initSystemAidl:82
06-04 12:13:10.274 D/CompatibilityChangeReporter( 707): Compat change id reported: 170503758; UID 10025; state: ENABLED
06-04 12:13:10.274 W/ActivityManager( 707): Unable to start service Intent { act=com.cvte.tv.api.TV_API_SERVICE pkg=com.cvte.tv.api.impl } U=0: not found
06-04 12:13:10.275 W/ContextImpl( 1642): Calling a method in the system process without a qualified user: android.app.ContextImpl.bindService:1988 android.content.ContextWrapper.bindService:861 com.cvte.tv.api.TvApiSDKManager.:178 com.cvte.tv.api.TvApiSDKManager.init:217 com.dangbei.rocky.component.system.SystemControlUtils.initSystemAidl:82
06-04 12:13:10.280 W/ActivityManager( 707): Unable to start service Intent { act=com.cvte.tv.api.TV_API_SERVICE pkg=com.cvte.tv.api.impl } U=0: not found
06-04 12:13:10.280 W/ContextImpl( 1642): Calling a method in the system process without a qualified user: android.app.ContextImpl.startService:1899 android.content.ContextWrapper.startService:825 com.cvte.tv.api.TvApiSDKManager.getTvApi:361 com.dangbei.rocky.component.system.SystemControlUtils.initSystemAidl:83 com.dangbei.rocky.component.system.SystemComponent.onAttached:38
06-04 12:13:10.282 W/BroadcastLoopers( 707): Found previously unknown looper Thread[StorageManagerService,5,main]
06-04 12:13:10.285 W/ActivityManager( 707): Unable to start service Intent { act=com.cvte.tv.api.TV_API_SERVICE pkg=com.cvte.tv.api.impl } U=0: not found
06-04 12:13:10.287 D/StorageManagerService( 707): Volume emulated;0 broadcasting mounted to UserHandle{0}
06-04 12:13:10.288 D/StorageManagerService( 707): Volume emulated;0 broadcasting mounted to UserHandle{0}
06-04 12:13:10.297 W/ContextImpl( 707): Calling a method in the system process without a qualified user: android.app.ContextImpl.startService:1899 com.android.server.wm.DisplayPolicy.lambda$focusChangedLw$5:2126 com.android.server.wm.DisplayPolicy.$r8$lambda$Znxk63oh-WzVnzo_WQefN7uxV48:0 com.android.server.wm.DisplayPolicy$$ExternalSyntheticLambda13.run:0 android.os.Handler.handleCallback:958
06-04 12:13:10.340 W/ContextImpl( 1642): Calling a method in the system process without a qualified user: android.app.ContextImpl.bindService:1988 android.content.ContextWrapper.bindService:861 com.cvte.tv.api.TvApiSDKManager.getTvApi:362 com.dangbei.rocky.component.system.SystemControlUtils.initSystemAidl:83 com.dangbei.rocky.component.system.SystemComponent.onAttached:38
06-04 12:13:10.340 W/ActivityManager( 707): Unable to start service Intent { act=com.cvte.tv.api.TV_API_SERVICE pkg=com.cvte.tv.api.impl } U=0: not found
06-04 12:13:10.372 V/WindowManagerShell( 912): onTransitionReady android.os.BinderProxy@dec9473: {id=1 t=CLOSE f=0x0 trk=0 r=[0@Point(0, 0)] c=[{WCT{android.window.IWindowContainerToken$Stub$Proxy@f829565} m=OPEN f=MOVE_TO_TOP leash=Surface(name=Task=63)/@0x874912e sb=Rect(0, 0 - 1920, 1080) eb=Rect(0, 0 - 1920, 1080) d=0},{WCT{android.window.IWindowContainerToken$Stub$Proxy@53c923a} m=CLOSE f=SHOW_WALLPAPER leash=Surface(name=Task=3)/@0x57204cf sb=Rect(0, 0 - 1920, 1080) eb=Rect(0, 0 - 1920, 1080) d=0}]}
06-04 12:13:10.372 V/WindowManagerShell( 912): Playing animation for (#1)android.os.BinderProxy@dec9473@0
06-04 12:13:10.372 V/WindowManagerShell( 912): try handler com.android.wm.shell.keyguard.KeyguardTransitionHandler@2341eeb
06-04 12:13:10.372 V/WindowManagerShell( 912): try handler com.android.wm.shell.pip.tv.TvPipTransition@65ef448
06-04 12:13:10.372 V/WindowManagerShell( 912): try handler com.android.wm.shell.activityembedding.ActivityEmbeddingController@c8c22e1
06-04 12:13:10.372 V/WindowManagerShell( 912): try handler com.android.wm.shell.transition.RemoteTransitionHandler@5519806
06-04 12:13:10.373 V/WindowManagerShell( 912): Transition doesn't have explicit remote, search filters for match for {id=1 t=CLOSE f=0x0 trk=0 r=[0@Point(0, 0)] c=[{WCT{android.window.IWindowContainerToken$Stub$Proxy@f829565} m=OPEN f=MOVE_TO_TOP leash=Surface(name=Task=63)/@0x874912e sb=Rect(0, 0 - 1920, 1080) eb=Rect(0, 0 - 1920, 1080) d=0},{WCT{android.window.IWindowContainerToken$Stub$Proxy@53c923a} m=CLOSE f=SHOW_WALLPAPER leash=Surface(name=Task=3)/@0x57204cf sb=Rect(0, 0 - 1920, 1080) eb=Rect(0, 0 - 1920, 1080) d=0}]}
06-04 12:13:10.373 V/WindowManagerShell( 912): Delegate animation for #1 to null
06-04 12:13:10.373 V/WindowManagerShell( 912): try handler com.android.wm.shell.transition.DefaultTransitionHandler@ab3bec7
06-04 12:13:10.373 V/WindowManagerShell( 912): start default transition animation, info = {id=1 t=CLOSE f=0x0 trk=0 r=[0@Point(0, 0)] c=[{WCT{android.window.IWindowContainerToken$Stub$Proxy@f829565} m=OPEN f=MOVE_TO_TOP leash=Surface(name=Task=63)/@0x874912e sb=Rect(0, 0 - 1920, 1080) eb=Rect(0, 0 - 1920, 1080) d=0},{WCT{android.window.IWindowContainerToken$Stub$Proxy@53c923a} m=CLOSE f=SHOW_WALLPAPER leash=Surface(name=Task=3)/@0x57204cf sb=Rect(0, 0 - 1920, 1080) eb=Rect(0, 0 - 1920, 1080) d=0}]}
06-04 12:13:10.375 V/WindowManagerShell( 912): loadAnimation: anim=android.view.animation.AlphaAnimation@2a38063 animAttr=0x13 type=CLOSE isEntrance=false
06-04 12:13:10.375 V/WindowManagerShell( 912): loadAnimation: anim=android.view.animation.AlphaAnimation@8cd4d19 animAttr=0x12 type=CLOSE isEntrance=true
06-04 12:13:10.378 V/WindowManagerShell( 912): animated by com.android.wm.shell.transition.DefaultTransitionHandler@ab3bec7
06-04 12:13:10.383 W/ContextImpl( 1642): Calling a method in the system process without a qualified user: android.app.ContextImpl.startService:1899 android.content.ContextWrapper.startService:825 com.dangbei.phrike.core.DownloadManager.register:294 com.dangbei.component_appcontrol.phrike.XPhrikeAppCreator.register:47 com.dangbei.component_appcontrol.AppControlComponent.onAttached:65
06-04 12:13:10.385 D/CoreBackPreview( 707): Window{473e6be u0 com.android.tv.settings/com.android.tv.settings.system.FallbackHome}: Setting back callback null
06-04 12:13:10.386 E/UsbDeviceManager( 707): Usb setCurrentUsbFunctionsCb failed ,functions:4 ,status:1 ,transactionId:6
06-04 12:13:10.386 I/UsbDeviceManager( 707): notifyCurrentFunction request:1 status:1
06-04 12:13:10.398 V/WindowManager( 707): Sent Transition #1 createdAt=06-04 12:13:08.398 via request=TransitionRequestInfo { type = 2, triggerTask = TaskInfo{userId=0 taskId=3 displayId=0 isRunning=false baseIntent=Intent { act=android.intent.action.MAIN cat=[android.intent.category.HOME] flg=0x10800100 cmp=com.android.tv.settings/.system.FallbackHome } baseActivity=null topActivity=null origActivity=null realActivity=ComponentInfo{com.android.tv.settings/com.android.tv.settings.system.FallbackHome} numActivities=0 lastActiveTime=22425 supportsMultiWindow=true resizeMode=0 isResizeable=false minWidth=-1 minHeight=-1 defaultMinSize=220 token=WCT{RemoteToken{b436958 Task{e7afa9b #3 type=home A=1000:com.android.tv.settings}}} topActivityType=2 pictureInPictureParams=null shouldDockBigOverlays=false launchIntoPipHostTaskId=-1 lastParentTaskIdBeforePip=-1 displayCutoutSafeInsets=null topActivityInfo=null launchCookies=[] positionInParent=Point(0, 0) parentTaskId=-1 isFocused=true isVisible=true isVisibleRequested=true isSleeping=false topActivityInSizeCompat=false topActivityEligibleForLetterboxEducation= false isLetterboxDoubleTapEnabled= false topActivityEligibleForUserAspectRatioButton= false topActivityBoundsLetterboxed= false isFromLetterboxDoubleTap= false topActivityLetterboxVerticalPosition= -1 topActivityLetterboxHorizontalPosition= -1 topActivityLetterboxWidth=-1 topActivityLetterboxHeight=-1 isUserFullscreenOverrideEnabled=false isTopActivityTransparent=false locusId=null displayAreaFeatureId=1 cameraCompatControlState=hidden}, remoteTransition = null, displayChange = null, flags = 0 }
06-04 12:13:10.398 V/WindowManager( 707): startWCT=WindowContainerTransaction { changes = {} hops = [] errorCallbackToken=null taskFragmentOrganizer=null }
06-04 12:13:10.399 V/WindowManager( 707): info={id=1 t=CLOSE f=0x0 trk=0 r=[0@Point(0, 0)] c=[{WCT{RemoteToken{7dcdab1 Task{11f3dc5 #63 type=home A=1000:com.dangbei.leard.leradlauncher}}} m=OPEN f=MOVE_TO_TOP leash=Surface(name=Task=63)/@0x796f579 sb=Rect(0, 0 - 1920, 1080) eb=Rect(0, 0 - 1920, 1080) d=0},{WCT{RemoteToken{b436958 Task{e7afa9b #3 type=home A=1000:com.android.tv.settings}}} m=CLOSE f=SHOW_WALLPAPER leash=Surface(name=Task=3)/@0xcd9240 sb=Rect(0, 0 - 1920, 1080) eb=Rect(0, 0 - 1920, 1080) d=0}]}
06-04 12:13:10.425 D/CompatibilityChangeReporter( 707): Compat change id reported: 182734110; UID 10058; state: ENABLED
06-04 12:13:10.443 D/CompatibilityChangeReporter( 707): Compat change id reported: 135634846; UID 10070; state: DISABLED
06-04 12:13:10.443 D/CompatibilityChangeReporter( 707): Compat change id reported: 177438394; UID 10070; state: DISABLED
06-04 12:13:10.444 D/CompatibilityChangeReporter( 707): Compat change id reported: 135772972; UID 10070; state: DISABLED
06-04 12:13:10.444 D/CompatibilityChangeReporter( 707): Compat change id reported: 135754954; UID 10070; state: ENABLED
06-04 12:13:10.445 D/CompatibilityChangeReporter( 707): Compat change id reported: 143937733; UID 10070; state: ENABLED
06-04 12:13:10.451 D/CompatibilityChangeReporter( 707): Compat change id reported: 214016041; UID 1000; state: ENABLED
06-04 12:13:10.451 D/CompatibilityChangeReporter( 707): Compat change id reported: 214016041; UID 1000; state: DISABLED
06-04 12:13:10.478 I/ActivityManager( 707): Start proc 1807:com.android.permissioncontroller/u0a70 for broadcast {com.android.permissioncontroller/com.android.permissioncontroller.permission.service.LocationAccessCheck$SetupPeriodicBackgroundLocationAccessCheck}
06-04 12:13:10.530 D/CompatibilityChangeReporter( 707): Compat change id reported: 168419799; UID 10070; state: DISABLED
06-04 12:13:10.530 D/CompatibilityChangeReporter( 707): Compat change id reported: 273564678; UID 10070; state: DISABLED
06-04 12:13:10.539 D/CompatibilityChangeReporter( 707): Compat change id reported: 265195908; UID 10070; state: ENABLED
06-04 12:13:10.586 D/CompatibilityChangeReporter( 707): Compat change id reported: 170503758; UID 10070; state: ENABLED
06-04 12:13:10.791 V/WindowManagerShell( 912): Transition animation finished (aborted=false), notifying core (#1)android.os.BinderProxy@dec9473@0
06-04 12:13:10.800 V/WindowManager( 707): Finish Transition #1: created at
06-04 12:13:08.398 collect-started=0.122ms request-sent=0.725ms started=10.549ms ready=353.971ms sent=1955.804ms finished=2394.77ms
06-04 12:13:10.805 V/WindowManagerShell( 912): Track 0 became idle
06-04 12:13:10.806 V/WindowManagerShell( 912): All active transition animations finished
06-04 12:13:10.821 W/ContextImpl( 1414): Calling a method in the system process without a qualified user: android.app.ContextImpl.bindService:1988 android.content.ContextWrapper.bindService:861 ce.b.h:57 ce.b$c.call:3 ee.c$a.run:5
06-04 12:13:10.822 D/CompatibilityChangeReporter( 707): Compat change id reported: 261072174; UID 1000; state: DISABLED
06-04 12:13:10.849 W/wificond( 629): Scan is not started. Ignore abort request
06-04 12:13:10.928 W/ContextImpl( 707): Calling a method in the system process without a qualified user: android.app.ContextImpl.sendStickyBroadcast:1626 com.android.server.wifi.ClientModeImpl.sendNetworkChangeBroadcast:3008 com.android.server.wifi.ClientModeImpl.lambda$sendNetworkChangeBroadcastWithCurrentState$14:2985 com.android.server.wifi.ClientModeImpl.$r8$lambda$q-j88Pjw4gROgoJFr8wBlBVbuJI:0 com.android.server.wifi.ClientModeImpl$$ExternalSyntheticLambda4.send:0
06-04 12:13:11.164 D/CompatibilityChangeReporter( 707): Compat change id reported: 135634846; UID 10018; state: DISABLED
06-04 12:13:11.164 D/CompatibilityChangeReporter( 707): Compat change id reported: 177438394; UID 10018; state: DISABLED
06-04 12:13:11.165 D/CompatibilityChangeReporter( 707): Compat change id reported: 135772972; UID 10018; state: DISABLED
06-04 12:13:11.165 D/CompatibilityChangeReporter( 707): Compat change id reported: 135754954; UID 10018; state: ENABLED
06-04 12:13:11.166 D/CompatibilityChangeReporter( 707): Compat change id reported: 143937733; UID 10018; state: ENABLED
06-04 12:13:11.215 W/ActivityManager( 707): Slow operation: 51ms so far, now at startProcess: returned from zygote!
06-04 12:13:11.215 W/ActivityManager( 707): Slow operation: 52ms so far, now at startProcess: done updating battery stats
06-04 12:13:11.215 W/ActivityManager( 707): Slow operation: 52ms so far, now at startProcess: building log message
06-04 12:13:11.215 I/ActivityManager( 707): Start proc 1892:com.android.providers.calendar/u0a18 for broadcast {com.android.providers.calendar/com.android.providers.calendar.CalendarReceiver}
06-04 12:13:11.215 W/ActivityManager( 707): Slow operation: 52ms so far, now at startProcess: starting to update pids map
06-04 12:13:11.215 W/ActivityManager( 707): Slow operation: 52ms so far, now at startProcess: done updating pids map
06-04 12:13:11.236 D/CompatibilityChangeReporter( 707): Compat change id reported: 253665015; UID 10070; state: ENABLED
06-04 12:13:11.236 D/CompatibilityChangeReporter( 707): Compat change id reported: 194532703; UID 10070; state: ENABLED
06-04 12:13:11.286 D/CompatibilityChangeReporter( 707): Compat change id reported: 168419799; UID 10018; state: DISABLED
06-04 12:13:11.287 D/CompatibilityChangeReporter( 707): Compat change id reported: 273564678; UID 10018; state: DISABLED
06-04 12:13:11.299 D/CompatibilityChangeReporter( 707): Compat change id reported: 265195908; UID 10018; state: ENABLED
06-04 12:13:11.346 D/CompatibilityChangeReporter( 707): Compat change id reported: 170503758; UID 10018; state: ENABLED
06-04 12:13:11.495 I/ActivityManager( 707): com.android.localtransport is exempt from freezer
06-04 12:13:11.495 D/CompatibilityChangeReporter( 707): Compat change id reported: 135634846; UID 1000; state: DISABLED
06-04 12:13:11.520 D/CompatibilityChangeReporter( 707): Compat change id reported: 161145287; UID 10018; state: ENABLED
06-04 12:13:11.534 D/CompatibilityChangeReporter( 707): Compat change id reported: 135634846; UID 10027; state: DISABLED
06-04 12:13:11.534 D/CompatibilityChangeReporter( 707): Compat change id reported: 177438394; UID 10027; state: DISABLED
06-04 12:13:11.535 D/CompatibilityChangeReporter( 707): Compat change id reported: 135772972; UID 10027; state: DISABLED
06-04 12:13:11.535 D/CompatibilityChangeReporter( 707): Compat change id reported: 135754954; UID 10027; state: ENABLED
06-04 12:13:11.542 I/ActivityManager( 707): Start proc 1925:com.android.localtransport/1000 for service {com.android.localtransport/com.android.localtransport.LocalTransportService}
06-04 12:13:11.542 D/CompatibilityChangeReporter( 707): Compat change id reported: 143937733; UID 10027; state: ENABLED
06-04 12:13:11.579 D/CompatibilityChangeReporter( 707): Compat change id reported: 168419799; UID 1000; state: DISABLED
06-04 12:13:11.580 D/CompatibilityChangeReporter( 707): Compat change id reported: 273564678; UID 1000; state: DISABLED
06-04 12:13:11.604 W/ActivityManager( 707): Slow operation: 70ms so far, now at startProcess: returned from zygote!
06-04 12:13:11.604 W/ActivityManager( 707): Slow operation: 71ms so far, now at startProcess: done updating battery stats
06-04 12:13:11.604 W/ActivityManager( 707): Slow operation: 71ms so far, now at startProcess: building log message
06-04 12:13:11.604 I/ActivityManager( 707): Start proc 1943:com.android.providers.tv/u0a27 for broadcast {com.android.providers.tv/com.android.providers.tv.BootCompletedReceiver}
06-04 12:13:11.604 W/ActivityManager( 707): Slow operation: 71ms so far, now at startProcess: starting to update pids map
06-04 12:13:11.604 W/ActivityManager( 707): Slow operation: 71ms so far, now at startProcess: done updating pids map
06-04 12:13:11.644 D/CompatibilityChangeReporter( 707): Compat change id reported: 171306433; UID 10018; state: ENABLED
06-04 12:13:11.646 D/CompatibilityChangeReporter( 707): Compat change id reported: 218533173; UID 10018; state: ENABLED
06-04 12:13:11.647 D/CompatibilityChangeReporter( 707): Compat change id reported: 168419799; UID 10027; state: DISABLED
06-04 12:13:11.647 D/CompatibilityChangeReporter( 707): Compat change id reported: 273564678; UID 10027; state: DISABLED
06-04 12:13:11.651 D/CompatibilityChangeReporter( 707): Compat change id reported: 265195908; UID 10027; state: ENABLED
06-04 12:13:11.659 D/CompatibilityChangeReporter( 707): Compat change id reported: 143231523; UID 10018; state: DISABLED
06-04 12:13:11.663 D/CompatibilityChangeReporter( 707): Compat change id reported: 170503758; UID 10027; state: ENABLED
06-04 12:13:11.685 I/TransportConnection( 707): LocalTransportService#0: Notifying [TransportManager.registerTransport()] transport = BackupTransportClient
06-04 12:13:11.700 D/BackupTransportManager( 707): [UserID:0] Transport com.android.localtransport/.LocalTransportService registered
06-04 12:13:11.701 D/BackupManagerService( 707): [UserID:0] Transport com.android.localtransport/.LocalTransport registered 3244ms after first request (delay = 3000ms)
06-04 12:13:11.705 I/BackupManagerService( 707): [UserID:0] Found 11 stale backup journal(s), scheduling.
06-04 12:13:11.727 I/BackupManagerService( 707): [UserID:0] Stale backup journals: Scheduled 6 package(s) total
06-04 12:13:11.746 D/CompatibilityChangeReporter( 707): Compat change id reported: 135634846; UID 10071; state: DISABLED
06-04 12:13:11.747 D/CompatibilityChangeReporter( 707): Compat change id reported: 177438394; UID 10071; state: DISABLED
06-04 12:13:11.747 D/CompatibilityChangeReporter( 707): Compat change id reported: 135772972; UID 10071; state: DISABLED
06-04 12:13:11.747 D/CompatibilityChangeReporter( 707): Compat change id reported: 135754954; UID 10071; state: ENABLED
06-04 12:13:11.748 D/CompatibilityChangeReporter( 707): Compat change id reported: 143937733; UID 10071; state: ENABLED
06-04 12:13:11.778 I/ActivityManager( 707): Start proc 1978:com.android.rkpdapp/u0a71 for broadcast {com.android.rkpdapp/com.android.rkpdapp.BootReceiver}
06-04 12:13:11.822 W/ContextImpl( 707): Calling a method in the system process without a qualified user: android.app.ContextImpl.sendStickyBroadcast:1626 com.android.server.wifi.ClientModeImpl.sendNetworkChangeBroadcast:3008 com.android.server.wifi.ClientModeImpl.lambda$sendNetworkChangeBroadcastWithCurrentState$14:2985 com.android.server.wifi.ClientModeImpl.$r8$lambda$q-j88Pjw4gROgoJFr8wBlBVbuJI:0 com.android.server.wifi.ClientModeImpl$$ExternalSyntheticLambda4.send:0
06-04 12:13:11.828 D/CompatibilityChangeReporter( 707): Compat change id reported: 168419799; UID 10071; state: DISABLED
06-04 12:13:11.829 D/CompatibilityChangeReporter( 707): Compat change id reported: 273564678; UID 10071; state: DISABLED
06-04 12:13:11.833 D/CompatibilityChangeReporter( 707): Compat change id reported: 265195908; UID 10071; state: ENABLED
06-04 12:13:11.841 D/CompatibilityChangeReporter( 707): Compat change id reported: 170503758; UID 10071; state: ENABLED
06-04 12:13:11.869 W/ContextImpl( 707): Calling a method in the system process without a qualified user: android.app.ContextImpl.sendStickyBroadcast:1626 com.android.server.wifi.ClientModeImpl.sendNetworkChangeBroadcast:3008 com.android.server.wifi.ClientModeImpl.lambda$sendNetworkChangeBroadcastWithCurrentState$14:2985 com.android.server.wifi.ClientModeImpl.$r8$lambda$q-j88Pjw4gROgoJFr8wBlBVbuJI:0 com.android.server.wifi.ClientModeImpl$$ExternalSyntheticLambda4.send:0
06-04 12:13:11.884 W/ContextImpl( 707): Calling a method in the system process without a qualified user: android.app.ContextImpl.sendStickyBroadcast:1626 com.android.server.wifi.ClientModeImpl.sendNetworkChangeBroadcast:3008 com.android.server.wifi.ClientModeImpl.lambda$sendNetworkChangeBroadcastWithCurrentState$14:2985 com.android.server.wifi.ClientModeImpl.$r8$lambda$q-j88Pjw4gROgoJFr8wBlBVbuJI:0 com.android.server.wifi.ClientModeImpl$$ExternalSyntheticLambda4.send:0
06-04 12:13:11.908 D/CompatibilityChangeReporter( 707): Compat change id reported: 171306433; UID 1073; state: ENABLED
06-04 12:13:11.993 I/ActivityManager( 707): com.android.shell is exempt from freezer
06-04 12:13:11.993 D/CompatibilityChangeReporter( 707): Compat change id reported: 135634846; UID 2000; state: DISABLED
06-04 12:13:11.994 D/CompatibilityChangeReporter( 707): Compat change id reported: 177438394; UID 2000; state: DISABLED
06-04 12:13:11.994 D/CompatibilityChangeReporter( 707): Compat change id reported: 135772972; UID 2000; state: DISABLED
06-04 12:13:11.994 D/CompatibilityChangeReporter( 707): Compat change id reported: 135754954; UID 2000; state: ENABLED
06-04 12:13:12.033 I/ActivityManager( 707): Start proc 2011:com.android.shell/2000 for broadcast {com.android.shell/com.android.shell.HeapDumpReceiver}
06-04 12:13:12.055 D/CompatibilityChangeReporter( 707): Compat change id reported: 168419799; UID 2000; state: DISABLED
06-04 12:13:12.055 D/CompatibilityChangeReporter( 707): Compat change id reported: 273564678; UID 2000; state: DISABLED
06-04 12:13:12.060 D/CompatibilityChangeReporter( 707): Compat change id reported: 265195908; UID 2000; state: ENABLED
06-04 12:13:12.141 D/CompatibilityChangeReporter( 707): Compat change id reported: 135634846; UID 10026; state: DISABLED
06-04 12:13:12.142 D/CompatibilityChangeReporter( 707): Compat change id reported: 177438394; UID 10026; state: DISABLED
06-04 12:13:12.142 D/CompatibilityChangeReporter( 707): Compat change id reported: 135772972; UID 10026; state: DISABLED
06-04 12:13:12.142 D/CompatibilityChangeReporter( 707): Compat change id reported: 135754954; UID 10026; state: DISABLED
06-04 12:13:12.143 D/CompatibilityChangeReporter( 707): Compat change id reported: 143937733; UID 10026; state: DISABLED
06-04 12:13:12.170 I/ActivityManager( 707): Start proc 2039:com.android.statementservice/u0a26 for broadcast {com.android.statementservice/com.android.statementservice.domain.BootCompletedReceiver}
06-04 12:13:12.217 D/CompatibilityChangeReporter( 707): Compat change id reported: 168419799; UID 10026; state: DISABLED
06-04 12:13:12.217 D/CompatibilityChangeReporter( 707): Compat change id reported: 273564678; UID 10026; state: DISABLED
06-04 12:13:12.221 D/CompatibilityChangeReporter( 707): Compat change id reported: 265195908; UID 10026; state: ENABLED
06-04 12:13:12.231 D/CompatibilityChangeReporter( 707): Compat change id reported: 170503758; UID 10026; state: DISABLED
06-04 12:13:12.279 W/ContextImpl( 707): Calling a method in the system process without a qualified user: android.app.ContextImpl.sendStickyBroadcast:1626 com.android.server.wifi.ClientModeImpl.sendNetworkChangeBroadcast:3008 com.android.server.wifi.ClientModeImpl.lambda$sendNetworkChangeBroadcastWithCurrentState$14:2985 com.android.server.wifi.ClientModeImpl.$r8$lambda$q-j88Pjw4gROgoJFr8wBlBVbuJI:0 com.android.server.wifi.ClientModeImpl$$ExternalSyntheticLambda4.send:0
06-04 12:13:12.329 D/CompatibilityChangeReporter( 707): Compat change id reported: 271850009; UID 10071; state: ENABLED
06-04 12:13:12.330 D/CompatibilityChangeReporter( 707): Compat change id reported: 253665015; UID 10071; state: ENABLED
06-04 12:13:12.330 D/CompatibilityChangeReporter( 707): Compat change id reported: 194532703; UID 10071; state: ENABLED
06-04 12:13:12.336 W/ContextImpl( 707): Calling a method in the system process without a qualified user: android.app.ContextImpl.sendStickyBroadcast:1626 com.android.server.wifi.ClientModeImpl.sendNetworkChangeBroadcast:3008 com.android.server.wifi.ClientModeImpl.lambda$sendNetworkChangeBroadcastWithCurrentState$14:2985 com.android.server.wifi.ClientModeImpl.$r8$lambda$q-j88Pjw4gROgoJFr8wBlBVbuJI:0 com.android.server.wifi.ClientModeImpl$$ExternalSyntheticLambda4.send:0
06-04 12:13:12.338 W/BroadcastLoopers( 707): Found previously unknown looper Thread[ConnectivityServiceThread,5,main]
06-04 12:13:12.432 E/NetlinkEvent( 461): NetlinkEvent::FindParam(): Parameter 'INTERFACE' not found
06-04 12:13:12.432 E/NetlinkEvent( 461): NetlinkEvent::FindParam(): Parameter 'STATE' not found
06-04 12:13:12.432 E/NetlinkEvent( 461): NetlinkEvent::FindParam(): Parameter 'TIME_NS' not found
06-04 12:13:12.432 E/NetlinkEvent( 461): NetlinkEvent::FindParam(): Parameter 'UID' not found
06-04 12:13:12.465 I/ActivityManager( 707): com.dangbei.zhushou.os is exempt from freezer
06-04 12:13:12.465 D/CompatibilityChangeReporter( 707): Compat change id reported: 135634846; UID 1000; state: DISABLED
06-04 12:13:12.504 W/ContextImpl( 707): Calling a method in the system process without a qualified user: android.app.ContextImpl.sendStickyBroadcast:1626 android.net.connectivity.com.android.server.ConnectivityService.sendStickyBroadcast:3280 android.net.connectivity.com.android.server.ConnectivityService.sendGeneralBroadcast:3250 android.net.connectivity.com.android.server.ConnectivityService.sendConnectedBroadcast:3223 android.net.connectivity.com.android.server.ConnectivityService.sendLegacyNetworkBroadcast:10138
06-04 12:13:12.521 W/ActivityManager( 707): Slow operation: 57ms so far, now at startProcess: returned from zygote!
06-04 12:13:12.522 W/ActivityManager( 707): Slow operation: 57ms so far, now at startProcess: done updating battery stats
06-04 12:13:12.522 W/ActivityManager( 707): Slow operation: 57ms so far, now at startProcess: building log message
06-04 12:13:12.522 I/ActivityManager( 707): Start proc 2071:com.dangbei.zhushou.os/1000 for broadcast {com.dangbei.zhushou.os/com.dangbei.projector.assistant.receiver.BootReceiver}
06-04 12:13:12.522 W/ActivityManager( 707): Slow operation: 58ms so far, now at startProcess: starting to update pids map
06-04 12:13:12.522 W/ActivityManager( 707): Slow operation: 58ms so far, now at startProcess: done updating pids map
06-04 12:13:12.586 D/CompatibilityChangeReporter( 707): Compat change id reported: 168419799; UID 1000; state: DISABLED
06-04 12:13:12.586 D/CompatibilityChangeReporter( 707): Compat change id reported: 273564678; UID 1000; state: DISABLED
06-04 12:13:12.595 W/ContextImpl( 707): Calling a method in the system process without a qualified user: android.app.ContextImpl.sendStickyBroadcast:1626 android.net.connectivity.com.android.server.ConnectivityService.sendStickyBroadcast:3280 android.net.connectivity.com.android.server.ConnectivityService.sendGeneralBroadcast:3250 android.net.connectivity.com.android.server.ConnectivityService.sendInetConditionBroadcast:3227 android.net.connectivity.com.android.server.ConnectivityService.updateInetCondition:9819
06-04 12:13:12.643 E/TaskWorkerFactory( 1300): Cannot create worker: com.android.devicelockcontroller.provision.worker.DeviceCheckInWorker
06-04 12:13:12.643 E/TaskWorkerFactory( 1300): java.lang.NoSuchMethodException: com.android.devicelockcontroller.provision.worker.DeviceCheckInWorker. [class android.content.Context, class androidx.work.WorkerParameters, interface com.google.common.util.concurrent.ListeningExecutorService]
06-04 12:13:12.643 E/TaskWorkerFactory( 1300): at java.lang.Class.getConstructor0(Class.java:3325)
06-04 12:13:12.643 E/TaskWorkerFactory( 1300): at java.lang.Class.getDeclaredConstructor(Class.java:3063)
06-04 12:13:12.643 E/TaskWorkerFactory( 1300): at com.android.devicelockcontroller.policy.TaskWorkerFactory.createWorker(TaskWorkerFactory.java:53)
06-04 12:13:12.643 E/TaskWorkerFactory( 1300): at androidx.work.DelegatingWorkerFactory.createWorker(DelegatingWorkerFactory.java:71)
06-04 12:13:12.643 E/TaskWorkerFactory( 1300): at androidx.work.WorkerFactory.createWorkerWithDefaultFallback(WorkerFactory.java:82)
06-04 12:13:12.643 E/TaskWorkerFactory( 1300): at androidx.work.impl.WorkerWrapper.runWorker(WorkerWrapper.java:240)
06-04 12:13:12.643 E/TaskWorkerFactory( 1300): at androidx.work.impl.WorkerWrapper.run(WorkerWrapper.java:142)
06-04 12:13:12.643 E/TaskWorkerFactory( 1300): at androidx.work.impl.utils.SerialExecutorImpl$Task.run(SerialExecutorImpl.java:96)
06-04 12:13:12.643 E/TaskWorkerFactory( 1300): at java.util.concurrent.ThreadPoolExecutor.runWorker(ThreadPoolExecutor.java:1145)
06-04 12:13:12.643 E/TaskWorkerFactory( 1300): at java.util.concurrent.ThreadPoolExecutor$Worker.run(ThreadPoolExecutor.java:644)
06-04 12:13:12.643 E/TaskWorkerFactory( 1300): at java.lang.Thread.run(Thread.java:1012)
06-04 12:13:13.061 D/CompatibilityChangeReporter( 707): Compat change id reported: 135634846; UID 10043; state: DISABLED
06-04 12:13:13.063 D/CompatibilityChangeReporter( 707): Compat change id reported: 143937733; UID 10043; state: DISABLED
06-04 12:13:13.080 I/ActivityManager( 707): Start proc 2156:com.dangbei.screencast/u0a43 for broadcast {com.dangbei.screencast/com.dangbei.screencast.startup.BootReceiver}
06-04 12:13:13.119 D/CompatibilityChangeReporter( 707): Compat change id reported: 168419799; UID 10043; state: DISABLED
06-04 12:13:13.120 D/CompatibilityChangeReporter( 707): Compat change id reported: 273564678; UID 10043; state: DISABLED
06-04 12:13:13.124 D/CompatibilityChangeReporter( 707): Compat change id reported: 265195908; UID 10043; state: ENABLED
06-04 12:13:13.130 D/CompatibilityChangeReporter( 707): Compat change id reported: 170503758; UID 10043; state: DISABLED
06-04 12:13:13.213 D/CompatibilityChangeReporter( 707): Compat change id reported: 271850009; UID 10026; state: DISABLED
06-04 12:13:13.214 D/CompatibilityChangeReporter( 707): Compat change id reported: 253665015; UID 10026; state: DISABLED
06-04 12:13:13.214 D/CompatibilityChangeReporter( 707): Compat change id reported: 194532703; UID 10026; state: DISABLED
06-04 12:13:13.265 I/BroadcastQueue( 707): BOOT_COMPLETED_BROADCAST_COMPLETION_LATENCY_REPORTED action:android.intent.action.BOOT_COMPLETED dispatchLatency:-23562 completeLatency:4725 dispatchRealLatency:-23562 completeRealLatency:4725 receiversSize:41 userId:0 userType:android.os.usertype.full.SYSTEM
06-04 12:13:13.265 I/ActivityManager( 707): Finished processing BOOT_COMPLETED for u0
06-04 12:13:13.271 W/ActivityManager( 707): Background start not allowed: service Intent { act=com.dangbei.screencast.STARTUP pkg=com.dangbei.screencast } to com.dangbei.screencast/.startup.StartupService from pid=2156 uid=10043 pkg=com.dangbei.screencast startFg?=false
06-04 12:13:13.283 W/ActivityManager( 707): Background start not allowed: service Intent { act=com.dangbei.screencast.STARTUP pkg=com.dangbei.screencast } to com.dangbei.screencast/.startup.StartupService from pid=2156 uid=10043 pkg=com.dangbei.screencast startFg?=false
06-04 12:13:13.330 D/CompatibilityChangeReporter( 707): Compat change id reported: 149924527; UID 10043; state: ENABLED
06-04 12:13:13.331 D/CompatibilityChangeReporter( 707): Compat change id reported: 132649864; UID 10043; state: DISABLED
06-04 12:13:13.364 D/CompatibilityChangeReporter( 707): Compat change id reported: 161145287; UID 10043; state: DISABLED
06-04 12:13:13.445 D/CompatibilityChangeReporter( 707): Compat change id reported: 135634846; UID 10019; state: DISABLED
06-04 12:13:13.446 D/CompatibilityChangeReporter( 707): Compat change id reported: 177438394; UID 10019; state: DISABLED
06-04 12:13:13.446 D/CompatibilityChangeReporter( 707): Compat change id reported: 135772972; UID 10019; state: DISABLED
06-04 12:13:13.446 D/CompatibilityChangeReporter( 707): Compat change id reported: 135754954; UID 10019; state: ENABLED
06-04 12:13:13.447 D/CompatibilityChangeReporter( 707): Compat change id reported: 143937733; UID 10019; state: ENABLED
06-04 12:13:13.447 I/ActivityManager( 707): reportOnUserCompletedEvent(0): stored=10, eligible=111
06-04 12:13:13.447 D/SystemServerTimingAsync( 707): ssm.CompletedEventUser-0
06-04 12:13:13.447 I/SystemServiceManager( 707): Calling onCompletedEventUser 0
06-04 12:13:13.448 D/SystemServerTimingAsync( 707): ssm.onCompletedEventUser-0_{|Unlocked|}_com.android.server.pm.Installer
06-04 12:13:13.448 D/SystemServerTimingAsync( 707): ssm.onCompletedEventUser-0_{|Unlocked|}_com.android.server.flags.FeatureFlagsService
06-04 12:13:13.448 D/SystemServerTimingAsync( 707): ssm.onCompletedEventUser-0_{|Unlocked|}_com.android.server.uri.UriGrantsManagerService$Lifecycle
06-04 12:13:13.448 D/SystemServerTimingAsync( 707): ssm.onCompletedEventUser-0_{|Unlocked|}_com.android.server.powerstats.PowerStatsService
06-04 12:13:13.448 D/SystemServerTimingAsync( 707): ssm.onCompletedEventUser-0_{|Unlocked|}_com.android.server.permission.access.AccessCheckingService
06-04 12:13:13.448 D/SystemServerTimingAsync( 707): ssm.onCompletedEventUser-0_{|Unlocked|}_com.android.server.wm.ActivityTaskManagerService$Lifecycle
06-04 12:13:13.448 D/SystemServerTimingAsync( 707): ssm.onCompletedEventUser-0_{|Unlocked|}_com.android.server.am.ActivityManagerService$Lifecycle
06-04 12:13:13.449 D/SystemServerTimingAsync( 707): ssm.onCompletedEventUser-0_{|Unlocked|}_com.android.server.pm.DataLoaderManagerService
06-04 12:13:13.449 D/SystemServerTimingAsync( 707): ssm.onCompletedEventUser-0_{|Unlocked|}_com.android.server.power.PowerManagerService
06-04 12:13:13.449 D/SystemServerTimingAsync( 707): ssm.onCompletedEventUser-0_{|Unlocked|}_com.android.server.power.ThermalManagerService
06-04 12:13:13.449 D/SystemServerTimingAsync( 707): ssm.onCompletedEventUser-0_{|Unlocked|}_com.android.server.power.hint.HintManagerService
06-04 12:13:13.449 D/SystemServerTimingAsync( 707): ssm.onCompletedEventUser-0_{|Unlocked|}_com.android.server.recoverysystem.RecoverySystemService$Lifecycle
06-04 12:13:13.449 D/SystemServerTimingAsync( 707): ssm.onCompletedEventUser-0_{|Unlocked|}_com.android.server.lights.LightsService
06-04 12:13:13.449 D/SystemServerTimingAsync( 707): ssm.onCompletedEventUser-0_{|Unlocked|}_com.android.server.display.DisplayManagerService
06-04 12:13:13.449 D/SystemServerTimingAsync( 707): ssm.onCompletedEventUser-0_{|Unlocked|}_com.android.server.pm.verify.domain.DomainVerificationService
06-04 12:13:13.449 D/SystemServerTimingAsync( 707): ssm.onCompletedEventUser-0_{|Unlocked|}_com.android.server.pm.PackageInstallerService$Lifecycle
06-04 12:13:13.449 D/SystemServerTimingAsync( 707): ssm.onCompletedEventUser-0_{|Unlocked|}_com.android.server.pm.UserManagerService$LifeCycle
06-04 12:13:13.449 D/SystemServerTimingAsync( 707): ssm.onCompletedEventUser-0_{|Unlocked|}_com.android.server.om.OverlayManagerService
06-04 12:13:13.449 D/SystemServerTimingAsync( 707): ssm.onCompletedEventUser-0_{|Unlocked|}_com.android.server.resources.ResourcesManagerService
06-04 12:13:13.449 D/SystemServerTimingAsync( 707): ssm.onCompletedEventUser-0_{|Unlocked|}_com.android.server.sensorprivacy.SensorPrivacyService
06-04 12:13:13.449 D/SystemServerTimingAsync( 707): ssm.onCompletedEventUser-0_{|Unlocked|}_com.android.server.sensors.SensorService
06-04 12:13:13.449 D/SystemServerTimingAsync( 707): ssm.onCompletedEventUser-0_{|Unlocked|}_com.android.server.security.FileIntegrityService
06-04 12:13:13.449 D/SystemServerTimingAsync( 707): ssm.onCompletedEventUser-0_{|Unlocked|}_com.android.server.SystemConfigService
06-04 12:13:13.449 D/SystemServerTimingAsync( 707): ssm.onCompletedEventUser-0_{|Unlocked|}_com.android.server.usage.UsageStatsService
06-04 12:13:13.449 D/SystemServerTimingAsync( 707): ssm.onCompletedEventUser-0_{|Unlocked|}_com.android.server.webkit.WebViewUpdateService
06-04 12:13:13.449 D/SystemServerTimingAsync( 707): ssm.onCompletedEventUser-0_{|Unlocked|}_com.android.server.CachedDeviceStateService
06-04 12:13:13.449 D/SystemServerTimingAsync( 707): ssm.onCompletedEventUser-0_{|Unlocked|}_com.android.server.BinderCallsStatsService$LifeCycle
06-04 12:13:13.449 D/SystemServerTimingAsync( 707): ssm.onCompletedEventUser-0_{|Unlocked|}_com.android.server.LooperStatsService$Lifecycle
06-04 12:13:13.449 D/SystemServerTimingAsync( 707): ssm.onCompletedEventUser-0_{|Unlocked|}_com.android.server.rollback.RollbackManagerService
06-04 12:13:13.449 D/SystemServerTimingAsync( 707): ssm.onCompletedEventUser-0_{|Unlocked|}_com.android.server.os.NativeTombstoneManagerService
06-04 12:13:13.449 D/SystemServerTimingAsync( 707): ssm.onCompletedEventUser-0_{|Unlocked|}_com.android.server.os.BugreportManagerService
06-04 12:13:13.449 D/SystemServerTimingAsync( 707): ssm.onCompletedEventUser-0_{|Unlocked|}_com.android.server.os.DeviceIdentifiersPolicyService
06-04 12:13:13.449 D/SystemServerTimingAsync( 707): ssm.onCompletedEventUser-0_{|Unlocked|}_com.android.server.BatteryService
06-04 12:13:13.449 D/SystemServerTimingAsync( 707): ssm.onCompletedEventUser-0_{|Unlocked|}_com.android.server.security.rkp.RemoteProvisioningService
06-04 12:13:13.449 D/SystemServerTimingAsync( 707): ssm.onCompletedEventUser-0_{|Unlocked|}_com.android.server.security.KeyChainSystemService
06-04 12:13:13.449 D/SystemServerTimingAsync( 707): ssm.onCompletedEventUser-0_{|Unlocked|}_com.android.server.BinaryTransparencyService
06-04 12:13:13.449 D/SystemServerTimingAsync( 707): ssm.onCompletedEventUser-0_{|Unlocked|}_com.android.server.accounts.AccountManagerService$Lifecycle
06-04 12:13:13.449 D/SystemServerTimingAsync( 707): ssm.onCompletedEventUser-0_{|Unlocked|}_com.android.server.content.ContentService$Lifecycle
06-04 12:13:13.449 D/SystemServerTimingAsync( 707): ssm.onCompletedEventUser-0_{|Unlocked|}_com.android.server.deviceconfig.DeviceConfigInit$Lifecycle
06-04 12:13:13.449 D/SystemServerTimingAsync( 707): ssm.onCompletedEventUser-0_{|Unlocked|}_com.android.server.DropBoxManagerService
06-04 12:13:13.449 D/SystemServerTimingAsync( 707): ssm.onCompletedEventUser-0_{|Unlocked|}_com.android.server.vibrator.VibratorManagerService$Lifecycle
06-04 12:13:13.449 D/SystemServerTimingAsync( 707): ssm.onCompletedEventUser-0_{|Unlocked|}_com.android.server.gpu.GpuService
06-04 12:13:13.449 D/SystemServerTimingAsync( 707): ssm.onCompletedEventUser-0_{|Unlocked|}_com.android.server.tare.InternalResourceService
06-04 12:13:13.449 D/SystemServerTimingAsync( 707): ssm.onCompletedEventUser-0_{|Unlocked|}_com.android.server.devicestate.DeviceStateManagerService
06-04 12:13:13.449 D/SystemServerTimingAsync( 707): ssm.onCompletedEventUser-0_{|Unlocked|}_com.android.role.RoleService
06-04 12:13:13.450 D/SystemServerTimingAsync( 707): ssm.onCompletedEventUser-0_{|Unlocked|}_com.android.server.bluetooth.BluetoothService
06-04 12:13:13.450 D/SystemServerTimingAsync( 707): ssm.onCompletedEventUser-0_{|Unlocked|}_com.android.server.connectivity.IpConnectivityMetrics
06-04 12:13:13.450 D/SystemServerTimingAsync( 707): ssm.onCompletedEventUser-0_{|Unlocked|}_com.android.server.net.watchlist.NetworkWatchlistService$Lifecycle
06-04 12:13:13.450 D/SystemServerTimingAsync( 707): ssm.onCompletedEventUser-0_{|Unlocked|}_com.android.server.PinnerService
06-04 12:13:13.450 D/SystemServerTimingAsync( 707): ssm.onCompletedEventUser-0_{|Unlocked|}_com.android.server.integrity.AppIntegrityManagerService
06-04 12:13:13.450 D/SystemServerTimingAsync( 707): ssm.onCompletedEventUser-0_{|Unlocked|}_com.android.server.logcat.LogcatManagerService
06-04 12:13:13.450 D/SystemServerTimingAsync( 707): ssm.onCompletedEventUser-0_{|Unlocked|}_com.android.server.inputmethod.InputMethodManagerService$Lifecycle
06-04 12:13:13.450 D/SystemServerTimingAsync( 707): ssm.onCompletedEventUser-0_{|Unlocked|}_com.android.server.accessibility.AccessibilityManagerService$Lifecycle
06-04 12:13:13.450 D/SystemServerTimingAsync( 707): ssm.onCompletedEventUser-0_{|Unlocked|}_com.android.server.StorageManagerService$Lifecycle
06-04 12:13:13.450 D/SystemServerTimingAsync( 707): ssm.onCompletedEventUser-0_{|Unlocked|}_com.android.server.usage.StorageStatsService$Lifecycle
06-04 12:13:13.450 D/SystemServerTimingAsync( 707): ssm.onCompletedEventUser-0_{|Unlocked|}_com.android.server.UiModeManagerService
06-04 12:13:13.450 D/SystemServerTimingAsync( 707): ssm.onCompletedEventUser-0_{|Unlocked|}_com.android.server.locales.LocaleManagerService
06-04 12:13:13.450 D/SystemServerTimingAsync( 707): ssm.onCompletedEventUser-0_{|Unlocked|}_com.android.server.grammaticalinflection.GrammaticalInflectionService
06-04 12:13:13.450 D/SystemServerTimingAsync( 707): ssm.onCompletedEventUser-0_{|Unlocked|}_com.android.server.apphibernation.AppHibernationService
06-04 12:13:13.450 D/SystemServerTimingAsync( 707): ssm.onCompletedEventUser-0_{|Unlocked|}_com.android.server.locksettings.LockSettingsService$Lifecycle
06-04 12:13:13.450 D/SystemServerTimingAsync( 707): ssm.onCompletedEventUser-0_{|Unlocked|}_com.android.server.PersistentDataBlockService
06-04 12:13:13.450 D/SystemServerTimingAsync( 707): ssm.onCompletedEventUser-0_{|Unlocked|}_com.android.server.testharness.TestHarnessModeService
06-04 12:13:13.450 D/SystemServerTimingAsync( 707): ssm.onCompletedEventUser-0_{|Unlocked|}_com.android.server.oemlock.OemLockService
06-04 12:13:13.450 D/SystemServerTimingAsync( 707): ssm.onCompletedEventUser-0_{|Unlocked|}_com.android.server.DeviceIdleController
06-04 12:13:13.450 D/SystemServerTimingAsync( 707): ssm.onCompletedEventUser-0_{|Unlocked|}_com.android.server.devicepolicy.DevicePolicyManagerService$Lifecycle
06-04 12:13:13.450 D/SystemServerTimingAsync( 707): ssm.onCompletedEventUser-0_{|Unlocked|}_com.android.server.texttospeech.TextToSpeechManagerService
06-04 12:13:13.450 D/SystemServerTimingAsync( 707): ssm.onCompletedEventUser-0_{|Unlocked|}_com.android.server.ambientcontext.AmbientContextManagerService
06-04 12:13:13.450 D/SystemServerTimingAsync( 707): ssm.onCompletedEventUser-0_{|Unlocked|}_com.android.server.wearable.WearableSensingManagerService
06-04 12:13:13.450 D/SystemServerTimingAsync( 707): ssm.onCompletedEventUser-0_{|Unlocked|}_com.android.server.speech.SpeechRecognitionManagerService
06-04 12:13:13.450 D/SystemServerTimingAsync( 707): ssm.onCompletedEventUser-0_{|Unlocked|}_com.android.server.searchui.SearchUiManagerService
06-04 12:13:13.450 D/SystemServerTimingAsync( 707): ssm.onCompletedEventUser-0_{|Unlocked|}_com.android.server.smartspace.SmartspaceManagerService
06-04 12:13:13.450 D/SystemServerTimingAsync( 707): ssm.onCompletedEventUser-0_{|Unlocked|}_com.android.server.graphics.fonts.FontManagerService$Lifecycle
06-04 12:13:13.450 D/SystemServerTimingAsync( 707): ssm.onCompletedEventUser-0_{|Unlocked|}_com.android.server.textservices.TextServicesManagerService$Lifecycle
06-04 12:13:13.450 D/SystemServerTimingAsync( 707): ssm.onCompletedEventUser-0_{|Unlocked|}_com.android.server.textclassifier.TextClassificationManagerService$Lifecycle
06-04 12:13:13.450 D/SystemServerTimingAsync( 707): ssm.onCompletedEventUser-0_{|Unlocked|}_com.android.server.NetworkScoreService$Lifecycle
06-04 12:13:13.450 D/SystemServerTimingAsync( 707): ssm.onCompletedEventUser-0_{|Unlocked|}_com.android.server.NetworkStatsServiceInitializer
06-04 12:13:13.450 D/SystemServerTimingAsync( 707): ssm.onCompletedEventUser-0_{|Unlocked|}_com.android.server.wifi.WifiService
06-04 12:13:13.450 D/SystemServerTimingAsync( 707): ssm.onCompletedEventUser-0_{|Unlocked|}_com.android.server.wifi.scanner.WifiScanningService
06-04 12:13:13.450 D/SystemServerTimingAsync( 707): ssm.onCompletedEventUser-0_{|Unlocked|}_com.android.server.wifi.p2p.WifiP2pService
06-04 12:13:13.450 D/SystemServerTimingAsync( 707): ssm.onCompletedEventUser-0_{|Unlocked|}_com.android.server.ConnectivityServiceInitializer
06-04 12:13:13.450 D/SystemServerTimingAsync( 707): ssm.onCompletedEventUser-0_{|Unlocked|}_com.android.server.notification.NotificationManagerService
06-04 12:13:13.450 D/SystemServerTimingAsync( 707): ssm.onCompletedEventUser-0_{|Unlocked|}_com.android.server.storage.DeviceStorageMonitorService
06-04 12:13:13.450 D/SystemServerTimingAsync( 707): ssm.onCompletedEventUser-0_{|Unlocked|}_com.android.server.timedetector.TimeDetectorService$Lifecycle
