06-04 20:37:28.744 I/UFUnilog( 3469): api_httpdns_fastdns.cpp : 200 {fuc=APIHttpdnsFastDns:GetHttpDnsResult(),interface_msg=v4 finded,domain=msg.ptqy.gitv.tv,ip_list_count=4,ip_from_cache=1,ns_result=116.211.189.205|443}
06-04 20:37:28.745 I/UFUnilog( 3469): api_httpdns_fastdns.cpp : 221 {fuc=APIHttpdnsFastDns:GetHttpDnsResult(),interface_msg=v6 finded,domain=msg.ptqy.gitv.tv,ip_list_count_v6=3,ip_from_cache=1,ns_result=116.211.189.205|443}
06-04 20:37:28.745 I/UFUnilog( 3469): api_httpdns_fastdns.cpp : 246 {fuc=APIHttpdnsFastDns:GetHttpDnsResult(),interface_msg=v4 backup finded,domain=msg.ptqy.gitv.tv,ip_list_count_b=4,bfirst=0,ip_from_cache=1,ns_result=116.211.189.205|443}
06-04 20:37:28.745 I/UFUnilog( 3469): api_strategy_impl.cpp : 569 PingbackSdk {fuc=APIStrategyImpl:CreateStrategyResult(),logtag=babel_pb_231,strategyname=httpdns-strategy,interface_msg=complete build strategy result,suggest_url_params=,suggest_protocol=,bReplaceWithNewFullUrl=0,bReplaceWithNewHeaders=0}
06-04 20:37:28.745 V/UFUnilog( 3469): UFNEasyCurlClientImpl.cpp : 16 PingbackSdk {fuc=UFNEasyCurlClientImpl:Perform(),logtag=babel_pb_231,interface_msg=in}
06-04 20:37:28.746 D/WindowManagerShell( 912): TvPipController: onTaskStackChanged()
06-04 20:37:28.748 V/UFUnilog( 3469): api_group_impl.cpp : 434 PingbackSdk {fuc=APIGroupImpl:call(),name=babel_pb,params=0xb7af051c,callback=0xa750d210}
06-04 20:37:28.750 W/UFUnilog( 3469): api_group_impl.cpp : 890 PingbackSdk {fuc=APIGroupImpl:BuildRequest(),logtag=babel_pb_232,interface_msg=Null formdata Parameters!}
06-04 20:37:28.750 D/UFUnilog( 3469): api_group_impl.cpp : 1051 PingbackSdk {fuc=APIGroupImpl:BuildRequest(),logtag=babel_pb_232,request_type=1,client_type=0}
06-04 20:37:28.750 I/CLog ( 3469): 2025-06-04 20:37:28.749 T:5702 DEBUG: RM_ATS::4,~AESinkAUDIOTRACK
06-04 20:37:28.750 D/UNIPLAYERSDK( 3469): BaseState.cpp:42 [PumaPlayerAdaptor@0xe4c22224@0x9658f968]{fm(KMSG_STATEENTER_SLEEPED),ret(0),at(26,5480,5506),s(11,-2,-2,-2,11),fm=Message@0x964d2710{what=24117353,when=18446744073709551615,arg1=9,arg2=-1111111111,arg3=-1111111111,str=,timeout=0,obj=0x0,runnable=0x0,target=0x0,watchDogOp=0x0}
06-04 20:37:28.750 I/CLog ( 3469): 2025-06-04 20:37:28.750 T:5702 INFO: RM_AE::4,_closeSink end
06-04 20:37:28.750 D/UNIPLAYERSDK( 3469): BaseState.cpp:56 [PumaPlayerAdaptor@0xe4c22224@0x9658f968]{fm(KMSG_STATEENTER_SLEEPED),o(AudioPrevi)-t(0,5480,5480),o(BitstreamS)-t(0,5480,5480),o(CarouselPr)-t(0,5480,5480),o(FastHelper)-t(0,5480,5480),o(HeaderTail)-t(0,5480,5480),o(HighLights)-t(0,5480,5480),o(InteractPr)-t(0,5480,5480),o(LivePrevie)-t(0,5480,5480),o(MediaPlaye)-t(26,5480,5506),o(MovieVVInf)-t(0,5480,5480),o(PPrecacher)-t(0,5480,5480),o(PlayerStuc)-t(0,5480,5480),o(PumaAbsCmd)-t(0,5480,5480),o(PumaAdvert)-t(0,5480,5480),o(PumaBuffer)-t(0,5480,5480),o(PumaError@)-t(0,5480,5480),o(PumaMediaD)-t(0,5480,5480),o(PumaPlayer)-t(0,5480,5480),o(PumaRate@0)-t(0,5480,5480),o(PumaSegmen)-t(0,5480,5480),o(PumaSubtit)-t(0,5480,5480),o(RefreshAcc)-t(0,5480,5480),o(RefreshSer)-t(0,5480,5480),o(SceneKeepe)-t(0,5480,5480),o(SetRate@0x)-t(0,5480,5480),o(SwitchEpis)-t(0,5480,5480),o(VideoPlayC)-t(0,5480,5480)}
06-04 20:37:28.750 D/UNIPLAYERSDK( 3469): BaseState.cpp:42 [PumaPlayerAdaptor@0xe4c22224@0x96585a68]{fm(KMSG_ACTION_SLEEP),ret(0),at(99,5407,5506),s(9,11,-2,-2,11),fm=Message@0x964d2cb0{what=1048599,when=18446744073709551615,arg1=-1111111111,arg2=-1111111111,arg3=-1111111111,str=,timeout=0,obj=0x0,runnable=0x0,target=0x0,watchDogOp=0x0}
06-04 20:37:28.750 D/UNIPLAYERSDK( 3469): BaseState.cpp:56 [PumaPlayerAdaptor@0xe4c22224@0x96585a68]{fm(KMSG_ACTION_SLEEP),o(AudioPrevi)-t(0,5407,5407),o(BitstreamS)-t(0,5407,5407),o(CarouselPr)-t(0,5407,5407),o(FastHelper)-t(0,5407,5407),o(HeaderTail)-t(0,5407,5407),o(HighLights)-t(0,5407,5407),o(InteractPr)-t(0,5407,5407),o(LivePrevie)-t(0,5407,5407),o(MediaPlaye)-t(0,5475,5475),o(MovieVVInf)-t(0,5407,5407),o(PPrecacher)-t(0,5407,5407),o(PlayerStuc)-t(0,5407,5407),o(PumaAbsCmd)-t(0,5407,5407),o(PumaAdvert)-t(0,5407,5407),o(PumaBuffer)-t(0,5407,5407),o(PumaError@)-t(0,5407,5407),o(PumaMediaD)-t(0,5407,5407),o(PumaPlayer)-t(0,5407,5407),o(PumaRate@0)-t(0,5407,5407),o(PumaSegmen)-t(0,5407,5407),o(PumaSubtit)-t(0,5407,5407),o(RefreshAcc)-t(0,5407,5407),o(RefreshSer)-t(0,5407,5407),o(SceneKeepe)-t(0,5407,5407),o(SetRate@0x)-t(0,5407,5407),o(SwitchEpis)-t(0,5407,5407),o(VideoPlayC)-t(0,5407,5407)}
06-04 20:37:28.753 I/CLog ( 3469): 2025-06-04 20:37:28.753 T:5770 INFO: RM_MCD::4,Process end
06-04 20:37:28.753 I/CLog ( 3469): 2025-06-04 20:37:28.753 T:5770 DEBUG: RM_MCD::4,OnExit
06-04 20:37:28.754 I/CLog ( 3469): 2025-06-04 20:37:28.754 T:5770 DEBUG: Thread PumaMCDV 18446744072311112128 terminating
06-04 20:37:28.754 I/CLog ( 3469): 2025-06-04 20:37:28.754 T:5707 INFO: RM_MCD::4,_dispose mc_codec stop release, mc_state_:1
06-04 20:37:28.754 D/CCodecBufferChannel( 3469): [c2.amlogic.hevc.decoder#894] MediaCodec discarded an unknown buffer
06-04 20:37:28.754 D/CCodecBufferChannel( 3469): [c2.amlogic.hevc.decoder#894] MediaCodec discarded an unknown buffer
06-04 20:37:28.754 I/C2VdecComponent( 497): [0##23]"[stop]"
06-04 20:37:28.754 I/C2VdecComponent( 497): [0##23]"[onStop]"
06-04 20:37:28.754 D/CCodecBufferChannel( 3469): [c2.amlogic.hevc.decoder#894] MediaCodec discarded an unknown buffer
06-04 20:37:28.754 D/CCodecBufferChannel( 3469): [c2.amlogic.hevc.decoder#894] MediaCodec discarded an unknown buffer
06-04 20:37:28.754 D/CCodecBufferChannel( 3469): [c2.amlogic.hevc.decoder#894] MediaCodec discarded an unknown buffer
06-04 20:37:28.755 D/CCodecBufferChannel( 3469): [c2.amlogic.hevc.decoder#894] MediaCodec discarded an unknown buffer
06-04 20:37:28.755 I/VideoDecWraper( 497): [0##23]"stop"
06-04 20:37:28.755 I/AmVideoDec( 497): [No--1]-[0]"reset\n"
06-04 20:37:28.755 I/audio_hw_hal_primary( 491): [audiohal_get_latency:1333] io 13: out:0xe6245d80 frames:1280 rate:48000 whole_latency:26 alsa_latency:26
06-04 20:37:28.755 I/VDA ( 497): [0##23]"Reset"
06-04 20:37:28.755 D/CCodecBufferChannel( 3469): [c2.amlogic.hevc.decoder#894] MediaCodec discarded an unknown buffer
06-04 20:37:28.755 D/CCodecBufferChannel( 3469): [c2.amlogic.hevc.decoder#894] MediaCodec discarded an unknown buffer
06-04 20:37:28.756 D/CCodecBufferChannel( 3469): [c2.amlogic.hevc.decoder#894] MediaCodec discarded an unknown buffer
06-04 20:37:28.756 D/CCodecBufferChannel( 3469): [c2.amlogic.hevc.decoder#894] MediaCodec discarded an unknown buffer
06-04 20:37:28.756 D/CCodecBufferChannel( 3469): [c2.amlogic.hevc.decoder#894] MediaCodec discarded an unknown buffer
06-04 20:37:28.756 D/CCodecBufferChannel( 3469): [c2.amlogic.hevc.decoder#894] MediaCodec discarded an unknown buffer
06-04 20:37:28.756 I/VDA ( 497): [0##23]"ResetTask\n"
06-04 20:37:28.756 I/AmlManagePts( 497): [0]"resetPtsInfo into\n"
06-04 20:37:28.756 I/AmlManagePts( 497): [0]"resetOutPutInfo into\n"
06-04 20:37:28.758 W/SQLiteLog( 1414): (28) double-quoted string literal: "UjftmJwNeB//pVBx7mhtEZ3XZFJi5DxfK+6TXPXAn/WIdCV3vvIbLDXHC2mOpplc5jlSufhfk0Tf
06-04 20:37:28.758 W/SQLiteLog( 1414): RJbkqSX9sA==
06-04 20:37:28.758 W/SQLiteLog( 1414): "
06-04 20:37:28.758 W/SQLiteLog( 1414): (28) double-quoted string literal: "D0DE20C873A237A35E3085D29E0BEF83"
06-04 20:37:28.758 W/SQLiteLog( 1414): (28) double-quoted string literal: "1749039133357"
06-04 20:37:28.758 W/SQLiteLog( 1414): (28) double-quoted string literal: "D0DE20C873A237A35E3085D29E0BEF83"
06-04 20:37:28.761 I/VDA ( 497): [0##23]"FinishReset\n"
06-04 20:37:28.761 I/VDA ( 497): [0##23]"StopInputStream input_streamon 1, input_buffer_map_.size 8\n"
06-04 20:37:28.761 I/VDA ( 497): [0##23]"----stop input VIDIOC_STREAMOFF----\n"
06-04 20:37:28.761 I/VDA ( 497): [0##23]"StopDevicePoll\n"
06-04 20:37:28.761 I/VDA ( 497): [0##23]"----stop output VIDIOC_STREAMOFF----\n"
06-04 20:37:28.763 I/VDA ( 497): [0##23]"SendPictureReady\n"
06-04 20:37:28.764 I/VDA ( 497): [0##23]"post ResetDoneTask\n"
06-04 20:37:28.764 I/VDA ( 497): [0##23]"ResetDoneTask\n"
06-04 20:37:28.764 I/VDA ( 497): [0##23]"StartDevicePoll\n"
06-04 20:37:28.764 I/VDA ( 497): [0##23]"NotifyResetDone\n"
06-04 20:37:28.765 I/AmVideoDec( 497): [No--1]-[0]"notifyResetDone\n"
06-04 20:37:28.765 I/VideoDecWraper( 497): [0##23]"onResetDone\n"
06-04 20:37:28.765 I/C2VdecComponent( 497): [0##23]"[NotifyFlushOrStopDone]"
06-04 20:37:28.765 I/C2VdecComponent( 497): [0##23]"[onFlushOrStopDone]"
06-04 20:37:28.765 I/C2VdecComponent( 497): [0##23]"[onStopDone]"
06-04 20:37:28.765 I/C2VdecComponent( 497): [reportAbandonedWorks] no-tunnel mode abandon bitstreamid:18761 mediatimeus:835520000
06-04 20:37:28.765 I/C2VdecComponent( 497): [reportAbandonedWorks] no-tunnel mode abandon bitstreamid:18762 mediatimeus:835200000
06-04 20:37:28.765 I/C2VdecComponent( 497): [reportAbandonedWorks] no-tunnel mode abandon bitstreamid:18763 mediatimeus:835040000
06-04 20:37:28.765 I/C2VdecComponent( 497): [reportAbandonedWorks] no-tunnel mode abandon bitstreamid:18766 mediatimeus:835000000
06-04 20:37:28.765 I/C2VdecComponent( 497): [reportAbandonedWorks] no-tunnel mode abandon bitstreamid:18767 mediatimeus:835120000
06-04 20:37:28.765 I/C2VdecComponent( 497): [reportAbandonedWorks] no-tunnel mode abandon bitstreamid:18768 mediatimeus:835080000
06-04 20:37:28.766 I/C2VdecComponent( 497): [0##23]"[onStopDone] clear decoder duration"
06-04 20:37:28.766 I/C2VdecDeviceUtil( 497): [0#23]"into clearDecoderDuration"
06-04 20:37:28.766 I/AmlManagePts( 497): [0]"setDuration error duration[0]type[2]\n"
06-04 20:37:28.766 I/android.hardware.media.c2@1.2-service( 497): (null) is not set, used defaultValue = 0
06-04 20:37:28.770 I/C2VdecBlockPoolUtil( 497): ~C2VdecBlockPoolUtil success:18764 count:40652 fetch level:0.461576
06-04 20:37:28.770 I/C2VdecComponent( 497): [0##23]"[stop] done"
06-04 20:37:28.772 D/C2BqBuffer( 497): configuring null producer: igbp_information(0)
06-04 20:37:28.774 D/SurfaceUtils( 3469): disconnecting from surface 0x95ba5c98, reason disconnectFromSurface
06-04 20:37:28.774 I/CLog ( 3469): 2025-06-04 20:37:28.774 T:5707 INFO: RM_MCD::4,_dispose mc_codec stop done
06-04 20:37:28.778 I/audio_hw_hal_primary( 491): [audiohal_get_latency:1333] io 13: out:0xe6245d80 frames:1152 rate:48000 whole_latency:24 alsa_latency:24
06-04 20:37:28.778 I/CLog ( 3469): 2025-06-04 20:37:28.778 T:5707 INFO: RM_MCD::4,_dispose mc_codec stop release, done
06-04 20:37:28.778 I/CLog ( 3469): 2025-06-04 20:37:28.778 T:5707 INFO: RM_MCD::4,_dispose end QOS, total:47 = thread:22 + mc_stop:20 + mc_release:4
06-04 20:37:28.778 I/CLog ( 3469): 2025-06-04 20:37:28.778 T:5707 INFO: RM_RE::4,RegisterCloseCodecCallBack done, ctx = 0x0
06-04 20:37:28.779 I/CLog ( 3469): 2025-06-04 20:37:28.778 T:5707 INFO: RM_MCD::4,~VideoCodecAndroidMediaCodecNew end, count:1
06-04 20:37:28.780 I/CLog ( 3469): 2025-06-04 20:37:28.779 T:5707 INFO: RM_ANA265::0,Reset
06-04 20:37:28.780 I/CLog ( 3469): 2025-06-04 20:37:28.780 T:5707 INFO: RM_RQ::4,delfrepictexs
06-04 20:37:28.781 I/CLog ( 3469): 2025-06-04 20:37:28.780 T:5707 INFO: RM_RQ::4,delfrepictexs done
06-04 20:37:28.781 I/CLog ( 3469): 2025-06-04 20:37:28.781 T:5707 INFO: RM_PV::4,GENERAL_CLOSESTREAM ok
06-04 20:37:28.782 W/ContextImpl( 707): Calling a method in the system process without a qualified user: android.app.ContextImpl.startService:1899 com.android.server.wm.DisplayPolicy.lambda$focusChangedLw$5:2126 com.android.server.wm.DisplayPolicy.$r8$lambda$Znxk63oh-WzVnzo_WQefN7uxV48:0 com.android.server.wm.DisplayPolicy$$ExternalSyntheticLambda13.run:0 android.os.Handler.handleCallback:958
06-04 20:37:28.786 D/aaa ( 1430): LedStatusService onStartCommand begin
06-04 20:37:28.789 D/aaa ( 1430): topPkg is -------------- :com.dangbei.leard.leradlauncher
06-04 20:37:28.789 I/C2VdecComponent( 497): [0##23]"[release]"
06-04 20:37:28.790 I/C2VdecComponent( 497): [0##23]"[reset]"
06-04 20:37:28.790 I/C2VdecComponent( 497): [0##23]"[stop]"
06-04 20:37:28.790 I/DebugUtil( 497): [~DebugUtil:71]
06-04 20:37:28.790 V/WindowManagerShell( 912): onTransitionReady android.os.BinderProxy@e8f56e6: {id=8 t=OPEN f=0x0 trk=0 r=[0@Point(0, 0)] c=[{WCT{android.window.IWindowContainerToken$Stub$Proxy@1bacc40} m=TO_FRONT f=MOVE_TO_TOP leash=Surface(name=Task=1)/@0x47b807d sb=Rect(0, 0 - 1920, 1080) eb=Rect(0, 0 - 1920, 1080) d=0},{WCT{android.window.IWindowContainerToken$Stub$Proxy@44a779} m=TO_BACK f=NONE leash=Surface(name=Task=64)/@0x769fb72 sb=Rect(0, 0 - 1920, 1080) eb=Rect(0, 0 - 1920, 1080) d=0}]}
06-04 20:37:28.790 V/WindowManagerShell( 912): Playing animation for (#8)android.os.BinderProxy@e8f56e6@0
06-04 20:37:28.790 V/WindowManagerShell( 912): try handler com.android.wm.shell.keyguard.KeyguardTransitionHandler@2341eeb
06-04 20:37:28.790 V/WindowManagerShell( 912): try handler com.android.wm.shell.pip.tv.TvPipTransition@65ef448
06-04 20:37:28.790 V/WindowManagerShell( 912): try handler com.android.wm.shell.activityembedding.ActivityEmbeddingController@c8c22e1
06-04 20:37:28.790 V/WindowManagerShell( 912): try handler com.android.wm.shell.transition.RemoteTransitionHandler@5519806
06-04 20:37:28.790 V/WindowManagerShell( 912): Transition doesn't have explicit remote, search filters for match for {id=8 t=OPEN f=0x0 trk=0 r=[0@Point(0, 0)] c=[{WCT{android.window.IWindowContainerToken$Stub$Proxy@1bacc40} m=TO_FRONT f=MOVE_TO_TOP leash=Surface(name=Task=1)/@0x47b807d sb=Rect(0, 0 - 1920, 1080) eb=Rect(0, 0 - 1920, 1080) d=0},{WCT{android.window.IWindowContainerToken$Stub$Proxy@44a779} m=TO_BACK f=NONE leash=Surface(name=Task=64)/@0x769fb72 sb=Rect(0, 0 - 1920, 1080) eb=Rect(0, 0 - 1920, 1080) d=0}]}
06-04 20:37:28.790 V/WindowManagerShell( 912): Delegate animation for #8 to null
06-04 20:37:28.790 V/WindowManagerShell( 912): try handler com.android.wm.shell.transition.DefaultTransitionHandler@ab3bec7
06-04 20:37:28.790 V/WindowManagerShell( 912): start default transition animation, info = {id=8 t=OPEN f=0x0 trk=0 r=[0@Point(0, 0)] c=[{WCT{android.window.IWindowContainerToken$Stub$Proxy@1bacc40} m=TO_FRONT f=MOVE_TO_TOP leash=Surface(name=Task=1)/@0x47b807d sb=Rect(0, 0 - 1920, 1080) eb=Rect(0, 0 - 1920, 1080) d=0},{WCT{android.window.IWindowContainerToken$Stub$Proxy@44a779} m=TO_BACK f=NONE leash=Surface(name=Task=64)/@0x769fb72 sb=Rect(0, 0 - 1920, 1080) eb=Rect(0, 0 - 1920, 1080) d=0}]}
06-04 20:37:28.791 V/WindowManagerShell( 912): loadAnimation: anim=android.view.animation.AlphaAnimation@8a06c6c animAttr=0x9 type=OPEN isEntrance=false
06-04 20:37:28.792 I/C2VdecComponent( 497): [0##23]"[onDestroy]"
06-04 20:37:28.792 I/C2VdecDequeueThreadUtil( 497): ~DequeueThreadUtil!!
06-04 20:37:28.792 I/VideoDecWraper( 497): [0##23]"destroy"
06-04 20:37:28.792 D/ResmanWrapper( 497): ~resManWrapper fd = 10
06-04 20:37:28.792 D/resman ( 497): release all resource, fd = 10
06-04 20:37:28.792 I/VDA ( 497): [0##23]"Destroy:1702"
06-04 20:37:28.793 D/aaa ( 1430): WiFi is connect
06-04 20:37:28.793 V/WindowManagerShell( 912): loadAnimation: anim=android.view.animation.AlphaAnimation@33986ca animAttr=0x8 type=OPEN isEntrance=true
06-04 20:37:28.793 V/WindowManager( 707): Sent Transition #8 createdAt=06-04 20:37:28.610 via request=TransitionRequestInfo { type = 1, triggerTask = TaskInfo{userId=0 taskId=63 displayId=0 isRunning=true baseIntent=Intent { act=android.intent.action.MAIN cat=[android.intent.category.HOME] flg=0x10800100 cmp=com.dangbei.leard.leradlauncher/com.dangbei.launcher.home.LauncherActivity } baseActivity=ComponentInfo{com.dangbei.leard.leradlauncher/com.dangbei.launcher.home.LauncherActivity} topActivity=ComponentInfo{com.dangbei.leard.leradlauncher/com.dangbei.launcher.home.LauncherActivity} origActivity=null realActivity=ComponentInfo{com.dangbei.leard.leradlauncher/com.dangbei.launcher.home.LauncherActivity} numActivities=1 lastActiveTime=200105 supportsMultiWindow=true resizeMode=0 isResizeable=false minWidth=-1 minHeight=-1 defaultMinSize=220 token=WCT{RemoteToken{7dcdab1 Task{11f3dc5 #63 type=home A=1000:com.dangbei.leard.leradlauncher}}} topActivityType=2 pictureInPictureParams=null shouldDockBigOverlays=true launchIntoPipHostTaskId=-1 lastParentTaskIdBeforePip=-1 displayCutoutSafeInsets=null topActivityInfo=ActivityInfo{85927a5 com.dangbei.launcher.home.LauncherActivity} launchCookies=[] positionInParent=Point(0, 0) parentTaskId=-1 isFocused=true isVisible=false isVisibleRequested=false isSleeping=false topActivityInSizeCompat=false topActivityEligibleForLetterboxEducation= false isLetterboxDoubleTapEnabled= false topActivityEligibleForUserAspectRatioButton= false topActivityBoundsLetterboxed= false isFromLetterboxDoubleTap= false topActivityLetterboxVerticalPosition= -1 topActivityLetterboxHorizontalPosition= -1 topActivityLetterboxWidth=-1 topActivityLetterboxHeight=-1 isUserFullscreenOverrideEnabled=false isTopActivityTransparent=false locusId=null displayAreaFeatureId=1 cameraCompatControlState=hidden}, remoteTransition = null, displayChange = null, flags = 0 }
06-04 20:37:28.793 V/WindowManager( 707): startWCT=WindowContainerTransaction { changes = {} hops = [] errorCallbackToken=null taskFragmentOrganizer=null }
06-04 20:37:28.794 V/WindowManager( 707): info={id=8 t=OPEN f=0x0 trk=0 r=[0@Point(0, 0)] c=[{WCT{RemoteToken{125ab1b Task{a9c538c #1 type=home}}} m=TO_FRONT f=MOVE_TO_TOP leash=Surface(name=Task=1)/@0x2e8b6df sb=Rect(0, 0 - 1920, 1080) eb=Rect(0, 0 - 1920, 1080) d=0},{WCT{RemoteToken{51a5a15 Task{e749509 #64 type=standard A=10075:media.detail.task}}} m=TO_BACK f=NONE leash=Surface(name=Task=64)/@0xb40159 sb=Rect(0, 0 - 1920, 1080) eb=Rect(0, 0 - 1920, 1080) d=0}]}
06-04 20:37:28.794 I/VDA ( 497): [0##23]"DestroyTask INS=0/0, OUTS=0/0"" {IN=0/8, OUT=15/15[kAtAccelerator(0) kAtDevice(0) kAtClient(15)]}"
06-04 20:37:28.794 I/VDA ( 497): [0##23]"StopDevicePoll\n"
06-04 20:37:28.795 I/VDA ( 497): [0##23]"StopInputStream input_streamon 0, input_buffer_map_.size 8\n"
06-04 20:37:28.795 I/AmlManagePts( 497): [0]"resetPtsInfo into\n"
06-04 20:37:28.795 I/AmlManagePts( 497): [0]"resetOutPutInfo into\n"
06-04 20:37:28.795 I/VDA ( 497): [0##23]"DestroyInputBuffers:5083"
06-04 20:37:28.796 I/audio_hw_hal_primary( 491): [audiohal_get_latency:1333] io 13: out:0xe6245d80 frames:1024 rate:48000 whole_latency:21 alsa_latency:21
06-04 20:37:28.796 I/VDA ( 497): [0##23]"DestroyOutputBuffers:5126"
06-04 20:37:28.797 I/VDA ( 497): [0##23]"DestroyTask:4223"
06-04 20:37:28.797 I/VDA ( 497): [0##23]"DestroyTask:4225 destroy done signal."
06-04 20:37:28.797 V/WindowManagerShell( 912): animated by com.android.wm.shell.transition.DefaultTransitionHandler@ab3bec7
06-04 20:37:28.798 I/BufferPoolWraper( 497): [5]"free bufferpool region memory"
06-04 20:37:28.799 I/dmabufmanage( 497): dmabufmanage_uninit-122 UnRegister dmabuf manager success 6
06-04 20:37:28.799 I/BufferPoolWraper( 497): [5]"~BufferPoolWraper:163"
06-04 20:37:28.799 I/AmlManagePts( 497): [0]"~AmlManagePts into\n"
06-04 20:37:28.799 I/VDA ( 497): [0##23]"~V4L2VideoDecodeAccelerator:679"
06-04 20:37:28.794 I/rainbow_flow( 2172): type=1400 audit(0.0:1542): avc: denied { ioctl } for path="/dev/spidev1.0" dev="tmpfs" ino=534 ioctlcmd=0x6b00 scontext=u:r:init:s0 tcontext=u:object_r:device:s0 tclass=chr_file permissive=1
06-04 20:37:28.800 W/abs ( 3469): HCDN_LOG: [T:3820][func:SetParam],[line:744],e4123580 szParamName = DownloadStatusByHcdn, szParamValue = {"BandWidth":557056,"BandWidth_1":860160,"CachedBytes":363402016,"IsAd":0,"IsP2P":1,"ReadBytes":331797280,"VID":"65f888b7cc0c74b794ab89eac7137fc8"}
06-04 20:37:28.800 W/abs ( 3469): HCDN_LOG: [T:3820][func:update_global_bandwidth_mean],[line:3230],insert_bandwidth_val 1715550:557056, avg_bandwidth=773816!
06-04 20:37:28.800 W/abs ( 3469): HCDN_LOG: [T:3820][func:update_global_bandwidth_mean],[line:3230],insert_bandwidth_val 1715550:860160, avg_bandwidth=804126!
06-04 20:37:28.800 W/abs ( 3469): HCDN_LOG: [T:3820][func:measure_hcdn_buffer],[line:722],measure_hcdn_buffer:hcdn_cached_bytes_=363402016, cur_player_parsed_chunk_idx_=215, cur_hcdn_cached_time=80821, hcdn_cached_time_=80821, hcdn_time_gap_=0, cur_player_pos_=839259
06-04 20:37:28.800 E/abs_info( 3469): HCDN_LOG: [T:3820][HINFO]:[f:PostABSInfo],[l:7214],Task(5), SetABSInterface ret(1) SetParam("DownloadStatusByHcdn", {"BandWidth":557056,"BandWidth_1":860160,"CachedBytes":363402016,"IsAd":0,"IsP2P":1,"ReadBytes":331797280,"VID":"65f888b7cc0c74b794ab89eac7137fc8"}
06-04 20:37:28.800 E/abs_info( 3469): )
06-04 20:37:28.800 E/Hcdn_DeTask3128192202( 3469): HCDN_LOG: [T:3861][HINFO]:[f:PostNotifyInfo],[l:248], notify type(6),info({"BandWidth":557056,"CachedBytes":363402016,"IsAd":0,"IsP2P":1,"ReadBytes":331797280,"VID":"65f888b7cc0c74b794ab89eac7137fc8"}
06-04 20:37:28.800 E/Hcdn_DeTask3128192202( 3469): )
06-04 20:37:28.805 I/SystemControl( 318): [/UEventObserver.cpp, HDMITxUenventThreadLoop, 451] HDMI TX switch_name:0, switch_state:
06-04 20:37:28.805 I/SystemControl-FRA( 318): [/FrameRateAutoAdaption.cpp, isFrameRateOn, 176] hdmi frame rate is on
06-04 20:37:28.809 D/XM_HIDREAD( 1910): remove@ remove@/devices/platform/vdec/ammvdec_h265_v4l.0
06-04 20:37:28.810 W/SQLiteLog( 1414): (28) double-quoted string literal: "1749039133357"
06-04 20:37:28.810 W/SQLiteLog( 1414): (28) double-quoted string literal: "0"
06-04 20:37:28.819 I/VideoDecWraper( 497): [0##23]"~VideoDecWraper"
06-04 20:37:28.819 I/AmVideoDec( 497): [No--1]-[0]"~AmVideoDec IN[18769:18769] OUT[18773:18756]\n"
06-04 20:37:28.819 I/C2VdecDeviceUtil( 497): [~DeviceUtil:70]
06-04 20:37:28.819 I/audio_hw_hal_primary( 491): [audiohal_get_latency:1333] io 13: out:0xe6245d80 frames:1280 rate:48000 whole_latency:26 alsa_latency:26
06-04 20:37:28.802 I/xm_hidread( 1910): type=1400 audit(0.0:1543): avc: denied { read } for scontext=u:r:init:s0 tcontext=u:r:init:s0 tclass=netlink_kobject_uevent_socket permissive=1
06-04 20:37:28.820 I/C2VdecDeviceUtil( 497): setSkipReallocBufMode:0
06-04 20:37:28.821 I/C2VdecDeviceUtil( 497): [~DeviceUtil:76] clear vendor.media.llp
06-04 20:37:28.821 I/C2VdecGrallocWraper( 497): free slot:0
06-04 20:37:28.821 I/gralloc ( 497): am_gralloc_set_uvm_decoder_para: parameters:[slot_id=0,w*h(0*0),w_align=0,h_align=0,size=0]
06-04 20:37:28.821 I/C2VdecComponent( 497): [0##23]"[onDestroy] done"
06-04 20:37:28.810 W/SQLiteLog( 1414): (28) double-quoted string literal: ""
06-04 20:37:28.822 D/C2BqBuffer( 497): configuring null producer: igbp_information(0)
06-04 20:37:28.822 W/SQLiteLog( 1414): (28) double-quoted string literal: ""
06-04 20:37:28.822 W/SQLiteLog( 1414): (28) double-quoted string literal: "D0DE20C873A237A35E3085D29E0BEF83"
06-04 20:37:28.827 W/UsageStatsService( 707): Unexpected activity event reported! (com.dangbei.leard.leradlauncher/com.dangbei.leard.leradlauncher.module.vipcenter.VipCenterActivity event : 23 instanceId : 898248)
06-04 20:37:28.838 I/audio_hw_hal_primary( 491): [audiohal_get_latency:1333] io 13: out:0xe6245d80 frames:1152 rate:48000 whole_latency:24 alsa_latency:24
06-04 20:37:28.838 D/MediaCodec( 3469): flushMediametrics
06-04 20:37:28.838 I/hw-BpHwBinder( 3469): onLastStrongRef automatically unlinking death recipients
06-04 20:37:28.839 D/MediaCodec( 3469): flushMediametrics
06-04 20:37:28.839 W/MediaCodec( 3469): no metrics handle found
06-04 20:37:28.841 I/hw-BpHwBinder( 497): onLastStrongRef automatically unlinking death recipients
06-04 20:37:28.841 I/C2VdecComponent( 497): [0##23]"~C2VdecComponent start"
06-04 20:37:28.841 I/C2VdecComponent( 497): [0##23]"~C2VdecComponent done"
06-04 20:37:28.850 I/ImeTracker( 707): com.dangbei.leard.leradlauncher:ca1174b3: onRequestHide at ORIGIN_SERVER_HIDE_INPUT reason HIDE_ALWAYS_HIDDEN_STATE
06-04 20:37:28.850 I/ImeTracker( 707): com.dangbei.leard.leradlauncher:ca1174b3: onCancelled at PHASE_SERVER_SHOULD_HIDE
06-04 20:37:28.854 I/DefaultIMS( 1396): onStartInput attribute=android.view.inputmethod.EditorInfo@e66fbe9 restarting=false inputType: 0
06-04 20:37:28.860 I/audio_hw_hal_primary( 491): [audiohal_get_latency:1333] io 13: out:0xe6245d80 frames:1280 rate:48000 whole_latency:26 alsa_latency:26
06-04 20:37:28.883 I/audio_hw_hal_primary( 491): [audiohal_get_latency:1333] io 13: out:0xe6245d80 frames:1024 rate:48000 whole_latency:21 alsa_latency:21
06-04 20:37:28.883 I/audio_hw_hal_alsamgr( 491): alsa format =0x1 delay frames =1024 total frames=81821440
06-04 20:37:28.888 I/d.leradlauncher( 1414): Background young concurrent copying GC freed 125828(7108KB) AllocSpace objects, 19(768KB) LOS objects, 32% free, 15MB/22MB, paused 214us,117us total 102.978ms
06-04 20:37:28.888 W/d.leradlauncher( 1414): Reducing the number of considered missed Gc histogram windows from 152 to 100
06-04 20:37:28.897 E/d.leradlauncher( 1414): Invalid resource ID 0x00000000.
06-04 20:37:28.901 E/Hcdn_DeTask3128192202( 3469): HCDN_LOG: [T:3861][HINFO]:[f:PostNotifyInfo],[l:248], notify type(6),info({"BandWidth":557056,"CachedBytes":363402016,"IsAd":0,"IsP2P":1,"ReadBytes":331797280,"VID":"65f888b7cc0c74b794ab89eac7137fc8"}
06-04 20:37:28.901 E/Hcdn_DeTask3128192202( 3469): )
06-04 20:37:28.901 E/playfilesourceNew( 3469): HCDN_LOG: [T:3820][HINFO]:[f:DoAsynNotifyInfoResponse],[l:2605],[TaskID(3128192202),type(6),msg({"BandWidth":557056,"CachedBytes":363402016,"IsAd":0,"IsP2P":1,"ReadBytes":331797280,"VID":"65f888b7cc0c74b794ab89eac7137fc8"}
06-04 20:37:28.901 E/playfilesourceNew( 3469): )!]
06-04 20:37:28.901 W/abs ( 3469): HCDN_LOG: [T:3820][func:SetParam],[line:744],e4123580 szParamName = DownloadStatusByHcdn, szParamValue = {"BandWidth":557056,"BandWidth_1":860160,"CachedBytes":363402016,"IsAd":0,"IsP2P":1,"ReadBytes":331797280,"VID":"65f888b7cc0c74b794ab89eac7137fc8"}
06-04 20:37:28.901 W/abs ( 3469): HCDN_LOG: [T:3820][func:update_global_bandwidth_mean],[line:3230],insert_bandwidth_val 1715650:557056, avg_bandwidth=794023!
06-04 20:37:28.901 W/abs ( 3469): HCDN_LOG: [T:3820][func:update_global_bandwidth_mean],[line:3230],insert_bandwidth_val 1715650:860160, avg_bandwidth=804126!
06-04 20:37:28.901 W/abs ( 3469): HCDN_LOG: [T:3820][func:measure_hcdn_buffer],[line:722],measure_hcdn_buffer:hcdn_cached_bytes_=363402016, cur_player_parsed_chunk_idx_=215, cur_hcdn_cached_time=80821, hcdn_cached_time_=80821, hcdn_time_gap_=0, cur_player_pos_=839259
06-04 20:37:28.901 E/abs_info( 3469): HCDN_LOG: [T:3820][HINFO]:[f:PostABSInfo],[l:7214],Task(5), SetABSInterface ret(1) SetParam("DownloadStatusByHcdn", {"BandWidth":557056,"BandWidth_1":860160,"CachedBytes":363402016,"IsAd":0,"IsP2P":1,"ReadBytes":331797280,"VID":"65f888b7cc0c74b794ab89eac7137fc8"}
06-04 20:37:28.901 E/abs_info( 3469): )
06-04 20:37:28.904 I/audio_hw_hal_primary( 491): [audiohal_get_latency:1333] io 13: out:0xe6245d80 frames:1280 rate:48000 whole_latency:26 alsa_latency:26
06-04 20:37:28.926 I/audio_hw_hal_primary( 491): [audiohal_get_latency:1333] io 13: out:0xe6245d80 frames:1280 rate:48000 whole_latency:26 alsa_latency:26
06-04 20:37:28.933 W/SQLiteLog( 1414): (28) double-quoted string literal: "224D529069B3C7214E204E0068E7A9C1"
06-04 20:37:28.933 D/CompatibilityChangeReporter( 1414): Compat change id reported: 247079863; UID 1000; state: DISABLED
06-04 20:37:28.937 W/SQLiteLog( 1414): (28) double-quoted string literal: "224D529069B3C7214E204E0068E7A9C1"
06-04 20:37:28.937 W/SQLiteLog( 1414): (28) double-quoted string literal: ""
06-04 20:37:28.938 W/SQLiteLog( 1414): (28) double-quoted string literal: "224D529069B3C7214E204E0068E7A9C1"
06-04 20:37:28.938 W/SQLiteLog( 1414): (28) double-quoted string literal: "-1"
06-04 20:37:28.949 I/audio_hw_hal_primary( 491): [audiohal_get_latency:1333] io 13: out:0xe6245d80 frames:1152 rate:48000 whole_latency:24 alsa_latency:24
06-04 20:37:28.966 I/audio_hw_hal_primary( 491): [audiohal_get_latency:1333] io 13: out:0xe6245d80 frames:1152 rate:48000 whole_latency:24 alsa_latency:24
06-04 20:37:28.971 W/SQLiteLog( 1414): (28) double-quoted string literal: "D0DE20C873A237A35E3085D29E0BEF83"
06-04 20:37:28.980 D/MobclickAgent( 1414): 创建新会话: 224D529069B3C7214E204E0068E7A9C1
06-04 20:37:28.987 I/audio_hw_hal_primary( 491): [audiohal_get_latency:1333] io 13: out:0xe6245d80 frames:1152 rate:48000 whole_latency:24 alsa_latency:24
06-04 20:37:28.998 E/Hcdn_DeTask3128192202( 3469): HCDN_LOG: [T:3861][HINFO]:[f:PostNotifyInfo],[l:248], notify type(6),info({"BandWidth":557056,"CachedBytes":363402016,"IsAd":0,"IsP2P":1,"ReadBytes":331797280,"VID":"65f888b7cc0c74b794ab89eac7137fc8"}
06-04 20:37:28.998 E/Hcdn_DeTask3128192202( 3469): )
06-04 20:37:28.998 E/playfilesourceNew( 3469): HCDN_LOG: [T:3820][HINFO]:[f:DoAsynNotifyInfoResponse],[l:2605],[TaskID(3128192202),type(6),msg({"BandWidth":557056,"CachedBytes":363402016,"IsAd":0,"IsP2P":1,"ReadBytes":331797280,"VID":"65f888b7cc0c74b794ab89eac7137fc8"}
06-04 20:37:28.998 E/playfilesourceNew( 3469): )!]
06-04 20:37:28.998 W/abs ( 3469): HCDN_LOG: [T:3820][func:SetParam],[line:744],e4123580 szParamName = DownloadStatusByHcdn, szParamValue = {"BandWidth":557056,"BandWidth_1":860160,"CachedBytes":363402016,"IsAd":0,"IsP2P":1,"ReadBytes":331797280,"VID":"65f888b7cc0c74b794ab89eac7137fc8"}
06-04 20:37:28.998 W/abs ( 3469): HCDN_LOG: [T:3820][func:update_global_bandwidth_mean],[line:3230],insert_bandwidth_val 1715750:557056, avg_bandwidth=798064!
06-04 20:37:28.998 W/abs ( 3469): HCDN_LOG: [T:3820][func:update_global_bandwidth_mean],[line:3230],insert_bandwidth_val 1715750:860160, avg_bandwidth=804126!
06-04 20:37:28.998 W/abs ( 3469): HCDN_LOG: [T:3820][func:measure_hcdn_buffer],[line:722],measure_hcdn_buffer:hcdn_cached_bytes_=363402016, cur_player_parsed_chunk_idx_=215, cur_hcdn_cached_time=80821, hcdn_cached_time_=80821, hcdn_time_gap_=0, cur_player_pos_=839259
06-04 20:37:28.998 E/abs_info( 3469): HCDN_LOG: [T:3820][HINFO]:[f:PostABSInfo],[l:7214],Task(5), SetABSInterface ret(1) SetParam("DownloadStatusByHcdn", {"BandWidth":557056,"BandWidth_1":860160,"CachedBytes":363402016,"IsAd":0,"IsP2P":1,"ReadBytes":331797280,"VID":"65f888b7cc0c74b794ab89eac7137fc8"}
06-04 20:37:28.998 E/abs_info( 3469): )
06-04 20:37:29.009 I/audio_hw_hal_primary( 491): [audiohal_get_latency:1333] io 13: out:0xe6245d80 frames:1152 rate:48000 whole_latency:24 alsa_latency:24
06-04 20:37:29.030 I/audio_hw_hal_primary( 491): [audiohal_get_latency:1333] io 13: out:0xe6245d80 frames:1024 rate:48000 whole_latency:21 alsa_latency:21
06-04 20:37:29.052 I/audio_hw_hal_primary( 491): [audiohal_get_latency:1333] io 13: out:0xe6245d80 frames:1024 rate:48000 whole_latency:21 alsa_latency:21
06-04 20:37:29.058 D/AudioService( 707): Volume controller visible: false
06-04 20:37:29.074 I/audio_hw_hal_primary( 491): [audiohal_get_latency:1333] io 13: out:0xe6245d80 frames:1280 rate:48000 whole_latency:26 alsa_latency:26
06-04 20:37:29.075 D/audioserver( 542): logFgsApiEnd: FGS Logger Transaction failed, -129
06-04 20:37:29.088 D/TrafficStats( 1414): tagSocket(107) with statsTag=0xffffffff, statsUid=-1
06-04 20:37:29.095 D/audioserver( 542): logFgsApiEnd: FGS Logger Transaction failed, -129
06-04 20:37:29.098 E/Hcdn_DeTask3128192202( 3469): HCDN_LOG: [T:3861][HINFO]:[f:PostNotifyInfo],[l:248], notify type(6),info({"BandWidth":557056,"CachedBytes":363402016,"IsAd":0,"IsP2P":1,"ReadBytes":331797280,"VID":"65f888b7cc0c74b794ab89eac7137fc8"}
06-04 20:37:29.098 E/Hcdn_DeTask3128192202( 3469): )
06-04 20:37:29.098 E/playfilesourceNew( 3469): HCDN_LOG: [T:3820][HINFO]:[f:DoAsynNotifyInfoResponse],[l:2605],[TaskID(3128192202),type(6),msg({"BandWidth":557056,"CachedBytes":363402016,"IsAd":0,"IsP2P":1,"ReadBytes":331797280,"VID":"65f888b7cc0c74b794ab89eac7137fc8"}
06-04 20:37:29.098 E/playfilesourceNew( 3469): )!]
06-04 20:37:29.098 W/abs ( 3469): HCDN_LOG: [T:3820][func:SetParam],[line:744],e4123580 szParamName = DownloadStatusByHcdn, szParamValue = {"BandWidth":557056,"BandWidth_1":860160,"CachedBytes":363402016,"IsAd":0,"IsP2P":1,"ReadBytes":331797280,"VID":"65f888b7cc0c74b794ab89eac7137fc8"}
06-04 20:37:29.098 W/abs ( 3469): HCDN_LOG: [T:3820][func:update_global_bandwidth_mean],[line:3230],insert_bandwidth_val 1715850:557056, avg_bandwidth=799796!
06-04 20:37:29.098 W/abs ( 3469): HCDN_LOG: [T:3820][func:update_global_bandwidth_mean],[line:3230],insert_bandwidth_val 1715850:860160, avg_bandwidth=804126!
06-04 20:37:29.098 W/abs ( 3469): HCDN_LOG: [T:3820][func:measure_hcdn_buffer],[line:722],measure_hcdn_buffer:hcdn_cached_bytes_=363402016, cur_player_parsed_chunk_idx_=215, cur_hcdn_cached_time=80821, hcdn_cached_time_=80821, hcdn_time_gap_=0, cur_player_pos_=839259
06-04 20:37:29.098 E/abs_info( 3469): HCDN_LOG: [T:3820][HINFO]:[f:PostABSInfo],[l:7214],Task(5), SetABSInterface ret(1) SetParam("DownloadStatusByHcdn", {"BandWidth":557056,"BandWidth_1":860160,"CachedBytes":363402016,"IsAd":0,"IsP2P":1,"ReadBytes":331797280,"VID":"65f888b7cc0c74b794ab89eac7137fc8"}
06-04 20:37:29.098 E/abs_info( 3469): )
06-04 20:37:29.166 V/UFUnilog( 3469): UFNEasyCurlClientImpl.cpp : 66 PingbackSdk {fuc=UFNEasyCurlClientImpl:Perform(),logtag=babel_pb_231,interface_msg=out}
06-04 20:37:29.166 V/UFUnilog( 3469): api_engine.cpp : 189 PingbackSdk {fuc=APIEngine:Call(),logtag=babel_pb_231,interface_msg=Start Try!,try_count=1}
06-04 20:37:29.166 D/PINGBACKSDK( 3469): PlayerPbApi.cpp:38 PingbackLog: send success! http://msg.ptqy.gitv.tv/b/3_31_312:124.237.225.21,timing:msg=[{"abr_at":"nonabs","abs_type":"0","absopenstatus":"0","alanid":"0_1","audiotype":"0","brlevel":"100","bsbitsize":"243757850","c1":"0","curspeed":"0","default_abs":"0","deviceid":"tv_cc46bef63fc2ad8d49126ac32881e261_1749020506912_5491100964","dfp":"","diy_adseamless":"0","diy_ctr":"1","diy_sfrom":"idle","dlbpssmd":"0","drm_v":"3.1.0","drmstat":"0","drmt":"chinav5","ds":"","duby":"0","dx":"","enhance":"-1","fakeabs":"","fr":"25","hcdn_vt":"-1","hcdninit":"success","hcdnlsmhd":"0","hcdnromsz":"724","hcdnst":"0","hcdnv":"10.2.3.5212","hdmpssmd":"0","ht":"0","hu":"5%2C57%2C60","hwver":"DBBOX-A3","is264ts":"0","is_cuva":"0","is_iqhimero":"-1","ishis":"0","isot":"0","ispre":"","isroot":"1","is
06-04 20:37:29.166 D/PINGBACKSDK( 3469): PlayerPbApi.cpp:40 PingbackLog: send success! timing:zqyh":"0","lch_ver":"1.7","livenetst":"-1","livenetv":"6.24.26.354","lsv":"18.0.1.5212","maxspeed":"0","mkey":"20200817110900551NKVuEWAfr101626","mod":"cn_s","originbid":"","os":"34","outline":"-1","p1":"3_31_312","p2":"3128","p_hdcpctrl":"-1","p_wtmark":"0","pbv":"","performance":"%7B%22maxtname%22%3A%22%22%2C%22nativemem%22%3A%220%22%2C%22p2pmem%22%3A%220%22%2C%22procmaxcpu%22%3A%220%22%2C%22storagemem%22%3A%220%22%2C%22totalcpu%22%3A%220%22%2C%22totalmem%22%3A%220%22%7D%0A","play_mc":"1","play_mdr":"","play_t":"0","play_vt":"-1","plyerm":"vod","plyert":"native_advance","procid":"3469","psc1":"0","psp_4kh264":"1","psp_4kh265":"1","psp_dolby":"1","psp_dv":"0","psp_edr":"","psp_h264":"1","ps
06-04 20:37:29.166 D/PINGBACKSDK( 3469): PlayerPbApi.cpp:40 PingbackLog: send success! timing:p_h265":"1","psp_hdr10":"1","psp_ratedef":"10","psp_ratedefdv":"10","psp_ratedefhdr":"","pt":"834819","pu":"3669454416360320","qyctx":"F4473C91B77028CDDBE404B5C7899B64B7B53B67DFF055D126EB02A9DE3B7B1C2E0171DCB8766A144F466DC62EC042DD4F1A2361080C9C140CFEC187AA217144B7D57FF90ED91469E7571AAED169DBEABB9F51CA8CF9C767726661CBB86DA934","qyctxv":"1","r":"1608843880763300","ra":"10","rachannel":"1","ravd":"0","ravd_auth":"-1","re":"1920x1080","rn":"6720522781","romrsz":"53414","romsz":"55669","sdkv":"1.1403.1.06053","second_cate":"","skipabssize":"","speed":"1","spkpssmd":"0","spth265":"1","stat":"started","status_4k":"1","stauto_support":"0","stime":"1749040648476","stype":"0","supp_abs":"0","swistat"
06-04 20:37:29.166 D/PINGBACKSDK( 3469): PlayerPbApi.cpp:40 PingbackLog: send success! timing::"P1_PGU1_PH_S1_SU_SH_H1_HU_HH_21_2U_2H_V0_VU_VA_D1_DGU1_DH_K1_KU_KH_M0_MU_MA_E0_EU_EH_F600_F60U_F60H_F900_F90U_F90H_F1200_F120U_F120H_4F600_4F60U_4F60H_4F900_4F90U_4F90H_4F1200_4F120U_4F120H_CS1_CSS_CSA_CH1_CHU_CHH_CE0_CES_CEA_8K0_8KU_8KH_8F600_8F60U_8F60H_8F900_8F90U_8F90H_8F1200_8F120U_8F120H_IQ0_IQU_IQA_IQ510_IQ51U_IQ51A","t":"2","term":{"brand":"Amlogic","chip":"","core":"4","cpu_arch":"8","cpu_freq":"2508000","cpu_implementer":"65","cpu_part":"3333","cpu_processor":"","diy_hwver":"DBBOX-A3","dolbycodec":"-1","firmver":"UD2A.240505.001.W1.eng.server.20250604.121603 release-keys","high_end":"-1","hpformance":"","hwprod":"","hwversub":"","memory":"3677","p_hdcp":"","p_maxhdcp":"","rammode
06-04 20:37:29.167 D/PINGBACKSDK( 3469): PlayerPbApi.cpp:35 PingbackLog: send success! timing:":"","vendor":""},"tm":"74934","tvs2":"simple_sdk","u":"tv_cc46bef63fc2ad8d49126ac32881e261","usehcdn":"1","v":"2.1403.1.250523","vbr":"3294025","vcodec":"1","vdprctp":"1","ve":"1749039897303AC810E17571177E8EDF","view_order":"0","viewsrc":"1","vsp_4kh264":"1","vsp_4kh265":"1","vsp_8k":"0","vsp_daudio":"1","vsp_dv":"0","vsp_edr":"0","vsp_h265":"1","vsp_hdr10":"1","vsp_ratedef":"10","vsp_ratedefEdr":"-1","vsp_ratedefdolby":"10","vsp_ratedefdv":"-1","vsp_ratedefhdr":"-1","wifimac":"02%3A00%3A00%3A00%3A00%3A00","z":"","z_from":"","z_ip":""}]
06-04 20:37:29.167 D/UFUnilog( 3469): api_network_status.cpp : 105 {fuc=APINetworkStatus:IsIPV6Works(),interface_msg=localResult=0, fastdnsResult=0}
06-04 20:37:29.167 I/UFUnilog( 3469): api_engine.cpp : 993 PingbackSdk {fuc=APIEngine::generateFinalIPV6Config(),logtag=babel_pb_232,interface_msg=forceIPV6Status:-1}
06-04 20:37:29.167 I/UFUnilog( 3469): api_engine.cpp : 1003 PingbackSdk {fuc=APIEngine::generateFinalIPV6Config(),logtag=babel_pb_232,interface_msg=domain support ipv6, sOriginHost:msg.ptqy.gitv.tv, strIPV6Domain:}
06-04 20:37:29.168 V/UFUnilog( 3469): api_engine.cpp : 189 PingbackSdk {fuc=APIEngine:Call(),logtag=babel_pb_232,interface_msg=Start Try!,try_count=0}
06-04 20:37:29.168 I/UFUnilog( 3469): api_strategy_impl.cpp : 438 PingbackSdk {fuc=APIStrategyImpl:CreateStrategyResult(),logtag=babel_pb_232,strategyname=httpdns-strategy,current_try_count=0,interface_msg=try to get ip list from dns_type = 1}
06-04 20:37:29.168 W/UFUnilog( 3469): api_httpdns_fastdns.cpp : 110 {fuc=APIHttpdnsFastDns:GetHttpDnsResult(),interface_msg=start find,business=unifiedx,bgp_flag=1,timeout=2000,domain_list=msg.ptqy.gitv.tv,cache_only=0}
06-04 20:37:29.169 I/UFUnilog( 3469): api_httpdns_fastdns.cpp : 184 {fuc=APIHttpdnsFastDns:GetHttpDnsResult(),interface_msg=v6 domain finded, result4a_size=1, result4aaaa_size=1, result4b_size=1, result4bbbb_size=0}
06-04 20:37:29.169 I/UFUnilog( 3469): api_httpdns_fastdns.cpp : 200 {fuc=APIHttpdnsFastDns:GetHttpDnsResult(),interface_msg=v4 finded,domain=msg.ptqy.gitv.tv,ip_list_count=4,ip_from_cache=1,ns_result=116.211.189.205|443}
06-04 20:37:29.170 I/UFUnilog( 3469): api_httpdns_fastdns.cpp : 221 {fuc=APIHttpdnsFastDns:GetHttpDnsResult(),interface_msg=v6 finded,domain=msg.ptqy.gitv.tv,ip_list_count_v6=3,ip_from_cache=1,ns_result=116.211.189.205|443}
06-04 20:37:29.170 I/UFUnilog( 3469): api_httpdns_fastdns.cpp : 246 {fuc=APIHttpdnsFastDns:GetHttpDnsResult(),interface_msg=v4 backup finded,domain=msg.ptqy.gitv.tv,ip_list_count_b=4,bfirst=0,ip_from_cache=1,ns_result=116.211.189.205|443}
06-04 20:37:29.170 I/UFUnilog( 3469): api_strategy_impl.cpp : 569 PingbackSdk {fuc=APIStrategyImpl:CreateStrategyResult(),logtag=babel_pb_232,strategyname=httpdns-strategy,interface_msg=complete build strategy result,suggest_url_params=,suggest_protocol=,bReplaceWithNewFullUrl=0,bReplaceWithNewHeaders=0}
06-04 20:37:29.170 V/UFUnilog( 3469): UFNEasyCurlClientImpl.cpp : 16 PingbackSdk {fuc=UFNEasyCurlClientImpl:Perform(),logtag=babel_pb_232,interface_msg=in}
06-04 20:37:29.195 E/storage_operate( 3469): HCDN_LOG: [T:3866][HINFO]:[f:UpdateBBNCache],[l:3267],[start_check_task]
06-04 20:37:29.195 W/abs_update_info( 3469): HCDN_LOG: [T:3861][HERROR]:[f:CalcVidCacheBytesFromReadOffset],[l:2489],UPDATA CALC:vid:65f888b7cc0c74b794ab89eac7137fc8,task_seg=2, task_offset=37748736, cur_cache_bytes=31604736, total_cache_bytes=31604736, fileToEnd=0
06-04 20:37:29.195 W/abs_update_info( 3469): HCDN_LOG: [T:3861][HERROR]:[f:UpdateForABS],[l:2545],UPDATA:vid:65f888b7cc0c74b794ab89eac7137fc8,i64ReadOffset=331797280, cache=31604736, CachedBytes=363402016
06-04 20:37:29.195 E/Hcdn_DeTask3128192202( 3469): HCDN_LOG: [T:3861][HINFO]:[f:PostNotifyInfo],[l:248], notify type(6),info({"BandWidth":557056,"CachedBytes":363402016,"IsAd":0,"IsP2P":1,"ReadBytes":331797280,"VID":"65f888b7cc0c74b794ab89eac7137fc8"}
06-04 20:37:29.195 E/Hcdn_DeTask3128192202( 3469): )
06-04 20:37:29.195 E/playfilesourceNew( 3469): HCDN_LOG: [T:3820][HINFO]:[f:DoAsynNotifyInfoResponse],[l:2605],[TaskID(3128192202),type(6),msg({"BandWidth":557056,"CachedBytes":363402016,"IsAd":0,"IsP2P":1,"ReadBytes":331797280,"VID":"65f888b7cc0c74b794ab89eac7137fc8"}
06-04 20:37:29.195 E/playfilesourceNew( 3469): )!]
06-04 20:37:29.195 W/abs ( 3469): HCDN_LOG: [T:3820][func:SetParam],[line:744],e4123580 szParamName = DownloadStatusByHcdn, szParamValue = {"BandWidth":557056,"BandWidth_1":860160,"CachedBytes":363402016,"IsAd":0,"IsP2P":1,"ReadBytes":331797280,"VID":"65f888b7cc0c74b794ab89eac7137fc8"}
06-04 20:37:29.195 W/abs ( 3469): HCDN_LOG: [T:3820][func:update_global_bandwidth_mean],[line:3230],insert_bandwidth_val 1715950:557056, avg_bandwidth=800758!
06-04 20:37:29.195 W/abs ( 3469): HCDN_LOG: [T:3820][func:update_global_bandwidth_mean],[line:3230],insert_bandwidth_val 1715950:860160, avg_bandwidth=804126!
06-04 20:37:29.195 W/abs ( 3469): HCDN_LOG: [T:3820][func:measure_hcdn_buffer],[line:722],measure_hcdn_buffer:hcdn_cached_bytes_=363402016, cur_player_parsed_chunk_idx_=215, cur_hcdn_cached_time=80821, hcdn_cached_time_=80821, hcdn_time_gap_=0, cur_player_pos_=839259
06-04 20:37:29.196 E/abs_info( 3469): HCDN_LOG: [T:3820][HINFO]:[f:PostABSInfo],[l:7214],Task(5), SetABSInterface ret(1) SetParam("DownloadStatusByHcdn", {"BandWidth":557056,"BandWidth_1":860160,"CachedBytes":363402016,"IsAd":0,"IsP2P":1,"ReadBytes":331797280,"VID":"65f888b7cc0c74b794ab89eac7137fc8"}
06-04 20:37:29.196 E/abs_info( 3469): )
06-04 20:37:29.198 D/db_request( 3469): Response Body: {"requestId":"f03683c0-70bc-4eb6-894e-6124f67caccd","code":0,"data":null,"message":"success"}
06-04 20:37:29.200 D/BaseMediaDetailP( 3469): requestChangePlayRecord: 历史记录上报成功 false
06-04 20:37:29.203 D/db_request( 3469): Response Body: {"requestId":"b0c4b9d5-6949-4731-b95d-c7f85aad2e83","code":-1,"data":null,"message":"重复请求"}
06-04 20:37:29.207 D/BaseMediaDetailP( 3469): requestChangePlayRecord: 历史记录上报成功 false
06-04 20:37:29.209 V/WindowManagerShell( 912): Transition animation finished (aborted=false), notifying core (#8)android.os.BinderProxy@e8f56e6@0
06-04 20:37:29.211 V/WindowManager( 707): Finish Transition #8: created at
06-04 20:37:28.610 collect-started=0.084ms request-sent=9.615ms started=14.054ms ready=33.88ms sent=160.578ms finished=600.876ms
06-04 20:37:29.219 V/WindowManagerShell( 912): Track 0 became idle
06-04 20:37:29.219 V/WindowManagerShell( 912): All active transition animations finished
06-04 20:37:29.221 D/CompatibilityChangeReporter( 707): Compat change id reported: 265195908; UID 10075; state: ENABLED
06-04 20:37:29.222 D/CompatibilityChangeReporter( 707): Compat change id reported: 265195908; UID 10051; state: ENABLED
06-04 20:37:29.224 I/TvUniPlayer/SurfaceViewEx@154163289( 3469): onWindowVisibilityChanged(8) false
06-04 20:37:29.225 I/TvUniPlayer/SurfaceViewEx@154163289( 3469): SFView#SHCallback surfaceDestroyed: holder=android.view.SurfaceView$2@a88facc
06-04 20:37:29.225 I/TvUniPlayer/AbsMediaPlayer@7a0c4a5( 3469): OnGalaSurfaceListener OnDestoryed(android.view.SurfaceView$2@a88facc, bSupportSetNull: true)
06-04 20:37:29.225 I/TvUniPlayer/UniPlayer@7a0c4a5( 3469): setSurfaceHolder(), surfaceHolder=null, mVideoOverlay=com.gala.video.player.ui.VideoViewGroup{3f534a0 V.E...... ........ 0,0-1920,1080},notifyReleased:false
06-04 20:37:29.225 I/TvUniPlayer/UniPlayer@7a0c4a5( 3469): setSurfaceHolder need wait
06-04 20:37:29.225 I/TvUniPlayer/SdkMediaPlayer@7fc307a( 3469): set surfaceHolder:null
06-04 20:37:29.225 D/TVUNIPLAYER( 3469): gala_player_SdkMediaPlayer.cpp:390 gala_player_SdkMediaPlayer_setSurfaceHolder(player=0xebcf03d0, surfaceHolder=0x0)
06-04 20:37:29.225 D/TVUNIPLAYER( 3469): gala_player_SdkMediaPlayer.cpp:403 gala_player_SdkMediaPlayer_setSurfaceHolder(player=0xebcf03d0, oldSurfaceHolder=0x472a, sSurfaceHolderRef = 0x0)
06-04 20:37:29.225 I/UNIPLAYERSDK( 3469): MediaPlayerImpl.cpp:233 [MediaPlayerImpl@0xebcf0434]setSurfaceHolder(0x0)
06-04 20:37:29.225 I/UNIPLAYERSDK( 3469): MediaPlayerAdaptor.cpp:297 [PumaPlayerAdaptor@0xe4c22224]doHandleMessage(KMSG_ACTION_SETSURFACEHOLDER, arg1:0, arg2:-111)
06-04 20:37:29.225 I/UNIPLAYERSDK( 3469): PumaPlayer.cpp:131 [PumaPlayer@0xa9c8825c]setWindow()
06-04 20:37:29.229 D/hwc_di ( 296): teardown.
06-04 20:37:29.230 D/hwc_di ( 296): threadMain exit.
06-04 20:37:29.230 D/hwc_di ( 296): teardown: wait last fence
06-04 20:37:29.230 D/hwc_di ( 296): teardown: wait last fence done
06-04 20:37:29.230 E/hwc_di ( 296): release mDi_Out i =0
06-04 20:37:29.231 W/UNIPLAYERSDK( 3469): PumaPlayer.cpp:166 [PumaPlayer@0xa9c8825c]setWindow(), repeat window 0x0
06-04 20:37:29.232 I/UNIPLAYERSDK( 3469): PumaPlayerListener.cpp:521 [PumaPlayerListener@0xe4cfd0d0]OnWindowChanged null
06-04 20:37:29.232 D/UNIPLAYERSDK( 3469): BaseState.cpp:42 [PumaPlayerAdaptor@0xe4c22224@0x96582468]{fm(KMSG_ACTION_SETSURFACEHOLDER),ret(0),at(7,5981,5988),s(11,-2,-2,-2,11),fm=Message@0x964cef70{what=1048580,when=18446744073709551615,arg1=0,arg2=-1111111111,arg3=-1111111111,str=,timeout=0,obj=0x0,runnable=0x0,target=0x0,watchDogOp=0x0}
06-04 20:37:29.232 D/UNIPLAYERSDK( 3469): BaseState.cpp:56 [PumaPlayerAdaptor@0xe4c22224@0x96582468]{fm(KMSG_ACTION_SETSURFACEHOLDER),o(AudioPrevi)-t(0,5981,5981),o(BitstreamS)-t(0,5981,5981),o(CarouselPr)-t(0,5981,5981),o(FastHelper)-t(0,5981,5981),o(HeaderTail)-t(0,5981,5981),o(HighLights)-t(0,5981,5981),o(InteractPr)-t(0,5981,5981),o(LivePrevie)-t(0,5981,5981),o(MediaPlaye)-t(0,5988,5988),o(MovieVVInf)-t(0,5981,5981),o(PPrecacher)-t(0,5981,5981),o(PlayerStuc)-t(0,5981,5981),o(PumaAbsCmd)-t(0,5981,5981),o(PumaAdvert)-t(0,5981,5981),o(PumaBuffer)-t(0,5981,5981),o(PumaError@)-t(0,5981,5981),o(PumaMediaD)-t(0,5981,5981),o(PumaPlayer)-t(0,5981,5981),o(PumaRate@0)-t(0,5981,5981),o(PumaSegmen)-t(0,5981,5981),o(PumaSubtit)-t(0,5981,5981),o(RefreshAcc)-t(0,5981,5981),o(RefreshSer)-t(0,5981,5981),o(SceneKeepe)-t(0,5981,5981),o(SetRate@0x)-t(0,5981,5981),o(SwitchEpis)-t(0,5981,5981),o(VideoPlayC)-t(0,5981,5981)}
06-04 20:37:29.232 I/TvUniPlayer/UniPlayer@7a0c4a5( 3469): end setSurfaceHolder
06-04 20:37:29.245 E/storage_operate( 3469): HCDN_LOG: [T:3866][HINFO]:[f:BBNCheck],[l:3253],,[map_size:0]
06-04 20:37:29.248 D/lau_LauncherLogManager( 3469): onActivityStopped FullScreenDetailActivity ,,, com.dangbei.launcher.media.ui.fullscreen.FullScreenDetailActivity@d6af082
06-04 20:37:29.251 I/TvUniPlayer/UniPlayer@7a0c4a5( 3469): stop()
06-04 20:37:29.251 D/yc_test ( 3469): IQiyiPlayer : dispatchActivityOnStop mediaPlayer - stop
06-04 20:37:29.252 D/hwc_di ( 296): ~DiProcessor
06-04 20:37:29.253 I/SystemControl( 318): [frameRateDisplay] +++
06-04 20:37:29.253 I/SystemControl( 318): SystemControlHal frameRateDisplay 0,[0 0 0 0]
06-04 20:37:29.253 I/SystemControl( 318): [/SysWrite.cpp, getKernelReleaseVersion, 701] getKernelReleaseVersion: 5.15
06-04 20:37:29.253 D/SystemControl( 318): axis is 3840x2160
06-04 20:37:29.253 E/SystemControl( 318): inScreen 3840 2160 [ 0 0 0 0]
06-04 20:37:29.253 D/SystemControl( 318): SystemControlHal frect.inscreen() 0
06-04 20:37:29.253 I/SystemControl( 318): [/SysWrite.cpp, getKernelReleaseVersion, 701] getKernelReleaseVersion: 5.15
06-04 20:37:29.253 D/SystemControl( 318): axis is 3840x2160
06-04 20:37:29.253 E/SystemControl( 318): inScreen 3840 2160 [ 0 0 0 0]
06-04 20:37:29.253 I/SystemControl-FRA( 318): [/FrameRateAutoAdaption.cpp, isFrameRateOn, 176] hdmi frame rate is on
06-04 20:37:29.253 V/MesonDisplayServer( 296): GetDisplayMode:2160p60hz
06-04 20:37:29.253 I/SystemControl-FRA( 318): [/FrameRateAutoAdaption.cpp, setVideoLayerOn, 227] policycontrol by setVideoLayerOn 1 on 0 lastframe 0 and cost 988959781
06-04 20:37:29.254 V/MesonDisplayServer( 296): GetDisplayMode:2160p60hz
06-04 20:37:29.254 I/SystemControl( 318): [frameRateDisplay] ---
06-04 20:37:29.260 I/CLog ( 3469): 2025-06-04 20:37:29.260 T:5702 INFO: RM_AE::4,HEARTBEAT, sink_delay:0.0000, spatial_delay:0.0000, iqae:0,0,0,0,0,0
06-04 20:37:29.260 I/TvUniPlayer/SdkMediaPlayer@7fc307a( 3469): native_stop
06-04 20:37:29.260 D/TVUNIPLAYER( 3469): gala_player_SdkMediaPlayer.cpp:518 native_stop(player=0xebcf03d0)
06-04 20:37:29.260 I/UNIPLAYERSDK( 3469): MediaPlayerImpl.cpp:681 [MediaPlayerImpl@0xebcf0434]stop()
06-04 20:37:29.260 I/UNIPLAYERSDK( 3469): WakeModeSetter.cpp:91 stayAwake() awake = 0.
06-04 20:37:29.260 D/WakeModeSetter( 3469): stayAwake awake:false,mWakeLock.isHeld():false
06-04 20:37:29.261 I/UNIPLAYERSDK( 3469): PumaAdvertisement.cpp:470 [PumaAdvertisement@0xa05384dc]clearAdData 1, 1, 1, 0
06-04 20:37:29.261 I/UNIPLAYERSDK( 3469): PumaAdvertisement.cpp:442 [PumaAdvertisement@0xa05384dc]clearCurrentAdData 1, 1
06-04 20:37:29.261 I/UNIPLAYERSDK( 3469): Advertisement.cpp:477 destroyVvId() vvId:327680
06-04 20:37:29.261 I/CLog ( 3469): 2025-06-04 20:37:29.261 T:3546 WARNING: CheckCAInfo, g_cainfo_path is empty!
06-04 20:37:29.263 D/UNIPLAYERSDK( 3469): VideoPrecacher.cpp:68 getAdaptor() type = 2
06-04 20:37:29.263 D/UNIPLAYERSDK( 3469): PumaVideoPrecacheAdaptor.cpp:67 [PumaVideoPrecacheAdaptor@0xe4c84f64]resetHitData()
06-04 20:37:29.263 I/UNIPLAYERSDK( 3469): MediaPlayerAdaptor.cpp:297 [PumaPlayerAdaptor@0xe4c22224]doHandleMessage(KMSG_ACTION_STOP, arg1:-111, arg2:-111)
06-04 20:37:29.263 D/UNIPLAYERSDK( 3469): CarouselProgramVV.cpp:124 CarouselProgramVV::stop
06-04 20:37:29.263 D/UNIPLAYERSDK( 3469): CarouselProgramVV.cpp:42 CarouselProgramVV::stop(), mStarting=0
06-04 20:37:29.263 I/UNIPLAYERSDK( 3469): PumaAbsCmdScheduler.cpp:58 [PumaAbsCmdScheduler@0x9658595c]Received KMSG_INNERACTION_EVENT_STOPPING,mStatus=1
