06-04 12:13:05.248 D/SystemServerTimingAsync( 707): ssm.onStartUser-0_com.android.server.sensors.SensorService
06-04 12:13:05.248 D/SystemServerTimingAsync( 707): ssm.onStartUser-0_com.android.server.SystemConfigService
06-04 12:13:05.248 D/SystemServerTimingAsync( 707): ssm.onStartUser-0_com.android.server.BatteryService
06-04 12:13:05.248 D/SystemServerTimingAsync( 707): ssm.onStartUser-0_com.android.server.usage.UsageStatsService
06-04 12:13:05.248 D/SystemServerTimingAsync( 707): ssm.onStartUser-0_com.android.server.webkit.WebViewUpdateService
06-04 12:13:05.248 D/SystemServerTimingAsync( 707): ssm.onStartUser-0_com.android.server.CachedDeviceStateService
06-04 12:13:05.248 D/SystemServerTimingAsync( 707): ssm.onStartUser-0_com.android.server.BinderCallsStatsService$LifeCycle
06-04 12:13:05.248 D/SystemServerTimingAsync( 707): ssm.onStartUser-0_com.android.server.LooperStatsService$Lifecycle
06-04 12:13:05.248 D/SystemServerTimingAsync( 707): ssm.onStartUser-0_com.android.server.rollback.RollbackManagerService
06-04 12:13:05.248 D/SystemServerTimingAsync( 707): ssm.onStartUser-0_com.android.server.os.NativeTombstoneManagerService
06-04 12:13:05.248 D/SystemServerTimingAsync( 707): ssm.onStartUser-0_com.android.server.os.BugreportManagerService
06-04 12:13:05.248 D/SystemServerTimingAsync( 707): ssm.onStartUser-0_com.android.server.gpu.GpuService
06-04 12:13:05.248 D/SystemServerTimingAsync( 707): ssm.onStartUser-0_com.android.server.security.rkp.RemoteProvisioningService
06-04 12:13:05.248 D/SystemServerTimingAsync( 707): ssm.onStartUser-0_com.android.server.security.KeyChainSystemService
06-04 12:13:05.248 D/SystemServerTimingAsync( 707): ssm.onStartUser-0_com.android.server.BinaryTransparencyService
06-04 12:13:05.248 D/SystemServerTimingAsync( 707): ssm.onStartUser-0_com.android.server.accounts.AccountManagerService$Lifecycle
06-04 12:13:05.248 D/SystemServerTimingAsync( 707): ssm.onStartUser-0_com.android.server.content.ContentService$Lifecycle
06-04 12:13:05.248 D/SystemServerTimingAsync( 707): ssm.onStartUser-0_com.android.server.deviceconfig.DeviceConfigInit$Lifecycle
06-04 12:13:05.248 D/SystemServerTimingAsync( 707): ssm.onStartUser-0_com.android.server.DropBoxManagerService
06-04 12:13:05.248 D/SystemServerTimingAsync( 707): ssm.onStartUser-0_com.android.role.RoleService
06-04 12:13:05.266 V/WindowManagerShell( 912): Adding init callback for CompatUIController
06-04 12:13:05.279 D/SystemServerTimingAsync( 707): ssm.onStartUser-0_com.android.server.vibrator.VibratorManagerService$Lifecycle
06-04 12:13:05.279 D/SystemServerTimingAsync( 707): ssm.onStartUser-0_com.android.server.tare.InternalResourceService
06-04 12:13:05.279 D/SystemServerTimingAsync( 707): ssm.onStartUser-0_com.android.server.alarm.AlarmManagerService
06-04 12:13:05.283 V/WindowManagerShell( 912): Adding init callback for ShellTaskOrganizer
06-04 12:13:05.279 D/SystemServerTimingAsync( 707): ssm.onStartUser-0_com.android.server.devicestate.DeviceStateManagerService
06-04 12:13:05.285 D/SystemServerTimingAsync( 707): ssm.onStartUser-0_com.android.server.camera.CameraServiceProxy
06-04 12:13:05.290 D/SystemServerTimingAsync( 707): ssm.onStartUser-0_com.android.server.bluetooth.BluetoothService
06-04 12:13:05.326 D/CompatibilityChangeReporter( 707): Compat change id reported: 135634846; UID 1002; state: DISABLED
06-04 12:13:05.331 V/WindowManagerShell( 912): Adding init callback for DefaultTransitionHandler
06-04 12:13:05.331 V/WindowManagerShell( 912): addHandler: Default
06-04 12:13:05.331 V/WindowManagerShell( 912): addHandler: Remote
06-04 12:13:05.331 V/WindowManagerShell( 912): Adding init callback for Transitions
06-04 12:13:05.335 V/WindowManagerShell( 912): Adding init callback for FullscreenTaskListener
06-04 12:13:05.345 I/ActivityManager( 707): Start proc 1011:com.android.bluetooth/1002 for service {com.android.bluetooth/com.android.bluetooth.btservice.AdapterService}
06-04 12:13:05.347 V/WindowManagerShell( 912): Adding init callback for ActivityEmbeddingController
06-04 12:13:05.351 D/CompatibilityChangeReporter( 707): Compat change id reported: 161145287; UID 10052; state: ENABLED
06-04 12:13:05.352 V/WindowManagerShell( 912): Adding init callback for StartingWindowController
06-04 12:13:05.352 V/WindowManagerShell( 912): Adding init callback for ProtoLogController
06-04 12:13:05.356 V/WindowManagerShell( 912): Adding init callback for TvPipTransition
06-04 12:13:05.368 D/CompatibilityChangeReporter( 707): Compat change id reported: 253665015; UID 1073; state: ENABLED
06-04 12:13:05.380 D/GameManagerService( 707): User ID '0' does not have a Game Mode selected for package: 'com.android.bluetooth'
06-04 12:13:05.380 D/CompatibilityChangeReporter( 707): Compat change id reported: 168419799; UID 1002; state: DISABLED
06-04 12:13:05.381 D/CompatibilityChangeReporter( 707): Compat change id reported: 273564678; UID 1002; state: DISABLED
06-04 12:13:05.395 D/CompatibilityChangeReporter( 707): Compat change id reported: 265195908; UID 1002; state: ENABLED
06-04 12:13:05.396 D/CompatibilityChangeReporter( 707): Compat change id reported: 194532703; UID 1073; state: ENABLED
06-04 12:13:05.403 D/WindowManagerShell( 912): TvPipActionsProvider: onMediaActionsChanged()
06-04 12:13:05.403 D/WindowManagerShell( 912): TvPipActionsProvider: replaceCustomActions, count: 0
06-04 12:13:05.403 D/WindowManagerShell( 912): TvPipMenuController: setDelegate(), delegate=com.android.wm.shell.pip.tv.TvPipController@5f5b04f
06-04 12:13:05.403 V/WindowManagerShell( 912): Adding init callback for TvPipController
06-04 12:13:05.403 V/WindowManagerShell( 912): Adding init callback for KeyguardTransitionHandler
06-04 12:13:05.407 V/WindowManagerShell( 912): Adding init callback for BackAnimationController
06-04 12:13:05.408 V/WindowManagerShell( 912): Initializing Shell Components: 18
06-04 12:13:05.412 V/WindowManagerShell( 912): DisplayChangeController init took 4ms
06-04 12:13:05.415 W/SystemServiceManager( 707): Service com.android.server.bluetooth.BluetoothService took 117 ms in onStartUser-0
06-04 12:13:05.415 D/SystemServerTimingAsync( 707): ssm.onStartUser-0_com.android.server.connectivity.IpConnectivityMetrics
06-04 12:13:05.415 D/SystemServerTimingAsync( 707): ssm.onStartUser-0_com.android.server.net.watchlist.NetworkWatchlistService$Lifecycle
06-04 12:13:05.415 D/SystemServerTimingAsync( 707): ssm.onStartUser-0_com.android.server.PinnerService
06-04 12:13:05.415 D/SystemServerTimingAsync( 707): ssm.onStartUser-0_com.android.server.integrity.AppIntegrityManagerService
06-04 12:13:05.415 D/SystemServerTimingAsync( 707): ssm.onStartUser-0_com.android.server.logcat.LogcatManagerService
06-04 12:13:05.415 D/SystemServerTimingAsync( 707): ssm.onStartUser-0_com.android.server.inputmethod.InputMethodManagerService$Lifecycle
06-04 12:13:05.415 D/SystemServerTimingAsync( 707): ssm.onStartUser-0_com.android.server.accessibility.AccessibilityManagerService$Lifecycle
06-04 12:13:05.415 D/SystemServerTimingAsync( 707): ssm.onStartUser-0_com.android.server.StorageManagerService$Lifecycle
06-04 12:13:05.417 V/WindowManagerShell( 912): DisplayController init took 5ms
06-04 12:13:05.419 V/WindowManagerShell( 912): DisplayInsetsController init took 2ms
06-04 12:13:05.419 V/WindowManagerShell( 912): DisplayImeController init took 0ms
06-04 12:13:05.419 V/WindowManagerShell( 912): Adding dump callback for ShellController
06-04 12:13:05.419 V/WindowManagerShell( 912): ShellController init took 0ms
06-04 12:13:05.419 V/WindowManagerShell( 912): Adding external interface from DragAndDropController with key extra_shell_drag_and_drop
06-04 12:13:05.420 V/WindowManagerShell( 912): Adding dump callback for DragAndDropController
06-04 12:13:05.420 V/WindowManagerShell( 912): DragAndDropController init took 0ms
06-04 12:13:05.420 V/WindowManagerShell( 912): Adding command class compatui for CompatUIShellCommandHandler
06-04 12:13:05.420 V/WindowManagerShell( 912): CompatUIController init took 0ms
06-04 12:13:05.420 V/WindowManagerShell( 912): Adding dump callback for ShellTaskOrganizer
06-04 12:13:05.423 V/StorageManagerService( 707): Package com.dangbei.lerad.leradwatcher has legacy storage
06-04 12:13:05.423 V/StorageManagerService( 707): Package com.android.cts.priv.ctsshim does not have legacy storage
06-04 12:13:05.425 V/WindowManagerShell( 912): ShellTaskOrganizer init took 5ms
06-04 12:13:05.423 V/StorageManagerService( 707): Package com.android.uwb.resources does not have legacy storage
06-04 12:13:05.434 V/StorageManagerService( 707): Package com.android.adservices.api does not have legacy storage
06-04 12:13:05.434 V/StorageManagerService( 707): Package com.android.dynsystem does not have legacy storage
06-04 12:13:05.434 V/StorageManagerService( 707): Package com.dangbei.lerad.rocky does not have legacy storage
06-04 12:13:05.434 V/StorageManagerService( 707): Package com.android.healthconnect.controller does not have legacy storage
06-04 12:13:05.434 V/StorageManagerService( 707): Package com.android.providers.calendar does not have legacy storage
06-04 12:13:05.434 V/StorageManagerService( 707): Package com.android.tv.settings does not have legacy storage
06-04 12:13:05.434 V/StorageManagerService( 707): Package com.android.providers.media does not have legacy storage
06-04 12:13:05.435 V/StorageManagerService( 707): Package com.android.health.connect.backuprestore does not have legacy storage
06-04 12:13:05.435 V/StorageManagerService( 707): Package com.android.virtualmachine.res does not have legacy storage
06-04 12:13:05.435 V/StorageManagerService( 707): Package com.dangbei.zhushou.os does not have legacy storage
06-04 12:13:05.435 V/StorageManagerService( 707): Package com.sohu.inputmethod.sogou.tv has legacy storage
06-04 12:13:05.435 V/StorageManagerService( 707): Package com.droidlogic.tvprovider.overlay does not have legacy storage
06-04 12:13:05.435 V/StorageManagerService( 707): Package com.android.externalstorage does not have legacy storage
06-04 12:13:05.435 V/StorageManagerService( 707): Package com.android.htmlviewer does not have legacy storage
06-04 12:13:05.435 V/StorageManagerService( 707): Package com.android.companiondevicemanager does not have legacy storage
06-04 12:13:05.435 V/StorageManagerService( 707): Package com.android.providers.downloads does not have legacy storage
06-04 12:13:05.436 V/StorageManagerService( 707): Package com.android.providers.tv does not have legacy storage
06-04 12:13:05.436 V/StorageManagerService( 707): Package com.droidlogic.mediacenter does not have legacy storage
06-04 12:13:05.436 V/StorageManagerService( 707): Package com.android.federatedcompute.services does not have legacy storage
06-04 12:13:05.436 V/StorageManagerService( 707): Package com.droidlogic does not have legacy storage
06-04 12:13:05.436 V/StorageManagerService( 707): Package com.droidlogic.tv.settings does not have legacy storage
06-04 12:13:05.436 V/StorageManagerService( 707): Package com.oranth.ledstatus does not have legacy storage
06-04 12:13:05.436 V/StorageManagerService( 707): Package com.android.tv.overlay.lps.disabled does not have legacy storage
06-04 12:13:05.436 V/StorageManagerService( 707): Package com.dangbei.lerad.videoposter has legacy storage
06-04 12:13:05.436 V/StorageManagerService( 707): Package com.android.tv.overlay.settingsprovider does not have legacy storage
06-04 12:13:05.436 V/StorageManagerService( 707): Package com.android.safetycenter.resources does not have legacy storage
06-04 12:13:05.436 V/StorageManagerService( 707): Package com.android.pacprocessor does not have legacy storage
06-04 12:13:05.436 V/StorageManagerService( 707): Package com.android.networkstack does not have legacy storage
06-04 12:13:05.436 V/StorageManagerService( 707): Package com.android.connectivity.resources does not have legacy storage
06-04 12:13:05.436 V/StorageManagerService( 707): Package com.android.modulemetadata does not have legacy storage
06-04 12:13:05.436 V/StorageManagerService( 707): Package com.android.certinstaller does not have legacy storage
06-04 12:13:05.436 V/StorageManagerService( 707): Package com.android.wifi.dialog does not have legacy storage
06-04 12:13:05.436 V/StorageManagerService( 707): Package com.dangbei.dbmusic.dbos.tab has legacy storage
06-04 12:13:05.436 V/StorageManagerService( 707): Package android does not have legacy storage
06-04 12:13:05.436 V/StorageManagerService( 707): Package com.android.camera2 does not have legacy storage
06-04 12:13:05.436 V/StorageManagerService( 707): Package com.android.mtp does not have legacy storage
06-04 12:13:05.436 V/StorageManagerService( 707): Package com.android.backupconfirm does not have legacy storage
06-04 12:13:05.436 V/StorageManagerService( 707): Package com.android.systemui.auto_generated_rro_vendor__ does not have legacy storage
06-04 12:13:05.436 V/StorageManagerService( 707): Package com.android.tv.overlay.networkstack does not have legacy storage
06-04 12:13:05.436 V/StorageManagerService( 707): Package com.android.statementservice does not have legacy storage
06-04 12:13:05.436 V/StorageManagerService( 707): Package com.dangbei.screencast has legacy storage
06-04 12:13:05.436 V/StorageManagerService( 707): Package com.android.settings.intelligence does not have legacy storage
06-04 12:13:05.436 V/StorageManagerService( 707): Package com.dangbei.leard.leradlauncher does not have legacy storage
06-04 12:13:05.437 V/StorageManagerService( 707): Package com.android.providers.settings does not have legacy storage
06-04 12:13:05.437 V/StorageManagerService( 707): Package com.android.sharedstoragebackup does not have legacy storage
06-04 12:13:05.437 V/StorageManagerService( 707): Package com.android.printspooler does not have legacy storage
06-04 12:13:05.437 V/StorageManagerService( 707): Package com.android.dreams.basic does not have legacy storage
06-04 12:13:05.440 V/WindowManagerShell( 912): DefaultTransitionHandler init took 14ms
06-04 12:13:05.444 V/WindowManagerShell( 912): Adding external interface from Transitions with key extra_shell_shell_transitions
06-04 12:13:05.437 V/StorageManagerService( 707): Package com.android.webview does not have legacy storage
06-04 12:13:05.446 V/StorageManagerService( 707): Package com.android.se does not have legacy storage
06-04 12:13:05.446 V/StorageManagerService( 707): Package com.android.inputdevices does not have legacy storage
06-04 12:13:05.446 V/StorageManagerService( 707): Package com.android.rkpdapp does not have legacy storage
06-04 12:13:05.446 V/StorageManagerService( 707): Package com.android.tv.overlay.wifi.resources does not have legacy storage
06-04 12:13:05.446 V/StorageManagerService( 707): Package com.oranth.inputmacsn does not have legacy storage
06-04 12:13:05.447 V/StorageManagerService( 707): Package com.android.musicfx does not have legacy storage
06-04 12:13:05.447 V/StorageManagerService( 707): Package com.dangbei.hqguide does not have legacy storage
06-04 12:13:05.447 V/StorageManagerService( 707): Package com.dangbei.hqmedia does not have legacy storage
06-04 12:13:05.447 V/StorageManagerService( 707): Package com.droidlogic.systemui.overlay does not have legacy storage
06-04 12:13:05.447 V/StorageManagerService( 707): Package android.ext.shared does not have legacy storage
06-04 12:13:05.447 V/StorageManagerService( 707): Package com.android.keychain does not have legacy storage
06-04 12:13:05.447 V/StorageManagerService( 707): Package com.dlg.framework.overlay does not have legacy storage
06-04 12:13:05.447 V/StorageManagerService( 707): Package android.ext.services does not have legacy storage
06-04 12:13:05.447 V/StorageManagerService( 707): Package com.android.wifi.resources does not have legacy storage
06-04 12:13:05.447 V/StorageManagerService( 707): Package com.android.cameraextensions does not have legacy storage
06-04 12:13:05.447 V/StorageManagerService( 707): Package com.android.localtransport does not have legacy storage
06-04 12:13:05.447 V/StorageManagerService( 707): Package com.android.networkstack.tethering.droidlogic does not have legacy storage
06-04 12:13:05.447 V/StorageManagerService( 707): Package com.droidlogic.mictoggle does not have legacy storage
06-04 12:13:05.447 V/StorageManagerService( 707): Package com.android.packageinstaller does not have legacy storage
06-04 12:13:05.447 V/StorageManagerService( 707): Package com.cskj.factorytest does not have legacy storage
06-04 12:13:05.447 V/StorageManagerService( 707): Package com.android.proxyhandler does not have legacy storage
06-04 12:13:05.447 V/StorageManagerService( 707): Package com.android.intentresolver does not have legacy storage
06-04 12:13:05.447 V/StorageManagerService( 707): Package com.android.nearby.halfsheet does not have legacy storage
06-04 12:13:05.447 V/StorageManagerService( 707): Package com.android.managedprovisioning does not have legacy storage
06-04 12:13:05.447 V/StorageManagerService( 707): Package com.oranth.usbopenft does not have legacy storage
06-04 12:13:05.447 V/StorageManagerService( 707): Package com.android.networkstack.tethering does not have legacy storage
06-04 12:13:05.447 V/StorageManagerService( 707): Package com.android.soundpicker does not have legacy storage
06-04 12:13:05.447 V/StorageManagerService( 707): Package com.dangbei.lerad.etna.haqu does not have legacy storage
06-04 12:13:05.447 V/StorageManagerService( 707): Package com.droidlogic.miracast does not have legacy storage
06-04 12:13:05.447 V/StorageManagerService( 707): Package com.amlogic.tv.overlay.matchcontent does not have legacy storage
06-04 12:13:05.447 V/StorageManagerService( 707): Package com.droidlogic.wifitetheringoverlay does not have legacy storage
06-04 12:13:05.448 V/StorageManagerService( 707): Package com.tv.filemanager.os has legacy storage
06-04 12:13:05.448 V/StorageManagerService( 707): Package com.oranth.powerwindow does not have legacy storage
06-04 12:13:05.448 V/StorageManagerService( 707): Package com.android.cts.ctsshim does not have legacy storage
06-04 12:13:05.448 V/StorageManagerService( 707): Package com.dangbei.lerad.screensaver does not have legacy storage
06-04 12:13:05.448 V/StorageManagerService( 707): Package com.droidlogic.wifion does not have legacy storage
06-04 12:13:05.448 V/StorageManagerService( 707): Package com.android.vpndialogs does not have legacy storage
06-04 12:13:05.448 V/StorageManagerService( 707): Package com.android.music does not have legacy storage
06-04 12:13:05.448 V/StorageManagerService( 707): Package com.android.shell does not have legacy storage
06-04 12:13:05.448 V/StorageManagerService( 707): Package com.android.sdksandbox does not have legacy storage
06-04 12:13:05.448 V/StorageManagerService( 707): Package com.android.wallpaperbackup does not have legacy storage
06-04 12:13:05.448 V/StorageManagerService( 707): Package com.android.providers.userdictionary does not have legacy storage
06-04 12:13:05.448 V/StorageManagerService( 707): Package com.android.providers.media.module does not have legacy storage
06-04 12:13:05.448 V/StorageManagerService( 707): Package com.oranth.storage does not have legacy storage
06-04 12:13:05.448 V/StorageManagerService( 707): Package com.android.hotspot2.osulogin does not have legacy storage
06-04 12:13:05.448 V/StorageManagerService( 707): Package com.android.location.fused does not have legacy storage
06-04 12:13:05.448 V/StorageManagerService( 707): Package com.android.deskclock does not have legacy storage
06-04 12:13:05.448 V/StorageManagerService( 707): Package com.android.systemui does not have legacy storage
06-04 12:13:05.448 V/StorageManagerService( 707): Package com.dangbei.haqusetting does not have legacy storage
06-04 12:13:05.448 V/StorageManagerService( 707): Package com.android.tv.overlay.framework does not have legacy storage
06-04 12:13:05.448 V/StorageManagerService( 707): Package com.android.permissioncontroller does not have legacy storage
06-04 12:13:05.448 V/StorageManagerService( 707): Package com.droidlogic.appinstall does not have legacy storage
06-04 12:13:05.448 V/StorageManagerService( 707): Package com.android.ondevicepersonalization.services does not have legacy storage
06-04 12:13:05.448 V/StorageManagerService( 707): Package com.android.bluetooth does not have legacy storage
06-04 12:13:05.448 V/StorageManagerService( 707): Package com.android.providers.contacts does not have legacy storage
06-04 12:13:05.448 V/StorageManagerService( 707): Package com.android.captiveportallogin does not have legacy storage
06-04 12:13:05.448 V/StorageManagerService( 707): Package com.droidlogic.overlay does not have legacy storage
06-04 12:13:05.448 V/StorageManagerService( 707): Package com.android.devicelockcontroller does not have legacy storage
06-04 12:13:05.449 V/StorageManagerService( 707): Package com.cibn.tv has legacy storage
06-04 12:13:05.449 V/StorageManagerService( 707): Package com.android.ext.adservices.api does not have legacy storage
06-04 12:13:05.449 V/StorageManagerService( 707): Package android.auto_generated_rro_vendor__ does not have legacy storage
06-04 12:13:05.458 D/SystemServerTimingAsync( 707): ssm.onStartUser-0_com.android.server.usage.StorageStatsService$Lifecycle
06-04 12:13:05.458 D/SystemServerTimingAsync( 707): ssm.onStartUser-0_com.android.server.UiModeManagerService
06-04 12:13:05.458 D/SystemServerTimingAsync( 707): ssm.onStartUser-0_com.android.server.locales.LocaleManagerService
06-04 12:13:05.458 D/SystemServerTimingAsync( 707): ssm.onStartUser-0_com.android.server.grammaticalinflection.GrammaticalInflectionService
06-04 12:13:05.458 D/SystemServerTimingAsync( 707): ssm.onStartUser-0_com.android.server.apphibernation.AppHibernationService
06-04 12:13:05.458 D/SystemServerTimingAsync( 707): ssm.onStartUser-0_com.android.server.locksettings.LockSettingsService$Lifecycle
06-04 12:13:05.458 D/SystemServerTimingAsync( 707): ssm.onStartUser-0_com.android.server.PersistentDataBlockService
06-04 12:13:05.458 D/SystemServerTimingAsync( 707): ssm.onStartUser-0_com.android.server.testharness.TestHarnessModeService
06-04 12:13:05.458 D/SystemServerTimingAsync( 707): ssm.onStartUser-0_com.android.server.oemlock.OemLockService
06-04 12:13:05.458 D/SystemServerTimingAsync( 707): ssm.onStartUser-0_com.android.server.DeviceIdleController
06-04 12:13:05.458 D/SystemServerTimingAsync( 707): ssm.onStartUser-0_com.android.server.devicepolicy.DevicePolicyManagerService$Lifecycle
06-04 12:13:05.466 D/SystemServerTimingAsync( 707): ssm.onStartUser-0_com.android.server.texttospeech.TextToSpeechManagerService
06-04 12:13:05.466 D/SystemServerTimingAsync( 707): ssm.onStartUser-0_com.android.server.ambientcontext.AmbientContextManagerService
06-04 12:13:05.466 D/SystemServerTimingAsync( 707): ssm.onStartUser-0_com.android.server.wearable.WearableSensingManagerService
06-04 12:13:05.466 D/SystemServerTimingAsync( 707): ssm.onStartUser-0_com.android.server.speech.SpeechRecognitionManagerService
06-04 12:13:05.466 D/SystemServerTimingAsync( 707): ssm.onStartUser-0_com.android.server.searchui.SearchUiManagerService
06-04 12:13:05.466 D/SystemServerTimingAsync( 707): ssm.onStartUser-0_com.android.server.smartspace.SmartspaceManagerService
06-04 12:13:05.466 D/SystemServerTimingAsync( 707): ssm.onStartUser-0_com.android.server.graphics.fonts.FontManagerService$Lifecycle
06-04 12:13:05.466 D/SystemServerTimingAsync( 707): ssm.onStartUser-0_com.android.server.textservices.TextServicesManagerService$Lifecycle
06-04 12:13:05.466 D/SystemServerTimingAsync( 707): ssm.onStartUser-0_com.android.server.textclassifier.TextClassificationManagerService$Lifecycle
06-04 12:13:05.467 D/SystemServerTimingAsync( 707): ssm.onStartUser-0_com.android.server.NetworkScoreService$Lifecycle
06-04 12:13:05.467 D/SystemServerTimingAsync( 707): ssm.onStartUser-0_com.android.server.NetworkStatsServiceInitializer
06-04 12:13:05.467 D/SystemServerTimingAsync( 707): ssm.onStartUser-0_com.android.server.wifi.WifiService
06-04 12:13:05.467 D/SystemServerTimingAsync( 707): ssm.onStartUser-0_com.android.server.wifi.scanner.WifiScanningService
06-04 12:13:05.467 D/SystemServerTimingAsync( 707): ssm.onStartUser-0_com.android.server.wifi.p2p.WifiP2pService
06-04 12:13:05.467 D/SystemServerTimingAsync( 707): ssm.onStartUser-0_com.android.server.ConnectivityServiceInitializer
06-04 12:13:05.467 D/SystemServerTimingAsync( 707): ssm.onStartUser-0_com.android.server.notification.NotificationManagerService
06-04 12:13:05.467 D/SystemServerTimingAsync( 707): ssm.onStartUser-0_com.android.server.storage.DeviceStorageMonitorService
06-04 12:13:05.467 D/SystemServerTimingAsync( 707): ssm.onStartUser-0_com.android.server.timedetector.TimeDetectorService$Lifecycle
06-04 12:13:05.467 D/SystemServerTimingAsync( 707): ssm.onStartUser-0_com.android.server.location.LocationManagerService$Lifecycle
06-04 12:13:05.468 D/SystemServerTimingAsync( 707): ssm.onStartUser-0_com.android.server.timezonedetector.TimeZoneDetectorService$Lifecycle
06-04 12:13:05.468 D/SystemServerTimingAsync( 707): ssm.onStartUser-0_com.android.server.location.altitude.AltitudeService$Lifecycle
06-04 12:13:05.468 D/SystemServerTimingAsync( 707): ssm.onStartUser-0_com.android.server.timezonedetector.location.LocationTimeZoneManagerService$Lifecycle
06-04 12:13:05.468 D/SystemServerTimingAsync( 707): ssm.onStartUser-0_com.android.server.search.SearchManagerService$Lifecycle
06-04 12:13:05.468 D/SystemServerTimingAsync( 707): ssm.onStartUser-0_com.android.server.wallpaper.WallpaperManagerService$Lifecycle
06-04 12:13:05.468 D/SystemServerTimingAsync( 707): ssm.onStartUser-0_com.android.server.wallpapereffectsgeneration.WallpaperEffectsGenerationManagerService
06-04 12:13:05.468 D/SystemServerTimingAsync( 707): ssm.onStartUser-0_com.android.server.audio.AudioService$Lifecycle
06-04 12:13:05.468 D/SystemServerTimingAsync( 707): ssm.onStartUser-0_com.android.server.soundtrigger_middleware.SoundTriggerMiddlewareService$Lifecycle
06-04 12:13:05.468 D/SystemServerTimingAsync( 707): ssm.onStartUser-0_com.android.server.adb.AdbService$Lifecycle
06-04 12:13:05.468 D/SystemServerTimingAsync( 707): ssm.onStartUser-0_com.android.server.usb.UsbService$Lifecycle
06-04 12:13:05.468 D/SystemServerTimingAsync( 707): ssm.onStartUser-0_com.android.server.twilight.TwilightService
06-04 12:13:05.468 D/SystemServerTimingAsync( 707): ssm.onStartUser-0_com.android.server.display.color.ColorDisplayService
06-04 12:13:05.468 D/SystemServerTimingAsync( 707): ssm.onStartUser-0_com.android.server.job.JobSchedulerService
06-04 12:13:05.471 D/SystemServerTimingAsync( 707): ssm.onStartUser-0_com.android.server.soundtrigger.SoundTriggerService
06-04 12:13:05.471 D/SystemServerTimingAsync( 707): ssm.onStartUser-0_com.android.server.trust.TrustManagerService
06-04 12:13:05.471 D/SystemServerTimingAsync( 707): ssm.onStartUser-0_com.android.server.backup.BackupManagerService$Lifecycle
06-04 12:13:05.471 D/SystemServerTimingAsync( 707): ssm.onStartUser-0_com.android.server.appwidget.AppWidgetService
06-04 12:13:05.471 D/SystemServerTimingAsync( 707): ssm.onStartUser-0_com.android.server.voiceinteraction.VoiceInteractionManagerService
06-04 12:13:05.472 W/VoiceInteractionManager( 707): no available voice recognition services found for user 0
06-04 12:13:05.472 D/SystemServerTimingAsync( 707): ssm.onStartUser-0_com.android.server.GestureLauncherService
06-04 12:13:05.472 D/SystemServerTimingAsync( 707): ssm.onStartUser-0_com.android.server.SensorNotificationService
06-04 12:13:05.472 D/SystemServerTimingAsync( 707): ssm.onStartUser-0_com.android.server.emergency.EmergencyAffordanceService
06-04 12:13:05.472 D/SystemServerTimingAsync( 707): ssm.onStartUser-0_com.android.server.blob.BlobStoreManagerService
06-04 12:13:05.472 D/SystemServerTimingAsync( 707): ssm.onStartUser-0_com.android.server.dreams.DreamManagerService
06-04 12:13:05.472 D/SystemServerTimingAsync( 707): ssm.onStartUser-0_com.android.server.security.AttestationVerificationManagerService
06-04 12:13:05.472 D/SystemServerTimingAsync( 707): ssm.onStartUser-0_com.android.server.restrictions.RestrictionsManagerService
06-04 12:13:05.472 D/SystemServerTimingAsync( 707): ssm.onStartUser-0_com.android.server.media.MediaSessionService
06-04 12:13:05.472 D/SystemServerTimingAsync( 707): ssm.onStartUser-0_com.android.server.hdmi.HdmiControlService
06-04 12:13:05.472 D/SystemServerTimingAsync( 707): ssm.onStartUser-0_com.android.server.tv.interactive.TvInteractiveAppManagerService
06-04 12:13:05.472 D/SystemServerTimingAsync( 707): ssm.onStartUser-0_com.android.server.tv.TvInputManagerService
06-04 12:13:05.472 D/SystemServerTimingAsync( 707): ssm.onStartUser-0_com.android.server.media.MediaResourceMonitorService
06-04 12:13:05.472 D/SystemServerTimingAsync( 707): ssm.onStartUser-0_com.android.server.tv.TvRemoteService
06-04 12:13:05.472 D/SystemServerTimingAsync( 707): ssm.onStartUser-0_com.android.server.biometrics.BiometricService
06-04 12:13:05.472 D/SystemServerTimingAsync( 707): ssm.onStartUser-0_com.android.server.biometrics.AuthService
06-04 12:13:05.472 D/SystemServerTimingAsync( 707): ssm.onStartUser-0_com.android.server.pm.ShortcutService$Lifecycle
06-04 12:13:05.472 D/SystemServerTimingAsync( 707): ssm.onStartUser-0_com.android.server.pm.LauncherAppsService
06-04 12:13:05.472 D/SystemServerTimingAsync( 707): ssm.onStartUser-0_com.android.server.pm.CrossProfileAppsService
06-04 12:13:05.472 D/SystemServerTimingAsync( 707): ssm.onStartUser-0_com.android.server.people.PeopleService
06-04 12:13:05.472 D/SystemServerTimingAsync( 707): ssm.onStartUser-0_com.android.server.media.metrics.MediaMetricsManagerService
06-04 12:13:05.472 D/SystemServerTimingAsync( 707): ssm.onStartUser-0_com.android.server.pm.BackgroundInstallControlService
06-04 12:13:05.472 D/SystemServerTimingAsync( 707): ssm.onStartUser-0_com.android.server.media.projection.MediaProjectionManagerService
06-04 12:13:05.472 D/SystemServerTimingAsync( 707): ssm.onStartUser-0_com.android.server.slice.SliceManagerService$Lifecycle
06-04 12:13:05.472 D/SystemServerTimingAsync( 707): ssm.onStartUser-0_com.android.server.stats.StatsCompanion$Lifecycle
06-04 12:13:05.472 D/SystemServerTimingAsync( 707): ssm.onStartUser-0_com.android.server.scheduling.RebootReadinessManagerService$Lifecycle
06-04 12:13:05.472 D/SystemServerTimingAsync( 707): ssm.onStartUser-0_com.android.server.stats.pull.StatsPullAtomService
06-04 12:13:05.472 D/SystemServerTimingAsync( 707): ssm.onStartUser-0_com.android.server.stats.bootstrap.StatsBootstrapAtomService$Lifecycle
06-04 12:13:05.472 D/SystemServerTimingAsync( 707): ssm.onStartUser-0_com.android.server.incident.IncidentCompanionService
06-04 12:13:05.472 D/SystemServerTimingAsync( 707): ssm.onStartUser-0_com.android.server.sdksandbox.SdkSandboxManagerService$Lifecycle
06-04 12:13:05.472 D/SystemServerTimingAsync( 707): ssm.onStartUser-0_com.android.server.adservices.AdServicesManagerService$Lifecycle
06-04 12:13:05.472 D/SystemServerTimingAsync( 707): ssm.onStartUser-0_com.android.server.ondevicepersonalization.OnDevicePersonalizationSystemService$Lifecycle
06-04 12:13:05.472 D/SystemServerTimingAsync( 707): ssm.onStartUser-0_com.android.server.autofill.AutofillManagerService
06-04 12:13:05.472 D/SystemServerTimingAsync( 707): ssm.onStartUser-0_com.android.server.clipboard.ClipboardService
06-04 12:13:05.472 D/SystemServerTimingAsync( 707): ssm.onStartUser-0_com.android.server.appbinding.AppBindingService$Lifecycle
06-04 12:13:05.472 W/AppBindingService( 707): [Default SMS app] u0 Target package not found
06-04 12:13:05.472 D/SystemServerTimingAsync( 707): ssm.onStartUser-0_com.android.server.tracing.TracingServiceProxy
06-04 12:13:05.472 D/SystemServerTimingAsync( 707): ssm.onStartUser-0_com.android.server.policy.PermissionPolicyService
06-04 12:13:05.473 D/SystemServerTimingAsync( 707): ssm.onStartUser-0_com.android.server.pm.StagingManager$Lifecycle
06-04 12:13:05.473 D/SystemServerTimingAsync( 707): ssm.onStartUser-0_com.android.server.app.GameManagerService$Lifecycle
06-04 12:13:05.473 D/GameManagerService( 707): Starting user 0
06-04 12:13:05.482 V/WindowManagerShell( 912): Adding command class transitions for Transitions
06-04 12:13:05.482 D/SystemServerTimingAsync( 707): ssm.onStartUser-0_com.android.safetycenter.SafetyCenterService
06-04 12:13:05.482 D/SystemServerTimingAsync( 707): ssm.onStartUser-0_com.android.server.appsearch.AppSearchModule$Lifecycle
06-04 12:13:05.482 D/SystemServerTimingAsync( 707): ssm.onStartUser-0_com.android.server.media.MediaCommunicationService
06-04 12:13:05.482 V/WindowManagerShell( 912): Transitions init took 43ms
06-04 12:13:05.483 V/WindowManagerShell( 912): FullscreenTaskListener init took 0ms
06-04 12:13:05.483 V/WindowManagerShell( 912): addHandler: ActivityEmbeddingController
06-04 12:13:05.483 V/WindowManagerShell( 912): ActivityEmbeddingController init took 1ms
06-04 12:13:05.483 V/WindowManagerShell( 912): Adding external interface from StartingWindowController with key extra_shell_starting_window
06-04 12:13:05.483 V/WindowManagerShell( 912): StartingWindowController init took 0ms
06-04 12:13:05.483 V/WindowManagerShell( 912): Adding command class protolog for ProtoLogController
06-04 12:13:05.483 V/WindowManagerShell( 912): ProtoLogController init took 0ms
06-04 12:13:05.483 V/WindowManagerShell( 912): addHandler: TvPipTransition
06-04 12:13:05.483 V/WindowManagerShell( 912): TvPipTransition init took 0ms
06-04 12:13:05.483 D/SystemServerTimingAsync( 707): ssm.onStartUser-0_com.android.server.compat.overrides.AppCompatOverridesService$Lifecycle
06-04 12:13:05.483 D/SystemServerTimingAsync( 707): ssm.onStartUser-0_com.android.server.healthconnect.HealthConnectManagerService
06-04 12:13:05.483 D/SystemServerTimingAsync( 707): ssm.onStartUser-0_com.android.server.devicelock.DeviceLockService
06-04 12:13:05.484 D/SystemServerTiming( 707): startPersistentApps
06-04 12:13:05.493 V/WindowManagerShell( 912): TvPipController init took 10ms
06-04 12:13:05.493 V/WindowManagerShell( 912): addHandler: KeyguardTransitionHandler
06-04 12:13:05.494 V/WindowManagerShell( 912): KeyguardTransitionHandler init took 0ms
06-04 12:13:05.501 I/ActivityManager( 707): com.droidlogic is exempt from freezer
06-04 12:13:05.501 D/CompatibilityChangeReporter( 707): Compat change id reported: 135634846; UID 1000; state: DISABLED
06-04 12:13:05.503 D/ShellBackPreview( 912): Back animation enabled=false
06-04 12:13:05.504 D/CompatibilityChangeReporter( 707): Compat change id reported: 135634846; UID 1068; state: DISABLED
06-04 12:13:05.504 D/SystemServerTiming( 707): startHomeOnAllDisplays
06-04 12:13:05.506 D/WindowManager( 707): ThemeHomeDelay: Home launch was deferred.
06-04 12:13:05.507 D/SystemServerTiming( 707): showSystemReadyErrorDialogs
06-04 12:13:05.517 V/WindowManagerShell( 912): Adding external interface from BackAnimationController with key extra_shell_back_animation
06-04 12:13:05.523 V/WindowManagerShell( 912): BackAnimationController init took 29ms
06-04 12:13:05.523 V/ShellDragAndDrop( 912): Display added: 0
06-04 12:13:05.531 D/CountryDetector( 707): Using custom country detector class: com.android.server.location.ComprehensiveCountryDetector
06-04 12:13:05.531 E/CountryDetector( 707): Could not instantiate the custom country detector class
06-04 12:13:05.532 D/CountryDetector( 707): Using default country detector
06-04 12:13:05.643 E/Build ( 707): Vendor interface is incompatible, error=1
06-04 12:13:05.643 E/ActivityTaskManager( 707): Build fingerprint is not consistent, warning user
06-04 12:13:05.643 D/SystemServerTiming( 707): sendUserStartBroadcast
06-04 12:13:05.647 D/SystemServerTiming( 707): resumeTopActivities
06-04 12:13:05.647 D/SystemServerTiming( 707): sendUserSwitchBroadcasts
06-04 12:13:05.649 D/SystemServerTiming( 707): setBinderProxies
06-04 12:13:05.650 D/SystemServerTiming( 707): componentAlias
06-04 12:13:05.651 D/ComponentAliasResolver( 707): Compat listener set.
06-04 12:13:05.651 D/SystemServerTiming( 707): LockSettingsThirdPartyAppsStarted
06-04 12:13:05.652 D/SystemServerTiming( 707): StartSystemUI
06-04 12:13:05.660 W/ActivityManager( 707): Unable to start service Intent { flg=0x100 cmp=com.droidlogic/.StubKeyguardService } U=0: not found
06-04 12:13:05.660 D/SystemServerTiming( 707): startApexServices
06-04 12:13:05.661 W/ActivityManager( 707): Slow operation: 175ms so far, now at startProcess: done updating battery stats
06-04 12:13:05.661 W/ActivityManager( 707): Slow operation: 175ms so far, now at startProcess: building log message
06-04 12:13:05.662 I/ActivityManager( 707): Start proc 1030:com.droidlogic/1000 for added application com.droidlogic
06-04 12:13:05.662 W/ActivityManager( 707): Slow operation: 175ms so far, now at startProcess: starting to update pids map
06-04 12:13:05.662 W/ActivityManager( 707): Slow operation: 175ms so far, now at startProcess: done updating pids map
06-04 12:13:05.662 D/SystemServerTiming( 707): starting com.android.server.scheduling.RebootReadinessManagerService$Lifecycle
06-04 12:13:05.662 I/SystemServiceManager( 707): Starting com.android.server.scheduling.RebootReadinessManagerService$Lifecycle
06-04 12:13:05.662 I/SystemServiceManager( 707): Not starting an already started service com.android.server.scheduling.RebootReadinessManagerService$Lifecycle
06-04 12:13:05.663 D/SystemServerTiming( 707): UpdateWatchdogTimeout
06-04 12:13:05.663 I/Watchdog( 707): Watchdog timeout updated to 60000 millis
06-04 12:13:05.665 D/CompatibilityChangeReporter( 707): Compat change id reported: 168419799; UID 1000; state: DISABLED
06-04 12:13:05.666 D/CompatibilityChangeReporter( 707): Compat change id reported: 273564678; UID 1000; state: DISABLED
06-04 12:13:05.666 W/Looper ( 707): Slow delivery took 7303ms main h=android.app.PropertyInvalidatedCache$AutoCorker$1 c=null m=0
06-04 12:13:05.676 W/ActivityManager( 707): Slow operation: 173ms so far, now at startProcess: asking zygote to start proc
06-04 12:13:05.678 I/DisplayDeviceRepository( 707): Display device changed: DisplayDeviceInfo{"内置屏幕": uniqueId="local:4625716335649126413", 1280 x 720, modeId 1, renderFrameRate 50.0, defaultModeId 1, supportedModes [{id=1, width=1280, height=720, fps=50.0, alternativeRefreshRates=[], supportedHdrTypes=[]}, {id=2, width=1280, height=720, fps=60.000004, alternativeRefreshRates=[], supportedHdrTypes=[]}], colorMode 0, supportedColorModes [0], hdrCapabilities HdrCapabilities{mSupportedHdrTypes=[], mMaxLuminance=500.0, mMaxAverageLuminance=500.0, mMinLuminance=0.0}, allmSupported false, gameContentTypeSupported false, density 160, 0.0 x 0.0 dpi, appVsyncOff 2000000, presDeadline 17000000, touch INTERNAL, rotation 0, type INTERNAL, address {port=13, model=0x4031d87fca1678}, deviceProductInfo DeviceProductInfo{name=Linux FHD, manufacturerPnpId=LNX, productId=0, modelYear=null, manufactureDate=ManufactureDate{week=5, year=2012}, connectionToSinkType=0}, state ON, committedState ON, frameRateOverride , brightnessMinimum 0.0, brightnessMaximum 1.0, brightnessDefault 0.39763778, hdrSdrRatio NaN, FLAG_ALLOWED_TO_BE_DEFAULT_DISPLAY, FLAG_ROTATES_WITH_CONTENT, FLAG_SECURE, FLAG_SUPPORTS_PROTECTED_BUFFERS, FLAG_TRUSTED, installOrientation 0, displayShape DisplayShape{ spec=-1507169495 displayWidth=1280 displayHeight=720 physicalPixelDisplaySizeRatio=1.0 rotation=0 offsetX=0 offsetY=0 scale=1.0}}
06-04 12:13:05.682 D/CompatibilityChangeReporter( 707): Compat change id reported: 161145287; UID 1073; state: ENABLED
06-04 12:13:05.689 D/ConditionProviders.SCP( 707): onConnected
06-04 12:13:05.689 D/ConditionProviders.SCP( 707): onSubscribe condition://android/schedule?days=1.2.3.4.5.6.7&start=22.0&end=7.0&exitAtAlarm=true
06-04 12:13:05.693 D/ConditionProviders.SCP( 707): setRegistered true
06-04 12:13:05.695 W/ActivityManager( 707): Slow operation: 192ms so far, now at startProcess: returned from zygote!
06-04 12:13:05.696 W/ActivityManager( 707): Slow operation: 193ms so far, now at startProcess: done updating battery stats
06-04 12:13:05.696 W/ActivityManager( 707): Slow operation: 193ms so far, now at startProcess: building log message
06-04 12:13:05.697 I/ActivityManager( 707): Start proc 1054:com.android.se/1068 for added application com.android.se
06-04 12:13:05.697 W/ActivityManager( 707): Slow operation: 193ms so far, now at startProcess: starting to update pids map
06-04 12:13:05.697 W/ActivityManager( 707): Slow operation: 193ms so far, now at startProcess: done updating pids map
06-04 12:13:05.698 W/ActivityThread( 707): Failed to find provider info for com.android.calendar (user not unlocked)
06-04 12:13:05.699 W/ActivityThread( 707): Failed to find provider info for com.android.calendar (user not unlocked)
06-04 12:13:05.704 D/CompatibilityChangeReporter( 707): Compat change id reported: 171306433; UID 1000; state: ENABLED
06-04 12:13:05.705 D/CompatibilityChangeReporter( 707): Compat change id reported: 218533173; UID 1000; state: ENABLED
06-04 12:13:05.706 D/ConditionProviders.SCP( 707): evaluateSubscriptionLocked cal=ScheduleCalendar[mDays={1, 2, 3, 4, 5, 6, 7}, mSchedule=ScheduleInfo{days=[1, 2, 3, 4, 5, 6, 7], startHour=22, startMinute=0, endHour=7, endMinute=0, exitAtAlarm=true, nextAlarm=Thu Jan 01 08:00:00 GMT+08:00 1970 (0)}], now=Wed Jun 04 12:13:05 GMT+08:00 2025 (1749010385693), nextUserAlarmTime=Thu Jan 01 08:00:00 GMT+08:00 1970 (0)
06-04 12:13:05.707 D/ConditionProviders.SCP( 707): notifyCondition condition://android/schedule?days=1.2.3.4.5.6.7&start=22.0&end=7.0&exitAtAlarm=true STATE_FALSE reason=!meetsSchedule
06-04 12:13:05.714 D/ConditionProviders.SCP( 707): Scheduling evaluate for Wed Jun 04 22:00:00 GMT+08:00 2025 (1749045600000), in +9h46m54s307ms, now=Wed Jun 04 12:13:05 GMT+08:00 2025 (1749010385693)
06-04 12:13:05.720 D/CompatibilityChangeReporter( 707): Compat change id reported: 218533173; UID 10072; state: DISABLED
06-04 12:13:05.721 D/CompatibilityChangeReporter( 707): Compat change id reported: 262645982; UID 10072; state: DISABLED
06-04 12:13:05.722 W/WindowManager( 707): [addWindow] title:ShellDropTarget
06-04 12:13:05.746 D/CompatibilityChangeReporter( 707): Compat change id reported: 218533173; UID 10061; state: ENABLED
06-04 12:13:05.747 D/CompatibilityChangeReporter( 707): Compat change id reported: 135634846; UID 10059; state: DISABLED
06-04 12:13:05.747 D/CompatibilityChangeReporter( 707): Compat change id reported: 262645982; UID 10061; state: ENABLED
06-04 12:13:05.747 D/CompatibilityChangeReporter( 707): Compat change id reported: 218533173; UID 10056; state: ENABLED
06-04 12:13:05.748 D/CompatibilityChangeReporter( 707): Compat change id reported: 262645982; UID 10056; state: ENABLED
06-04 12:13:05.750 D/CompatibilityChangeReporter( 707): Compat change id reported: 143937733; UID 10059; state: ENABLED
06-04 12:13:05.750 D/CompatibilityChangeReporter( 707): Compat change id reported: 168419799; UID 1068; state: DISABLED
06-04 12:13:05.751 D/CompatibilityChangeReporter( 707): Compat change id reported: 273564678; UID 1068; state: DISABLED
06-04 12:13:05.758 D/WindowManagerShell( 912): TvPipController: onImeVisibilityChanged(), visible=false, height=0
06-04 12:13:05.761 D/CoreBackPreview( 707): Window{dc56156 u0 ShellDropTarget}: Setting back callback OnBackInvokedCallbackInfo{mCallback=android.window.IOnBackInvokedCallback$Stub$Proxy@c0e463, mPriority=0, mIsAnimationCallback=false}
06-04 12:13:05.766 I/ActivityManager( 707): Start proc 1070:android.ext.services/u0a59 for service {android.ext.services/android.ext.services.autofill.InlineSuggestionRenderServiceImpl}
06-04 12:13:05.775 D/HDMI ( 707): receive android.intent.action.CONFIGURATION_CHANGED
06-04 12:13:05.783 D/HDMI ( 707): receive android.intent.action.CONFIGURATION_CHANGED
06-04 12:13:05.793 D/AudioService( 707): onStatusChange cecEnabled:false available:false
06-04 12:13:05.798 D/CompatibilityChangeReporter( 707): Compat change id reported: 168419799; UID 10059; state: DISABLED
06-04 12:13:05.799 D/CompatibilityChangeReporter( 707): Compat change id reported: 273564678; UID 10059; state: DISABLED
06-04 12:13:05.821 I/PackageWatchdog( 707): Syncing health check requests for packages: {}
06-04 12:13:05.821 I/ExplicitHealthCheckController( 707): Service not ready to get health check supported packages. Binding...
06-04 12:13:05.823 I/ExplicitHealthCheckController( 707): Explicit health check service is bound
06-04 12:13:05.828 D/CompatibilityChangeReporter( 707): Compat change id reported: 218533173; UID 10065; state: ENABLED
06-04 12:13:05.829 D/CompatibilityChangeReporter( 707): Compat change id reported: 262645982; UID 10065; state: ENABLED
06-04 12:13:05.831 D/CompatibilityChangeReporter( 707): Compat change id reported: 218533173; UID 10018; state: ENABLED
06-04 12:13:05.831 D/CompatibilityChangeReporter( 707): Compat change id reported: 262645982; UID 10018; state: ENABLED
06-04 12:13:05.840 D/CompatibilityChangeReporter( 707): Compat change id reported: 218533173; UID 10017; state: ENABLED
06-04 12:13:05.845 D/CompatibilityChangeReporter( 707): Compat change id reported: 262645982; UID 10017; state: ENABLED
06-04 12:13:05.848 D/CompatibilityChangeReporter( 707): Compat change id reported: 218533173; UID 10066; state: ENABLED
06-04 12:13:05.851 D/CompatibilityChangeReporter( 707): Compat change id reported: 262645982; UID 10066; state: ENABLED
06-04 12:13:05.852 D/CompatibilityChangeReporter( 707): Compat change id reported: 218533173; UID 10074; state: ENABLED
06-04 12:13:05.853 D/CompatibilityChangeReporter( 707): Compat change id reported: 262645982; UID 10074; state: ENABLED
06-04 12:13:05.856 D/CompatibilityChangeReporter( 707): Compat change id reported: 218533173; UID 10039; state: DISABLED
06-04 12:13:05.857 D/CompatibilityChangeReporter( 707): Compat change id reported: 182478738; UID 1073; state: ENABLED
06-04 12:13:05.858 D/CompatibilityChangeReporter( 707): Compat change id reported: 262645982; UID 10039; state: DISABLED
06-04 12:13:05.859 D/CompatibilityChangeReporter( 707): Compat change id reported: 218533173; UID 10006; state: ENABLED
06-04 12:13:05.859 D/CompatibilityChangeReporter( 707): Compat change id reported: 262645982; UID 10006; state: ENABLED
06-04 12:13:05.867 D/CompatibilityChangeReporter( 707): Compat change id reported: 218533173; UID 10019; state: ENABLED
06-04 12:13:05.868 D/CompatibilityChangeReporter( 707): Compat change id reported: 262645982; UID 10019; state: ENABLED
06-04 12:13:05.868 D/CompatibilityChangeReporter( 707): Compat change id reported: 218533173; UID 10035; state: ENABLED
06-04 12:13:05.872 D/CompatibilityChangeReporter( 707): Compat change id reported: 262645982; UID 10035; state: ENABLED
06-04 12:13:05.872 D/CompatibilityChangeReporter( 707): Compat change id reported: 218533173; UID 10036; state: ENABLED
06-04 12:13:05.875 D/CompatibilityChangeReporter( 707): Compat change id reported: 170503758; UID 10059; state: ENABLED
06-04 12:13:05.876 D/CompatibilityChangeReporter( 707): Compat change id reported: 262645982; UID 10036; state: ENABLED
06-04 12:13:05.892 D/CompatibilityChangeReporter( 707): Compat change id reported: 157233955; UID 10052; state: ENABLED
06-04 12:13:05.896 D/CompatibilityChangeReporter( 707): Compat change id reported: 218533173; UID 10027; state: ENABLED
06-04 12:13:05.896 D/CompatibilityChangeReporter( 707): Compat change id reported: 262645982; UID 10027; state: ENABLED
06-04 12:13:05.898 D/CompatibilityChangeReporter( 707): Compat change id reported: 218533173; UID 10053; state: ENABLED
06-04 12:13:05.898 D/CompatibilityChangeReporter( 707): Compat change id reported: 262645982; UID 10053; state: ENABLED
06-04 12:13:05.899 D/CompatibilityChangeReporter( 707): Compat change id reported: 218533173; UID 10004; state: ENABLED
06-04 12:13:05.899 D/CompatibilityChangeReporter( 707): Compat change id reported: 262645982; UID 10004; state: ENABLED
06-04 12:13:05.900 D/CompatibilityChangeReporter( 707): Compat change id reported: 218533173; UID 10042; state: DISABLED
06-04 12:13:05.901 D/CompatibilityChangeReporter( 707): Compat change id reported: 262645982; UID 10042; state: DISABLED
06-04 12:13:05.902 D/CompatibilityChangeReporter( 707): Compat change id reported: 218533173; UID 10010; state: ENABLED
06-04 12:13:05.902 D/CompatibilityChangeReporter( 707): Compat change id reported: 262645982; UID 10010; state: ENABLED
06-04 12:13:05.903 D/CompatibilityChangeReporter( 707): Compat change id reported: 218533173; UID 10069; state: ENABLED
06-04 12:13:05.905 D/CompatibilityChangeReporter( 707): Compat change id reported: 262645982; UID 10069; state: ENABLED
06-04 12:13:05.906 D/CompatibilityChangeReporter( 707): Compat change id reported: 218533173; UID 10037; state: ENABLED
06-04 12:13:05.907 D/CompatibilityChangeReporter( 707): Compat change id reported: 262645982; UID 10037; state: ENABLED
06-04 12:13:05.907 D/CompatibilityChangeReporter( 707): Compat change id reported: 218533173; UID 10067; state: ENABLED
06-04 12:13:05.908 D/CompatibilityChangeReporter( 707): Compat change id reported: 262645982; UID 10067; state: ENABLED
06-04 12:13:05.910 D/CompatibilityChangeReporter( 707): Compat change id reported: 218533173; UID 10047; state: DISABLED
06-04 12:13:05.910 D/CompatibilityChangeReporter( 707): Compat change id reported: 262645982; UID 10047; state: DISABLED
06-04 12:13:05.911 D/CompatibilityChangeReporter( 707): Compat change id reported: 218533173; UID 10033; state: ENABLED
06-04 12:13:05.912 D/CompatibilityChangeReporter( 707): Compat change id reported: 262645982; UID 10033; state: ENABLED
06-04 12:13:05.913 D/CompatibilityChangeReporter( 707): Compat change id reported: 218533173; UID 10064; state: ENABLED
06-04 12:13:05.915 D/CompatibilityChangeReporter( 707): Compat change id reported: 262645982; UID 10064; state: ENABLED
06-04 12:13:05.918 D/CompatibilityChangeReporter( 707): Compat change id reported: 218533173; UID 10076; state: DISABLED
