06-04 20:37:37.865 I/audio_hw_hal_primary( 491): [audiohal_get_latency:1333] io 13: out:0xe6245d80 frames:1152 rate:48000 whole_latency:24 alsa_latency:24
06-04 20:37:37.882 I/audio_hw_hal_primary( 491): [audiohal_get_latency:1333] io 13: out:0xe6245d80 frames:1152 rate:48000 whole_latency:24 alsa_latency:24
06-04 20:37:37.882 I/audio_hw_hal_primary( 491): [audiohal_get_latency:1333] io 13: out:0xe6245d80 frames:1152 rate:48000 whole_latency:24 alsa_latency:24
06-04 20:37:37.903 I/audio_hw_hal_primary( 491): [audiohal_get_latency:1333] io 13: out:0xe6245d80 frames:1152 rate:48000 whole_latency:24 alsa_latency:24
06-04 20:37:37.904 I/audio_hw_hal_primary( 491): [audiohal_get_latency:1333] io 13: out:0xe6245d80 frames:1152 rate:48000 whole_latency:24 alsa_latency:24
06-04 20:37:37.926 I/audio_hw_hal_primary( 491): [audiohal_get_latency:1333] io 13: out:0xe6245d80 frames:1152 rate:48000 whole_latency:24 alsa_latency:24
06-04 20:37:37.926 I/audio_hw_hal_primary( 491): [audiohal_get_latency:1333] io 13: out:0xe6245d80 frames:1152 rate:48000 whole_latency:24 alsa_latency:24
06-04 20:37:37.948 I/audio_hw_hal_primary( 491): [audiohal_get_latency:1333] io 13: out:0xe6245d80 frames:1024 rate:48000 whole_latency:21 alsa_latency:21
06-04 20:37:37.948 I/audio_hw_hal_primary( 491): [audiohal_get_latency:1333] io 13: out:0xe6245d80 frames:1024 rate:48000 whole_latency:21 alsa_latency:21
06-04 20:37:37.972 I/audio_hw_hal_primary( 491): [audiohal_get_latency:1333] io 13: out:0xe6245d80 frames:1152 rate:48000 whole_latency:24 alsa_latency:24
06-04 20:37:37.972 I/audio_hw_hal_primary( 491): [audiohal_get_latency:1333] io 13: out:0xe6245d80 frames:1152 rate:48000 whole_latency:24 alsa_latency:24
06-04 20:37:37.993 I/audio_hw_hal_primary( 491): [audiohal_get_latency:1333] io 13: out:0xe6245d80 frames:1152 rate:48000 whole_latency:24 alsa_latency:24
06-04 20:37:37.994 I/audio_hw_hal_primary( 491): [audiohal_get_latency:1333] io 13: out:0xe6245d80 frames:1152 rate:48000 whole_latency:24 alsa_latency:24
06-04 20:37:37.994 D/audioserver( 542): logFgsApiEnd: FGS Logger Transaction failed, -129
06-04 20:37:37.995 D/audioserver( 542): logFgsApiEnd: FGS Logger Transaction failed, -129
06-04 20:37:38.038 D/XM_HIDREAD( 1910): poll ret=1, event=1
06-04 20:37:38.038 D/XM_HIDREAD( 1910): [9 bytes]:01 00 00 28 00 00 00 00 00
06-04 20:37:38.059 I/audio_hw_hal_primary( 491): [register_audio_patch:8215] Patch 7:id:7 mix(io:13)->dev_0[OUT_HDMI(id:54)] found, register the same patch, do nothing.
06-04 20:37:38.059 I/audio_hw_hal_primary( 491): [adev_create_audio_patch:8316] Patch 7: MIX->DEVICE, num_src:1 num_sink:1 patch_src:INVAL
06-04 20:37:38.059 I/audio_hw_hal_primary( 491): [adev_create_audio_patch:8320] sink[0]: OUT_HDMI(id:54)
06-04 20:37:38.059 I/audio_hw_hal_primary( 491): [adev_create_audio_patch:8377] Patch 7: mix(io:13) -> dev[OUT_HDMI(id:54)]
06-04 20:37:38.060 I/audio_hw_hal_primary( 491): [adev_create_audio_patch:8445] dev=0xe71c0010 cur_out_device=0x400
06-04 20:37:38.060 D/UEventObserver( 1030): change@/devices/platform/auge_sound/sound/card0/controlC0ACTION=changeDEVPATH=/devices/platform/auge_sound/sound/card0/controlC0SUBSYSTEM=soundAUDIO_FORMAT=0MAJOR=116MINOR=13DEVNAME=snd/controlC0SEQNUM=3724
06-04 20:37:38.067 D/audioserver( 542): logFgsApiBegin: FGS Logger Transaction failed, -129
06-04 20:37:38.069 I/audio_hw_hal_primary( 491): out_update_source_metadata_v7() line 2013 usage:1 content_type:2
06-04 20:37:38.073 I/SogouIME( 1396): onKeyDown: keyoCode=23
06-04 20:37:38.073 I/DefaultIMS( 1396): onKeyDown: keyoCode=23
06-04 20:37:38.130 D/WanClient( 1349): sendHeartMessage
06-04 20:37:38.131 D/WanClient( 1349): -----final------sendMessage: {"type":"2bKPMh2jwmQ="}
06-04 20:37:38.149 D/XM_HIDREAD( 1910): poll ret=1, event=1
06-04 20:37:38.149 D/XM_HIDREAD( 1910): [9 bytes]:01 00 00 00 00 00 00 00 00
06-04 20:37:38.153 I/SogouIME( 1396): onKeyUp: keyoCode=23
06-04 20:37:38.153 I/DefaultIMS( 1396): onKeyUp: keyoCode=23
06-04 20:37:38.167 D/ConnectivityService( 707): NetReassign [no changes] [c 0] [a 1] [i 1]
06-04 20:37:38.178 D/WanClient( 1349): onMessage:Thread[WebSocketConnectReadThread-71,5,main]--{"msg":"+MSejyjwlbc="}
06-04 20:37:38.179 D/WanClient( 1349): onMessageReceived:Thread[WebSocketConnectReadThread-71,5,main] {"msg":"+MSejyjwlbc="}
06-04 20:37:38.179 D/WanClient( 1349): type: null
06-04 20:37:38.179 D/WanClient( 1349): send:HB7FxtN64oc=
06-04 20:37:38.179 D/WanClient( 1349): leave:uQ3qCmhm4oA=
06-04 20:37:38.179 D/WanClient( 1349): join:7EsoetslBbs=
06-04 20:37:38.179 D/WanClient( 1349): ITtylgY8LAxdmHmRQSo49Q==
06-04 20:37:38.186 I/audio_hw_hal_primary( 491): [register_audio_patch:8215] Patch 7:id:7 mix(io:13)->dev_0[OUT_HDMI(id:54)] found, register the same patch, do nothing.
06-04 20:37:38.186 I/audio_hw_hal_primary( 491): [adev_create_audio_patch:8316] Patch 7: MIX->DEVICE, num_src:1 num_sink:1 patch_src:INVAL
06-04 20:37:38.186 I/audio_hw_hal_primary( 491): [adev_create_audio_patch:8320] sink[0]: OUT_HDMI(id:54)
06-04 20:37:38.186 I/audio_hw_hal_primary( 491): [adev_create_audio_patch:8377] Patch 7: mix(io:13) -> dev[OUT_HDMI(id:54)]
06-04 20:37:38.186 I/audio_hw_hal_primary( 491): [adev_create_audio_patch:8445] dev=0xe71c0010 cur_out_device=0x400
06-04 20:37:38.186 D/audioserver( 542): logFgsApiEnd: FGS Logger Transaction failed, -129
06-04 20:37:38.187 D/audioserver( 542): logFgsApiBegin: FGS Logger Transaction failed, -129
06-04 20:37:38.188 I/audio_hw_hal_primary( 491): out_update_source_metadata_v7() line 2013 usage:1 content_type:2
06-04 20:37:38.191 D/audioserver( 542): logFgsApiBegin: FGS Logger Transaction failed, -129
06-04 20:37:38.201 D/UEventObserver( 1030): change@/devices/platform/auge_sound/sound/card0/controlC0ACTION=changeDEVPATH=/devices/platform/auge_sound/sound/card0/controlC0SUBSYSTEM=soundAUDIO_FORMAT=0MAJOR=116MINOR=13DEVNAME=snd/controlC0SEQNUM=3725
06-04 20:37:38.228 I/audio_hw_hal_primary( 491): [audiohal_get_latency:1333] io 13: out:0xe6245d80 frames:1152 rate:48000 whole_latency:24 alsa_latency:24
06-04 20:37:38.228 I/audio_hw_hal_primary( 491): out_update_source_metadata_v7() line 2013 usage:1 content_type:2
06-04 20:37:38.272 I/audio_hw_hal_primary( 491): [audiohal_get_latency:1333] io 13: out:0xe6245d80 frames:1152 rate:48000 whole_latency:24 alsa_latency:24
06-04 20:37:38.310 I/audio_hw_hal_primary( 491): [audiohal_get_latency:1333] io 13: out:0xe6245d80 frames:1152 rate:48000 whole_latency:24 alsa_latency:24
06-04 20:37:38.354 I/audio_hw_hal_primary( 491): [audiohal_get_latency:1333] io 13: out:0xe6245d80 frames:1280 rate:48000 whole_latency:26 alsa_latency:26
06-04 20:37:38.354 I/audio_hw_hal_primary( 491): [audiohal_get_latency:1333] io 13: out:0xe6245d80 frames:1280 rate:48000 whole_latency:26 alsa_latency:26
06-04 20:37:38.376 I/audio_hw_hal_primary( 491): [audiohal_get_latency:1333] io 13: out:0xe6245d80 frames:1024 rate:48000 whole_latency:21 alsa_latency:21
06-04 20:37:38.376 I/audio_hw_hal_primary( 491): [audiohal_get_latency:1333] io 13: out:0xe6245d80 frames:1024 rate:48000 whole_latency:21 alsa_latency:21
06-04 20:37:38.399 I/audio_hw_hal_primary( 491): [audiohal_get_latency:1333] io 13: out:0xe6245d80 frames:1152 rate:48000 whole_latency:24 alsa_latency:24
06-04 20:37:38.399 I/audio_hw_hal_primary( 491): [audiohal_get_latency:1333] io 13: out:0xe6245d80 frames:1152 rate:48000 whole_latency:24 alsa_latency:24
06-04 20:37:38.421 I/audio_hw_hal_primary( 491): [audiohal_get_latency:1333] io 13: out:0xe6245d80 frames:1152 rate:48000 whole_latency:24 alsa_latency:24
06-04 20:37:38.421 I/audio_hw_hal_primary( 491): [audiohal_get_latency:1333] io 13: out:0xe6245d80 frames:1152 rate:48000 whole_latency:24 alsa_latency:24
06-04 20:37:38.438 I/audio_hw_hal_primary( 491): [audiohal_get_latency:1333] io 13: out:0xe6245d80 frames:1024 rate:48000 whole_latency:21 alsa_latency:21
06-04 20:37:38.439 I/audio_hw_hal_primary( 491): [audiohal_get_latency:1333] io 13: out:0xe6245d80 frames:1024 rate:48000 whole_latency:21 alsa_latency:21
06-04 20:37:38.460 I/audio_hw_hal_primary( 491): [audiohal_get_latency:1333] io 13: out:0xe6245d80 frames:1024 rate:48000 whole_latency:21 alsa_latency:21
06-04 20:37:38.461 I/audio_hw_hal_primary( 491): [audiohal_get_latency:1333] io 13: out:0xe6245d80 frames:1280 rate:48000 whole_latency:26 alsa_latency:26
06-04 20:37:38.484 I/audio_hw_hal_primary( 491): [audiohal_get_latency:1333] io 13: out:0xe6245d80 frames:1280 rate:48000 whole_latency:26 alsa_latency:26
06-04 20:37:38.484 I/audio_hw_hal_primary( 491): [audiohal_get_latency:1333] io 13: out:0xe6245d80 frames:1152 rate:48000 whole_latency:24 alsa_latency:24
06-04 20:37:38.505 I/audio_hw_hal_primary( 491): [audiohal_get_latency:1333] io 13: out:0xe6245d80 frames:1152 rate:48000 whole_latency:24 alsa_latency:24
06-04 20:37:38.506 I/audio_hw_hal_primary( 491): [audiohal_get_latency:1333] io 13: out:0xe6245d80 frames:1152 rate:48000 whole_latency:24 alsa_latency:24
06-04 20:37:38.528 I/audio_hw_hal_stream( 491): aml_stream_out_info_print: out:0xe6245d80, stream_type:pcm, sync_mode:non tunnel, input_size:293576704 bytes
06-04 20:37:38.528 I/audio_hw_hal_stream( 491): aml_stream_out_info_print: last_time:1725260 ms (sec:1725, nsec:260169738), last_position:1528716 ms (73378384), cur_time:1725281 ms (sec:1725, nsec:281352280), cur_position:1528737 ms (73379408)
06-04 20:37:38.528 I/audio_hw_hal_stream( 491): aml_stream_out_info_print: time_gap:21 ms (thr:100 ms), position_gap:21 ms, delay:307 ms, jitter: Position gap is ahead of system time gap by 0 ms (thr:100 ms)
06-04 20:37:38.528 I/audio_hw_hal_primary( 491): [audiohal_get_latency:1333] io 13: out:0xe6245d80 frames:1152 rate:48000 whole_latency:24 alsa_latency:24
06-04 20:37:38.528 I/audio_hw_hal_primary( 491): [audiohal_get_latency:1333] io 13: out:0xe6245d80 frames:1152 rate:48000 whole_latency:24 alsa_latency:24
06-04 20:37:38.550 I/audio_hw_hal_primary( 491): [audiohal_get_latency:1333] io 13: out:0xe6245d80 frames:1152 rate:48000 whole_latency:24 alsa_latency:24
06-04 20:37:38.550 I/audio_hw_hal_primary( 491): [audiohal_get_latency:1333] io 13: out:0xe6245d80 frames:1152 rate:48000 whole_latency:24 alsa_latency:24
06-04 20:37:38.551 D/audioserver( 542): logFgsApiEnd: FGS Logger Transaction failed, -129
06-04 20:37:38.552 I/audio_hw_hal_primary( 491): out_update_source_metadata_v7() line 2013 usage:13 content_type:4
06-04 20:37:38.569 I/audio_hw_hal_primary( 491): [audiohal_get_latency:1333] io 13: out:0xe6245d80 frames:1152 rate:48000 whole_latency:24 alsa_latency:24
06-04 20:37:38.591 I/audio_hw_hal_primary( 491): [audiohal_get_latency:1333] io 13: out:0xe6245d80 frames:1152 rate:48000 whole_latency:24 alsa_latency:24
06-04 20:37:38.608 I/audio_hw_hal_primary( 491): [audiohal_get_latency:1333] io 13: out:0xe6245d80 frames:1152 rate:48000 whole_latency:24 alsa_latency:24
06-04 20:37:38.629 I/audio_hw_hal_primary( 491): [audiohal_get_latency:1333] io 13: out:0xe6245d80 frames:1152 rate:48000 whole_latency:24 alsa_latency:24
06-04 20:37:38.651 I/audio_hw_hal_primary( 491): [audiohal_get_latency:1333] io 13: out:0xe6245d80 frames:1152 rate:48000 whole_latency:24 alsa_latency:24
06-04 20:37:38.673 I/audio_hw_hal_primary( 491): [audiohal_get_latency:1333] io 13: out:0xe6245d80 frames:1024 rate:48000 whole_latency:21 alsa_latency:21
06-04 20:37:38.674 D/audioserver( 542): logFgsApiEnd: FGS Logger Transaction failed, -129
06-04 20:37:39.011 I/WifiHAL ( 524): call wifi_get_link_stats handler
06-04 20:37:39.011 I/WifiHAL ( 524): Creating message to get link statistics; iface = 16
06-04 20:37:39.011 D/WifiHAL ( 524): error code -95 mapped to -3
06-04 20:37:39.011 E/WifiStaIfaceAidlImpl( 707): getLinkLayerStats failed with service-specific exception: android.os.ServiceSpecificException: (code 4)
06-04 20:37:39.102 E/p2p_upload_limit( 3469): HCDN_LOG: [T:3862][func:DoUploadLimitContol],[line:3363],FromModule[2],LimitSpeed[8192Kb/s],LimitTime[60s]!
06-04 20:37:39.133 I/PlayThreadMonitor( 3469): in playerthread monitor handler
06-04 20:37:39.133 I/PlayThreadMonitor( 3469): in monitor runnable
06-04 20:37:39.262 I/CLog ( 3469): 2025-06-04 20:37:39.262 T:5702 INFO: RM_AE::4,HEARTBEAT, sink_delay:0.0000, spatial_delay:0.0000, iqae:0,0,0,0,0,0
06-04 20:37:39.326 I/TvUniPlayer/UniPlayer@7a0c4a5( 3469): in handleMessage event:10000
06-04 20:37:39.549 I/audio_hw_hal_alsamgr( 491): alsa format =0x1 delay frames =1024 total frames=82333440
06-04 20:37:41.322 D/audio_hw_hal_primary( 491): [out_standby_new:5767] io 13: out:0xe6245d80 usecase:PCM_NORMAL
06-04 20:37:41.322 I/audio_hw_hal_primary( 491): [do_output_standby_l:5663] io 13: out:0xe6245d80, stream usecase:PCM_NORMAL, continuous:1
06-04 20:37:41.322 I/audio_hw_hal_primary( 491): [usecase_change_validate_l:7436] ++ io 13: out:0xe6245d80 dev masks:0x1 is_standby:1 out usecase:PCM_NORMAL
06-04 20:37:41.322 I/audio_hw_hal_ms12common( 491): aml_set_ms12_scheduler_state ms12_scheduler_state:1, sch_state:1 SCHEDULER_STANDBY is sent to ms12
06-04 20:37:41.322 I/audio_hw_hal_primary( 491): [usecase_change_validate_l:7477] -- dev masks:0 is_standby:1 out usecase PCM_NORMAL
06-04 20:37:41.322 D/audio_hw_hal_primary( 491): [out_standby_new:5790] io 13: out:0xe6245d80 usecase:PCM_NORMAL exit
06-04 20:37:41.322 D/UtilLog ( 2071): 日志批量上报 进行正常循环 !!!!!!本次有0次请求,共0条数据
06-04 20:37:41.326 I/TvUniPlayer/UniPlayer@7a0c4a5( 3469): in handleMessage event:10000
06-04 20:37:41.553 D/libdolbyms12( 491): continuous underrun 2
06-04 20:37:42.016 I/WifiHAL ( 524): call wifi_get_link_stats handler
06-04 20:37:42.016 I/WifiHAL ( 524): Creating message to get link statistics; iface = 16
06-04 20:37:42.016 D/WifiHAL ( 524): error code -95 mapped to -3
06-04 20:37:42.017 E/WifiStaIfaceAidlImpl( 707): getLinkLayerStats failed with service-specific exception: android.os.ServiceSpecificException: (code 4)
06-04 20:37:42.133 I/PlayThreadMonitor( 3469): in playerthread monitor handler
06-04 20:37:42.134 I/PlayThreadMonitor( 3469): in monitor runnable
06-04 20:37:42.321 D/bbb ( 1502): onStartCommand begin !!!!!!! data分区剩余 52810MB
06-04 20:37:43.326 I/TvUniPlayer/UniPlayer@7a0c4a5( 3469): in handleMessage event:10000
06-04 20:37:44.239 D/bt_vendor( 492): op for 7
06-04 20:37:44.239 D/bt_upio ( 492): upio_set : pio 0 action 1, polarity 1
06-04 20:37:44.239 D/bt_upio ( 492): begin open btwrite.
06-04 20:37:44.239 E/bt_upio ( 492): upio_set : open(/proc/bluetooth/sleep/btwrite) for write failed: No such file or directory (2)
06-04 20:37:44.322 D/audio_hw_hal_ms12common( 491): func:ms12_timer_callback_handler sigv:0 ~~~~~~~~~~
06-04 20:37:44.322 D/audio_hw_hal_ms12v2( 491): set_dolby_ms12_continuous_state audio_continuous_standby_set status 1
06-04 20:37:44.322 D/audio_hw_hal_continuous_standby( 491): audio_continuous_standby_set, type 0, params 1
06-04 20:37:44.322 D/audio_hw_hal_ms12common( 491): aml_send_ms12_scheduler_state_2_ms12 adev:0xe71c0010, sch_state:1(SCHEDULER_STANDBY)
06-04 20:37:45.020 I/WifiHAL ( 524): call wifi_get_link_stats handler
06-04 20:37:45.020 I/WifiHAL ( 524): Creating message to get link statistics; iface = 16
06-04 20:37:45.020 D/WifiHAL ( 524): error code -95 mapped to -3
06-04 20:37:45.021 E/WifiStaIfaceAidlImpl( 707): getLinkLayerStats failed with service-specific exception: android.os.ServiceSpecificException: (code 4)
06-04 20:37:45.134 I/PlayThreadMonitor( 3469): in playerthread monitor handler
06-04 20:37:45.135 I/PlayThreadMonitor( 3469): in monitor runnable
06-04 20:37:45.327 I/TvUniPlayer/UniPlayer@7a0c4a5( 3469): in handleMessage event:10000
06-04 20:37:45.369 I/audio_hw_hal_alsamgr( 491): alsa format =0x1 delay frames =640 total frames=82613760
06-04 20:37:47.232 E/p2pfile ( 3469): HCDN_LOG: [T:3781][HINFO]:[f:GetParam],[l:4289],[Task(0), key=storage_mem_size]
06-04 20:37:47.232 E/p2pfile ( 3469): HCDN_LOG: [T:3781][HINFO]:[f:GetParam],[l:4289],[Task(0), key=p2p_mem_size]
06-04 20:37:47.232 E/localserver( 3469): HCDN_LOG: [T:3781][func:MonitorMem],[line:73],[Memstatistics],[bRet:1],[bNextRet:1],[pParamStorageBuffer:0],[pParamP2PBuffer:0]
06-04 20:37:47.236 I/adbd ( 1306): host-20: write thread spawning
06-04 20:37:47.237 I/adbd ( 1306): host-20: read thread spawning
06-04 20:37:47.237 I/adbd ( 1306): authentication not required
06-04 20:37:47.328 I/TvUniPlayer/UniPlayer@7a0c4a5( 3469): in handleMessage event:10000
06-04 20:37:47.395 E/storage_operate( 3469): HCDN_LOG: [T:3866][HINFO]:[f:GetPgfCapacityChange],[l:77],[total_space:55668],[available_space:52808]
06-04 20:37:47.396 E/storage_operate( 3469): HCDN_LOG: [T:3866][HINFO]:[f:UpdatePgfCapacity],[l:1001],[state:1]
06-04 20:37:47.396 E/storage_operate( 3469): HCDN_LOG: [T:3866][HINFO]:[f:MonitorDiskFreeSpace],[l:2776],[state:1]
06-04 20:37:47.814 I/HCDN_DownloadEn( 3469): type=1400 audit(0.0:1544): avc: denied { open } for path="/proc/stat" dev="proc" ino=4026532003 scontext=u:r:untrusted_app_29:s0:c75,c256,c512,c768 tcontext=u:object_r:proc_stat:s0 tclass=file permissive=1 app=com.dangbei.hqmedia
06-04 20:37:47.814 I/HCDN_DownloadEn( 3469): type=1400 audit(0.0:1545): avc: denied { getattr } for path="/proc/stat" dev="proc" ino=4026532003 scontext=u:r:untrusted_app_29:s0:c75,c256,c512,c768 tcontext=u:object_r:proc_stat:s0 tclass=file permissive=1 app=com.dangbei.hqmedia
06-04 20:37:48.028 I/WifiHAL ( 524): call wifi_get_link_stats handler
06-04 20:37:48.028 I/WifiHAL ( 524): Creating message to get link statistics; iface = 16
06-04 20:37:48.028 D/WifiHAL ( 524): error code -95 mapped to -3
06-04 20:37:48.029 E/WifiStaIfaceAidlImpl( 707): getLinkLayerStats failed with service-specific exception: android.os.ServiceSpecificException: (code 4)
06-04 20:37:48.135 I/PlayThreadMonitor( 3469): in playerthread monitor handler
06-04 20:37:48.135 I/PlayThreadMonitor( 3469): in monitor runnable
06-04 20:37:48.473 D/TrafficStats( 1414): tagSocket(107) with statsTag=0xffffffff, statsUid=-1
06-04 20:37:49.264 I/CLog ( 3469): 2025-06-04 20:37:49.264 T:5702 INFO: RM_AE::4,HEARTBEAT, sink_delay:0.0000, spatial_delay:0.0000, iqae:0,0,0,0,0,0
06-04 20:37:49.329 I/TvUniPlayer/UniPlayer@7a0c4a5( 3469): in handleMessage event:10000
06-04 20:37:50.499 E/multisource( 3469): HCDN_LOG: [T:3868][HINFO]:[f:UpdateMaxSpeed],[l:465], TOTAL => play speed:0[len:0, tm:0], offline speed:0[len:0, tm:0], predeploy speed:0[len:0, tm:0], m_maxDownloadSpeed:0
06-04 20:37:51.032 I/WifiHAL ( 524): call wifi_get_link_stats handler
06-04 20:37:51.032 I/WifiHAL ( 524): Creating message to get link statistics; iface = 16
06-04 20:37:51.032 D/WifiHAL ( 524): error code -95 mapped to -3
06-04 20:37:51.033 E/WifiStaIfaceAidlImpl( 707): getLinkLayerStats failed with service-specific exception: android.os.ServiceSpecificException: (code 4)
06-04 20:37:51.135 I/PlayThreadMonitor( 3469): in playerthread monitor handler
06-04 20:37:51.136 I/PlayThreadMonitor( 3469): in monitor runnable
06-04 20:37:51.323 D/UtilLog ( 2071): 日志批量上报 进行正常循环 !!!!!!本次有0次请求,共0条数据
06-04 20:37:51.330 I/TvUniPlayer/UniPlayer@7a0c4a5( 3469): in handleMessage event:10000
06-04 20:37:52.634 I/cling--ap-81( 2892): type=1400 audit(0.0:1546): avc: denied { search } for name="net" dev="sysfs" ino=12344 scontext=u:r:untrusted_app_27:s0:c43,c256,c512,c768 tcontext=u:object_r:sysfs_net:s0 tclass=dir permissive=1 app=com.dangbei.screencast
06-04 20:37:53.330 I/TvUniPlayer/UniPlayer@7a0c4a5( 3469): in handleMessage event:10000
06-04 20:37:54.039 I/WifiHAL ( 524): call wifi_get_link_stats handler
06-04 20:37:54.039 I/WifiHAL ( 524): Creating message to get link statistics; iface = 16
06-04 20:37:54.039 D/WifiHAL ( 524): error code -95 mapped to -3
06-04 20:37:54.040 E/WifiStaIfaceAidlImpl( 707): getLinkLayerStats failed with service-specific exception: android.os.ServiceSpecificException: (code 4)
06-04 20:37:54.137 I/PlayThreadMonitor( 3469): in playerthread monitor handler
06-04 20:37:54.137 I/PlayThreadMonitor( 3469): in monitor runnable
06-04 20:37:55.331 I/TvUniPlayer/UniPlayer@7a0c4a5( 3469): in handleMessage event:10000
06-04 20:37:57.047 I/WifiHAL ( 524): call wifi_get_link_stats handler
06-04 20:37:57.047 I/WifiHAL ( 524): Creating message to get link statistics; iface = 16
06-04 20:37:57.047 D/WifiHAL ( 524): error code -95 mapped to -3
06-04 20:37:57.047 E/WifiStaIfaceAidlImpl( 707): getLinkLayerStats failed with service-specific exception: android.os.ServiceSpecificException: (code 4)
06-04 20:37:57.137 I/PlayThreadMonitor( 3469): in playerthread monitor handler
06-04 20:37:57.137 I/PlayThreadMonitor( 3469): in monitor runnable
06-04 20:37:57.232 E/p2pfile ( 3469): HCDN_LOG: [T:3781][HINFO]:[f:GetParam],[l:4289],[Task(0), key=storage_mem_size]
06-04 20:37:57.232 E/p2pfile ( 3469): HCDN_LOG: [T:3781][HINFO]:[f:GetParam],[l:4289],[Task(0), key=p2p_mem_size]
06-04 20:37:57.232 E/localserver( 3469): HCDN_LOG: [T:3781][func:MonitorMem],[line:73],[Memstatistics],[bRet:1],[bNextRet:1],[pParamStorageBuffer:0],[pParamP2PBuffer:0]
06-04 20:37:57.332 I/TvUniPlayer/UniPlayer@7a0c4a5( 3469): in handleMessage event:10000
06-04 20:37:58.130 D/WanClient( 1349): sendHeartMessage
06-04 20:37:58.131 D/WanClient( 1349): -----final------sendMessage: {"type":"2bKPMh2jwmQ="}
06-04 20:37:58.169 D/WanClient( 1349): onMessage:Thread[WebSocketConnectReadThread-71,5,main]--{"msg":"+MSejyjwlbc="}
06-04 20:37:58.173 D/WanClient( 1349): onMessageReceived:Thread[WebSocketConnectReadThread-71,5,main] {"msg":"+MSejyjwlbc="}
06-04 20:37:58.173 D/WanClient( 1349): type: null
06-04 20:37:58.173 D/WanClient( 1349): send:HB7FxtN64oc=
06-04 20:37:58.173 D/WanClient( 1349): leave:uQ3qCmhm4oA=
06-04 20:37:58.173 D/WanClient( 1349): join:7EsoetslBbs=
06-04 20:37:58.173 D/WanClient( 1349): ITtylgY8LAxdmHmRQSo49Q==
06-04 20:37:58.526 I/binder:461_6( 461): type=1400 audit(0.0:1547): avc: denied { add_name } for name="globalAlert" scontext=u:r:netd:s0 tcontext=u:object_r:proc_net:s0 tclass=dir permissive=1
06-04 20:37:59.266 I/CLog ( 3469): 2025-06-04 20:37:59.266 T:5702 INFO: RM_AE::4,HEARTBEAT, sink_delay:0.0000, spatial_delay:0.0000, iqae:0,0,0,0,0,0
06-04 20:37:59.333 I/TvUniPlayer/UniPlayer@7a0c4a5( 3469): in handleMessage event:10000
06-04 20:38:00.053 I/WifiHAL ( 524): call wifi_get_link_stats handler
06-04 20:38:00.053 I/WifiHAL ( 524): Creating message to get link statistics; iface = 16
06-04 20:38:00.053 D/WifiHAL ( 524): error code -95 mapped to -3
06-04 20:38:00.053 E/WifiStaIfaceAidlImpl( 707): getLinkLayerStats failed with service-specific exception: android.os.ServiceSpecificException: (code 4)
06-04 20:38:00.137 I/PlayThreadMonitor( 3469): in playerthread monitor handler
06-04 20:38:00.137 I/PlayThreadMonitor( 3469): in monitor runnable
06-04 20:38:01.323 D/UtilLog ( 2071): 日志批量上报 进行正常循环 !!!!!!本次有0次请求,共0条数据
06-04 20:38:01.333 I/TvUniPlayer/UniPlayer@7a0c4a5( 3469): in handleMessage event:10000
06-04 20:38:03.058 I/WifiHAL ( 524): call wifi_get_link_stats handler
06-04 20:38:03.058 I/WifiHAL ( 524): Creating message to get link statistics; iface = 16
06-04 20:38:03.058 D/WifiHAL ( 524): error code -95 mapped to -3
06-04 20:38:03.059 E/WifiStaIfaceAidlImpl( 707): getLinkLayerStats failed with service-specific exception: android.os.ServiceSpecificException: (code 4)
06-04 20:38:03.137 I/PlayThreadMonitor( 3469): in playerthread monitor handler
06-04 20:38:03.137 I/PlayThreadMonitor( 3469): in monitor runnable
06-04 20:38:03.334 I/TvUniPlayer/UniPlayer@7a0c4a5( 3469): in handleMessage event:10000
06-04 20:38:05.336 I/TvUniPlayer/UniPlayer@7a0c4a5( 3469): in handleMessage event:10000
06-04 20:38:06.065 I/WifiHAL ( 524): call wifi_get_link_stats handler
06-04 20:38:06.065 I/WifiHAL ( 524): Creating message to get link statistics; iface = 16
06-04 20:38:06.065 D/WifiHAL ( 524): error code -95 mapped to -3
06-04 20:38:06.065 E/WifiStaIfaceAidlImpl( 707): getLinkLayerStats failed with service-specific exception: android.os.ServiceSpecificException: (code 4)
06-04 20:38:06.137 I/PlayThreadMonitor( 3469): in playerthread monitor handler
06-04 20:38:06.137 I/PlayThreadMonitor( 3469): in monitor runnable
06-04 20:38:06.238 I/WifiService( 707): startScan uid=1000
06-04 20:38:06.239 E/ccc ( 4242): cccccc i will start scan
06-04 20:38:06.250 D/InstantWifi( 707): Drop, size: 1
06-04 20:38:06.253 D/WifiNl80211Manager( 707): Scan result ready event
06-04 20:38:06.253 D/WifiNative( 707): Scan result ready event
06-04 20:38:06.255 D/WificondScannerImpl( 707): Filtering out 1 scan results.
06-04 20:38:06.258 E/ccc ( 4242): cccccc SCAN_RESULTS_AVAILABLE_ACTION hhhh
06-04 20:38:06.258 I/WifiHAL ( 524): call wifi_get_link_stats handler
06-04 20:38:06.258 I/WifiHAL ( 524): Creating message to get link statistics; iface = 16
06-04 20:38:06.258 D/WifiHAL ( 524): error code -95 mapped to -3
06-04 20:38:06.259 E/hq ( 1414): NetWorkStateReceiver:::NetWorkStateReceiver onReceive: 网络变化广播 >>>> intent.action=android.net.wifi.SCAN_RESULTS
06-04 20:38:06.259 E/WifiStaIfaceAidlImpl( 707): getLinkLayerStats failed with service-specific exception: android.os.ServiceSpecificException: (code 4)
06-04 20:38:06.261 E/ccc ( 4242): cccccc result is empty start scan
06-04 20:38:06.261 W/eventbuscore( 1414): post Event:com.dangbei.leard.base.entity.event.NetWifiRssiEvent
06-04 20:38:06.261 I/WifiService( 707): startScan uid=1000
06-04 20:38:06.264 W/ScanResultUtil( 707): Empty or null ScanResult list
06-04 20:38:06.264 W/WifiService( 707): Attempt to retrieve WifiConfiguration with invalid scanResult List
06-04 20:38:06.266 W/ScanResultUtil( 707): Empty or null ScanResult list
06-04 20:38:06.266 E/WifiService( 707): Attempt to retrieve passpoint with invalid scanResult List
06-04 20:38:06.267 W/ScanResultUtil( 707): Empty or null ScanResult list
06-04 20:38:06.267 W/WifiService( 707): Attempt to retrieve OsuProviders with invalid scanResult List
06-04 20:38:06.274 D/InstantWifi( 707): Drop, size: 1
06-04 20:38:07.233 E/p2pfile ( 3469): HCDN_LOG: [T:3781][HINFO]:[f:GetParam],[l:4289],[Task(0), key=storage_mem_size]
06-04 20:38:07.233 E/p2pfile ( 3469): HCDN_LOG: [T:3781][HINFO]:[f:GetParam],[l:4289],[Task(0), key=p2p_mem_size]
06-04 20:38:07.233 E/localserver( 3469): HCDN_LOG: [T:3781][func:MonitorMem],[line:73],[Memstatistics],[bRet:1],[bNextRet:1],[pParamStorageBuffer:0],[pParamP2PBuffer:0]
06-04 20:38:07.337 I/TvUniPlayer/UniPlayer@7a0c4a5( 3469): in handleMessage event:10000
06-04 20:38:07.948 I/SystemControl( 318): [/UEventObserver.cpp, HDMITxUenventThreadLoop, 451] HDMI TX switch_name:hdmitx_current_status, switch_state: 50
06-04 20:38:07.955 V/WindowManager( 707): app ------------- force_land :0
06-04 20:38:07.955 I/hdmicecd( 509): [HdmiCecControl]:Hotplug event port:0, now:0, prevStatus:1 power:1
06-04 20:38:07.959 I/SystemControl( 318): [/Ubootenv.cpp, get, 345] [ubootenv] search end and not find env:connector_type
06-04 20:38:07.959 E/MesonHwc( 296): DrmConnector[HDMI-A] still DISCONNECTED.
06-04 20:38:07.959 D/MesonHwc( 296): ERR: PLEASE FIX NON-IMPLEMENT FUN(update).
06-04 20:38:07.961 I/SystemControl( 318): [/Ubootenv.cpp, get, 345] [ubootenv] search end and not find env:connector_type
06-04 20:38:07.963 I/SystemControl( 318): [/UEventObserver.cpp, HDMITxUenventThreadLoop, 451] HDMI TX switch_name:hdmitx_hpd, switch_state: 0
06-04 20:38:07.963 I/SystemControl( 318): [/DisplayMode.cpp, onTxEvent, 3267] onTxEvent switchName:hdmitx_hpd hpdstate:0 state: 1
06-04 20:38:07.968 I/WiredAccessoryManager( 707): MSG_NEW_DEVICE_STATE
06-04 20:38:07.969 I/AS.AudioDeviceInventory( 707): NOISY: adding 0x400
06-04 20:38:07.969 I/AS.AudioDeviceInventory( 707): NOISY: musicDevice changing from NONE to 0x400
06-04 20:38:07.970 E/MesonHwc( 296): FixedDisplayPipe::getConnectorCfg 15
06-04 20:38:07.970 E/MesonHwc( 296): read screen size 0x0 from vinfo
06-04 20:38:07.970 E/ccc ( 1349): cccccc hdmi plug reset
06-04 20:38:07.973 E/MesonHwc( 296): dolby vision driver is not ready
06-04 20:38:07.973 I/SystemControl( 318): [/Ubootenv.cpp, get, 345] [ubootenv] search end and not find env:connector_type
06-04 20:38:07.974 E/MesonHwc( 296): FixedDisplayPipe::getConnectorCfg 15
06-04 20:38:07.974 D/MesonHwc( 296): ERR: PLEASE FIX NON-IMPLEMENT FUN(update).
06-04 20:38:07.974 E/MesonHwc( 296): read screen size 0x0 from vinfo
06-04 20:38:07.974 E/MesonHwc( 296): dolby vision driver is not ready
06-04 20:38:07.974 I/AS.AudioDeviceBroker( 707): broadcast ACTION_AUDIO_BECOMING_NOISY
06-04 20:38:07.976 E/MesonHwc( 296): Do Nothing in updateDisplayMode .
06-04 20:38:07.976 V/MesonDisplayServer( 296): GetDisplayMode:2160p60hz
06-04 20:38:07.978 E/xxxxxxxxxxxxxxx( 1414): onReceive:mIsHDMIPlugged = false
06-04 20:38:07.980 I/SystemControl( 318): [/SysWrite.cpp, getKernelReleaseVersion, 701] getKernelReleaseVersion: 5.15
06-04 20:38:07.980 I/SystemControl( 318): [/SystemControlHal.cpp, onEvent, 72] onEvent event:2, client size:5
06-04 20:38:07.980 I/SystemControlClient( 499): notifyCallback event type:2
06-04 20:38:07.980 I/SystemControlClient( 499): notifyCallback: listener is NULL.
06-04 20:38:07.980 I/SystemControlClient( 245): notifyCallback event type:2
06-04 20:38:07.980 I/SystemControlClient( 245): notifyCallback: listener is NULL.
06-04 20:38:07.980 I/SystemControlClient( 498): notifyCallback event type:2
06-04 20:38:07.980 I/SystemControlClient( 498): notifyCallback: listener is NULL.
06-04 20:38:07.980 I/SystemControl( 318): [/Ubootenv.cpp, get, 336] [ubootenv] get key:hdmimode envValue: none
06-04 20:38:07.981 I/SystemControl( 318): [/Ubootenv.cpp, get, 336] [ubootenv] get key:user_colorattribute envValue: 420,10bit
06-04 20:38:07.981 I/SystemControl( 318): [/Ubootenv.cpp, get, 345] [ubootenv] search end and not find env:hdr_force_mode
06-04 20:38:07.981 I/SystemControl( 318): [/DisplayMode.cpp, gethdrforcemode, 2742] get hdr force mode is [2]
06-04 20:38:07.981 I/SystemControl( 318): [/Ubootenv.cpp, get, 336] [ubootenv] get key:hdr_policy envValue: 0
06-04 20:38:07.981 I/SystemControl( 318): [/DisplayMode.cpp, getHdrStrategy, 2758] getHdrStrategy is [0]
06-04 20:38:07.981 I/SystemControl( 318): [/Ubootenv.cpp, get, 336] [ubootenv] get key:hdr_priority envValue: 268435472
06-04 20:38:07.981 I/SystemControl( 318): [/DisplayMode.cpp, getHdrPriority, 2891] getHdrPriority is [0x10000010]
06-04 20:38:07.981 I/SystemControl( 318): [/DisplayMode.cpp, getCommonData, 1534] isbestcolorspace:0, isbestpolicy:1, hdr_policy:0, hdr_priority :268435472, hdr_force_mode:2
06-04 20:38:07.978 I/systemcontrol( 318): type=1400 audit(0.0:1548): avc: denied { call } for scontext=u:r:system_control:s0 tcontext=u:r:hal_power_default:s0 tclass=binder permissive=1
06-04 20:38:07.985 V/MesonDisplayServer( 296): GetDisplayMode:2160p60hz
06-04 20:38:07.985 I/SystemControlEvent( 1030): system control callback event: 2
06-04 20:38:07.986 I/SystemControl( 318): [/DisplayMode.cpp, getDisplayMode, 2331] getDisplayMode mode:2160p60hz
06-04 20:38:07.986 I/SystemControlClient( 497): notifyCallback event type:2
06-04 20:38:07.986 I/SystemControl( 318): [/Ubootenv.cpp, get, 336] [ubootenv] get key:hdmimode envValue: none
06-04 20:38:07.986 I/SystemControlClient( 497): notifyCallback: listener is NULL.
06-04 20:38:07.986 I/SystemControl( 318): [/Ubootenv.cpp, get, 336] [ubootenv] get key:cvbsmode envValue: 576cvbs
06-04 20:38:07.986 I/SystemControl( 318): [/DisplayMode.cpp, getCommonData, 1542] hdmi_current_mode:2160p60hz, ubootenv hdmimode:none cvbsmode:576cvbs
06-04 20:38:07.986 D/MesonDisplayServer( 296): use connector getDisplayAttribute "HDMI Color ATTR": "420,10bit"
06-04 20:38:07.987 I/SystemControl( 318): [/Ubootenv.cpp, get, 336] [ubootenv] get key:user_colorattribute envValue: 420,10bit
06-04 20:38:07.987 I/SystemControl( 318): [/DisplayMode.cpp, getCommonData, 1554] hdmi_current_attr:420,10bit, ubootenv_colorattribute:420,10bit
06-04 20:38:07.987 I/SystemControl( 318): [/Ubootenv.cpp, get, 345] [ubootenv] search end and not find env:dv_enable
06-04 20:38:07.987 I/SystemControl( 318): [/DisplayMode.cpp, getCommonData, 1567] dv_enable:0
06-04 20:38:07.987 I/SystemControl( 318): [/Ubootenv.cpp, get, 345] [ubootenv] search end and not find env:user_prefer_dv_type
06-04 20:38:07.987 I/SystemControl( 318): [/DisplayMode.cpp, getCommonData, 1578] ubootenv_dv_type:0
06-04 20:38:07.987 I/SystemControl( 318): [/DisplayMode.cpp, getHdmiData, 1721] display sink type:0 [0:none, 1:sink, 2:repeater]
06-04 20:38:07.987 I/SystemControl( 318): [/DisplayMode.cpp, filterHdmiDispcap, 1398] before filtered HdmiDispcap:
06-04 20:38:07.987 I/SystemControl( 318): [/DisplayMode.cpp, filterHdmiDispcap, 1427] after filtered HdmiDispcap:
06-04 20:38:07.988 D/MesonDisplayServer( 296): getDisplayAttribute "Dolby Vision CAP2": "The Rx don't support DolbyVision"
06-04 20:38:07.988 E/SystemControl( 318): [/DisplayMode.cpp, getHdmiDvCap, 1618] TV isn't support dolby vision: The Rx don't support DolbyVision
06-04 20:38:07.988 I/SystemControl( 318): [/DisplayMode.cpp, onTxEvent, 3294] onTxEvent boot config enable do nothing, just return
06-04 20:38:07.988 I/SystemControl( 318): [/UEventObserver.cpp, HDMITxUenventThreadLoop, 451] HDMI TX switch_name:hdmitx_audio, switch_state: 0
06-04 20:38:07.988 I/SystemControl( 318): [/DisplayMode.cpp, onTxEvent, 3267] onTxEvent switchName:hdmitx_audio hpdstate:0 state: 1
06-04 20:38:07.988 I/SystemControl( 318): [/SysWrite.cpp, getKernelReleaseVersion, 701] getKernelReleaseVersion: 5.15
06-04 20:38:07.988 I/SystemControl( 318): [/SystemControlHal.cpp, onEvent, 72] onEvent event:4, client size:5
06-04 20:38:07.988 I/SystemControlClient( 499): notifyCallback event type:4
06-04 20:38:07.988 I/SystemControlClient( 499): notifyCallback: listener is NULL.
06-04 20:38:07.989 I/SystemControlClient( 498): notifyCallback event type:4
06-04 20:38:07.989 I/SystemControlClient( 498): notifyCallback: listener is NULL.
06-04 20:38:07.989 I/SystemControlClient( 245): notifyCallback event type:4
06-04 20:38:07.989 I/SystemControlClient( 245): notifyCallback: listener is NULL.
06-04 20:38:07.989 I/SystemControl( 318): [/UEventObserver.cpp, HDMITxUenventThreadLoop, 451] HDMI TX switch_name:hdmitx_current_status, switch_state: 51
06-04 20:38:07.992 E/ccc ( 1349): cccccc hdmi plug reset
06-04 20:38:07.992 I/SystemControlClient( 497): notifyCallback event type:4
06-04 20:38:07.992 I/SystemControlClient( 497): notifyCallback: listener is NULL.
06-04 20:38:07.992 I/SystemControlEvent( 1030): system control callback event: 4
06-04 20:38:07.993 E/xxxxxxxxxxxxxxx( 1414): onReceive:mIsHDMIPlugged = false
06-04 20:38:07.978 I/systemcontrol( 318): type=1400 audit(0.0:1549): avc: denied { call } for scontext=u:r:system_control:s0 tcontext=u:r:hal_oemlock_default:s0 tclass=binder permissive=1
06-04 20:38:07.978 I/systemcontrol( 318): type=1400 audit(0.0:1550): avc: denied { call } for scontext=u:r:system_control:s0 tcontext=u:r:mediacodec:s0 tclass=binder permissive=1
06-04 20:38:08.077 D/MesonDisplayServer( 296): SetDisplay[CVBS] Mode to "dummy_l"
06-04 20:38:08.096 E/MesonHwc( 296): waitVBlank failed crtc[63]ret[-1]
06-04 20:38:08.096 W/HWComposer( 265): Ignoring duplicate VSYNC event from HWC for display 4625716335649126413 (t=1754850057000)
06-04 20:38:08.096 E/MesonHwc( 296): wait for hw vsync error:-1
06-04 20:38:08.100 E/Scheduler( 265): trackPendingFrame: Invalid present fence
06-04 20:38:08.100 I/SystemControl( 318): [/UEventObserver.cpp, HDMITxUenventThreadLoop, 451] HDMI TX switch_name:hdmitx_current_status, switch_state: 52
06-04 20:38:08.116 E/Scheduler( 265): trackPendingFrame: Invalid present fence
06-04 20:38:08.140 E/Scheduler( 265): trackPendingFrame: Invalid present fence
06-04 20:38:08.141 D/MesonComposer3( 296): halEventcallback onHotplug client3.0
06-04 20:38:08.141 E/MesonHwc( 296): getPort 15
06-04 20:38:08.141 E/MesonHwc( 296): getPort 15
06-04 20:38:08.142 I/SurfaceFlinger( 265): Reconnecting display 4625716335649126413 (HAL ID 0)
06-04 20:38:08.148 E/MesonComposer3( 296): destroyLayer: display:0 failed to destroy layer:43
06-04 20:38:08.148 E/HwcComposer( 265): destroyLayer failed Status(-8, EX_SERVICE_SPECIFIC): '3: '
06-04 20:38:08.148 E/HWC2 ( 265): destroyLayer(0, 43) failed: BadLayer (3)
06-04 20:38:08.149 E/MesonComposer3( 296): destroyLayer: display:0 failed to destroy layer:810
06-04 20:38:08.149 E/HwcComposer( 265): destroyLayer failed Status(-8, EX_SERVICE_SPECIFIC): '3: '
06-04 20:38:08.149 E/HWC2 ( 265): destroyLayer(0, 810) failed: BadLayer (3)
06-04 20:38:08.149 E/HwcComposer( 265): setClientTargetSlotCount failed Status(-8, EX_SERVICE_SPECIFIC): '4: '
06-04 20:38:08.149 I/FramebufferSurface( 265): Framebuffer size has been limited to [1920x1080] from [3840x2160]
06-04 20:38:08.166 I/Scheduler( 265): Display 4625716335649126413 is the pacesetter
06-04 20:38:08.167 E/SchedulerTimer( 265): Terminated
06-04 20:38:08.167 D/SurfaceFlinger( 265): Setting power mode 2 on display 4625716335649126413
06-04 20:38:08.167 W/EventThread( 265): Failed dispatching Hotplug{displayId=4625716335649126413, connected} for Connection{0xf1443110, VSyncRequest::None}
06-04 20:38:08.167 W/EventThread( 265): Failed dispatching Hotplug{displayId=4625716335649126413, connected} for Connection{0xf1442a90, VSyncRequest::None}
06-04 20:38:08.168 D/SurfaceFlinger( 265): Finished setting power mode 2 on display 4625716335649126413
06-04 20:38:08.170 D/LocalDisplayAdapter( 707): The active mode was changed from SurfaceFlinger or the display device to {id=59, width=3840, height=2160, fps=59.94006, alternativeRefreshRates=[], supportedHdrTypes=[]}
06-04 20:38:08.170 D/LocalDisplayAdapter( 707): New display modes are added and the active mode has changed, use active mode as default mode.
06-04 20:38:08.170 W/LocalDisplayAdapter( 707): DisplayModeSpecs base mode no longer available, using currently active mode.
06-04 20:38:08.172 I/DisplayDeviceRepository( 707): Display device changed: DisplayDeviceInfo{"内置屏幕": uniqueId="local:4625716335649126413", 3840 x 2160, modeId 43, renderFrameRate 59.94006, defaultModeId 43, supportedModes [{id=41, width=1920, height=1080, fps=59.94006, alternativeRefreshRates=[], supportedHdrTypes=[2, 3]}, {id=42, width=1920, height=1080, fps=60.000004, alternativeRefreshRates=[], supportedHdrTypes=[2, 3]}, {id=43, width=3840, height=2160, fps=59.94006, alternativeRefreshRates=[], supportedHdrTypes=[2, 3]}, {id=44, width=3840, height=2160, fps=60.000004, alternativeRefreshRates=[], supportedHdrTypes=[2, 3]}, {id=45, width=3840, height=2160, fps=50.0, alternativeRefreshRates=[], supportedHdrTypes=[2, 3]}, {id=46, width=3840, height=2160, fps=29.97003, alternativeRefreshRates=[], supportedHdrTypes=[2, 3]}, {id=47, width=3840, height=2160, fps=30.000002, alternativeRefreshRates=[], supportedHdrTypes=[2, 3]}, {id=48, width=3840, height=2160, fps=25.0, alternativeRefreshRates=[], supportedHdrTypes=[2, 3]}, {id=49, width=3840, height=2160, fps=23.976025, alternativeRefreshRates=[], supportedHdrTypes=[2, 3]}, {id=50, width=3840, height=2160, fps=24.000002, alternativeRefreshRates=[], supportedHdrTypes=[2, 3]}, {id=51, width=1920, height=1080, fps=50.0, alternativeRefreshRates=[], supportedHdrTypes=[2, 3]}, {id=52, width=1920, height=1080, fps=29.97003, alternativeRefreshRates=[], supportedHdrTypes=[2, 3]}, {id=53, width=1920, height=1080, fps=30.000002, alternativeRefreshRates=[], supportedHdrTypes=[2, 3]}, {id=54, width=1920, height=1080, fps=23.976025, alternativeRefreshRates=[], supportedHdrTypes=[2, 3]}, {id=55, width=1920, height=1080, fps=24.000002, alternativeRefreshRates=[], supportedHdrTypes=[2, 3]}, {id=56, width=1280, height=720, fps=59.94006, alternativeRefreshRates=[], supportedHdrTypes=[2, 3]}, {id=57, width=1280, height=720, fps=60.000004, alternativeRefreshRates=[], supportedHdrTypes=[2, 3]}, {id=58, width=1280, height=720, fps=50.0, alternativeRefreshRates=[], supportedHdrTypes=[2, 3]}], colorMode 0, supportedColorModes [0], hdrCapabilities HdrCapabilities{mSupportedHdrTypes=[2, 3], mMaxLuminance=500.0, mMaxAverageLuminance=500.0, mMinLuminance=0.0}, allmSupported false, gameContentTypeSupported false, density 480, 81.28 x 80.682 dpi, appVsyncOff 2000000, presDeadline 13683333, touch INTERNAL, rotation 0, type INTERNAL, address {port=13, model=0x4031d87fca1678}, deviceProductInfo DeviceProductInfo{name=HUAWEI INC, manufacturerPnpId=HWV, productId=48, modelYear=2019, manufactureDate=null, connectionToSinkType=2}, state ON, committedState ON, frameRateOverride , brightnessMinimum 0.0, brightnessMaximum 1.0, brightnessDefault 0.39763778, hdrSdrRatio NaN, FLAG_ALLOWED_TO_BE_DEFAULT_DISPLAY, FLAG_ROTATES_WITH_CONTENT, FLAG_SECURE, FLAG_SUPPORTS_PROTECTED_BUFFERS, FLAG_TRUSTED, installOrientation 0, displayShape DisplayShape{ spec=-545313861 displayWidth=3840 displayHeight=2160 physicalPixelDisplaySizeRatio=1.0 rotation=0 offsetX=0 offsetY=0 scale=1.0}}
06-04 20:38:08.174 E/Scheduler( 265): trackPendingFrame: Invalid present fence
06-04 20:38:08.176 D/DisplayManagerService( 707): Ignore redundant display event 0/2 to 10075/3469
06-04 20:38:08.177 W/LocalDisplayAdapter( 707): Ignoring request for invalid base mode id 43
06-04 20:38:08.181 I/DisplayDeviceRepository( 707): Display device changed: DisplayDeviceInfo{"内置屏幕": uniqueId="local:4625716335649126413", 3840 x 2160, modeId 59, renderFrameRate 59.94006, defaultModeId 59, supportedModes [{id=59, width=3840, height=2160, fps=59.94006, alternativeRefreshRates=[], supportedHdrTypes=[]}], colorMode 0, supportedColorModes [0], hdrCapabilities HdrCapabilities{mSupportedHdrTypes=[], mMaxLuminance=500.0, mMaxAverageLuminance=500.0, mMinLuminance=0.0}, allmSupported false, gameContentTypeSupported false, density 480, 81.28 x 80.682 dpi, appVsyncOff 2000000, presDeadline 13683333, touch INTERNAL, rotation 0, type INTERNAL, address {port=13, model=0x4031d87fca1678}, deviceProductInfo DeviceProductInfo{name=Linux FHD, manufacturerPnpId=LNX, productId=0, modelYear=null, manufactureDate=ManufactureDate{week=5, year=2012}, connectionToSinkType=0}, state ON, committedState ON, frameRateOverride , brightnessMinimum 0.0, brightnessMaximum 1.0, brightnessDefault 0.39763778, hdrSdrRatio NaN, FLAG_ALLOWED_TO_BE_DEFAULT_DISPLAY, FLAG_ROTATES_WITH_CONTENT, FLAG_SECURE, FLAG_SUPPORTS_PROTECTED_BUFFERS, FLAG_TRUSTED, installOrientation 0, displayShape DisplayShape{ spec=-545313861 displayWidth=3840 displayHeight=2160 physicalPixelDisplaySizeRatio=1.0 rotation=0 offsetX=0 offsetY=0 scale=1.0}}
06-04 20:38:08.183 I/RefreshRateSelector( 265): Display 4625716335649126413 policy changed
06-04 20:38:08.183 I/RefreshRateSelector( 265): Previous: {defaultModeId=94, allowGroupSwitching=false, primaryRanges={physical=[0.00 Hz, 340282346638528859811704183484516925440.00 Hz], render=[0.00 Hz, 340282346638528859811704183484516925440.00 Hz]}, appRequestRanges={physical=[0.00 Hz, 340282346638528859811704183484516925440.00 Hz], render=[0.00 Hz, 340282346638528859811704183484516925440.00 Hz]}}
06-04 20:38:08.183 I/RefreshRateSelector( 265): Current: DisplayManagerPolicy{defaultModeId=94, allowGroupSwitching=false, primaryRanges={physical=[0.00 Hz, inf Hz], render=[0.00 Hz, 120.00 Hz]}, appRequestRanges={physical=[0.00 Hz, inf Hz], render=[0.00 Hz, inf Hz]}}
06-04 20:38:08.183 I/RefreshRateSelector( 265): 0 mode changes were performed under the previous policy
06-04 20:38:08.730 I/cling--ap-80( 2892): type=1400 audit(0.0:1551): avc: denied { read } for name="address" dev="sysfs" ino=22126 scontext=u:r:untrusted_app_27:s0:c43,c256,c512,c768 tcontext=u:object_r:sysfs_net:s0 tclass=file permissive=1 app=com.dangbei.screencast
06-04 20:38:08.730 I/cling--ap-80( 2892): type=1400 audit(0.0:1552): avc: denied { open } for path="/sys/devices/virtual/net/dummy0/address" dev="sysfs" ino=22126 scontext=u:r:untrusted_app_27:s0:c43,c256,c512,c768 tcontext=u:object_r:sysfs_net:s0 tclass=file permissive=1 app=com.dangbei.screencast
06-04 20:38:08.730 I/cling--ap-80( 2892): type=1400 audit(0.0:1553): avc: denied { getattr } for path="/sys/devices/virtual/net/dummy0/address" dev="sysfs" ino=22126 scontext=u:r:untrusted_app_27:s0:c43,c256,c512,c768 tcontext=u:object_r:sysfs_net:s0 tclass=file permissive=1 app=com.dangbei.screencast
06-04 20:38:08.958 D/WifiNl80211Manager( 707): Scan result ready event
06-04 20:38:08.958 D/WifiNative( 707): Scan result ready event
06-04 20:38:08.975 D/AudioService( 707): setWiredDeviceConnectionState( type:400 state:DEVICE_STATE_UNAVAILABLE addr: name:) from android
06-04 20:38:08.976 I/AS.AudioDeviceInventory( 707): handleDeviceConnection(false dev:400 address: name:)
06-04 20:38:08.976 I/AS.AudioDeviceInventory( 707): deviceKey:0x400:
06-04 20:38:08.976 I/AS.AudioDeviceInventory( 707): deviceInfo:[DeviceInfo: type:0x400 (hdmi) name: addr: codec: 0 sensorUuid: null disabled modes: {}] is(already)Connected:true
06-04 20:38:08.977 I/APM_AudioPolicyManager( 542): [setDeviceConnectionState:256] curForceUse:NONE(0) disconnect_forceuse:HDMI(9)
06-04 20:38:08.978 I/audio_hw_hal_primary( 491): [adev_set_device_connected_state_v7:9037] disconnected address:, num_descriptors:0, num_profiles:3
06-04 20:38:08.978 I/audio_hw_hal_primary( 491): [set_device_connect_state:4044] state:0, dev:OUT_HDMI(0x400), pre_out:0x80002, pre_in:0x4
06-04 20:38:08.978 D/audio_hw_hal_resourcemgr( 491): [set_output_device_avail:353] device:0x400 avail_out_devices:400 routed_out_devices:0x400
06-04 20:38:08.986 I/audio_hw_hal_primary( 491): [adev_release_audio_patch:8514] Patch 7: MIX->DEVICE patch_src:INVAL
06-04 20:38:08.987 I/audio_hw_hal_primary( 491): [adev_release_audio_patch:8543] Patch 7: mix(io:13) -> dev_0[OUT_HDMI(id:54)]
06-04 20:38:08.987 I/audio_hw_hal_primary( 491): [unregister_audio_patch:8167] delete the Patch: 7
06-04 20:38:08.988 D/UEventObserver( 1030): change@/devices/platform/auge_sound/sound/card0/controlC0ACTION=changeDEVPATH=/devices/platform/auge_sound/sound/card0/controlC0SUBSYSTEM=soundAUDIO_FORMAT=0MAJOR=116MINOR=13DEVNAME=snd/controlC0SEQNUM=3735
06-04 20:38:08.982 I/xm_hidread( 1910): type=1400 audit(0.0:1554): avc: denied { read } for scontext=u:r:init:s0 tcontext=u:r:init:s0 tclass=netlink_kobject_uevent_socket permissive=1
06-04 20:38:09.003 W/APM::Devices( 542): DeviceVector::remove device 00000400 not in
06-04 20:38:09.005 I/AS.AudioDeviceInventory( 707): sendDeviceConnectionIntent(dev:0x400 state:0x0 address: name:);
06-04 20:38:09.016 V/MediaRouter( 707): Audio routes updated: AudioRoutesInfo{ type=SPEAKER }, a2dp=false
06-04 20:38:09.016 V/MediaRouter( 707): Selecting route: RouteInfo{ name=电视, description=null, status=null, category=RouteCategory{ name=系统 types=ROUTE_TYPE_LIVE_AUDIO ROUTE_TYPE_LIVE_VIDEO groupable=false }, supportedTypes=ROUTE_TYPE_LIVE_AUDIO ROUTE_TYPE_LIVE_VIDEO , presentationDisplay=null }
06-04 20:38:09.020 V/MediaRouter( 912): Audio routes updated: AudioRoutesInfo{ type=SPEAKER }, a2dp=false
06-04 20:38:09.020 V/MediaRouter( 912): Selecting route: RouteInfo{ name=电视, description=null, status=null, category=RouteCategory{ name=系统 types=ROUTE_TYPE_LIVE_AUDIO ROUTE_TYPE_LIVE_VIDEO groupable=false }, supportedTypes=ROUTE_TYPE_LIVE_AUDIO ROUTE_TYPE_LIVE_VIDEO , presentationDisplay=null }
06-04 20:38:09.027 D/xm_audio( 491): adev_get_parameters
06-04 20:38:09.029 D/xm_audio( 491): adev_get_parameters
06-04 20:38:09.038 D/xm_audio( 491): adev_get_parameters
06-04 20:38:09.040 D/xm_audio( 491): adev_get_parameters
06-04 20:38:09.048 D/xm_audio( 491): adev_get_parameters
06-04 20:38:09.049 D/xm_audio( 491): adev_get_parameters
06-04 20:38:09.055 D/xm_audio( 491): adev_get_parameters
06-04 20:38:09.056 D/xm_audio( 491): adev_get_parameters
06-04 20:38:09.063 D/xm_audio( 491): adev_get_parameters
06-04 20:38:09.065 D/xm_audio( 491): adev_get_parameters
06-04 20:38:09.070 I/WifiHAL ( 524): call wifi_get_link_stats handler
06-04 20:38:09.070 I/WifiHAL ( 524): Creating message to get link statistics; iface = 16
06-04 20:38:09.070 D/WifiHAL ( 524): error code -95 mapped to -3
06-04 20:38:09.074 I/system_server( 707): Background young concurrent copying GC freed 291991(10MB) AllocSpace objects, 1(20KB) LOS objects, 32% free, 18MB/27MB, paused 391us,229us total 103.427ms
06-04 20:38:09.075 E/WifiStaIfaceAidlImpl( 707): getLinkLayerStats failed with service-specific exception: android.os.ServiceSpecificException: (code 4)
06-04 20:38:09.076 D/xm_audio( 491): adev_get_parameters
06-04 20:38:09.078 D/xm_audio( 491): adev_get_parameters
06-04 20:38:09.082 E/ccc ( 4242): cccccc SCAN_RESULTS_AVAILABLE_ACTION hhhh
06-04 20:38:09.086 W/System ( 707): A resource failed to call release.
06-04 20:38:09.088 D/xm_audio( 491): adev_get_parameters
06-04 20:38:09.089 D/xm_audio( 491): adev_get_parameters
06-04 20:38:09.091 D/PasspointManager( 707): ANQP entry not found for: 10:7c:61:1a:4b:94:<5G>
06-04 20:38:09.091 I/WifiHAL ( 524): call wifi_get_link_stats handler
06-04 20:38:09.091 I/WifiHAL ( 524): Creating message to get link statistics; iface = 16
06-04 20:38:09.091 D/WifiHAL ( 524): error code -95 mapped to -3
06-04 20:38:09.091 E/WifiStaIfaceAidlImpl( 707): getLinkLayerStats failed with service-specific exception: android.os.ServiceSpecificException: (code 4)
06-04 20:38:09.094 E/hq ( 1414): NetWorkStateReceiver:::NetWorkStateReceiver onReceive: 网络变化广播 >>>> intent.action=android.net.wifi.SCAN_RESULTS
06-04 20:38:09.095 D/xm_audio( 491): adev_get_parameters
06-04 20:38:09.096 D/xm_audio( 491): adev_get_parameters
06-04 20:38:09.098 W/eventbuscore( 1414): post Event:com.dangbei.leard.base.entity.event.NetWifiRssiEvent
06-04 20:38:09.103 E/ccc ( 4242): cccccc result is not empty call back
06-04 20:38:09.103 E/ccc ( 4242): cccccc 666666666666666
06-04 20:38:09.110 D/xm_audio( 491): adev_get_parameters
06-04 20:38:09.111 D/xm_audio( 491): adev_get_parameters
06-04 20:38:09.120 E/ccc ( 4242): cccccc sort 4 55
06-04 20:38:09.120 D/xm_audio( 491): adev_get_parameters
06-04 20:38:09.122 D/xm_audio( 491): adev_get_parameters
06-04 20:38:09.127 D/xm_audio( 491): adev_get_parameters
06-04 20:38:09.129 D/xm_audio( 491): adev_get_parameters
06-04 20:38:09.134 I/vol.Events( 912): writeEvent level_changed STREAM_VOICE_CALL 100
