06-04 12:13:08.387 D/SystemServerTimingAsync( 707): ssm.onUnlockedUser-0_com.android.server.audio.AudioService$Lifecycle
06-04 12:13:08.387 D/SystemServerTimingAsync( 707): ssm.onUnlockedUser-0_com.android.server.soundtrigger_middleware.SoundTriggerMiddlewareService$Lifecycle
06-04 12:13:08.387 D/SystemServerTimingAsync( 707): ssm.onUnlockedUser-0_com.android.server.adb.AdbService$Lifecycle
06-04 12:13:08.387 D/SystemServerTimingAsync( 707): ssm.onUnlockedUser-0_com.android.server.usb.UsbService$Lifecycle
06-04 12:13:08.387 D/SystemServerTimingAsync( 707): ssm.onUnlockedUser-0_com.android.server.twilight.TwilightService
06-04 12:13:08.388 D/CompatibilityChangeReporter( 707): Compat change id reported: 143937733; UID 10049; state: ENABLED
06-04 12:13:08.389 D/SystemServerTimingAsync( 707): ssm.onUnlockedUser-0_com.android.server.display.color.ColorDisplayService
06-04 12:13:08.389 D/SystemServerTimingAsync( 707): ssm.onUnlockedUser-0_com.android.server.job.JobSchedulerService
06-04 12:13:08.389 D/SystemServerTimingAsync( 707): ssm.onUnlockedUser-0_com.android.server.soundtrigger.SoundTriggerService
06-04 12:13:08.389 D/SystemServerTimingAsync( 707): ssm.onUnlockedUser-0_com.android.server.trust.TrustManagerService
06-04 12:13:08.391 D/CompatibilityChangeReporter( 707): Compat change id reported: 135634846; UID 10039; state: DISABLED
06-04 12:13:08.395 D/CompatibilityChangeReporter( 707): Compat change id reported: 168419799; UID 10058; state: DISABLED
06-04 12:13:08.395 D/CompatibilityChangeReporter( 707): Compat change id reported: 273564678; UID 10058; state: DISABLED
06-04 12:13:08.395 I/MediaSessionStack( 707): addSession to bottom of stack | record: com.android.bluetooth/BluetoothMediaBrowserService (userId=0)
06-04 12:13:08.401 V/WindowManagerShell( 912): Transition requested: android.os.BinderProxy@dec9473 TransitionRequestInfo { type = 2, triggerTask = TaskInfo{userId=0 taskId=3 displayId=0 isRunning=false baseIntent=Intent { act=android.intent.action.MAIN cat=[android.intent.category.HOME] flg=0x10800100 cmp=com.android.tv.settings/.system.FallbackHome } baseActivity=null topActivity=null origActivity=null realActivity=ComponentInfo{com.android.tv.settings/com.android.tv.settings.system.FallbackHome} numActivities=0 lastActiveTime=22425 supportsMultiWindow=true resizeMode=0 isResizeable=false minWidth=-1 minHeight=-1 defaultMinSize=220 token=WCT{android.window.IWindowContainerToken$Stub$Proxy@6e86f30} topActivityType=2 pictureInPictureParams=null shouldDockBigOverlays=false launchIntoPipHostTaskId=-1 lastParentTaskIdBeforePip=-1 displayCutoutSafeInsets=null topActivityInfo=null launchCookies=[] positionInParent=Point(0, 0) parentTaskId=-1 isFocused=true isVisible=true isVisibleRequested=true isSleeping=false topActivityInSizeCompat=false topActivityEligibleForLetterboxEducation= false isLetterboxDoubleTapEnabled= false topActivityEligibleForUserAspectRatioButton= false topActivityBoundsLetterboxed= false isFromLetterboxDoubleTap= false topActivityLetterboxVerticalPosition= -1 topActivityLetterboxHorizontalPosition= -1 topActivityLetterboxWidth=-1 topActivityLetterboxHeight=-1 isUserFullscreenOverrideEnabled=false isTopActivityTransparent=false locusId=null displayAreaFeatureId=1 cameraCompatControlState=hidden}, remoteTransition = null, displayChange = null, flags = 0 }
06-04 12:13:08.403 D/CompatibilityChangeReporter( 707): Compat change id reported: 265195908; UID 10058; state: ENABLED
06-04 12:13:08.407 D/SystemServerTimingAsync( 707): ssm.onUnlockedUser-0_com.android.server.backup.BackupManagerService$Lifecycle
06-04 12:13:08.407 D/SystemServerTimingAsync( 707): ssm.onUnlockedUser-0_com.android.server.appwidget.AppWidgetService
06-04 12:13:08.407 D/SystemServerTimingAsync( 707): ssm.onUnlockedUser-0_com.android.server.voiceinteraction.VoiceInteractionManagerService
06-04 12:13:08.407 D/SystemServerTimingAsync( 707): ssm.onUnlockedUser-0_com.android.server.GestureLauncherService
06-04 12:13:08.407 D/SystemServerTimingAsync( 707): ssm.onUnlockedUser-0_com.android.server.SensorNotificationService
06-04 12:13:08.407 D/SystemServerTimingAsync( 707): ssm.onUnlockedUser-0_com.android.server.emergency.EmergencyAffordanceService
06-04 12:13:08.407 D/SystemServerTimingAsync( 707): ssm.onUnlockedUser-0_com.android.server.blob.BlobStoreManagerService
06-04 12:13:08.407 D/SystemServerTimingAsync( 707): ssm.onUnlockedUser-0_com.android.server.dreams.DreamManagerService
06-04 12:13:08.407 D/SystemServerTimingAsync( 707): ssm.onUnlockedUser-0_com.android.server.security.AttestationVerificationManagerService
06-04 12:13:08.407 D/SystemServerTimingAsync( 707): ssm.onUnlockedUser-0_com.android.server.restrictions.RestrictionsManagerService
06-04 12:13:08.407 D/SystemServerTimingAsync( 707): ssm.onUnlockedUser-0_com.android.server.media.MediaSessionService
06-04 12:13:08.407 D/SystemServerTimingAsync( 707): ssm.onUnlockedUser-0_com.android.server.hdmi.HdmiControlService
06-04 12:13:08.407 D/SystemServerTimingAsync( 707): ssm.onUnlockedUser-0_com.android.server.tv.interactive.TvInteractiveAppManagerService
06-04 12:13:08.407 D/SystemServerTimingAsync( 707): ssm.onUnlockedUser-0_com.android.server.tv.TvInputManagerService
06-04 12:13:08.407 D/SystemServerTimingAsync( 707): ssm.onUnlockedUser-0_com.android.server.media.MediaResourceMonitorService
06-04 12:13:08.407 D/SystemServerTimingAsync( 707): ssm.onUnlockedUser-0_com.android.server.tv.TvRemoteService
06-04 12:13:08.407 D/SystemServerTimingAsync( 707): ssm.onUnlockedUser-0_com.android.server.biometrics.BiometricService
06-04 12:13:08.407 D/SystemServerTimingAsync( 707): ssm.onUnlockedUser-0_com.android.server.biometrics.AuthService
06-04 12:13:08.407 D/SystemServerTimingAsync( 707): ssm.onUnlockedUser-0_com.android.server.pm.ShortcutService$Lifecycle
06-04 12:13:08.407 D/SystemServerTimingAsync( 707): ssm.onUnlockedUser-0_com.android.server.pm.LauncherAppsService
06-04 12:13:08.407 D/SystemServerTimingAsync( 707): ssm.onUnlockedUser-0_com.android.server.pm.CrossProfileAppsService
06-04 12:13:08.407 D/SystemServerTimingAsync( 707): ssm.onUnlockedUser-0_com.android.server.people.PeopleService
06-04 12:13:08.413 I/ActivityManager( 707): Start proc 1372:com.android.music/u0a49 for service {com.android.music/com.android.music.MediaPlaybackService}
06-04 12:13:08.415 D/CompatibilityChangeReporter( 707): Compat change id reported: 265464455; UID 1000; state: DISABLED
06-04 12:13:08.416 D/CompatibilityChangeReporter( 707): Compat change id reported: 265452344; UID 1000; state: DISABLED
06-04 12:13:08.416 D/CompatibilityChangeReporter( 707): Compat change id reported: 266124927; UID 1000; state: DISABLED
06-04 12:13:08.417 D/CompatibilityChangeReporter( 707): Compat change id reported: 265451093; UID 1000; state: DISABLED
06-04 12:13:08.417 I/UsageStatsService( 707): User[0] Rollover scheduled @ 2025-06-05 12:13:08(1749096788326)
06-04 12:13:08.418 I/UsageStatsService( 707): Time changed in by 1749010364 seconds
06-04 12:13:08.427 I/UsageStatsService( 707): User[0] Flushing usage stats to disk
06-04 12:13:08.433 D/CompatibilityChangeReporter( 707): Compat change id reported: 265456536; UID 1000; state: DISABLED
06-04 12:13:08.434 D/CompatibilityChangeReporter( 707): Compat change id reported: 255940284; UID 1000; state: DISABLED
06-04 12:13:08.434 D/CompatibilityChangeReporter( 707): Compat change id reported: 236283604; UID 1000; state: DISABLED
06-04 12:13:08.434 D/CompatibilityChangeReporter( 707): Compat change id reported: 263959004; UID 1000; state: DISABLED
06-04 12:13:08.435 D/CompatibilityChangeReporter( 707): Compat change id reported: 264304459; UID 1000; state: DISABLED
06-04 12:13:08.435 D/CompatibilityChangeReporter( 707): Compat change id reported: 264301586; UID 1000; state: DISABLED
06-04 12:13:08.435 D/CompatibilityChangeReporter( 707): Compat change id reported: 254631730; UID 1000; state: DISABLED
06-04 12:13:08.435 D/CompatibilityChangeReporter( 707): Compat change id reported: 273509367; UID 1000; state: DISABLED
06-04 12:13:08.436 D/CompatibilityChangeReporter( 707): Compat change id reported: 263259275; UID 1000; state: DISABLED
06-04 12:13:08.436 D/CompatibilityChangeReporter( 707): Compat change id reported: 174042980; UID 1000; state: DISABLED
06-04 12:13:08.437 D/CompatibilityChangeReporter( 707): Compat change id reported: 174042936; UID 1000; state: DISABLED
06-04 12:13:08.437 D/CompatibilityChangeReporter( 707): Compat change id reported: 181136395; UID 1000; state: DISABLED
06-04 12:13:08.442 D/CompatibilityChangeReporter( 707): Compat change id reported: 170503758; UID 10058; state: ENABLED
06-04 12:13:08.443 D/SystemServerTimingAsync( 707): ssm.onUnlockedUser-0_com.android.server.media.metrics.MediaMetricsManagerService
06-04 12:13:08.443 D/SystemServerTimingAsync( 707): ssm.onUnlockedUser-0_com.android.server.pm.BackgroundInstallControlService
06-04 12:13:08.443 D/SystemServerTimingAsync( 707): ssm.onUnlockedUser-0_com.android.server.media.projection.MediaProjectionManagerService
06-04 12:13:08.443 D/SystemServerTimingAsync( 707): ssm.onUnlockedUser-0_com.android.server.slice.SliceManagerService$Lifecycle
06-04 12:13:08.443 D/SystemServerTimingAsync( 707): ssm.onUnlockedUser-0_com.android.server.stats.StatsCompanion$Lifecycle
06-04 12:13:08.443 D/SystemServerTimingAsync( 707): ssm.onUnlockedUser-0_com.android.server.scheduling.RebootReadinessManagerService$Lifecycle
06-04 12:13:08.443 D/SystemServerTimingAsync( 707): ssm.onUnlockedUser-0_com.android.server.stats.pull.StatsPullAtomService
06-04 12:13:08.443 D/SystemServerTimingAsync( 707): ssm.onUnlockedUser-0_com.android.server.stats.bootstrap.StatsBootstrapAtomService$Lifecycle
06-04 12:13:08.443 D/SystemServerTimingAsync( 707): ssm.onUnlockedUser-0_com.android.server.incident.IncidentCompanionService
06-04 12:13:08.443 D/SystemServerTimingAsync( 707): ssm.onUnlockedUser-0_com.android.server.sdksandbox.SdkSandboxManagerService$Lifecycle
06-04 12:13:08.443 D/SystemServerTimingAsync( 707): ssm.onUnlockedUser-0_com.android.server.adservices.AdServicesManagerService$Lifecycle
06-04 12:13:08.443 D/SystemServerTimingAsync( 707): ssm.onUnlockedUser-0_com.android.server.ondevicepersonalization.OnDevicePersonalizationSystemService$Lifecycle
06-04 12:13:08.443 D/SystemServerTimingAsync( 707): ssm.onUnlockedUser-0_com.android.server.autofill.AutofillManagerService
06-04 12:13:08.443 D/SystemServerTimingAsync( 707): ssm.onUnlockedUser-0_com.android.server.clipboard.ClipboardService
06-04 12:13:08.443 D/SystemServerTimingAsync( 707): ssm.onUnlockedUser-0_com.android.server.appbinding.AppBindingService$Lifecycle
06-04 12:13:08.443 D/SystemServerTimingAsync( 707): ssm.onUnlockedUser-0_com.android.server.tracing.TracingServiceProxy
06-04 12:13:08.443 D/SystemServerTimingAsync( 707): ssm.onUnlockedUser-0_com.android.server.policy.PermissionPolicyService
06-04 12:13:08.443 D/SystemServerTimingAsync( 707): ssm.onUnlockedUser-0_com.android.server.pm.StagingManager$Lifecycle
06-04 12:13:08.443 D/SystemServerTimingAsync( 707): ssm.onUnlockedUser-0_com.android.server.app.GameManagerService$Lifecycle
06-04 12:13:08.443 D/SystemServerTimingAsync( 707): ssm.onUnlockedUser-0_com.android.safetycenter.SafetyCenterService
06-04 12:13:08.443 D/SystemServerTimingAsync( 707): ssm.onUnlockedUser-0_com.android.server.appsearch.AppSearchModule$Lifecycle
06-04 12:13:08.443 D/SystemServerTimingAsync( 707): ssm.onUnlockedUser-0_com.android.server.media.MediaCommunicationService
06-04 12:13:08.443 D/SystemServerTimingAsync( 707): ssm.onUnlockedUser-0_com.android.server.compat.overrides.AppCompatOverridesService$Lifecycle
06-04 12:13:08.443 D/SystemServerTimingAsync( 707): ssm.onUnlockedUser-0_com.android.server.healthconnect.HealthConnectManagerService
06-04 12:13:08.443 D/HealthConnectManagerService( 707): switchToSetupForUser: UserHandle{0}
06-04 12:13:08.443 D/HealthConnectBackupRestore( 707): Performing user switch operations.
06-04 12:13:08.445 D/SystemServerTimingAsync( 707): ssm.onUnlockedUser-0_com.android.server.devicelock.DeviceLockService
06-04 12:13:08.454 D/CompatibilityChangeReporter( 707): Compat change id reported: 194480991; UID 1000; state: ENABLED
06-04 12:13:08.462 D/CompatibilityChangeReporter( 707): Compat change id reported: 197654537; UID 1000; state: DISABLED
06-04 12:13:08.462 D/CompatibilityChangeReporter( 707): Compat change id reported: 218533173; UID 10058; state: ENABLED
06-04 12:13:08.462 D/CompatibilityChangeReporter( 707): Compat change id reported: 262645982; UID 10058; state: ENABLED
06-04 12:13:08.464 I/ActivityTaskManager( 707): START u0 {act=android.intent.action.MAIN cat=[android.intent.category.HOME] flg=0x10000100 cmp=com.dangbei.leard.leradlauncher/com.dangbei.launcher.home.LauncherActivity (has extras)} with LAUNCH_SINGLE_TASK from uid 0 (BAL_ALLOW_ALLOWLISTED_UID) result code=0
06-04 12:13:08.473 W/ActivityManager( 707): Slow operation: 88ms so far, now at startProcess: done updating pids map
06-04 12:13:08.473 W/ActivityManager( 707): Slow operation: 83ms so far, now at startProcess: asking zygote to start proc
06-04 12:13:08.473 D/CompatibilityChangeReporter( 707): Compat change id reported: 143937733; UID 10039; state: DISABLED
06-04 12:13:08.475 E/TaskPersister( 707): File error accessing recents directory (directory doesn't exist?).
06-04 12:13:08.478 V/BackupManagerConstants( 707): getKeyValueBackupIntervalMilliseconds(...) returns 14400000
06-04 12:13:08.478 V/BackupManagerConstants( 707): getKeyValueBackupFuzzMilliseconds(...) returns 600000
06-04 12:13:08.478 V/BackupManagerConstants( 707): getKeyValueBackupRequiredNetworkType(...) returns 1
06-04 12:13:08.478 V/BackupManagerConstants( 707): getKeyValueBackupRequireCharging(...) returns true
06-04 12:13:08.479 V/KeyValueBackupJob( 707): Scheduling k/v pass in 240 minutes
06-04 12:13:08.481 V/BackupManagerService( 707): [UserID:0] No ancestral data
06-04 12:13:08.492 W/ActivityManager( 707): Slow operation: 102ms so far, now at startProcess: returned from zygote!
06-04 12:13:08.511 I/HealthConnectBackupRestore( 707): Attempt to schedule download timeout job with state: 0
06-04 12:13:08.511 I/HealthConnectBackupRestore( 707): Attempt to schedule staging timeout job with state: 0
06-04 12:13:08.511 I/HealthConnectBackupRestore( 707): Attempt to schedule merging timeout job with state: 0
06-04 12:13:08.534 W/ActivityManager( 707): Slow operation: 59ms so far, now at attachApplicationLocked: before bindApplication
06-04 12:13:08.535 D/CompatibilityChangeReporter( 707): Compat change id reported: 168419799; UID 1000; state: DISABLED
06-04 12:13:08.535 D/CompatibilityChangeReporter( 707): Compat change id reported: 273564678; UID 1000; state: DISABLED
06-04 12:13:08.535 D/CompatibilityChangeReporter( 707): Compat change id reported: 271850009; UID 1000; state: ENABLED
06-04 12:13:08.535 W/ActivityManager( 707): Slow operation: 60ms so far, now at attachApplicationLocked: immediately before bindApplication
06-04 12:13:08.535 D/CompatibilityChangeReporter( 707): Compat change id reported: 271850009; UID 1000; state: DISABLED
06-04 12:13:08.536 D/CompatibilityChangeReporter( 707): Compat change id reported: 271850009; UID 1000; state: ENABLED
06-04 12:13:08.536 W/ActivityManager( 707): Slow operation: 61ms so far, now at attachApplicationLocked: immediately after bindApplication
06-04 12:13:08.536 W/ActivityManager( 707): Slow operation: 61ms so far, now at attachApplicationLocked: after updateLruProcessLocked
06-04 12:13:08.537 W/ActivityManager( 707): Slow operation: 62ms so far, now at attachApplicationLocked: after updateOomAdjLocked
06-04 12:13:08.537 D/CompatibilityChangeReporter( 707): Compat change id reported: 253665015; UID 1000; state: ENABLED
06-04 12:13:08.538 D/CompatibilityChangeReporter( 707): Compat change id reported: 253665015; UID 1000; state: DISABLED
06-04 12:13:08.539 D/CompatibilityChangeReporter( 707): Compat change id reported: 194532703; UID 1000; state: ENABLED
06-04 12:13:08.539 D/CompatibilityChangeReporter( 707): Compat change id reported: 194532703; UID 1000; state: DISABLED
06-04 12:13:08.544 W/ActivityManager( 707): Slow operation: 154ms so far, now at startProcess: done updating battery stats
06-04 12:13:08.545 W/ActivityManager( 707): Slow operation: 154ms so far, now at startProcess: building log message
06-04 12:13:08.545 I/ActivityManager( 707): Start proc 1396:com.sohu.inputmethod.sogou.tv/u0a39 for service {com.sohu.inputmethod.sogou.tv/com.sohu.inputmethod.sogou.tv.SogouIME}
06-04 12:13:08.545 W/ActivityManager( 707): Slow operation: 155ms so far, now at startProcess: starting to update pids map
06-04 12:13:08.545 W/ActivityManager( 707): Slow operation: 155ms so far, now at startProcess: done updating pids map
06-04 12:13:08.546 W/ContextImpl( 1030): Calling a method in the system process without a qualified user: android.app.ContextImpl.startService:1899 android.content.ContextWrapper.startService:825 android.content.ContextWrapper.startService:825 com.droidlogic.btpair.FastBootComplete.onReceive:20 android.app.ActivityThread.handleReceiver:4494
06-04 12:13:08.546 I/ActivityManager( 707): com.dangbei.leard.leradlauncher is exempt from freezer
06-04 12:13:08.547 D/CompatibilityChangeReporter( 707): Compat change id reported: 135634846; UID 1000; state: DISABLED
06-04 12:13:08.548 D/CompatibilityChangeReporter( 707): Compat change id reported: 168419799; UID 10049; state: DISABLED
06-04 12:13:08.548 D/CompatibilityChangeReporter( 707): Compat change id reported: 273564678; UID 10049; state: DISABLED
06-04 12:13:08.550 D/CompatibilityChangeReporter( 707): Compat change id reported: 265195908; UID 10049; state: ENABLED
06-04 12:13:08.553 D/CompatibilityChangeReporter( 707): Compat change id reported: 168419799; UID 10039; state: DISABLED
06-04 12:13:08.553 D/CompatibilityChangeReporter( 707): Compat change id reported: 273564678; UID 10039; state: DISABLED
06-04 12:13:08.558 D/CompatibilityChangeReporter( 707): Compat change id reported: 161145287; UID 1000; state: ENABLED
06-04 12:13:08.558 D/CompatibilityChangeReporter( 707): Compat change id reported: 161145287; UID 1000; state: DISABLED
06-04 12:13:08.561 D/CompatibilityChangeReporter( 707): Compat change id reported: 161252188; UID 1000; state: DISABLED
06-04 12:13:08.562 W/ContextImpl( 1030): Calling a method in the system process without a qualified user: android.app.ContextImpl.startService:1899 android.content.ContextWrapper.startService:825 android.content.ContextWrapper.startService:825 com.droidlogic.btpair.FastBootComplete.onReceive:23 android.app.ActivityThread.handleReceiver:4494
06-04 12:13:08.563 I/ActivityManager( 707): com.android.keychain is exempt from freezer
06-04 12:13:08.567 D/WindowManagerShell( 912): TvPipController: onTaskStackChanged()
06-04 12:13:08.571 I/ActivityManager( 707): com.oranth.ledstatus is exempt from freezer
06-04 12:13:08.575 D/CompatibilityChangeReporter( 707): Compat change id reported: 261072174; UID 1000; state: ENABLED
06-04 12:13:08.580 I/ActivityManager( 707): Start proc 1414:com.dangbei.leard.leradlauncher/1000 for top-activity {com.dangbei.leard.leradlauncher/com.dangbei.launcher.home.LauncherActivity}
06-04 12:13:08.585 D/SystemServerTiming( 707): getUserSwitchability-0
06-04 12:13:08.585 D/SystemServerTiming( 707): TM.isInCall
06-04 12:13:08.585 I/MediaSessionStack( 707): addSession to bottom of stack | record: com.android.bluetooth/BluetoothMediaBrowserService (userId=0)
06-04 12:13:08.586 D/SystemServerTiming( 707): hasUserRestriction-DISALLOW_USER_SWITCH
06-04 12:13:08.586 D/SystemServerTiming( 707): getInt-ALLOW_USER_SWITCHING_WHEN_SYSTEM_USER_LOCKED
06-04 12:13:08.586 D/SystemServerTiming( 707): isUserUnlocked-USER_SYSTEM
06-04 12:13:08.587 D/SystemServerTiming( 707): getUserSwitchability-0
06-04 12:13:08.588 D/SystemServerTiming( 707): TM.isInCall
06-04 12:13:08.588 D/SystemServerTiming( 707): hasUserRestriction-DISALLOW_USER_SWITCH
06-04 12:13:08.588 D/SystemServerTiming( 707): getInt-ALLOW_USER_SWITCHING_WHEN_SYSTEM_USER_LOCKED
06-04 12:13:08.588 D/SystemServerTiming( 707): isUserUnlocked-USER_SYSTEM
06-04 12:13:08.590 D/CompatibilityChangeReporter( 707): Compat change id reported: 265195908; UID 10039; state: ENABLED
06-04 12:13:08.592 D/SystemServerTiming( 707): getUserSwitchability-0
06-04 12:13:08.592 D/SystemServerTiming( 707): TM.isInCall
06-04 12:13:08.593 D/SystemServerTiming( 707): hasUserRestriction-DISALLOW_USER_SWITCH
06-04 12:13:08.593 D/SystemServerTiming( 707): getInt-ALLOW_USER_SWITCHING_WHEN_SYSTEM_USER_LOCKED
06-04 12:13:08.593 D/SystemServerTiming( 707): isUserUnlocked-USER_SYSTEM
06-04 12:13:08.595 W/Looper ( 707): Slow dispatch took 220ms android.fg h=android.os.Handler c=com.android.server.am.UserController$$ExternalSyntheticLambda18@5e43c82 m=0
06-04 12:13:08.595 W/Looper ( 707): Slow delivery took 243ms android.fg h=android.os.Handler c=com.android.server.power.hint.HintManagerService$MyUidObserver$$ExternalSyntheticLambda0@b298f93 m=0
06-04 12:13:08.596 W/Looper ( 707): Drained
06-04 12:13:08.598 V/NotificationAssistants( 707): disabling notification assistant for user 0: ComponentInfo{android.ext.services/android.ext.services.notification.Assistant}
06-04 12:13:08.598 D/NotificationListeners( 707): Removing active service ComponentInfo{android.ext.services/android.ext.services.notification.Assistant}
06-04 12:13:08.601 V/NotificationAssistants( 707): enabling notification assistant for 0: ComponentInfo{android.ext.services/android.ext.services.notification.Assistant}
06-04 12:13:08.601 V/NotificationAssistants( 707): binding: Intent { act=android.service.notification.NotificationAssistantService cmp=android.ext.services/.notification.Assistant (has extras) }
06-04 12:13:08.608 D/SystemServerTiming( 707): getUserSwitchability-0
06-04 12:13:08.608 D/SystemServerTiming( 707): TM.isInCall
06-04 12:13:08.610 D/CompatibilityChangeReporter( 707): Compat change id reported: 170503758; UID 10039; state: DISABLED
06-04 12:13:08.612 D/SystemServerTiming( 707): hasUserRestriction-DISALLOW_USER_SWITCH
06-04 12:13:08.612 D/SystemServerTiming( 707): getInt-ALLOW_USER_SWITCHING_WHEN_SYSTEM_USER_LOCKED
06-04 12:13:08.612 D/SystemServerTiming( 707): isUserUnlocked-USER_SYSTEM
06-04 12:13:08.614 D/CompatibilityChangeReporter( 707): Compat change id reported: 170503758; UID 10049; state: DISABLED
06-04 12:13:08.626 D/SystemServerTiming( 707): getUserSwitchability-0
06-04 12:13:08.626 D/SystemServerTiming( 707): TM.isInCall
06-04 12:13:08.628 D/SystemServerTiming( 707): hasUserRestriction-DISALLOW_USER_SWITCH
06-04 12:13:08.628 D/SystemServerTiming( 707): getInt-ALLOW_USER_SWITCHING_WHEN_SYSTEM_USER_LOCKED
06-04 12:13:08.628 D/SystemServerTiming( 707): isUserUnlocked-USER_SYSTEM
06-04 12:13:08.633 D/SystemServerTiming( 707): getUserSwitchability-0
06-04 12:13:08.633 D/SystemServerTiming( 707): TM.isInCall
06-04 12:13:08.633 D/SystemServerTiming( 707): hasUserRestriction-DISALLOW_USER_SWITCH
06-04 12:13:08.633 D/SystemServerTiming( 707): getInt-ALLOW_USER_SWITCHING_WHEN_SYSTEM_USER_LOCKED
06-04 12:13:08.633 D/SystemServerTiming( 707): isUserUnlocked-USER_SYSTEM
06-04 12:13:08.635 D/SystemServerTiming( 707): getUserSwitchability-0
06-04 12:13:08.635 D/SystemServerTiming( 707): TM.isInCall
06-04 12:13:08.638 D/SystemServerTiming( 707): hasUserRestriction-DISALLOW_USER_SWITCH
06-04 12:13:08.638 D/SystemServerTiming( 707): getInt-ALLOW_USER_SWITCHING_WHEN_SYSTEM_USER_LOCKED
06-04 12:13:08.638 D/SystemServerTiming( 707): isUserUnlocked-USER_SYSTEM
06-04 12:13:08.640 D/SystemServerTiming( 707): getUserSwitchability-0
06-04 12:13:08.640 D/SystemServerTiming( 707): TM.isInCall
06-04 12:13:08.641 D/SystemServerTiming( 707): hasUserRestriction-DISALLOW_USER_SWITCH
06-04 12:13:08.641 D/SystemServerTiming( 707): getInt-ALLOW_USER_SWITCHING_WHEN_SYSTEM_USER_LOCKED
06-04 12:13:08.641 D/SystemServerTiming( 707): isUserUnlocked-USER_SYSTEM
06-04 12:13:08.642 W/ActivityManager( 707): Slow operation: 79ms so far, now at startProcess: returned from zygote!
06-04 12:13:08.642 W/ActivityManager( 707): Slow operation: 79ms so far, now at startProcess: done updating battery stats
06-04 12:13:08.642 W/ActivityManager( 707): Slow operation: 79ms so far, now at startProcess: building log message
06-04 12:13:08.642 I/ActivityManager( 707): Start proc 1428:com.android.keychain/1000 for service {com.android.keychain/com.android.keychain.KeyChainService}
06-04 12:13:08.642 W/ActivityManager( 707): Slow operation: 79ms so far, now at startProcess: starting to update pids map
06-04 12:13:08.642 W/ActivityManager( 707): Slow operation: 79ms so far, now at startProcess: done updating pids map
06-04 12:13:08.643 W/ActivityManager( 707): Slow operation: 72ms so far, now at startProcess: asking zygote to start proc
06-04 12:13:08.644 D/CompatibilityChangeReporter( 707): Compat change id reported: 168419799; UID 1000; state: DISABLED
06-04 12:13:08.644 D/CompatibilityChangeReporter( 707): Compat change id reported: 273564678; UID 1000; state: DISABLED
06-04 12:13:08.658 W/ActivityManager( 707): Slow operation: 87ms so far, now at startProcess: returned from zygote!
06-04 12:13:08.658 W/ActivityManager( 707): Slow operation: 88ms so far, now at startProcess: done updating battery stats
06-04 12:13:08.658 W/ActivityManager( 707): Slow operation: 88ms so far, now at startProcess: building log message
06-04 12:13:08.658 I/ActivityManager( 707): Start proc 1430:com.oranth.ledstatus/1000 for broadcast {com.oranth.ledstatus/com.oranth.ledstatus.BootCompletedReceiver}
06-04 12:13:08.658 W/ActivityManager( 707): Slow operation: 88ms so far, now at startProcess: starting to update pids map
06-04 12:13:08.658 W/ActivityManager( 707): Slow operation: 88ms so far, now at startProcess: done updating pids map
06-04 12:13:08.706 V/NotificationAssistants( 707): 0 notification assistant service connected: ComponentInfo{android.ext.services/android.ext.services.notification.Assistant}
06-04 12:13:08.708 I/SyncManager( 707): Loaded persisted syncs: 0 periodic syncs, 0 oneshot syncs, 0 total system server jobs, JobStats: FirstLoad: 5/3/0 LastSave: -1/-1/-1
06-04 12:13:08.714 I/BackupManagerService( 707): isBackupEnabled() => false due to absent settings file
06-04 12:13:08.715 D/BackupManagerService( 707): user:0 readBackupEnableState enabled:false
06-04 12:13:08.715 I/BackupManagerService( 707): [UserID:0] Backup enabled => false
06-04 12:13:08.719 D/CompatibilityChangeReporter( 707): Compat change id reported: 168419799; UID 1000; state: DISABLED
06-04 12:13:08.720 D/CompatibilityChangeReporter( 707): Compat change id reported: 273564678; UID 1000; state: DISABLED
06-04 12:13:08.750 V/WindowManager( 707): app ------------- force_land :0
06-04 12:13:08.754 D/CompatibilityChangeReporter( 707): Compat change id reported: 197654537; UID 1000; state: DISABLED
06-04 12:13:08.770 I/MediaSessionStack( 707): addSession to bottom of stack | record: com.android.music/MediaPlaybackService (userId=0)
06-04 12:13:08.804 D/CompatibilityChangeReporter( 707): Compat change id reported: 168419799; UID 1000; state: DISABLED
06-04 12:13:08.805 D/CompatibilityChangeReporter( 707): Compat change id reported: 273564678; UID 1000; state: DISABLED
06-04 12:13:08.805 V/BackupManagerConstants( 707): getKeyValueBackupIntervalMilliseconds(...) returns 14400000
06-04 12:13:08.806 V/BackupManagerConstants( 707): getKeyValueBackupFuzzMilliseconds(...) returns 600000
06-04 12:13:08.806 V/BackupManagerConstants( 707): getKeyValueBackupRequiredNetworkType(...) returns 1
06-04 12:13:08.814 V/BackupManagerConstants( 707): getKeyValueBackupRequireCharging(...) returns true
06-04 12:13:08.814 V/KeyValueBackupJob( 707): Scheduling k/v pass in 242 minutes
06-04 12:13:08.831 W/StorageManagerService( 707): Reporting emulated;0 unmounted due to system locked
06-04 12:13:08.907 W/StorageManagerService( 707): Reporting emulated;0 unmounted due to system locked
06-04 12:13:08.941 W/StorageManagerService( 707): Reporting emulated;0 unmounted due to system locked
06-04 12:13:08.974 D/CompatibilityChangeReporter( 707): Compat change id reported: 261072174; UID 10052; state: ENABLED
06-04 12:13:08.994 W/WindowManager( 707): [addWindow] title:InputMethod
06-04 12:13:09.009 D/CompatibilityChangeReporter( 707): Compat change id reported: 161145287; UID 10039; state: DISABLED
06-04 12:13:09.017 I/ActivityManager( 707): com.oranth.storage is exempt from freezer
06-04 12:13:09.018 D/CompatibilityChangeReporter( 707): Compat change id reported: 135634846; UID 1000; state: DISABLED
06-04 12:13:09.039 W/ContextImpl( 1430): Calling a method in the system process without a qualified user: android.app.ContextImpl.startService:1899 android.content.ContextWrapper.startService:825 android.content.ContextWrapper.startService:825 com.oranth.ledstatus.BootCompletedReceiver.onReceive:15 android.app.ActivityThread.handleReceiver:4494
06-04 12:13:09.042 I/ActivityManager( 707): Start proc 1502:com.oranth.storage/1000 for broadcast {com.oranth.storage/com.oranth.storage.BootCompletedReceiver}
06-04 12:13:09.054 D/CompatibilityChangeReporter( 707): Compat change id reported: 161145287; UID 10058; state: ENABLED
06-04 12:13:09.132 W/StorageManagerService( 707): Reporting emulated;0 unmounted due to system locked
06-04 12:13:09.152 I/StorageUserConnection( 707): Service: [ComponentInfo{com.android.providers.media.module/com.android.providers.media.fuse.ExternalStorageServiceImpl}] connected. User [0]
06-04 12:13:09.154 D/CompatibilityChangeReporter( 707): Compat change id reported: 168419799; UID 1000; state: DISABLED
06-04 12:13:09.154 D/CompatibilityChangeReporter( 707): Compat change id reported: 273564678; UID 1000; state: DISABLED
06-04 12:13:09.173 W/StorageManagerService( 707): Reporting emulated;0 unmounted due to system locked
06-04 12:13:09.177 W/StorageManagerService( 707): Reporting emulated;0 unmounted due to system locked
06-04 12:13:09.179 W/StorageManagerService( 707): Reporting emulated;0 unmounted due to system locked
06-04 12:13:09.181 W/StorageManagerService( 707): Reporting emulated;0 unmounted due to system locked
06-04 12:13:09.182 W/StorageManagerService( 707): Reporting emulated;0 unmounted due to system locked
06-04 12:13:09.188 W/StorageManagerService( 707): Reporting emulated;0 unmounted due to system locked
06-04 12:13:09.188 W/StorageManagerService( 707): Reporting emulated;0 unmounted due to system locked
06-04 12:13:09.190 W/StorageManagerService( 707): Reporting emulated;0 unmounted due to system locked
06-04 12:13:09.198 D/CompatibilityChangeReporter( 707): Compat change id reported: 149924527; UID 10039; state: ENABLED
06-04 12:13:09.198 D/CompatibilityChangeReporter( 707): Compat change id reported: 149924527; UID 1000; state: ENABLED
06-04 12:13:09.199 D/CompatibilityChangeReporter( 707): Compat change id reported: 132649864; UID 1000; state: DISABLED
06-04 12:13:09.199 D/CompatibilityChangeReporter( 707): Compat change id reported: 132649864; UID 10039; state: DISABLED
06-04 12:13:09.210 W/StorageManagerService( 707): Reporting emulated;0 unmounted due to system locked
06-04 12:13:09.211 W/StorageManagerService( 707): Reporting emulated;0 unmounted due to system locked
06-04 12:13:09.213 W/StorageManagerService( 707): Reporting emulated;0 unmounted due to system locked
06-04 12:13:09.214 W/StorageManagerService( 707): Reporting emulated;0 unmounted due to system locked
06-04 12:13:09.278 W/ContextImpl( 1502): Calling a method in the system process without a qualified user: android.app.ContextImpl.startService:1899 android.content.ContextWrapper.startService:825 android.content.ContextWrapper.startService:825 com.oranth.storage.BootCompletedReceiver.onReceive:15 android.app.ActivityThread.handleReceiver:4494
06-04 12:13:09.297 E/BootReceiver( 707): Could not open /sys/kernel/tracing/instances/bootreceiver/trace_pipe
06-04 12:13:09.297 E/BootReceiver( 707): android.system.ErrnoException: open failed: ENOENT (No such file or directory)
06-04 12:13:09.297 E/BootReceiver( 707): at libcore.io.Linux.open(Native Method)
06-04 12:13:09.297 E/BootReceiver( 707): at libcore.io.ForwardingOs.open(ForwardingOs.java:563)
06-04 12:13:09.297 E/BootReceiver( 707): at libcore.io.BlockGuardOs.open(BlockGuardOs.java:274)
06-04 12:13:09.297 E/BootReceiver( 707): at android.system.Os.open(Os.java:494)
06-04 12:13:09.297 E/BootReceiver( 707): at com.android.server.BootReceiver.onReceive(BootReceiver.java:164)
06-04 12:13:09.297 E/BootReceiver( 707): at android.app.ActivityThread.handleReceiver(ActivityThread.java:4494)
06-04 12:13:09.297 E/BootReceiver( 707): at android.app.ActivityThread.-$$Nest$mhandleReceiver(Unknown Source:0)
06-04 12:13:09.297 E/BootReceiver( 707): at android.app.ActivityThread$H.handleMessage(ActivityThread.java:2285)
06-04 12:13:09.297 E/BootReceiver( 707): at android.os.Handler.dispatchMessage(Handler.java:106)
06-04 12:13:09.297 E/BootReceiver( 707): at android.os.Looper.loopOnce(Looper.java:205)
06-04 12:13:09.297 E/BootReceiver( 707): at android.os.Looper.loop(Looper.java:294)
06-04 12:13:09.297 E/BootReceiver( 707): at com.android.server.SystemServer.run(SystemServer.java:982)
06-04 12:13:09.297 E/BootReceiver( 707): at com.android.server.SystemServer.main(SystemServer.java:668)
06-04 12:13:09.297 E/BootReceiver( 707): at java.lang.reflect.Method.invoke(Native Method)
06-04 12:13:09.297 E/BootReceiver( 707): at com.android.internal.os.RuntimeInit$MethodAndArgsCaller.run(RuntimeInit.java:552)
06-04 12:13:09.297 E/BootReceiver( 707): at com.android.internal.os.ZygoteInit.main(ZygoteInit.java:956)
06-04 12:13:09.302 I/DropBoxManagerService( 707): add tag=SYSTEM_BOOT isTagEnabled=true flags=0x2
06-04 12:13:09.305 I/BootReceiver( 707): Copying audit failures to DropBox
06-04 12:13:09.306 I/BootReceiver( 707): Checking for fsck errors
06-04 12:13:09.307 I/BootReceiver( 707): fs_stat, partition:param stat:0x1001b
06-04 12:13:09.307 I/BootReceiver( 707): fs_stat, partition:tee stat:0xb
06-04 12:13:09.307 I/BootReceiver( 707): fs_stat, partition:factory stat:0x0
06-04 12:13:09.307 I/BootReceiver( 707): fs_stat, partition:userdata stat:0x0
06-04 12:13:09.316 D/CompatibilityChangeReporter( 707): Compat change id reported: 135634846; UID 10017; state: DISABLED
06-04 12:13:09.316 D/CompatibilityChangeReporter( 707): Compat change id reported: 177438394; UID 10017; state: DISABLED
06-04 12:13:09.316 D/CompatibilityChangeReporter( 707): Compat change id reported: 135772972; UID 10017; state: DISABLED
06-04 12:13:09.316 D/CompatibilityChangeReporter( 707): Compat change id reported: 135754954; UID 10017; state: ENABLED
06-04 12:13:09.317 D/CompatibilityChangeReporter( 707): Compat change id reported: 143937733; UID 10017; state: ENABLED
06-04 12:13:09.333 W/StorageManagerService( 707): Reporting emulated;0 unmounted due to system locked
06-04 12:13:09.337 W/ContextImpl( 1030): Calling a method in the system process without a qualified user: android.app.ContextImpl.startService:1899 android.content.ContextWrapper.startService:825 android.content.ContextWrapper.startService:825 com.droidlogic.BootComplete.onReceive:116 android.app.ActivityThread.handleReceiver:4494
06-04 12:13:09.340 W/ContextImpl( 1349): Calling a method in the system process without a qualified user: android.app.ContextImpl.startService:1899 android.content.ContextWrapper.startService:825 com.dangbei.lerad.etna.core.EtnaManager.startService:64 com.dangbei.lerad.etna.core.EtnaManager.init:39 com.dangbei.lerad.etna.haqu.EtnaApplication.init:87
06-04 12:13:09.342 W/ContextImpl( 1030): Calling a method in the system process without a qualified user: android.app.ContextImpl.startForegroundService:1905 android.content.ContextWrapper.startForegroundService:830 android.content.ContextWrapper.startForegroundService:830 com.droidlogic.BootComplete.onReceive:125 android.app.ActivityThread.handleReceiver:4494
06-04 12:13:09.342 W/ActivityManager( 707): Unable to start service Intent { cmp=com.android.tv.mdnsoffloadcmd/.MdnsOffloadCmdService } U=0: not found
06-04 12:13:09.343 W/ContextImpl( 1030): Calling a method in the system process without a qualified user: android.app.ContextImpl.startService:1899 android.content.ContextWrapper.startService:825 android.content.ContextWrapper.startService:825 com.droidlogic.BootComplete.onReceive:127 android.app.ActivityThread.handleReceiver:4494
06-04 12:13:09.345 W/ContextImpl( 1349): Calling a method in the system process without a qualified user: android.app.ContextImpl.startService:1899 android.content.ContextWrapper.startService:825 com.dangbei.andes.CoreService$Companion.start:29 com.dangbei.lerad.etna.haqu.EtnaApplication.init:88 com.dangbei.lerad.etna.haqu.EtnaApplication.onCreate:59
06-04 12:13:09.351 W/ContextImpl( 1030): Calling a method in the system process without a qualified user: android.app.ContextImpl.startService:1899 android.content.ContextWrapper.startService:825 android.content.ContextWrapper.startService:825 com.droidlogic.BootComplete.onReceive:128 android.app.ActivityThread.handleReceiver:4494
06-04 12:13:09.363 W/ContextImpl( 1030): Calling a method in the system process without a qualified user: android.app.ContextImpl.stopService:1911 android.content.ContextWrapper.stopService:835 android.content.ContextWrapper.stopService:835 com.droidlogic.BootComplete$2.onChange:276 com.droidlogic.BootComplete.updateDeveloperOptionsWatcher:283
06-04 12:13:09.366 W/ContextImpl( 1030): Calling a method in the system process without a qualified user: android.app.ContextImpl.startService:1899 android.content.ContextWrapper.startService:825 android.content.ContextWrapper.startService:825 com.droidlogic.BootComplete.onReceive:173 android.app.ActivityThread.handleReceiver:4494
06-04 12:13:09.371 D/WallpaperManagerService( 707): Wallpaper_selinux_restorecon-0
06-04 12:13:09.374 W/ActivityManager( 707): Slow operation: 59ms so far, now at startProcess: returned from zygote!
06-04 12:13:09.374 W/ActivityManager( 707): Slow operation: 60ms so far, now at startProcess: done updating battery stats
06-04 12:13:09.374 W/ActivityManager( 707): Slow operation: 60ms so far, now at startProcess: building log message
06-04 12:13:09.374 I/ActivityManager( 707): Start proc 1552:android.process.media/u0a17 for content provider {com.android.providers.downloads/com.android.providers.downloads.DownloadProvider}
06-04 12:13:09.374 W/ActivityManager( 707): Slow operation: 60ms so far, now at startProcess: starting to update pids map
06-04 12:13:09.374 W/ActivityManager( 707): Slow operation: 60ms so far, now at startProcess: done updating pids map
06-04 12:13:09.379 D/HDMI ( 707): Process pid:1349 is calling addHotplugEventListener
06-04 12:13:09.384 I/ActivityManager( 707): com.droidlogic.mictoggle is exempt from freezer
06-04 12:13:09.384 D/CompatibilityChangeReporter( 707): Compat change id reported: 135634846; UID 1000; state: DISABLED
06-04 12:13:09.401 D/HDMI ( 707): addVendorCommandListener 1877008
06-04 12:13:09.406 D/CompatibilityChangeReporter( 707): Compat change id reported: 171306433; UID 1000; state: ENABLED
06-04 12:13:09.406 D/CompatibilityChangeReporter( 707): Compat change id reported: 218533173; UID 1000; state: ENABLED
06-04 12:13:09.435 D/CompatibilityChangeReporter( 707): Compat change id reported: 168419799; UID 10017; state: DISABLED
06-04 12:13:09.435 D/CompatibilityChangeReporter( 707): Compat change id reported: 273564678; UID 10017; state: DISABLED
06-04 12:13:09.441 D/CompatibilityChangeReporter( 707): Compat change id reported: 265195908; UID 10017; state: ENABLED
06-04 12:13:09.441 W/ActivityManager( 707): Slow operation: 58ms so far, now at startProcess: done updating battery stats
06-04 12:13:09.441 W/ActivityManager( 707): Slow operation: 58ms so far, now at startProcess: building log message
06-04 12:13:09.441 I/ActivityManager( 707): Start proc 1569:com.droidlogic.mictoggle/1000 for broadcast {com.droidlogic.mictoggle/com.droidlogic.mictoggle.AssistantMicMuteReceiver}
06-04 12:13:09.441 W/ActivityManager( 707): Slow operation: 58ms so far, now at startProcess: starting to update pids map
06-04 12:13:09.441 W/ActivityManager( 707): Slow operation: 58ms so far, now at startProcess: done updating pids map
06-04 12:13:09.456 D/CompatibilityChangeReporter( 707): Compat change id reported: 170503758; UID 10017; state: ENABLED
06-04 12:13:09.458 W/ContextImpl( 1349): Calling a method in the system process without a qualified user: android.app.ContextImpl.bindService:1988 android.content.ContextWrapper.bindService:861 com.dangbei.lerad.etna.lib.client.EtnaClient.bindServer:138 com.dangbei.lerad.etna.lib.client.EtnaClient.access$600:29 com.dangbei.lerad.etna.lib.client.EtnaClient$3.call:205
06-04 12:13:09.472 D/CompatibilityChangeReporter( 707): Compat change id reported: 168419799; UID 1000; state: DISABLED
06-04 12:13:09.472 D/CompatibilityChangeReporter( 707): Compat change id reported: 273564678; UID 1000; state: DISABLED
06-04 12:13:09.483 W/ContextImpl( 1349): Calling a method in the system process without a qualified user: android.app.ContextImpl.bindService:1988 android.content.ContextWrapper.bindService:861 com.dangbei.lerad.etna.lib.client.EtnaClient.bindServer:138 com.dangbei.lerad.etna.lib.client.EtnaClient.access$600:29 com.dangbei.lerad.etna.lib.client.EtnaClient$3.call:205
06-04 12:13:09.637 W/ContextImpl( 1569): Calling a method in the system process without a qualified user: android.app.ContextImpl.startService:1899 android.content.ContextWrapper.startService:825 android.content.ContextWrapper.startService:825 com.droidlogic.mictoggle.AssistantMicMuteReceiver.onReceive:48 android.app.ActivityThread.handleReceiver:4494
06-04 12:13:09.658 W/ContextImpl( 1203): Calling a method in the system process without a qualified user: android.app.ContextImpl.startForegroundService:1905 android.content.ContextWrapper.startForegroundService:830 android.content.ContextWrapper.startForegroundService:830 com.android.tv.settings.BootReceiver.onReceive:58 android.app.ActivityThread.handleReceiver:4494
06-04 12:13:09.659 W/ContextImpl( 1030): Calling a method in the system process without a qualified user: android.app.ContextImpl.startService:1899 android.content.ContextWrapper.startService:825 android.content.ContextWrapper.startService:825 com.droidlogic.AiPqReceiver.onReceive:31 android.app.ActivityThread.handleReceiver:4494
06-04 12:13:09.659 W/ActivityManager( 707): Unable to start service Intent { act=android.intent.action.BOOT_COMPLETED flg=0x89000010 cmp=com.android.tv.settings/.BootReceiver (has extras) } U=0: not found
06-04 12:13:09.662 D/HDMI ( 707): receive android.intent.action.BOOT_COMPLETED
06-04 12:13:09.662 I/HDMI ( 707): Receive boot completed broadcast
06-04 12:13:09.670 I/ActivityManager( 707): com.android.dynsystem is exempt from freezer
06-04 12:13:09.670 I/CheckInBootCompletedReceiver( 1300): Received boot completed intent
06-04 12:13:09.670 D/CompatibilityChangeReporter( 707): Compat change id reported: 135634846; UID 1000; state: DISABLED
06-04 12:13:09.686 D/CompatibilityChangeReporter( 707): Compat change id reported: 253665015; UID 10058; state: ENABLED
06-04 12:13:09.687 D/CompatibilityChangeReporter( 707): Compat change id reported: 194532703; UID 10058; state: ENABLED
06-04 12:13:09.692 I/DlcClient( 1300): Binding com.android.devicelockcontroller/.storage.GlobalParametersService
06-04 12:13:09.694 I/DeviceCheckInHelper( 1300): enqueueDeviceCheckInWork with delay: PT0S
06-04 12:13:09.705 I/ActivityManager( 707): Start proc 1612:com.android.dynsystem/1000 for broadcast {com.android.dynsystem/com.android.dynsystem.BootCompletedReceiver}
06-04 12:13:09.713 W/StorageManagerService( 707): Reporting emulated;0 unmounted due to system locked
06-04 12:13:09.720 D/CompatibilityChangeReporter( 707): Compat change id reported: 261072174; UID 1000; state: DISABLED
06-04 12:13:09.727 W/ContextImpl( 1349): Calling a method in the system process without a qualified user: android.app.ContextImpl.sendBroadcast:1220 android.content.ContextWrapper.sendBroadcast:504 com.dangbei.lerad.etna.core.EtnaManager.sendRebootBroadcast:82 com.dangbei.lerad.etna.core.EtnaService.onStartCommand:89 android.app.ActivityThread.handleServiceArgs:4866
06-04 12:13:09.742 D/CompatibilityChangeReporter( 707): Compat change id reported: 161145287; UID 10017; state: ENABLED
06-04 12:13:09.745 W/ContextImpl( 1349): Calling a method in the system process without a qualified user: android.app.ContextImpl.bindService:1988 android.content.ContextWrapper.bindService:861 com.dangbei.lerad.etna.lib.client.EtnaClient.bindServer:138 com.dangbei.lerad.etna.lib.client.EtnaClient.access$600:29 com.dangbei.lerad.etna.lib.client.EtnaClient$3.call:205
06-04 12:13:09.745 W/ContextImpl( 1349): Calling a method in the system process without a qualified user: android.app.ContextImpl.bindService:1988 android.content.ContextWrapper.bindService:861 com.dangbei.lerad.etna.lib.client.EtnaClient.bindServer:138 com.dangbei.lerad.etna.lib.client.EtnaClient.access$600:29 com.dangbei.lerad.etna.lib.client.EtnaClient$3.call:205
06-04 12:13:09.751 W/ContextImpl( 1349): Calling a method in the system process without a qualified user: android.app.ContextImpl.bindService:1988 android.content.ContextWrapper.bindService:861 com.dangbei.lerad.etna.lib.client.EtnaClient.bindServer:138 com.dangbei.lerad.etna.lib.client.EtnaClient.access$600:29 com.dangbei.lerad.etna.lib.client.EtnaClient$3.call:205
06-04 12:13:09.755 W/ContextImpl( 1349): Calling a method in the system process without a qualified user: android.app.ContextImpl.startService:1899 android.content.ContextWrapper.startService:825 com.dangbei.etna.setting.core.SettingHelper.startRocky:267 com.dangbei.etna.setting.core.SettingHelper.sendCycleCheckBootGuideStatusMessage:214 com.dangbei.etna.setting.core.SettingHelper.startLoop:203
06-04 12:13:09.755 W/ContextImpl( 1349): Calling a method in the system process without a qualified user: android.app.ContextImpl.startService:1899 android.content.ContextWrapper.startService:825 com.dangbei.etna.setting.core.SettingHelper.startRocky:267 com.dangbei.etna.setting.core.SettingHelper.sendCycleCheckBootGuideStatusMessage:214 com.dangbei.etna.setting.core.SettingHelper.startLoop:203
06-04 12:13:09.757 I/ActivityManager( 707): com.dangbei.lerad.rocky is exempt from freezer
06-04 12:13:09.761 W/ContextImpl( 1349): Calling a method in the system process without a qualified user: android.app.ContextImpl.sendBroadcast:1220 android.content.ContextWrapper.sendBroadcast:504 com.dangbei.etna.setting.core.SettingHelper.sendCycleToProjector:257 com.dangbei.etna.setting.core.SettingHelper.sendCycleCheckBroadcast:226 com.dangbei.etna.setting.core.SettingHelper.sendCycleCheckBootGuideStatusMessage:215
06-04 12:13:09.762 D/CompatibilityChangeReporter( 707): Compat change id reported: 168419799; UID 1000; state: DISABLED
06-04 12:13:09.762 D/CompatibilityChangeReporter( 707): Compat change id reported: 273564678; UID 1000; state: DISABLED
06-04 12:13:09.763 W/ContextImpl( 1349): Calling a method in the system process without a qualified user: android.app.ContextImpl.sendBroadcast:1220 android.content.ContextWrapper.sendBroadcast:504 com.dangbei.etna.setting.core.SettingHelper.sendCycleToProjector:257 com.dangbei.etna.setting.core.SettingHelper.sendCycleCheckBroadcast:226 com.dangbei.etna.setting.core.SettingHelper.sendCycleCheckBootGuideStatusMessage:215
06-04 12:13:09.769 W/ContextImpl( 1349): Calling a method in the system process without a qualified user: android.app.ContextImpl.sendBroadcast:1220 android.content.ContextWrapper.sendBroadcast:504 com.dangbei.etna.setting.core.SettingHelper.sendCycleToVoice:242 com.dangbei.etna.setting.core.SettingHelper.sendCycleCheckBroadcast:227 com.dangbei.etna.setting.core.SettingHelper.sendCycleCheckBootGuideStatusMessage:215
06-04 12:13:09.771 W/ContextImpl( 1349): Calling a method in the system process without a qualified user: android.app.ContextImpl.sendBroadcast:1220 android.content.ContextWrapper.sendBroadcast:504 com.dangbei.etna.setting.core.SettingHelper.sendCycleToVoice:242 com.dangbei.etna.setting.core.SettingHelper.sendCycleCheckBroadcast:227 com.dangbei.etna.setting.core.SettingHelper.sendCycleCheckBootGuideStatusMessage:215
06-04 12:13:09.785 D/CompatibilityChangeReporter( 707): Compat change id reported: 253665015; UID 10017; state: ENABLED
06-04 12:13:09.785 I/ActivityManager( 707): Start proc 1642:com.dangbei.lerad.rocky/1000 for service {com.dangbei.lerad.rocky/com.dangbei.rocky.RockyService}
06-04 12:13:09.786 D/CompatibilityChangeReporter( 707): Compat change id reported: 194532703; UID 10017; state: ENABLED
06-04 12:13:09.825 D/CompatibilityChangeReporter( 707): Compat change id reported: 168419799; UID 1000; state: DISABLED
06-04 12:13:09.825 D/CompatibilityChangeReporter( 707): Compat change id reported: 273564678; UID 1000; state: DISABLED
06-04 12:13:09.873 I/ActivityManager( 707): com.android.managedprovisioning is exempt from freezer
06-04 12:13:09.873 D/CompatibilityChangeReporter( 707): Compat change id reported: 135634846; UID 10022; state: DISABLED
06-04 12:13:09.873 D/CompatibilityChangeReporter( 707): Compat change id reported: 177438394; UID 10022; state: DISABLED
06-04 12:13:09.873 D/CompatibilityChangeReporter( 707): Compat change id reported: 135772972; UID 10022; state: DISABLED
06-04 12:13:09.874 D/CompatibilityChangeReporter( 707): Compat change id reported: 135754954; UID 10022; state: ENABLED
06-04 12:13:09.874 D/CompatibilityChangeReporter( 707): Compat change id reported: 143937733; UID 10022; state: ENABLED
06-04 12:13:09.884 I/ActivityManager( 707): com.android.dynsystem is exempt from freezer
06-04 12:13:09.884 D/CompatibilityChangeReporter( 707): Compat change id reported: 135634846; UID 1000; state: DISABLED
