06-04 20:37:31.614 I/audio_hw_hal_primary( 491): [audiohal_get_latency:1333] io 13: out:0xe6245d80 frames:1152 rate:48000 whole_latency:24 alsa_latency:24
06-04 20:37:31.615 I/audio_hw_hal_primary( 491): [audiohal_get_latency:1333] io 13: out:0xe6245d80 frames:1152 rate:48000 whole_latency:24 alsa_latency:24
06-04 20:37:31.616 I/SogouIME( 1396): onKeyDown: keyoCode=22
06-04 20:37:31.616 I/DefaultIMS( 1396): onKeyDown: keyoCode=22
06-04 20:37:31.617 E/SecondScreen( 1414): FirstScreenLayoutView dispatchKeyEvent 22
06-04 20:37:31.634 E/Hcdn_DeTask3128192202( 3469): HCDN_LOG: [T:3861][HINFO]:[f:PostNotifyInfo],[l:248], notify type(6),info({"BandWidth":557056,"CachedBytes":363402016,"IsAd":0,"IsP2P":1,"ReadBytes":331797280,"VID":"65f888b7cc0c74b794ab89eac7137fc8"}
06-04 20:37:31.634 E/Hcdn_DeTask3128192202( 3469): )
06-04 20:37:31.634 E/playfilesourceNew( 3469): HCDN_LOG: [T:3820][HINFO]:[f:DoAsynNotifyInfoResponse],[l:2605],[TaskID(3128192202),type(6),msg({"BandWidth":557056,"CachedBytes":363402016,"IsAd":0,"IsP2P":1,"ReadBytes":331797280,"VID":"65f888b7cc0c74b794ab89eac7137fc8"}
06-04 20:37:31.634 E/playfilesourceNew( 3469): )!]
06-04 20:37:31.734 E/Hcdn_DeTask3128192202( 3469): HCDN_LOG: [T:3861][HINFO]:[f:PostNotifyInfo],[l:248], notify type(6),info({"BandWidth":557056,"CachedBytes":363402016,"IsAd":0,"IsP2P":1,"ReadBytes":331797280,"VID":"65f888b7cc0c74b794ab89eac7137fc8"}
06-04 20:37:31.734 E/Hcdn_DeTask3128192202( 3469): )
06-04 20:37:31.734 E/playfilesourceNew( 3469): HCDN_LOG: [T:3820][HINFO]:[f:DoAsynNotifyInfoResponse],[l:2605],[TaskID(3128192202),type(6),msg({"BandWidth":557056,"CachedBytes":363402016,"IsAd":0,"IsP2P":1,"ReadBytes":331797280,"VID":"65f888b7cc0c74b794ab89eac7137fc8"}
06-04 20:37:31.734 E/playfilesourceNew( 3469): )!]
06-04 20:37:31.736 D/XM_HIDREAD( 1910): poll ret=1, event=1
06-04 20:37:31.736 D/XM_HIDREAD( 1910): [9 bytes]:01 00 00 00 00 00 00 00 00
06-04 20:37:31.738 I/SogouIME( 1396): onKeyUp: keyoCode=22
06-04 20:37:31.738 I/DefaultIMS( 1396): onKeyUp: keyoCode=22
06-04 20:37:31.738 E/SecondScreen( 1414): FirstScreenLayoutView dispatchKeyEvent 22
06-04 20:37:31.785 I/audio_hw_hal_primary( 491): [audiohal_get_latency:1333] io 13: out:0xe6245d80 frames:1152 rate:48000 whole_latency:24 alsa_latency:24
06-04 20:37:31.785 I/audio_hw_hal_primary( 491): [audiohal_get_latency:1333] io 13: out:0xe6245d80 frames:1152 rate:48000 whole_latency:24 alsa_latency:24
06-04 20:37:31.807 I/audio_hw_hal_primary( 491): [audiohal_get_latency:1333] io 13: out:0xe6245d80 frames:1152 rate:48000 whole_latency:24 alsa_latency:24
06-04 20:37:31.807 I/audio_hw_hal_primary( 491): [audiohal_get_latency:1333] io 13: out:0xe6245d80 frames:1152 rate:48000 whole_latency:24 alsa_latency:24
06-04 20:37:31.824 I/audio_hw_hal_primary( 491): [audiohal_get_latency:1333] io 13: out:0xe6245d80 frames:1152 rate:48000 whole_latency:24 alsa_latency:24
06-04 20:37:31.824 I/audio_hw_hal_primary( 491): [audiohal_get_latency:1333] io 13: out:0xe6245d80 frames:1152 rate:48000 whole_latency:24 alsa_latency:24
06-04 20:37:31.835 E/Hcdn_DeTask3128192202( 3469): HCDN_LOG: [T:3861][HINFO]:[f:PostNotifyInfo],[l:248], notify type(6),info({"BandWidth":557056,"CachedBytes":363402016,"IsAd":0,"IsP2P":1,"ReadBytes":331797280,"VID":"65f888b7cc0c74b794ab89eac7137fc8"}
06-04 20:37:31.835 E/Hcdn_DeTask3128192202( 3469): )
06-04 20:37:31.835 E/playfilesourceNew( 3469): HCDN_LOG: [T:3820][HINFO]:[f:DoAsynNotifyInfoResponse],[l:2605],[TaskID(3128192202),type(6),msg({"BandWidth":557056,"CachedBytes":363402016,"IsAd":0,"IsP2P":1,"ReadBytes":331797280,"VID":"65f888b7cc0c74b794ab89eac7137fc8"}
06-04 20:37:31.835 E/playfilesourceNew( 3469): )!]
06-04 20:37:31.846 I/audio_hw_hal_primary( 491): [audiohal_get_latency:1333] io 13: out:0xe6245d80 frames:1152 rate:48000 whole_latency:24 alsa_latency:24
06-04 20:37:31.846 I/audio_hw_hal_primary( 491): [audiohal_get_latency:1333] io 13: out:0xe6245d80 frames:1152 rate:48000 whole_latency:24 alsa_latency:24
06-04 20:37:31.868 I/audio_hw_hal_primary( 491): [audiohal_get_latency:1333] io 13: out:0xe6245d80 frames:1024 rate:48000 whole_latency:21 alsa_latency:21
06-04 20:37:31.868 I/audio_hw_hal_primary( 491): [audiohal_get_latency:1333] io 13: out:0xe6245d80 frames:1024 rate:48000 whole_latency:21 alsa_latency:21
06-04 20:37:31.890 I/audio_hw_hal_primary( 491): [audiohal_get_latency:1333] io 13: out:0xe6245d80 frames:1024 rate:48000 whole_latency:21 alsa_latency:21
06-04 20:37:31.890 I/audio_hw_hal_primary( 491): [audiohal_get_latency:1333] io 13: out:0xe6245d80 frames:1024 rate:48000 whole_latency:21 alsa_latency:21
06-04 20:37:31.912 I/audio_hw_hal_primary( 491): [audiohal_get_latency:1333] io 13: out:0xe6245d80 frames:1280 rate:48000 whole_latency:26 alsa_latency:26
06-04 20:37:31.912 I/audio_hw_hal_primary( 491): [audiohal_get_latency:1333] io 13: out:0xe6245d80 frames:1280 rate:48000 whole_latency:26 alsa_latency:26
06-04 20:37:31.934 I/audio_hw_hal_primary( 491): [audiohal_get_latency:1333] io 13: out:0xe6245d80 frames:1280 rate:48000 whole_latency:26 alsa_latency:26
06-04 20:37:31.934 I/audio_hw_hal_primary( 491): [audiohal_get_latency:1333] io 13: out:0xe6245d80 frames:1152 rate:48000 whole_latency:24 alsa_latency:24
06-04 20:37:31.935 E/Hcdn_DeTask3128192202( 3469): HCDN_LOG: [T:3861][HINFO]:[f:PostNotifyInfo],[l:248], notify type(6),info({"BandWidth":557056,"CachedBytes":363402016,"IsAd":0,"IsP2P":1,"ReadBytes":331797280,"VID":"65f888b7cc0c74b794ab89eac7137fc8"}
06-04 20:37:31.935 E/Hcdn_DeTask3128192202( 3469): )
06-04 20:37:31.935 E/playfilesourceNew( 3469): HCDN_LOG: [T:3820][HINFO]:[f:DoAsynNotifyInfoResponse],[l:2605],[TaskID(3128192202),type(6),msg({"BandWidth":557056,"CachedBytes":363402016,"IsAd":0,"IsP2P":1,"ReadBytes":331797280,"VID":"65f888b7cc0c74b794ab89eac7137fc8"}
06-04 20:37:31.935 E/playfilesourceNew( 3469): )!]
06-04 20:37:31.956 I/audio_hw_hal_primary( 491): [audiohal_get_latency:1333] io 13: out:0xe6245d80 frames:1152 rate:48000 whole_latency:24 alsa_latency:24
06-04 20:37:31.956 I/audio_hw_hal_primary( 491): [audiohal_get_latency:1333] io 13: out:0xe6245d80 frames:1152 rate:48000 whole_latency:24 alsa_latency:24
06-04 20:37:31.978 I/audio_hw_hal_primary( 491): [audiohal_get_latency:1333] io 13: out:0xe6245d80 frames:1152 rate:48000 whole_latency:24 alsa_latency:24
06-04 20:37:31.978 I/audio_hw_hal_primary( 491): [audiohal_get_latency:1333] io 13: out:0xe6245d80 frames:1152 rate:48000 whole_latency:24 alsa_latency:24
06-04 20:37:32.000 I/audio_hw_hal_primary( 491): [audiohal_get_latency:1333] io 13: out:0xe6245d80 frames:1152 rate:48000 whole_latency:24 alsa_latency:24
06-04 20:37:32.000 I/audio_hw_hal_primary( 491): [audiohal_get_latency:1333] io 13: out:0xe6245d80 frames:1152 rate:48000 whole_latency:24 alsa_latency:24
06-04 20:37:32.022 I/audio_hw_hal_primary( 491): [audiohal_get_latency:1333] io 13: out:0xe6245d80 frames:1152 rate:48000 whole_latency:24 alsa_latency:24
06-04 20:37:32.022 I/audio_hw_hal_primary( 491): [audiohal_get_latency:1333] io 13: out:0xe6245d80 frames:1152 rate:48000 whole_latency:24 alsa_latency:24
06-04 20:37:32.038 I/audio_hw_hal_primary( 491): [audiohal_get_latency:1333] io 13: out:0xe6245d80 frames:1024 rate:48000 whole_latency:21 alsa_latency:21
06-04 20:37:32.038 I/audio_hw_hal_primary( 491): [audiohal_get_latency:1333] io 13: out:0xe6245d80 frames:1024 rate:48000 whole_latency:21 alsa_latency:21
06-04 20:37:32.040 E/Hcdn_DeTask3128192202( 3469): HCDN_LOG: [T:3861][HINFO]:[f:PostNotifyInfo],[l:248], notify type(6),info({"BandWidth":557056,"CachedBytes":363402016,"IsAd":0,"IsP2P":1,"ReadBytes":331797280,"VID":"65f888b7cc0c74b794ab89eac7137fc8"}
06-04 20:37:32.040 E/Hcdn_DeTask3128192202( 3469): )
06-04 20:37:32.040 E/playfilesourceNew( 3469): HCDN_LOG: [T:3820][HINFO]:[f:DoAsynNotifyInfoResponse],[l:2605],[TaskID(3128192202),type(6),msg({"BandWidth":557056,"CachedBytes":363402016,"IsAd":0,"IsP2P":1,"ReadBytes":331797280,"VID":"65f888b7cc0c74b794ab89eac7137fc8"}
06-04 20:37:32.040 E/playfilesourceNew( 3469): )!]
06-04 20:37:32.060 I/audio_hw_hal_primary( 491): [audiohal_get_latency:1333] io 13: out:0xe6245d80 frames:1024 rate:48000 whole_latency:21 alsa_latency:21
06-04 20:37:32.060 I/audio_hw_hal_primary( 491): [audiohal_get_latency:1333] io 13: out:0xe6245d80 frames:1024 rate:48000 whole_latency:21 alsa_latency:21
06-04 20:37:32.083 I/audio_hw_hal_primary( 491): [audiohal_get_latency:1333] io 13: out:0xe6245d80 frames:1024 rate:48000 whole_latency:21 alsa_latency:21
06-04 20:37:32.083 I/audio_hw_hal_primary( 491): [audiohal_get_latency:1333] io 13: out:0xe6245d80 frames:1280 rate:48000 whole_latency:26 alsa_latency:26
06-04 20:37:32.105 I/audio_hw_hal_primary( 491): [audiohal_get_latency:1333] io 13: out:0xe6245d80 frames:1152 rate:48000 whole_latency:24 alsa_latency:24
06-04 20:37:32.105 I/audio_hw_hal_primary( 491): [audiohal_get_latency:1333] io 13: out:0xe6245d80 frames:1152 rate:48000 whole_latency:24 alsa_latency:24
06-04 20:37:32.106 D/audioserver( 542): logFgsApiEnd: FGS Logger Transaction failed, -129
06-04 20:37:32.107 D/audioserver( 542): logFgsApiEnd: FGS Logger Transaction failed, -129
06-04 20:37:32.140 E/Hcdn_DeTask3128192202( 3469): HCDN_LOG: [T:3861][HINFO]:[f:PostNotifyInfo],[l:248], notify type(6),info({"BandWidth":557056,"CachedBytes":363402016,"IsAd":0,"IsP2P":1,"ReadBytes":331797280,"VID":"65f888b7cc0c74b794ab89eac7137fc8"}
06-04 20:37:32.140 E/Hcdn_DeTask3128192202( 3469): )
06-04 20:37:32.140 E/playfilesourceNew( 3469): HCDN_LOG: [T:3820][HINFO]:[f:DoAsynNotifyInfoResponse],[l:2605],[TaskID(3128192202),type(6),msg({"BandWidth":557056,"CachedBytes":363402016,"IsAd":0,"IsP2P":1,"ReadBytes":331797280,"VID":"65f888b7cc0c74b794ab89eac7137fc8"}
06-04 20:37:32.140 E/playfilesourceNew( 3469): )!]
06-04 20:37:32.164 D/XM_HIDREAD( 1910): poll ret=1, event=1
06-04 20:37:32.164 D/XM_HIDREAD( 1910): [9 bytes]:01 00 00 4F 00 00 00 00 00
06-04 20:37:32.180 I/audio_hw_hal_primary( 491): [register_audio_patch:8215] Patch 7:id:7 mix(io:13)->dev_0[OUT_HDMI(id:54)] found, register the same patch, do nothing.
06-04 20:37:32.180 I/audio_hw_hal_primary( 491): [adev_create_audio_patch:8316] Patch 7: MIX->DEVICE, num_src:1 num_sink:1 patch_src:INVAL
06-04 20:37:32.180 I/audio_hw_hal_primary( 491): [adev_create_audio_patch:8320] sink[0]: OUT_HDMI(id:54)
06-04 20:37:32.180 I/audio_hw_hal_primary( 491): [adev_create_audio_patch:8377] Patch 7: mix(io:13) -> dev[OUT_HDMI(id:54)]
06-04 20:37:32.180 I/audio_hw_hal_primary( 491): [adev_create_audio_patch:8445] dev=0xe71c0010 cur_out_device=0x400
06-04 20:37:32.180 D/UEventObserver( 1030): change@/devices/platform/auge_sound/sound/card0/controlC0ACTION=changeDEVPATH=/devices/platform/auge_sound/sound/card0/controlC0SUBSYSTEM=soundAUDIO_FORMAT=0MAJOR=116MINOR=13DEVNAME=snd/controlC0SEQNUM=3718
06-04 20:37:32.186 D/audioserver( 542): logFgsApiBegin: FGS Logger Transaction failed, -129
06-04 20:37:32.188 I/SogouIME( 1396): onKeyDown: keyoCode=22
06-04 20:37:32.188 I/DefaultIMS( 1396): onKeyDown: keyoCode=22
06-04 20:37:32.189 E/SecondScreen( 1414): FirstScreenLayoutView dispatchKeyEvent 22
06-04 20:37:32.211 I/audio_hw_hal_primary( 491): [register_audio_patch:8215] Patch 7:id:7 mix(io:13)->dev_0[OUT_HDMI(id:54)] found, register the same patch, do nothing.
06-04 20:37:32.211 I/audio_hw_hal_primary( 491): [adev_create_audio_patch:8316] Patch 7: MIX->DEVICE, num_src:1 num_sink:1 patch_src:INVAL
06-04 20:37:32.211 I/audio_hw_hal_primary( 491): [adev_create_audio_patch:8320] sink[0]: OUT_HDMI(id:54)
06-04 20:37:32.211 I/audio_hw_hal_primary( 491): [adev_create_audio_patch:8377] Patch 7: mix(io:13) -> dev[OUT_HDMI(id:54)]
06-04 20:37:32.212 I/audio_hw_hal_primary( 491): [adev_create_audio_patch:8445] dev=0xe71c0010 cur_out_device=0x400
06-04 20:37:32.212 D/UEventObserver( 1030): change@/devices/platform/auge_sound/sound/card0/controlC0ACTION=changeDEVPATH=/devices/platform/auge_sound/sound/card0/controlC0SUBSYSTEM=soundAUDIO_FORMAT=0MAJOR=116MINOR=13DEVNAME=snd/controlC0SEQNUM=3719
06-04 20:37:32.212 D/audioserver( 542): logFgsApiEnd: FGS Logger Transaction failed, -129
06-04 20:37:32.212 D/audioserver( 542): logFgsApiBegin: FGS Logger Transaction failed, -129
06-04 20:37:32.214 I/audio_hw_hal_primary( 491): out_update_source_metadata_v7() line 2013 usage:1 content_type:2
06-04 20:37:32.218 D/audioserver( 542): logFgsApiBegin: FGS Logger Transaction failed, -129
06-04 20:37:32.241 E/Hcdn_DeTask3128192202( 3469): HCDN_LOG: [T:3861][HINFO]:[f:PostNotifyInfo],[l:248], notify type(6),info({"BandWidth":557056,"CachedBytes":363402016,"IsAd":0,"IsP2P":1,"ReadBytes":331797280,"VID":"65f888b7cc0c74b794ab89eac7137fc8"}
06-04 20:37:32.241 E/Hcdn_DeTask3128192202( 3469): )
06-04 20:37:32.241 E/playfilesourceNew( 3469): HCDN_LOG: [T:3820][HINFO]:[f:DoAsynNotifyInfoResponse],[l:2605],[TaskID(3128192202),type(6),msg({"BandWidth":557056,"CachedBytes":363402016,"IsAd":0,"IsP2P":1,"ReadBytes":331797280,"VID":"65f888b7cc0c74b794ab89eac7137fc8"}
06-04 20:37:32.241 E/playfilesourceNew( 3469): )!]
06-04 20:37:32.254 I/audio_hw_hal_primary( 491): out_update_source_metadata_v7() line 2013 usage:1 content_type:2
06-04 20:37:32.276 D/XM_HIDREAD( 1910): poll ret=1, event=1
06-04 20:37:32.276 D/XM_HIDREAD( 1910): [9 bytes]:01 00 00 00 00 00 00 00 00
06-04 20:37:32.280 I/SogouIME( 1396): onKeyUp: keyoCode=22
06-04 20:37:32.280 I/DefaultIMS( 1396): onKeyUp: keyoCode=22
06-04 20:37:32.281 E/SecondScreen( 1414): FirstScreenLayoutView dispatchKeyEvent 22
06-04 20:37:32.341 E/Hcdn_DeTask3128192202( 3469): HCDN_LOG: [T:3861][HINFO]:[f:PostNotifyInfo],[l:248], notify type(6),info({"BandWidth":557056,"CachedBytes":363402016,"IsAd":0,"IsP2P":1,"ReadBytes":331797280,"VID":"65f888b7cc0c74b794ab89eac7137fc8"}
06-04 20:37:32.341 E/Hcdn_DeTask3128192202( 3469): )
06-04 20:37:32.341 E/playfilesourceNew( 3469): HCDN_LOG: [T:3820][HINFO]:[f:DoAsynNotifyInfoResponse],[l:2605],[TaskID(3128192202),type(6),msg({"BandWidth":557056,"CachedBytes":363402016,"IsAd":0,"IsP2P":1,"ReadBytes":331797280,"VID":"65f888b7cc0c74b794ab89eac7137fc8"}
06-04 20:37:32.341 E/playfilesourceNew( 3469): )!]
06-04 20:37:32.380 I/audio_hw_hal_primary( 491): [audiohal_get_latency:1333] io 13: out:0xe6245d80 frames:1024 rate:48000 whole_latency:21 alsa_latency:21
06-04 20:37:32.380 I/audio_hw_hal_primary( 491): [audiohal_get_latency:1333] io 13: out:0xe6245d80 frames:1024 rate:48000 whole_latency:21 alsa_latency:21
06-04 20:37:32.402 I/audio_hw_hal_primary( 491): [audiohal_get_latency:1333] io 13: out:0xe6245d80 frames:1024 rate:48000 whole_latency:21 alsa_latency:21
06-04 20:37:32.402 I/audio_hw_hal_primary( 491): [audiohal_get_latency:1333] io 13: out:0xe6245d80 frames:1024 rate:48000 whole_latency:21 alsa_latency:21
06-04 20:37:32.425 I/audio_hw_hal_primary( 491): [audiohal_get_latency:1333] io 13: out:0xe6245d80 frames:1152 rate:48000 whole_latency:24 alsa_latency:24
06-04 20:37:32.426 I/audio_hw_hal_primary( 491): [audiohal_get_latency:1333] io 13: out:0xe6245d80 frames:1152 rate:48000 whole_latency:24 alsa_latency:24
06-04 20:37:32.442 E/Hcdn_DeTask3128192202( 3469): HCDN_LOG: [T:3861][HINFO]:[f:PostNotifyInfo],[l:248], notify type(6),info({"BandWidth":557056,"CachedBytes":363402016,"IsAd":0,"IsP2P":1,"ReadBytes":331797280,"VID":"65f888b7cc0c74b794ab89eac7137fc8"}
06-04 20:37:32.442 E/Hcdn_DeTask3128192202( 3469): )
06-04 20:37:32.442 E/playfilesourceNew( 3469): HCDN_LOG: [T:3820][HINFO]:[f:DoAsynNotifyInfoResponse],[l:2605],[TaskID(3128192202),type(6),msg({"BandWidth":557056,"CachedBytes":363402016,"IsAd":0,"IsP2P":1,"ReadBytes":331797280,"VID":"65f888b7cc0c74b794ab89eac7137fc8"}
06-04 20:37:32.442 E/playfilesourceNew( 3469): )!]
06-04 20:37:32.447 I/audio_hw_hal_primary( 491): [audiohal_get_latency:1333] io 13: out:0xe6245d80 frames:1152 rate:48000 whole_latency:24 alsa_latency:24
06-04 20:37:32.447 I/audio_hw_hal_primary( 491): [audiohal_get_latency:1333] io 13: out:0xe6245d80 frames:1152 rate:48000 whole_latency:24 alsa_latency:24
06-04 20:37:32.470 I/audio_hw_hal_primary( 491): [audiohal_get_latency:1333] io 13: out:0xe6245d80 frames:1152 rate:48000 whole_latency:24 alsa_latency:24
06-04 20:37:32.470 I/audio_hw_hal_primary( 491): [audiohal_get_latency:1333] io 13: out:0xe6245d80 frames:1152 rate:48000 whole_latency:24 alsa_latency:24
06-04 20:37:32.491 I/audio_hw_hal_primary( 491): [audiohal_get_latency:1333] io 13: out:0xe6245d80 frames:1152 rate:48000 whole_latency:24 alsa_latency:24
06-04 20:37:32.492 I/audio_hw_hal_primary( 491): [audiohal_get_latency:1333] io 13: out:0xe6245d80 frames:1024 rate:48000 whole_latency:21 alsa_latency:21
06-04 20:37:32.509 I/audio_hw_hal_primary( 491): [audiohal_get_latency:1333] io 13: out:0xe6245d80 frames:1024 rate:48000 whole_latency:21 alsa_latency:21
06-04 20:37:32.509 I/audio_hw_hal_primary( 491): [audiohal_get_latency:1333] io 13: out:0xe6245d80 frames:1024 rate:48000 whole_latency:21 alsa_latency:21
06-04 20:37:32.531 I/audio_hw_hal_primary( 491): [audiohal_get_latency:1333] io 13: out:0xe6245d80 frames:1280 rate:48000 whole_latency:26 alsa_latency:26
06-04 20:37:32.531 I/audio_hw_hal_primary( 491): [audiohal_get_latency:1333] io 13: out:0xe6245d80 frames:1280 rate:48000 whole_latency:26 alsa_latency:26
06-04 20:37:32.542 E/Hcdn_DeTask3128192202( 3469): HCDN_LOG: [T:3861][HINFO]:[f:PostNotifyInfo],[l:248], notify type(6),info({"BandWidth":557056,"CachedBytes":363402016,"IsAd":0,"IsP2P":1,"ReadBytes":331797280,"VID":"65f888b7cc0c74b794ab89eac7137fc8"}
06-04 20:37:32.542 E/Hcdn_DeTask3128192202( 3469): )
06-04 20:37:32.543 E/playfilesourceNew( 3469): HCDN_LOG: [T:3820][HINFO]:[f:DoAsynNotifyInfoResponse],[l:2605],[TaskID(3128192202),type(6),msg({"BandWidth":557056,"CachedBytes":363402016,"IsAd":0,"IsP2P":1,"ReadBytes":331797280,"VID":"65f888b7cc0c74b794ab89eac7137fc8"}
06-04 20:37:32.543 E/playfilesourceNew( 3469): )!]
06-04 20:37:32.553 I/audio_hw_hal_primary( 491): [audiohal_get_latency:1333] io 13: out:0xe6245d80 frames:1152 rate:48000 whole_latency:24 alsa_latency:24
06-04 20:37:32.553 I/audio_hw_hal_primary( 491): [audiohal_get_latency:1333] io 13: out:0xe6245d80 frames:1152 rate:48000 whole_latency:24 alsa_latency:24
06-04 20:37:32.575 I/audio_hw_hal_primary( 491): [audiohal_get_latency:1333] io 13: out:0xe6245d80 frames:1152 rate:48000 whole_latency:24 alsa_latency:24
06-04 20:37:32.575 I/audio_hw_hal_primary( 491): [audiohal_get_latency:1333] io 13: out:0xe6245d80 frames:1152 rate:48000 whole_latency:24 alsa_latency:24
06-04 20:37:32.580 D/XM_HIDREAD( 1910): poll ret=1, event=1
06-04 20:37:32.580 D/XM_HIDREAD( 1910): [9 bytes]:01 00 00 28 00 00 00 00 00
06-04 20:37:32.584 I/SogouIME( 1396): onKeyDown: keyoCode=23
06-04 20:37:32.584 I/DefaultIMS( 1396): onKeyDown: keyoCode=23
06-04 20:37:32.586 E/SecondScreen( 1414): FirstScreenLayoutView dispatchKeyEvent 23
06-04 20:37:32.598 I/audio_hw_hal_primary( 491): [audiohal_get_latency:1333] io 13: out:0xe6245d80 frames:1152 rate:48000 whole_latency:24 alsa_latency:24
06-04 20:37:32.636 I/audio_hw_hal_primary( 491): [audiohal_get_latency:1333] io 13: out:0xe6245d80 frames:1280 rate:48000 whole_latency:26 alsa_latency:26
06-04 20:37:32.643 E/Hcdn_DeTask3128192202( 3469): HCDN_LOG: [T:3861][HINFO]:[f:PostNotifyInfo],[l:248], notify type(6),info({"BandWidth":-2,"CachedBytes":363402016,"IsAd":0,"IsP2P":1,"ReadBytes":331797280,"VID":"65f888b7cc0c74b794ab89eac7137fc8"}
06-04 20:37:32.643 E/Hcdn_DeTask3128192202( 3469): )
06-04 20:37:32.643 E/playfilesourceNew( 3469): HCDN_LOG: [T:3820][HINFO]:[f:DoAsynNotifyInfoResponse],[l:2605],[TaskID(3128192202),type(6),msg({"BandWidth":-2,"CachedBytes":363402016,"IsAd":0,"IsP2P":1,"ReadBytes":331797280,"VID":"65f888b7cc0c74b794ab89eac7137fc8"}
06-04 20:37:32.643 E/playfilesourceNew( 3469): )!]
06-04 20:37:32.681 I/audio_hw_hal_primary( 491): [audiohal_get_latency:1333] io 13: out:0xe6245d80 frames:1152 rate:48000 whole_latency:24 alsa_latency:24
06-04 20:37:32.693 D/XM_HIDREAD( 1910): poll ret=1, event=1
06-04 20:37:32.693 D/XM_HIDREAD( 1910): [9 bytes]:01 00 00 00 00 00 00 00 00
06-04 20:37:32.697 I/SogouIME( 1396): onKeyUp: keyoCode=23
06-04 20:37:32.697 I/DefaultIMS( 1396): onKeyUp: keyoCode=23
06-04 20:37:32.698 E/SecondScreen( 1414): FirstScreenLayoutView dispatchKeyEvent 23
06-04 20:37:32.704 E/CellBroadcastUtils( 707): getDefaultCellBroadcastReceiverPackageName: no package found
06-04 20:37:32.715 I/ActivityTaskManager( 707): START u0 {dat=haqu://setting:8080/... flg=0x10000000 pkg=com.dangbei.haqusetting cmp=com.dangbei.haqusetting/.ui.HomeActivity} with LAUNCH_MULTIPLE from uid 1000 (BAL_ALLOW_ALLOWLISTED_UID) result code=0
06-04 20:37:32.716 V/WindowManagerShell( 912): Transition requested: android.os.BinderProxy@3528517 TransitionRequestInfo { type = 1, triggerTask = TaskInfo{userId=0 taskId=67 displayId=0 isRunning=true baseIntent=Intent { dat=haqu://setting:8080/... flg=0x10000000 pkg=com.dangbei.haqusetting cmp=com.dangbei.haqusetting/.ui.HomeActivity } baseActivity=ComponentInfo{com.dangbei.haqusetting/com.dangbei.haqusetting.ui.HomeActivity} topActivity=ComponentInfo{com.dangbei.haqusetting/com.dangbei.haqusetting.ui.HomeActivity} origActivity=null realActivity=ComponentInfo{com.dangbei.haqusetting/com.dangbei.haqusetting.ui.HomeActivity} numActivities=1 lastActiveTime=1719469 supportsMultiWindow=true resizeMode=1 isResizeable=true minWidth=-1 minHeight=-1 defaultMinSize=220 token=WCT{android.window.IWindowContainerToken$Stub$Proxy@579dd04} topActivityType=1 pictureInPictureParams=null shouldDockBigOverlays=true launchIntoPipHostTaskId=-1 lastParentTaskIdBeforePip=-1 displayCutoutSafeInsets=null topActivityInfo=ActivityInfo{b5282ed com.dangbei.haqusetting.ui.HomeActivity} launchCookies=[] positionInParent=Point(0, 0) parentTaskId=-1 isFocused=false isVisible=false isVisibleRequested=false isSleeping=false topActivityInSizeCompat=false topActivityEligibleForLetterboxEducation= false isLetterboxDoubleTapEnabled= false topActivityEligibleForUserAspectRatioButton= false topActivityBoundsLetterboxed= false isFromLetterboxDoubleTap= false topActivityLetterboxVerticalPosition= -1 topActivityLetterboxHorizontalPosition= -1 topActivityLetterboxWidth=-1 topActivityLetterboxHeight=-1 isUserFullscreenOverrideEnabled=false isTopActivityTransparent=true locusId=null displayAreaFeatureId=1 cameraCompatControlState=hidden}, remoteTransition = null, displayChange = null, flags = 0 }
06-04 20:37:32.724 V/WindowManager( 707): app ------------- force_land :0
06-04 20:37:32.730 I/BpBinder( 265): onLastStrongRef automatically unlinking death recipients:
06-04 20:37:32.732 W/SQLiteLog( 1414): (28) double-quoted string literal: "
06-04 20:37:32.732 W/SQLiteLog( 1414): (28) double-quoted string literal: "224D529069B3C7214E204E0068E7A9C1"
06-04 20:37:32.737 D/TrafficStats( 1414): tagSocket(129) with statsTag=0xffffffff, statsUid=-1
06-04 20:37:32.743 E/Hcdn_DeTask3128192202( 3469): HCDN_LOG: [T:3861][HINFO]:[f:PostNotifyInfo],[l:248], notify type(6),info({"BandWidth":-2,"CachedBytes":363402016,"IsAd":0,"IsP2P":1,"ReadBytes":331797280,"VID":"65f888b7cc0c74b794ab89eac7137fc8"}
06-04 20:37:32.743 E/Hcdn_DeTask3128192202( 3469): )
06-04 20:37:32.743 E/playfilesourceNew( 3469): HCDN_LOG: [T:3820][HINFO]:[f:DoAsynNotifyInfoResponse],[l:2605],[TaskID(3128192202),type(6),msg({"BandWidth":-2,"CachedBytes":363402016,"IsAd":0,"IsP2P":1,"ReadBytes":331797280,"VID":"65f888b7cc0c74b794ab89eac7137fc8"}
06-04 20:37:32.743 E/playfilesourceNew( 3469): )!]
06-04 20:37:32.752 E/ccc ( 1349): cccccc UpdateHelper onMessageReceived com.dangbei.haqusetting com.dangbei.etna.update {"action":"get","functionTag":"leaf_controller_function_controller_dangbei_update","value":0} com.dangbei.lerad.etna.aidl.IEtnaAidlCallback$Stub$Proxy@f4d913e
06-04 20:37:32.752 E/ccc ( 1349): cccccc 缓存获取遥控器版本 DB-15B-H5-R0111
06-04 20:37:32.754 W/WindowManager( 707): [addWindow] title:com.dangbei.haqusetting/com.dangbei.haqusetting.ui.HomeActivity
06-04 20:37:32.762 D/CoreBackPreview( 707): Window{a0c91 u0 com.dangbei.haqusetting/com.dangbei.haqusetting.ui.HomeActivity}: Setting back callback OnBackInvokedCallbackInfo{mCallback=android.window.IOnBackInvokedCallback$Stub$Proxy@94c77f7, mPriority=0, mIsAnimationCallback=false}
06-04 20:37:32.765 D/BluetoothGatt( 1349): connect(void) - device: E4:BB:D3:57:C0:7A, auto=true
06-04 20:37:32.766 I/audio_hw_hal_primary( 491): [audiohal_get_latency:1333] io 13: out:0xe6245d80 frames:1152 rate:48000 whole_latency:24 alsa_latency:24
06-04 20:37:32.770 I/bt_btif_gattc( 1011): packages/modules/Bluetooth/system/btif/src/btif_gatt_client.cc:340 btif_gattc_open_impl: Transport=2, device type=2, address type =0, phy=1
06-04 20:37:32.770 I/bluetooth( 1011): packages/modules/Bluetooth/system/stack/gatt/gatt_main.cc:405 gatt_update_app_use_link_flag: disable link idle timer for xx:xx:xx:xx:c0:7a
06-04 20:37:32.770 I/bt_stack( 1011): [INFO:l2c_api.cc(1607)] L2CA_MarkLeLinkAsActivesetting link to e4:bb:d3:57:c0:7a as active
06-04 20:37:32.770 I/bluetooth( 1011): packages/modules/Bluetooth/system/stack/gatt/gatt_api.cc:1206 GATT_SetIdleTimeout: idle_timeout=65535, is_active=1, status=1 (1-OK 0-not performed)
06-04 20:37:32.770 D/BluetoothGatt( 1349): discoverServices() - device: E4:BB:D3:57:C0:7A
06-04 20:37:32.773 I/bt_bta_gattc( 1011): packages/modules/Bluetooth/system/bta/gatt/bta_gattc_cache.cc:1035 bta_gattc_get_gatt_db: bta_gattc_get_gatt_db
06-04 20:37:32.773 E/ccc ( 1349): cccccc 请求电量实时 87
06-04 20:37:32.774 E/OpenGLRenderer( 4242): Unable to match the desired swap behavior.
06-04 20:37:32.774 W/RecyclerView( 4242): No adapter attached; skipping layout
06-04 20:37:32.776 D/BluetoothGatt( 1349): onSearchComplete() = Device=E4:BB:D3:57:C0:7A Status=0
06-04 20:37:32.778 D/bt_vendor( 492): op for 7
06-04 20:37:32.778 D/bt_upio ( 492): upio_set : pio 0 action 2, polarity 1
06-04 20:37:32.778 D/bt_upio ( 492): begin open btwrite.
06-04 20:37:32.778 E/bt_upio ( 492): upio_set : open(/proc/bluetooth/sleep/btwrite) for write failed: No such file or directory (2)
06-04 20:37:32.801 V/WindowManagerShell( 912): onTransitionReady android.os.BinderProxy@3528517: {id=9 t=OPEN f=0x0 trk=0 r=[0@Point(0, 0)] c=[{WCT{android.window.IWindowContainerToken$Stub$Proxy@e39c570} m=OPEN f=TRANSLUCENT leash=Surface(name=Task=67)/@0x6542522 sb=Rect(0, 0 - 1920, 1080) eb=Rect(0, 0 - 1920, 1080) d=0}]}
06-04 20:37:32.802 V/WindowManagerShell( 912): Playing animation for (#9)android.os.BinderProxy@3528517@0
06-04 20:37:32.802 V/WindowManagerShell( 912): try handler com.android.wm.shell.keyguard.KeyguardTransitionHandler@2341eeb
06-04 20:37:32.802 V/WindowManagerShell( 912): try handler com.android.wm.shell.pip.tv.TvPipTransition@65ef448
06-04 20:37:32.802 V/WindowManagerShell( 912): try handler com.android.wm.shell.activityembedding.ActivityEmbeddingController@c8c22e1
06-04 20:37:32.802 V/WindowManagerShell( 912): try handler com.android.wm.shell.transition.RemoteTransitionHandler@5519806
06-04 20:37:32.802 V/WindowManagerShell( 912): Transition doesn't have explicit remote, search filters for match for {id=9 t=OPEN f=0x0 trk=0 r=[0@Point(0, 0)] c=[{WCT{android.window.IWindowContainerToken$Stub$Proxy@e39c570} m=OPEN f=TRANSLUCENT leash=Surface(name=Task=67)/@0x6542522 sb=Rect(0, 0 - 1920, 1080) eb=Rect(0, 0 - 1920, 1080) d=0}]}
06-04 20:37:32.802 V/WindowManagerShell( 912): Delegate animation for #9 to null
06-04 20:37:32.802 V/WindowManagerShell( 912): try handler com.android.wm.shell.transition.DefaultTransitionHandler@ab3bec7
06-04 20:37:32.802 V/WindowManagerShell( 912): start default transition animation, info = {id=9 t=OPEN f=0x0 trk=0 r=[0@Point(0, 0)] c=[{WCT{android.window.IWindowContainerToken$Stub$Proxy@e39c570} m=OPEN f=TRANSLUCENT leash=Surface(name=Task=67)/@0x6542522 sb=Rect(0, 0 - 1920, 1080) eb=Rect(0, 0 - 1920, 1080) d=0}]}
06-04 20:37:32.803 V/WindowManagerShell( 912): loadAnimation: anim=android.view.animation.AlphaAnimation@d6160e9 animAttr=0x4 type=OPEN isEntrance=true
06-04 20:37:32.804 V/WindowManagerShell( 912): animated by com.android.wm.shell.transition.DefaultTransitionHandler@ab3bec7
06-04 20:37:32.806 I/ActivityTaskManager( 707): Displayed com.dangbei.haqusetting/.ui.HomeActivity for user 0: +94ms
06-04 20:37:32.806 V/WindowManager( 707): Sent Transition #9 createdAt=06-04 20:37:32.703 via request=TransitionRequestInfo { type = 1, triggerTask = TaskInfo{userId=0 taskId=67 displayId=0 isRunning=true baseIntent=Intent { dat=haqu://setting:8080/... flg=0x10000000 pkg=com.dangbei.haqusetting cmp=com.dangbei.haqusetting/.ui.HomeActivity } baseActivity=ComponentInfo{com.dangbei.haqusetting/com.dangbei.haqusetting.ui.HomeActivity} topActivity=ComponentInfo{com.dangbei.haqusetting/com.dangbei.haqusetting.ui.HomeActivity} origActivity=null realActivity=ComponentInfo{com.dangbei.haqusetting/com.dangbei.haqusetting.ui.HomeActivity} numActivities=1 lastActiveTime=1719469 supportsMultiWindow=true resizeMode=1 isResizeable=true minWidth=-1 minHeight=-1 defaultMinSize=220 token=WCT{RemoteToken{5c69c93 Task{b85932a #67 type=standard A=1000:com.dangbei.haqusetting}}} topActivityType=1 pictureInPictureParams=null shouldDockBigOverlays=true launchIntoPipHostTaskId=-1 lastParentTaskIdBeforePip=-1 displayCutoutSafeInsets=null topActivityInfo=ActivityInfo{5f7a4d0 com.dangbei.haqusetting.ui.HomeActivity} launchCookies=[] positionInParent=Point(0, 0) parentTaskId=-1 isFocused=false isVisible=false isVisibleRequested=false isSleeping=false topActivityInSizeCompat=false topActivityEligibleForLetterboxEducation= false isLetterboxDoubleTapEnabled= false topActivityEligibleForUserAspectRatioButton= false topActivityBoundsLetterboxed= false isFromLetterboxDoubleTap= false topActivityLetterboxVerticalPosition= -1 topActivityLetterboxHorizontalPosition= -1 topActivityLetterboxWidth=-1 topActivityLetterboxHeight=-1 isUserFullscreenOverrideEnabled=false isTopActivityTransparent=true locusId=null displayAreaFeatureId=1 cameraCompatControlState=hidden}, remoteTransition = null, displayChange = null, flags = 0 }
06-04 20:37:32.806 V/WindowManager( 707): startWCT=WindowContainerTransaction { changes = {} hops = [] errorCallbackToken=null taskFragmentOrganizer=null }
06-04 20:37:32.807 V/WindowManager( 707): info={id=9 t=OPEN f=0x0 trk=0 r=[0@Point(0, 0)] c=[{WCT{RemoteToken{5c69c93 Task{b85932a #67 type=standard A=1000:com.dangbei.haqusetting}}} m=OPEN f=TRANSLUCENT leash=Surface(name=Task=67)/@0x2268664 sb=Rect(0, 0 - 1920, 1080) eb=Rect(0, 0 - 1920, 1080) d=0}]}
06-04 20:37:32.809 W/method.sogou.tv( 1396): Reducing the number of considered missed Gc histogram windows from 165 to 100
06-04 20:37:32.810 I/audio_hw_hal_primary( 491): [audiohal_get_latency:1333] io 13: out:0xe6245d80 frames:1152 rate:48000 whole_latency:24 alsa_latency:24
06-04 20:37:32.830 D/WindowManagerShell( 912): TvPipController: onTaskStackChanged()
06-04 20:37:32.835 E/Hcdn_DeTask3128192202( 3469): HCDN_LOG: [T:3861][HINFO]:[f:PostNotifyInfo],[l:248], notify type(6),info({"BandWidth":-2,"CachedBytes":363402016,"IsAd":0,"IsP2P":1,"ReadBytes":331797280,"VID":"65f888b7cc0c74b794ab89eac7137fc8"}
06-04 20:37:32.835 E/Hcdn_DeTask3128192202( 3469): )
06-04 20:37:32.835 E/playfilesourceNew( 3469): HCDN_LOG: [T:3820][HINFO]:[f:DoAsynNotifyInfoResponse],[l:2605],[TaskID(3128192202),type(6),msg({"BandWidth":-2,"CachedBytes":363402016,"IsAd":0,"IsP2P":1,"ReadBytes":331797280,"VID":"65f888b7cc0c74b794ab89eac7137fc8"}
06-04 20:37:32.835 E/playfilesourceNew( 3469): )!]
06-04 20:37:32.849 I/audio_hw_hal_primary( 491): [audiohal_get_latency:1333] io 13: out:0xe6245d80 frames:1152 rate:48000 whole_latency:24 alsa_latency:24
06-04 20:37:32.849 I/audio_hw_hal_primary( 491): [audiohal_get_latency:1333] io 13: out:0xe6245d80 frames:1024 rate:48000 whole_latency:21 alsa_latency:21
06-04 20:37:32.850 I/ImeTracker( 707): com.dangbei.haqusetting:3c6aee84: onRequestHide at ORIGIN_SERVER_HIDE_INPUT reason HIDE_UNSPECIFIED_WINDOW
06-04 20:37:32.850 I/ImeTracker( 707): com.dangbei.haqusetting:3c6aee84: onCancelled at PHASE_SERVER_SHOULD_HIDE
06-04 20:37:32.852 I/DefaultIMS( 1396): onStartInput attribute=android.view.inputmethod.EditorInfo@631b932 restarting=false inputType: 0
06-04 20:37:32.870 I/audio_hw_hal_primary( 491): [audiohal_get_latency:1333] io 13: out:0xe6245d80 frames:1024 rate:48000 whole_latency:21 alsa_latency:21
06-04 20:37:32.870 I/audio_hw_hal_primary( 491): [audiohal_get_latency:1333] io 13: out:0xe6245d80 frames:1024 rate:48000 whole_latency:21 alsa_latency:21
06-04 20:37:32.872 W/ContextImpl( 707): Calling a method in the system process without a qualified user: android.app.ContextImpl.startService:1899 com.android.server.wm.DisplayPolicy.lambda$focusChangedLw$5:2126 com.android.server.wm.DisplayPolicy.$r8$lambda$Znxk63oh-WzVnzo_WQefN7uxV48:0 com.android.server.wm.DisplayPolicy$$ExternalSyntheticLambda13.run:0 android.os.Handler.handleCallback:958
06-04 20:37:32.876 D/aaa ( 1430): LedStatusService onStartCommand begin
06-04 20:37:32.876 D/aaa ( 1430): topPkg is -------------- :com.dangbei.haqusetting
06-04 20:37:32.892 I/audio_hw_hal_primary( 491): [audiohal_get_latency:1333] io 13: out:0xe6245d80 frames:1024 rate:48000 whole_latency:21 alsa_latency:21
06-04 20:37:32.893 I/audio_hw_hal_primary( 491): [audiohal_get_latency:1333] io 13: out:0xe6245d80 frames:1024 rate:48000 whole_latency:21 alsa_latency:21
06-04 20:37:32.914 I/audio_hw_hal_primary( 491): [audiohal_get_latency:1333] io 13: out:0xe6245d80 frames:1024 rate:48000 whole_latency:21 alsa_latency:21
06-04 20:37:32.914 I/audio_hw_hal_primary( 491): [audiohal_get_latency:1333] io 13: out:0xe6245d80 frames:1280 rate:48000 whole_latency:26 alsa_latency:26
06-04 20:37:32.934 E/Hcdn_DeTask3128192202( 3469): HCDN_LOG: [T:3861][HINFO]:[f:PostNotifyInfo],[l:248], notify type(6),info({"BandWidth":-2,"CachedBytes":363402016,"IsAd":0,"IsP2P":1,"ReadBytes":331797280,"VID":"65f888b7cc0c74b794ab89eac7137fc8"}
06-04 20:37:32.934 E/Hcdn_DeTask3128192202( 3469): )
06-04 20:37:32.935 E/playfilesourceNew( 3469): HCDN_LOG: [T:3820][HINFO]:[f:DoAsynNotifyInfoResponse],[l:2605],[TaskID(3128192202),type(6),msg({"BandWidth":-2,"CachedBytes":363402016,"IsAd":0,"IsP2P":1,"ReadBytes":331797280,"VID":"65f888b7cc0c74b794ab89eac7137fc8"}
06-04 20:37:32.935 E/playfilesourceNew( 3469): )!]
06-04 20:37:32.937 I/audio_hw_hal_primary( 491): [audiohal_get_latency:1333] io 13: out:0xe6245d80 frames:1152 rate:48000 whole_latency:24 alsa_latency:24
06-04 20:37:32.938 I/audio_hw_hal_primary( 491): [audiohal_get_latency:1333] io 13: out:0xe6245d80 frames:1152 rate:48000 whole_latency:24 alsa_latency:24
06-04 20:37:32.960 I/audio_hw_hal_primary( 491): [audiohal_get_latency:1333] io 13: out:0xe6245d80 frames:1152 rate:48000 whole_latency:24 alsa_latency:24
06-04 20:37:32.960 I/audio_hw_hal_primary( 491): [audiohal_get_latency:1333] io 13: out:0xe6245d80 frames:1152 rate:48000 whole_latency:24 alsa_latency:24
06-04 20:37:32.977 I/audio_hw_hal_primary( 491): [audiohal_get_latency:1333] io 13: out:0xe6245d80 frames:1152 rate:48000 whole_latency:24 alsa_latency:24
06-04 20:37:32.977 I/audio_hw_hal_primary( 491): [audiohal_get_latency:1333] io 13: out:0xe6245d80 frames:1152 rate:48000 whole_latency:24 alsa_latency:24
06-04 20:37:32.998 I/audio_hw_hal_primary( 491): [audiohal_get_latency:1333] io 13: out:0xe6245d80 frames:1024 rate:48000 whole_latency:21 alsa_latency:21
06-04 20:37:32.999 I/audio_hw_hal_primary( 491): [audiohal_get_latency:1333] io 13: out:0xe6245d80 frames:1024 rate:48000 whole_latency:21 alsa_latency:21
06-04 20:37:33.001 I/WifiHAL ( 524): call wifi_get_link_stats handler
06-04 20:37:33.001 I/WifiHAL ( 524): Creating message to get link statistics; iface = 16
06-04 20:37:33.001 D/WifiHAL ( 524): error code -95 mapped to -3
06-04 20:37:33.002 E/WifiStaIfaceAidlImpl( 707): getLinkLayerStats failed with service-specific exception: android.os.ServiceSpecificException: (code 4)
06-04 20:37:33.022 I/audio_hw_hal_primary( 491): [audiohal_get_latency:1333] io 13: out:0xe6245d80 frames:1024 rate:48000 whole_latency:21 alsa_latency:21
06-04 20:37:33.022 I/audio_hw_hal_primary( 491): [audiohal_get_latency:1333] io 13: out:0xe6245d80 frames:1024 rate:48000 whole_latency:21 alsa_latency:21
06-04 20:37:33.040 E/Hcdn_DeTask3128192202( 3469): HCDN_LOG: [T:3861][HINFO]:[f:PostNotifyInfo],[l:248], notify type(6),info({"BandWidth":-2,"CachedBytes":363402016,"IsAd":0,"IsP2P":1,"ReadBytes":331797280,"VID":"65f888b7cc0c74b794ab89eac7137fc8"}
06-04 20:37:33.040 E/Hcdn_DeTask3128192202( 3469): )
06-04 20:37:33.041 E/playfilesourceNew( 3469): HCDN_LOG: [T:3820][HINFO]:[f:DoAsynNotifyInfoResponse],[l:2605],[TaskID(3128192202),type(6),msg({"BandWidth":-2,"CachedBytes":363402016,"IsAd":0,"IsP2P":1,"ReadBytes":331797280,"VID":"65f888b7cc0c74b794ab89eac7137fc8"}
06-04 20:37:33.041 E/playfilesourceNew( 3469): )!]
06-04 20:37:33.044 I/audio_hw_hal_primary( 491): [audiohal_get_latency:1333] io 13: out:0xe6245d80 frames:1280 rate:48000 whole_latency:26 alsa_latency:26
06-04 20:37:33.044 I/audio_hw_hal_primary( 491): [audiohal_get_latency:1333] io 13: out:0xe6245d80 frames:1152 rate:48000 whole_latency:24 alsa_latency:24
06-04 20:37:33.062 E/ccc ( 1349): cccccc UpdateHelper onMessageReceived com.dangbei.haqusetting com.dangbei.etna.update {"action":"get","functionTag":"leaf_controller_function_controller_dangbei_update","value":0} com.dangbei.lerad.etna.aidl.IEtnaAidlCallback$Stub$Proxy@a3beb9f
06-04 20:37:33.063 E/ccc ( 1349): cccccc 缓存获取遥控器版本 DB-15B-H5-R0111
06-04 20:37:33.065 E/ccc ( 1349): cccccc 请求电量缓存 87
06-04 20:37:33.066 I/audio_hw_hal_primary( 491): [audiohal_get_latency:1333] io 13: out:0xe6245d80 frames:1152 rate:48000 whole_latency:24 alsa_latency:24
06-04 20:37:33.066 I/audio_hw_hal_primary( 491): [audiohal_get_latency:1333] io 13: out:0xe6245d80 frames:1152 rate:48000 whole_latency:24 alsa_latency:24
06-04 20:37:33.088 I/audio_hw_hal_primary( 491): [audiohal_get_latency:1333] io 13: out:0xe6245d80 frames:1152 rate:48000 whole_latency:24 alsa_latency:24
06-04 20:37:33.088 I/audio_hw_hal_primary( 491): [audiohal_get_latency:1333] io 13: out:0xe6245d80 frames:1152 rate:48000 whole_latency:24 alsa_latency:24
06-04 20:37:33.088 D/audioserver( 542): logFgsApiEnd: FGS Logger Transaction failed, -129
06-04 20:37:33.090 I/audio_hw_hal_primary( 491): out_update_source_metadata_v7() line 2013 usage:13 content_type:4
06-04 20:37:33.105 D/ConnectivityService( 707): requestNetwork for uid/pid:1000/4242 activeRequest: null callbackRequest: 67 [NetworkRequest [ REQUEST id=68, [ Capabilities: INTERNET&NOT_RESTRICTED&TRUSTED&NOT_VCN_MANAGED Uid: 1000 RequestorUid: 1000 RequestorPkg: com.dangbei.haqusetting UnderlyingNetworks: Null] ]] callback flags: 0 order: 2147483647
06-04 20:37:33.108 D/ConnectivityService( 707): NetReassign [68 : null → 100] [c 0] [a 1] [i 1]
06-04 20:37:33.108 I/audio_hw_hal_primary( 491): [audiohal_get_latency:1333] io 13: out:0xe6245d80 frames:1152 rate:48000 whole_latency:24 alsa_latency:24
06-04 20:37:33.108 D/WifiNetworkFactory( 707): got request NetworkRequest [ REQUEST id=68, [ Capabilities: INTERNET&NOT_RESTRICTED&TRUSTED&NOT_VCN_MANAGED Uid: 1000 RequestorUid: 1000 RequestorPkg: com.dangbei.haqusetting UnderlyingNetworks: Null] ]
06-04 20:37:33.109 D/UntrustedWifiNetworkFactory( 707): got request NetworkRequest [ REQUEST id=68, [ Capabilities: INTERNET&NOT_RESTRICTED&TRUSTED&NOT_VCN_MANAGED Uid: 1000 RequestorUid: 1000 RequestorPkg: com.dangbei.haqusetting UnderlyingNetworks: Null] ]
06-04 20:37:33.110 D/OemPaidWifiNetworkFactory( 707): got request NetworkRequest [ REQUEST id=68, [ Capabilities: INTERNET&NOT_RESTRICTED&TRUSTED&NOT_VCN_MANAGED Uid: 1000 RequestorUid: 1000 RequestorPkg: com.dangbei.haqusetting UnderlyingNetworks: Null] ]
06-04 20:37:33.110 D/MultiInternetWifiNetworkFactory( 707): got request NetworkRequest [ REQUEST id=68, [ Capabilities: INTERNET&NOT_RESTRICTED&TRUSTED&NOT_VCN_MANAGED Uid: 1000 RequestorUid: 1000 RequestorPkg: com.dangbei.haqusetting UnderlyingNetworks: Null] ]
06-04 20:37:33.112 I/DefaultIMS( 1396): onStartInput attribute=android.view.inputmethod.EditorInfo@dbe367e restarting=false inputType: 0
06-04 20:37:33.130 I/PlayThreadMonitor( 3469): in playerthread monitor handler
06-04 20:37:33.130 I/PlayThreadMonitor( 3469): in monitor runnable
06-04 20:37:33.131 I/audio_hw_hal_primary( 491): [audiohal_get_latency:1333] io 13: out:0xe6245d80 frames:1152 rate:48000 whole_latency:24 alsa_latency:24
06-04 20:37:33.141 E/Hcdn_DeTask3128192202( 3469): HCDN_LOG: [T:3861][HINFO]:[f:PostNotifyInfo],[l:248], notify type(6),info({"BandWidth":-2,"CachedBytes":363402016,"IsAd":0,"IsP2P":1,"ReadBytes":331797280,"VID":"65f888b7cc0c74b794ab89eac7137fc8"}
06-04 20:37:33.141 E/Hcdn_DeTask3128192202( 3469): )
06-04 20:37:33.141 E/playfilesourceNew( 3469): HCDN_LOG: [T:3820][HINFO]:[f:DoAsynNotifyInfoResponse],[l:2605],[TaskID(3128192202),type(6),msg({"BandWidth":-2,"CachedBytes":363402016,"IsAd":0,"IsP2P":1,"ReadBytes":331797280,"VID":"65f888b7cc0c74b794ab89eac7137fc8"}
06-04 20:37:33.141 E/playfilesourceNew( 3469): )!]
06-04 20:37:33.148 I/audio_hw_hal_primary( 491): [audiohal_get_latency:1333] io 13: out:0xe6245d80 frames:1024 rate:48000 whole_latency:21 alsa_latency:21
06-04 20:37:33.170 I/audio_hw_hal_primary( 491): [audiohal_get_latency:1333] io 13: out:0xe6245d80 frames:1024 rate:48000 whole_latency:21 alsa_latency:21
06-04 20:37:33.171 D/audioserver( 542): logFgsApiEnd: FGS Logger Transaction failed, -129
06-04 20:37:33.212 V/WindowManagerShell( 912): Transition animation finished (aborted=false), notifying core (#9)android.os.BinderProxy@3528517@0
06-04 20:37:33.215 V/WindowManager( 707): Finish Transition #9: created at
06-04 20:37:32.703 collect-started=0.077ms request-sent=10.309ms started=12.806ms ready=26.496ms sent=95.475ms finished=510.151ms
06-04 20:37:33.217 V/WindowManagerShell( 912): Track 0 became idle
06-04 20:37:33.217 V/WindowManagerShell( 912): All active transition animations finished
06-04 20:37:33.241 E/Hcdn_DeTask3128192202( 3469): HCDN_LOG: [T:3861][HINFO]:[f:PostNotifyInfo],[l:248], notify type(6),info({"BandWidth":-2,"CachedBytes":363402016,"IsAd":0,"IsP2P":1,"ReadBytes":331797280,"VID":"65f888b7cc0c74b794ab89eac7137fc8"}
06-04 20:37:33.241 E/Hcdn_DeTask3128192202( 3469): )
06-04 20:37:33.241 E/playfilesourceNew( 3469): HCDN_LOG: [T:3820][HINFO]:[f:DoAsynNotifyInfoResponse],[l:2605],[TaskID(3128192202),type(6),msg({"BandWidth":-2,"CachedBytes":363402016,"IsAd":0,"IsP2P":1,"ReadBytes":331797280,"VID":"65f888b7cc0c74b794ab89eac7137fc8"}
06-04 20:37:33.241 E/playfilesourceNew( 3469): )!]
06-04 20:37:33.294 I/WifiService( 707): startScan uid=1000
06-04 20:37:33.295 E/ccc ( 4242): cccccc i will start scan
06-04 20:37:33.301 D/InstantWifi( 707): Drop, size: 1
06-04 20:37:33.309 D/WifiNl80211Manager( 707): Scan result ready event
06-04 20:37:33.310 D/WifiNative( 707): Scan result ready event
06-04 20:37:33.311 D/WificondScannerImpl( 707): Filtering out 1 scan results.
06-04 20:37:33.313 I/WifiHAL ( 524): call wifi_get_link_stats handler
06-04 20:37:33.313 I/WifiHAL ( 524): Creating message to get link statistics; iface = 16
06-04 20:37:33.313 D/WifiHAL ( 524): error code -95 mapped to -3
06-04 20:37:33.313 E/WifiStaIfaceAidlImpl( 707): getLinkLayerStats failed with service-specific exception: android.os.ServiceSpecificException: (code 4)
06-04 20:37:33.321 W/ScanResultUtil( 707): Empty or null ScanResult list
06-04 20:37:33.321 W/WifiService( 707): Attempt to retrieve WifiConfiguration with invalid scanResult List
06-04 20:37:33.321 W/ScanResultUtil( 707): Empty or null ScanResult list
06-04 20:37:33.321 E/WifiService( 707): Attempt to retrieve passpoint with invalid scanResult List
06-04 20:37:33.321 W/ScanResultUtil( 707): Empty or null ScanResult list
06-04 20:37:33.321 W/WifiService( 707): Attempt to retrieve OsuProviders with invalid scanResult List
06-04 20:37:33.322 I/TvUniPlayer/UniPlayer@7a0c4a5( 3469): in handleMessage event:10000
06-04 20:37:33.342 E/Hcdn_DeTask3128192202( 3469): HCDN_LOG: [T:3861][HINFO]:[f:PostNotifyInfo],[l:248], notify type(6),info({"BandWidth":-2,"CachedBytes":363402016,"IsAd":0,"IsP2P":1,"ReadBytes":331797280,"VID":"65f888b7cc0c74b794ab89eac7137fc8"}
06-04 20:37:33.342 E/Hcdn_DeTask3128192202( 3469): )
06-04 20:37:33.342 E/playfilesourceNew( 3469): HCDN_LOG: [T:3820][HINFO]:[f:DoAsynNotifyInfoResponse],[l:2605],[TaskID(3128192202),type(6),msg({"BandWidth":-2,"CachedBytes":363402016,"IsAd":0,"IsP2P":1,"ReadBytes":331797280,"VID":"65f888b7cc0c74b794ab89eac7137fc8"}
06-04 20:37:33.342 E/playfilesourceNew( 3469): )!]
06-04 20:37:33.356 E/hq ( 1414): NetWorkStateReceiver:::NetWorkStateReceiver onReceive: 网络变化广播 >>>> intent.action=android.net.wifi.SCAN_RESULTS
06-04 20:37:33.357 W/eventbuscore( 1414): post Event:com.dangbei.leard.base.entity.event.NetWifiRssiEvent
06-04 20:37:33.377 E/ccc ( 4242): cccccc 222222222222222222
06-04 20:37:33.403 E/ccc ( 4242): cccccc sort 4 0
06-04 20:37:33.403 E/ccc ( 4242): cccccc scanResult size is zero reset
06-04 20:37:33.404 E/ccc ( 4242): cccccc 4444444444444444444 CONNECTED
06-04 20:37:33.411 E/ccc ( 4242): cccccc sort 4 0
06-04 20:37:33.412 E/ccc ( 4242): cccccc scanResult size is zero reset
06-04 20:37:33.425 E/ccc ( 4242): cccccc SCAN_RESULTS_AVAILABLE_ACTION hhhh
06-04 20:37:33.428 E/ccc ( 4242): cccccc result is empty start scan
06-04 20:37:33.429 I/WifiService( 707): startScan uid=1000
06-04 20:37:33.438 D/InstantWifi( 707): Drop, size: 1
06-04 20:37:33.442 E/Hcdn_DeTask3128192202( 3469): HCDN_LOG: [T:3861][HINFO]:[f:PostNotifyInfo],[l:248], notify type(6),info({"BandWidth":-2,"CachedBytes":363402016,"IsAd":0,"IsP2P":1,"ReadBytes":331797280,"VID":"65f888b7cc0c74b794ab89eac7137fc8"}
06-04 20:37:33.442 E/Hcdn_DeTask3128192202( 3469): )
06-04 20:37:33.442 E/playfilesourceNew( 3469): HCDN_LOG: [T:3820][HINFO]:[f:DoAsynNotifyInfoResponse],[l:2605],[TaskID(3128192202),type(6),msg({"BandWidth":-2,"CachedBytes":363402016,"IsAd":0,"IsP2P":1,"ReadBytes":331797280,"VID":"65f888b7cc0c74b794ab89eac7137fc8"}
06-04 20:37:33.442 E/playfilesourceNew( 3469): )!]
06-04 20:37:33.469 D/OpenGLRenderer( 4242): --- Failed to create image decoder with message 'unimplemented'
06-04 20:37:33.470 D/OpenGLRenderer( 4242): --- Failed to create image decoder with message 'unimplemented'
06-04 20:37:33.471 D/OpenGLRenderer( 4242): --- Failed to create image decoder with message 'unimplemented'
06-04 20:37:33.471 D/OpenGLRenderer( 4242): --- Failed to create image decoder with message 'unimplemented'
06-04 20:37:33.472 D/OpenGLRenderer( 4242): --- Failed to create image decoder with message 'unimplemented'
06-04 20:37:33.472 D/OpenGLRenderer( 4242): --- Failed to create image decoder with message 'unimplemented'
06-04 20:37:33.514 I/audio_hw_hal_stream( 491): aml_stream_out_info_print: out:0xe6245d80, stream_type:pcm, sync_mode:non tunnel, input_size:292610048 bytes
06-04 20:37:33.514 I/audio_hw_hal_stream( 491): aml_stream_out_info_print: last_time:1720246 ms (sec:1720, nsec:246358527), last_position:1523703 ms (73137744), cur_time:1720268 ms (sec:1720, nsec:268918319), cur_position:1523724 ms (73138768)
06-04 20:37:33.514 I/audio_hw_hal_stream( 491): aml_stream_out_info_print: time_gap:22 ms (thr:100 ms), position_gap:21 ms, delay:286 ms, jitter: Position gap is behind system time gap by 1 ms (thr:100 ms)
06-04 20:37:33.543 E/Hcdn_DeTask3128192202( 3469): HCDN_LOG: [T:3861][HINFO]:[f:PostNotifyInfo],[l:248], notify type(6),info({"BandWidth":-2,"CachedBytes":363402016,"IsAd":0,"IsP2P":1,"ReadBytes":331797280,"VID":"65f888b7cc0c74b794ab89eac7137fc8"}
06-04 20:37:33.543 E/Hcdn_DeTask3128192202( 3469): )
06-04 20:37:33.543 E/playfilesourceNew( 3469): HCDN_LOG: [T:3820][HINFO]:[f:DoAsynNotifyInfoResponse],[l:2605],[TaskID(3128192202),type(6),msg({"BandWidth":-2,"CachedBytes":363402016,"IsAd":0,"IsP2P":1,"ReadBytes":331797280,"VID":"65f888b7cc0c74b794ab89eac7137fc8"}
06-04 20:37:33.543 E/playfilesourceNew( 3469): )!]
06-04 20:37:33.644 E/Hcdn_DeTask3128192202( 3469): HCDN_LOG: [T:3861][HINFO]:[f:PostNotifyInfo],[l:248], notify type(6),info({"BandWidth":-2,"CachedBytes":363402016,"IsAd":0,"IsP2P":1,"ReadBytes":331797280,"VID":"65f888b7cc0c74b794ab89eac7137fc8"}
06-04 20:37:33.644 E/Hcdn_DeTask3128192202( 3469): )
06-04 20:37:33.644 E/playfilesourceNew( 3469): HCDN_LOG: [T:3820][HINFO]:[f:DoAsynNotifyInfoResponse],[l:2605],[TaskID(3128192202),type(6),msg({"BandWidth":-2,"CachedBytes":363402016,"IsAd":0,"IsP2P":1,"ReadBytes":331797280,"VID":"65f888b7cc0c74b794ab89eac7137fc8"}
06-04 20:37:33.644 E/playfilesourceNew( 3469): )!]
06-04 20:37:33.744 E/Hcdn_DeTask3128192202( 3469): HCDN_LOG: [T:3861][HINFO]:[f:PostNotifyInfo],[l:248], notify type(6),info({"BandWidth":-2,"CachedBytes":363402016,"IsAd":0,"IsP2P":1,"ReadBytes":331797280,"VID":"65f888b7cc0c74b794ab89eac7137fc8"}
06-04 20:37:33.744 E/Hcdn_DeTask3128192202( 3469): )
06-04 20:37:33.744 E/playfilesourceNew( 3469): HCDN_LOG: [T:3820][HINFO]:[f:DoAsynNotifyInfoResponse],[l:2605],[TaskID(3128192202),type(6),msg({"BandWidth":-2,"CachedBytes":363402016,"IsAd":0,"IsP2P":1,"ReadBytes":331797280,"VID":"65f888b7cc0c74b794ab89eac7137fc8"}
06-04 20:37:33.744 E/playfilesourceNew( 3469): )!]
06-04 20:37:33.845 E/Hcdn_DeTask3128192202( 3469): HCDN_LOG: [T:3861][HINFO]:[f:PostNotifyInfo],[l:248], notify type(6),info({"BandWidth":-2,"CachedBytes":363402016,"IsAd":0,"IsP2P":1,"ReadBytes":331797280,"VID":"65f888b7cc0c74b794ab89eac7137fc8"}
06-04 20:37:33.845 E/Hcdn_DeTask3128192202( 3469): )
06-04 20:37:33.845 E/playfilesourceNew( 3469): HCDN_LOG: [T:3820][HINFO]:[f:DoAsynNotifyInfoResponse],[l:2605],[TaskID(3128192202),type(6),msg({"BandWidth":-2,"CachedBytes":363402016,"IsAd":0,"IsP2P":1,"ReadBytes":331797280,"VID":"65f888b7cc0c74b794ab89eac7137fc8"}
06-04 20:37:33.845 E/playfilesourceNew( 3469): )!]
06-04 20:37:33.868 D/BufferPoolAccessor2.0( 3469): bufferpool2 0xa0f055a8 : 0(0 size) total buffers - 0(0 size) used buffers - 0/9 (recycle/alloc) - 9/18769 (fetch/transfer)
06-04 20:37:33.868 D/BufferPoolAccessor2.0( 3469): evictor expired: 1, evicted: 1
