06-04 12:13:13.450 D/SystemServerTimingAsync( 707): ssm.onCompletedEventUser-0_{|Unlocked|}_com.android.server.location.LocationManagerService$Lifecycle
06-04 12:13:13.450 D/SystemServerTimingAsync( 707): ssm.onCompletedEventUser-0_{|Unlocked|}_com.android.server.timezonedetector.TimeZoneDetectorService$Lifecycle
06-04 12:13:13.450 D/SystemServerTimingAsync( 707): ssm.onCompletedEventUser-0_{|Unlocked|}_com.android.server.location.altitude.AltitudeService$Lifecycle
06-04 12:13:13.450 D/SystemServerTimingAsync( 707): ssm.onCompletedEventUser-0_{|Unlocked|}_com.android.server.timezonedetector.location.LocationTimeZoneManagerService$Lifecycle
06-04 12:13:13.450 D/SystemServerTimingAsync( 707): ssm.onCompletedEventUser-0_{|Unlocked|}_com.android.server.search.SearchManagerService$Lifecycle
06-04 12:13:13.450 D/SystemServerTimingAsync( 707): ssm.onCompletedEventUser-0_{|Unlocked|}_com.android.server.wallpaper.WallpaperManagerService$Lifecycle
06-04 12:13:13.450 D/SystemServerTimingAsync( 707): ssm.onCompletedEventUser-0_{|Unlocked|}_com.android.server.wallpapereffectsgeneration.WallpaperEffectsGenerationManagerService
06-04 12:13:13.450 D/SystemServerTimingAsync( 707): ssm.onCompletedEventUser-0_{|Unlocked|}_com.android.server.audio.AudioService$Lifecycle
06-04 12:13:13.451 D/SystemServerTimingAsync( 707): ssm.onCompletedEventUser-0_{|Unlocked|}_com.android.server.soundtrigger_middleware.SoundTriggerMiddlewareService$Lifecycle
06-04 12:13:13.451 D/SystemServerTimingAsync( 707): ssm.onCompletedEventUser-0_{|Unlocked|}_com.android.server.adb.AdbService$Lifecycle
06-04 12:13:13.451 D/SystemServerTimingAsync( 707): ssm.onCompletedEventUser-0_{|Unlocked|}_com.android.server.usb.UsbService$Lifecycle
06-04 12:13:13.451 D/SystemServerTimingAsync( 707): ssm.onCompletedEventUser-0_{|Unlocked|}_com.android.server.twilight.TwilightService
06-04 12:13:13.451 D/SystemServerTimingAsync( 707): ssm.onCompletedEventUser-0_{|Unlocked|}_com.android.server.display.color.ColorDisplayService
06-04 12:13:13.451 D/SystemServerTimingAsync( 707): ssm.onCompletedEventUser-0_{|Unlocked|}_com.android.server.job.JobSchedulerService
06-04 12:13:13.451 D/SystemServerTimingAsync( 707): ssm.onCompletedEventUser-0_{|Unlocked|}_com.android.server.soundtrigger.SoundTriggerService
06-04 12:13:13.451 D/SystemServerTimingAsync( 707): ssm.onCompletedEventUser-0_{|Unlocked|}_com.android.server.trust.TrustManagerService
06-04 12:13:13.451 D/SystemServerTimingAsync( 707): ssm.onCompletedEventUser-0_{|Unlocked|}_com.android.server.backup.BackupManagerService$Lifecycle
06-04 12:13:13.451 D/SystemServerTimingAsync( 707): ssm.onCompletedEventUser-0_{|Unlocked|}_com.android.server.appwidget.AppWidgetService
06-04 12:13:13.451 D/SystemServerTimingAsync( 707): ssm.onCompletedEventUser-0_{|Unlocked|}_com.android.server.voiceinteraction.VoiceInteractionManagerService
06-04 12:13:13.451 D/SystemServerTimingAsync( 707): ssm.onCompletedEventUser-0_{|Unlocked|}_com.android.server.GestureLauncherService
06-04 12:13:13.451 D/SystemServerTimingAsync( 707): ssm.onCompletedEventUser-0_{|Unlocked|}_com.android.server.SensorNotificationService
06-04 12:13:13.451 D/SystemServerTimingAsync( 707): ssm.onCompletedEventUser-0_{|Unlocked|}_com.android.server.emergency.EmergencyAffordanceService
06-04 12:13:13.451 D/SystemServerTimingAsync( 707): ssm.onCompletedEventUser-0_{|Unlocked|}_com.android.server.blob.BlobStoreManagerService
06-04 12:13:13.451 D/SystemServerTimingAsync( 707): ssm.onCompletedEventUser-0_{|Unlocked|}_com.android.server.dreams.DreamManagerService
06-04 12:13:13.451 D/SystemServerTimingAsync( 707): ssm.onCompletedEventUser-0_{|Unlocked|}_com.android.server.security.AttestationVerificationManagerService
06-04 12:13:13.451 D/SystemServerTimingAsync( 707): ssm.onCompletedEventUser-0_{|Unlocked|}_com.android.server.restrictions.RestrictionsManagerService
06-04 12:13:13.451 D/SystemServerTimingAsync( 707): ssm.onCompletedEventUser-0_{|Unlocked|}_com.android.server.media.MediaSessionService
06-04 12:13:13.451 D/SystemServerTimingAsync( 707): ssm.onCompletedEventUser-0_{|Unlocked|}_com.android.server.hdmi.HdmiControlService
06-04 12:13:13.451 D/SystemServerTimingAsync( 707): ssm.onCompletedEventUser-0_{|Unlocked|}_com.android.server.tv.interactive.TvInteractiveAppManagerService
06-04 12:13:13.451 D/SystemServerTimingAsync( 707): ssm.onCompletedEventUser-0_{|Unlocked|}_com.android.server.tv.TvInputManagerService
06-04 12:13:13.451 D/SystemServerTimingAsync( 707): ssm.onCompletedEventUser-0_{|Unlocked|}_com.android.server.media.MediaResourceMonitorService
06-04 12:13:13.451 D/SystemServerTimingAsync( 707): ssm.onCompletedEventUser-0_{|Unlocked|}_com.android.server.tv.TvRemoteService
06-04 12:13:13.451 D/SystemServerTimingAsync( 707): ssm.onCompletedEventUser-0_{|Unlocked|}_com.android.server.biometrics.BiometricService
06-04 12:13:13.451 D/SystemServerTimingAsync( 707): ssm.onCompletedEventUser-0_{|Unlocked|}_com.android.server.biometrics.AuthService
06-04 12:13:13.451 D/SystemServerTimingAsync( 707): ssm.onCompletedEventUser-0_{|Unlocked|}_com.android.server.pm.ShortcutService$Lifecycle
06-04 12:13:13.451 D/SystemServerTimingAsync( 707): ssm.onCompletedEventUser-0_{|Unlocked|}_com.android.server.pm.LauncherAppsService
06-04 12:13:13.451 D/SystemServerTimingAsync( 707): ssm.onCompletedEventUser-0_{|Unlocked|}_com.android.server.pm.CrossProfileAppsService
06-04 12:13:13.451 D/SystemServerTimingAsync( 707): ssm.onCompletedEventUser-0_{|Unlocked|}_com.android.server.people.PeopleService
06-04 12:13:13.451 D/SystemServerTimingAsync( 707): ssm.onCompletedEventUser-0_{|Unlocked|}_com.android.server.media.metrics.MediaMetricsManagerService
06-04 12:13:13.451 D/SystemServerTimingAsync( 707): ssm.onCompletedEventUser-0_{|Unlocked|}_com.android.server.pm.BackgroundInstallControlService
06-04 12:13:13.451 D/SystemServerTimingAsync( 707): ssm.onCompletedEventUser-0_{|Unlocked|}_com.android.server.media.projection.MediaProjectionManagerService
06-04 12:13:13.451 D/SystemServerTimingAsync( 707): ssm.onCompletedEventUser-0_{|Unlocked|}_com.android.server.slice.SliceManagerService$Lifecycle
06-04 12:13:13.451 D/SystemServerTimingAsync( 707): ssm.onCompletedEventUser-0_{|Unlocked|}_com.android.server.stats.StatsCompanion$Lifecycle
06-04 12:13:13.451 D/SystemServerTimingAsync( 707): ssm.onCompletedEventUser-0_{|Unlocked|}_com.android.server.scheduling.RebootReadinessManagerService$Lifecycle
06-04 12:13:13.451 D/SystemServerTimingAsync( 707): ssm.onCompletedEventUser-0_{|Unlocked|}_com.android.server.stats.pull.StatsPullAtomService
06-04 12:13:13.451 D/SystemServerTimingAsync( 707): ssm.onCompletedEventUser-0_{|Unlocked|}_com.android.server.stats.bootstrap.StatsBootstrapAtomService$Lifecycle
06-04 12:13:13.451 D/SystemServerTimingAsync( 707): ssm.onCompletedEventUser-0_{|Unlocked|}_com.android.server.incident.IncidentCompanionService
06-04 12:13:13.451 D/SystemServerTimingAsync( 707): ssm.onCompletedEventUser-0_{|Unlocked|}_com.android.server.sdksandbox.SdkSandboxManagerService$Lifecycle
06-04 12:13:13.451 D/SystemServerTimingAsync( 707): ssm.onCompletedEventUser-0_{|Unlocked|}_com.android.server.adservices.AdServicesManagerService$Lifecycle
06-04 12:13:13.451 D/SystemServerTimingAsync( 707): ssm.onCompletedEventUser-0_{|Unlocked|}_com.android.server.ondevicepersonalization.OnDevicePersonalizationSystemService$Lifecycle
06-04 12:13:13.452 D/SystemServerTimingAsync( 707): ssm.onCompletedEventUser-0_{|Unlocked|}_com.android.server.autofill.AutofillManagerService
06-04 12:13:13.452 D/SystemServerTimingAsync( 707): ssm.onCompletedEventUser-0_{|Unlocked|}_com.android.server.clipboard.ClipboardService
06-04 12:13:13.452 D/SystemServerTimingAsync( 707): ssm.onCompletedEventUser-0_{|Unlocked|}_com.android.server.appbinding.AppBindingService$Lifecycle
06-04 12:13:13.452 D/SystemServerTimingAsync( 707): ssm.onCompletedEventUser-0_{|Unlocked|}_com.android.server.tracing.TracingServiceProxy
06-04 12:13:13.452 D/SystemServerTimingAsync( 707): ssm.onCompletedEventUser-0_{|Unlocked|}_com.android.server.policy.PermissionPolicyService
06-04 12:13:13.452 D/SystemServerTimingAsync( 707): ssm.onCompletedEventUser-0_{|Unlocked|}_com.android.server.pm.StagingManager$Lifecycle
06-04 12:13:13.452 D/SystemServerTimingAsync( 707): ssm.onCompletedEventUser-0_{|Unlocked|}_com.android.server.app.GameManagerService$Lifecycle
06-04 12:13:13.452 D/SystemServerTimingAsync( 707): ssm.onCompletedEventUser-0_{|Unlocked|}_com.android.safetycenter.SafetyCenterService
06-04 12:13:13.452 D/SystemServerTimingAsync( 707): ssm.onCompletedEventUser-0_{|Unlocked|}_com.android.server.appsearch.AppSearchModule$Lifecycle
06-04 12:13:13.452 D/SystemServerTimingAsync( 707): ssm.onCompletedEventUser-0_{|Unlocked|}_com.android.server.media.MediaCommunicationService
06-04 12:13:13.452 D/SystemServerTimingAsync( 707): ssm.onCompletedEventUser-0_{|Unlocked|}_com.android.server.compat.overrides.AppCompatOverridesService$Lifecycle
06-04 12:13:13.452 D/SystemServerTimingAsync( 707): ssm.onCompletedEventUser-0_{|Unlocked|}_com.android.server.healthconnect.HealthConnectManagerService
06-04 12:13:13.452 D/SystemServerTimingAsync( 707): ssm.onCompletedEventUser-0_{|Unlocked|}_com.android.server.devicelock.DeviceLockService
06-04 12:13:13.452 D/SystemServerTimingAsync( 707): ssm.onCompletedEventUser-0_{|Unlocked|}_com.android.server.alarm.AlarmManagerService
06-04 12:13:13.452 D/SystemServerTimingAsync( 707): ssm.onCompletedEventUser-0_{|Unlocked|}_com.android.server.camera.CameraServiceProxy
06-04 12:13:13.462 I/ActivityManager( 707): Start proc 2225:com.android.externalstorage/u0a19 for broadcast {com.android.externalstorage/com.android.externalstorage.MountReceiver}
06-04 12:13:13.484 I/ActivityManager( 707): Background started FGS: Allowed [callingPackage: com.dangbei.screencast; callingUid: 10043; uidState: CEM ; uidBFSL: n/a; intent: Intent { act=com.dangbei.screencast.STARTUP pkg=com.dangbei.screencast }; code:SYSTEM_ALERT_WINDOW_PERMISSION; tempAllowListReason:; targetSdkVersion:28; callerTargetSdkVersion:28; startForegroundCount:0; bindFromPackage:null: isBindService:false]
06-04 12:13:13.498 D/CompatibilityChangeReporter( 707): Compat change id reported: 168419799; UID 10019; state: DISABLED
06-04 12:13:13.498 D/CompatibilityChangeReporter( 707): Compat change id reported: 273564678; UID 10019; state: DISABLED
06-04 12:13:13.502 D/CompatibilityChangeReporter( 707): Compat change id reported: 265195908; UID 10019; state: ENABLED
06-04 12:13:13.505 D/CompatibilityChangeReporter( 707): Compat change id reported: 170668199; UID 10043; state: DISABLED
06-04 12:13:13.505 W/ActivityManager( 707): Foreground service started from background can not have location/camera/microphone access: service com.dangbei.screencast/.startup.StartupService
06-04 12:13:13.506 D/CompatibilityChangeReporter( 707): Compat change id reported: 255038118; UID 10043; state: DISABLED
06-04 12:13:13.506 D/CompatibilityChangeReporter( 707): Compat change id reported: 255042465; UID 10043; state: DISABLED
06-04 12:13:13.508 W/ForegroundServiceTypeLoggerModule( 707): Foreground service start for UID: 10043 does not have any types
06-04 12:13:13.510 I/ActivityManager( 707): Deferring FGS notification in legacy app com.dangbei.screencast/u0a43 : Notification(channel=channel_record shortcut=null contentView=null vibrate=null sound=null defaults=0x0 flags=0x60 color=0x00000000 category=transport vis=PUBLIC)
06-04 12:13:13.514 D/CompatibilityChangeReporter( 707): Compat change id reported: 170503758; UID 10019; state: ENABLED
06-04 12:13:13.538 I/CheckInWorker( 1300): perform check-in request
06-04 12:13:13.570 W/CheckInWorker( 1300): CheckIn failed. No device identifier available!
06-04 12:13:13.581 I/ActivityManager( 707): Background started FGS: Allowed [callingPackage: com.dangbei.screencast; callingUid: 10043; uidState: FGS ; uidBFSL: [BFSL]; intent: Intent { cmp=com.dangbei.screencast/.huaweicast.service.HuaweiCastService }; code:PROC_STATE_FGS; tempAllowListReason:; targetSdkVersion:28; callerTargetSdkVersion:28; startForegroundCount:0; bindFromPackage:null: isBindService:false]
06-04 12:13:13.649 I/ActivityManager( 707): com.tv.filemanager.os is exempt from freezer
06-04 12:13:13.650 D/CompatibilityChangeReporter( 707): Compat change id reported: 135634846; UID 10041; state: DISABLED
06-04 12:13:13.650 D/CompatibilityChangeReporter( 707): Compat change id reported: 177438394; UID 10041; state: DISABLED
06-04 12:13:13.651 D/CompatibilityChangeReporter( 707): Compat change id reported: 135772972; UID 10041; state: DISABLED
06-04 12:13:13.651 D/CompatibilityChangeReporter( 707): Compat change id reported: 135754954; UID 10041; state: DISABLED
06-04 12:13:13.652 D/CompatibilityChangeReporter( 707): Compat change id reported: 143937733; UID 10041; state: DISABLED
06-04 12:13:13.680 D/CompatibilityChangeReporter( 707): Compat change id reported: 261072174; UID 10043; state: DISABLED
06-04 12:13:13.691 W/ActivityManager( 707): Foreground service started from background can not have location/camera/microphone access: service com.dangbei.screencast/.huaweicast.service.HuaweiCastService
06-04 12:13:13.691 W/ForegroundServiceTypeLoggerModule( 707): Foreground service start for UID: 10043 does not have any types
06-04 12:13:13.693 I/ActivityManager( 707): Start proc 2302:com.tv.filemanager.os/u0a41 for broadcast {com.tv.filemanager.os/com.dangbei.lerad.filemanager.receives.USBReceiver}
06-04 12:13:13.728 D/CompatibilityChangeReporter( 707): Compat change id reported: 168419799; UID 10041; state: DISABLED
06-04 12:13:13.729 D/CompatibilityChangeReporter( 707): Compat change id reported: 273564678; UID 10041; state: DISABLED
06-04 12:13:13.746 D/CompatibilityChangeReporter( 707): Compat change id reported: 265195908; UID 10041; state: ENABLED
06-04 12:13:13.748 D/CompatibilityChangeReporter( 707): Compat change id reported: 170503758; UID 10041; state: DISABLED
06-04 12:13:14.264 D/CompatibilityChangeReporter( 707): Compat change id reported: 161145287; UID 10041; state: DISABLED
06-04 12:13:14.333 E/ActivityThread( 2302): Failed to find provider info for lerad.provider.etna
06-04 12:13:14.399 I/ActivityManager( 707): com.oranth.usbopenft is exempt from freezer
06-04 12:13:14.400 D/CompatibilityChangeReporter( 707): Compat change id reported: 135634846; UID 1000; state: DISABLED
06-04 12:13:14.440 I/ActivityManager( 707): Start proc 2399:com.oranth.usbopenft/1000 for broadcast {com.oranth.usbopenft/com.oranth.usbopenft.UsbReceiver}
06-04 12:13:14.515 D/CompatibilityChangeReporter( 707): Compat change id reported: 168419799; UID 1000; state: DISABLED
06-04 12:13:14.516 D/CompatibilityChangeReporter( 707): Compat change id reported: 273564678; UID 1000; state: DISABLED
06-04 12:13:14.864 W/OverlayManager( 707): service 'idmap' died
06-04 12:13:16.649 D/OomAdjuster( 707): Not killing cached processes
06-04 12:13:16.652 D/CompatibilityChangeReporter( 707): Compat change id reported: 253665015; UID 10018; state: ENABLED
06-04 12:13:16.653 D/CompatibilityChangeReporter( 707): Compat change id reported: 194532703; UID 10018; state: ENABLED
06-04 12:13:17.719 W/BroadcastLoopers( 707): Found previously unknown looper Thread[appscheduling.default,5,main]
06-04 12:13:18.606 D/CompatibilityChangeReporter( 707): Compat change id reported: 135634846; UID 10043; state: DISABLED
06-04 12:13:18.607 D/CompatibilityChangeReporter( 707): Compat change id reported: 143937733; UID 10043; state: DISABLED
06-04 12:13:18.622 I/ActivityManager( 707): Start proc 2533:com.huawei.connection/u0a43 for service {com.dangbei.screencast/com.huawei.connection.service.NearFieldManagerService}
06-04 12:13:18.841 D/ActivityManager( 707): freezing 1372 com.android.music
06-04 12:13:19.922 W/BroadcastLoopers( 707): Found previously unknown looper Thread[PackageManager,5,main]
06-04 12:13:19.954 W/BroadcastLoopers( 707): Found previously unknown looper Thread[android.bg,5,main]
06-04 12:13:19.963 W/VoiceInteractionManager( 707): no available voice recognition services found for user 0
06-04 12:13:20.073 D/CompatibilityChangeReporter( 707): Compat change id reported: 161145287; UID 10070; state: ENABLED
06-04 12:13:20.099 W/WindowManager( 707): [addWindow] title:
06-04 12:13:20.101 D/CompatibilityChangeReporter( 707): Compat change id reported: 168419799; UID 1000; state: DISABLED
06-04 12:13:20.102 D/CompatibilityChangeReporter( 707): Compat change id reported: 273564678; UID 1000; state: DISABLED
06-04 12:13:20.111 D/CoreBackPreview( 707): Window{eaf68b9 u0 com.dangbei.leard.leradlauncher}: Setting back callback OnBackInvokedCallbackInfo{mCallback=android.window.IOnBackInvokedCallback$Stub$Proxy@c460eac, mPriority=0, mIsAnimationCallback=false}
06-04 12:13:20.205 W/ContextImpl( 707): Calling a method in the system process without a qualified user: android.app.ContextImpl.startService:1899 com.android.server.wm.DisplayPolicy.lambda$focusChangedLw$5:2126 com.android.server.wm.DisplayPolicy.$r8$lambda$Znxk63oh-WzVnzo_WQefN7uxV48:0 com.android.server.wm.DisplayPolicy$$ExternalSyntheticLambda13.run:0 android.os.Handler.handleCallback:958
06-04 12:13:23.693 D/ActivityManager( 707): freezing 2225 com.android.externalstorage
06-04 12:13:23.705 I/ActivityManager( 707): Skip zero pid ANR, process=WebViewLoader-armeabi-v7a
06-04 12:13:23.727 W/NotificationHistory( 707): Attempted to add notif for locked/gone/disabled user 0
06-04 12:13:24.174 D/CompatibilityChangeReporter( 707): Compat change id reported: 161145287; UID 10043; state: DISABLED
06-04 12:13:24.285 I/ActivityManager( 707): Waited long enough for: ServiceRecord{f3b4ee3 u0 com.oranth.storage/.MainService}
06-04 12:13:24.641 I/ActivityManager( 707): Waited long enough for: ServiceRecord{9bf1e01 u0 com.droidlogic.mictoggle/.AssistantMicMuteService}
06-04 12:13:25.391 I/ActivityManager( 707): Waited long enough for: ServiceRecord{5c61cca u0 com.dangbei.lerad.rocky/com.dangbei.phrike.core.PhrikeDownloadService}
06-04 12:13:26.178 D/CoreBackPreview( 707): Window{eaf68b9 u0 com.dangbei.leard.leradlauncher}: Setting back callback null
06-04 12:13:26.191 V/WindowManager( 707): Unknown focus tokens, dropping reportFocusChanged
06-04 12:13:26.218 D/CompatibilityChangeReporter( 707): Compat change id reported: 214016041; UID 1000; state: ENABLED
06-04 12:13:26.219 D/CompatibilityChangeReporter( 707): Compat change id reported: 214016041; UID 1000; state: DISABLED
06-04 12:13:26.284 W/ContextImpl( 707): Calling a method in the system process without a qualified user: android.app.ContextImpl.startService:1899 com.android.server.wm.DisplayPolicy.lambda$focusChangedLw$5:2126 com.android.server.wm.DisplayPolicy.$r8$lambda$Znxk63oh-WzVnzo_WQefN7uxV48:0 com.android.server.wm.DisplayPolicy$$ExternalSyntheticLambda13.run:0 android.os.Handler.handleCallback:958
06-04 12:13:26.285 D/OomAdjuster( 707): Not killing cached processes
06-04 12:13:28.902 I/keystore2( 285): system/security/keystore2/src/watchdog.rs:319 - Watchdog thread idle -> terminating. Have a great day.
06-04 12:13:31.502 D/OomAdjuster( 707): Not killing cached processes
06-04 20:09:42.066 E/LazyAlarmStore( 707): Removed TIME_TICK alarm
06-04 20:09:42.075 I/JobScheduler( 707): RTC now valid; recalculating persisted job windows
06-04 20:09:42.113 W/SyncManager( 707): Clock is valid now.
06-04 20:09:42.113 D/ConditionProviders.SCP( 707): onReceive android.intent.action.TIME_SET
06-04 20:09:42.126 D/ConditionProviders.SCP( 707): evaluateSubscriptionLocked cal=ScheduleCalendar[mDays={1, 2, 3, 4, 5, 6, 7}, mSchedule=ScheduleInfo{days=[1, 2, 3, 4, 5, 6, 7], startHour=22, startMinute=0, endHour=7, endMinute=0, exitAtAlarm=true, nextAlarm=Thu Jan 01 08:00:00 GMT+08:00 1970 (0)}], now=Wed Jun 04 20:09:42 GMT+08:00 2025 (1749038982113), nextUserAlarmTime=Thu Jan 01 08:00:00 GMT+08:00 1970 (0)
06-04 20:09:42.126 D/ConditionProviders.SCP( 707): notifyCondition condition://android/schedule?days=1.2.3.4.5.6.7&start=22.0&end=7.0&exitAtAlarm=true STATE_FALSE reason=!meetsSchedule
06-04 20:09:42.127 D/ConditionProviders.SCP( 707): Scheduling evaluate for Wed Jun 04 22:00:00 GMT+08:00 2025 (1749045600000), in +1h50m17s887ms, now=Wed Jun 04 20:09:42 GMT+08:00 2025 (1749038982113)
06-04 20:09:42.127 D/CompatibilityChangeReporter( 707): Compat change id reported: 171306433; UID 1000; state: ENABLED
06-04 20:09:42.128 D/CompatibilityChangeReporter( 707): Compat change id reported: 218533173; UID 1000; state: ENABLED
06-04 20:09:42.138 D/CompatibilityChangeReporter( 707): Compat change id reported: 143231523; UID 1000; state: DISABLED
06-04 20:09:42.164 I/UsageStatsService( 707): User[0] Time changed in by 28568 seconds
06-04 20:09:42.164 I/UsageStatsService( 707): User[0] Flushing usage stats to disk
06-04 20:09:42.178 I/UsageStatsDatabase( 707): Time changed by +7h56m8s266ms. files deleted: 0 files moved: 4
06-04 20:09:42.183 I/UsageStatsService( 707): User[0] Rollover scheduled @ 2025-06-05 20:09:16(1749125356592)
06-04 20:09:42.187 D/CompatibilityChangeReporter( 707): Compat change id reported: 218533173; UID 10017; state: ENABLED
06-04 20:09:42.187 D/CompatibilityChangeReporter( 707): Compat change id reported: 262645982; UID 10017; state: ENABLED
06-04 20:09:42.188 D/CompatibilityChangeReporter( 707): Compat change id reported: 218533173; UID 10039; state: DISABLED
06-04 20:09:42.188 D/CompatibilityChangeReporter( 707): Compat change id reported: 262645982; UID 10039; state: DISABLED
06-04 20:09:42.189 D/CompatibilityChangeReporter( 707): Compat change id reported: 218533173; UID 10019; state: ENABLED
06-04 20:09:42.189 D/CompatibilityChangeReporter( 707): Compat change id reported: 262645982; UID 10019; state: ENABLED
06-04 20:09:42.191 D/CompatibilityChangeReporter( 707): Compat change id reported: 218533173; UID 10027; state: ENABLED
06-04 20:09:42.191 D/CompatibilityChangeReporter( 707): Compat change id reported: 262645982; UID 10027; state: ENABLED
06-04 20:09:42.194 D/CompatibilityChangeReporter( 707): Compat change id reported: 218533173; UID 10026; state: DISABLED
06-04 20:09:42.195 D/CompatibilityChangeReporter( 707): Compat change id reported: 262645982; UID 10026; state: DISABLED
06-04 20:09:42.195 D/CompatibilityChangeReporter( 707): Compat change id reported: 218533173; UID 10043; state: DISABLED
06-04 20:09:42.195 D/CompatibilityChangeReporter( 707): Compat change id reported: 262645982; UID 10043; state: DISABLED
06-04 20:09:42.196 D/CompatibilityChangeReporter( 707): Compat change id reported: 218533173; UID 10071; state: ENABLED
06-04 20:09:42.197 D/CompatibilityChangeReporter( 707): Compat change id reported: 262645982; UID 10071; state: ENABLED
06-04 20:09:42.199 D/CompatibilityChangeReporter( 707): Compat change id reported: 218533173; UID 10025; state: ENABLED
06-04 20:09:42.199 D/CompatibilityChangeReporter( 707): Compat change id reported: 262645982; UID 10025; state: ENABLED
06-04 20:09:42.200 D/CompatibilityChangeReporter( 707): Compat change id reported: 218533173; UID 10022; state: ENABLED
06-04 20:09:42.200 D/CompatibilityChangeReporter( 707): Compat change id reported: 262645982; UID 10022; state: ENABLED
06-04 20:09:42.201 D/CompatibilityChangeReporter( 707): Compat change id reported: 218533173; UID 10041; state: DISABLED
06-04 20:09:42.201 D/CompatibilityChangeReporter( 707): Compat change id reported: 262645982; UID 10041; state: DISABLED
06-04 20:09:42.202 D/CompatibilityChangeReporter( 707): Compat change id reported: 218533173; UID 10049; state: DISABLED
06-04 20:09:42.202 D/CompatibilityChangeReporter( 707): Compat change id reported: 262645982; UID 10049; state: DISABLED
06-04 20:09:42.203 D/CompatibilityChangeReporter( 707): Compat change id reported: 218533173; UID 10070; state: ENABLED
06-04 20:09:42.203 D/CompatibilityChangeReporter( 707): Compat change id reported: 262645982; UID 10070; state: ENABLED
06-04 20:09:47.138 D/OomAdjuster( 707): Not killing cached processes
06-04 20:09:47.147 D/CompatibilityChangeReporter( 707): Compat change id reported: 261072174; UID 1000; state: ENABLED
06-04 20:09:50.010 D/ActivityManager( 707): freezing 1943 com.android.providers.tv
06-04 20:09:59.899 D/ActivityManager( 707): sync unfroze 1943 com.android.providers.tv for 6
06-04 20:09:59.937 D/OomAdjuster( 707): Not killing cached processes
06-04 20:10:09.849 D/OomAdjuster( 707): Not killing cached processes
06-04 20:10:09.948 D/ActivityManager( 707): freezing 1943 com.android.providers.tv
06-04 20:10:10.036 I/UsageStatsService( 707): Time changed in by 28568 seconds
06-04 20:10:12.120 D/ActivityManager( 707): freezing 1552 android.process.media
06-04 20:10:12.177 D/ActivityManager( 707): freezing 2039 com.android.statementservice
06-04 20:10:12.178 D/ActivityManager( 707): freezing 1978 com.android.rkpdapp
06-04 20:10:16.584 W/BatteryExternalStatsWorker( 707): error reading Bluetooth stats: 11
06-04 20:10:19.858 D/ActivityManager( 707): freezing 1892 com.android.providers.calendar
06-04 20:10:20.244 D/OomAdjuster( 707): Not killing cached processes
06-04 20:10:22.129 I/ActivityManager( 707): Background started FGS: Allowed [callingPackage: com.dangbei.screencast; callingUid: 10043; uidState: FGS ; uidBFSL: [BFSL]; intent: Intent { cmp=com.dangbei.screencast/.startup.GuardService }; code:PROC_STATE_FGS; tempAllowListReason:; targetSdkVersion:28; callerTargetSdkVersion:28; startForegroundCount:0; bindFromPackage:null: isBindService:false]
06-04 20:10:22.131 D/CompatibilityChangeReporter( 707): Compat change id reported: 135634846; UID 10043; state: DISABLED
06-04 20:10:22.133 D/CompatibilityChangeReporter( 707): Compat change id reported: 143937733; UID 10043; state: DISABLED
06-04 20:10:22.151 I/ActivityManager( 707): Start proc 2785:com.dangbei.screencast:bg_guard/u0a43 for service {com.dangbei.screencast/com.dangbei.screencast.startup.GuardService}
06-04 20:10:22.190 D/CompatibilityChangeReporter( 707): Compat change id reported: 168419799; UID 10043; state: DISABLED
06-04 20:10:22.191 D/CompatibilityChangeReporter( 707): Compat change id reported: 273564678; UID 10043; state: DISABLED
06-04 20:10:22.198 D/CompatibilityChangeReporter( 707): Compat change id reported: 170503758; UID 10043; state: DISABLED
06-04 20:10:22.263 D/CompatibilityChangeReporter( 707): Compat change id reported: 161145287; UID 10043; state: DISABLED
06-04 20:10:22.366 D/CompatibilityChangeReporter( 707): Compat change id reported: 170668199; UID 10043; state: DISABLED
06-04 20:10:22.366 W/ActivityManager( 707): Foreground service started from background can not have location/camera/microphone access: service com.dangbei.screencast/.startup.GuardService
06-04 20:10:22.366 D/CompatibilityChangeReporter( 707): Compat change id reported: 255038118; UID 10043; state: DISABLED
06-04 20:10:22.367 D/CompatibilityChangeReporter( 707): Compat change id reported: 255042465; UID 10043; state: DISABLED
06-04 20:10:22.368 W/ForegroundServiceTypeLoggerModule( 707): Foreground service start for UID: 10043 does not have any types
06-04 20:10:22.575 W/BatteryExternalStatsWorker( 707): error reading modem stats:ERROR_PHONE_NOT_AVAILABLE
06-04 20:10:22.576 W/BatteryExternalStatsWorker( 707): error reading Bluetooth stats: 11
06-04 20:10:24.197 I/ActivityManager( 707): Process com.dangbei.screencast (pid 2156) has died: prcp FGS
06-04 20:10:24.199 D/CompatibilityChangeReporter( 707): Compat change id reported: 261072174; UID 10043; state: DISABLED
06-04 20:10:24.200 W/ActivityManager( 707): Scheduling restart of crashed service com.dangbei.screencast/.huaweicast.service.HuaweiCastService in 1000ms for start-requested
06-04 20:10:24.201 W/ActivityManager( 707): Scheduling restart of crashed service com.dangbei.screencast/.startup.StartupService in 10999ms for start-requested
06-04 20:10:24.242 I/ActivityManager( 707): Process com.huawei.connection (pid 2533) has died: fg SVC
06-04 20:10:25.202 D/CompatibilityChangeReporter( 707): Compat change id reported: 135634846; UID 10043; state: DISABLED
06-04 20:10:25.203 D/CompatibilityChangeReporter( 707): Compat change id reported: 143937733; UID 10043; state: DISABLED
06-04 20:10:25.216 I/ActivityManager( 707): Start proc 2892:com.dangbei.screencast/u0a43 for service {com.dangbei.screencast/com.dangbei.screencast.huaweicast.service.HuaweiCastService}
06-04 20:10:25.393 D/OomAdjuster( 707): Not killing cached processes
06-04 20:10:25.398 W/ActivityManager( 707): Foreground service started from background can not have location/camera/microphone access: service com.dangbei.screencast/.huaweicast.service.HuaweiCastService
06-04 20:10:25.419 W/ActivityManager( 707): Foreground service started from background can not have location/camera/microphone access: service com.dangbei.screencast/.startup.StartupService
06-04 20:10:25.419 I/ActivityManager( 707): Background started FGS: Allowed [callingPackage: com.dangbei.screencast; callingUid: 10043; uidState: FGS ; uidBFSL: [BFSL]; intent: Intent { act=com.dangbei.screencast.STARTUP pkg=com.dangbei.screencast }; code:PROC_STATE_FGS; tempAllowListReason:; targetSdkVersion:28; callerTargetSdkVersion:28; startForegroundCount:1; bindFromPackage:null: isBindService:true]
06-04 20:10:30.284 D/ActivityManager( 707): freezing 1807 com.android.permissioncontroller
06-04 20:10:30.486 D/CompatibilityChangeReporter( 707): Compat change id reported: 135634846; UID 10043; state: DISABLED
06-04 20:10:30.488 D/CompatibilityChangeReporter( 707): Compat change id reported: 143937733; UID 10043; state: DISABLED
06-04 20:10:30.505 I/ActivityManager( 707): Start proc 3037:com.huawei.connection/u0a43 for service {com.dangbei.screencast/com.huawei.connection.service.NearFieldManagerService}
06-04 20:10:30.956 D/OomAdjuster( 707): Not killing cached processes
06-04 20:10:32.421 I/ActivityManager( 707): Process com.dangbei.screencast:bg_guard (pid 2785) has died: prcp FGS
06-04 20:10:32.423 W/ForegroundServiceTypeLoggerModule( 707): FGS stop call for: 10043 has no types!
06-04 20:10:41.225 I/keystore2( 285): system/security/keystore2/src/watchdog.rs:319 - Watchdog thread idle -> terminating. Have a great day.
06-04 20:10:42.128 D/OomAdjuster( 707): Not killing cached processes
06-04 20:10:52.136 D/OomAdjuster( 707): Not killing cached processes
06-04 20:11:05.660 D/OomAdjuster( 707): Not killing cached processes
06-04 20:11:19.205 W/WindowManager( 707): [addWindow] title:
06-04 20:11:19.214 D/CoreBackPreview( 707): Window{2c546a2 u0 com.dangbei.leard.leradlauncher}: Setting back callback OnBackInvokedCallbackInfo{mCallback=android.window.IOnBackInvokedCallback$Stub$Proxy@9c782f0, mPriority=0, mIsAnimationCallback=false}
06-04 20:11:19.312 W/ContextImpl( 707): Calling a method in the system process without a qualified user: android.app.ContextImpl.startService:1899 com.android.server.wm.DisplayPolicy.lambda$focusChangedLw$5:2126 com.android.server.wm.DisplayPolicy.$r8$lambda$Znxk63oh-WzVnzo_WQefN7uxV48:0 com.android.server.wm.DisplayPolicy$$ExternalSyntheticLambda13.run:0 android.os.Handler.handleCallback:958
06-04 20:11:19.313 D/OomAdjuster( 707): Not killing cached processes
06-04 20:11:25.465 W/BatteryExternalStatsWorker( 707): error reading Bluetooth stats: 11
06-04 20:11:34.796 V/WindowManager( 707): app ------------- force_land :0
06-04 20:11:34.813 D/AudioService( 707): setWiredDeviceConnectionState( type:400 state:DEVICE_STATE_AVAILABLE addr: name:) from android
06-04 20:11:34.814 I/AS.AudioDeviceInventory( 707): handleDeviceConnection(true dev:400 address: name:)
06-04 20:11:34.814 I/AS.AudioDeviceInventory( 707): deviceKey:0x400:
06-04 20:11:34.814 I/AS.AudioDeviceInventory( 707): deviceInfo:null is(already)Connected:false
06-04 20:11:35.064 I/AS.AudioDeviceInventory( 707): sendDeviceConnectionIntent(dev:0x400 state:0x1 address: name:);
06-04 20:11:35.117 D/LocalDisplayAdapter( 707): The active mode was changed from SurfaceFlinger or the display device to {id=5, width=3840, height=2160, fps=59.94006, alternativeRefreshRates=[], supportedHdrTypes=[2, 3]}
06-04 20:11:35.117 D/LocalDisplayAdapter( 707): The render frame rate was changed from SurfaceFlinger or the display device to 59.94006
06-04 20:11:35.117 D/LocalDisplayAdapter( 707): New display modes are added and the active mode has changed, use active mode as default mode.
06-04 20:11:35.117 W/LocalDisplayAdapter( 707): DisplayModeSpecs base mode no longer available, using currently active mode.
06-04 20:11:35.118 I/DisplayDeviceRepository( 707): Display device changed: DisplayDeviceInfo{"内置屏幕": uniqueId="local:4625716335649126413", 1280 x 720, modeId 1, renderFrameRate 50.0, defaultModeId 1, supportedModes [{id=1, width=1280, height=720, fps=50.0, alternativeRefreshRates=[], supportedHdrTypes=[]}, {id=2, width=1280, height=720, fps=60.000004, alternativeRefreshRates=[], supportedHdrTypes=[]}], colorMode 0, supportedColorModes [0], hdrCapabilities HdrCapabilities{mSupportedHdrTypes=[], mMaxLuminance=500.0, mMaxAverageLuminance=500.0, mMinLuminance=0.0}, allmSupported false, gameContentTypeSupported false, density 160, 0.0 x 0.0 dpi, appVsyncOff 2000000, presDeadline 17000000, touch INTERNAL, rotation 0, type INTERNAL, address {port=13, model=0x4031d87fca1678}, deviceProductInfo DeviceProductInfo{name=Linux FHD, manufacturerPnpId=LNX, productId=0, modelYear=null, manufactureDate=ManufactureDate{week=5, year=2012}, connectionToSinkType=0}, state ON, committedState ON, frameRateOverride , brightnessMinimum 0.0, brightnessMaximum 1.0, brightnessDefault 0.39763778, hdrSdrRatio NaN, FLAG_ALLOWED_TO_BE_DEFAULT_DISPLAY, FLAG_ROTATES_WITH_CONTENT, FLAG_SECURE, FLAG_SUPPORTS_PROTECTED_BUFFERS, FLAG_TRUSTED, installOrientation 0, displayShape DisplayShape{ spec=-1507169495 displayWidth=1280 displayHeight=720 physicalPixelDisplaySizeRatio=1.0 rotation=0 offsetX=0 offsetY=0 scale=1.0}}
06-04 20:11:35.142 W/LocalDisplayAdapter( 707): Ignoring request for invalid base mode id 1
06-04 20:11:35.146 I/DisplayDeviceRepository( 707): Display device changed: DisplayDeviceInfo{"内置屏幕": uniqueId="local:4625716335649126413", 3840 x 2160, modeId 5, renderFrameRate 59.94006, defaultModeId 5, supportedModes [{id=3, width=1920, height=1080, fps=59.94006, alternativeRefreshRates=[], supportedHdrTypes=[2, 3]}, {id=4, width=1920, height=1080, fps=60.000004, alternativeRefreshRates=[], supportedHdrTypes=[2, 3]}, {id=5, width=3840, height=2160, fps=59.94006, alternativeRefreshRates=[], supportedHdrTypes=[2, 3]}, {id=6, width=3840, height=2160, fps=60.000004, alternativeRefreshRates=[], supportedHdrTypes=[2, 3]}, {id=7, width=3840, height=2160, fps=50.0, alternativeRefreshRates=[], supportedHdrTypes=[2, 3]}, {id=8, width=3840, height=2160, fps=29.97003, alternativeRefreshRates=[], supportedHdrTypes=[2, 3]}, {id=9, width=3840, height=2160, fps=30.000002, alternativeRefreshRates=[], supportedHdrTypes=[2, 3]}, {id=10, width=3840, height=2160, fps=25.0, alternativeRefreshRates=[], supportedHdrTypes=[2, 3]}, {id=11, width=3840, height=2160, fps=23.976025, alternativeRefreshRates=[], supportedHdrTypes=[2, 3]}, {id=12, width=3840, height=2160, fps=24.000002, alternativeRefreshRates=[], supportedHdrTypes=[2, 3]}, {id=13, width=1920, height=1080, fps=50.0, alternativeRefreshRates=[], supportedHdrTypes=[2, 3]}, {id=14, width=1920, height=1080, fps=29.97003, alternativeRefreshRates=[], supportedHdrTypes=[2, 3]}, {id=15, width=1920, height=1080, fps=30.000002, alternativeRefreshRates=[], supportedHdrTypes=[2, 3]}, {id=16, width=1920, height=1080, fps=23.976025, alternativeRefreshRates=[], supportedHdrTypes=[2, 3]}, {id=17, width=1920, height=1080, fps=24.000002, alternativeRefreshRates=[], supportedHdrTypes=[2, 3]}, {id=18, width=1280, height=720, fps=59.94006, alternativeRefreshRates=[], supportedHdrTypes=[2, 3]}, {id=19, width=1280, height=720, fps=60.000004, alternativeRefreshRates=[], supportedHdrTypes=[2, 3]}, {id=20, width=1280, height=720, fps=50.0, alternativeRefreshRates=[], supportedHdrTypes=[2, 3]}], colorMode 0, supportedColorModes [0], hdrCapabilities HdrCapabilities{mSupportedHdrTypes=[2, 3], mMaxLuminance=500.0, mMaxAverageLuminance=500.0, mMinLuminance=0.0}, allmSupported false, gameContentTypeSupported false, density 480, 81.28 x 80.682 dpi, appVsyncOff 2000000, presDeadline 13683333, touch INTERNAL, rotation 0, type INTERNAL, address {port=13, model=0x4031d87fca1678}, deviceProductInfo DeviceProductInfo{name=HUAWEI INC, manufacturerPnpId=HWV, productId=48, modelYear=2019, manufactureDate=null, connectionToSinkType=2}, state ON, committedState ON, frameRateOverride , brightnessMinimum 0.0, brightnessMaximum 1.0, brightnessDefault 0.39763778, hdrSdrRatio NaN, FLAG_ALLOWED_TO_BE_DEFAULT_DISPLAY, FLAG_ROTATES_WITH_CONTENT, FLAG_SECURE, FLAG_SUPPORTS_PROTECTED_BUFFERS, FLAG_TRUSTED, installOrientation 0, displayShape DisplayShape{ spec=-545313861 displayWidth=3840 displayHeight=2160 physicalPixelDisplaySizeRatio=1.0 rotation=0 offsetX=0 offsetY=0 scale=1.0}}
06-04 20:11:42.134 D/OomAdjuster( 707): Not killing cached processes
06-04 20:11:54.100 D/OomAdjuster( 707): Not killing cached processes
06-04 20:12:02.640 D/OomAdjuster( 707): Not killing cached processes
06-04 20:12:03.376 D/CoreBackPreview( 707): Window{2c546a2 u0 com.dangbei.leard.leradlauncher}: Setting back callback null
06-04 20:12:03.387 V/WindowManager( 707): Unknown focus tokens, dropping reportFocusChanged
06-04 20:12:03.484 W/ContextImpl( 707): Calling a method in the system process without a qualified user: android.app.ContextImpl.startService:1899 com.android.server.wm.DisplayPolicy.lambda$focusChangedLw$5:2126 com.android.server.wm.DisplayPolicy.$r8$lambda$Znxk63oh-WzVnzo_WQefN7uxV48:0 com.android.server.wm.DisplayPolicy$$ExternalSyntheticLambda13.run:0 android.os.Handler.handleCallback:958
06-04 20:12:08.474 D/CompatibilityChangeReporter( 707): Compat change id reported: 265464455; UID 1000; state: DISABLED
06-04 20:12:08.474 D/CompatibilityChangeReporter( 707): Compat change id reported: 265452344; UID 1000; state: DISABLED
06-04 20:12:08.475 D/CompatibilityChangeReporter( 707): Compat change id reported: 266124927; UID 1000; state: DISABLED
06-04 20:12:08.475 D/CompatibilityChangeReporter( 707): Compat change id reported: 265451093; UID 1000; state: DISABLED
06-04 20:12:08.475 D/CompatibilityChangeReporter( 707): Compat change id reported: 265456536; UID 1000; state: DISABLED
06-04 20:12:08.476 D/CompatibilityChangeReporter( 707): Compat change id reported: 255940284; UID 1000; state: DISABLED
06-04 20:12:08.476 D/CompatibilityChangeReporter( 707): Compat change id reported: 236283604; UID 1000; state: DISABLED
06-04 20:12:08.476 D/CompatibilityChangeReporter( 707): Compat change id reported: 263959004; UID 1000; state: DISABLED
06-04 20:12:08.476 D/CompatibilityChangeReporter( 707): Compat change id reported: 264304459; UID 1000; state: DISABLED
06-04 20:12:08.477 D/CompatibilityChangeReporter( 707): Compat change id reported: 264301586; UID 1000; state: DISABLED
06-04 20:12:08.477 D/CompatibilityChangeReporter( 707): Compat change id reported: 254631730; UID 1000; state: DISABLED
06-04 20:12:08.477 D/CompatibilityChangeReporter( 707): Compat change id reported: 273509367; UID 1000; state: DISABLED
06-04 20:12:08.478 D/CompatibilityChangeReporter( 707): Compat change id reported: 263259275; UID 1000; state: DISABLED
06-04 20:12:08.478 D/CompatibilityChangeReporter( 707): Compat change id reported: 174042980; UID 1000; state: DISABLED
06-04 20:12:08.479 D/CompatibilityChangeReporter( 707): Compat change id reported: 174042936; UID 1000; state: DISABLED
06-04 20:12:08.479 D/CompatibilityChangeReporter( 707): Compat change id reported: 181136395; UID 1000; state: DISABLED
06-04 20:12:08.480 D/CompatibilityChangeReporter( 707): Compat change id reported: 194480991; UID 1000; state: ENABLED
06-04 20:12:08.484 D/CompatibilityChangeReporter( 707): Compat change id reported: 197654537; UID 1000; state: DISABLED
06-04 20:12:08.490 E/Transition( 707): Trying to add a ready-group twice: Display{#0 state=ON size=1920x1080 ROTATION_0}
06-04 20:12:08.491 I/ActivityTaskManager( 707): START u0 {cmp=com.dangbei.leard.leradlauncher/.module.vipcenter.VipCenterActivity (has extras)} with LAUNCH_MULTIPLE from uid 1000 (BAL_ALLOW_ALLOWLISTED_UID) result code=0
06-04 20:12:08.493 V/WindowManagerShell( 912): Transition requested: android.os.BinderProxy@26c08fa TransitionRequestInfo { type = 1, triggerTask = TaskInfo{userId=0 taskId=63 displayId=0 isRunning=true baseIntent=Intent { act=android.intent.action.MAIN cat=[android.intent.category.HOME] flg=0x10800100 cmp=com.dangbei.leard.leradlauncher/com.dangbei.launcher.home.LauncherActivity } baseActivity=ComponentInfo{com.dangbei.leard.leradlauncher/com.dangbei.launcher.home.LauncherActivity} topActivity=ComponentInfo{com.dangbei.leard.leradlauncher/com.dangbei.leard.leradlauncher.module.vipcenter.VipCenterActivity} origActivity=null realActivity=ComponentInfo{com.dangbei.leard.leradlauncher/com.dangbei.launcher.home.LauncherActivity} numActivities=2 lastActiveTime=195244 supportsMultiWindow=true resizeMode=0 isResizeable=false minWidth=-1 minHeight=-1 defaultMinSize=220 token=WCT{android.window.IWindowContainerToken$Stub$Proxy@e182eab} topActivityType=2 pictureInPictureParams=null shouldDockBigOverlays=true launchIntoPipHostTaskId=-1 lastParentTaskIdBeforePip=-1 displayCutoutSafeInsets=null topActivityInfo=ActivityInfo{1c62908 com.dangbei.leard.leradlauncher.module.vipcenter.VipCenterActivity} launchCookies=[] positionInParent=Point(0, 0) parentTaskId=-1 isFocused=true isVisible=true isVisibleRequested=true isSleeping=false topActivityInSizeCompat=false topActivityEligibleForLetterboxEducation= false isLetterboxDoubleTapEnabled= false topActivityEligibleForUserAspectRatioButton= false topActivityBoundsLetterboxed= false isFromLetterboxDoubleTap= false topActivityLetterboxVerticalPosition= -1 topActivityLetterboxHorizontalPosition= -1 topActivityLetterboxWidth=-1 topActivityLetterboxHeight=-1 isUserFullscreenOverrideEnabled=false isTopActivityTransparent=false locusId=null displayAreaFeatureId=1 cameraCompatControlState=hidden}, remoteTransition = null, displayChange = null, flags = 0 }
06-04 20:12:08.501 V/WindowManager( 707): app ------------- force_land :0
06-04 20:12:08.514 D/OomAdjuster( 707): Not killing cached processes
06-04 20:12:08.561 W/WindowManager( 707): [addWindow] title:com.dangbei.leard.leradlauncher/com.dangbei.leard.leradlauncher.module.vipcenter.VipCenterActivity
06-04 20:12:08.567 D/CoreBackPreview( 707): Window{ecb8c86 u0 com.dangbei.leard.leradlauncher/com.dangbei.leard.leradlauncher.module.vipcenter.VipCenterActivity}: Setting back callback OnBackInvokedCallbackInfo{mCallback=android.window.IOnBackInvokedCallback$Stub$Proxy@ad5574, mPriority=0, mIsAnimationCallback=false}
06-04 20:12:08.608 V/WindowManager( 707): Sent Transition #2 createdAt=06-04 20:12:08.482 via request=TransitionRequestInfo { type = 1, triggerTask = TaskInfo{userId=0 taskId=63 displayId=0 isRunning=true baseIntent=Intent { act=android.intent.action.MAIN cat=[android.intent.category.HOME] flg=0x10800100 cmp=com.dangbei.leard.leradlauncher/com.dangbei.launcher.home.LauncherActivity } baseActivity=ComponentInfo{com.dangbei.leard.leradlauncher/com.dangbei.launcher.home.LauncherActivity} topActivity=ComponentInfo{com.dangbei.leard.leradlauncher/com.dangbei.leard.leradlauncher.module.vipcenter.VipCenterActivity} origActivity=null realActivity=ComponentInfo{com.dangbei.leard.leradlauncher/com.dangbei.launcher.home.LauncherActivity} numActivities=2 lastActiveTime=195244 supportsMultiWindow=true resizeMode=0 isResizeable=false minWidth=-1 minHeight=-1 defaultMinSize=220 token=WCT{RemoteToken{7dcdab1 Task{11f3dc5 #63 type=home A=1000:com.dangbei.leard.leradlauncher}}} topActivityType=2 pictureInPictureParams=null shouldDockBigOverlays=true launchIntoPipHostTaskId=-1 lastParentTaskIdBeforePip=-1 displayCutoutSafeInsets=null topActivityInfo=ActivityInfo{80454e0 com.dangbei.leard.leradlauncher.module.vipcenter.VipCenterActivity} launchCookies=[] positionInParent=Point(0, 0) parentTaskId=-1 isFocused=true isVisible=true isVisibleRequested=true isSleeping=false topActivityInSizeCompat=false topActivityEligibleForLetterboxEducation= false isLetterboxDoubleTapEnabled= false topActivityEligibleForUserAspectRatioButton= false topActivityBoundsLetterboxed= false isFromLetterboxDoubleTap= false topActivityLetterboxVerticalPosition= -1 topActivityLetterboxHorizontalPosition= -1 topActivityLetterboxWidth=-1 topActivityLetterboxHeight=-1 isUserFullscreenOverrideEnabled=false isTopActivityTransparent=false locusId=null displayAreaFeatureId=1 cameraCompatControlState=hidden}, remoteTransition = null, displayChange = null, flags = 0 }
06-04 20:12:08.608 V/WindowManager( 707): startWCT=WindowContainerTransaction { changes = {} hops = [] errorCallbackToken=null taskFragmentOrganizer=null }
06-04 20:12:08.609 V/WindowManager( 707): info={id=2 t=OPEN f=0x0 trk=0 r=[0@Point(0, 0)] c=[{null m=OPEN f=FILLS_TASK leash=Surface(name=ActivityRecord{b5b916b u0 com.dangbei.leard.leradlauncher/.module.vipcenter.VipCenterActivity)/@0xbc3eb12 sb=Rect(0, 0 - 0, 0) eb=Rect(0, 0 - 1920, 1080) d=-1->0 r=-1->0:-1},{null m=TO_BACK f=FILLS_TASK leash=Surface(name=ActivityRecord{4dbdc3c u0 com.dangbei.leard.leradlauncher/com.dangbei.launcher.home.LauncherActivity)/@0x58eea9d sb=Rect(0, 0 - 1920, 1080) eb=Rect(0, 0 - 1920, 1080) d=0}]}
06-04 20:12:08.610 V/WindowManagerShell( 912): onTransitionReady android.os.BinderProxy@26c08fa: {id=2 t=OPEN f=0x0 trk=0 r=[0@Point(0, 0)] c=[{null m=OPEN f=FILLS_TASK leash=Surface(name=ActivityRecord{b5b916b u0 com.dangbei.leard.leradlauncher/.module.vipcenter.VipCenterActivity)/@0x61018a1 sb=Rect(0, 0 - 0, 0) eb=Rect(0, 0 - 1920, 1080) d=-1->0 r=-1->0:-1},{null m=TO_BACK f=FILLS_TASK leash=Surface(name=ActivityRecord{4dbdc3c u0 com.dangbei.leard.leradlauncher/com.dangbei.launcher.home.LauncherActivity)/@0x9e1bac6 sb=Rect(0, 0 - 1920, 1080) eb=Rect(0, 0 - 1920, 1080) d=0}]}
06-04 20:12:08.611 V/WindowManagerShell( 912): Playing animation for (#2)android.os.BinderProxy@26c08fa@0
06-04 20:12:08.611 V/WindowManagerShell( 912): try handler com.android.wm.shell.keyguard.KeyguardTransitionHandler@2341eeb
06-04 20:12:08.611 V/WindowManagerShell( 912): try handler com.android.wm.shell.pip.tv.TvPipTransition@65ef448
06-04 20:12:08.611 V/WindowManagerShell( 912): try handler com.android.wm.shell.activityembedding.ActivityEmbeddingController@c8c22e1
06-04 20:12:08.611 V/WindowManagerShell( 912): try handler com.android.wm.shell.transition.RemoteTransitionHandler@5519806
06-04 20:12:08.611 V/WindowManagerShell( 912): Transition doesn't have explicit remote, search filters for match for {id=2 t=OPEN f=0x0 trk=0 r=[0@Point(0, 0)] c=[{null m=OPEN f=FILLS_TASK leash=Surface(name=ActivityRecord{b5b916b u0 com.dangbei.leard.leradlauncher/.module.vipcenter.VipCenterActivity)/@0x61018a1 sb=Rect(0, 0 - 0, 0) eb=Rect(0, 0 - 1920, 1080) d=-1->0 r=-1->0:-1},{null m=TO_BACK f=FILLS_TASK leash=Surface(name=ActivityRecord{4dbdc3c u0 com.dangbei.leard.leradlauncher/com.dangbei.launcher.home.LauncherActivity)/@0x9e1bac6 sb=Rect(0, 0 - 1920, 1080) eb=Rect(0, 0 - 1920, 1080) d=0}]}
06-04 20:12:08.611 V/WindowManagerShell( 912): Delegate animation for #2 to null
06-04 20:12:08.611 V/WindowManagerShell( 912): try handler com.android.wm.shell.transition.DefaultTransitionHandler@ab3bec7
06-04 20:12:08.611 V/WindowManagerShell( 912): start default transition animation, info = {id=2 t=OPEN f=0x0 trk=0 r=[0@Point(0, 0)] c=[{null m=OPEN f=FILLS_TASK leash=Surface(name=ActivityRecord{b5b916b u0 com.dangbei.leard.leradlauncher/.module.vipcenter.VipCenterActivity)/@0x61018a1 sb=Rect(0, 0 - 0, 0) eb=Rect(0, 0 - 1920, 1080) d=-1->0 r=-1->0:-1},{null m=TO_BACK f=FILLS_TASK leash=Surface(name=ActivityRecord{4dbdc3c u0 com.dangbei.leard.leradlauncher/com.dangbei.launcher.home.LauncherActivity)/@0x9e1bac6 sb=Rect(0, 0 - 1920, 1080) eb=Rect(0, 0 - 1920, 1080) d=0}]}
06-04 20:12:08.614 V/WindowManagerShell( 912): Transition animation finished (aborted=false), notifying core (#2)android.os.BinderProxy@26c08fa@0
06-04 20:12:08.615 V/WindowManager( 707): Finish Transition #2: created at
06-04 20:12:08.482 collect-started=0.102ms request-sent=7.581ms started=11.727ms ready=21.847ms sent=121.38ms finished=132.365ms
06-04 20:12:08.617 V/WindowManagerShell( 912): Track 0 became idle
06-04 20:12:08.617 V/WindowManagerShell( 912): All active transition animations finished
06-04 20:12:08.617 V/WindowManagerShell( 912): animated by com.android.wm.shell.transition.DefaultTransitionHandler@ab3bec7
06-04 20:12:08.618 V/WindowManagerShell( 912): Track 0 became idle
06-04 20:12:08.618 V/WindowManagerShell( 912): All active transition animations finished
06-04 20:12:08.618 D/WindowManagerShell( 912): TvPipController: onTaskStackChanged()
06-04 20:12:08.673 W/ContextImpl( 707): Calling a method in the system process without a qualified user: android.app.ContextImpl.startService:1899 com.android.server.wm.DisplayPolicy.lambda$focusChangedLw$5:2126 com.android.server.wm.DisplayPolicy.$r8$lambda$Znxk63oh-WzVnzo_WQefN7uxV48:0 com.android.server.wm.DisplayPolicy$$ExternalSyntheticLambda13.run:0 android.os.Handler.handleCallback:958
06-04 20:12:13.322 W/ContextImpl( 1414): Calling a method in the system process without a qualified user: android.app.ContextImpl.startActivity:1102 android.content.ContextWrapper.startActivity:436 je.b.f:119 je.a.b:75 he.a.c:71
06-04 20:12:13.323 W/ContextImpl( 1414): Calling a method in the system process without a qualified user: android.app.ContextImpl.startActivity:1114 android.app.ContextImpl.startActivity:1103 android.content.ContextWrapper.startActivity:436 je.b.f:119 je.a.b:75
06-04 20:12:13.326 D/CompatibilityChangeReporter( 707): Compat change id reported: 265464455; UID 10075; state: DISABLED
06-04 20:12:13.327 D/CompatibilityChangeReporter( 707): Compat change id reported: 265452344; UID 10075; state: DISABLED
