06-04 20:39:39.165 I/PlayThreadMonitor( 3469): in playerthread monitor handler
06-04 20:39:39.166 I/PlayThreadMonitor( 3469): in monitor runnable
06-04 20:39:39.278 I/WifiHAL ( 524): call wifi_get_link_stats handler
06-04 20:39:39.278 I/WifiHAL ( 524): Creating message to get link statistics; iface = 16
06-04 20:39:39.278 D/WifiHAL ( 524): error code -95 mapped to -3
06-04 20:39:39.279 E/WifiStaIfaceAidlImpl( 707): getLinkLayerStats failed with service-specific exception: android.os.ServiceSpecificException: (code 4)
06-04 20:39:39.327 I/CLog ( 3469): 2025-06-04 20:39:39.327 T:5702 INFO: RM_AE::4,HEARTBEAT, sink_delay:0.0000, spatial_delay:0.0000, iqae:0,0,0,0,0,0
06-04 20:39:39.381 I/TvUniPlayer/UniPlayer@7a0c4a5( 3469): in handleMessage event:10000
06-04 20:39:41.328 D/UtilLog ( 2071): 日志批量上报 进行正常循环 !!!!!!本次有0次请求,共0条数据
06-04 20:39:41.381 I/TvUniPlayer/UniPlayer@7a0c4a5( 3469): in handleMessage event:10000
06-04 20:39:42.166 I/PlayThreadMonitor( 3469): in playerthread monitor handler
06-04 20:39:42.166 I/PlayThreadMonitor( 3469): in monitor runnable
06-04 20:39:42.284 I/WifiHAL ( 524): call wifi_get_link_stats handler
06-04 20:39:42.284 I/WifiHAL ( 524): Creating message to get link statistics; iface = 16
06-04 20:39:42.285 D/WifiHAL ( 524): error code -95 mapped to -3
06-04 20:39:42.285 E/WifiStaIfaceAidlImpl( 707): getLinkLayerStats failed with service-specific exception: android.os.ServiceSpecificException: (code 4)
06-04 20:39:42.331 D/bbb ( 1502): onStartCommand begin !!!!!!! data分区剩余 52810MB
06-04 20:39:43.382 I/TvUniPlayer/UniPlayer@7a0c4a5( 3469): in handleMessage event:10000
06-04 20:39:45.167 I/PlayThreadMonitor( 3469): in playerthread monitor handler
06-04 20:39:45.168 I/PlayThreadMonitor( 3469): in monitor runnable
06-04 20:39:45.292 I/WifiHAL ( 524): call wifi_get_link_stats handler
06-04 20:39:45.292 I/WifiHAL ( 524): Creating message to get link statistics; iface = 16
06-04 20:39:45.293 D/WifiHAL ( 524): error code -95 mapped to -3
06-04 20:39:45.293 E/WifiStaIfaceAidlImpl( 707): getLinkLayerStats failed with service-specific exception: android.os.ServiceSpecificException: (code 4)
06-04 20:39:45.383 I/TvUniPlayer/UniPlayer@7a0c4a5( 3469): in handleMessage event:10000
06-04 20:39:47.233 E/p2pfile ( 3469): HCDN_LOG: [T:3781][HINFO]:[f:GetParam],[l:4289],[Task(0), key=storage_mem_size]
06-04 20:39:47.233 E/p2pfile ( 3469): HCDN_LOG: [T:3781][HINFO]:[f:GetParam],[l:4289],[Task(0), key=p2p_mem_size]
06-04 20:39:47.233 E/localserver( 3469): HCDN_LOG: [T:3781][func:MonitorMem],[line:73],[Memstatistics],[bRet:1],[bNextRet:1],[pParamStorageBuffer:0],[pParamP2PBuffer:0]
06-04 20:39:47.383 I/TvUniPlayer/UniPlayer@7a0c4a5( 3469): in handleMessage event:10000
06-04 20:39:47.395 E/storage_operate( 3469): HCDN_LOG: [T:3866][HINFO]:[f:GetPgfCapacityChange],[l:77],[total_space:55668],[available_space:52808]
06-04 20:39:47.395 E/storage_operate( 3469): HCDN_LOG: [T:3866][HINFO]:[f:UpdatePgfCapacity],[l:1001],[state:1]
06-04 20:39:47.395 E/storage_operate( 3469): HCDN_LOG: [T:3866][HINFO]:[f:MonitorDiskFreeSpace],[l:2776],[state:1]
06-04 20:39:48.089 D/TrafficStats( 1414): tagSocket(113) with statsTag=0xffffffff, statsUid=-1
06-04 20:39:48.168 I/PlayThreadMonitor( 3469): in playerthread monitor handler
06-04 20:39:48.168 I/PlayThreadMonitor( 3469): in monitor runnable
06-04 20:39:48.297 I/WifiHAL ( 524): call wifi_get_link_stats handler
06-04 20:39:48.297 I/WifiHAL ( 524): Creating message to get link statistics; iface = 16
06-04 20:39:48.297 D/WifiHAL ( 524): error code -95 mapped to -3
06-04 20:39:48.298 E/WifiStaIfaceAidlImpl( 707): getLinkLayerStats failed with service-specific exception: android.os.ServiceSpecificException: (code 4)
06-04 20:39:49.332 I/CLog ( 3469): 2025-06-04 20:39:49.332 T:5702 INFO: RM_AE::4,HEARTBEAT, sink_delay:0.0000, spatial_delay:0.0000, iqae:0,0,0,0,0,0
06-04 20:39:49.383 I/TvUniPlayer/UniPlayer@7a0c4a5( 3469): in handleMessage event:10000
06-04 20:39:50.629 I/WifiService( 707): startScan uid=1000
06-04 20:39:50.631 E/ccc ( 4242): cccccc i will start scan
06-04 20:39:50.640 D/InstantWifi( 707): Drop, size: 1
06-04 20:39:51.169 I/PlayThreadMonitor( 3469): in playerthread monitor handler
06-04 20:39:51.169 I/PlayThreadMonitor( 3469): in monitor runnable
06-04 20:39:51.304 I/WifiHAL ( 524): call wifi_get_link_stats handler
06-04 20:39:51.305 I/WifiHAL ( 524): Creating message to get link statistics; iface = 16
06-04 20:39:51.305 D/WifiHAL ( 524): error code -95 mapped to -3
06-04 20:39:51.305 E/WifiStaIfaceAidlImpl( 707): getLinkLayerStats failed with service-specific exception: android.os.ServiceSpecificException: (code 4)
06-04 20:39:51.322 D/UtilLog ( 2071): 日志批量上报 进行正常循环 !!!!!!本次有0次请求,共0条数据
06-04 20:39:51.383 I/TvUniPlayer/UniPlayer@7a0c4a5( 3469): in handleMessage event:10000
06-04 20:39:51.541 E/multisource( 3469): HCDN_LOG: [T:3868][HINFO]:[f:UpdateMaxSpeed],[l:465], TOTAL => play speed:0[len:0, tm:0], offline speed:0[len:0, tm:0], predeploy speed:0[len:0, tm:0], m_maxDownloadSpeed:0
06-04 20:39:53.322 D/WifiNl80211Manager( 707): Scan result ready event
06-04 20:39:53.322 D/WifiNative( 707): Scan result ready event
06-04 20:39:53.368 I/audio_hw_hal_alsamgr( 491): alsa format =0x1 delay frames =768 total frames=88757760
06-04 20:39:53.384 I/TvUniPlayer/UniPlayer@7a0c4a5( 3469): in handleMessage event:10000
06-04 20:39:53.403 E/ccc ( 4242): cccccc SCAN_RESULTS_AVAILABLE_ACTION hhhh
06-04 20:39:53.406 E/hq ( 1414): NetWorkStateReceiver:::NetWorkStateReceiver onReceive: 网络变化广播 >>>> intent.action=android.net.wifi.SCAN_RESULTS
06-04 20:39:53.411 I/WifiHAL ( 524): call wifi_get_link_stats handler
06-04 20:39:53.412 I/WifiHAL ( 524): Creating message to get link statistics; iface = 16 06-04 20:3