06-04 20:37:17.651 I/CLog ( 3469): 2025-06-04 20:37:17.651 T:5737 DEBUG: [107]ProcessDownloadStatus:index=2,parsed_pos=31457100,m_spd=-1,r_spd=-1
06-04 20:37:17.656 I/CLog ( 3469): 2025-06-04 20:37:17.656 T:5700 DEBUG: DataPush to read:107,size(11),[828480-828624]
06-04 20:37:17.679 I/UNIPLAYERSDK( 3469): PumaPlayerAdaptor.cpp:320 [PumaPlayerAdaptor@0xe4c22224][pos]getCurrentPosition=823776
06-04 20:37:17.679 D/UNIPLAYERSDK( 3469): BaseState.cpp:42 [PumaPlayerAdaptor@0xe4c22224@0x96584fe8]{fm(KMSG_ACTION_GETCURRENTPOSITION),ret(0),at(0,4435,4435),s(9,-2,-2,-2,9),fm=Message@0xeb8ee230{what=1048605,when=1704434,arg1=823776,arg2=-1,arg3=-1111111111,str=,timeout=0,obj=0x0,runnable=0x0,target=0xebea371c,watchDogOp=0x0}
06-04 20:37:17.680 D/UNIPLAYERSDK( 3469): BaseState.cpp:56 [PumaPlayerAdaptor@0xe4c22224@0x96584fe8]{fm(KMSG_ACTION_GETCURRENTPOSITION),o(AudioPrevi)-t(0,4435,4435),o(BitstreamS)-t(0,4435,4435),o(CarouselPr)-t(0,4435,4435),o(FastHelper)-t(0,4435,4435),o(HeaderTail)-t(0,4435,4435),o(HighLights)-t(0,4435,4435),o(InteractPr)-t(0,4435,4435),o(LivePrevie)-t(0,4435,4435),o(MediaPlaye)-t(0,4435,4435),o(MovieVVInf)-t(0,4435,4435),o(PPrecacher)-t(0,4435,4435),o(PlayerStuc)-t(0,4435,4435),o(PumaAbsCmd)-t(0,4435,4435),o(PumaAdvert)-t(0,4435,4435),o(PumaBuffer)-t(0,4435,4435),o(PumaError@)-t(0,4435,4435),o(PumaMediaD)-t(0,4435,4435),o(PumaPlayer)-t(0,4435,4435),o(PumaRate@0)-t(0,4435,4435),o(PumaSegmen)-t(0,4435,4435),o(PumaSubtit)-t(0,4435,4435),o(RefreshAcc)-t(0,4435,4435),o(RefreshSer)-t(0,4435,4435),o(SceneKeepe)-t(0,4435,4435),o(SetRate@0x)-t(0,4435,4435),o(SwitchEpis)-t(0,4435,4435),o(VideoPlayC)-t(0,4435,4435)}
06-04 20:37:17.680 D/UNIPLAYERSDK( 3469): MovieVVInfo.cpp:113 [pos]getCurrentPosition=823776
06-04 20:37:17.681 I/CLog ( 3469): 2025-06-04 20:37:17.681 T:5737 DEBUG: [107]BaseDataProvider::OnPreload,video_buffer_time=10920
06-04 20:37:17.711 I/CLog ( 3469): 2025-06-04 20:37:17.711 T:5737 DEBUG: [107]BaseDataProvider::OnPreload,video_buffer_time=10920
06-04 20:37:17.739 E/storage_operate( 3469): HCDN_LOG: [T:3866][HINFO]:[f:UpdateBBNCache],[l:3267],[start_check_task]
06-04 20:37:17.739 W/abs_update_info( 3469): HCDN_LOG: [T:3861][HERROR]:[f:CalcVidCacheBytesFromReadOffset],[l:2489],UPDATA CALC:vid:65f888b7cc0c74b794ab89eac7137fc8,task_seg=2, task_offset=31457280, cur_cache_bytes=36290560, total_cache_bytes=36290560, fileToEnd=0
06-04 20:37:17.739 W/abs_update_info( 3469): HCDN_LOG: [T:3861][HERROR]:[f:UpdateForABS],[l:2545],UPDATA:vid:65f888b7cc0c74b794ab89eac7137fc8,i64ReadOffset=325505824, cache=36290560, CachedBytes=361796384
06-04 20:37:17.739 E/Hcdn_DeTask3128192202( 3469): HCDN_LOG: [T:3861][HINFO]:[f:PostNotifyInfo],[l:248], notify type(6),info({"BandWidth":-1,"CachedBytes":361796384,"IsAd":0,"IsP2P":0,"ReadBytes":325505824,"VID":"65f888b7cc0c74b794ab89eac7137fc8"}
06-04 20:37:17.739 E/Hcdn_DeTask3128192202( 3469): )
06-04 20:37:17.739 E/playfilesourceNew( 3469): HCDN_LOG: [T:3820][HINFO]:[f:DoAsynNotifyInfoResponse],[l:2605],[TaskID(3128192202),type(6),msg({"BandWidth":-1,"CachedBytes":361796384,"IsAd":0,"IsP2P":0,"ReadBytes":325505824,"VID":"65f888b7cc0c74b794ab89eac7137fc8"}
06-04 20:37:17.739 E/playfilesourceNew( 3469): )!]
06-04 20:37:17.739 W/abs ( 3469): HCDN_LOG: [T:3820][func:SetParam],[line:744],e4123580 szParamName = DownloadStatusByHcdn, szParamValue = {"BandWidth":-1,"BandWidth_1":1851392,"CachedBytes":361796384,"IsAd":0,"IsP2P":0,"ReadBytes":325505824,"VID":"65f888b7cc0c74b794ab89eac7137fc8"}
06-04 20:37:17.739 W/abs ( 3469): HCDN_LOG: [T:3820][func:update_global_bandwidth_mean],[line:3230],insert_bandwidth_val 1704490:1851392, avg_bandwidth=1439946!
06-04 20:37:17.740 W/abs ( 3469): HCDN_LOG: [T:3820][func:measure_hcdn_buffer],[line:722],measure_hcdn_buffer:hcdn_cached_bytes_=361796384, cur_player_parsed_chunk_idx_=211, cur_hcdn_cached_time=93501, hcdn_cached_time_=93501, hcdn_time_gap_=0, cur_player_pos_=828299
06-04 20:37:17.740 E/abs_info( 3469): HCDN_LOG: [T:3820][HINFO]:[f:PostABSInfo],[l:7214],Task(5), SetABSInterface ret(1) SetParam("DownloadStatusByHcdn", {"BandWidth":-1,"BandWidth_1":1851392,"CachedBytes":361796384,"IsAd":0,"IsP2P":0,"ReadBytes":325505824,"VID":"65f888b7cc0c74b794ab89eac7137fc8"}
06-04 20:37:17.740 E/abs_info( 3469): )
06-04 20:37:17.742 I/CLog ( 3469): 2025-06-04 20:37:17.742 T:5737 DEBUG: [107]BaseDataProvider::OnPreload,video_buffer_time=10920
06-04 20:37:17.742 I/CLog ( 3469): 2025-06-04 20:37:17.742 T:5737 INFO: [107]BaseDataProvider::OnPreload, buff_time=10920(ms) > max_preload_buffer_time=10000(ms), return directly
06-04 20:37:17.759 W/Hcdn_DeTask3128192202( 3469): HCDN_LOG: [T:3861][HERROR]:[f:AllocateForHcdnTaskNew],[l:3020],AllocateForHcdnTaskNew,3020 read_timeout 0 0 0 0
06-04 20:37:17.760 E/Hcdn_DeTask3128192202( 3469): HCDN_LOG: [T:3861][HINFO]:[f:AllocateForHcdnTaskNew],[l:3439], dynamic_buffer_type(3),ptd_cdn_sp(1276 KB/s),ptd_dache_sp(1024 KB/s),ptd_local_bandw(6250 KB/s),bitrate(411 KB),high_bitrate(0 0),active_bit(617 KB),concurcurt_need_dcsp_mul_actb(1.00),can_cdn_dc_concurd(1),have_buffer_min_max_backoff(1),cdn_sp_mul_actbit(2),dcahce_sp_mul_actbit(1),lbandw_mul_actbit(10),have_chunk_info(0)
06-04 20:37:17.760 E/Hcdn_DeTask3128192202( 3469): HCDN_LOG: [T:3861][HINFO]:[f:AllocateForHcdnTaskNew],[l:3444], start_calc_offset(31457280),cur_cache_byte(36290560),cur_cache_seconds(88 88.00),pre_cache_seconds(0 0.00),video_cache_seconds(15.00),ad_cache_seconds(0),last_read_acc_seconds(0 0.00),min_seconds(12),max_seconds(25),dcache_seconds(25),mix_seconds(0),total_cache_seconds(103),cellular_net(0),other_t_ses(4294967295)
06-04 20:37:17.760 W/q_h_c_s ( 3469): HCDN_LOG: [T:3861]MethodLog:1333,QTP AsyncGet (reid: 37860567, url: https://msg.ptqy.gitv.tv/b?t=11&ct=hcdn140224&methodtp=HCDNDLRATIO&platform=pc&pf=3&p=31&p1=312&u=tv_cc46bef63fc2ad8d49126ac32881e261_1749020506912_5491100964&pu=&rn=1704510&version=10.2.3.5212&p2p=114314991&http=2911&ts=0&up=589209&dcdn=0&icdnds=-1&p2pds=-1&p2pus=8192&localup=0&directional=0&otherdsrv=0&otherdp2p=0&dcache=0, connect: 5001, read: 6000, strict: 0, qtp: 1, module: 0)
06-04 20:37:17.761 W/q_h_c_s ( 3469): HCDN_LOG: [T:3861]MethodLog:1333,QTP AsyncPost (reid: 37860568, url: http://127.0.0.1:1971/md, connect: 150, read: 100, strict: 0, qtp: 0, module: 14)
06-04 20:37:17.761 E/HttpPost( 3469): HCDN_LOG: [T:3861][HINFO]:[f:PostIqiyiTotalFlux],[l:614],add job,https://msg.ptqy.gitv.tv/b?t=11&ct=hcdn140224&methodtp=HCDNDLRATIO&platform=pc&pf=3&p=31&p1=312&u=tv_cc46bef63fc2ad8d49126ac32881e261_1749020506912_5491100964&pu=&rn=1704510&version=10.2.3.5212&p2p=114314991&http=2911&ts=0&up=589209&dcdn=0&icdnds=-1&p2pds=-1&p2pus=8192&localup=0&directional=0&otherdsrv=0&otherdp2p=0&dcache=0
06-04 20:37:17.761 E/HCDN_CMFM( 3469): HCDN_LOG: 17k memery total_cnt(192),use_cnt(53)
06-04 20:37:17.761 W/q_h_c_s ( 3469): HCDN_LOG: [T:3760]SetEasyOpt:1497,curl_easy_setopt CURLOPT_URL success: http://127.0.0.1:1971/md?business=QTP&cache_enable=1&cache_only=0 (reid: 37860568)
06-04 20:37:17.762 W/q_h_c_s ( 3469): HCDN_LOG: [T:3760]SetCurlTimeout:4095,curl_easy_setopt CURLOPT_CONNECTTIMEOUT_MS success (reid: 37860568, timeout: 150)
06-04 20:37:17.762 W/hcdn_downloadengine( 3469): HCDN_LOG: [T:3861][HERROR]:[f:Updata],[l:254],system cpu usage : 26.439791
06-04 20:37:17.762 W/q_h_c_s ( 3469): HCDN_LOG: [T:3760]SetCurlTimeout:4161,curl_easy_setopt CURLOPT_TIMEOUT_MS success (reid: 37860568, timeout: 100)
06-04 20:37:17.762 W/q_h_c_s ( 3469): HCDN_LOG: [T:3760]AddToMultiHandle:1145,AddToMultiHandle reid: 37860568, taskid(0), moduleId(14), offset(0), length(-1), CURL(0xa53dec70), m_mapRun(1), m_mapReqId2EasyHandle(1), m_vecModuleRun(0,0,1,0,0,0,0,0,0)
06-04 20:37:17.771 W/q_h_c_s ( 3469): HCDN_LOG: [T:3760]SetEasyOpt:1497,curl_easy_setopt CURLOPT_URL success: https://msg.ptqy.gitv.tv/b?t=11&ct=hcdn140224&methodtp=HCDNDLRATIO&platform=pc&pf=3&p=31&p1=312&u=tv_cc46bef63fc2ad8d49126ac32881e261_1749020506912_5491100964&pu=&rn=1704510&version=10.2.3.5212&p2p=114314991&http=2911&ts=0&up=589209&dcdn=0&icdnds=-1&p2pds=-1&p2pus=8192&localup=0&directional=0&otherdsrv=0&otherdp2p=0&dcache=0 (reid: 37860567)
06-04 20:37:17.771 W/q_h_c_s ( 3469): HCDN_LOG: [T:3760]SetCurlResolve:2862,Set DNS entry (reid: 37860567, rmDnsEntry: , dnsEntry: +msg.ptqy.gitv.tv:443:240e:940:603:2fff:a000::fe35,240e:940:603:2fff:a000::ec81,240e:83:201:4f25::de81,124.237.225.21,116.211.189.249,124.237.225.22,106.38.178.44)
06-04 20:37:17.771 W/q_h_c_s ( 3469): HCDN_LOG: [T:3760]SetCurlTimeout:4095,curl_easy_setopt CURLOPT_CONNECTTIMEOUT_MS success (reid: 37860567, timeout: 5001)
06-04 20:37:17.771 W/q_h_c_s ( 3469): HCDN_LOG: [T:3760]SetCurlTimeout:4161,curl_easy_setopt CURLOPT_TIMEOUT_MS success (reid: 37860567, timeout: 6000)
06-04 20:37:17.771 W/q_h_c_s ( 3469): HCDN_LOG: [T:3760]AddToMultiHandle:1145,AddToMultiHandle reid: 37860567, taskid(0), moduleId(0), offset(0), length(-1), CURL(0xa53dec70), m_mapRun(1), m_mapReqId2EasyHandle(1), m_vecModuleRun(0,1,0,0,0,0,0,0,0)
06-04 20:37:17.772 I/CLog ( 3469): 2025-06-04 20:37:17.772 T:5737 DEBUG: [107]BaseDataProvider::OnPreload,video_buffer_time=10920
06-04 20:37:17.789 E/storage_operate( 3469): HCDN_LOG: [T:3866][HINFO]:[f:BBNCheck],[l:3253],,[map_size:0]
06-04 20:37:17.790 D/UNIPLAYERSDK( 3469): PumaPlayer.cpp:773 [PumaPlayer@0xa9c8825c]getCachePercent(37)
06-04 20:37:17.790 D/UNIPLAYERSDK( 3469): PumaPlayerAdaptor.cpp:343 [PumaPlayerAdaptor@0xe4c22224]KMSG_ACTION_GETCACHEPERCENT=37
06-04 20:37:17.790 D/UNIPLAYERSDK( 3469): BaseState.cpp:42 [PumaPlayerAdaptor@0xe4c22224@0x96590ee8]{fm(KMSG_ACTION_GETCACHEPERCENT),ret(0),at(1,4545,4546),s(9,-2,-2,-2,9),fm=Message@0x964d2cb0{what=1048610,when=1704545,arg1=37,arg2=-1111111111,arg3=-1111111111,str=,timeout=0,obj=0x0,runnable=0x0,target=0xebea371c,watchDogOp=0x0}
06-04 20:37:17.790 D/UNIPLAYERSDK( 3469): BaseState.cpp:56 [PumaPlayerAdaptor@0xe4c22224@0x96590ee8]{fm(KMSG_ACTION_GETCACHEPERCENT),o(AudioPrevi)-t(0,4545,4545),o(BitstreamS)-t(0,4545,4545),o(CarouselPr)-t(0,4545,4545),o(FastHelper)-t(0,4545,4545),o(HeaderTail)-t(0,4545,4545),o(HighLights)-t(0,4545,4545),o(InteractPr)-t(0,4545,4545),o(LivePrevie)-t(0,4545,4545),o(MediaPlaye)-t(0,4546,4546),o(MovieVVInf)-t(0,4545,4545),o(PPrecacher)-t(0,4545,4545),o(PlayerStuc)-t(0,4545,4545),o(PumaAbsCmd)-t(0,4545,4545),o(PumaAdvert)-t(0,4545,4545),o(PumaBuffer)-t(0,4545,4545),o(PumaError@)-t(0,4545,4545),o(PumaMediaD)-t(0,4545,4545),o(PumaPlayer)-t(0,4545,4545),o(PumaRate@0)-t(0,4545,4545),o(PumaSegmen)-t(0,4545,4545),o(PumaSubtit)-t(0,4545,4545),o(RefreshAcc)-t(0,4545,4545),o(RefreshSer)-t(0,4545,4545),o(SceneKeepe)-t(0,4545,4545),o(SetRate@0x)-t(0,4545,4545),o(SwitchEpis)-t(0,4545,4545),o(VideoPlayC)-t(0,4545,4545)}
06-04 20:37:17.790 D/UNIPLAYERSDK( 3469): MovieVVInfo.cpp:129 [pos]getCachePercent=37
06-04 20:37:17.802 I/CLog ( 3469): 2025-06-04 20:37:17.802 T:5737 DEBUG: [107]BaseDataProvider::OnPreload,video_buffer_time=10920
06-04 20:37:17.815 E/storage_operate( 3469): HCDN_LOG: [T:3866][HINFO]:[f:UpdateBBNCache],[l:3267],[start_check_task]
06-04 20:37:17.822 I/CLog ( 3469): 2025-06-04 20:37:17.822 T:5700 DEBUG: DataPush to read:125,size(14),[828640-828833]
06-04 20:37:17.833 I/CLog ( 3469): 2025-06-04 20:37:17.832 T:5737 DEBUG: [107]BaseDataProvider::OnPreload,video_buffer_time=10720
06-04 20:37:17.835 W/abs_update_info( 3469): HCDN_LOG: [T:3861][HERROR]:[f:CalcVidCacheBytesFromReadOffset],[l:2489],UPDATA CALC:vid:65f888b7cc0c74b794ab89eac7137fc8,task_seg=2, task_offset=31457280, cur_cache_bytes=36290560, total_cache_bytes=36290560, fileToEnd=0
06-04 20:37:17.835 W/abs_update_info( 3469): HCDN_LOG: [T:3861][HERROR]:[f:UpdateForABS],[l:2545],UPDATA:vid:65f888b7cc0c74b794ab89eac7137fc8,i64ReadOffset=325505824, cache=36290560, CachedBytes=361796384
06-04 20:37:17.835 E/Hcdn_DeTask3128192202( 3469): HCDN_LOG: [T:3861][HINFO]:[f:PostNotifyInfo],[l:248], notify type(6),info({"BandWidth":-1,"CachedBytes":361796384,"IsAd":0,"IsP2P":0,"ReadBytes":325505824,"VID":"65f888b7cc0c74b794ab89eac7137fc8"}
06-04 20:37:17.835 E/Hcdn_DeTask3128192202( 3469): )
06-04 20:37:17.835 E/playfilesourceNew( 3469): HCDN_LOG: [T:3820][HINFO]:[f:DoAsynNotifyInfoResponse],[l:2605],[TaskID(3128192202),type(6),msg({"BandWidth":-1,"CachedBytes":361796384,"IsAd":0,"IsP2P":0,"ReadBytes":325505824,"VID":"65f888b7cc0c74b794ab89eac7137fc8"}
06-04 20:37:17.835 E/playfilesourceNew( 3469): )!]
06-04 20:37:17.836 W/abs ( 3469): HCDN_LOG: [T:3820][func:SetParam],[line:744],e4123580 szParamName = DownloadStatusByHcdn, szParamValue = {"BandWidth":-1,"BandWidth_1":1851392,"CachedBytes":361796384,"IsAd":0,"IsP2P":0,"ReadBytes":325505824,"VID":"65f888b7cc0c74b794ab89eac7137fc8"}
06-04 20:37:17.836 W/abs ( 3469): HCDN_LOG: [T:3820][func:update_global_bandwidth_mean],[line:3230],insert_bandwidth_val 1704590:1851392, avg_bandwidth=1439946!
06-04 20:37:17.836 W/abs ( 3469): HCDN_LOG: [T:3820][func:measure_hcdn_buffer],[line:722],measure_hcdn_buffer:hcdn_cached_bytes_=361796384, cur_player_parsed_chunk_idx_=211, cur_hcdn_cached_time=93501, hcdn_cached_time_=93501, hcdn_time_gap_=0, cur_player_pos_=828299
06-04 20:37:17.836 E/abs_info( 3469): HCDN_LOG: [T:3820][HINFO]:[f:PostABSInfo],[l:7214],Task(5), SetABSInterface ret(1) SetParam("DownloadStatusByHcdn", {"BandWidth":-1,"BandWidth_1":1851392,"CachedBytes":361796384,"IsAd":0,"IsP2P":0,"ReadBytes":325505824,"VID":"65f888b7cc0c74b794ab89eac7137fc8"}
06-04 20:37:17.836 E/abs_info( 3469): )
06-04 20:37:17.863 I/CLog ( 3469): 2025-06-04 20:37:17.863 T:5737 DEBUG: [107]BaseDataProvider::OnPreload,video_buffer_time=10720
06-04 20:37:17.864 E/playfilesourceNew( 3469): HCDN_LOG: [T:5737][HINFO]:[f:GetCacheSeconds],[l:846],[TaskID(3128192202), offset(31457280), CacheBytes(36290560)]
06-04 20:37:17.864 E/p2pfile ( 3469): HCDN_LOG: [T:5737][HINFO]:[f:GetBufferLength],[l:1726],[Task(5), offset(325505824), CacheBytes(36290560)]
06-04 20:37:17.864 I/CLog ( 3469): 2025-06-04 20:37:17.864 T:5737 DEBUG: [107]ProcessDownloadStatus:index=2,parsed_pos=31457100,m_spd=-1,r_spd=-1
06-04 20:37:17.865 E/storage_operate( 3469): HCDN_LOG: [T:3866][HINFO]:[f:BBNCheck],[l:3253],,[map_size:0]
06-04 20:37:17.876 E/storage_trim_block( 3469): HCDN_LOG: [T:3866][TRIM_BLOCK_LOG]:[f:GetVideoTaskCount],[l:1877],video task count: 1 high_bitrate: 1 audio_count: 0 short_video: 0 big: 1 small: 0
06-04 20:37:17.876 E/storage_trim_block( 3469): HCDN_LOG: [T:3866][TRIM_BLOCK_LOG]:[f:PostMemoryUseNotifyToDE],[l:1626],[oper:post resume download request, taskid:3128192202, [17/35]]
06-04 20:37:17.876 E/Hcdn_DeTask3128192202( 3469): HCDN_LOG: [T:3861][HINFO]:[f:OnRecvBlockRemainNotify],[l:2764], left block count:17
06-04 20:37:17.894 I/CLog ( 3469): 2025-06-04 20:37:17.894 T:5737 DEBUG: [107]BaseDataProvider::OnPreload,video_buffer_time=10720
06-04 20:37:17.925 I/CLog ( 3469): 2025-06-04 20:37:17.925 T:5737 DEBUG: [107]BaseDataProvider::OnPreload,video_buffer_time=10720
06-04 20:37:17.936 W/abs_update_info( 3469): HCDN_LOG: [T:3861][HERROR]:[f:CalcVidCacheBytesFromReadOffset],[l:2489],UPDATA CALC:vid:65f888b7cc0c74b794ab89eac7137fc8,task_seg=2, task_offset=31457280, cur_cache_bytes=36290560, total_cache_bytes=36290560, fileToEnd=0
06-04 20:37:17.936 W/abs_update_info( 3469): HCDN_LOG: [T:3861][HERROR]:[f:UpdateForABS],[l:2545],UPDATA:vid:65f888b7cc0c74b794ab89eac7137fc8,i64ReadOffset=325505824, cache=36290560, CachedBytes=361796384
06-04 20:37:17.937 E/Hcdn_DeTask3128192202( 3469): HCDN_LOG: [T:3861][HINFO]:[f:PostNotifyInfo],[l:248], notify type(6),info({"BandWidth":-1,"CachedBytes":361796384,"IsAd":0,"IsP2P":0,"ReadBytes":325505824,"VID":"65f888b7cc0c74b794ab89eac7137fc8"}
06-04 20:37:17.937 E/Hcdn_DeTask3128192202( 3469): )
06-04 20:37:17.937 E/playfilesourceNew( 3469): HCDN_LOG: [T:3820][HINFO]:[f:DoAsynNotifyInfoResponse],[l:2605],[TaskID(3128192202),type(6),msg({"BandWidth":-1,"CachedBytes":361796384,"IsAd":0,"IsP2P":0,"ReadBytes":325505824,"VID":"65f888b7cc0c74b794ab89eac7137fc8"}
06-04 20:37:17.937 E/playfilesourceNew( 3469): )!]
06-04 20:37:17.937 W/abs ( 3469): HCDN_LOG: [T:3820][func:SetParam],[line:744],e4123580 szParamName = DownloadStatusByHcdn, szParamValue = {"BandWidth":-1,"BandWidth_1":1851392,"CachedBytes":361796384,"IsAd":0,"IsP2P":0,"ReadBytes":325505824,"VID":"65f888b7cc0c74b794ab89eac7137fc8"}
06-04 20:37:17.937 W/abs ( 3469): HCDN_LOG: [T:3820][func:update_global_bandwidth_mean],[line:3230],insert_bandwidth_val 1704690:1851392, avg_bandwidth=1439946!
06-04 20:37:17.937 W/abs ( 3469): HCDN_LOG: [T:3820][func:measure_hcdn_buffer],[line:722],measure_hcdn_buffer:hcdn_cached_bytes_=361796384, cur_player_parsed_chunk_idx_=211, cur_hcdn_cached_time=93501, hcdn_cached_time_=93501, hcdn_time_gap_=0, cur_player_pos_=828299
06-04 20:37:17.937 E/abs_info( 3469): HCDN_LOG: [T:3820][HINFO]:[f:PostABSInfo],[l:7214],Task(5), SetABSInterface ret(1) SetParam("DownloadStatusByHcdn", {"BandWidth":-1,"BandWidth_1":1851392,"CachedBytes":361796384,"IsAd":0,"IsP2P":0,"ReadBytes":325505824,"VID":"65f888b7cc0c74b794ab89eac7137fc8"}
06-04 20:37:17.937 E/abs_info( 3469): )
06-04 20:37:17.955 I/CLog ( 3469): 2025-06-04 20:37:17.955 T:5737 DEBUG: [107]BaseDataProvider::OnPreload,video_buffer_time=10720
06-04 20:37:17.967 I/WifiHAL ( 524): call wifi_get_link_stats handler
06-04 20:37:17.967 I/WifiHAL ( 524): Creating message to get link statistics; iface = 16
06-04 20:37:17.967 D/WifiHAL ( 524): error code -95 mapped to -3
06-04 20:37:17.968 E/WifiStaIfaceAidlImpl( 707): getLinkLayerStats failed with service-specific exception: android.os.ServiceSpecificException: (code 4)
06-04 20:37:17.981 I/UNIPLAYERSDK( 3469): PumaPlayerAdaptor.cpp:320 [PumaPlayerAdaptor@0xe4c22224][pos]getCurrentPosition=824078
06-04 20:37:17.981 D/UNIPLAYERSDK( 3469): BaseState.cpp:42 [PumaPlayerAdaptor@0xe4c22224@0x9658f768]{fm(KMSG_ACTION_GETCURRENTPOSITION),ret(0),at(1,4736,4737),s(9,-2,-2,-2,9),fm=Message@0xeb8dd6b0{what=1048605,when=1704736,arg1=824078,arg2=-1,arg3=-1111111111,str=,timeout=0,obj=0x0,runnable=0x0,target=0xebea371c,watchDogOp=0x0}
06-04 20:37:17.981 D/UNIPLAYERSDK( 3469): BaseState.cpp:56 [PumaPlayerAdaptor@0xe4c22224@0x9658f768]{fm(KMSG_ACTION_GETCURRENTPOSITION),o(AudioPrevi)-t(0,4736,4736),o(BitstreamS)-t(0,4736,4736),o(CarouselPr)-t(0,4736,4736),o(FastHelper)-t(0,4736,4736),o(HeaderTail)-t(0,4736,4736),o(HighLights)-t(0,4736,4736),o(InteractPr)-t(0,4736,4736),o(LivePrevie)-t(0,4736,4736),o(MediaPlaye)-t(0,4737,4737),o(MovieVVInf)-t(0,4736,4736),o(PPrecacher)-t(0,4736,4736),o(PlayerStuc)-t(0,4736,4736),o(PumaAbsCmd)-t(0,4736,4736),o(PumaAdvert)-t(0,4736,4736),o(PumaBuffer)-t(0,4736,4736),o(PumaError@)-t(0,4736,4736),o(PumaMediaD)-t(0,4736,4736),o(PumaPlayer)-t(0,4736,4736),o(PumaRate@0)-t(0,4736,4736),o(PumaSegmen)-t(0,4736,4736),o(PumaSubtit)-t(0,4736,4736),o(RefreshAcc)-t(0,4736,4736),o(RefreshSer)-t(0,4736,4736),o(SceneKeepe)-t(0,4736,4736),o(SetRate@0x)-t(0,4736,4736),o(SwitchEpis)-t(0,4736,4736),o(VideoPlayC)-t(0,4736,4736)}
06-04 20:37:17.981 D/UNIPLAYERSDK( 3469): MovieVVInfo.cpp:113 [pos]getCurrentPosition=824078
06-04 20:37:17.985 I/CLog ( 3469): 2025-06-04 20:37:17.985 T:5737 DEBUG: [107]BaseDataProvider::OnPreload,video_buffer_time=10720
06-04 20:37:17.990 E/cdnetwork_tcpclient( 3469): HCDN_LOG: [T:3868][HDEBUG]:[f:DoUpdateTask],[l:1324],Profile down speed peak:7355392, CDN speed peak:7183
06-04 20:37:17.990 E/cdnetwork_tcpclient( 3469): HCDN_LOG: [T:3868][HDEBUG]:[f:DoUpdateTask],[l:1352],update: Profile speed:7355392 Bps, CDN speed:7183 KBps
06-04 20:37:18.016 I/CLog ( 3469): 2025-06-04 20:37:18.016 T:5737 DEBUG: [107]BaseDataProvider::OnPreload,video_buffer_time=10720
06-04 20:37:18.033 I/CLog ( 3469): 2025-06-04 20:37:18.033 T:5700 DEBUG: DataPush to read:125,size(13),[828840-829019]
06-04 20:37:18.035 E/Hcdn_DeTask3128192202( 3469): HCDN_LOG: [T:3861][HINFO]:[f:PostNotifyInfo],[l:248], notify type(6),info({"BandWidth":-1,"CachedBytes":361796384,"IsAd":0,"IsP2P":0,"ReadBytes":325505824,"VID":"65f888b7cc0c74b794ab89eac7137fc8"}
06-04 20:37:18.035 E/Hcdn_DeTask3128192202( 3469): )
06-04 20:37:18.036 E/playfilesourceNew( 3469): HCDN_LOG: [T:3820][HINFO]:[f:DoAsynNotifyInfoResponse],[l:2605],[TaskID(3128192202),type(6),msg({"BandWidth":-1,"CachedBytes":361796384,"IsAd":0,"IsP2P":0,"ReadBytes":325505824,"VID":"65f888b7cc0c74b794ab89eac7137fc8"}
06-04 20:37:18.036 E/playfilesourceNew( 3469): )!]
06-04 20:37:18.036 W/abs ( 3469): HCDN_LOG: [T:3820][func:SetParam],[line:744],e4123580 szParamName = DownloadStatusByHcdn, szParamValue = {"BandWidth":-1,"BandWidth_1":1851392,"CachedBytes":361796384,"IsAd":0,"IsP2P":0,"ReadBytes":325505824,"VID":"65f888b7cc0c74b794ab89eac7137fc8"}
06-04 20:37:18.036 W/abs ( 3469): HCDN_LOG: [T:3820][func:update_global_bandwidth_mean],[line:3230],insert_bandwidth_val 1704790:1851392, avg_bandwidth=1439946!
06-04 20:37:18.037 W/abs ( 3469): HCDN_LOG: [T:3820][func:measure_hcdn_buffer],[line:722],measure_hcdn_buffer:hcdn_cached_bytes_=361796384, cur_player_parsed_chunk_idx_=211, cur_hcdn_cached_time=93501, hcdn_cached_time_=93501, hcdn_time_gap_=0, cur_player_pos_=828299
06-04 20:37:18.037 E/abs_info( 3469): HCDN_LOG: [T:3820][HINFO]:[f:PostABSInfo],[l:7214],Task(5), SetABSInterface ret(1) SetParam("DownloadStatusByHcdn", {"BandWidth":-1,"BandWidth_1":1851392,"CachedBytes":361796384,"IsAd":0,"IsP2P":0,"ReadBytes":325505824,"VID":"65f888b7cc0c74b794ab89eac7137fc8"}
06-04 20:37:18.037 E/abs_info( 3469): )
06-04 20:37:18.046 I/CLog ( 3469): 2025-06-04 20:37:18.046 T:5737 DEBUG: [107]BaseDataProvider::OnPreload,video_buffer_time=10520
06-04 20:37:18.071 W/q_h_c_s ( 3469): HCDN_LOG: [T:3761]MethodLog:1333,QTP AsyncGet (reid: 37860569, url: http://127.0.0.1:1971/netinfo, connect: 5000, read: 8000, strict: 0, qtp: 0, module: 14)
06-04 20:37:18.071 W/q_h_c_s ( 3469): HCDN_LOG: [T:3760]SetEasyOpt:1497,curl_easy_setopt CURLOPT_URL success: http://127.0.0.1:1971/netinfo?business=QTP (reid: 37860569)
06-04 20:37:18.071 W/q_h_c_s ( 3469): HCDN_LOG: [T:3760]SetCurlTimeout:4095,curl_easy_setopt CURLOPT_CONNECTTIMEOUT_MS success (reid: 37860569, timeout: 5000)
06-04 20:37:18.071 W/q_h_c_s ( 3469): HCDN_LOG: [T:3760]SetCurlTimeout:4161,curl_easy_setopt CURLOPT_TIMEOUT_MS success (reid: 37860569, timeout: 8000)
06-04 20:37:18.071 W/q_h_c_s ( 3469): HCDN_LOG: [T:3760]AddToMultiHandle:1145,AddToMultiHandle reid: 37860569, taskid(0), moduleId(14), offset(0), length(-1), CURL(0xa53dec70), m_mapRun(1), m_mapReqId2EasyHandle(1), m_vecModuleRun(0,0,1,0,0,0,0,0,0)
06-04 20:37:18.076 I/CLog ( 3469): 2025-06-04 20:37:18.076 T:5737 DEBUG: [107]BaseDataProvider::OnPreload,video_buffer_time=10520
06-04 20:37:18.077 E/playfilesourceNew( 3469): HCDN_LOG: [T:5737][HINFO]:[f:GetCacheSeconds],[l:846],[TaskID(3128192202), offset(31457280), CacheBytes(36290560)]
06-04 20:37:18.077 E/p2pfile ( 3469): HCDN_LOG: [T:5737][HINFO]:[f:GetBufferLength],[l:1726],[Task(5), offset(325505824), CacheBytes(36290560)]
06-04 20:37:18.077 I/CLog ( 3469): 2025-06-04 20:37:18.077 T:5737 DEBUG: [107]ProcessDownloadStatus:index=2,parsed_pos=31457100,m_spd=-1,r_spd=-1
06-04 20:37:18.085 E/storage_operate( 3469): HCDN_LOG: [T:3866][HINFO]:[f:UpdateBBNCache],[l:3267],[start_check_task]
06-04 20:37:18.091 D/UNIPLAYERSDK( 3469): PumaPlayer.cpp:773 [PumaPlayer@0xa9c8825c]getCachePercent(37)
06-04 20:37:18.091 D/UNIPLAYERSDK( 3469): PumaPlayerAdaptor.cpp:343 [PumaPlayerAdaptor@0xe4c22224]KMSG_ACTION_GETCACHEPERCENT=37
06-04 20:37:18.091 D/UNIPLAYERSDK( 3469): BaseState.cpp:42 [PumaPlayerAdaptor@0xe4c22224@0x9658b068]{fm(KMSG_ACTION_GETCACHEPERCENT),ret(0),at(1,4846,4847),s(9,-2,-2,-2,9),fm=Message@0xeb8f78d0{what=1048610,when=1704846,arg1=37,arg2=-1111111111,arg3=-1111111111,str=,timeout=0,obj=0x0,runnable=0x0,target=0xebea371c,watchDogOp=0x0}
06-04 20:37:18.091 D/UNIPLAYERSDK( 3469): BaseState.cpp:56 [PumaPlayerAdaptor@0xe4c22224@0x9658b068]{fm(KMSG_ACTION_GETCACHEPERCENT),o(AudioPrevi)-t(0,4846,4846),o(BitstreamS)-t(0,4846,4846),o(CarouselPr)-t(0,4846,4846),o(FastHelper)-t(0,4846,4846),o(HeaderTail)-t(0,4846,4846),o(HighLights)-t(0,4846,4846),o(InteractPr)-t(0,4846,4846),o(LivePrevie)-t(0,4846,4846),o(MediaPlaye)-t(0,4847,4847),o(MovieVVInf)-t(0,4846,4846),o(PPrecacher)-t(0,4846,4846),o(PlayerStuc)-t(0,4846,4846),o(PumaAbsCmd)-t(0,4846,4846),o(PumaAdvert)-t(0,4846,4846),o(PumaBuffer)-t(0,4846,4846),o(PumaError@)-t(0,4846,4846),o(PumaMediaD)-t(0,4846,4846),o(PumaPlayer)-t(0,4846,4846),o(PumaRate@0)-t(0,4846,4846),o(PumaSegmen)-t(0,4846,4846),o(PumaSubtit)-t(0,4846,4846),o(RefreshAcc)-t(0,4846,4846),o(RefreshSer)-t(0,4846,4846),o(SceneKeepe)-t(0,4846,4846),o(SetRate@0x)-t(0,4846,4846),o(SwitchEpis)-t(0,4846,4846),o(VideoPlayC)-t(0,4846,4846)}
06-04 20:37:18.091 D/UNIPLAYERSDK( 3469): MovieVVInfo.cpp:129 [pos]getCachePercent=37
06-04 20:37:18.107 I/CLog ( 3469): 2025-06-04 20:37:18.107 T:5737 DEBUG: [107]BaseDataProvider::OnPreload,video_buffer_time=10520
06-04 20:37:18.126 I/PlayThreadMonitor( 3469): in playerthread monitor handler
06-04 20:37:18.126 I/PlayThreadMonitor( 3469): in monitor runnable
06-04 20:37:18.130 D/WanClient( 1349): sendHeartMessage
06-04 20:37:18.131 D/WanClient( 1349): -----final------sendMessage: {"type":"2bKPMh2jwmQ="}
06-04 20:37:18.136 E/storage_operate( 3469): HCDN_LOG: [T:3866][HINFO]:[f:BBNCheck],[l:3253],,[map_size:0]
06-04 20:37:18.136 W/abs_update_info( 3469): HCDN_LOG: [T:3861][HERROR]:[f:CalcVidCacheBytesFromReadOffset],[l:2489],UPDATA CALC:vid:65f888b7cc0c74b794ab89eac7137fc8,task_seg=2, task_offset=31457280, cur_cache_bytes=36290560, total_cache_bytes=36290560, fileToEnd=0
06-04 20:37:18.136 W/abs_update_info( 3469): HCDN_LOG: [T:3861][HERROR]:[f:UpdateForABS],[l:2545],UPDATA:vid:65f888b7cc0c74b794ab89eac7137fc8,i64ReadOffset=325505824, cache=36290560, CachedBytes=361796384
06-04 20:37:18.136 E/Hcdn_DeTask3128192202( 3469): HCDN_LOG: [T:3861][HINFO]:[f:PostNotifyInfo],[l:248], notify type(6),info({"BandWidth":-1,"CachedBytes":361796384,"IsAd":0,"IsP2P":0,"ReadBytes":325505824,"VID":"65f888b7cc0c74b794ab89eac7137fc8"}
06-04 20:37:18.136 E/Hcdn_DeTask3128192202( 3469): )
06-04 20:37:18.136 E/playfilesourceNew( 3469): HCDN_LOG: [T:3820][HINFO]:[f:DoAsynNotifyInfoResponse],[l:2605],[TaskID(3128192202),type(6),msg({"BandWidth":-1,"CachedBytes":361796384,"IsAd":0,"IsP2P":0,"ReadBytes":325505824,"VID":"65f888b7cc0c74b794ab89eac7137fc8"}
06-04 20:37:18.136 E/playfilesourceNew( 3469): )!]
06-04 20:37:18.137 W/abs ( 3469): HCDN_LOG: [T:3820][func:SetParam],[line:744],e4123580 szParamName = DownloadStatusByHcdn, szParamValue = {"BandWidth":-1,"BandWidth_1":1597440,"CachedBytes":361796384,"IsAd":0,"IsP2P":0,"ReadBytes":325505824,"VID":"65f888b7cc0c74b794ab89eac7137fc8"}
06-04 20:37:18.137 W/abs ( 3469): HCDN_LOG: [T:3820][func:update_global_bandwidth_mean],[line:3230],insert_bandwidth_val 1704890:1597440, avg_bandwidth=1429788!
06-04 20:37:18.137 W/abs ( 3469): HCDN_LOG: [T:3820][func:measure_hcdn_buffer],[line:722],measure_hcdn_buffer:hcdn_cached_bytes_=361796384, cur_player_parsed_chunk_idx_=211, cur_hcdn_cached_time=93501, hcdn_cached_time_=93501, hcdn_time_gap_=0, cur_player_pos_=828299
06-04 20:37:18.137 E/abs_info( 3469): HCDN_LOG: [T:3820][HINFO]:[f:PostABSInfo],[l:7214],Task(5), SetABSInterface ret(1) SetParam("DownloadStatusByHcdn", {"BandWidth":-1,"BandWidth_1":1597440,"CachedBytes":361796384,"IsAd":0,"IsP2P":0,"ReadBytes":325505824,"VID":"65f888b7cc0c74b794ab89eac7137fc8"}
06-04 20:37:18.137 E/abs_info( 3469): )
06-04 20:37:18.137 I/CLog ( 3469): 2025-06-04 20:37:18.137 T:5737 DEBUG: [107]BaseDataProvider::OnPreload,video_buffer_time=10520
06-04 20:37:18.141 D/WanClient( 1349): onMessage:Thread[WebSocketConnectReadThread-71,5,main]--{"msg":"+MSejyjwlbc="}
06-04 20:37:18.143 D/WanClient( 1349): onMessageReceived:Thread[WebSocketConnectReadThread-71,5,main] {"msg":"+MSejyjwlbc="}
06-04 20:37:18.143 D/WanClient( 1349): type: null
06-04 20:37:18.143 D/WanClient( 1349): send:HB7FxtN64oc=
06-04 20:37:18.143 D/WanClient( 1349): leave:uQ3qCmhm4oA=
06-04 20:37:18.143 D/WanClient( 1349): join:7EsoetslBbs=
06-04 20:37:18.143 D/WanClient( 1349): ITtylgY8LAxdmHmRQSo49Q==
06-04 20:37:18.168 I/CLog ( 3469): 2025-06-04 20:37:18.168 T:5737 DEBUG: [107]BaseDataProvider::OnPreload,video_buffer_time=10520
06-04 20:37:18.198 I/CLog ( 3469): 2025-06-04 20:37:18.198 T:5737 DEBUG: [107]BaseDataProvider::OnPreload,video_buffer_time=10520
06-04 20:37:18.199 I/CLog ( 3469): 2025-06-04 20:37:18.199 T:5700 DEBUG: DataPush to read:107,size(11),[829040-829182]
06-04 20:37:18.208 I/DebugUtil( 497): [0##23]in/out status {INS/OUTS=18090(0)/18084(0)}, pipeline status {IN=0/8, OUT=7/13[Component(0) Accelerator(6) Client(7)]}
06-04 20:37:18.217 I/audio_hw_hal_alsamgr( 491): alsa format =0x1 delay frames =1024 total frames=81309440
06-04 20:37:18.225 E/storage_operate( 3469): HCDN_LOG: [T:3866][HINFO]:[f:SaveDataToFile],[l:519],[block_is_full],[taskid:3128192202],[blockNo:32],[cdn_block:0],[time:53230],[saved:0]
06-04 20:37:18.225 E/storage_operate( 3469): HCDN_LOG: [T:3866][HINFO]:[f:GetDiskIOSwitch],[l:1003],[IOStat:1]
06-04 20:37:18.225 E/storage_operate( 3469): HCDN_LOG: [T:3866][HINFO]:[f:GetTaskState],[l:555],[oper:get task state],[task_ID:3128192202],[state:0]
06-04 20:37:18.228 I/CLog ( 3469): 2025-06-04 20:37:18.228 T:5737 DEBUG: [107]BaseDataProvider::OnPreload,video_buffer_time=10360
06-04 20:37:18.231 D/MesonDisplay( 296): read /sys/class/amhdmitx/amhdmitx0/hdcp_lstore, result length:0, val:
06-04 20:37:18.232 D/MesonDisplay( 296): read /sys/class/amhdmitx/amhdmitx0/hdcp_lstore, result length:0, val:
06-04 20:37:18.232 I/MesonDisplay( 296): [/HDCPTxAuth.cpp, authInit, 223] hdcp_tx key:
06-04 20:37:18.232 E/storage_operate( 3469): HCDN_LOG: [T:3866][HINFO]:[f:SaveBlock],[l:469],[virtual],[disk_io_switch:1],[bn:32],[fid:8b0dc354e98f5212fc0b20faa859f0f100000000]
06-04 20:37:18.236 W/abs_update_info( 3469): HCDN_LOG: [T:3861][HERROR]:[f:CalcVidCacheBytesFromReadOffset],[l:2489],UPDATA CALC:vid:65f888b7cc0c74b794ab89eac7137fc8,task_seg=2, task_offset=31457280, cur_cache_bytes=37748736, total_cache_bytes=37748736, fileToEnd=0
06-04 20:37:18.236 W/abs_update_info( 3469): HCDN_LOG: [T:3861][HERROR]:[f:UpdateForABS],[l:2545],UPDATA:vid:65f888b7cc0c74b794ab89eac7137fc8,i64ReadOffset=325505824, cache=37748736, CachedBytes=363254560
06-04 20:37:18.236 E/Hcdn_DeTask3128192202( 3469): HCDN_LOG: [T:3861][HINFO]:[f:PostNotifyInfo],[l:248], notify type(6),info({"BandWidth":-1,"CachedBytes":363254560,"IsAd":0,"IsP2P":0,"ReadBytes":325505824,"VID":"65f888b7cc0c74b794ab89eac7137fc8"}
06-04 20:37:18.236 E/Hcdn_DeTask3128192202( 3469): )
06-04 20:37:18.237 E/playfilesourceNew( 3469): HCDN_LOG: [T:3820][HINFO]:[f:DoAsynNotifyInfoResponse],[l:2605],[TaskID(3128192202),type(6),msg({"BandWidth":-1,"CachedBytes":363254560,"IsAd":0,"IsP2P":0,"ReadBytes":325505824,"VID":"65f888b7cc0c74b794ab89eac7137fc8"}
06-04 20:37:18.237 E/playfilesourceNew( 3469): )!]
06-04 20:37:18.237 W/abs ( 3469): HCDN_LOG: [T:3820][func:SetParam],[line:744],e4123580 szParamName = DownloadStatusByHcdn, szParamValue = {"BandWidth":-1,"BandWidth_1":1597440,"CachedBytes":363254560,"IsAd":0,"IsP2P":0,"ReadBytes":325505824,"VID":"65f888b7cc0c74b794ab89eac7137fc8"}
06-04 20:37:18.237 W/abs ( 3469): HCDN_LOG: [T:3820][func:update_global_bandwidth_mean],[line:3230],insert_bandwidth_val 1704990:1597440, avg_bandwidth=1423016!
06-04 20:37:18.237 W/abs ( 3469): HCDN_LOG: [T:3820][func:measure_hcdn_buffer],[line:722],measure_hcdn_buffer:hcdn_cached_bytes_=363254560, cur_player_parsed_chunk_idx_=211, cur_hcdn_cached_time=93501, hcdn_cached_time_=93501, hcdn_time_gap_=0, cur_player_pos_=828299
06-04 20:37:18.237 E/abs_info( 3469): HCDN_LOG: [T:3820][HINFO]:[f:PostABSInfo],[l:7214],Task(5), SetABSInterface ret(1) SetParam("DownloadStatusByHcdn", {"BandWidth":-1,"BandWidth_1":1597440,"CachedBytes":363254560,"IsAd":0,"IsP2P":0,"ReadBytes":325505824,"VID":"65f888b7cc0c74b794ab89eac7137fc8"}
06-04 20:37:18.237 E/abs_info( 3469): )
06-04 20:37:18.239 E/storage_operate( 3469): HCDN_LOG: [T:3866][HINFO]:[f:SaveBlock],[l:530],[virtual],[ec:0],[time_ms:10]
06-04 20:37:18.239 E/storage_operate( 3469): HCDN_LOG: [T:3866][HINFO]:[f:UpdateBBNCache],[l:3267],[start_check_task]
06-04 20:37:18.239 W/Hcdn_DeTask3128192202( 3469): HCDN_LOG: [T:3861][HERROR]:[f:AllocateForHcdnTaskNew],[l:3020],AllocateForHcdnTaskNew,3020 read_timeout 0 0 0 0
06-04 20:37:18.240 E/Hcdn_DeTask3128192202( 3469): HCDN_LOG: [T:3861][HINFO]:[f:AllocateForHcdnTaskNew],[l:3439], dynamic_buffer_type(3),ptd_cdn_sp(1276 KB/s),ptd_dache_sp(1024 KB/s),ptd_local_bandw(6250 KB/s),bitrate(411 KB),high_bitrate(0 0),active_bit(617 KB),concurcurt_need_dcsp_mul_actb(1.00),can_cdn_dc_concurd(1),have_buffer_min_max_backoff(1),cdn_sp_mul_actbit(2),dcahce_sp_mul_actbit(1),lbandw_mul_actbit(10),have_chunk_info(0)
06-04 20:37:18.240 E/Hcdn_DeTask3128192202( 3469): HCDN_LOG: [T:3861][HINFO]:[f:AllocateForHcdnTaskNew],[l:3444], start_calc_offset(31457280),cur_cache_byte(37896192),cur_cache_seconds(92 92.00),pre_cache_seconds(0 0.00),video_cache_seconds(15.00),ad_cache_seconds(0),last_read_acc_seconds(0 0.00),min_seconds(12),max_seconds(25),dcache_seconds(25),mix_seconds(0),total_cache_seconds(107),cellular_net(0),other_t_ses(4294967295)
06-04 20:37:18.240 E/Hcdn_DeTask3128192202( 3469): HCDN_LOG: [T:3861][HINFO]:[f:AllocateForHcdnTaskNew],[l:4358], buffered seconds enough use P2P, p2p_query_block[38]
06-04 20:37:18.240 E/Hcdn_DeTask3128192202( 3469): HCDN_LOG: [T:3861][HINFO]:[f:PostQueryBlockCanDwonloadReq],[l:168], query_block_no=38,compare_quality=0,player_state=0
06-04 20:37:18.240 E/Hcdn_DeTask3128192202( 3469): HCDN_LOG: [T:3861][HINFO]:[f:PostP2pAllocateDownloadRange],[l:1952],real_policy_p2p,block_no=38,file_offset=79691776,len=2097152,dcache_exclusive=0
06-04 20:37:18.244 E/NEW_ALLOC_METHOD_( 3469): HCDN_LOG: [T:3862][func:AllocateDownloadRange],[line:603],takid=3128192202 offset=79691776,len=2097152 blockNo=38:14 dcache_exclusive=0
06-04 20:37:18.259 I/CLog ( 3469): 2025-06-04 20:37:18.259 T:5737 DEBUG: [107]BaseDataProvider::OnPreload,video_buffer_time=10360
06-04 20:37:18.282 I/UNIPLAYERSDK( 3469): PumaPlayerAdaptor.cpp:320 [PumaPlayerAdaptor@0xe4c22224][pos]getCurrentPosition=824379
06-04 20:37:18.282 D/UNIPLAYERSDK( 3469): BaseState.cpp:42 [PumaPlayerAdaptor@0xe4c22224@0x9658eae8]{fm(KMSG_ACTION_GETCURRENTPOSITION),ret(0),at(1,5037,5038),s(9,-2,-2,-2,9),fm=Message@0x964cb410{what=1048605,when=1705037,arg1=824379,arg2=-1,arg3=-1111111111,str=,timeout=0,obj=0x0,runnable=0x0,target=0xebea371c,watchDogOp=0x0}
06-04 20:37:18.282 D/UNIPLAYERSDK( 3469): BaseState.cpp:56 [PumaPlayerAdaptor@0xe4c22224@0x9658eae8]{fm(KMSG_ACTION_GETCURRENTPOSITION),o(AudioPrevi)-t(0,5037,5037),o(BitstreamS)-t(0,5038,5038),o(CarouselPr)-t(0,5038,5038),o(FastHelper)-t(0,5037,5037),o(HeaderTail)-t(0,5037,5037),o(HighLights)-t(0,5037,5037),o(InteractPr)-t(0,5038,5038),o(LivePrevie)-t(0,5038,5038),o(MediaPlaye)-t(0,5038,5038),o(MovieVVInf)-t(0,5038,5038),o(PPrecacher)-t(0,5038,5038),o(PlayerStuc)-t(0,5038,5038),o(PumaAbsCmd)-t(0,5038,5038),o(PumaAdvert)-t(0,5037,5037),o(PumaBuffer)-t(0,5038,5038),o(PumaError@)-t(0,5038,5038),o(PumaMediaD)-t(0,5037,5037),o(PumaPlayer)-t(0,5038,5038),o(PumaRate@0)-t(0,5038,5038),o(PumaSegmen)-t(0,5038,5038),o(PumaSubtit)-t(0,5038,5038),o(RefreshAcc)-t(0,5037,5037),o(RefreshSer)-t(0,5037,5037),o(SceneKeepe)-t(0,5037,5037),o(SetRate@0x)-t(0,5038,5038),o(SwitchEpis)-t(0,5038,5038),o(VideoPlayC)-t(0,5037,5037)}
06-04 20:37:18.282 D/UNIPLAYERSDK( 3469): MovieVVInfo.cpp:113 [pos]getCurrentPosition=824379
06-04 20:37:18.290 I/CLog ( 3469): 2025-06-04 20:37:18.290 T:5737 DEBUG: [107]BaseDataProvider::OnPreload,video_buffer_time=10360
06-04 20:37:18.291 E/playfilesourceNew( 3469): HCDN_LOG: [T:5737][HINFO]:[f:GetCacheSeconds],[l:846],[TaskID(3128192202), offset(31457280), CacheBytes(37896192)]
06-04 20:37:18.291 E/p2pfile ( 3469): HCDN_LOG: [T:5737][HINFO]:[f:GetBufferLength],[l:1726],[Task(5), offset(325505824), CacheBytes(37896192)]
06-04 20:37:18.291 I/CLog ( 3469): 2025-06-04 20:37:18.291 T:5737 DEBUG: [107]ProcessDownloadStatus:index=2,parsed_pos=31457100,m_spd=-1,r_spd=-1
06-04 20:37:18.291 E/storage_operate( 3469): HCDN_LOG: [T:3866][HINFO]:[f:BBNCheck],[l:3249],[map_size:1],[delay:40]
06-04 20:37:18.321 I/CLog ( 3469): 2025-06-04 20:37:18.321 T:5737 DEBUG: [107]BaseDataProvider::OnPreload,video_buffer_time=10360
06-04 20:37:18.332 E/storage_operate( 3469): HCDN_LOG: [T:3866][HINFO]:[f:BBNCheck],[l:3253],,[map_size:0]
06-04 20:37:18.339 I/CLog ( 3469): 2025-06-04 20:37:18.339 T:5700 DEBUG: GetCurrentDefinition bs=800, have 8 defs, ret=0xe3ee76a0
06-04 20:37:18.339 I/CLog ( 3469): 2025-06-04 20:37:18.339 T:5700 DEBUG: GetCurrentDefinition bs=800, have 8 defs, ret=0xe3ee76a0
06-04 20:37:18.339 I/CLog ( 3469): 2025-06-04 20:37:18.339 T:5700 DEBUG: HaveEnoughBufferToPlay,type:1,R:4416,V:10360,A:10281,min:3000,stuck_buf_level:1
06-04 20:37:18.340 I/CLog ( 3469): 2025-06-04 20:37:18.340 T:5700 DEBUG: GetCurrentDefinition bs=800, have 8 defs, ret=0xe3ee76a0
06-04 20:37:18.340 E/p2pfile ( 3469): HCDN_LOG: [T:5700][HFATAL]:[f:SetParam],[l:2728],[Task(0), key(video_time), value(-1004_800_65f888b7cc0c74b794ab89eac7137fc8_760754|14)]
06-04 20:37:18.340 E/hcdn_downloadengine( 3469): HCDN_LOG: [T:3861][HINFO]:[f:OnRecvSetParam],[l:2939], task_id : 3128192202,SetParam : video_time,14
06-04 20:37:18.340 I/CLog ( 3469): 2025-06-04 20:37:18.340 T:5700 DEBUG: HCDNABSProcess:small_segment_index=211,small_segment_parsed_pos=1370896
06-04 20:37:18.340 I/CLog ( 3469): 2025-06-04 20:37:18.340 T:5700 DEBUG: GetSmallIndexAndOffset_HCDN segments size 577, big_segment_index 211
06-04 20:37:18.340 W/abs_update_info( 3469): HCDN_LOG: [T:3861][HERROR]:[f:CalcVidCacheBytesFromReadOffset],[l:2489],UPDATA CALC:vid:65f888b7cc0c74b794ab89eac7137fc8,task_seg=2, task_offset=31457280, cur_cache_bytes=37896192, total_cache_bytes=37896192, fileToEnd=0
06-04 20:37:18.340 W/abs_update_info( 3469): HCDN_LOG: [T:3861][HERROR]:[f:UpdateForABS],[l:2545],UPDATA:vid:65f888b7cc0c74b794ab89eac7137fc8,i64ReadOffset=325505824, cache=37896192, CachedBytes=363402016
06-04 20:37:18.340 I/CLog ( 3469): 2025-06-04 20:37:18.340 T:5700 DEBUG: HCDNABSClient::SetParam name=DownloadStatusByPlayer, value={"CurrBitrate":3293264,"CachedSeconds":10360,"CurrDwnlChunk":211,"CurrPlayerPos":829182,"IsBitrateSwitching":0,"Speed":100}
06-04 20:37:18.340 W/abs ( 3469): HCDN_LOG: [T:5700][func:SetParam],[line:744],e4123580 szParamName = DownloadStatusByPlayer, szParamValue = {"CurrBitrate":3293264,"CachedSeconds":10360,"CurrDwnlChunk":211,"CurrPlayerPos":829182,"IsBitrateSwitching":0,"Speed":100}
06-04 20:37:18.340 E/Hcdn_DeTask3128192202( 3469): HCDN_LOG: [T:3861][HINFO]:[f:PostNotifyInfo],[l:248], notify type(6),info({"BandWidth":0,"CachedBytes":363402016,"IsAd":0,"IsP2P":0,"ReadBytes":325505824,"VID":"65f888b7cc0c74b794ab89eac7137fc8"}
06-04 20:37:18.340 E/Hcdn_DeTask3128192202( 3469): )
06-04 20:37:18.340 W/abs ( 3469): HCDN_LOG: [T:5700][func:SetParam],[line:790],Temp bitRate=2924723704 in DownloadStatusByPlayer prev dBitRate=3293264
06-04 20:37:18.341 E/playfilesourceNew( 3469): HCDN_LOG: [T:3820][HINFO]:[f:DoAsynNotifyInfoResponse],[l:2605],[TaskID(3128192202),type(6),msg({"BandWidth":0,"CachedBytes":363402016,"IsAd":0,"IsP2P":0,"ReadBytes":325505824,"VID":"65f888b7cc0c74b794ab89eac7137fc8"}
06-04 20:37:18.341 E/playfilesourceNew( 3469): )!]
06-04 20:37:18.341 W/abs ( 3469): HCDN_LOG: [T:5700][func:measure_hcdn_buffer],[line:722],measure_hcdn_buffer:hcdn_cached_bytes_=363254560, cur_player_parsed_chunk_idx_=211, cur_hcdn_cached_time=93498, hcdn_cached_time_=93498, hcdn_time_gap_=-3, cur_player_pos_=829182
06-04 20:37:18.341 W/abs ( 3469): HCDN_LOG: [T:3820][func:SetParam],[line:744],e4123580 szParamName = DownloadStatusByHcdn, szParamValue = {"BandWidth":0,"BandWidth_1":1597440,"CachedBytes":363402016,"IsAd":0,"IsP2P":0,"ReadBytes":325505824,"VID":"65f888b7cc0c74b794ab89eac7137fc8"}
06-04 20:37:18.341 W/abs ( 3469): HCDN_LOG: [T:3820][func:update_global_bandwidth_mean],[line:3230],insert_bandwidth_val 1705090:1597440, avg_bandwidth=1418179!
06-04 20:37:18.342 W/abs ( 3469): HCDN_LOG: [T:3820][func:measure_hcdn_buffer],[line:722],measure_hcdn_buffer:hcdn_cached_bytes_=363402016, cur_player_parsed_chunk_idx_=211, cur_hcdn_cached_time=93498, hcdn_cached_time_=93498, hcdn_time_gap_=0, cur_player_pos_=829182
06-04 20:37:18.342 E/abs_info( 3469): HCDN_LOG: [T:3820][HINFO]:[f:PostABSInfo],[l:7214],Task(5), SetABSInterface ret(1) SetParam("DownloadStatusByHcdn", {"BandWidth":0,"BandWidth_1":1597440,"CachedBytes":363402016,"IsAd":0,"IsP2P":0,"ReadBytes":325505824,"VID":"65f888b7cc0c74b794ab89eac7137fc8"}
06-04 20:37:18.342 E/abs_info( 3469): )
06-04 20:37:18.351 I/CLog ( 3469): 2025-06-04 20:37:18.351 T:5737 DEBUG: [107]BaseDataProvider::OnPreload,video_buffer_time=10360
06-04 20:37:18.358 E/storage_operate( 3469): HCDN_LOG: [T:3866][HINFO]:[f:UpdateBBNCache],[l:3267],[start_check_task]
06-04 20:37:18.365 I/CLog ( 3469): 2025-06-04 20:37:18.365 T:5700 DEBUG: Process:stuck_count:0
06-04 20:37:18.381 I/CLog ( 3469): 2025-06-04 20:37:18.381 T:5700 DEBUG: DataPush to read:130,size(14),[829200-829391]
06-04 20:37:18.382 I/CLog ( 3469): 2025-06-04 20:37:18.382 T:5737 DEBUG: [107]BaseDataProvider::OnPreload,video_buffer_time=10160
06-04 20:37:18.392 D/UNIPLAYERSDK( 3469): PumaPlayer.cpp:773 [PumaPlayer@0xa9c8825c]getCachePercent(37)
06-04 20:37:18.392 D/UNIPLAYERSDK( 3469): PumaPlayerAdaptor.cpp:343 [PumaPlayerAdaptor@0xe4c22224]KMSG_ACTION_GETCACHEPERCENT=37
06-04 20:37:18.392 D/UNIPLAYERSDK( 3469): BaseState.cpp:42 [PumaPlayerAdaptor@0xe4c22224@0x965830e8]{fm(KMSG_ACTION_GETCACHEPERCENT),ret(0),at(0,5148,5148),s(9,-2,-2,-2,9),fm=Message@0x964cfdd0{what=1048610,when=1705147,arg1=37,arg2=-1111111111,arg3=-1111111111,str=,timeout=0,obj=0x0,runnable=0x0,target=0xebea371c,watchDogOp=0x0}
06-04 20:37:18.393 D/UNIPLAYERSDK( 3469): BaseState.cpp:56 [PumaPlayerAdaptor@0xe4c22224@0x965830e8]{fm(KMSG_ACTION_GETCACHEPERCENT),o(AudioPrevi)-t(0,5148,5148),o(BitstreamS)-t(0,5148,5148),o(CarouselPr)-t(0,5148,5148),o(FastHelper)-t(0,5148,5148),o(HeaderTail)-t(0,5148,5148),o(HighLights)-t(0,5148,5148),o(InteractPr)-t(0,5148,5148),o(LivePrevie)-t(0,5148,5148),o(MediaPlaye)-t(0,5148,5148),o(MovieVVInf)-t(0,5148,5148),o(PPrecacher)-t(0,5148,5148),o(PlayerStuc)-t(0,5148,5148),o(PumaAbsCmd)-t(0,5148,5148),o(PumaAdvert)-t(0,5148,5148),o(PumaBuffer)-t(0,5148,5148),o(PumaError@)-t(0,5148,5148),o(PumaMediaD)-t(0,5148,5148),o(PumaPlayer)-t(0,5148,5148),o(PumaRate@0)-t(0,5148,5148),o(PumaSegmen)-t(0,5148,5148),o(PumaSubtit)-t(0,5148,5148),o(RefreshAcc)-t(0,5148,5148),o(RefreshSer)-t(0,5148,5148),o(SceneKeepe)-t(0,5148,5148),o(SetRate@0x)-t(0,5148,5148),o(SwitchEpis)-t(0,5148,5148),o(VideoPlayC)-t(0,5148,5148)}
06-04 20:37:18.393 D/UNIPLAYERSDK( 3469): MovieVVInfo.cpp:129 [pos]getCachePercent=37
06-04 20:37:18.408 E/storage_operate( 3469): HCDN_LOG: [T:3866][HINFO]:[f:BBNCheck],[l:3253],,[map_size:0]
06-04 20:37:18.412 I/CLog ( 3469): 2025-06-04 20:37:18.412 T:5737 DEBUG: [107]BaseDataProvider::OnPreload,video_buffer_time=10160
06-04 20:37:18.430 I/audio_hw_hal_stream( 491): aml_stream_out_info_print: out:0xe6245d80, stream_type:pcm, sync_mode:non tunnel, input_size:289718272 bytes
06-04 20:37:18.430 I/audio_hw_hal_stream( 491): aml_stream_out_info_print: last_time:1705137 ms (sec:1705, nsec:137209229), last_position:1508593 ms (72412496), cur_time:1705179 ms (sec:1705, nsec:179436104), cur_position:1508636 ms (72414544)
06-04 20:37:18.430 I/audio_hw_hal_stream( 491): aml_stream_out_info_print: time_gap:42 ms (thr:100 ms), position_gap:42 ms, delay:313 ms, jitter: Position gap is ahead of system time gap by 0 ms (thr:100 ms)
06-04 20:37:18.432 I/CLog ( 3469): 2025-06-04 20:37:18.432 T:5704 INFO: RM_PC::4,HEARTBEAT, spd[C:0,V:1000,A:1000],[drn:0,acpt:0],a[829089] v[829080, 829200], lev[a:53,v:51]
06-04 20:37:18.432 I/CLog ( 3469): 2025-06-04 20:37:18.432 T:5709 INFO: RM_PA::4,HEARTBEAT, o_pts:824793, dts:824793, volume:100, cbk:[0-0-0-0-0], rdr_spc:0
06-04 20:37:18.439 W/abs_update_info( 3469): HCDN_LOG: [T:3861][HERROR]:[f:CalcVidCacheBytesFromReadOffset],[l:2489],UPDATA CALC:vid:65f888b7cc0c74b794ab89eac7137fc8,task_seg=2, task_offset=31457280, cur_cache_bytes=37896192, total_cache_bytes=37896192, fileToEnd=0
06-04 20:37:18.439 W/abs_update_info( 3469): HCDN_LOG: [T:3861][HERROR]:[f:UpdateForABS],[l:2545],UPDATA:vid:65f888b7cc0c74b794ab89eac7137fc8,i64ReadOffset=325505824, cache=37896192, CachedBytes=363402016
06-04 20:37:18.439 E/Hcdn_DeTask3128192202( 3469): HCDN_LOG: [T:3861][HINFO]:[f:PostNotifyInfo],[l:248], notify type(6),info({"BandWidth":0,"CachedBytes":363402016,"IsAd":0,"IsP2P":0,"ReadBytes":325505824,"VID":"65f888b7cc0c74b794ab89eac7137fc8"}
06-04 20:37:18.439 E/Hcdn_DeTask3128192202( 3469): )
06-04 20:37:18.439 E/playfilesourceNew( 3469): HCDN_LOG: [T:3820][HINFO]:[f:DoAsynNotifyInfoResponse],[l:2605],[TaskID(3128192202),type(6),msg({"BandWidth":0,"CachedBytes":363402016,"IsAd":0,"IsP2P":0,"ReadBytes":325505824,"VID":"65f888b7cc0c74b794ab89eac7137fc8"}
06-04 20:37:18.439 E/playfilesourceNew( 3469): )!]
06-04 20:37:18.439 W/abs ( 3469): HCDN_LOG: [T:3820][func:SetParam],[line:744],e4123580 szParamName = DownloadStatusByHcdn, szParamValue = {"BandWidth":0,"BandWidth_1":1597440,"CachedBytes":363402016,"IsAd":0,"IsP2P":0,"ReadBytes":325505824,"VID":"65f888b7cc0c74b794ab89eac7137fc8"}
06-04 20:37:18.439 W/abs ( 3469): HCDN_LOG: [T:3820][func:update_global_bandwidth_mean],[line:3230],insert_bandwidth_val 1705190:1597440, avg_bandwidth=1414551!
06-04 20:37:18.439 W/abs ( 3469): HCDN_LOG: [T:3820][func:measure_hcdn_buffer],[line:722],measure_hcdn_buffer:hcdn_cached_bytes_=363402016, cur_player_parsed_chunk_idx_=211, cur_hcdn_cached_time=93498, hcdn_cached_time_=93498, hcdn_time_gap_=0, cur_player_pos_=829182
06-04 20:37:18.440 E/abs_info( 3469): HCDN_LOG: [T:3820][HINFO]:[f:PostABSInfo],[l:7214],Task(5), SetABSInterface ret(1) SetParam("DownloadStatusByHcdn", {"BandWidth":0,"BandWidth_1":1597440,"CachedBytes":363402016,"IsAd":0,"IsP2P":0,"ReadBytes":325505824,"VID":"65f888b7cc0c74b794ab89eac7137fc8"}
06-04 20:37:18.440 E/abs_info( 3469): )
06-04 20:37:18.442 I/CLog ( 3469): 2025-06-04 20:37:18.442 T:5737 DEBUG: [107]BaseDataProvider::OnPreload,video_buffer_time=10160
06-04 20:37:18.464 I/CLog ( 3469): 2025-06-04 20:37:18.464 T:5707 INFO: RM_PV::4,HEARTBEAT, o_pts:824560, dts:825000, pts:825040, m_clk:824562
06-04 20:37:18.472 I/CLog ( 3469): 2025-06-04 20:37:18.472 T:5737 DEBUG: [107]BaseDataProvider::OnPreload,video_buffer_time=10160
06-04 20:37:18.476 I/UNIPLAYERSDK( 3469): PlayerStuckDetector.cpp:158 []PlayerStuckDetectorListener::onHintReach.
06-04 20:37:18.476 I/UNIPLAYERSDK( 3469): PlayerStuckDetector.cpp:118 [PlayerStuckDetector@0x9658c0e0]isStuckDetected, currentProgress 824574, mLastDetectProgress 804569
06-04 20:37:18.476 I/UNIPLAYERSDK( 3469): PlayerStuckDetector.cpp:119 [PlayerStuckDetector@0x9658c0e0]isStuckDetected, currentTime 1749040638476, mLastDetectTime 1749040618475, mDetectThreshold 60000
06-04 20:37:18.476 I/UNIPLAYERSDK( 3469): PlayerStuckDetector.cpp:97 [PlayerStuckDetector@0x9658c0e0]stopDetect.
06-04 20:37:18.476 D/UNIPLAYERSDK( 3469): PositionHintHelper.cpp:165 (0xa055b880)stop() - mRunning=1
06-04 20:37:18.476 D/UNIPLAYERSDK( 3469): PositionHintHelper.cpp:137 (0xa055b880)clearHints()
06-04 20:37:18.476 I/UNIPLAYERSDK( 3469): PlayerStuckDetector.cpp:133 [PlayerStuckDetector@0x9658c0e0]setHint.
06-04 20:37:18.477 D/UNIPLAYERSDK( 3469): PositionHintHelper.cpp:92 (0xa055b880)addHint(1749040658477, 0, 0x9710a750)
06-04 20:37:18.477 D/UNIPLAYERSDK( 3469): PositionHintHelper.cpp:154 (0xa055b880)start() - mRunning=0
06-04 20:37:18.503 I/CLog ( 3469): 2025-06-04 20:37:18.503 T:5737 DEBUG: [107]BaseDataProvider::OnPreload,video_buffer_time=10160
06-04 20:37:18.503 E/playfilesourceNew( 3469): HCDN_LOG: [T:5737][HINFO]:[f:GetCacheSeconds],[l:846],[TaskID(3128192202), offset(31457280), CacheBytes(37896192)]
06-04 20:37:18.503 E/p2pfile ( 3469): HCDN_LOG: [T:5737][HINFO]:[f:GetBufferLength],[l:1726],[Task(5), offset(325505824), CacheBytes(37896192)]
06-04 20:37:18.503 I/CLog ( 3469): 2025-06-04 20:37:18.503 T:5737 DEBUG: [107]ProcessDownloadStatus:index=2,parsed_pos=31457100,m_spd=-1,r_spd=-1
06-04 20:37:18.505 I/VDA ( 497): [0##23]"ServiceDeviceTask INs=18097/18098, OUTs=18092/18097"" {IN=1/8, OUT=8/13[kAtAccelerator(0) kAtDevice(5) kAtClient(8)]}"
06-04 20:37:18.533 I/CLog ( 3469): 2025-06-04 20:37:18.533 T:5737 DEBUG: [107]BaseDataProvider::OnPreload,video_buffer_time=10160
06-04 20:37:18.543 E/Hcdn_DeTask3128192202( 3469): HCDN_LOG: [T:3861][HINFO]:[f:PostNotifyInfo],[l:248], notify type(6),info({"BandWidth":0,"CachedBytes":363402016,"IsAd":0,"IsP2P":0,"ReadBytes":325505824,"VID":"65f888b7cc0c74b794ab89eac7137fc8"}
06-04 20:37:18.543 E/Hcdn_DeTask3128192202( 3469): )
06-04 20:37:18.543 E/playfilesourceNew( 3469): HCDN_LOG: [T:3820][HINFO]:[f:DoAsynNotifyInfoResponse],[l:2605],[TaskID(3128192202),type(6),msg({"BandWidth":0,"CachedBytes":363402016,"IsAd":0,"IsP2P":0,"ReadBytes":325505824,"VID":"65f888b7cc0c74b794ab89eac7137fc8"}
06-04 20:37:18.543 E/playfilesourceNew( 3469): )!]
06-04 20:37:18.544 W/abs ( 3469): HCDN_LOG: [T:3820][func:SetParam],[line:744],e4123580 szParamName = DownloadStatusByHcdn, szParamValue = {"BandWidth":0,"BandWidth_1":1597440,"CachedBytes":363402016,"IsAd":0,"IsP2P":0,"ReadBytes":325505824,"VID":"65f888b7cc0c74b794ab89eac7137fc8"}
06-04 20:37:18.544 W/abs ( 3469): HCDN_LOG: [T:3820][func:update_global_bandwidth_mean],[line:3230],insert_bandwidth_val 1705300:1597440, avg_bandwidth=1411729!
06-04 20:37:18.545 W/abs ( 3469): HCDN_LOG: [T:3820][func:measure_hcdn_buffer],[line:722],measure_hcdn_buffer:hcdn_cached_bytes_=363402016, cur_player_parsed_chunk_idx_=211, cur_hcdn_cached_time=93498, hcdn_cached_time_=93498, hcdn_time_gap_=0, cur_player_pos_=829182
