06-04 12:13:03.346 D/SystemServerTiming( 707): OnBootPhase_550_com.android.server.pm.BackgroundInstallControlService
06-04 12:13:03.346 D/SystemServerTiming( 707): OnBootPhase_550_com.android.server.media.projection.MediaProjectionManagerService
06-04 12:13:03.346 D/SystemServerTiming( 707): OnBootPhase_550_com.android.server.slice.SliceManagerService$Lifecycle
06-04 12:13:03.346 D/SystemServerTiming( 707): OnBootPhase_550_com.android.server.stats.StatsCompanion$Lifecycle
06-04 12:13:03.346 D/SystemServerTiming( 707): OnBootPhase_550_com.android.server.scheduling.RebootReadinessManagerService$Lifecycle
06-04 12:13:03.346 D/SystemServerTiming( 707): OnBootPhase_550_com.android.server.stats.pull.StatsPullAtomService
06-04 12:13:03.346 D/SystemServerTiming( 707): OnBootPhase_550_com.android.server.stats.bootstrap.StatsBootstrapAtomService$Lifecycle
06-04 12:13:03.346 D/SystemServerTiming( 707): OnBootPhase_550_com.android.server.incident.IncidentCompanionService
06-04 12:13:03.346 D/SystemServerTiming( 707): OnBootPhase_550_com.android.server.sdksandbox.SdkSandboxManagerService$Lifecycle
06-04 12:13:03.346 D/SystemServerTiming( 707): OnBootPhase_550_com.android.server.adservices.AdServicesManagerService$Lifecycle
06-04 12:13:03.346 D/SystemServerTiming( 707): OnBootPhase_550_com.android.server.ondevicepersonalization.OnDevicePersonalizationSystemService$Lifecycle
06-04 12:13:03.346 D/SystemServerTiming( 707): OnBootPhase_550_com.android.server.autofill.AutofillManagerService
06-04 12:13:03.346 D/SystemServerTiming( 707): OnBootPhase_550_com.android.server.clipboard.ClipboardService
06-04 12:13:03.346 D/SystemServerTiming( 707): OnBootPhase_550_com.android.server.appbinding.AppBindingService$Lifecycle
06-04 12:13:03.347 I/AppBindingService( 707): Updating constants with: null
06-04 12:13:03.348 D/SystemServerTiming( 707): OnBootPhase_550_com.android.server.tracing.TracingServiceProxy
06-04 12:13:03.348 D/SystemServerTiming( 707): OnBootPhase_550_com.android.server.policy.PermissionPolicyService
06-04 12:13:03.348 D/SystemServerTiming( 707): Permission_grant_default_permissions-0
06-04 12:13:03.348 D/SystemServerTiming( 707): Permission_synchronize_permissions-0
06-04 12:13:03.349 D/SystemServerTiming( 707): Permission_synchronize_addPackages-0
06-04 12:13:03.356 W/BroadcastLoopers( 707): Found previously unknown looper Thread[AudioDeviceBroker,5,main]
06-04 12:13:03.378 D/HDMI ( 707): Process pid:707 is calling addHotplugEventListener
06-04 12:13:03.417 D/SystemServerTiming( 707): Permission_syncPackages-0
06-04 12:13:03.419 D/SystemServerTiming( 707): Permission_onInitialized-0
06-04 12:13:03.419 I/PermissionManager( 707): Permission ownership changed. Updating all permissions.
06-04 12:13:03.420 W/PermissionManager( 707): Package com.android.adservices.api is an APK in APEX, but has permission allowlist on the system image. Please bundle the allowlist in the com.android.adservices APEX instead.
06-04 12:13:03.425 W/ActivityManager( 707): Slow operation: 101ms so far, now at startProcess: returned from zygote!
06-04 12:13:03.494 W/PermissionManager( 707): Package com.android.providers.media.module is an APK in APEX, but has permission allowlist on the system image. Please bundle the allowlist in the com.android.mediaprovider APEX instead.
06-04 12:13:03.494 W/PermissionManager( 707): Package com.android.providers.media.module is an APK in APEX, but has permission allowlist on the system image. Please bundle the allowlist in the com.android.mediaprovider APEX instead.
06-04 12:13:03.494 W/PermissionManager( 707): Package com.android.providers.media.module is an APK in APEX, but has permission allowlist on the system image. Please bundle the allowlist in the com.android.mediaprovider APEX instead.
06-04 12:13:03.494 W/PermissionManager( 707): Package com.android.providers.media.module is an APK in APEX, but has permission allowlist on the system image. Please bundle the allowlist in the com.android.mediaprovider APEX instead.
06-04 12:13:03.494 W/PermissionManager( 707): Package com.android.providers.media.module is an APK in APEX, but has permission allowlist on the system image. Please bundle the allowlist in the com.android.mediaprovider APEX instead.
06-04 12:13:03.494 W/PermissionManager( 707): Package com.android.providers.media.module is an APK in APEX, but has permission allowlist on the system image. Please bundle the allowlist in the com.android.mediaprovider APEX instead.
06-04 12:13:03.494 W/PermissionManager( 707): Package com.android.providers.media.module is an APK in APEX, but has permission allowlist on the system image. Please bundle the allowlist in the com.android.mediaprovider APEX instead.
06-04 12:13:03.494 W/PermissionManager( 707): Package com.android.providers.media.module is an APK in APEX, but has permission allowlist on the system image. Please bundle the allowlist in the com.android.mediaprovider APEX instead.
06-04 12:13:03.494 W/PermissionManager( 707): Package com.android.providers.media.module is an APK in APEX, but has permission allowlist on the system image. Please bundle the allowlist in the com.android.mediaprovider APEX instead.
06-04 12:13:03.494 W/PermissionManager( 707): Package com.android.providers.media.module is an APK in APEX, but has permission allowlist on the system image. Please bundle the allowlist in the com.android.mediaprovider APEX instead.
06-04 12:13:03.494 W/PermissionManager( 707): Package com.android.providers.media.module is an APK in APEX, but has permission allowlist on the system image. Please bundle the allowlist in the com.android.mediaprovider APEX instead.
06-04 12:13:03.494 W/PermissionManager( 707): Package com.android.providers.media.module is an APK in APEX, but has permission allowlist on the system image. Please bundle the allowlist in the com.android.mediaprovider APEX instead.
06-04 12:13:03.495 W/PermissionManager( 707): Package com.android.providers.media.module is an APK in APEX, but has permission allowlist on the system image. Please bundle the allowlist in the com.android.mediaprovider APEX instead.
06-04 12:13:03.533 W/ActivityManager( 707): Slow operation: 209ms so far, now at startProcess: done updating battery stats
06-04 12:13:03.533 W/ActivityManager( 707): Slow operation: 209ms so far, now at startProcess: building log message
06-04 12:13:03.533 I/ActivityManager( 707): Start proc 912:com.android.systemui/u0a52 for service {com.android.systemui/com.android.systemui.wallpapers.ImageWallpaper}
06-04 12:13:03.533 W/ActivityManager( 707): Slow operation: 209ms so far, now at startProcess: starting to update pids map
06-04 12:13:03.533 W/ActivityManager( 707): Slow operation: 209ms so far, now at startProcess: done updating pids map
06-04 12:13:03.534 W/SystemServiceManager( 707): Service com.android.server.policy.PermissionPolicyService took 187 ms in onBootPhase
06-04 12:13:03.534 D/SystemServerTiming( 707): OnBootPhase_550_com.android.server.pm.StagingManager$Lifecycle
06-04 12:13:03.534 D/SystemServerTiming( 707): OnBootPhase_550_com.android.server.app.GameManagerService$Lifecycle
06-04 12:13:03.534 D/SystemServerTiming( 707): OnBootPhase_550_com.android.safetycenter.SafetyCenterService
06-04 12:13:03.534 D/SystemServerTiming( 707): OnBootPhase_550_com.android.server.appsearch.AppSearchModule$Lifecycle
06-04 12:13:03.534 D/SystemServerTiming( 707): OnBootPhase_550_com.android.server.media.MediaCommunicationService
06-04 12:13:03.534 D/SystemServerTiming( 707): OnBootPhase_550_com.android.server.compat.overrides.AppCompatOverridesService$Lifecycle
06-04 12:13:03.534 D/SystemServerTiming( 707): OnBootPhase_550_com.android.server.healthconnect.HealthConnectManagerService
06-04 12:13:03.534 D/SystemServerTiming( 707): OnBootPhase_550_com.android.server.devicelock.DeviceLockService
06-04 12:13:03.534 D/DeviceLockService( 707): onBootPhase: 550
06-04 12:13:03.534 D/SystemServerTiming( 707): StartObservingNativeCrashes
06-04 12:13:03.535 D/GameManagerService( 707): User ID '0' does not have a Game Mode selected for package: 'com.android.systemui'
06-04 12:13:03.535 D/SystemServerTiming( 707): RegisterAppOpsPolicy
06-04 12:13:03.536 D/CompatibilityChangeReporter( 707): Compat change id reported: 168419799; UID 10052; state: DISABLED
06-04 12:13:03.536 D/CompatibilityChangeReporter( 707): Compat change id reported: 273564678; UID 10052; state: DISABLED
06-04 12:13:03.541 I/UsbPortManager( 707): all: opID:1 successful
06-04 12:13:03.567 D/SystemServerTiming( 707): MakeNetworkManagementServiceReady
06-04 12:13:03.567 D/SystemServerTimingAsync( 707): InitThreadPoolExec:WebViewFactoryPreparation
06-04 12:13:03.567 I/SystemServer( 707): WebViewFactoryPreparation
06-04 12:13:03.567 D/SystemServerTimingAsync( 707): WebViewFactoryPreparation
06-04 12:13:03.580 D/SystemServerTiming( 707): MakeConnectivityServiceReady
06-04 12:13:03.582 D/CompatibilityChangeReporter( 707): Compat change id reported: 265195908; UID 10052; state: ENABLED
06-04 12:13:03.597 W/BatteryExternalStatsWorker( 707): error reading modem stats:ERROR_PHONE_NOT_AVAILABLE
06-04 12:13:03.597 I/ActivityManager( 707): android is exempt from freezer
06-04 12:13:03.598 D/CompatibilityChangeReporter( 707): Compat change id reported: 135634846; UID 1000; state: DISABLED
06-04 12:13:03.598 D/CompatibilityChangeReporter( 707): Compat change id reported: 177438394; UID 1000; state: DISABLED
06-04 12:13:03.598 D/CompatibilityChangeReporter( 707): Compat change id reported: 135772972; UID 1000; state: DISABLED
06-04 12:13:03.599 D/CompatibilityChangeReporter( 707): Compat change id reported: 178038272; UID 1000; state: DISABLED
06-04 12:13:03.617 I/ActivityManager( 707): Start proc 932:WebViewLoader-armeabi-v7a/1037 [android.webkit.WebViewLibraryLoader$RelroFileCreator] for
06-04 12:13:03.621 W/NetworkPolicy( 707): setRestrictBackgroundUL: already false
06-04 12:13:03.627 D/AudioService( 707): No vibrator found
06-04 12:13:03.638 D/CompatibilityChangeReporter( 707): Compat change id reported: 218533173; UID 10077; state: DISABLED
06-04 12:13:03.639 D/CompatibilityChangeReporter( 707): Compat change id reported: 262645982; UID 10077; state: DISABLED
06-04 12:13:03.641 D/CompatibilityChangeReporter( 707): Compat change id reported: 218533173; UID 10045; state: ENABLED
06-04 12:13:03.642 D/CompatibilityChangeReporter( 707): Compat change id reported: 262645982; UID 10045; state: ENABLED
06-04 12:13:03.667 D/CompatibilityChangeReporter( 707): Compat change id reported: 218533173; UID 10050; state: DISABLED
06-04 12:13:03.668 D/CompatibilityChangeReporter( 707): Compat change id reported: 262645982; UID 10050; state: DISABLED
06-04 12:13:03.671 D/CompatibilityChangeReporter( 707): Compat change id reported: 171306433; UID 10050; state: DISABLED
06-04 12:13:03.672 D/CompatibilityChangeReporter( 707): Compat change id reported: 218533173; UID 10048; state: ENABLED
06-04 12:13:03.693 D/CompatibilityChangeReporter( 707): Compat change id reported: 170503758; UID 10052; state: ENABLED
06-04 12:13:03.703 D/GameManagerService( 707): User ID '0' does not have a Game Mode selected for package: 'android'
06-04 12:13:03.703 D/CompatibilityChangeReporter( 707): Compat change id reported: 168419799; UID 1000; state: DISABLED
06-04 12:13:03.704 D/CompatibilityChangeReporter( 707): Compat change id reported: 273564678; UID 1000; state: DISABLED
06-04 12:13:03.708 D/CompatibilityChangeReporter( 707): Compat change id reported: 262645982; UID 10048; state: ENABLED
06-04 12:13:03.710 D/CompatibilityChangeReporter( 707): Compat change id reported: 218533173; UID 10040; state: DISABLED
06-04 12:13:03.710 D/CompatibilityChangeReporter( 707): Compat change id reported: 262645982; UID 10040; state: DISABLED
06-04 12:13:03.740 D/SystemServerTiming( 707): MakeVpnManagerServiceReady
06-04 12:13:03.748 D/SystemServerTiming( 707): MakeVcnManagementServiceReady
06-04 12:13:03.756 D/SystemServerTiming( 707): MakeNetworkPolicyServiceReady
06-04 12:13:03.766 I/android.hardware.wifi-service.droidlogic( 524): check loading wifi driver is ok...
06-04 12:13:03.766 W/android.hardware.wifi-service.droidlogic( 524): driver loaded
06-04 12:13:03.773 I/android.hardware.wifi-service.droidlogic( 524): After driver loaded, wifi_name:aml_w2_s
06-04 12:13:03.773 I/android.hardware.wifi-service.droidlogic( 524): Even /data/vendor/wifi/wpa/wpa_supplicant.conf exists, still overwrite it.
06-04 12:13:03.774 I/android.hardware.wifi-service.droidlogic( 524): Migrated conf file from /vendor/etc/wifi/unbcm_supplicant.conf to /data/vendor/wifi/wpa/wpa_supplicant.conf: Operation not permitted
06-04 12:13:03.780 I/android.hardware.wifi-service.droidlogic( 524): Even /data/vendor/wifi/wpa/p2p_supplicant.conf exists, still overwrite it.
06-04 12:13:03.780 I/android.hardware.wifi-service.droidlogic( 524): Migrated conf file from /vendor/etc/wifi/p2p_supplicant.conf to /data/vendor/wifi/wpa/p2p_supplicant.conf: Read-only file system
06-04 12:13:03.780 I/android.hardware.wifi-service.droidlogic( 524): no bcm and uwe wifi ,need use p2p0 with p2p interface
06-04 12:13:03.782 I/android.hardware.wifi-service.droidlogic( 524): Wifi HAL started
06-04 12:13:03.787 W/android.hardware.wifi-service.droidlogic( 524): No active wlan interfaces in use! Using default
06-04 12:13:03.787 E/android.hardware.wifi-service.droidlogic( 524): Unknown iface name: wlan0
06-04 12:13:03.787 E/android.hardware.wifi-service.droidlogic( 524): Unknown iface name: wlan0
06-04 12:13:03.826 W/android.hardware.wifi-service.droidlogic( 524): No active wlan interfaces in use! Using default
06-04 12:13:03.826 E/android.hardware.wifi-service.droidlogic( 524): Unknown iface name: wlan0
06-04 12:13:03.826 E/android.hardware.wifi-service.droidlogic( 524): Unknown iface name: wlan0
06-04 12:13:03.872 D/SystemServerTiming( 707): PhaseThirdPartyAppsCanStart
06-04 12:13:03.872 I/SystemServiceManager( 707): Starting phase 600
06-04 12:13:03.872 D/SystemServerTiming( 707): OnBootPhase_600
06-04 12:13:03.872 D/SystemServerTiming( 707): OnBootPhase_600_com.android.server.security.FileIntegrityService
06-04 12:13:03.872 D/SystemServerTiming( 707): OnBootPhase_600_com.android.server.pm.Installer
06-04 12:13:03.872 D/SystemServerTiming( 707): OnBootPhase_600_com.android.server.os.DeviceIdentifiersPolicyService
06-04 12:13:03.872 D/SystemServerTiming( 707): OnBootPhase_600_com.android.server.flags.FeatureFlagsService
06-04 12:13:03.872 D/SystemServerTiming( 707): OnBootPhase_600_com.android.server.uri.UriGrantsManagerService$Lifecycle
06-04 12:13:03.872 D/SystemServerTiming( 707): OnBootPhase_600_com.android.server.powerstats.PowerStatsService
06-04 12:13:03.872 D/SystemServerTiming( 707): OnBootPhase_600_com.android.server.permission.access.AccessCheckingService
06-04 12:13:03.873 D/SystemServerTiming( 707): OnBootPhase_600_com.android.server.wm.ActivityTaskManagerService$Lifecycle
06-04 12:13:03.873 D/SystemServerTiming( 707): OnBootPhase_600_com.android.server.am.ActivityManagerService$Lifecycle
06-04 12:13:03.874 I/ExplicitHealthCheckController( 707): Explicit health checks enabled.
06-04 12:13:03.874 I/PackageWatchdog( 707): Syncing state, reason: health check state enabled
06-04 12:13:03.874 I/PackageWatchdog( 707): Not pruning observers, elapsed time: 0ms
06-04 12:13:03.874 I/PackageWatchdog( 707): Cancelling state sync, nothing to sync
06-04 12:13:03.875 D/SystemServerTiming( 707): OnBootPhase_600_com.android.server.pm.DataLoaderManagerService
06-04 12:13:03.875 D/SystemServerTiming( 707): OnBootPhase_600_com.android.server.power.PowerManagerService
06-04 12:13:03.876 I/PackageWatchdog( 707): Saving observer state to file
06-04 12:13:03.877 D/SystemServerTiming( 707): OnBootPhase_600_com.android.server.power.ThermalManagerService
06-04 12:13:03.877 D/SystemServerTiming( 707): OnBootPhase_600_com.android.server.power.hint.HintManagerService
06-04 12:13:03.877 D/SystemServerTiming( 707): OnBootPhase_600_com.android.server.recoverysystem.RecoverySystemService$Lifecycle
06-04 12:13:03.877 D/SystemServerTiming( 707): OnBootPhase_600_com.android.server.lights.LightsService
06-04 12:13:03.877 D/SystemServerTiming( 707): OnBootPhase_600_com.android.server.display.DisplayManagerService
06-04 12:13:03.877 D/SystemServerTiming( 707): OnBootPhase_600_com.android.server.pm.verify.domain.DomainVerificationService
06-04 12:13:03.877 D/SystemServerTiming( 707): OnBootPhase_600_com.android.server.pm.PackageInstallerService$Lifecycle
06-04 12:13:03.877 D/SystemServerTiming( 707): OnBootPhase_600_com.android.server.pm.UserManagerService$LifeCycle
06-04 12:13:03.877 D/SystemServerTiming( 707): OnBootPhase_600_com.android.server.om.OverlayManagerService
06-04 12:13:03.877 D/SystemServerTiming( 707): OnBootPhase_600_com.android.server.resources.ResourcesManagerService
06-04 12:13:03.877 D/SystemServerTiming( 707): OnBootPhase_600_com.android.server.sensorprivacy.SensorPrivacyService
06-04 12:13:03.877 D/SystemServerTiming( 707): OnBootPhase_600_com.android.server.sensors.SensorService
06-04 12:13:03.877 D/SystemServerTiming( 707): OnBootPhase_600_com.android.server.SystemConfigService
06-04 12:13:03.877 D/SystemServerTiming( 707): OnBootPhase_600_com.android.server.BatteryService
06-04 12:13:03.877 D/SystemServerTiming( 707): OnBootPhase_600_com.android.server.usage.UsageStatsService
06-04 12:13:03.877 D/SystemServerTiming( 707): OnBootPhase_600_com.android.server.webkit.WebViewUpdateService
06-04 12:13:03.877 D/SystemServerTiming( 707): OnBootPhase_600_com.android.server.CachedDeviceStateService
06-04 12:13:03.877 D/SystemServerTiming( 707): OnBootPhase_600_com.android.server.BinderCallsStatsService$LifeCycle
06-04 12:13:03.877 D/SystemServerTiming( 707): OnBootPhase_600_com.android.server.LooperStatsService$Lifecycle
06-04 12:13:03.877 D/SystemServerTiming( 707): OnBootPhase_600_com.android.server.rollback.RollbackManagerService
06-04 12:13:03.877 D/SystemServerTiming( 707): OnBootPhase_600_com.android.server.os.NativeTombstoneManagerService
06-04 12:13:03.877 D/SystemServerTiming( 707): OnBootPhase_600_com.android.server.os.BugreportManagerService
06-04 12:13:03.877 D/SystemServerTiming( 707): OnBootPhase_600_com.android.server.gpu.GpuService
06-04 12:13:03.877 D/SystemServerTiming( 707): OnBootPhase_600_com.android.server.security.rkp.RemoteProvisioningService
06-04 12:13:03.877 D/SystemServerTiming( 707): OnBootPhase_600_com.android.server.security.KeyChainSystemService
06-04 12:13:03.877 D/SystemServerTiming( 707): OnBootPhase_600_com.android.server.BinaryTransparencyService
06-04 12:13:03.877 D/SystemServerTiming( 707): OnBootPhase_600_com.android.server.accounts.AccountManagerService$Lifecycle
06-04 12:13:03.877 D/SystemServerTiming( 707): OnBootPhase_600_com.android.server.content.ContentService$Lifecycle
06-04 12:13:03.877 D/SystemServerTiming( 707): OnBootPhase_600_com.android.server.deviceconfig.DeviceConfigInit$Lifecycle
06-04 12:13:03.877 D/SystemServerTiming( 707): OnBootPhase_600_com.android.server.DropBoxManagerService
06-04 12:13:03.877 D/SystemServerTiming( 707): OnBootPhase_600_com.android.role.RoleService
06-04 12:13:03.877 D/SystemServerTiming( 707): OnBootPhase_600_com.android.server.vibrator.VibratorManagerService$Lifecycle
06-04 12:13:03.878 D/SystemServerTiming( 707): OnBootPhase_600_com.android.server.tare.InternalResourceService
06-04 12:13:03.878 D/SystemServerTiming( 707): OnBootPhase_600_com.android.server.alarm.AlarmManagerService
06-04 12:13:03.878 D/SystemServerTiming( 707): OnBootPhase_600_com.android.server.devicestate.DeviceStateManagerService
06-04 12:13:03.878 D/SystemServerTiming( 707): OnBootPhase_600_com.android.server.camera.CameraServiceProxy
06-04 12:13:03.878 D/SystemServerTiming( 707): OnBootPhase_600_com.android.server.bluetooth.BluetoothService
06-04 12:13:03.878 D/SystemServerTiming( 707): OnBootPhase_600_com.android.server.connectivity.IpConnectivityMetrics
06-04 12:13:03.878 D/SystemServerTiming( 707): OnBootPhase_600_com.android.server.net.watchlist.NetworkWatchlistService$Lifecycle
06-04 12:13:03.878 D/SystemServerTiming( 707): OnBootPhase_600_com.android.server.PinnerService
06-04 12:13:03.878 D/SystemServerTiming( 707): OnBootPhase_600_com.android.server.integrity.AppIntegrityManagerService
06-04 12:13:03.878 D/SystemServerTiming( 707): OnBootPhase_600_com.android.server.logcat.LogcatManagerService
06-04 12:13:03.878 D/SystemServerTiming( 707): OnBootPhase_600_com.android.server.inputmethod.InputMethodManagerService$Lifecycle
06-04 12:13:03.878 D/SystemServerTiming( 707): OnBootPhase_600_com.android.server.accessibility.AccessibilityManagerService$Lifecycle
06-04 12:13:03.879 D/SystemServerTiming( 707): OnBootPhase_600_com.android.server.StorageManagerService$Lifecycle
06-04 12:13:03.879 D/SystemServerTiming( 707): OnBootPhase_600_com.android.server.usage.StorageStatsService$Lifecycle
06-04 12:13:03.879 D/SystemServerTiming( 707): OnBootPhase_600_com.android.server.UiModeManagerService
06-04 12:13:03.879 D/SystemServerTiming( 707): OnBootPhase_600_com.android.server.locales.LocaleManagerService
06-04 12:13:03.879 D/SystemServerTiming( 707): OnBootPhase_600_com.android.server.grammaticalinflection.GrammaticalInflectionService
06-04 12:13:03.879 D/SystemServerTiming( 707): OnBootPhase_600_com.android.server.apphibernation.AppHibernationService
06-04 12:13:03.879 D/SystemServerTiming( 707): OnBootPhase_600_com.android.server.locksettings.LockSettingsService$Lifecycle
06-04 12:13:03.879 D/SystemServerTiming( 707): OnBootPhase_600_com.android.server.PersistentDataBlockService
06-04 12:13:03.879 D/SystemServerTiming( 707): OnBootPhase_600_com.android.server.testharness.TestHarnessModeService
06-04 12:13:03.879 D/SystemServerTiming( 707): OnBootPhase_600_com.android.server.oemlock.OemLockService
06-04 12:13:03.879 D/SystemServerTiming( 707): OnBootPhase_600_com.android.server.DeviceIdleController
06-04 12:13:03.879 D/SystemServerTiming( 707): OnBootPhase_600_com.android.server.devicepolicy.DevicePolicyManagerService$Lifecycle
06-04 12:13:03.879 D/SystemServerTiming( 707): OnBootPhase_600_com.android.server.texttospeech.TextToSpeechManagerService
06-04 12:13:03.880 D/SystemServerTiming( 707): OnBootPhase_600_com.android.server.ambientcontext.AmbientContextManagerService
06-04 12:13:03.880 D/SystemServerTiming( 707): OnBootPhase_600_com.android.server.wearable.WearableSensingManagerService
06-04 12:13:03.880 D/SystemServerTiming( 707): OnBootPhase_600_com.android.server.speech.SpeechRecognitionManagerService
06-04 12:13:03.946 W/SystemServiceManager( 707): Service com.android.server.speech.SpeechRecognitionManagerService took 66 ms in onBootPhase
06-04 12:13:03.946 D/SystemServerTiming( 707): OnBootPhase_600_com.android.server.searchui.SearchUiManagerService
06-04 12:13:03.946 D/SystemServerTiming( 707): OnBootPhase_600_com.android.server.smartspace.SmartspaceManagerService
06-04 12:13:03.947 D/SystemServerTiming( 707): OnBootPhase_600_com.android.server.graphics.fonts.FontManagerService$Lifecycle
06-04 12:13:03.947 D/SystemServerTiming( 707): OnBootPhase_600_com.android.server.textservices.TextServicesManagerService$Lifecycle
06-04 12:13:03.947 D/SystemServerTiming( 707): OnBootPhase_600_com.android.server.textclassifier.TextClassificationManagerService$Lifecycle
06-04 12:13:03.947 D/SystemServerTiming( 707): OnBootPhase_600_com.android.server.NetworkScoreService$Lifecycle
06-04 12:13:03.947 D/SystemServerTiming( 707): OnBootPhase_600_com.android.server.NetworkStatsServiceInitializer
06-04 12:13:03.947 D/SystemServerTiming( 707): OnBootPhase_600_com.android.server.wifi.WifiService
06-04 12:13:03.947 D/SystemServerTiming( 707): OnBootPhase_600_com.android.server.wifi.scanner.WifiScanningService
06-04 12:13:03.947 D/SystemServerTiming( 707): OnBootPhase_600_com.android.server.wifi.p2p.WifiP2pService
06-04 12:13:03.947 D/SystemServerTiming( 707): OnBootPhase_600_com.android.server.ConnectivityServiceInitializer
06-04 12:13:03.981 I/android.hardware.wifi-service.droidlogic( 524): Adding interface handle for p2p0
06-04 12:13:03.981 I/android.hardware.wifi-service.droidlogic( 524): Adding interface handle for ap0
06-04 12:13:03.981 I/android.hardware.wifi-service.droidlogic( 524): Adding interface handle for wlan0
06-04 12:13:03.981 W/android.hardware.wifi-service.droidlogic( 524): No active wlan interfaces in use! Using default
06-04 12:13:03.981 E/android.hardware.wifi-service.droidlogic( 524): Failed to register radio mode change callback
06-04 12:13:03.981 W/android.hardware.wifi-service.droidlogic( 524): No active wlan interfaces in use! Using default
06-04 12:13:03.982 E/android.hardware.wifi-service.droidlogic( 524): Failed to get SupportedIfaceCombinations matrix from legacy HAL: NOT_SUPPORTED
06-04 12:13:03.982 I/android.hardware.wifi-service.droidlogic( 524): Configured chip in mode 3
06-04 12:13:03.982 W/android.hardware.wifi-service.droidlogic( 524): No active wlan interfaces in use! Using default
06-04 12:13:03.984 W/android.hardware.wifi-service.droidlogic( 524): No active wlan interfaces in use! Using default
06-04 12:13:04.012 I/android.hardware.wifi-service.droidlogic( 524): Adding interface handle for p2p0
06-04 12:13:04.012 I/android.hardware.wifi-service.droidlogic( 524): Adding interface handle for ap0
06-04 12:13:04.012 I/android.hardware.wifi-service.droidlogic( 524): Adding interface handle for wlan0
06-04 12:13:04.012 E/android.hardware.wifi-service.droidlogic( 524): Failed to set DFS flag; DFS channels may be unavailable.
06-04 12:13:04.043 W/SystemServiceManager( 707): Service com.android.server.ConnectivityServiceInitializer took 96 ms in onBootPhase
06-04 12:13:04.043 D/SystemServerTiming( 707): OnBootPhase_600_com.android.server.notification.NotificationManagerService
06-04 12:13:04.129 W/SystemServiceManager( 707): Service com.android.server.notification.NotificationManagerService took 86 ms in onBootPhase
06-04 12:13:04.129 D/SystemServerTiming( 707): OnBootPhase_600_com.android.server.storage.DeviceStorageMonitorService
06-04 12:13:04.129 D/SystemServerTiming( 707): OnBootPhase_600_com.android.server.timedetector.TimeDetectorService$Lifecycle
06-04 12:13:04.129 D/SystemServerTiming( 707): OnBootPhase_600_com.android.server.location.LocationManagerService$Lifecycle
06-04 12:13:04.130 E/android.hardware.wifi-service.droidlogic( 524): Failed to get chip capabilities from legacy HAL: NOT_SUPPORTED
06-04 12:13:04.150 I/wificond( 629): createClientInterface: wiphy_index 0 iface_name wlan0
06-04 12:13:04.152 I/wificond( 629): create scanner for interface with index: 16
06-04 12:13:04.152 I/wificond( 629): subscribe scan result for interface with index: 16
06-04 12:13:04.153 I/wificond( 629): add channel type 0 support at wiphy index: 0
06-04 12:13:04.153 I/wificond( 629): add channel type 1 support at wiphy index: 0
06-04 12:13:04.219 D/CompatibilityChangeReporter( 707): Compat change id reported: 261072174; UID 1000; state: ENABLED
06-04 12:13:04.294 W/SystemServiceManager( 707): Service com.android.server.location.LocationManagerService$Lifecycle took 165 ms in onBootPhase
06-04 12:13:04.294 D/SystemServerTiming( 707): OnBootPhase_600_com.android.server.timezonedetector.TimeZoneDetectorService$Lifecycle
06-04 12:13:04.294 D/SystemServerTiming( 707): OnBootPhase_600_com.android.server.location.altitude.AltitudeService$Lifecycle
06-04 12:13:04.294 D/SystemServerTiming( 707): OnBootPhase_600_com.android.server.timezonedetector.location.LocationTimeZoneManagerService$Lifecycle
06-04 12:13:04.294 D/SystemServerTiming( 707): OnBootPhase_600_com.android.server.search.SearchManagerService$Lifecycle
06-04 12:13:04.295 D/SystemServerTiming( 707): OnBootPhase_600_com.android.server.wallpaper.WallpaperManagerService$Lifecycle
06-04 12:13:04.295 D/WallpaperManagerService( 707): Wallpaper_switch-user-0
06-04 12:13:04.295 V/WallpaperManagerService( 707): bindWallpaperComponentLocked: componentName=ComponentInfo{com.android.systemui/com.android.systemui.wallpapers.ImageWallpaper}
06-04 12:13:04.296 D/WallpaperManagerService( 707): WPMS.bindWallpaperComponentLocked-ComponentInfo{com.android.systemui/com.android.systemui.wallpapers.ImageWallpaper}
06-04 12:13:04.304 E/SettingsState( 707): Failed to write settings, restoring old file
06-04 12:13:04.304 E/SettingsState( 707): java.io.SyncFailedException: sync failed
06-04 12:13:04.304 E/SettingsState( 707): at java.io.FileDescriptor.sync(Native Method)
06-04 12:13:04.304 E/SettingsState( 707): at com.android.providers.settings.SettingsState.doWriteState(SettingsState.java:925)
06-04 12:13:04.304 E/SettingsState( 707): at com.android.providers.settings.SettingsState.-$$Nest$mdoWriteState(SettingsState.java:0)
06-04 12:13:04.304 E/SettingsState( 707): at com.android.providers.settings.SettingsState$MyHandler.handleMessage(SettingsState.java:1279)
06-04 12:13:04.304 E/SettingsState( 707): at android.os.Handler.dispatchMessage(Handler.java:106)
06-04 12:13:04.304 E/SettingsState( 707): at android.os.Looper.loopOnce(Looper.java:205)
06-04 12:13:04.304 E/SettingsState( 707): at android.os.Looper.loop(Looper.java:294)
06-04 12:13:04.304 E/SettingsState( 707): at android.os.HandlerThread.run(HandlerThread.java:67)
06-04 12:13:04.324 W/PackageManager( 707): Invalid dex load report. loadingPackageName=null, uid=1037
06-04 12:13:04.359 E/android.hardware.wifi-service.droidlogic( 524): Failed to get SupportedRadioCombinations matrix from legacy HAL: NOT_SUPPORTED
06-04 12:13:04.376 W/SystemServiceManager( 707): Service com.android.server.wallpaper.WallpaperManagerService$Lifecycle took 82 ms in onBootPhase
06-04 12:13:04.377 D/SystemServerTiming( 707): OnBootPhase_600_com.android.server.wallpapereffectsgeneration.WallpaperEffectsGenerationManagerService
06-04 12:13:04.377 D/SystemServerTiming( 707): OnBootPhase_600_com.android.server.audio.AudioService$Lifecycle
06-04 12:13:04.377 D/SystemServerTiming( 707): OnBootPhase_600_com.android.server.soundtrigger_middleware.SoundTriggerMiddlewareService$Lifecycle
06-04 12:13:04.377 D/SystemServerTiming( 707): OnBootPhase_600_com.android.server.adb.AdbService$Lifecycle
06-04 12:13:04.377 D/SystemServerTiming( 707): OnBootPhase_600_com.android.server.usb.UsbService$Lifecycle
06-04 12:13:04.377 D/SystemServerTiming( 707): OnBootPhase_600_com.android.server.twilight.TwilightService
06-04 12:13:04.377 D/SystemServerTiming( 707): OnBootPhase_600_com.android.server.display.color.ColorDisplayService
06-04 12:13:04.377 D/SystemServerTiming( 707): OnBootPhase_600_com.android.server.job.JobSchedulerService
06-04 12:13:04.385 D/SystemServerTiming( 707): OnBootPhase_600_com.android.server.soundtrigger.SoundTriggerService
06-04 12:13:04.385 D/SoundTriggerService( 707): onBootPhase: 600 : false
06-04 12:13:04.388 D/SystemServerTiming( 707): OnBootPhase_600_com.android.server.trust.TrustManagerService
06-04 12:13:04.390 I/keystore2( 285): system/security/keystore2/src/authorization.rs:143 - on_lock_screen_event(r#UNLOCK, user_id=0, password.is_some()=false, unlocking_sids=Some([]))
06-04 12:13:04.391 D/SystemServerTiming( 707): OnBootPhase_600_com.android.server.backup.BackupManagerService$Lifecycle
06-04 12:13:04.391 D/SystemServerTiming( 707): OnBootPhase_600_com.android.server.appwidget.AppWidgetService
06-04 12:13:04.391 D/SystemServerTiming( 707): OnBootPhase_600_com.android.server.voiceinteraction.VoiceInteractionManagerService
06-04 12:13:04.393 D/SystemServerTiming( 707): OnBootPhase_600_com.android.server.GestureLauncherService
06-04 12:13:04.396 D/SystemServerTiming( 707): OnBootPhase_600_com.android.server.SensorNotificationService
06-04 12:13:04.396 D/SystemServerTiming( 707): OnBootPhase_600_com.android.server.emergency.EmergencyAffordanceService
06-04 12:13:04.397 D/SystemServerTiming( 707): OnBootPhase_600_com.android.server.blob.BlobStoreManagerService
06-04 12:13:04.467 W/BroadcastLoopers( 707): Found previously unknown looper Thread[NetworkStats,5,main]
06-04 12:13:04.530 W/SystemServiceManager( 707): Service com.android.server.blob.BlobStoreManagerService took 134 ms in onBootPhase
06-04 12:13:04.531 D/SystemServerTiming( 707): OnBootPhase_600_com.android.server.dreams.DreamManagerService
06-04 12:13:04.534 D/SystemServerTiming( 707): OnBootPhase_600_com.android.server.security.AttestationVerificationManagerService
06-04 12:13:04.534 D/SystemServerTiming( 707): OnBootPhase_600_com.android.server.restrictions.RestrictionsManagerService
06-04 12:13:04.534 D/SystemServerTiming( 707): OnBootPhase_600_com.android.server.media.MediaSessionService
06-04 12:13:04.534 D/SystemServerTiming( 707): OnBootPhase_600_com.android.server.hdmi.HdmiControlService
06-04 12:13:04.534 D/SystemServerTiming( 707): OnBootPhase_600_com.android.server.tv.interactive.TvInteractiveAppManagerService
06-04 12:13:04.543 D/SystemServerTiming( 707): OnBootPhase_600_com.android.server.tv.TvInputManagerService
06-04 12:13:04.544 D/SystemServerTiming( 707): OnBootPhase_600_com.android.server.media.MediaResourceMonitorService
06-04 12:13:04.544 D/SystemServerTiming( 707): OnBootPhase_600_com.android.server.tv.TvRemoteService
06-04 12:13:04.544 D/SystemServerTiming( 707): OnBootPhase_600_com.android.server.biometrics.BiometricService
06-04 12:13:04.544 D/SystemServerTiming( 707): OnBootPhase_600_com.android.server.biometrics.AuthService
06-04 12:13:04.544 D/SystemServerTiming( 707): OnBootPhase_600_com.android.server.pm.ShortcutService$Lifecycle
06-04 12:13:04.544 D/SystemServerTiming( 707): OnBootPhase_600_com.android.server.pm.LauncherAppsService
06-04 12:13:04.544 D/SystemServerTiming( 707): OnBootPhase_600_com.android.server.pm.CrossProfileAppsService
06-04 12:13:04.544 D/SystemServerTiming( 707): OnBootPhase_600_com.android.server.people.PeopleService
06-04 12:13:04.544 D/SystemServerTiming( 707): OnBootPhase_600_com.android.server.media.metrics.MediaMetricsManagerService
06-04 12:13:04.544 D/SystemServerTiming( 707): OnBootPhase_600_com.android.server.pm.BackgroundInstallControlService
06-04 12:13:04.544 D/SystemServerTiming( 707): OnBootPhase_600_com.android.server.media.projection.MediaProjectionManagerService
06-04 12:13:04.545 D/SystemServerTiming( 707): OnBootPhase_600_com.android.server.slice.SliceManagerService$Lifecycle
06-04 12:13:04.545 D/SystemServerTiming( 707): OnBootPhase_600_com.android.server.stats.StatsCompanion$Lifecycle
06-04 12:13:04.586 D/SystemServerTiming( 707): OnBootPhase_600_com.android.server.scheduling.RebootReadinessManagerService$Lifecycle
06-04 12:13:04.586 D/SystemServerTiming( 707): OnBootPhase_600_com.android.server.stats.pull.StatsPullAtomService
06-04 12:13:04.586 D/SystemServerTiming( 707): OnBootPhase_600_com.android.server.stats.bootstrap.StatsBootstrapAtomService$Lifecycle
06-04 12:13:04.586 D/SystemServerTiming( 707): OnBootPhase_600_com.android.server.incident.IncidentCompanionService
06-04 12:13:04.586 D/SystemServerTiming( 707): OnBootPhase_600_com.android.server.sdksandbox.SdkSandboxManagerService$Lifecycle
06-04 12:13:04.586 D/SystemServerTiming( 707): OnBootPhase_600_com.android.server.adservices.AdServicesManagerService$Lifecycle
06-04 12:13:04.586 D/SystemServerTiming( 707): OnBootPhase_600_com.android.server.ondevicepersonalization.OnDevicePersonalizationSystemService$Lifecycle
06-04 12:13:04.586 D/SystemServerTiming( 707): OnBootPhase_600_com.android.server.autofill.AutofillManagerService
06-04 12:13:04.587 D/SystemServerTiming( 707): OnBootPhase_600_com.android.server.clipboard.ClipboardService
06-04 12:13:04.587 D/SystemServerTiming( 707): OnBootPhase_600_com.android.server.appbinding.AppBindingService$Lifecycle
06-04 12:13:04.588 D/SystemServerTiming( 707): OnBootPhase_600_com.android.server.tracing.TracingServiceProxy
06-04 12:13:04.588 D/SystemServerTiming( 707): OnBootPhase_600_com.android.server.policy.PermissionPolicyService
06-04 12:13:04.588 D/SystemServerTiming( 707): OnBootPhase_600_com.android.server.pm.StagingManager$Lifecycle
06-04 12:13:04.588 D/SystemServerTiming( 707): OnBootPhase_600_com.android.server.app.GameManagerService$Lifecycle
06-04 12:13:04.588 D/SystemServerTiming( 707): OnBootPhase_600_com.android.safetycenter.SafetyCenterService
06-04 12:13:04.588 D/SystemServerTiming( 707): OnBootPhase_600_com.android.server.appsearch.AppSearchModule$Lifecycle
06-04 12:13:04.588 D/SystemServerTiming( 707): OnBootPhase_600_com.android.server.media.MediaCommunicationService
06-04 12:13:04.588 D/SystemServerTiming( 707): OnBootPhase_600_com.android.server.compat.overrides.AppCompatOverridesService$Lifecycle
06-04 12:13:04.588 D/SystemServerTiming( 707): OnBootPhase_600_com.android.server.healthconnect.HealthConnectManagerService
06-04 12:13:04.588 D/SystemServerTiming( 707): OnBootPhase_600_com.android.server.devicelock.DeviceLockService
06-04 12:13:04.588 D/DeviceLockService( 707): onBootPhase: 600
06-04 12:13:04.588 D/SystemServerTiming( 707): StartNetworkStack
06-04 12:13:04.614 D/StatsPullAtomService( 707): Registering NetworkStats pullers with statsd
06-04 12:13:04.641 E/WebViewUpdateServiceImpl( 707): Timed out waiting for relro creation, relros started 1 relros finished 0 package dirty? false
06-04 12:13:04.642 W/WebViewUpdateServiceImpl( 707): creating relro file timed out
06-04 12:13:04.655 D/CompatibilityChangeReporter( 707): Compat change id reported: 135634846; UID 10051; state: DISABLED
06-04 12:13:04.655 D/CompatibilityChangeReporter( 707): Compat change id reported: 177438394; UID 10051; state: DISABLED
06-04 12:13:04.656 D/CompatibilityChangeReporter( 707): Compat change id reported: 135772972; UID 10051; state: DISABLED
06-04 12:13:04.656 D/CompatibilityChangeReporter( 707): Compat change id reported: 135754954; UID 10051; state: ENABLED
06-04 12:13:04.678 D/CompatibilityChangeReporter( 707): Compat change id reported: 135634846; UID 1073; state: DISABLED
06-04 12:13:04.685 D/SystemServerTiming( 707): StartTethering
06-04 12:13:04.699 D/SystemServerTiming( 707): MakeCountryDetectionServiceReady
06-04 12:13:04.699 D/SystemServerTiming( 707): MakeNetworkTimeUpdateReady
06-04 12:13:04.707 D/SystemServerTiming( 707): MakeInputManagerServiceReady
06-04 12:13:04.769 D/SystemServerTiming( 707): MakeTelephonyRegistryReady
06-04 12:13:04.777 D/SystemServerTiming( 707): MakeMediaRouterServiceReady
06-04 12:13:04.778 I/MR2ServiceImpl( 707): switchUser | user: 0
06-04 12:13:04.778 D/SystemServerTiming( 707): IncidentDaemonReady
06-04 12:13:04.780 D/SystemServerTiming( 707): MakeIncrementalServiceReady
06-04 12:13:04.780 D/SystemServerTiming( 707): OdsignStatsLogger
06-04 12:13:04.780 D/SystemServerTiming( 707): getCurrentUser
06-04 12:13:04.780 I/ActivityManager( 707): Current user:0
06-04 12:13:04.780 D/SystemServerTiming( 707): ActivityManagerStartApps
06-04 12:13:04.781 D/SystemServerTimingAsync( 707): ssm.StartUser-0
06-04 12:13:04.781 I/SystemServiceManager( 707): Calling onStartUser 0
06-04 12:13:04.781 D/SystemServerTimingAsync( 707): ssm.onStartUser-0_com.android.server.security.FileIntegrityService
06-04 12:13:04.781 D/SystemServerTimingAsync( 707): ssm.onStartUser-0_com.android.server.pm.Installer
06-04 12:13:04.781 D/SystemServerTimingAsync( 707): ssm.onStartUser-0_com.android.server.os.DeviceIdentifiersPolicyService
06-04 12:13:04.781 D/SystemServerTimingAsync( 707): ssm.onStartUser-0_com.android.server.flags.FeatureFlagsService
06-04 12:13:04.781 D/SystemServerTimingAsync( 707): ssm.onStartUser-0_com.android.server.uri.UriGrantsManagerService$Lifecycle
06-04 12:13:04.781 D/SystemServerTimingAsync( 707): ssm.onStartUser-0_com.android.server.powerstats.PowerStatsService
06-04 12:13:04.781 D/SystemServerTimingAsync( 707): ssm.onStartUser-0_com.android.server.permission.access.AccessCheckingService
06-04 12:13:04.781 D/SystemServerTimingAsync( 707): ssm.onStartUser-0_com.android.server.wm.ActivityTaskManagerService$Lifecycle
06-04 12:13:04.781 D/SystemServerTimingAsync( 707): ssm.onStartUser-0_com.android.server.am.ActivityManagerService$Lifecycle
06-04 12:13:04.781 D/SystemServerTimingAsync( 707): ssm.onStartUser-0_com.android.server.pm.DataLoaderManagerService
06-04 12:13:04.781 D/SystemServerTimingAsync( 707): ssm.onStartUser-0_com.android.server.power.PowerManagerService
06-04 12:13:04.781 D/SystemServerTimingAsync( 707): ssm.onStartUser-0_com.android.server.power.ThermalManagerService
06-04 12:13:04.781 D/SystemServerTimingAsync( 707): ssm.onStartUser-0_com.android.server.power.hint.HintManagerService
06-04 12:13:04.781 D/SystemServerTimingAsync( 707): ssm.onStartUser-0_com.android.server.recoverysystem.RecoverySystemService$Lifecycle
06-04 12:13:04.781 D/SystemServerTimingAsync( 707): ssm.onStartUser-0_com.android.server.lights.LightsService
06-04 12:13:04.781 D/SystemServerTimingAsync( 707): ssm.onStartUser-0_com.android.server.display.DisplayManagerService
06-04 12:13:04.781 D/SystemServerTimingAsync( 707): ssm.onStartUser-0_com.android.server.pm.verify.domain.DomainVerificationService
06-04 12:13:04.781 D/SystemServerTimingAsync( 707): ssm.onStartUser-0_com.android.server.pm.PackageInstallerService$Lifecycle
06-04 12:13:04.781 D/SystemServerTimingAsync( 707): ssm.onStartUser-0_com.android.server.pm.UserManagerService$LifeCycle
06-04 12:13:04.781 D/SystemServerTimingAsync( 707): ssm.onStartUser-0_com.android.server.om.OverlayManagerService
06-04 12:13:04.829 W/ActivityManager( 707): Slow operation: 187ms so far, now at startProcess: returned from zygote!
06-04 12:13:04.830 W/ActivityManager( 707): Slow operation: 188ms so far, now at startProcess: done updating battery stats
06-04 12:13:04.831 W/ActivityManager( 707): Slow operation: 188ms so far, now at startProcess: building log message
06-04 12:13:04.831 I/ActivityManager( 707): Start proc 985:com.android.networkstack.process/1073 for service {com.android.networkstack/com.android.server.NetworkStackService}
06-04 12:13:04.831 W/ActivityManager( 707): Slow operation: 188ms so far, now at startProcess: starting to update pids map
06-04 12:13:04.831 W/ActivityManager( 707): Slow operation: 189ms so far, now at startProcess: done updating pids map
06-04 12:13:04.951 I/wificond( 629): Receive notifyCountryCodeChanged
06-04 12:13:04.951 I/wificond( 629): UpdateBandInfo
06-04 12:13:04.970 I/wificond( 629): 2.4Ghz frequencies: 2412 2417 2422 2427 2432 2437 2442 2447 2452 2457 2462 2467 2472
06-04 12:13:04.970 I/wificond( 629): 5Ghz non-DFS frequencies: 5745 5765 5785 5805 5825
06-04 12:13:04.970 I/wificond( 629): 5Ghz DFS frequencies: 5180 5200 5220 5240 5260 5280 5300 5320
06-04 12:13:04.970 I/wificond( 629): 6Ghz frequencies:
06-04 12:13:04.970 I/wificond( 629): 60Ghz frequencies:
06-04 12:13:04.970 I/wificond( 629): Regulatory domain changed to country: CN on wiphy_index: 0
06-04 12:13:04.970 I/wificond( 629): UpdateBandInfo
06-04 12:13:04.983 I/wificond( 629): 2.4Ghz frequencies: 2412 2417 2422 2427 2432 2437 2442 2447 2452 2457 2462 2467 2472
06-04 12:13:04.983 I/wificond( 629): 5Ghz non-DFS frequencies: 5745 5765 5785 5805 5825
06-04 12:13:04.983 I/wificond( 629): 5Ghz DFS frequencies: 5180 5200 5220 5240 5260 5280 5300 5320
06-04 12:13:04.983 I/wificond( 629): 6Ghz frequencies:
06-04 12:13:04.983 I/wificond( 629): 60Ghz frequencies:
06-04 12:13:04.983 I/wificond( 629): Regulatory domain changed to country: CN on wiphy_index: 0
06-04 12:13:04.983 I/wificond( 629): UpdateBandInfo
06-04 12:13:04.986 I/wificond( 629): 2.4Ghz frequencies: 2412 2417 2422 2427 2432 2437 2442 2447 2452 2457 2462 2467 2472
06-04 12:13:04.986 I/wificond( 629): 5Ghz non-DFS frequencies: 5745 5765 5785 5805 5825
06-04 12:13:04.986 I/wificond( 629): 5Ghz DFS frequencies: 5180 5200 5220 5240 5260 5280 5300 5320
06-04 12:13:04.986 I/wificond( 629): 6Ghz frequencies:
06-04 12:13:04.986 I/wificond( 629): 60Ghz frequencies:
06-04 12:13:05.016 D/GameManagerService( 707): User ID '0' does not have a Game Mode selected for package: 'com.android.networkstack'
06-04 12:13:05.017 D/CompatibilityChangeReporter( 707): Compat change id reported: 168419799; UID 1073; state: DISABLED
06-04 12:13:05.017 D/CompatibilityChangeReporter( 707): Compat change id reported: 273564678; UID 1073; state: DISABLED
06-04 12:13:05.029 D/CompatibilityChangeReporter( 707): Compat change id reported: 265195908; UID 1073; state: ENABLED
06-04 12:13:05.033 W/SystemServiceManager( 707): Service com.android.server.om.OverlayManagerService took 252 ms in onStartUser-0
06-04 12:13:05.033 D/SystemServerTimingAsync( 707): ssm.onStartUser-0_com.android.server.resources.ResourcesManagerService
06-04 12:13:05.033 D/SystemServerTimingAsync( 707): ssm.onStartUser-0_com.android.server.sensorprivacy.SensorPrivacyService
06-04 12:13:05.048 D/CompatibilityChangeReporter( 707): Compat change id reported: 265464455; UID 10052; state: DISABLED
06-04 12:13:05.048 D/CompatibilityChangeReporter( 707): Compat change id reported: 265452344; UID 10052; state: DISABLED
06-04 12:13:05.048 D/CompatibilityChangeReporter( 707): Compat change id reported: 266124927; UID 10052; state: DISABLED
06-04 12:13:05.049 D/CompatibilityChangeReporter( 707): Compat change id reported: 265451093; UID 10052; state: DISABLED
06-04 12:13:05.049 D/CompatibilityChangeReporter( 707): Compat change id reported: 265456536; UID 10052; state: DISABLED
06-04 12:13:05.053 D/CompatibilityChangeReporter( 707): Compat change id reported: 255940284; UID 10052; state: DISABLED
06-04 12:13:05.053 D/CompatibilityChangeReporter( 707): Compat change id reported: 236283604; UID 10052; state: DISABLED
06-04 12:13:05.054 D/CompatibilityChangeReporter( 707): Compat change id reported: 263959004; UID 10052; state: DISABLED
06-04 12:13:05.054 D/CompatibilityChangeReporter( 707): Compat change id reported: 264304459; UID 10052; state: DISABLED
06-04 12:13:05.054 D/CompatibilityChangeReporter( 707): Compat change id reported: 264301586; UID 10052; state: DISABLED
06-04 12:13:05.055 D/CompatibilityChangeReporter( 707): Compat change id reported: 254631730; UID 10052; state: DISABLED
06-04 12:13:05.055 D/CompatibilityChangeReporter( 707): Compat change id reported: 273509367; UID 10052; state: DISABLED
06-04 12:13:05.056 D/CompatibilityChangeReporter( 707): Compat change id reported: 263259275; UID 10052; state: DISABLED
06-04 12:13:05.056 D/CompatibilityChangeReporter( 707): Compat change id reported: 174042980; UID 10052; state: DISABLED
06-04 12:13:05.056 D/CompatibilityChangeReporter( 707): Compat change id reported: 174042936; UID 10052; state: DISABLED
06-04 12:13:05.056 D/CompatibilityChangeReporter( 707): Compat change id reported: 181136395; UID 10052; state: DISABLED
06-04 12:13:05.125 D/CompatibilityChangeReporter( 707): Compat change id reported: 194480991; UID 10052; state: ENABLED
06-04 12:13:05.129 W/ActivityTaskManager( 707): startActivity called from non-Activity context; forcing Intent.FLAG_ACTIVITY_NEW_TASK for: Intent { flg=0x840000 cmp=com.android.systemui/.sensorprivacy.television.TvSensorPrivacyChangedActivity (has extras) }
06-04 12:13:05.139 D/CompatibilityChangeReporter( 707): Compat change id reported: 184838306; UID 10052; state: DISABLED
06-04 12:13:05.139 D/CompatibilityChangeReporter( 707): Compat change id reported: 185004937; UID 10052; state: DISABLED
06-04 12:13:05.142 D/CompatibilityChangeReporter( 707): Compat change id reported: 197654537; UID 10052; state: ENABLED
06-04 12:13:05.148 I/ActivityTaskManager( 707): START u0 {flg=0x840000 cmp=com.android.systemui/.sensorprivacy.television.TvSensorPrivacyChangedActivity (has extras)} with LAUNCH_SINGLE_TOP from uid 1000 (BAL_ALLOW_ALLOWLISTED_UID) result code=0
06-04 12:13:05.153 V/WindowManagerShell( 912): Adding init callback for DisplayChangeController
06-04 12:13:05.153 V/WindowManagerShell( 912): Adding init callback for DisplayController
06-04 12:13:05.153 V/WindowManagerShell( 912): Adding init callback for DisplayInsetsController
06-04 12:13:05.153 V/WindowManagerShell( 912): Adding init callback for DisplayImeController
06-04 12:13:05.153 V/WindowManagerShell( 912): Adding init callback for ShellController
06-04 12:13:05.155 V/WindowManagerShell( 912): Adding init callback for DragAndDropController
06-04 12:13:05.167 W/ActivityTaskManager( 707): startActivity called from non-Activity context; forcing Intent.FLAG_ACTIVITY_NEW_TASK for: Intent { flg=0x840000 cmp=com.android.systemui/.sensorprivacy.television.TvSensorPrivacyChangedActivity (has extras) }
06-04 12:13:05.182 I/ActivityManager( 707): Process WebViewLoader-armeabi-v7a (pid 932) has died: psvc PER
06-04 12:13:05.184 I/ActivityTaskManager( 707): START u0 {flg=0x840000 cmp=com.android.systemui/.sensorprivacy.television.TvSensorPrivacyChangedActivity (has extras)} with LAUNCH_SINGLE_TOP from uid 1000 (BAL_ALLOW_ALLOWLISTED_UID) result code=3
06-04 12:13:05.186 D/DisplayManagerService( 707): Drop pending events for gone uid 1037
06-04 12:13:05.201 D/OomAdjuster( 707): Not killing cached processes
06-04 12:13:05.205 W/ActivityTaskManager( 707): startActivity called from non-Activity context; forcing Intent.FLAG_ACTIVITY_NEW_TASK for: Intent { flg=0x840000 cmp=com.android.systemui/.sensorprivacy.television.TvSensorPrivacyChangedActivity (has extras) }
06-04 12:13:05.212 I/ActivityTaskManager( 707): START u0 {flg=0x840000 cmp=com.android.systemui/.sensorprivacy.television.TvSensorPrivacyChangedActivity (has extras)} with LAUNCH_SINGLE_TOP from uid 1000 (BAL_ALLOW_ALLOWLISTED_UID) result code=3
06-04 12:13:05.234 W/ActivityTaskManager( 707): startActivity called from non-Activity context; forcing Intent.FLAG_ACTIVITY_NEW_TASK for: Intent { flg=0x840000 cmp=com.android.systemui/.sensorprivacy.television.TvSensorPrivacyChangedActivity (has extras) }
06-04 12:13:05.236 I/ActivityTaskManager( 707): START u0 {flg=0x840000 cmp=com.android.systemui/.sensorprivacy.television.TvSensorPrivacyChangedActivity (has extras)} with LAUNCH_SINGLE_TOP from uid 1000 (BAL_ALLOW_ALLOWLISTED_UID) result code=3
06-04 12:13:05.248 W/SystemServiceManager( 707): Service com.android.server.sensorprivacy.SensorPrivacyService took 215 ms in onStartUser-0
