06-04 20:37:33.946 E/Hcdn_DeTask3128192202( 3469): HCDN_LOG: [T:3861][HINFO]:[f:PostNotifyInfo],[l:248], notify type(6),info({"BandWidth":-2,"CachedBytes":363402016,"IsAd":0,"IsP2P":1,"ReadBytes":331797280,"VID":"65f888b7cc0c74b794ab89eac7137fc8"}
06-04 20:37:33.946 E/Hcdn_DeTask3128192202( 3469): )
06-04 20:37:33.946 E/playfilesourceNew( 3469): HCDN_LOG: [T:3820][HINFO]:[f:DoAsynNotifyInfoResponse],[l:2605],[TaskID(3128192202),type(6),msg({"BandWidth":-2,"CachedBytes":363402016,"IsAd":0,"IsP2P":1,"ReadBytes":331797280,"VID":"65f888b7cc0c74b794ab89eac7137fc8"}
06-04 20:37:33.946 E/playfilesourceNew( 3469): )!]
06-04 20:37:34.053 E/Hcdn_DeTask3128192202( 3469): HCDN_LOG: [T:3861][HINFO]:[f:PostNotifyInfo],[l:248], notify type(6),info({"BandWidth":-2,"CachedBytes":363402016,"IsAd":0,"IsP2P":1,"ReadBytes":331797280,"VID":"65f888b7cc0c74b794ab89eac7137fc8"}
06-04 20:37:34.053 E/Hcdn_DeTask3128192202( 3469): )
06-04 20:37:34.053 E/playfilesourceNew( 3469): HCDN_LOG: [T:3820][HINFO]:[f:DoAsynNotifyInfoResponse],[l:2605],[TaskID(3128192202),type(6),msg({"BandWidth":-2,"CachedBytes":363402016,"IsAd":0,"IsP2P":1,"ReadBytes":331797280,"VID":"65f888b7cc0c74b794ab89eac7137fc8"}
06-04 20:37:34.053 E/playfilesourceNew( 3469): )!]
06-04 20:37:34.064 E/p2p_upload_limit( 3469): HCDN_LOG: [T:3862][func:DoUploadLimitContol],[line:3363],FromModule[1],LimitSpeed[1024Kb/s],LimitTime[60s]!
06-04 20:37:34.153 E/Hcdn_DeTask3128192202( 3469): HCDN_LOG: [T:3861][HINFO]:[f:PostNotifyInfo],[l:248], notify type(6),info({"BandWidth":-2,"CachedBytes":363402016,"IsAd":0,"IsP2P":1,"ReadBytes":331797280,"VID":"65f888b7cc0c74b794ab89eac7137fc8"}
06-04 20:37:34.153 E/Hcdn_DeTask3128192202( 3469): )
06-04 20:37:34.154 E/playfilesourceNew( 3469): HCDN_LOG: [T:3820][HINFO]:[f:DoAsynNotifyInfoResponse],[l:2605],[TaskID(3128192202),type(6),msg({"BandWidth":-2,"CachedBytes":363402016,"IsAd":0,"IsP2P":1,"ReadBytes":331797280,"VID":"65f888b7cc0c74b794ab89eac7137fc8"}
06-04 20:37:34.154 E/playfilesourceNew( 3469): )!]
06-04 20:37:34.217 I/audio_hw_hal_alsamgr( 491): alsa format =0x1 delay frames =1024 total frames=82077440
06-04 20:37:34.254 E/Hcdn_DeTask3128192202( 3469): HCDN_LOG: [T:3861][HINFO]:[f:PostNotifyInfo],[l:248], notify type(6),info({"BandWidth":-2,"CachedBytes":363402016,"IsAd":0,"IsP2P":1,"ReadBytes":331797280,"VID":"65f888b7cc0c74b794ab89eac7137fc8"}
06-04 20:37:34.254 E/Hcdn_DeTask3128192202( 3469): )
06-04 20:37:34.254 E/playfilesourceNew( 3469): HCDN_LOG: [T:3820][HINFO]:[f:DoAsynNotifyInfoResponse],[l:2605],[TaskID(3128192202),type(6),msg({"BandWidth":-2,"CachedBytes":363402016,"IsAd":0,"IsP2P":1,"ReadBytes":331797280,"VID":"65f888b7cc0c74b794ab89eac7137fc8"}
06-04 20:37:34.254 E/playfilesourceNew( 3469): )!]
06-04 20:37:34.354 E/Hcdn_DeTask3128192202( 3469): HCDN_LOG: [T:3861][HINFO]:[f:PostNotifyInfo],[l:248], notify type(6),info({"BandWidth":-2,"CachedBytes":363402016,"IsAd":0,"IsP2P":1,"ReadBytes":331797280,"VID":"65f888b7cc0c74b794ab89eac7137fc8"}
06-04 20:37:34.354 E/Hcdn_DeTask3128192202( 3469): )
06-04 20:37:34.355 E/playfilesourceNew( 3469): HCDN_LOG: [T:3820][HINFO]:[f:DoAsynNotifyInfoResponse],[l:2605],[TaskID(3128192202),type(6),msg({"BandWidth":-2,"CachedBytes":363402016,"IsAd":0,"IsP2P":1,"ReadBytes":331797280,"VID":"65f888b7cc0c74b794ab89eac7137fc8"}
06-04 20:37:34.355 E/playfilesourceNew( 3469): )!]
06-04 20:37:34.455 E/Hcdn_DeTask3128192202( 3469): HCDN_LOG: [T:3861][HINFO]:[f:PostNotifyInfo],[l:248], notify type(6),info({"BandWidth":-2,"CachedBytes":363402016,"IsAd":0,"IsP2P":1,"ReadBytes":331797280,"VID":"65f888b7cc0c74b794ab89eac7137fc8"}
06-04 20:37:34.455 E/Hcdn_DeTask3128192202( 3469): )
06-04 20:37:34.456 E/playfilesourceNew( 3469): HCDN_LOG: [T:3820][HINFO]:[f:DoAsynNotifyInfoResponse],[l:2605],[TaskID(3128192202),type(6),msg({"BandWidth":-2,"CachedBytes":363402016,"IsAd":0,"IsP2P":1,"ReadBytes":331797280,"VID":"65f888b7cc0c74b794ab89eac7137fc8"}
06-04 20:37:34.456 E/playfilesourceNew( 3469): )!]
06-04 20:37:34.555 E/Hcdn_DeTask3128192202( 3469): HCDN_LOG: [T:3861][HINFO]:[f:PostNotifyInfo],[l:248], notify type(6),info({"BandWidth":-2,"CachedBytes":363402016,"IsAd":0,"IsP2P":1,"ReadBytes":331797280,"VID":"65f888b7cc0c74b794ab89eac7137fc8"}
06-04 20:37:34.555 E/Hcdn_DeTask3128192202( 3469): )
06-04 20:37:34.556 E/playfilesourceNew( 3469): HCDN_LOG: [T:3820][HINFO]:[f:DoAsynNotifyInfoResponse],[l:2605],[TaskID(3128192202),type(6),msg({"BandWidth":-2,"CachedBytes":363402016,"IsAd":0,"IsP2P":1,"ReadBytes":331797280,"VID":"65f888b7cc0c74b794ab89eac7137fc8"}
06-04 20:37:34.556 E/playfilesourceNew( 3469): )!]
06-04 20:37:34.656 E/Hcdn_DeTask3128192202( 3469): HCDN_LOG: [T:3861][HINFO]:[f:PostNotifyInfo],[l:248], notify type(6),info({"BandWidth":-2,"CachedBytes":363402016,"IsAd":0,"IsP2P":1,"ReadBytes":331797280,"VID":"65f888b7cc0c74b794ab89eac7137fc8"}
06-04 20:37:34.656 E/Hcdn_DeTask3128192202( 3469): )
06-04 20:37:34.656 E/playfilesourceNew( 3469): HCDN_LOG: [T:3820][HINFO]:[f:DoAsynNotifyInfoResponse],[l:2605],[TaskID(3128192202),type(6),msg({"BandWidth":-2,"CachedBytes":363402016,"IsAd":0,"IsP2P":1,"ReadBytes":331797280,"VID":"65f888b7cc0c74b794ab89eac7137fc8"}
06-04 20:37:34.656 E/playfilesourceNew( 3469): )!]
06-04 20:37:34.757 E/Hcdn_DeTask3128192202( 3469): HCDN_LOG: [T:3861][HINFO]:[f:PostNotifyInfo],[l:248], notify type(6),info({"BandWidth":-2,"CachedBytes":363402016,"IsAd":0,"IsP2P":1,"ReadBytes":331797280,"VID":"65f888b7cc0c74b794ab89eac7137fc8"}
06-04 20:37:34.757 E/Hcdn_DeTask3128192202( 3469): )
06-04 20:37:34.757 E/playfilesourceNew( 3469): HCDN_LOG: [T:3820][HINFO]:[f:DoAsynNotifyInfoResponse],[l:2605],[TaskID(3128192202),type(6),msg({"BandWidth":-2,"CachedBytes":363402016,"IsAd":0,"IsP2P":1,"ReadBytes":331797280,"VID":"65f888b7cc0c74b794ab89eac7137fc8"}
06-04 20:37:34.757 E/playfilesourceNew( 3469): )!]
06-04 20:37:34.858 E/Hcdn_DeTask3128192202( 3469): HCDN_LOG: [T:3861][HINFO]:[f:PostNotifyInfo],[l:248], notify type(6),info({"BandWidth":-2,"CachedBytes":363402016,"IsAd":0,"IsP2P":1,"ReadBytes":331797280,"VID":"65f888b7cc0c74b794ab89eac7137fc8"}
06-04 20:37:34.858 E/Hcdn_DeTask3128192202( 3469): )
06-04 20:37:34.858 E/playfilesourceNew( 3469): HCDN_LOG: [T:3820][HINFO]:[f:DoAsynNotifyInfoResponse],[l:2605],[TaskID(3128192202),type(6),msg({"BandWidth":-2,"CachedBytes":363402016,"IsAd":0,"IsP2P":1,"ReadBytes":331797280,"VID":"65f888b7cc0c74b794ab89eac7137fc8"}
06-04 20:37:34.858 E/playfilesourceNew( 3469): )!]
06-04 20:37:34.959 E/Hcdn_DeTask3128192202( 3469): HCDN_LOG: [T:3861][HINFO]:[f:PostNotifyInfo],[l:248], notify type(6),info({"BandWidth":-2,"CachedBytes":363402016,"IsAd":0,"IsP2P":1,"ReadBytes":331797280,"VID":"65f888b7cc0c74b794ab89eac7137fc8"}
06-04 20:37:34.959 E/Hcdn_DeTask3128192202( 3469): )
06-04 20:37:34.959 E/playfilesourceNew( 3469): HCDN_LOG: [T:3820][HINFO]:[f:DoAsynNotifyInfoResponse],[l:2605],[TaskID(3128192202),type(6),msg({"BandWidth":-2,"CachedBytes":363402016,"IsAd":0,"IsP2P":1,"ReadBytes":331797280,"VID":"65f888b7cc0c74b794ab89eac7137fc8"}
06-04 20:37:34.959 E/playfilesourceNew( 3469): )!]
06-04 20:37:35.062 E/Hcdn_DeTask3128192202( 3469): HCDN_LOG: [T:3861][HINFO]:[f:PostNotifyInfo],[l:248], notify type(6),info({"BandWidth":-2,"CachedBytes":363402016,"IsAd":0,"IsP2P":1,"ReadBytes":331797280,"VID":"65f888b7cc0c74b794ab89eac7137fc8"}
06-04 20:37:35.062 E/Hcdn_DeTask3128192202( 3469): )
06-04 20:37:35.062 E/playfilesourceNew( 3469): HCDN_LOG: [T:3820][HINFO]:[f:DoAsynNotifyInfoResponse],[l:2605],[TaskID(3128192202),type(6),msg({"BandWidth":-2,"CachedBytes":363402016,"IsAd":0,"IsP2P":1,"ReadBytes":331797280,"VID":"65f888b7cc0c74b794ab89eac7137fc8"}
06-04 20:37:35.062 E/playfilesourceNew( 3469): )!]
06-04 20:37:35.160 E/Hcdn_DeTask3128192202( 3469): HCDN_LOG: [T:3861][HINFO]:[f:PostNotifyInfo],[l:248], notify type(6),info({"BandWidth":-2,"CachedBytes":363402016,"IsAd":0,"IsP2P":1,"ReadBytes":331797280,"VID":"65f888b7cc0c74b794ab89eac7137fc8"}
06-04 20:37:35.160 E/Hcdn_DeTask3128192202( 3469): )
06-04 20:37:35.160 E/playfilesourceNew( 3469): HCDN_LOG: [T:3820][HINFO]:[f:DoAsynNotifyInfoResponse],[l:2605],[TaskID(3128192202),type(6),msg({"BandWidth":-2,"CachedBytes":363402016,"IsAd":0,"IsP2P":1,"ReadBytes":331797280,"VID":"65f888b7cc0c74b794ab89eac7137fc8"}
06-04 20:37:35.160 E/playfilesourceNew( 3469): )!]
06-04 20:37:35.260 E/Hcdn_DeTask3128192202( 3469): HCDN_LOG: [T:3861][HINFO]:[f:PostNotifyInfo],[l:248], notify type(6),info({"BandWidth":-2,"CachedBytes":363402016,"IsAd":0,"IsP2P":1,"ReadBytes":331797280,"VID":"65f888b7cc0c74b794ab89eac7137fc8"}
06-04 20:37:35.260 E/Hcdn_DeTask3128192202( 3469): )
06-04 20:37:35.261 E/playfilesourceNew( 3469): HCDN_LOG: [T:3820][HINFO]:[f:DoAsynNotifyInfoResponse],[l:2605],[TaskID(3128192202),type(6),msg({"BandWidth":-2,"CachedBytes":363402016,"IsAd":0,"IsP2P":1,"ReadBytes":331797280,"VID":"65f888b7cc0c74b794ab89eac7137fc8"}
06-04 20:37:35.261 E/playfilesourceNew( 3469): )!]
06-04 20:37:35.324 I/TvUniPlayer/UniPlayer@7a0c4a5( 3469): in handleMessage event:10000
06-04 20:37:35.361 E/Hcdn_DeTask3128192202( 3469): HCDN_LOG: [T:3861][HINFO]:[f:PostNotifyInfo],[l:248], notify type(6),info({"BandWidth":-2,"CachedBytes":363402016,"IsAd":0,"IsP2P":1,"ReadBytes":331797280,"VID":"65f888b7cc0c74b794ab89eac7137fc8"}
06-04 20:37:35.361 E/Hcdn_DeTask3128192202( 3469): )
06-04 20:37:35.362 E/playfilesourceNew( 3469): HCDN_LOG: [T:3820][HINFO]:[f:DoAsynNotifyInfoResponse],[l:2605],[TaskID(3128192202),type(6),msg({"BandWidth":-2,"CachedBytes":363402016,"IsAd":0,"IsP2P":1,"ReadBytes":331797280,"VID":"65f888b7cc0c74b794ab89eac7137fc8"}
06-04 20:37:35.362 E/playfilesourceNew( 3469): )!]
06-04 20:37:35.450 D/XM_HIDREAD( 1910): poll ret=1, event=1
06-04 20:37:35.450 D/XM_HIDREAD( 1910): [9 bytes]:01 00 00 51 00 00 00 00 00
06-04 20:37:35.462 E/Hcdn_DeTask3128192202( 3469): HCDN_LOG: [T:3861][HINFO]:[f:PostNotifyInfo],[l:248], notify type(6),info({"BandWidth":-2,"CachedBytes":363402016,"IsAd":0,"IsP2P":1,"ReadBytes":331797280,"VID":"65f888b7cc0c74b794ab89eac7137fc8"}
06-04 20:37:35.462 E/Hcdn_DeTask3128192202( 3469): )
06-04 20:37:35.462 E/playfilesourceNew( 3469): HCDN_LOG: [T:3820][HINFO]:[f:DoAsynNotifyInfoResponse],[l:2605],[TaskID(3128192202),type(6),msg({"BandWidth":-2,"CachedBytes":363402016,"IsAd":0,"IsP2P":1,"ReadBytes":331797280,"VID":"65f888b7cc0c74b794ab89eac7137fc8"}
06-04 20:37:35.462 E/playfilesourceNew( 3469): )!]
06-04 20:37:35.468 I/audio_hw_hal_primary( 491): [register_audio_patch:8215] Patch 7:id:7 mix(io:13)->dev_0[OUT_HDMI(id:54)] found, register the same patch, do nothing.
06-04 20:37:35.468 I/audio_hw_hal_primary( 491): [adev_create_audio_patch:8316] Patch 7: MIX->DEVICE, num_src:1 num_sink:1 patch_src:INVAL
06-04 20:37:35.468 I/audio_hw_hal_primary( 491): [adev_create_audio_patch:8320] sink[0]: OUT_HDMI(id:54)
06-04 20:37:35.468 I/audio_hw_hal_primary( 491): [adev_create_audio_patch:8377] Patch 7: mix(io:13) -> dev[OUT_HDMI(id:54)]
06-04 20:37:35.468 I/audio_hw_hal_primary( 491): [adev_create_audio_patch:8445] dev=0xe71c0010 cur_out_device=0x400
06-04 20:37:35.474 D/UEventObserver( 1030): change@/devices/platform/auge_sound/sound/card0/controlC0ACTION=changeDEVPATH=/devices/platform/auge_sound/sound/card0/controlC0SUBSYSTEM=soundAUDIO_FORMAT=0MAJOR=116MINOR=13DEVNAME=snd/controlC0SEQNUM=3720
06-04 20:37:35.476 D/audioserver( 542): logFgsApiBegin: FGS Logger Transaction failed, -129
06-04 20:37:35.479 I/SogouIME( 1396): onKeyDown: keyoCode=20
06-04 20:37:35.480 I/DefaultIMS( 1396): onKeyDown: keyoCode=20
06-04 20:37:35.498 I/audio_hw_hal_primary( 491): out_update_source_metadata_v7() line 2013 usage:1 content_type:2
06-04 20:37:35.542 I/audio_hw_hal_primary( 491): [register_audio_patch:8215] Patch 7:id:7 mix(io:13)->dev_0[OUT_HDMI(id:54)] found, register the same patch, do nothing.
06-04 20:37:35.542 I/audio_hw_hal_primary( 491): [adev_create_audio_patch:8316] Patch 7: MIX->DEVICE, num_src:1 num_sink:1 patch_src:INVAL
06-04 20:37:35.542 I/audio_hw_hal_primary( 491): [adev_create_audio_patch:8320] sink[0]: OUT_HDMI(id:54)
06-04 20:37:35.542 I/audio_hw_hal_primary( 491): [adev_create_audio_patch:8377] Patch 7: mix(io:13) -> dev[OUT_HDMI(id:54)]
06-04 20:37:35.542 I/audio_hw_hal_primary( 491): [adev_create_audio_patch:8445] dev=0xe71c0010 cur_out_device=0x400
06-04 20:37:35.542 D/UEventObserver( 1030): change@/devices/platform/auge_sound/sound/card0/controlC0ACTION=changeDEVPATH=/devices/platform/auge_sound/sound/card0/controlC0SUBSYSTEM=soundAUDIO_FORMAT=0MAJOR=116MINOR=13DEVNAME=snd/controlC0SEQNUM=3721
06-04 20:37:35.543 D/audioserver( 542): logFgsApiEnd: FGS Logger Transaction failed, -129
06-04 20:37:35.543 D/audioserver( 542): logFgsApiBegin: FGS Logger Transaction failed, -129
06-04 20:37:35.544 I/audio_hw_hal_primary( 491): out_update_source_metadata_v7() line 2013 usage:1 content_type:2
06-04 20:37:35.547 D/audioserver( 542): logFgsApiBegin: FGS Logger Transaction failed, -129
06-04 20:37:35.563 E/Hcdn_DeTask3128192202( 3469): HCDN_LOG: [T:3861][HINFO]:[f:PostNotifyInfo],[l:248], notify type(6),info({"BandWidth":-2,"CachedBytes":363402016,"IsAd":0,"IsP2P":1,"ReadBytes":331797280,"VID":"65f888b7cc0c74b794ab89eac7137fc8"}
06-04 20:37:35.563 E/Hcdn_DeTask3128192202( 3469): )
06-04 20:37:35.563 E/playfilesourceNew( 3469): HCDN_LOG: [T:3820][HINFO]:[f:DoAsynNotifyInfoResponse],[l:2605],[TaskID(3128192202),type(6),msg({"BandWidth":-2,"CachedBytes":363402016,"IsAd":0,"IsP2P":1,"ReadBytes":331797280,"VID":"65f888b7cc0c74b794ab89eac7137fc8"}
06-04 20:37:35.563 E/playfilesourceNew( 3469): )!]
06-04 20:37:35.585 I/audio_hw_hal_primary( 491): out_update_source_metadata_v7() line 2013 usage:1 content_type:2
06-04 20:37:35.595 D/XM_HIDREAD( 1910): poll ret=1, event=1
06-04 20:37:35.595 D/XM_HIDREAD( 1910): [9 bytes]:01 00 00 00 00 00 00 00 00
06-04 20:37:35.598 I/SogouIME( 1396): onKeyUp: keyoCode=20
06-04 20:37:35.599 I/DefaultIMS( 1396): onKeyUp: keyoCode=20
06-04 20:37:35.663 E/Hcdn_DeTask3128192202( 3469): HCDN_LOG: [T:3861][HINFO]:[f:PostNotifyInfo],[l:248], notify type(6),info({"BandWidth":-2,"CachedBytes":363402016,"IsAd":0,"IsP2P":1,"ReadBytes":331797280,"VID":"65f888b7cc0c74b794ab89eac7137fc8"}
06-04 20:37:35.663 E/Hcdn_DeTask3128192202( 3469): )
06-04 20:37:35.663 E/playfilesourceNew( 3469): HCDN_LOG: [T:3820][HINFO]:[f:DoAsynNotifyInfoResponse],[l:2605],[TaskID(3128192202),type(6),msg({"BandWidth":-2,"CachedBytes":363402016,"IsAd":0,"IsP2P":1,"ReadBytes":331797280,"VID":"65f888b7cc0c74b794ab89eac7137fc8"}
06-04 20:37:35.663 E/playfilesourceNew( 3469): )!]
06-04 20:37:35.667 I/audio_hw_hal_primary( 491): [audiohal_get_latency:1333] io 13: out:0xe6245d80 frames:1280 rate:48000 whole_latency:26 alsa_latency:26
06-04 20:37:35.693 D/CompatibilityChangeReporter( 4242): Compat change id reported: 263076149; UID 1000; state: DISABLED
06-04 20:37:35.711 I/audio_hw_hal_primary( 491): [audiohal_get_latency:1333] io 13: out:0xe6245d80 frames:1152 rate:48000 whole_latency:24 alsa_latency:24
06-04 20:37:35.712 I/audio_hw_hal_primary( 491): [audiohal_get_latency:1333] io 13: out:0xe6245d80 frames:1152 rate:48000 whole_latency:24 alsa_latency:24
06-04 20:37:35.733 I/audio_hw_hal_primary( 491): [audiohal_get_latency:1333] io 13: out:0xe6245d80 frames:1152 rate:48000 whole_latency:24 alsa_latency:24
06-04 20:37:35.734 I/audio_hw_hal_primary( 491): [audiohal_get_latency:1333] io 13: out:0xe6245d80 frames:1152 rate:48000 whole_latency:24 alsa_latency:24
06-04 20:37:35.752 I/audio_hw_hal_primary( 491): [audiohal_get_latency:1333] io 13: out:0xe6245d80 frames:1280 rate:48000 whole_latency:26 alsa_latency:26
06-04 20:37:35.752 I/audio_hw_hal_primary( 491): [audiohal_get_latency:1333] io 13: out:0xe6245d80 frames:1280 rate:48000 whole_latency:26 alsa_latency:26
06-04 20:37:35.763 E/Hcdn_DeTask3128192202( 3469): HCDN_LOG: [T:3861][HINFO]:[f:PostNotifyInfo],[l:248], notify type(6),info({"BandWidth":-2,"CachedBytes":363402016,"IsAd":0,"IsP2P":1,"ReadBytes":331797280,"VID":"65f888b7cc0c74b794ab89eac7137fc8"}
06-04 20:37:35.763 E/Hcdn_DeTask3128192202( 3469): )
06-04 20:37:35.763 E/playfilesourceNew( 3469): HCDN_LOG: [T:3820][HINFO]:[f:DoAsynNotifyInfoResponse],[l:2605],[TaskID(3128192202),type(6),msg({"BandWidth":-2,"CachedBytes":363402016,"IsAd":0,"IsP2P":1,"ReadBytes":331797280,"VID":"65f888b7cc0c74b794ab89eac7137fc8"}
06-04 20:37:35.763 E/playfilesourceNew( 3469): )!]
06-04 20:37:35.774 I/audio_hw_hal_primary( 491): [audiohal_get_latency:1333] io 13: out:0xe6245d80 frames:1280 rate:48000 whole_latency:26 alsa_latency:26
06-04 20:37:35.774 I/audio_hw_hal_primary( 491): [audiohal_get_latency:1333] io 13: out:0xe6245d80 frames:1280 rate:48000 whole_latency:26 alsa_latency:26
06-04 20:37:35.785 W/q_h_c_s ( 3469): HCDN_LOG: [T:3861]MethodLog:1333,QTP AsyncGet (reid: 37860581, url: https://msg.ptqy.gitv.tv/qos?u=aciaoaz3wrh4thzbtphlv77ra65l66z5&pu=&rn=1722540&p1=8_82_820&dfp=&de=&stime=1722540&pbv=&t=11&ct=p2p_task&v=10.2.3.5212&tvid=1608843880763300&vid=65f888b7cc0c74b794ab89eac7137fc8&rid=8b0dc354e98f5212fc0b20faa859f0f1&idcn=3&iocpn=0&scdnn=0&iocpspc=0&dcachespc=0&dcachen=0&iocpspd=0&dcachespd=0&z=&aiocpn=0&aiocpspc=0&aiocpspd=0&filesize=143592520&p2pflux=77276229&cdnflux=2911&dcacheflux=0&dcachev6=0&dtick=0&gdtick=50&das=0&p2pas=325&tpand=10&bitrate=402&localflux=0&rdlflux=37748736&policy=3&stuck=0&dcachep=&cdnp=&ftype=1&segnum=2&stcf=0&skcf=0&nrcflux=0&cpcflux=0&btype=tv_android_player&nat=12&file_type=12&rtype1=0&rtype2=0&rtype3=&rtype4=0&rtype5=1&custid=wifi&st=0&stb=0, connect: 5001, read: 6000, strict: 0, qtp: 1, module: 0)
06-04 20:37:35.785 W/q_h_c_s ( 3469): HCDN_LOG: [T:3861]MethodLog:1333,QTP AsyncGet (reid: 37860582, url: https://msg.ptqy.gitv.tv/v5/ypt/cnp2p?p1=3_31_312&r=1608843880763300&u=tv_cc46bef63fc2ad8d49126ac32881e261_1749020506912_5491100964&v=10.2.3.5212&cnpt=0&segnum=2&blknum=0&nodemun=0&dchenum=0&excl=0&bitrate=3216&p2psp=0&nrcflux=0&cpcflux=0&bcflux=0&tcdnf=2911&tp2pf=77276229&ftype=1&vid=65f888b7cc0c74b794ab89eac7137fc8&cnucheb=0&cachebyte=0&f4vname=8b0dc354e98f5212fc0b20faa859f0f1&cdnas=0&p2pas=325&das=0&skstcf=0&celcf=0&trklt=0&udplt=0&lcaccpc=0&lspcpc=0&vipusr=1&playmul=1.00&v4v6tp=12&mkpf=73962565&fext=bbts&decachef=0&tce=0&cdcbcn=0&utp=0&dmc=10&mcdc=0&dcc=0&dcsc=0&dctc=0&ddaec=0&ddrtc=0&ddwzc=0&debc=0&npbc=39&decbc=0&edd=0&spv=1&dphrec=0&tfstu=-1&net_type=wifi&absa=&qp=&max_block=3072&sbtdk=0&sbedk=0&sbtop1ec=0&sbtop1ek=0&sbtop2ec=0&sbtop2ek=0&rtcnt=0&suscnt=0&cfcnt=0&netcc=0&tfsc=0&dstu=0&nedsp=0&stcf=0&skcf=0&dstrf=0&filel=143592520&ctpdp=0&ctpdd=0&ctpdn=0&btype=, connect: 5001, read: 6000, strict: 0, qtp: 1, module: 0)
06-04 20:37:35.785 W/HttpPost( 3469): HCDN_LOG: [T:3861][HERROR]:[f:PostCancelP2pUseCdnInfo],[l:2296], taskid:3128192202,redundancy_rate:0.538,share_rate_g=1.000,share_rate=1.000,url:https://msg.ptqy.gitv.tv/v5/ypt/cnp2p?p1=3_31_312&r=1608843880763300&u=tv_cc46bef63fc2ad8d49126ac32881e261_1749020506912_5491100964&v=10.2.3.5212&cnpt=0&segnum=2&blknum=0&nodemun=0&dchenum=0&excl=0&bitrate=3216&p2psp=0&nrcflux=0&cpcflux=0&bcflux=0&tcdnf=2911&tp2pf=77276229&ftype=1&vid=65f888b7cc0c74b794ab89eac7137fc8&cnucheb=0&cachebyte=0&f4vname=8b0dc354e98f5212fc0b20faa859f0f1&cdnas=0&p2pas=325&das=0&skstcf=0&celcf=0&trklt=0&udplt=0&lcaccpc=0&lspcpc=0&vipusr=1&playmul=1.00&v4v6tp=12&mkpf=73962565&fext=bbts&decachef=0&tce=0&cdcbcn=0&utp=0&dmc=10&mcdc=0&dcc=0&dcsc=0&dctc=0&ddaec=0&ddrtc=0&ddwzc=0&debc=0&npbc=39&decbc=0&edd=0&spv=1&dphrec=0&tfstu=-1&net_type=wifi&absa=&qp=&max_block=3072&sbtdk=0&sbedk=0&sbtop1ec=0&sbtop1ek=0&sbtop2ec=0&sbtop2ek=0&rtcnt=0&suscnt=0&cfcnt=0&netcc=0&tfsc=0&dstu=0&nedsp=0&stcf=0&skcf=0&dstrf=0&filel=143592520&ctpdp=0&ctpdd=0&
06-04 20:37:35.785 W/HttpPost( 3469): HCDN_LOG: ctpdn=0&btype=
06-04 20:37:35.788 W/q_h_c_s ( 3469): HCDN_LOG: [T:3760]SetEasyOpt:1497,curl_easy_setopt CURLOPT_URL success: https://msg.ptqy.gitv.tv/qos?u=aciaoaz3wrh4thzbtphlv77ra65l66z5&pu=&rn=1722540&p1=8_82_820&dfp=&de=&stime=1722540&pbv=&t=11&ct=p2p_task&v=10.2.3.5212&tvid=1608843880763300&vid=65f888b7cc0c74b794ab89eac7137fc8&rid=8b0dc354e98f5212fc0b20faa859f0f1&idcn=3&iocpn=0&scdnn=0&iocpspc=0&dcachespc=0&dcachen=0&iocpspd=0&dcachespd=0&z=&aiocpn=0&aiocpspc=0&aiocpspd=0&filesize=143592520&p2pflux=77276229&cdnflux=2911&dcacheflux=0&dcachev6=0&dtick=0&gdtick=50&das=0&p2pas=325&tpand=10&bitrate=402&localflux=0&rdlflux=37748736&policy=3&stuck=0&dcachep=&cdnp=&ftype=1&segnum=2&stcf=0&skcf=0&nrcflux=0&cpcflux=0&btype=tv_android_player&nat=12&file_type=12&rtype1=0&rtype2=0&rtype3=&rtype4=0&rtype5=1&custid=wifi&st=0&stb=0 (reid: 37860581)
06-04 20:37:35.788 W/q_h_c_s ( 3469): HCDN_LOG: [T:3760]SetCurlTimeout:4095,curl_easy_setopt CURLOPT_CONNECTTIMEOUT_MS success (reid: 37860581, timeout: 5001)
06-04 20:37:35.788 W/q_h_c_s ( 3469): HCDN_LOG: [T:3760]SetCurlTimeout:4161,curl_easy_setopt CURLOPT_TIMEOUT_MS success (reid: 37860581, timeout: 6000)
06-04 20:37:35.789 W/q_h_c_s ( 3469): HCDN_LOG: [T:3760]AddToMultiHandle:1145,AddToMultiHandle reid: 37860581, taskid(0), moduleId(0), offset(0), length(-1), CURL(0xa53c3290), m_mapRun(1), m_mapReqId2EasyHandle(1), m_vecModuleRun(0,1,0,0,0,0,0,0,0)
06-04 20:37:35.789 W/q_h_c_s ( 3469): HCDN_LOG: [T:3760]SetEasyOpt:1497,curl_easy_setopt CURLOPT_URL success: https://msg.ptqy.gitv.tv/v5/ypt/cnp2p?p1=3_31_312&r=1608843880763300&u=tv_cc46bef63fc2ad8d49126ac32881e261_1749020506912_5491100964&v=10.2.3.5212&cnpt=0&segnum=2&blknum=0&nodemun=0&dchenum=0&excl=0&bitrate=3216&p2psp=0&nrcflux=0&cpcflux=0&bcflux=0&tcdnf=2911&tp2pf=77276229&ftype=1&vid=65f888b7cc0c74b794ab89eac7137fc8&cnucheb=0&cachebyte=0&f4vname=8b0dc354e98f5212fc0b20faa859f0f1&cdnas=0&p2pas=325&das=0&skstcf=0&celcf=0&trklt=0&udplt=0&lcaccpc=0&lspcpc=0&vipusr=1&playmul=1.00&v4v6tp=12&mkpf=73962565&fext=bbts&decachef=0&tce=0&cdcbcn=0&utp=0&dmc=10&mcdc=0&dcc=0&dcsc=0&dctc=0&ddaec=0&ddrtc=0&ddwzc=0&debc=0&npbc=39&decbc=0&edd=0&spv=1&dphrec=0&tfstu=-1&net_type=wifi&absa=&qp=&max_block=3072&sbtdk=0&sbedk=0&sbtop1ec=0&sbtop1ek=0&sbtop2ec=0&sbtop2ek=0&rtcnt=0&suscnt=0&cfcnt=0&netcc=0&tfsc=0&dstu=0&nedsp=0&stcf=0&skcf=0&dstrf=0&filel=143592520&ctpdp=0&ctpdd=0&ctpdn=0&btype= (reid: 37860582)
06-04 20:37:35.789 W/q_h_c_s ( 3469): HCDN_LOG: [T:3760]SetCurlTimeout:4095,curl_easy_setopt CURLOPT_CONNECTTIMEOUT_MS success (reid: 37860582, timeout: 5001)
06-04 20:37:35.789 W/q_h_c_s ( 3469): HCDN_LOG: [T:3760]SetCurlTimeout:4161,curl_easy_setopt CURLOPT_TIMEOUT_MS success (reid: 37860582, timeout: 6000)
06-04 20:37:35.789 W/q_h_c_s ( 3469): HCDN_LOG: [T:3760]AddToMultiHandle:1145,AddToMultiHandle reid: 37860582, taskid(0), moduleId(0), offset(0), length(-1), CURL(0xa53e2b90), m_mapRun(2), m_mapReqId2EasyHandle(2), m_vecModuleRun(0,2,0,0,0,0,0,0,0)
06-04 20:37:35.796 I/audio_hw_hal_primary( 491): [audiohal_get_latency:1333] io 13: out:0xe6245d80 frames:1152 rate:48000 whole_latency:24 alsa_latency:24
06-04 20:37:35.796 I/audio_hw_hal_primary( 491): [audiohal_get_latency:1333] io 13: out:0xe6245d80 frames:1152 rate:48000 whole_latency:24 alsa_latency:24
06-04 20:37:35.818 I/audio_hw_hal_primary( 491): [audiohal_get_latency:1333] io 13: out:0xe6245d80 frames:1152 rate:48000 whole_latency:24 alsa_latency:24
06-04 20:37:35.818 I/audio_hw_hal_primary( 491): [audiohal_get_latency:1333] io 13: out:0xe6245d80 frames:1152 rate:48000 whole_latency:24 alsa_latency:24
06-04 20:37:35.840 I/audio_hw_hal_primary( 491): [audiohal_get_latency:1333] io 13: out:0xe6245d80 frames:1152 rate:48000 whole_latency:24 alsa_latency:24
06-04 20:37:35.840 I/audio_hw_hal_primary( 491): [audiohal_get_latency:1333] io 13: out:0xe6245d80 frames:1152 rate:48000 whole_latency:24 alsa_latency:24
06-04 20:37:35.862 I/audio_hw_hal_primary( 491): [audiohal_get_latency:1333] io 13: out:0xe6245d80 frames:1024 rate:48000 whole_latency:21 alsa_latency:21
06-04 20:37:35.862 I/audio_hw_hal_primary( 491): [audiohal_get_latency:1333] io 13: out:0xe6245d80 frames:1024 rate:48000 whole_latency:21 alsa_latency:21
06-04 20:37:35.880 I/audio_hw_hal_primary( 491): [audiohal_get_latency:1333] io 13: out:0xe6245d80 frames:1024 rate:48000 whole_latency:21 alsa_latency:21
06-04 20:37:35.880 I/audio_hw_hal_primary( 491): [audiohal_get_latency:1333] io 13: out:0xe6245d80 frames:1024 rate:48000 whole_latency:21 alsa_latency:21
06-04 20:37:35.902 I/audio_hw_hal_primary( 491): [audiohal_get_latency:1333] io 13: out:0xe6245d80 frames:1280 rate:48000 whole_latency:26 alsa_latency:26
06-04 20:37:35.902 I/audio_hw_hal_primary( 491): [audiohal_get_latency:1333] io 13: out:0xe6245d80 frames:1152 rate:48000 whole_latency:24 alsa_latency:24
06-04 20:37:35.925 I/audio_hw_hal_primary( 491): [audiohal_get_latency:1333] io 13: out:0xe6245d80 frames:1152 rate:48000 whole_latency:24 alsa_latency:24
06-04 20:37:35.925 I/audio_hw_hal_primary( 491): [audiohal_get_latency:1333] io 13: out:0xe6245d80 frames:1152 rate:48000 whole_latency:24 alsa_latency:24
06-04 20:37:35.946 I/audio_hw_hal_primary( 491): [audiohal_get_latency:1333] io 13: out:0xe6245d80 frames:1152 rate:48000 whole_latency:24 alsa_latency:24
06-04 20:37:35.947 I/audio_hw_hal_primary( 491): [audiohal_get_latency:1333] io 13: out:0xe6245d80 frames:1152 rate:48000 whole_latency:24 alsa_latency:24
06-04 20:37:35.964 I/audio_hw_hal_primary( 491): [audiohal_get_latency:1333] io 13: out:0xe6245d80 frames:1024 rate:48000 whole_latency:21 alsa_latency:21
06-04 20:37:35.966 I/audio_hw_hal_primary( 491): [audiohal_get_latency:1333] io 13: out:0xe6245d80 frames:1280 rate:48000 whole_latency:26 alsa_latency:26
06-04 20:37:35.978 D/XM_HIDREAD( 1910): poll ret=1, event=1
06-04 20:37:35.978 D/XM_HIDREAD( 1910): [9 bytes]:01 00 00 52 00 00 00 00 00
06-04 20:37:35.982 I/audio_hw_hal_primary( 491): [audiohal_get_latency:1333] io 13: out:0xe6245d80 frames:1152 rate:48000 whole_latency:24 alsa_latency:24
06-04 20:37:35.988 I/SogouIME( 1396): onKeyDown: keyoCode=19
06-04 20:37:35.988 I/DefaultIMS( 1396): onKeyDown: keyoCode=19
06-04 20:37:36.007 I/WifiHAL ( 524): call wifi_get_link_stats handler
06-04 20:37:36.007 I/WifiHAL ( 524): Creating message to get link statistics; iface = 16
06-04 20:37:36.007 D/WifiHAL ( 524): error code -95 mapped to -3
06-04 20:37:36.007 E/WifiStaIfaceAidlImpl( 707): getLinkLayerStats failed with service-specific exception: android.os.ServiceSpecificException: (code 4)
06-04 20:37:36.113 D/XM_HIDREAD( 1910): poll ret=1, event=1
06-04 20:37:36.113 D/XM_HIDREAD( 1910): [9 bytes]:01 00 00 00 00 00 00 00 00
06-04 20:37:36.115 I/SogouIME( 1396): onKeyUp: keyoCode=19
06-04 20:37:36.115 I/DefaultIMS( 1396): onKeyUp: keyoCode=19
06-04 20:37:36.126 D/WifiNl80211Manager( 707): Scan result ready event
06-04 20:37:36.126 D/WifiNative( 707): Scan result ready event
06-04 20:37:36.132 I/PlayThreadMonitor( 3469): in playerthread monitor handler
06-04 20:37:36.132 I/PlayThreadMonitor( 3469): in monitor runnable
06-04 20:37:36.136 I/audio_hw_hal_primary( 491): [audiohal_get_latency:1333] io 13: out:0xe6245d80 frames:1280 rate:48000 whole_latency:26 alsa_latency:26
06-04 20:37:36.137 I/audio_hw_hal_primary( 491): [audiohal_get_latency:1333] io 13: out:0xe6245d80 frames:1280 rate:48000 whole_latency:26 alsa_latency:26
06-04 20:37:36.158 I/audio_hw_hal_primary( 491): [audiohal_get_latency:1333] io 13: out:0xe6245d80 frames:1280 rate:48000 whole_latency:26 alsa_latency:26
06-04 20:37:36.158 I/audio_hw_hal_primary( 491): [audiohal_get_latency:1333] io 13: out:0xe6245d80 frames:1152 rate:48000 whole_latency:24 alsa_latency:24
06-04 20:37:36.171 E/hq ( 1414): NetWorkStateReceiver:::NetWorkStateReceiver onReceive: 网络变化广播 >>>> intent.action=android.net.wifi.SCAN_RESULTS
06-04 20:37:36.172 E/ccc ( 4242): cccccc SCAN_RESULTS_AVAILABLE_ACTION hhhh
06-04 20:37:36.174 I/WifiHAL ( 524): call wifi_get_link_stats handler
06-04 20:37:36.174 I/WifiHAL ( 524): Creating message to get link statistics; iface = 16
06-04 20:37:36.174 D/WifiHAL ( 524): error code -95 mapped to -3
06-04 20:37:36.175 E/WifiStaIfaceAidlImpl( 707): getLinkLayerStats failed with service-specific exception: android.os.ServiceSpecificException: (code 4)
06-04 20:37:36.180 I/audio_hw_hal_primary( 491): [audiohal_get_latency:1333] io 13: out:0xe6245d80 frames:1152 rate:48000 whole_latency:24 alsa_latency:24
06-04 20:37:36.180 I/audio_hw_hal_primary( 491): [audiohal_get_latency:1333] io 13: out:0xe6245d80 frames:1152 rate:48000 whole_latency:24 alsa_latency:24
06-04 20:37:36.182 W/eventbuscore( 1414): post Event:com.dangbei.leard.base.entity.event.NetWifiRssiEvent
06-04 20:37:36.186 E/ccc ( 4242): cccccc result is not empty call back
06-04 20:37:36.186 E/ccc ( 4242): cccccc 666666666666666
06-04 20:37:36.192 D/BluetoothAdapterService( 1011): cancelDiscovery
06-04 20:37:36.193 I/bt_btif_dm( 1011): packages/modules/Bluetooth/system/btif/src/btif_dm.cc:2470 btif_dm_cancel_discovery: Cancel search
06-04 20:37:36.193 I/bluetooth( 1011): packages/modules/Bluetooth/system/bta/dm/bta_dm_main.cc:96 bta_dm_search_sm_execute: state:BTA_DM_SEARCH_IDLE, event:BTA_DM_API_SEARCH_CANCEL_EVT[0x201]
06-04 20:37:36.204 I/audio_hw_hal_primary( 491): [audiohal_get_latency:1333] io 13: out:0xe6245d80 frames:1024 rate:48000 whole_latency:21 alsa_latency:21
06-04 20:37:36.205 I/audio_hw_hal_primary( 491): [audiohal_get_latency:1333] io 13: out:0xe6245d80 frames:1024 rate:48000 whole_latency:21 alsa_latency:21
06-04 20:37:36.207 E/ccc ( 4242): cccccc sort 4 53
06-04 20:37:36.221 I/audio_hw_hal_primary( 491): [audiohal_get_latency:1333] io 13: out:0xe6245d80 frames:1280 rate:48000 whole_latency:26 alsa_latency:26
06-04 20:37:36.222 I/audio_hw_hal_primary( 491): [audiohal_get_latency:1333] io 13: out:0xe6245d80 frames:1280 rate:48000 whole_latency:26 alsa_latency:26
06-04 20:37:36.227 D/OpenGLRenderer( 4242): --- Failed to create image decoder with message 'unimplemented'
06-04 20:37:36.227 D/OpenGLRenderer( 4242): --- Failed to create image decoder with message 'unimplemented'
06-04 20:37:36.228 D/OpenGLRenderer( 4242): --- Failed to create image decoder with message 'unimplemented'
06-04 20:37:36.229 E/TaskPersister( 707): File error accessing recents directory (directory doesn't exist?).
06-04 20:37:36.230 D/OpenGLRenderer( 4242): --- Failed to create image decoder with message 'unimplemented'
06-04 20:37:36.231 D/OpenGLRenderer( 4242): --- Failed to create image decoder with message 'unimplemented'
06-04 20:37:36.233 D/OpenGLRenderer( 4242): --- Failed to create image decoder with message 'unimplemented'
06-04 20:37:36.243 I/audio_hw_hal_primary( 491): [audiohal_get_latency:1333] io 13: out:0xe6245d80 frames:1280 rate:48000 whole_latency:26 alsa_latency:26
06-04 20:37:36.243 I/audio_hw_hal_primary( 491): [audiohal_get_latency:1333] io 13: out:0xe6245d80 frames:1280 rate:48000 whole_latency:26 alsa_latency:26
06-04 20:37:36.257 D/OpenGLRenderer( 4242): --- Failed to create image decoder with message 'unimplemented'
06-04 20:37:36.259 D/OpenGLRenderer( 4242): --- Failed to create image decoder with message 'unimplemented'
06-04 20:37:36.260 D/OpenGLRenderer( 4242): --- Failed to create image decoder with message 'unimplemented'
06-04 20:37:36.261 D/OpenGLRenderer( 4242): --- Failed to create image decoder with message 'unimplemented'
06-04 20:37:36.261 D/OpenGLRenderer( 4242): --- Failed to create image decoder with message 'unimplemented'
06-04 20:37:36.262 D/OpenGLRenderer( 4242): --- Failed to create image decoder with message 'unimplemented'
06-04 20:37:36.262 D/OpenGLRenderer( 4242): --- Failed to create image decoder with message 'unimplemented'
06-04 20:37:36.263 D/OpenGLRenderer( 4242): --- Failed to create image decoder with message 'unimplemented'
06-04 20:37:36.263 D/OpenGLRenderer( 4242): --- Failed to create image decoder with message 'unimplemented'
06-04 20:37:36.264 D/OpenGLRenderer( 4242): --- Failed to create image decoder with message 'unimplemented'
06-04 20:37:36.266 I/audio_hw_hal_primary( 491): [audiohal_get_latency:1333] io 13: out:0xe6245d80 frames:1152 rate:48000 whole_latency:24 alsa_latency:24
06-04 20:37:36.266 D/OpenGLRenderer( 4242): --- Failed to create image decoder with message 'unimplemented'
06-04 20:37:36.267 D/OpenGLRenderer( 4242): --- Failed to create image decoder with message 'unimplemented'
06-04 20:37:36.268 I/audio_hw_hal_primary( 491): [audiohal_get_latency:1333] io 13: out:0xe6245d80 frames:1024 rate:48000 whole_latency:21 alsa_latency:21
06-04 20:37:36.290 I/audio_hw_hal_primary( 491): [audiohal_get_latency:1333] io 13: out:0xe6245d80 frames:1024 rate:48000 whole_latency:21 alsa_latency:21
06-04 20:37:36.290 I/audio_hw_hal_primary( 491): [audiohal_get_latency:1333] io 13: out:0xe6245d80 frames:1024 rate:48000 whole_latency:21 alsa_latency:21
06-04 20:37:36.307 I/audio_hw_hal_primary( 491): [audiohal_get_latency:1333] io 13: out:0xe6245d80 frames:1280 rate:48000 whole_latency:26 alsa_latency:26
06-04 20:37:36.307 I/audio_hw_hal_primary( 491): [audiohal_get_latency:1333] io 13: out:0xe6245d80 frames:1280 rate:48000 whole_latency:26 alsa_latency:26
06-04 20:37:36.329 I/audio_hw_hal_primary( 491): [audiohal_get_latency:1333] io 13: out:0xe6245d80 frames:1280 rate:48000 whole_latency:26 alsa_latency:26
06-04 20:37:36.329 I/audio_hw_hal_primary( 491): [audiohal_get_latency:1333] io 13: out:0xe6245d80 frames:1280 rate:48000 whole_latency:26 alsa_latency:26
06-04 20:37:36.351 I/audio_hw_hal_primary( 491): [audiohal_get_latency:1333] io 13: out:0xe6245d80 frames:1152 rate:48000 whole_latency:24 alsa_latency:24
06-04 20:37:36.351 I/audio_hw_hal_primary( 491): [audiohal_get_latency:1333] io 13: out:0xe6245d80 frames:1152 rate:48000 whole_latency:24 alsa_latency:24
06-04 20:37:36.372 I/audio_hw_hal_primary( 491): [audiohal_get_latency:1333] io 13: out:0xe6245d80 frames:1152 rate:48000 whole_latency:24 alsa_latency:24
06-04 20:37:36.373 I/audio_hw_hal_primary( 491): [audiohal_get_latency:1333] io 13: out:0xe6245d80 frames:1152 rate:48000 whole_latency:24 alsa_latency:24
06-04 20:37:36.395 I/audio_hw_hal_primary( 491): [audiohal_get_latency:1333] io 13: out:0xe6245d80 frames:1152 rate:48000 whole_latency:24 alsa_latency:24
06-04 20:37:36.395 I/audio_hw_hal_primary( 491): [audiohal_get_latency:1333] io 13: out:0xe6245d80 frames:1152 rate:48000 whole_latency:24 alsa_latency:24
06-04 20:37:36.416 I/audio_hw_hal_primary( 491): [audiohal_get_latency:1333] io 13: out:0xe6245d80 frames:1152 rate:48000 whole_latency:24 alsa_latency:24
06-04 20:37:36.417 I/audio_hw_hal_primary( 491): [audiohal_get_latency:1333] io 13: out:0xe6245d80 frames:1152 rate:48000 whole_latency:24 alsa_latency:24
06-04 20:37:36.433 I/audio_hw_hal_primary( 491): [audiohal_get_latency:1333] io 13: out:0xe6245d80 frames:1024 rate:48000 whole_latency:21 alsa_latency:21
06-04 20:37:36.434 I/audio_hw_hal_primary( 491): [audiohal_get_latency:1333] io 13: out:0xe6245d80 frames:1024 rate:48000 whole_latency:21 alsa_latency:21
06-04 20:37:36.455 I/audio_hw_hal_primary( 491): [audiohal_get_latency:1333] io 13: out:0xe6245d80 frames:1280 rate:48000 whole_latency:26 alsa_latency:26
06-04 20:37:36.455 I/audio_hw_hal_primary( 491): [audiohal_get_latency:1333] io 13: out:0xe6245d80 frames:1280 rate:48000 whole_latency:26 alsa_latency:26
06-04 20:37:36.456 D/audioserver( 542): logFgsApiEnd: FGS Logger Transaction failed, -129
06-04 20:37:36.457 D/audioserver( 542): logFgsApiEnd: FGS Logger Transaction failed, -129
06-04 20:37:36.458 W/q_h_c_s ( 3469): HCDN_LOG: [T:3867]MethodLog:1333,QTP AsyncPost (reid: 37860583, url: https://msg.ptqy.gitv.tv/evt, connect: 5001, read: 6000, strict: 0, qtp: 1, module: 0)
06-04 20:37:36.458 E/stat_handler( 3469): HCDN_LOG: [T:3867][HINFO]:[f:StartAsynPost],[l:245] StartAsyncPost req: 0xeb884eb0, reqid: 37860583, url: https://msg.ptqy.gitv.tv/evt
06-04 20:37:36.458 E/stat_handler( 3469): msg=[{"ct":"hcdn_cstat","diy_pk1":"unknown","diy_pk10":"12","diy_pk11":"6","diy_pk12":"","diy_pk13":"{\"cpuinfo\":\"\",\"model\":\"DBBOX-A3\",\"submodel\":\"\",\"uuid\":\"20200817110900551NKVuEWAfr101626\"}\n","diy_pk14":"","diy_pk15":"tv_android_player","diy_pk16":"8b0dc354e98f5212fc0b20faa859f0f100000000","diy_pk17":"","diy_pk18":"1","diy_pk2":"wifi","diy_pk20":"{\n \"bid\" : \"800\",\n \"dcache_node\" : \"1\",\n \"delete\" : \"0\",\n \"deleteO\" : \"0\",\n \"has_node\" : \"1\",\n \"udp_node\" : \"0\"\n}\n","diy_pk3":"DrmWithoutWMkPlay","diy_pk4":"1608843880763300","diy_pk5":"65f888b7cc0c74b794ab89eac7137fc8","diy_pk6":"2","diy_pk7":"143592520","diy_pk8":"nonwatermark","diy_pk9":"online","diy_pm1":"2911","diy_pm2":"77276229","diy_pm3":"0","diy_ptype":"hcdn_flux_post","p1":"3_31_820","t":"11","u":"tv_cc46bef63fc2ad8d49126ac32881e261_1749020506912_549
06-04 20:37:36.458 E/stat_handler( 3469): HCDN_LOG: 1100964","v":"10.2.3.5212"}]
06-04 20:37:36.458 E/stat_handler( 3469):
06-04 20:37:36.458 E/stat_handler( 3469): HCDN_LOG: [T:3867][HINFO]:[f:StartAsyncPost],[l:34] StartAsyncPost requestId:37860583, m_setQtpObject.size:1, m_setQtpObjectOrgPtr:1
06-04 20:37:36.458 E/stat_handler( 3469): HCDN_LOG: [T:3867][HFATAL]:[f:StartAsyncPost],[l:37] StartAsyncPost: success, req: 0x976100e0
06-04 20:37:36.459 W/q_h_c_s ( 3469): HCDN_LOG: [T:3760]SetEasyOpt:1497,curl_easy_setopt CURLOPT_URL success: https://msg.ptqy.gitv.tv/evt (reid: 37860583)
06-04 20:37:36.459 W/q_h_c_s ( 3469): HCDN_LOG: [T:3760]SetCurlTimeout:4095,curl_easy_setopt CURLOPT_CONNECTTIMEOUT_MS success (reid: 37860583, timeout: 5001)
06-04 20:37:36.459 W/q_h_c_s ( 3469): HCDN_LOG: [T:3760]SetCurlTimeout:4161,curl_easy_setopt CURLOPT_TIMEOUT_MS success (reid: 37860583, timeout: 6000)
06-04 20:37:36.459 W/q_h_c_s ( 3469): HCDN_LOG: [T:3760]AddToMultiHandle:1145,AddToMultiHandle reid: 37860583, taskid(0), moduleId(0), offset(0), length(-1), CURL(0xa53e2b90), m_mapRun(1), m_mapReqId2EasyHandle(1), m_vecModuleRun(0,1,0,0,0,0,0,0,0)
06-04 20:37:36.514 E/stat_handler( 3469): HCDN_LOG: [T:3867][HINFO]:[f:DealQtpHttpFinishedCallback],[l:360] DealQtpHttpFinishedCallback: 0xeb884eb0, type: hcdn_flux_post, reqid: 37860583, qtp:0, http:200
06-04 20:37:36.514 E/stat_handler( 3469): HCDN_LOG: [T:3867][HINFO]:[f:QtpObjFinishCallback],[l:67] QtpObjFinishCallback:success, requestId:37860583, qtp:0, http:200
06-04 20:37:36.514 E/stat_handler( 3469): HCDN_LOG: [T:3867][HINFO]:[f:DeleteQtpObject],[l:121] DeleteQtpObject: 0x976100e0, m_setQtpObject erase, size:0
06-04 20:37:36.514 E/stat_handler( 3469): HCDN_LOG: [T:3867][HINFO]:[f:DeleteQtpObject],[l:128] m_setQtpObjectOrgPtr erase, size:0
06-04 20:37:36.514 E/stat_handler( 3469): HCDN_LOG: [T:3867][HINFO]:[f:~CStatHandlerQtpObj],[l:90] ~CStatHandlerQtpObj, requestId:37860583
06-04 20:37:36.514 E/stat_handler( 3469): HCDN_LOG: [T:3867][HINFO]:[f:AddPost],[l:245] return, policy not post: stat_handler_post
06-04 20:37:37.047 D/XM_HIDREAD( 1910): poll ret=1, event=1
06-04 20:37:37.047 D/XM_HIDREAD( 1910): [9 bytes]:01 00 00 50 00 00 00 00 00
06-04 20:37:37.076 I/audio_hw_hal_primary( 491): [register_audio_patch:8215] Patch 7:id:7 mix(io:13)->dev_0[OUT_HDMI(id:54)] found, register the same patch, do nothing.
06-04 20:37:37.076 I/audio_hw_hal_primary( 491): [adev_create_audio_patch:8316] Patch 7: MIX->DEVICE, num_src:1 num_sink:1 patch_src:INVAL
06-04 20:37:37.076 I/audio_hw_hal_primary( 491): [adev_create_audio_patch:8320] sink[0]: OUT_HDMI(id:54)
06-04 20:37:37.076 I/audio_hw_hal_primary( 491): [adev_create_audio_patch:8377] Patch 7: mix(io:13) -> dev[OUT_HDMI(id:54)]
06-04 20:37:37.077 I/audio_hw_hal_primary( 491): [adev_create_audio_patch:8445] dev=0xe71c0010 cur_out_device=0x400
06-04 20:37:37.077 D/UEventObserver( 1030): change@/devices/platform/auge_sound/sound/card0/controlC0ACTION=changeDEVPATH=/devices/platform/auge_sound/sound/card0/controlC0SUBSYSTEM=soundAUDIO_FORMAT=0MAJOR=116MINOR=13DEVNAME=snd/controlC0SEQNUM=3722
06-04 20:37:37.084 D/audioserver( 542): logFgsApiBegin: FGS Logger Transaction failed, -129
06-04 20:37:37.085 I/audio_hw_hal_primary( 491): out_update_source_metadata_v7() line 2013 usage:1 content_type:2
06-04 20:37:37.090 I/SogouIME( 1396): onKeyDown: keyoCode=21
06-04 20:37:37.090 I/DefaultIMS( 1396): onKeyDown: keyoCode=21
06-04 20:37:37.120 I/audio_hw_hal_primary( 491): [register_audio_patch:8215] Patch 7:id:7 mix(io:13)->dev_0[OUT_HDMI(id:54)] found, register the same patch, do nothing.
06-04 20:37:37.120 I/audio_hw_hal_primary( 491): [adev_create_audio_patch:8316] Patch 7: MIX->DEVICE, num_src:1 num_sink:1 patch_src:INVAL
06-04 20:37:37.120 I/audio_hw_hal_primary( 491): [adev_create_audio_patch:8320] sink[0]: OUT_HDMI(id:54)
06-04 20:37:37.120 I/audio_hw_hal_primary( 491): [adev_create_audio_patch:8377] Patch 7: mix(io:13) -> dev[OUT_HDMI(id:54)]
06-04 20:37:37.120 I/audio_hw_hal_primary( 491): [adev_create_audio_patch:8445] dev=0xe71c0010 cur_out_device=0x400
06-04 20:37:37.121 D/audioserver( 542): logFgsApiEnd: FGS Logger Transaction failed, -129
06-04 20:37:37.121 D/audioserver( 542): logFgsApiBegin: FGS Logger Transaction failed, -129
06-04 20:37:37.122 I/audio_hw_hal_primary( 491): out_update_source_metadata_v7() line 2013 usage:1 content_type:2
06-04 20:37:37.126 D/audioserver( 542): logFgsApiBegin: FGS Logger Transaction failed, -129
06-04 20:37:37.129 D/UEventObserver( 1030): change@/devices/platform/auge_sound/sound/card0/controlC0ACTION=changeDEVPATH=/devices/platform/auge_sound/sound/card0/controlC0SUBSYSTEM=soundAUDIO_FORMAT=0MAJOR=116MINOR=13DEVNAME=snd/controlC0SEQNUM=3723
06-04 20:37:37.163 I/audio_hw_hal_primary( 491): out_update_source_metadata_v7() line 2013 usage:1 content_type:2
06-04 20:37:37.192 D/TrafficStats( 2892): tagSocket(125) with statsTag=0xffffffff, statsUid=-1
06-04 20:37:37.215 D/XM_HIDREAD( 1910): poll ret=1, event=1
06-04 20:37:37.215 D/XM_HIDREAD( 1910): [9 bytes]:01 00 00 00 00 00 00 00 00
06-04 20:37:37.218 I/SogouIME( 1396): onKeyUp: keyoCode=21
06-04 20:37:37.218 I/DefaultIMS( 1396): onKeyUp: keyoCode=21
06-04 20:37:37.232 E/p2pfile ( 3469): HCDN_LOG: [T:3781][HINFO]:[f:GetParam],[l:4289],[Task(0), key=storage_mem_size]
06-04 20:37:37.232 E/p2pfile ( 3469): HCDN_LOG: [T:3781][HINFO]:[f:GetParam],[l:4289],[Task(0), key=p2p_mem_size]
06-04 20:37:37.232 E/localserver( 3469): HCDN_LOG: [T:3781][func:MonitorMem],[line:73],[Memstatistics],[bRet:1],[bNextRet:1],[pParamStorageBuffer:0],[pParamP2PBuffer:0]
06-04 20:37:37.232 E/p2pfile ( 3469): HCDN_LOG: [T:3781][HINFO]:[f:GetParam],[l:4289],[Task(0), key=storage_block_down]
06-04 20:37:37.232 E/p2pfile ( 3469): HCDN_LOG: [T:3781][HINFO]:[f:GetParam],[l:4289],[Task(0), key=storage_block_up]
06-04 20:37:37.232 E/p2pfile ( 3469): HCDN_LOG: [T:3781][HINFO]:[f:GetParam],[l:4289],[Task(0), key=storage_block_prepush]
06-04 20:37:37.247 I/audio_hw_hal_primary( 491): [audiohal_get_latency:1333] io 13: out:0xe6245d80 frames:1152 rate:48000 whole_latency:24 alsa_latency:24
06-04 20:37:37.290 I/audio_hw_hal_primary( 491): [audiohal_get_latency:1333] io 13: out:0xe6245d80 frames:1152 rate:48000 whole_latency:24 alsa_latency:24
06-04 20:37:37.290 I/audio_hw_hal_primary( 491): [audiohal_get_latency:1333] io 13: out:0xe6245d80 frames:1152 rate:48000 whole_latency:24 alsa_latency:24
06-04 20:37:37.312 I/audio_hw_hal_primary( 491): [audiohal_get_latency:1333] io 13: out:0xe6245d80 frames:1152 rate:48000 whole_latency:24 alsa_latency:24
06-04 20:37:37.312 I/audio_hw_hal_primary( 491): [audiohal_get_latency:1333] io 13: out:0xe6245d80 frames:1152 rate:48000 whole_latency:24 alsa_latency:24
06-04 20:37:37.326 I/TvUniPlayer/UniPlayer@7a0c4a5( 3469): in handleMessage event:10000
06-04 20:37:37.329 I/audio_hw_hal_primary( 491): [audiohal_get_latency:1333] io 13: out:0xe6245d80 frames:1152 rate:48000 whole_latency:24 alsa_latency:24
06-04 20:37:37.329 I/audio_hw_hal_primary( 491): [audiohal_get_latency:1333] io 13: out:0xe6245d80 frames:1152 rate:48000 whole_latency:24 alsa_latency:24
06-04 20:37:37.352 I/audio_hw_hal_primary( 491): [audiohal_get_latency:1333] io 13: out:0xe6245d80 frames:1024 rate:48000 whole_latency:21 alsa_latency:21
06-04 20:37:37.353 I/audio_hw_hal_primary( 491): [audiohal_get_latency:1333] io 13: out:0xe6245d80 frames:1024 rate:48000 whole_latency:21 alsa_latency:21
06-04 20:37:37.370 I/audio_hw_hal_primary( 491): [audiohal_get_latency:1333] io 13: out:0xe6245d80 frames:1152 rate:48000 whole_latency:24 alsa_latency:24
06-04 20:37:37.370 I/audio_hw_hal_primary( 491): [audiohal_get_latency:1333] io 13: out:0xe6245d80 frames:1152 rate:48000 whole_latency:24 alsa_latency:24
06-04 20:37:37.392 I/audio_hw_hal_primary( 491): [audiohal_get_latency:1333] io 13: out:0xe6245d80 frames:1152 rate:48000 whole_latency:24 alsa_latency:24
06-04 20:37:37.392 I/audio_hw_hal_primary( 491): [audiohal_get_latency:1333] io 13: out:0xe6245d80 frames:1152 rate:48000 whole_latency:24 alsa_latency:24
06-04 20:37:37.414 I/audio_hw_hal_primary( 491): [audiohal_get_latency:1333] io 13: out:0xe6245d80 frames:1152 rate:48000 whole_latency:24 alsa_latency:24
06-04 20:37:37.414 I/audio_hw_hal_primary( 491): [audiohal_get_latency:1333] io 13: out:0xe6245d80 frames:1024 rate:48000 whole_latency:21 alsa_latency:21
06-04 20:37:37.436 I/audio_hw_hal_primary( 491): [audiohal_get_latency:1333] io 13: out:0xe6245d80 frames:1024 rate:48000 whole_latency:21 alsa_latency:21
06-04 20:37:37.436 I/audio_hw_hal_primary( 491): [audiohal_get_latency:1333] io 13: out:0xe6245d80 frames:1024 rate:48000 whole_latency:21 alsa_latency:21
06-04 20:37:37.458 I/audio_hw_hal_primary( 491): [audiohal_get_latency:1333] io 13: out:0xe6245d80 frames:1024 rate:48000 whole_latency:21 alsa_latency:21
06-04 20:37:37.459 I/audio_hw_hal_primary( 491): [audiohal_get_latency:1333] io 13: out:0xe6245d80 frames:1024 rate:48000 whole_latency:21 alsa_latency:21
06-04 20:37:37.480 I/audio_hw_hal_primary( 491): [audiohal_get_latency:1333] io 13: out:0xe6245d80 frames:1280 rate:48000 whole_latency:26 alsa_latency:26
06-04 20:37:37.480 I/audio_hw_hal_primary( 491): [audiohal_get_latency:1333] io 13: out:0xe6245d80 frames:1280 rate:48000 whole_latency:26 alsa_latency:26
06-04 20:37:37.503 I/audio_hw_hal_primary( 491): [audiohal_get_latency:1333] io 13: out:0xe6245d80 frames:1152 rate:48000 whole_latency:24 alsa_latency:24
06-04 20:37:37.503 I/audio_hw_hal_primary( 491): [audiohal_get_latency:1333] io 13: out:0xe6245d80 frames:1152 rate:48000 whole_latency:24 alsa_latency:24
06-04 20:37:37.519 D/XM_HIDREAD( 1910): poll ret=1, event=1
06-04 20:37:37.519 D/XM_HIDREAD( 1910): [9 bytes]:01 00 00 51 00 00 00 00 00
06-04 20:37:37.522 I/audio_hw_hal_primary( 491): [audiohal_get_latency:1333] io 13: out:0xe6245d80 frames:1280 rate:48000 whole_latency:26 alsa_latency:26
06-04 20:37:37.522 I/SogouIME( 1396): onKeyDown: keyoCode=20
06-04 20:37:37.522 I/DefaultIMS( 1396): onKeyDown: keyoCode=20
06-04 20:37:37.579 W/bei.haqusetting( 4242): Reducing the number of considered missed Gc histogram windows from 149 to 100
06-04 20:37:37.671 I/audio_hw_hal_primary( 491): [audiohal_get_latency:1333] io 13: out:0xe6245d80 frames:1280 rate:48000 whole_latency:26 alsa_latency:26
06-04 20:37:37.671 I/audio_hw_hal_primary( 491): [audiohal_get_latency:1333] io 13: out:0xe6245d80 frames:1280 rate:48000 whole_latency:26 alsa_latency:26
06-04 20:37:37.688 D/XM_HIDREAD( 1910): poll ret=1, event=1
06-04 20:37:37.688 D/XM_HIDREAD( 1910): [9 bytes]:01 00 00 00 00 00 00 00 00
06-04 20:37:37.690 I/SogouIME( 1396): onKeyUp: keyoCode=20
06-04 20:37:37.690 I/DefaultIMS( 1396): onKeyUp: keyoCode=20
06-04 20:37:37.693 I/audio_hw_hal_primary( 491): [audiohal_get_latency:1333] io 13: out:0xe6245d80 frames:1024 rate:48000 whole_latency:21 alsa_latency:21
06-04 20:37:37.693 I/audio_hw_hal_primary( 491): [audiohal_get_latency:1333] io 13: out:0xe6245d80 frames:1024 rate:48000 whole_latency:21 alsa_latency:21
06-04 20:37:37.716 I/audio_hw_hal_primary( 491): [audiohal_get_latency:1333] io 13: out:0xe6245d80 frames:1152 rate:48000 whole_latency:24 alsa_latency:24
06-04 20:37:37.716 I/audio_hw_hal_primary( 491): [audiohal_get_latency:1333] io 13: out:0xe6245d80 frames:1152 rate:48000 whole_latency:24 alsa_latency:24
06-04 20:37:37.738 I/audio_hw_hal_primary( 491): [audiohal_get_latency:1333] io 13: out:0xe6245d80 frames:1152 rate:48000 whole_latency:24 alsa_latency:24
06-04 20:37:37.738 I/audio_hw_hal_primary( 491): [audiohal_get_latency:1333] io 13: out:0xe6245d80 frames:1152 rate:48000 whole_latency:24 alsa_latency:24
06-04 20:37:37.755 I/audio_hw_hal_primary( 491): [audiohal_get_latency:1333] io 13: out:0xe6245d80 frames:1152 rate:48000 whole_latency:24 alsa_latency:24
06-04 20:37:37.755 I/audio_hw_hal_primary( 491): [audiohal_get_latency:1333] io 13: out:0xe6245d80 frames:1152 rate:48000 whole_latency:24 alsa_latency:24
06-04 20:37:37.776 I/audio_hw_hal_primary( 491): [audiohal_get_latency:1333] io 13: out:0xe6245d80 frames:1152 rate:48000 whole_latency:24 alsa_latency:24
06-04 20:37:37.776 I/audio_hw_hal_primary( 491): [audiohal_get_latency:1333] io 13: out:0xe6245d80 frames:1152 rate:48000 whole_latency:24 alsa_latency:24
06-04 20:37:37.798 I/audio_hw_hal_primary( 491): [audiohal_get_latency:1333] io 13: out:0xe6245d80 frames:1024 rate:48000 whole_latency:21 alsa_latency:21
06-04 20:37:37.798 I/audio_hw_hal_primary( 491): [audiohal_get_latency:1333] io 13: out:0xe6245d80 frames:1024 rate:48000 whole_latency:21 alsa_latency:21
06-04 20:37:37.820 I/audio_hw_hal_primary( 491): [audiohal_get_latency:1333] io 13: out:0xe6245d80 frames:1024 rate:48000 whole_latency:21 alsa_latency:21
06-04 20:37:37.820 I/audio_hw_hal_primary( 491): [audiohal_get_latency:1333] io 13: out:0xe6245d80 frames:1024 rate:48000 whole_latency:21 alsa_latency:21
06-04 20:37:37.843 I/audio_hw_hal_primary( 491): [audiohal_get_latency:1333] io 13: out:0xe6245d80 frames:1280 rate:48000 whole_latency:26 alsa_latency:26
06-04 20:37:37.843 I/audio_hw_hal_primary( 491): [audiohal_get_latency:1333] io 13: out:0xe6245d80 frames:1280 rate:48000 whole_latency:26 alsa_latency:26
06-04 20:37:37.865 I/audio_hw_hal_primary( 491): [audiohal_get_latency:1333] io 13: out:0xe6245d80 frames:1152 rate:48000 whole_latency:24 alsa_latency:24
