06-04 12:13:07.897 D/ActivityManagerTiming( 707): OnBootPhase_1000_com.android.server.appbinding.AppBindingService$Lifecycle
06-04 12:13:07.897 D/ActivityManagerTiming( 707): OnBootPhase_1000_com.android.server.tracing.TracingServiceProxy
06-04 12:13:07.897 D/ActivityManagerTiming( 707): OnBootPhase_1000_com.android.server.policy.PermissionPolicyService
06-04 12:13:07.897 D/ActivityManagerTiming( 707): OnBootPhase_1000_com.android.server.pm.StagingManager$Lifecycle
06-04 12:13:07.898 I/HdmiControlService( 707): bootCompleted
06-04 12:13:07.899 D/ActivityManagerTiming( 707): OnBootPhase_1000_com.android.server.app.GameManagerService$Lifecycle
06-04 12:13:07.899 D/GameManagerService( 707): onBootCompleted
06-04 12:13:07.899 V/GameManagerService( 707): Game loading power mode OFF (game manager service start/restart)
06-04 12:13:07.899 V/GameManagerService( 707): Game power mode OFF (game manager service start/restart)
06-04 12:13:07.900 D/ActivityManagerTiming( 707): OnBootPhase_1000_com.android.safetycenter.SafetyCenterService
06-04 12:13:07.900 D/ActivityManagerTiming( 707): OnBootPhase_1000_com.android.server.appsearch.AppSearchModule$Lifecycle
06-04 12:13:07.901 D/ActivityManagerTiming( 707): OnBootPhase_1000_com.android.server.media.MediaCommunicationService
06-04 12:13:07.901 D/ActivityManagerTiming( 707): OnBootPhase_1000_com.android.server.compat.overrides.AppCompatOverridesService$Lifecycle
06-04 12:13:07.901 D/ActivityManagerTiming( 707): OnBootPhase_1000_com.android.server.healthconnect.HealthConnectManagerService
06-04 12:13:07.901 D/ActivityManagerTiming( 707): OnBootPhase_1000_com.android.server.devicelock.DeviceLockService
06-04 12:13:07.901 D/DeviceLockService( 707): onBootPhase: 1000
06-04 12:13:07.901 V/ActivityManagerTiming( 707): TotalBootTime took to complete: 10828ms
06-04 12:13:07.901 D/SystemServerInitThreadPool( 707): Shutdown requested
06-04 12:13:07.901 D/SystemServerTiming( 707): WaitInitThreadPoolShutdown
06-04 12:13:07.905 D/SystemServerInitThreadPool( 707): Shutdown successful
06-04 12:13:07.912 I/ActivityManager( 707): User 0 state changed from BOOTING to RUNNING_LOCKED
06-04 12:13:07.915 I/LockSettingsService( 707): Unwrapping synthetic password for unsecured user 0
06-04 12:13:07.938 D/vold ( 248): fscrypt_unlock_user_key 0 serial=0
06-04 12:13:07.939 D/vold ( 248): Trying user CE key /data/misc/vold/user_keys/ce/0/current
06-04 12:13:07.941 D/vold ( 248): Successfully retrieved key
06-04 12:13:07.942 D/vold ( 248): Installed fscrypt key with ref 19f81aa52b516f6acd3e027f73ae8a77 to /data
06-04 12:13:07.942 D/vold ( 248): Added fscrypt-provisioning key for 19f81aa52b516f6acd3e027f73ae8a77 to session keyring
06-04 12:13:07.942 D/vold ( 248): Installed ce key for user 0
06-04 12:13:07.945 I/LockSettingsService( 707): Unlocked CE storage for unsecured user 0
06-04 12:13:07.945 D/SystemServerTiming( 707): finishUserUnlocking-0
06-04 12:13:07.946 D/ActivityManager( 707): Started unlocking user 0
06-04 12:13:07.946 D/ActivityManager( 707): Unlocking user 0 progress 0
06-04 12:13:07.946 D/ActivityManager( 707): Unlocking user 0 progress 5
06-04 12:13:07.946 D/SystemServerTiming( 707): UM.onBeforeUnlockUser-0
06-04 12:13:07.946 D/SystemServerTiming( 707): prepareUserData-0
06-04 12:13:07.947 D/vold ( 248): fscrypt_prepare_user_storage for volume null, user 0, serial 0, flags 2
06-04 12:13:07.947 D/vold ( 248): Preparing: /data/system_ce/0
06-04 12:13:07.948 I/vold ( 248): Verified that /data/system_ce/0 has the encryption policy 19f81aa52b516f6acd3e027f73ae8a77 v2 modes 1/4 flags 0xa
06-04 12:13:07.948 D/vold ( 248): Preparing: /data/vendor_ce/0
06-04 12:13:07.950 I/vold ( 248): Verified that /data/vendor_ce/0 has the encryption policy 19f81aa52b516f6acd3e027f73ae8a77 v2 modes 1/4 flags 0xa
06-04 12:13:07.950 D/vold ( 248): Preparing: /data/media/0
06-04 12:13:07.952 I/vold ( 248): Verified that /data/media/0 has the encryption policy 19f81aa52b516f6acd3e027f73ae8a77 v2 modes 1/4 flags 0xa
06-04 12:13:07.952 D/vold ( 248): Preparing: /data/misc_ce/0
06-04 12:13:07.953 I/vold ( 248): Verified that /data/misc_ce/0 has the encryption policy 19f81aa52b516f6acd3e027f73ae8a77 v2 modes 1/4 flags 0xa
06-04 12:13:07.953 D/vold ( 248): Preparing: /data/user/0
06-04 12:13:07.955 I/vold ( 248): Verified that /data/user/0 has the encryption policy 19f81aa52b516f6acd3e027f73ae8a77 v2 modes 1/4 flags 0xa
06-04 12:13:07.955 D/vold ( 248): Starting restorecon of /data/system_ce/0
06-04 12:13:07.962 V/WindowManager( 707): app ------------- force_land :0
06-04 12:13:07.963 V/WindowManager( 707): app ------------- force_land :0
06-04 12:13:07.963 D/ColorDisplayService( 707): setUp: currentUser=0
06-04 12:13:07.963 D/vold ( 248): Finished restorecon of /data/system_ce/0
06-04 12:13:07.963 D/vold ( 248): Starting restorecon of /data/vendor_ce/0
06-04 12:13:07.969 I/ActivityManager( 707): com.android.devicelockcontroller is exempt from freezer
06-04 12:13:07.969 D/vold ( 248): Finished restorecon of /data/vendor_ce/0
06-04 12:13:07.969 D/vold ( 248): Starting restorecon of /data/misc_ce/0
06-04 12:13:07.969 D/CompatibilityChangeReporter( 707): Compat change id reported: 135634846; UID 10055; state: DISABLED
06-04 12:13:07.969 D/CompatibilityChangeReporter( 707): Compat change id reported: 177438394; UID 10055; state: DISABLED
06-04 12:13:07.969 D/CompatibilityChangeReporter( 707): Compat change id reported: 135772972; UID 10055; state: DISABLED
06-04 12:13:07.970 D/CompatibilityChangeReporter( 707): Compat change id reported: 135754954; UID 10055; state: ENABLED
06-04 12:13:07.970 D/CompatibilityChangeReporter( 707): Compat change id reported: 143937733; UID 10055; state: ENABLED
06-04 12:13:07.977 D/vold ( 248): Finished restorecon of /data/misc_ce/0
06-04 12:13:07.977 D/vold ( 248): /system/bin/vold_prepare_subdirs
06-04 12:13:07.977 D/vold ( 248): prepare
06-04 12:13:07.977 D/vold ( 248):
06-04 12:13:07.977 D/vold ( 248): 0
06-04 12:13:07.977 D/vold ( 248): 2
06-04 12:13:07.987 I/ActivityManager( 707): Start proc 1300:com.android.devicelockcontroller/u0a55 for broadcast {com.android.devicelockcontroller/com.android.devicelockcontroller.receivers.LockedBootCompletedReceiver}
06-04 12:13:08.017 D/CompatibilityChangeReporter( 707): Compat change id reported: 168419799; UID 10055; state: DISABLED
06-04 12:13:08.018 D/CompatibilityChangeReporter( 707): Compat change id reported: 273564678; UID 10055; state: DISABLED
06-04 12:13:08.020 D/CompatibilityChangeReporter( 707): Compat change id reported: 265195908; UID 10055; state: ENABLED
06-04 12:13:08.029 D/CompatibilityChangeReporter( 707): Compat change id reported: 170503758; UID 10055; state: ENABLED
06-04 12:13:08.116 V/UserDataPreparer( 707): Found /data/user/0 with serial number 0
06-04 12:13:08.116 V/UserDataPreparer( 707): Found /data/system_ce/0 with serial number 0
06-04 12:13:08.117 D/UserDataPreparer( 707): Setting property: sys.user.0.ce_available=true
06-04 12:13:08.118 D/SystemServerTiming( 707): reconcileAppsData-0
06-04 12:13:08.118 V/PackageManager( 707): reconcileAppsData for null u0 0x2 migrateAppData=false
06-04 12:13:08.121 W/PackageManager( 707): Skipping preparing app data for com.android.configinfrastructure
06-04 12:13:08.122 W/PackageManager( 707): Skipping preparing app data for com.android.appsearch
06-04 12:13:08.122 W/PackageManager( 707): Skipping preparing app data for com.android.adservices
06-04 12:13:08.122 W/PackageManager( 707): Skipping preparing app data for com.android.scheduling
06-04 12:13:08.122 W/PackageManager( 707): Skipping preparing app data for com.google.android.widevine.nonupdatable
06-04 12:13:08.122 W/PackageManager( 707): Skipping preparing app data for com.android.permission
06-04 12:13:08.122 W/PackageManager( 707): Skipping preparing app data for com.android.art
06-04 12:13:08.122 W/PackageManager( 707): Skipping preparing app data for com.android.uwb
06-04 12:13:08.122 W/PackageManager( 707): Skipping preparing app data for com.android.tethering
06-04 12:13:08.122 W/PackageManager( 707): Skipping preparing app data for com.android.btservices
06-04 12:13:08.122 W/PackageManager( 707): Skipping preparing app data for com.android.media.swcodec
06-04 12:13:08.122 W/PackageManager( 707): Skipping preparing app data for com.android.conscrypt
06-04 12:13:08.123 W/PackageManager( 707): Skipping preparing app data for com.android.adbd
06-04 12:13:08.123 W/PackageManager( 707): Skipping preparing app data for com.android.i18n
06-04 12:13:08.123 W/PackageManager( 707): Skipping preparing app data for com.android.rkpd
06-04 12:13:08.123 W/PackageManager( 707): Skipping preparing app data for com.android.virt
06-04 12:13:08.123 W/PackageManager( 707): Skipping preparing app data for com.android.wifi
06-04 12:13:08.123 W/PackageManager( 707): Skipping preparing app data for com.android.runtime
06-04 12:13:08.123 W/PackageManager( 707): Skipping preparing app data for com.android.devicelock
06-04 12:13:08.123 W/PackageManager( 707): Skipping preparing app data for com.android.apex.cts.shim
06-04 12:13:08.123 W/PackageManager( 707): Skipping preparing app data for com.android.neuralnetworks
06-04 12:13:08.123 W/PackageManager( 707): Skipping preparing app data for com.android.healthfitness
06-04 12:13:08.123 W/PackageManager( 707): Skipping preparing app data for com.android.resolv
06-04 12:13:08.123 W/PackageManager( 707): Skipping preparing app data for com.android.sdkext
06-04 12:13:08.123 W/PackageManager( 707): Skipping preparing app data for com.android.tzdata
06-04 12:13:08.123 W/PackageManager( 707): Skipping preparing app data for com.android.vndk.v34
06-04 12:13:08.123 W/PackageManager( 707): Skipping preparing app data for com.android.os.statsd
06-04 12:13:08.123 W/PackageManager( 707): Skipping preparing app data for com.android.extservices
06-04 12:13:08.123 W/PackageManager( 707): Skipping preparing app data for com.amlogic.mediaextractor
06-04 12:13:08.123 W/PackageManager( 707): Skipping preparing app data for com.android.ipsec
06-04 12:13:08.123 W/PackageManager( 707): Skipping preparing app data for com.android.media
06-04 12:13:08.123 W/PackageManager( 707): Skipping preparing app data for com.android.sdksandbox
06-04 12:13:08.124 W/PackageManager( 707): Skipping preparing app data for com.android.mediaprovider
06-04 12:13:08.124 W/PackageManager( 707): Skipping preparing app data for com.android.ondevicepersonalization
06-04 12:13:08.155 I/DeviceLockControllerApplication( 1300): onCreate
06-04 12:13:08.158 I/DeviceStateControllerImpl( 1300): Starting state is 0
06-04 12:13:08.161 I/UserRestrictionsPolicyHandler( 1300): Build type DEBUG = false
06-04 12:13:08.170 W/NotificationHistory( 707): Attempted to add notif for locked/gone/disabled user 0
06-04 12:13:08.176 D/CompatibilityChangeReporter( 707): Compat change id reported: 261072174; UID 10055; state: ENABLED
06-04 12:13:08.190 I/DlcClient( 1300): Binding com.android.devicelockcontroller/.storage.SetupParametersService
06-04 12:13:08.194 I/DeviceLockControllerApplication( 1300): Policies enforced
06-04 12:13:08.265 V/PackageManager( 707): reconcileAppsData finished 145 packages
06-04 12:13:08.265 I/ActivityManager( 707): User 0 state changed from RUNNING_LOCKED to RUNNING_UNLOCKING
06-04 12:13:08.266 D/ActivityManager( 707): Unlocking user 0 progress 20
06-04 12:13:08.266 W/Looper ( 707): Slow dispatch took 320ms android.fg h=android.os.Handler c=com.android.server.am.UserController$$ExternalSyntheticLambda2@69473ce m=0
06-04 12:13:08.266 D/SystemServerTimingAsync( 707): ssm.UnlockingUser-0
06-04 12:13:08.266 W/Looper ( 707): Slow delivery took 320ms android.fg h=android.os.Handler c=com.android.server.am.UserController$$ExternalSyntheticLambda9@7d242ef m=0
06-04 12:13:08.266 I/SystemServiceManager( 707): Calling onUnlockingUser 0
06-04 12:13:08.266 D/SystemServerTimingAsync( 707): ssm.onUnlockingUser-0_com.android.server.security.FileIntegrityService
06-04 12:13:08.266 D/SystemServerTimingAsync( 707): ssm.onUnlockingUser-0_com.android.server.pm.Installer
06-04 12:13:08.266 D/SystemServerTimingAsync( 707): ssm.onUnlockingUser-0_com.android.server.os.DeviceIdentifiersPolicyService
06-04 12:13:08.266 D/SystemServerTimingAsync( 707): ssm.onUnlockingUser-0_com.android.server.flags.FeatureFlagsService
06-04 12:13:08.267 D/SystemServerTimingAsync( 707): ssm.onUnlockingUser-0_com.android.server.uri.UriGrantsManagerService$Lifecycle
06-04 12:13:08.267 D/SystemServerTimingAsync( 707): ssm.onUnlockingUser-0_com.android.server.powerstats.PowerStatsService
06-04 12:13:08.267 D/SystemServerTimingAsync( 707): ssm.onUnlockingUser-0_com.android.server.permission.access.AccessCheckingService
06-04 12:13:08.267 D/SystemServerTimingAsync( 707): ssm.onUnlockingUser-0_com.android.server.wm.ActivityTaskManagerService$Lifecycle
06-04 12:13:08.267 D/SystemServerTimingAsync( 707): ssm.onUnlockingUser-0_com.android.server.am.ActivityManagerService$Lifecycle
06-04 12:13:08.267 D/SystemServerTimingAsync( 707): ssm.onUnlockingUser-0_com.android.server.pm.DataLoaderManagerService
06-04 12:13:08.267 D/SystemServerTimingAsync( 707): ssm.onUnlockingUser-0_com.android.server.power.PowerManagerService
06-04 12:13:08.267 D/SystemServerTimingAsync( 707): ssm.onUnlockingUser-0_com.android.server.power.ThermalManagerService
06-04 12:13:08.267 D/SystemServerTimingAsync( 707): ssm.onUnlockingUser-0_com.android.server.power.hint.HintManagerService
06-04 12:13:08.267 D/SystemServerTimingAsync( 707): ssm.onUnlockingUser-0_com.android.server.recoverysystem.RecoverySystemService$Lifecycle
06-04 12:13:08.267 D/SystemServerTimingAsync( 707): ssm.onUnlockingUser-0_com.android.server.lights.LightsService
06-04 12:13:08.267 D/SystemServerTimingAsync( 707): ssm.onUnlockingUser-0_com.android.server.display.DisplayManagerService
06-04 12:13:08.267 D/SystemServerTimingAsync( 707): ssm.onUnlockingUser-0_com.android.server.pm.verify.domain.DomainVerificationService
06-04 12:13:08.267 D/SystemServerTimingAsync( 707): ssm.onUnlockingUser-0_com.android.server.pm.PackageInstallerService$Lifecycle
06-04 12:13:08.267 D/SystemServerTimingAsync( 707): ssm.onUnlockingUser-0_com.android.server.pm.UserManagerService$LifeCycle
06-04 12:13:08.267 D/SystemServerTimingAsync( 707): ssm.onUnlockingUser-0_com.android.server.om.OverlayManagerService
06-04 12:13:08.267 D/SystemServerTimingAsync( 707): ssm.onUnlockingUser-0_com.android.server.resources.ResourcesManagerService
06-04 12:13:08.267 D/SystemServerTimingAsync( 707): ssm.onUnlockingUser-0_com.android.server.sensorprivacy.SensorPrivacyService
06-04 12:13:08.267 D/SystemServerTimingAsync( 707): ssm.onUnlockingUser-0_com.android.server.sensors.SensorService
06-04 12:13:08.267 D/SystemServerTimingAsync( 707): ssm.onUnlockingUser-0_com.android.server.SystemConfigService
06-04 12:13:08.267 D/SystemServerTimingAsync( 707): ssm.onUnlockingUser-0_com.android.server.BatteryService
06-04 12:13:08.267 D/SystemServerTimingAsync( 707): ssm.onUnlockingUser-0_com.android.server.usage.UsageStatsService
06-04 12:13:08.267 D/SystemServerTimingAsync( 707): ssm.onUnlockingUser-0_com.android.server.webkit.WebViewUpdateService
06-04 12:13:08.267 D/SystemServerTimingAsync( 707): ssm.onUnlockingUser-0_com.android.server.CachedDeviceStateService
06-04 12:13:08.267 D/SystemServerTimingAsync( 707): ssm.onUnlockingUser-0_com.android.server.BinderCallsStatsService$LifeCycle
06-04 12:13:08.267 D/SystemServerTimingAsync( 707): ssm.onUnlockingUser-0_com.android.server.LooperStatsService$Lifecycle
06-04 12:13:08.267 D/SystemServerTimingAsync( 707): ssm.onUnlockingUser-0_com.android.server.rollback.RollbackManagerService
06-04 12:13:08.267 I/BroadcastQueue( 707): BOOT_COMPLETED_BROADCAST_COMPLETION_LATENCY_REPORTED action:android.intent.action.LOCKED_BOOT_COMPLETED dispatchLatency:33 completeLatency:353 dispatchRealLatency:33 completeRealLatency:353 receiversSize:4 userId:0 userType:android.os.usertype.full.SYSTEM
06-04 12:13:08.267 W/Looper ( 707): Drained
06-04 12:13:08.268 D/SystemServerTimingAsync( 707): ssm.onUnlockingUser-0_com.android.server.os.NativeTombstoneManagerService
06-04 12:13:08.268 D/SystemServerTimingAsync( 707): ssm.onUnlockingUser-0_com.android.server.os.BugreportManagerService
06-04 12:13:08.268 D/SystemServerTimingAsync( 707): ssm.onUnlockingUser-0_com.android.server.gpu.GpuService
06-04 12:13:08.268 D/SystemServerTimingAsync( 707): ssm.onUnlockingUser-0_com.android.server.security.rkp.RemoteProvisioningService
06-04 12:13:08.268 D/SystemServerTimingAsync( 707): ssm.onUnlockingUser-0_com.android.server.security.KeyChainSystemService
06-04 12:13:08.268 D/SystemServerTimingAsync( 707): ssm.onUnlockingUser-0_com.android.server.BinaryTransparencyService
06-04 12:13:08.268 D/SystemServerTimingAsync( 707): ssm.onUnlockingUser-0_com.android.server.accounts.AccountManagerService$Lifecycle
06-04 12:13:08.268 D/SystemServerTimingAsync( 707): ssm.onUnlockingUser-0_com.android.server.content.ContentService$Lifecycle
06-04 12:13:08.268 D/SystemServerTimingAsync( 707): ssm.onUnlockingUser-0_com.android.server.deviceconfig.DeviceConfigInit$Lifecycle
06-04 12:13:08.268 D/SystemServerTimingAsync( 707): ssm.onUnlockingUser-0_com.android.server.DropBoxManagerService
06-04 12:13:08.268 D/SystemServerTimingAsync( 707): ssm.onUnlockingUser-0_com.android.role.RoleService
06-04 12:13:08.268 D/SystemServerTimingAsync( 707): ssm.onUnlockingUser-0_com.android.server.vibrator.VibratorManagerService$Lifecycle
06-04 12:13:08.268 D/SystemServerTimingAsync( 707): ssm.onUnlockingUser-0_com.android.server.tare.InternalResourceService
06-04 12:13:08.268 D/SystemServerTimingAsync( 707): ssm.onUnlockingUser-0_com.android.server.alarm.AlarmManagerService
06-04 12:13:08.268 D/SystemServerTimingAsync( 707): ssm.onUnlockingUser-0_com.android.server.devicestate.DeviceStateManagerService
06-04 12:13:08.268 D/SystemServerTimingAsync( 707): ssm.onUnlockingUser-0_com.android.server.camera.CameraServiceProxy
06-04 12:13:08.268 D/SystemServerTimingAsync( 707): ssm.onUnlockingUser-0_com.android.server.bluetooth.BluetoothService
06-04 12:13:08.268 D/SystemServerTimingAsync( 707): ssm.onUnlockingUser-0_com.android.server.connectivity.IpConnectivityMetrics
06-04 12:13:08.268 D/SystemServerTimingAsync( 707): ssm.onUnlockingUser-0_com.android.server.net.watchlist.NetworkWatchlistService$Lifecycle
06-04 12:13:08.268 D/SystemServerTimingAsync( 707): ssm.onUnlockingUser-0_com.android.server.PinnerService
06-04 12:13:08.269 D/SystemServerTimingAsync( 707): ssm.onUnlockingUser-0_com.android.server.integrity.AppIntegrityManagerService
06-04 12:13:08.269 D/SystemServerTimingAsync( 707): ssm.onUnlockingUser-0_com.android.server.logcat.LogcatManagerService
06-04 12:13:08.269 D/SystemServerTimingAsync( 707): ssm.onUnlockingUser-0_com.android.server.inputmethod.InputMethodManagerService$Lifecycle
06-04 12:13:08.269 D/SystemServerTimingAsync( 707): ssm.onUnlockingUser-0_com.android.server.accessibility.AccessibilityManagerService$Lifecycle
06-04 12:13:08.269 D/SystemServerTimingAsync( 707): ssm.onUnlockingUser-0_com.android.server.StorageManagerService$Lifecycle
06-04 12:13:08.269 D/StorageManagerService( 707): onUnlockUser 0
06-04 12:13:08.269 I/StorageSessionController( 707): On user unlock 0
06-04 12:13:08.269 I/StorageSessionController( 707): Initialialising...
06-04 12:13:08.271 I/vold ( 248): onUserStarted: 0
06-04 12:13:08.274 V/StorageManagerService( 707): Found primary storage at VolumeInfo{emulated;0}:
06-04 12:13:08.274 V/StorageManagerService( 707): type=EMULATED diskId=null partGuid= mountFlags=0 mountUserId=0
06-04 12:13:08.274 V/StorageManagerService( 707): state=UNMOUNTED
06-04 12:13:08.274 V/StorageManagerService( 707): fsType=null fsUuid=null fsLabel=null
06-04 12:13:08.274 V/StorageManagerService( 707): path=null internalPath=null
06-04 12:13:08.275 I/StorageManagerService( 707): Mounting volume VolumeInfo{emulated;0}:
06-04 12:13:08.275 I/StorageManagerService( 707): type=EMULATED diskId=null partGuid= mountFlags=PRIMARY|VISIBLE_FOR_WRITE
06-04 12:13:08.275 I/StorageManagerService( 707): mountUserId=0 state=UNMOUNTED
06-04 12:13:08.275 I/StorageManagerService( 707): fsType=null fsUuid=null fsLabel=null
06-04 12:13:08.275 I/StorageManagerService( 707): path=null internalPath=null
06-04 12:13:08.276 I/vold ( 248): Mounting emulated fuse volume
06-04 12:13:08.278 W/BatteryExternalStatsWorker( 707): error reading Bluetooth stats: 11
06-04 12:13:08.278 W/BatteryExternalStatsWorker( 707): error reading modem stats:ERROR_PHONE_NOT_AVAILABLE
06-04 12:13:08.281 D/SystemServerTimingAsync( 707): ssm.onUnlockingUser-0_com.android.server.usage.StorageStatsService$Lifecycle
06-04 12:13:08.281 D/SystemServerTimingAsync( 707): ssm.onUnlockingUser-0_com.android.server.UiModeManagerService
06-04 12:13:08.281 D/SystemServerTimingAsync( 707): ssm.onUnlockingUser-0_com.android.server.locales.LocaleManagerService
06-04 12:13:08.281 D/SystemServerTimingAsync( 707): ssm.onUnlockingUser-0_com.android.server.grammaticalinflection.GrammaticalInflectionService
06-04 12:13:08.281 D/SystemServerTimingAsync( 707): ssm.onUnlockingUser-0_com.android.server.apphibernation.AppHibernationService
06-04 12:13:08.282 D/SystemServerTimingAsync( 707): ssm.onUnlockingUser-0_com.android.server.locksettings.LockSettingsService$Lifecycle
06-04 12:13:08.282 D/SystemServerTimingAsync( 707): ssm.onUnlockingUser-0_com.android.server.PersistentDataBlockService
06-04 12:13:08.282 D/SystemServerTimingAsync( 707): ssm.onUnlockingUser-0_com.android.server.testharness.TestHarnessModeService
06-04 12:13:08.282 D/SystemServerTimingAsync( 707): ssm.onUnlockingUser-0_com.android.server.oemlock.OemLockService
06-04 12:13:08.282 D/SystemServerTimingAsync( 707): ssm.onUnlockingUser-0_com.android.server.DeviceIdleController
06-04 12:13:08.282 D/SystemServerTimingAsync( 707): ssm.onUnlockingUser-0_com.android.server.devicepolicy.DevicePolicyManagerService$Lifecycle
06-04 12:13:08.282 D/SystemServerTimingAsync( 707): ssm.onUnlockingUser-0_com.android.server.texttospeech.TextToSpeechManagerService
06-04 12:13:08.283 D/SystemServerTimingAsync( 707): ssm.onUnlockingUser-0_com.android.server.ambientcontext.AmbientContextManagerService
06-04 12:13:08.283 I/AmbientContextManagerService( 707): serviceNames sent in newServiceListLocked is null, or empty
06-04 12:13:08.283 D/SystemServerTimingAsync( 707): ssm.onUnlockingUser-0_com.android.server.wearable.WearableSensingManagerService
06-04 12:13:08.283 D/WearableSensingManagerService( 707): onServiceRemoved
06-04 12:13:08.283 D/WearableSensingManagerPerUserService( 707): Trying to cancel the remote request. Reason: Service destroyed.
06-04 12:13:08.283 D/SystemServerTimingAsync( 707): ssm.onUnlockingUser-0_com.android.server.speech.SpeechRecognitionManagerService
06-04 12:13:08.283 D/CompatibilityChangeReporter( 707): Compat change id reported: 261072174; UID 1000; state: ENABLED
06-04 12:13:08.284 D/SystemServerTimingAsync( 707): ssm.onUnlockingUser-0_com.android.server.searchui.SearchUiManagerService
06-04 12:13:08.284 D/SystemServerTimingAsync( 707): ssm.onUnlockingUser-0_com.android.server.smartspace.SmartspaceManagerService
06-04 12:13:08.284 D/SystemServerTimingAsync( 707): ssm.onUnlockingUser-0_com.android.server.graphics.fonts.FontManagerService$Lifecycle
06-04 12:13:08.284 D/SystemServerTimingAsync( 707): ssm.onUnlockingUser-0_com.android.server.textservices.TextServicesManagerService$Lifecycle
06-04 12:13:08.285 W/TextServicesManagerService( 707): no available spell checker services found
06-04 12:13:08.285 D/SystemServerTimingAsync( 707): ssm.onUnlockingUser-0_com.android.server.textclassifier.TextClassificationManagerService$Lifecycle
06-04 12:13:08.285 D/SystemServerTimingAsync( 707): ssm.onUnlockingUser-0_com.android.server.NetworkScoreService$Lifecycle
06-04 12:13:08.285 D/SystemServerTimingAsync( 707): ssm.onUnlockingUser-0_com.android.server.NetworkStatsServiceInitializer
06-04 12:13:08.285 D/SystemServerTimingAsync( 707): ssm.onUnlockingUser-0_com.android.server.wifi.WifiService
06-04 12:13:08.286 D/SystemServerTimingAsync( 707): ssm.onUnlockingUser-0_com.android.server.wifi.scanner.WifiScanningService
06-04 12:13:08.286 D/SystemServerTimingAsync( 707): ssm.onUnlockingUser-0_com.android.server.wifi.p2p.WifiP2pService
06-04 12:13:08.286 D/SystemServerTimingAsync( 707): ssm.onUnlockingUser-0_com.android.server.ConnectivityServiceInitializer
06-04 12:13:08.286 D/SystemServerTimingAsync( 707): ssm.onUnlockingUser-0_com.android.server.notification.NotificationManagerService
06-04 12:13:08.286 D/SystemServerTimingAsync( 707): ssm.onUnlockingUser-0_com.android.server.storage.DeviceStorageMonitorService
06-04 12:13:08.286 D/SystemServerTimingAsync( 707): ssm.onUnlockingUser-0_com.android.server.timedetector.TimeDetectorService$Lifecycle
06-04 12:13:08.286 D/SystemServerTimingAsync( 707): ssm.onUnlockingUser-0_com.android.server.location.LocationManagerService$Lifecycle
06-04 12:13:08.286 D/SystemServerTimingAsync( 707): ssm.onUnlockingUser-0_com.android.server.timezonedetector.TimeZoneDetectorService$Lifecycle
06-04 12:13:08.286 D/SystemServerTimingAsync( 707): ssm.onUnlockingUser-0_com.android.server.location.altitude.AltitudeService$Lifecycle
06-04 12:13:08.286 D/SystemServerTimingAsync( 707): ssm.onUnlockingUser-0_com.android.server.timezonedetector.location.LocationTimeZoneManagerService$Lifecycle
06-04 12:13:08.286 D/SystemServerTimingAsync( 707): ssm.onUnlockingUser-0_com.android.server.search.SearchManagerService$Lifecycle
06-04 12:13:08.286 D/SystemServerTimingAsync( 707): ssm.onUnlockingUser-0_com.android.server.wallpaper.WallpaperManagerService$Lifecycle
06-04 12:13:08.286 D/SystemServerTimingAsync( 707): ssm.onUnlockingUser-0_com.android.server.wallpapereffectsgeneration.WallpaperEffectsGenerationManagerService
06-04 12:13:08.287 I/HibernationStateDiskStore( 707): No hibernation file on disk for file /data/system_ce/0/hibernation/states
06-04 12:13:08.287 D/SystemServerTimingAsync( 707): ssm.onUnlockingUser-0_com.android.server.audio.AudioService$Lifecycle
06-04 12:13:08.287 D/SystemServerTimingAsync( 707): ssm.onUnlockingUser-0_com.android.server.soundtrigger_middleware.SoundTriggerMiddlewareService$Lifecycle
06-04 12:13:08.287 D/SystemServerTimingAsync( 707): ssm.onUnlockingUser-0_com.android.server.adb.AdbService$Lifecycle
06-04 12:13:08.287 D/SystemServerTimingAsync( 707): ssm.onUnlockingUser-0_com.android.server.usb.UsbService$Lifecycle
06-04 12:13:08.289 I/vold ( 248): Bind mounting /data/media to /mnt/pass_through/0/emulated
06-04 12:13:08.290 D/LockSettingsService( 707): Hiding encryption notification for user 0
06-04 12:13:08.291 I/StorageSessionController( 707): On volume mount VolumeInfo{emulated;0}:
06-04 12:13:08.291 I/StorageSessionController( 707): type=EMULATED diskId=null partGuid= mountFlags=PRIMARY|VISIBLE_FOR_WRITE
06-04 12:13:08.291 I/StorageSessionController( 707): mountUserId=0 state=CHECKING
06-04 12:13:08.291 I/StorageSessionController( 707): fsType=null fsUuid=null fsLabel=null
06-04 12:13:08.291 I/StorageSessionController( 707): path=/storage/emulated internalPath=/data/media
06-04 12:13:08.299 D/SystemServerTimingAsync( 707): ssm.onUnlockingUser-0_com.android.server.twilight.TwilightService
06-04 12:13:08.299 D/SystemServerTimingAsync( 707): ssm.onUnlockingUser-0_com.android.server.display.color.ColorDisplayService
06-04 12:13:08.299 D/SystemServerTimingAsync( 707): ssm.onUnlockingUser-0_com.android.server.job.JobSchedulerService
06-04 12:13:08.299 D/SystemServerTimingAsync( 707): ssm.onUnlockingUser-0_com.android.server.soundtrigger.SoundTriggerService
06-04 12:13:08.299 D/SystemServerTimingAsync( 707): ssm.onUnlockingUser-0_com.android.server.trust.TrustManagerService
06-04 12:13:08.299 D/SystemServerTimingAsync( 707): ssm.onUnlockingUser-0_com.android.server.backup.BackupManagerService$Lifecycle
06-04 12:13:08.300 I/BackupManagerService( 707): Starting service for user: 0
06-04 12:13:08.301 D/SystemServerTimingAsync( 707): ssm.onUnlockingUser-0_com.android.server.appwidget.AppWidgetService
06-04 12:13:08.301 D/SystemServerTimingAsync( 707): ssm.onUnlockingUser-0_com.android.server.voiceinteraction.VoiceInteractionManagerService
06-04 12:13:08.301 I/StorageSessionController( 707): Creating connection for user: 0
06-04 12:13:08.301 W/VoiceInteractionManager( 707): no available voice recognition services found for user 0
06-04 12:13:08.302 I/StorageSessionController( 707): Creating and starting session with id: emulated;0
06-04 12:13:08.302 D/SystemServerTimingAsync( 707): ssm.onUnlockingUser-0_com.android.server.GestureLauncherService
06-04 12:13:08.302 D/SystemServerTimingAsync( 707): ssm.onUnlockingUser-0_com.android.server.SensorNotificationService
06-04 12:13:08.302 D/SystemServerTimingAsync( 707): ssm.onUnlockingUser-0_com.android.server.emergency.EmergencyAffordanceService
06-04 12:13:08.302 D/SystemServerTimingAsync( 707): ssm.onUnlockingUser-0_com.android.server.blob.BlobStoreManagerService
06-04 12:13:08.302 D/SystemServerTimingAsync( 707): ssm.onUnlockingUser-0_com.android.server.dreams.DreamManagerService
06-04 12:13:08.302 D/SystemServerTimingAsync( 707): ssm.onUnlockingUser-0_com.android.server.security.AttestationVerificationManagerService
06-04 12:13:08.302 D/SystemServerTimingAsync( 707): ssm.onUnlockingUser-0_com.android.server.restrictions.RestrictionsManagerService
06-04 12:13:08.302 D/SystemServerTimingAsync( 707): ssm.onUnlockingUser-0_com.android.server.media.MediaSessionService
06-04 12:13:08.302 D/SystemServerTimingAsync( 707): ssm.onUnlockingUser-0_com.android.server.hdmi.HdmiControlService
06-04 12:13:08.302 D/SystemServerTimingAsync( 707): ssm.onUnlockingUser-0_com.android.server.tv.interactive.TvInteractiveAppManagerService
06-04 12:13:08.302 D/SystemServerTimingAsync( 707): ssm.onUnlockingUser-0_com.android.server.tv.TvInputManagerService
06-04 12:13:08.302 I/StorageUserConnection( 707): Binding to the ExternalStorageService for user 0
06-04 12:13:08.303 D/SystemServerTimingAsync( 707): ssm.onUnlockingUser-0_com.android.server.media.MediaResourceMonitorService
06-04 12:13:08.303 D/SystemServerTimingAsync( 707): ssm.onUnlockingUser-0_com.android.server.tv.TvRemoteService
06-04 12:13:08.303 D/SystemServerTimingAsync( 707): ssm.onUnlockingUser-0_com.android.server.biometrics.BiometricService
06-04 12:13:08.303 D/SystemServerTimingAsync( 707): ssm.onUnlockingUser-0_com.android.server.biometrics.AuthService
06-04 12:13:08.303 D/SystemServerTimingAsync( 707): ssm.onUnlockingUser-0_com.android.server.pm.ShortcutService$Lifecycle
06-04 12:13:08.303 D/SystemServerTimingAsync( 707): ssm.onUnlockingUser-0_com.android.server.pm.LauncherAppsService
06-04 12:13:08.303 D/SystemServerTimingAsync( 707): ssm.onUnlockingUser-0_com.android.server.pm.CrossProfileAppsService
06-04 12:13:08.303 D/SystemServerTimingAsync( 707): ssm.onUnlockingUser-0_com.android.server.people.PeopleService
06-04 12:13:08.303 D/SystemServerTimingAsync( 707): ssm.onUnlockingUser-0_com.android.server.media.metrics.MediaMetricsManagerService
06-04 12:13:08.303 D/SystemServerTimingAsync( 707): ssm.onUnlockingUser-0_com.android.server.pm.BackgroundInstallControlService
06-04 12:13:08.303 D/SystemServerTimingAsync( 707): ssm.onUnlockingUser-0_com.android.server.media.projection.MediaProjectionManagerService
06-04 12:13:08.303 D/SystemServerTimingAsync( 707): ssm.onUnlockingUser-0_com.android.server.slice.SliceManagerService$Lifecycle
06-04 12:13:08.303 D/SystemServerTimingAsync( 707): ssm.onUnlockingUser-0_com.android.server.stats.StatsCompanion$Lifecycle
06-04 12:13:08.303 D/SystemServerTimingAsync( 707): ssm.onUnlockingUser-0_com.android.server.scheduling.RebootReadinessManagerService$Lifecycle
06-04 12:13:08.303 D/SystemServerTimingAsync( 707): ssm.onUnlockingUser-0_com.android.server.stats.pull.StatsPullAtomService
06-04 12:13:08.303 D/SystemServerTimingAsync( 707): ssm.onUnlockingUser-0_com.android.server.stats.bootstrap.StatsBootstrapAtomService$Lifecycle
06-04 12:13:08.303 D/SystemServerTimingAsync( 707): ssm.onUnlockingUser-0_com.android.server.incident.IncidentCompanionService
06-04 12:13:08.303 D/SystemServerTimingAsync( 707): ssm.onUnlockingUser-0_com.android.server.sdksandbox.SdkSandboxManagerService$Lifecycle
06-04 12:13:08.304 D/SystemServerTimingAsync( 707): ssm.onUnlockingUser-0_com.android.server.adservices.AdServicesManagerService$Lifecycle
06-04 12:13:08.304 D/SystemServerTimingAsync( 707): ssm.onUnlockingUser-0_com.android.server.ondevicepersonalization.OnDevicePersonalizationSystemService$Lifecycle
06-04 12:13:08.304 D/SystemServerTimingAsync( 707): ssm.onUnlockingUser-0_com.android.server.autofill.AutofillManagerService
06-04 12:13:08.305 V/BackupManagerService( 707): [UserID:0] Starting with transport com.android.localtransport/.LocalTransport
06-04 12:13:08.306 D/CompatibilityChangeReporter( 707): Compat change id reported: 135634846; UID 10058; state: DISABLED
06-04 12:13:08.306 D/SystemServerTimingAsync( 707): ssm.onUnlockingUser-0_com.android.server.clipboard.ClipboardService
06-04 12:13:08.306 D/SystemServerTimingAsync( 707): ssm.onUnlockingUser-0_com.android.server.appbinding.AppBindingService$Lifecycle
06-04 12:13:08.306 W/AppBindingService( 707): [Default SMS app] u0 Target package not found
06-04 12:13:08.307 D/SystemServerTimingAsync( 707): ssm.onUnlockingUser-0_com.android.server.tracing.TracingServiceProxy
06-04 12:13:08.307 D/SystemServerTimingAsync( 707): ssm.onUnlockingUser-0_com.android.server.policy.PermissionPolicyService
06-04 12:13:08.307 D/SystemServerTimingAsync( 707): ssm.onUnlockingUser-0_com.android.server.pm.StagingManager$Lifecycle
06-04 12:13:08.307 D/SystemServerTimingAsync( 707): ssm.onUnlockingUser-0_com.android.server.app.GameManagerService$Lifecycle
06-04 12:13:08.307 D/SystemServerTimingAsync( 707): ssm.onUnlockingUser-0_com.android.safetycenter.SafetyCenterService
06-04 12:13:08.307 D/SystemServerTimingAsync( 707): ssm.onUnlockingUser-0_com.android.server.appsearch.AppSearchModule$Lifecycle
06-04 12:13:08.307 D/CompatibilityChangeReporter( 707): Compat change id reported: 143937733; UID 10058; state: ENABLED
06-04 12:13:08.308 D/BackupManagerService( 707): [UserID:0] Started thread backup-0
06-04 12:13:08.309 I/StorageUserConnection( 707): Bound to the ExternalStorageService for user 0
06-04 12:13:08.320 D/SystemServerTimingAsync( 707): ssm.onUnlockingUser-0_com.android.server.media.MediaCommunicationService
06-04 12:13:08.320 D/SystemServerTimingAsync( 707): ssm.onUnlockingUser-0_com.android.server.compat.overrides.AppCompatOverridesService$Lifecycle
06-04 12:13:08.320 D/SystemServerTimingAsync( 707): ssm.onUnlockingUser-0_com.android.server.healthconnect.HealthConnectManagerService
06-04 12:13:08.320 D/SystemServerTimingAsync( 707): ssm.onUnlockingUser-0_com.android.server.devicelock.DeviceLockService
06-04 12:13:08.320 D/DeviceLockService( 707): onUserUnlocking
06-04 12:13:08.321 D/SystemServerTiming( 707): finishUserUnlocked-0
06-04 12:13:08.321 I/ActivityManager( 707): User 0 state changed from RUNNING_UNLOCKING to RUNNING_UNLOCKED
06-04 12:13:08.322 I/ActivityTaskManager( 707): Loading recents for user 0 into memory.
06-04 12:13:08.323 V/SystemServerTiming( 707): SystemUserUnlock took to complete: 377ms
06-04 12:13:08.340 E/BackupPasswordManager( 707): Unable to read backup pw version
06-04 12:13:08.340 E/BackupPasswordManager( 707): Unable to read saved backup pw hash
06-04 12:13:08.341 V/PackageConfigPersister( 707): loadPackages: empty list files from /data/system_ce/0/package_configs
06-04 12:13:08.342 I/ActivityManager( 707): com.dangbei.lerad.etna.haqu is exempt from freezer
06-04 12:13:08.342 D/CompatibilityChangeReporter( 707): Compat change id reported: 135634846; UID 1000; state: DISABLED
06-04 12:13:08.344 W/BroadcastLoopers( 707): Found previously unknown looper Thread[ActivityManager,5,main]
06-04 12:13:08.345 I/Watchdog( 707): Interesting Java process com.android.providers.media.module started. Pid 1348
06-04 12:13:08.345 I/ActivityManager( 707): Start proc 1348:com.android.providers.media.module/u0a58 for service {com.android.providers.media.module/com.android.providers.media.fuse.ExternalStorageServiceImpl}
06-04 12:13:08.351 I/ActivityManager( 707): Posting BOOT_COMPLETED user #0
06-04 12:13:08.371 D/CompatibilityChangeReporter( 707): Compat change id reported: 214016041; UID 1000; state: ENABLED
06-04 12:13:08.372 D/CompatibilityChangeReporter( 707): Compat change id reported: 214016041; UID 1000; state: DISABLED
06-04 12:13:08.373 D/AppWidgetServiceImpl( 707): Unable to load widget provider info from xml for ComponentInfo{com.android.deskclock/com.android.alarmclock.AnalogAppWidgetProvider}
06-04 12:13:08.374 D/AppWidgetServiceImpl( 707): Unable to load widget provider info from xml for ComponentInfo{com.android.deskclock/com.android.alarmclock.DigitalAppWidgetProvider}
06-04 12:13:08.374 D/AppWidgetServiceImpl( 707): Unable to load widget provider info from xml for ComponentInfo{com.android.systemui/com.android.systemui.people.widget.PeopleSpaceWidgetProvider}
06-04 12:13:08.375 I/AppWidgetServiceImpl( 707): Processing of handleUserUnlocked u0 took 29 ms
06-04 12:13:08.379 I/ActivityManager( 707): Start proc 1349:com.dangbei.lerad.etna.haqu/1000 for added application com.dangbei.lerad.etna.haqu
06-04 12:13:08.380 D/SystemServerTimingAsync( 707): ssm.UnlockedUser-0
06-04 12:13:08.380 I/SystemServiceManager( 707): Calling onUnlockedUser 0
06-04 12:13:08.380 D/SystemServerTimingAsync( 707): ssm.onUnlockedUser-0_com.android.server.security.FileIntegrityService
06-04 12:13:08.380 D/SystemServerTimingAsync( 707): ssm.onUnlockedUser-0_com.android.server.pm.Installer
06-04 12:13:08.380 D/SystemServerTimingAsync( 707): ssm.onUnlockedUser-0_com.android.server.os.DeviceIdentifiersPolicyService
06-04 12:13:08.380 D/SystemServerTimingAsync( 707): ssm.onUnlockedUser-0_com.android.server.flags.FeatureFlagsService
06-04 12:13:08.380 D/SystemServerTimingAsync( 707): ssm.onUnlockedUser-0_com.android.server.uri.UriGrantsManagerService$Lifecycle
06-04 12:13:08.380 D/SystemServerTimingAsync( 707): ssm.onUnlockedUser-0_com.android.server.powerstats.PowerStatsService
06-04 12:13:08.380 D/SystemServerTimingAsync( 707): ssm.onUnlockedUser-0_com.android.server.permission.access.AccessCheckingService
06-04 12:13:08.380 D/SystemServerTimingAsync( 707): ssm.onUnlockedUser-0_com.android.server.wm.ActivityTaskManagerService$Lifecycle
06-04 12:13:08.381 D/CompatibilityChangeReporter( 707): Compat change id reported: 261072174; UID 1002; state: ENABLED
06-04 12:13:08.382 I/LaunchParamsPersister( 707): Didn't find launch param folder for user 0
06-04 12:13:08.383 D/SystemServerTimingAsync( 707): ssm.onUnlockedUser-0_com.android.server.am.ActivityManagerService$Lifecycle
06-04 12:13:08.383 D/SystemServerTimingAsync( 707): ssm.onUnlockedUser-0_com.android.server.pm.DataLoaderManagerService
06-04 12:13:08.383 D/SystemServerTimingAsync( 707): ssm.onUnlockedUser-0_com.android.server.power.PowerManagerService
06-04 12:13:08.383 D/SystemServerTimingAsync( 707): ssm.onUnlockedUser-0_com.android.server.power.ThermalManagerService
06-04 12:13:08.383 D/SystemServerTimingAsync( 707): ssm.onUnlockedUser-0_com.android.server.power.hint.HintManagerService
06-04 12:13:08.383 D/SystemServerTimingAsync( 707): ssm.onUnlockedUser-0_com.android.server.recoverysystem.RecoverySystemService$Lifecycle
06-04 12:13:08.383 D/SystemServerTimingAsync( 707): ssm.onUnlockedUser-0_com.android.server.lights.LightsService
06-04 12:13:08.383 D/SystemServerTimingAsync( 707): ssm.onUnlockedUser-0_com.android.server.display.DisplayManagerService
06-04 12:13:08.383 D/SystemServerTimingAsync( 707): ssm.onUnlockedUser-0_com.android.server.pm.verify.domain.DomainVerificationService
06-04 12:13:08.383 D/SystemServerTimingAsync( 707): ssm.onUnlockedUser-0_com.android.server.pm.PackageInstallerService$Lifecycle
06-04 12:13:08.383 D/SystemServerTimingAsync( 707): ssm.onUnlockedUser-0_com.android.server.pm.UserManagerService$LifeCycle
06-04 12:13:08.384 D/SystemServerTimingAsync( 707): ssm.onUnlockedUser-0_com.android.server.om.OverlayManagerService
06-04 12:13:08.384 D/SystemServerTimingAsync( 707): ssm.onUnlockedUser-0_com.android.server.resources.ResourcesManagerService
06-04 12:13:08.384 D/SystemServerTimingAsync( 707): ssm.onUnlockedUser-0_com.android.server.sensorprivacy.SensorPrivacyService
06-04 12:13:08.384 D/SystemServerTimingAsync( 707): ssm.onUnlockedUser-0_com.android.server.sensors.SensorService
06-04 12:13:08.384 D/CompatibilityChangeReporter( 707): Compat change id reported: 161252188; UID 10049; state: DISABLED
06-04 12:13:08.384 D/SystemServerTimingAsync( 707): ssm.onUnlockedUser-0_com.android.server.SystemConfigService
06-04 12:13:08.384 D/SystemServerTimingAsync( 707): ssm.onUnlockedUser-0_com.android.server.BatteryService
06-04 12:13:08.384 D/SystemServerTimingAsync( 707): ssm.onUnlockedUser-0_com.android.server.usage.UsageStatsService
06-04 12:13:08.384 D/SystemServerTimingAsync( 707): ssm.onUnlockedUser-0_com.android.server.webkit.WebViewUpdateService
06-04 12:13:08.384 D/SystemServerTimingAsync( 707): ssm.onUnlockedUser-0_com.android.server.CachedDeviceStateService
06-04 12:13:08.384 D/SystemServerTimingAsync( 707): ssm.onUnlockedUser-0_com.android.server.BinderCallsStatsService$LifeCycle
06-04 12:13:08.384 D/SystemServerTimingAsync( 707): ssm.onUnlockedUser-0_com.android.server.LooperStatsService$Lifecycle
06-04 12:13:08.384 D/SystemServerTimingAsync( 707): ssm.onUnlockedUser-0_com.android.server.rollback.RollbackManagerService
06-04 12:13:08.384 D/SystemServerTimingAsync( 707): ssm.onUnlockedUser-0_com.android.server.os.NativeTombstoneManagerService
06-04 12:13:08.384 D/SystemServerTimingAsync( 707): ssm.onUnlockedUser-0_com.android.server.os.BugreportManagerService
06-04 12:13:08.384 D/SystemServerTimingAsync( 707): ssm.onUnlockedUser-0_com.android.server.gpu.GpuService
06-04 12:13:08.384 D/SystemServerTimingAsync( 707): ssm.onUnlockedUser-0_com.android.server.security.rkp.RemoteProvisioningService
06-04 12:13:08.384 D/SystemServerTimingAsync( 707): ssm.onUnlockedUser-0_com.android.server.security.KeyChainSystemService
06-04 12:13:08.384 D/SystemServerTimingAsync( 707): ssm.onUnlockedUser-0_com.android.server.BinaryTransparencyService
06-04 12:13:08.384 D/SystemServerTimingAsync( 707): ssm.onUnlockedUser-0_com.android.server.accounts.AccountManagerService$Lifecycle
06-04 12:13:08.384 D/SystemServerTimingAsync( 707): ssm.onUnlockedUser-0_com.android.server.content.ContentService$Lifecycle
06-04 12:13:08.384 D/SystemServerTimingAsync( 707): ssm.onUnlockedUser-0_com.android.server.deviceconfig.DeviceConfigInit$Lifecycle
06-04 12:13:08.384 D/SystemServerTimingAsync( 707): ssm.onUnlockedUser-0_com.android.server.DropBoxManagerService
06-04 12:13:08.384 D/SystemServerTimingAsync( 707): ssm.onUnlockedUser-0_com.android.role.RoleService
06-04 12:13:08.384 D/SystemServerTimingAsync( 707): ssm.onUnlockedUser-0_com.android.server.vibrator.VibratorManagerService$Lifecycle
06-04 12:13:08.384 D/SystemServerTimingAsync( 707): ssm.onUnlockedUser-0_com.android.server.tare.InternalResourceService
06-04 12:13:08.384 D/SystemServerTimingAsync( 707): ssm.onUnlockedUser-0_com.android.server.alarm.AlarmManagerService
06-04 12:13:08.384 D/SystemServerTimingAsync( 707): ssm.onUnlockedUser-0_com.android.server.devicestate.DeviceStateManagerService
06-04 12:13:08.384 D/SystemServerTimingAsync( 707): ssm.onUnlockedUser-0_com.android.server.camera.CameraServiceProxy
06-04 12:13:08.384 D/SystemServerTimingAsync( 707): ssm.onUnlockedUser-0_com.android.server.bluetooth.BluetoothService
06-04 12:13:08.384 D/SystemServerTimingAsync( 707): ssm.onUnlockedUser-0_com.android.server.connectivity.IpConnectivityMetrics
06-04 12:13:08.384 D/SystemServerTimingAsync( 707): ssm.onUnlockedUser-0_com.android.server.net.watchlist.NetworkWatchlistService$Lifecycle
06-04 12:13:08.384 D/SystemServerTimingAsync( 707): ssm.onUnlockedUser-0_com.android.server.PinnerService
06-04 12:13:08.384 D/SystemServerTimingAsync( 707): ssm.onUnlockedUser-0_com.android.server.integrity.AppIntegrityManagerService
06-04 12:13:08.384 D/SystemServerTimingAsync( 707): ssm.onUnlockedUser-0_com.android.server.logcat.LogcatManagerService
06-04 12:13:08.384 D/SystemServerTimingAsync( 707): ssm.onUnlockedUser-0_com.android.server.inputmethod.InputMethodManagerService$Lifecycle
06-04 12:13:08.384 D/SystemServerTimingAsync( 707): ssm.onUnlockedUser-0_com.android.server.accessibility.AccessibilityManagerService$Lifecycle
06-04 12:13:08.384 D/SystemServerTimingAsync( 707): ssm.onUnlockedUser-0_com.android.server.StorageManagerService$Lifecycle
06-04 12:13:08.384 D/SystemServerTimingAsync( 707): ssm.onUnlockedUser-0_com.android.server.usage.StorageStatsService$Lifecycle
06-04 12:13:08.384 D/SystemServerTimingAsync( 707): ssm.onUnlockedUser-0_com.android.server.UiModeManagerService
06-04 12:13:08.384 D/SystemServerTimingAsync( 707): ssm.onUnlockedUser-0_com.android.server.locales.LocaleManagerService
06-04 12:13:08.384 D/SystemServerTimingAsync( 707): ssm.onUnlockedUser-0_com.android.server.grammaticalinflection.GrammaticalInflectionService
06-04 12:13:08.384 D/SystemServerTimingAsync( 707): ssm.onUnlockedUser-0_com.android.server.apphibernation.AppHibernationService
06-04 12:13:08.384 D/SystemServerTimingAsync( 707): ssm.onUnlockedUser-0_com.android.server.locksettings.LockSettingsService$Lifecycle
06-04 12:13:08.384 D/SystemServerTimingAsync( 707): ssm.onUnlockedUser-0_com.android.server.PersistentDataBlockService
06-04 12:13:08.384 D/SystemServerTimingAsync( 707): ssm.onUnlockedUser-0_com.android.server.testharness.TestHarnessModeService
06-04 12:13:08.384 D/SystemServerTimingAsync( 707): ssm.onUnlockedUser-0_com.android.server.oemlock.OemLockService
06-04 12:13:08.384 D/SystemServerTimingAsync( 707): ssm.onUnlockedUser-0_com.android.server.DeviceIdleController
06-04 12:13:08.384 D/SystemServerTimingAsync( 707): ssm.onUnlockedUser-0_com.android.server.devicepolicy.DevicePolicyManagerService$Lifecycle
06-04 12:13:08.384 D/SystemServerTimingAsync( 707): ssm.onUnlockedUser-0_com.android.server.texttospeech.TextToSpeechManagerService
06-04 12:13:08.384 D/SystemServerTimingAsync( 707): ssm.onUnlockedUser-0_com.android.server.ambientcontext.AmbientContextManagerService
06-04 12:13:08.384 D/SystemServerTimingAsync( 707): ssm.onUnlockedUser-0_com.android.server.wearable.WearableSensingManagerService
06-04 12:13:08.384 D/SystemServerTimingAsync( 707): ssm.onUnlockedUser-0_com.android.server.speech.SpeechRecognitionManagerService
06-04 12:13:08.384 D/SystemServerTimingAsync( 707): ssm.onUnlockedUser-0_com.android.server.searchui.SearchUiManagerService
06-04 12:13:08.384 D/SystemServerTimingAsync( 707): ssm.onUnlockedUser-0_com.android.server.smartspace.SmartspaceManagerService
06-04 12:13:08.385 D/SystemServerTimingAsync( 707): ssm.onUnlockedUser-0_com.android.server.graphics.fonts.FontManagerService$Lifecycle
06-04 12:13:08.385 D/SystemServerTimingAsync( 707): ssm.onUnlockedUser-0_com.android.server.textservices.TextServicesManagerService$Lifecycle
06-04 12:13:08.385 D/SystemServerTimingAsync( 707): ssm.onUnlockedUser-0_com.android.server.textclassifier.TextClassificationManagerService$Lifecycle
06-04 12:13:08.385 D/SystemServerTimingAsync( 707): ssm.onUnlockedUser-0_com.android.server.NetworkScoreService$Lifecycle
06-04 12:13:08.385 D/SystemServerTimingAsync( 707): ssm.onUnlockedUser-0_com.android.server.NetworkStatsServiceInitializer
06-04 12:13:08.385 D/SystemServerTimingAsync( 707): ssm.onUnlockedUser-0_com.android.server.wifi.WifiService
06-04 12:13:08.385 D/SystemServerTimingAsync( 707): ssm.onUnlockedUser-0_com.android.server.wifi.scanner.WifiScanningService
06-04 12:13:08.385 D/SystemServerTimingAsync( 707): ssm.onUnlockedUser-0_com.android.server.wifi.p2p.WifiP2pService
06-04 12:13:08.385 D/SystemServerTimingAsync( 707): ssm.onUnlockedUser-0_com.android.server.ConnectivityServiceInitializer
06-04 12:13:08.386 D/SystemServerTimingAsync( 707): ssm.onUnlockedUser-0_com.android.server.notification.NotificationManagerService
06-04 12:13:08.386 D/CompatibilityChangeReporter( 707): Compat change id reported: 135634846; UID 10049; state: DISABLED
06-04 12:13:08.386 I/NotificationHistory( 707): Attempted to unlock gone/disabled user 0
06-04 12:13:08.386 D/CompatibilityChangeReporter( 707): Compat change id reported: 177438394; UID 10049; state: DISABLED
06-04 12:13:08.387 D/CompatibilityChangeReporter( 707): Compat change id reported: 135772972; UID 10049; state: DISABLED
06-04 12:13:08.387 D/CompatibilityChangeReporter( 707): Compat change id reported: 135754954; UID 10049; state: ENABLED
06-04 12:13:08.387 D/SystemServerTimingAsync( 707): ssm.onUnlockedUser-0_com.android.server.storage.DeviceStorageMonitorService
06-04 12:13:08.387 D/SystemServerTimingAsync( 707): ssm.onUnlockedUser-0_com.android.server.timedetector.TimeDetectorService$Lifecycle
06-04 12:13:08.387 D/SystemServerTimingAsync( 707): ssm.onUnlockedUser-0_com.android.server.location.LocationManagerService$Lifecycle
06-04 12:13:08.387 D/SystemServerTimingAsync( 707): ssm.onUnlockedUser-0_com.android.server.timezonedetector.TimeZoneDetectorService$Lifecycle
06-04 12:13:08.387 D/SystemServerTimingAsync( 707): ssm.onUnlockedUser-0_com.android.server.location.altitude.AltitudeService$Lifecycle
06-04 12:13:08.387 D/SystemServerTimingAsync( 707): ssm.onUnlockedUser-0_com.android.server.timezonedetector.location.LocationTimeZoneManagerService$Lifecycle
06-04 12:13:08.387 D/SystemServerTimingAsync( 707): ssm.onUnlockedUser-0_com.android.server.search.SearchManagerService$Lifecycle
06-04 12:13:08.387 D/SystemServerTimingAsync( 707): ssm.onUnlockedUser-0_com.android.server.wallpaper.WallpaperManagerService$Lifecycle
06-04 12:13:08.387 D/SystemServerTimingAsync( 707): ssm.onUnlockedUser-0_com.android.server.wallpapereffectsgeneration.WallpaperEffectsGenerationManagerService
