06-04 20:38:09.136 I/vol.Events( 912): writeEvent level_changed STREAM_SYSTEM 100
06-04 20:38:09.137 I/vol.Events( 912): writeEvent level_changed STREAM_RING 100
06-04 20:38:09.138 I/PlayThreadMonitor( 3469): in playerthread monitor handler
06-04 20:38:09.138 I/PlayThreadMonitor( 3469): in monitor runnable
06-04 20:38:09.141 I/vol.Events( 912): writeEvent level_changed STREAM_MUSIC 20
06-04 20:38:09.143 I/vol.Events( 912): writeEvent level_changed STREAM_ALARM 100
06-04 20:38:09.271 I/CLog ( 3469): 2025-06-04 20:38:09.271 T:5702 INFO: RM_AE::4,HEARTBEAT, sink_delay:0.0000, spatial_delay:0.0000, iqae:0,0,0,0,0,0
06-04 20:38:09.337 I/TvUniPlayer/UniPlayer@7a0c4a5( 3469): in handleMessage event:10000
06-04 20:38:09.507 I/PlayerSdkImpl@a92d224( 3469): ACTION_HDMI_AUDIO_PLUG 0
06-04 20:38:09.507 I/PlayerSdkImpl@a92d224( 3469): supportedEncodings: null, maxChannelCount:-1
06-04 20:38:09.507 D/TVUNIPLAYER( 3469): gala_player_AudioCapability.cpp:18 gala_player_AudioCapability_native_setHdmiSupportedEncodings param is null
06-04 20:38:11.185 I/TDLog ( 2071): [APP] New data found, Submitting...
06-04 20:38:11.200 D/TrafficStats( 2071): tagSocket(87) with statsTag=0xffffffff, statsUid=-1
06-04 20:38:11.205 I/TDLog ( 2071): [APP] Failed to submit data!
06-04 20:38:11.323 D/UtilLog ( 2071): 日志批量上报 进行正常循环 !!!!!!本次有0次请求,共0条数据
06-04 20:38:11.339 I/TvUniPlayer/UniPlayer@7a0c4a5( 3469): in handleMessage event:10000
06-04 20:38:11.452 D/TrafficStats( 2071): tagSocket(87) with statsTag=0xffffffff, statsUid=-1
06-04 20:38:12.080 I/WifiHAL ( 524): call wifi_get_link_stats handler
06-04 20:38:12.080 I/WifiHAL ( 524): Creating message to get link statistics; iface = 16
06-04 20:38:12.080 D/WifiHAL ( 524): error code -95 mapped to -3
06-04 20:38:12.081 E/WifiStaIfaceAidlImpl( 707): getLinkLayerStats failed with service-specific exception: android.os.ServiceSpecificException: (code 4)
06-04 20:38:12.138 I/PlayThreadMonitor( 3469): in playerthread monitor handler
06-04 20:38:12.139 I/PlayThreadMonitor( 3469): in monitor runnable
06-04 20:38:13.339 I/TvUniPlayer/UniPlayer@7a0c4a5( 3469): in handleMessage event:10000
06-04 20:38:15.084 I/WifiHAL ( 524): call wifi_get_link_stats handler
06-04 20:38:15.084 I/WifiHAL ( 524): Creating message to get link statistics; iface = 16
06-04 20:38:15.085 D/WifiHAL ( 524): error code -95 mapped to -3
06-04 20:38:15.085 E/WifiStaIfaceAidlImpl( 707): getLinkLayerStats failed with service-specific exception: android.os.ServiceSpecificException: (code 4)
06-04 20:38:15.139 I/PlayThreadMonitor( 3469): in playerthread monitor handler
06-04 20:38:15.140 I/PlayThreadMonitor( 3469): in monitor runnable
06-04 20:38:15.340 I/TvUniPlayer/UniPlayer@7a0c4a5( 3469): in handleMessage event:10000
06-04 20:38:17.233 E/p2pfile ( 3469): HCDN_LOG: [T:3781][HINFO]:[f:GetParam],[l:4289],[Task(0), key=storage_mem_size]
06-04 20:38:17.233 E/p2pfile ( 3469): HCDN_LOG: [T:3781][HINFO]:[f:GetParam],[l:4289],[Task(0), key=p2p_mem_size]
06-04 20:38:17.233 E/localserver( 3469): HCDN_LOG: [T:3781][func:MonitorMem],[line:73],[Memstatistics],[bRet:1],[bNextRet:1],[pParamStorageBuffer:0],[pParamP2PBuffer:0]
06-04 20:38:17.340 I/TvUniPlayer/UniPlayer@7a0c4a5( 3469): in handleMessage event:10000
06-04 20:38:17.369 I/audio_hw_hal_alsamgr( 491): alsa format =0x1 delay frames =640 total frames=84149760
06-04 20:38:17.398 E/storage_operate( 3469): HCDN_LOG: [T:3866][HINFO]:[f:GetPgfCapacityChange],[l:77],[total_space:55668],[available_space:52808]
06-04 20:38:17.398 E/storage_operate( 3469): HCDN_LOG: [T:3866][HINFO]:[f:UpdatePgfCapacity],[l:1001],[state:1]
06-04 20:38:17.398 E/storage_operate( 3469): HCDN_LOG: [T:3866][HINFO]:[f:MonitorDiskFreeSpace],[l:2776],[state:1]
06-04 20:38:17.582 D/staticsHelp( 3469): StaticsBuilder{topic='os_boot_play', map={play_type=3, aid_name=淮水竹亭, source=12, devboot_id=1749010389803, play_id=1749039137575, aid=68075221, cid=1970, num=4, video_duration=2249520, playaddtime=1749040697582, video_id=6, function=boot_detail, last_page=detail, ispause=3}}
06-04 20:38:17.591 D/TrafficStats( 3469): tagSocket(108) with statsTag=0xffffffff, statsUid=-1
06-04 20:38:17.725 D/Statistics( 3469): response:
06-04 20:38:18.088 W/q_h_c_s ( 3469): HCDN_LOG: [T:3761]MethodLog:1333,QTP AsyncGet (reid: 37860584, url: http://127.0.0.1:1991/netinfo, connect: 5000, read: 8000, strict: 0, qtp: 0, module: 14)
06-04 20:38:18.091 W/q_h_c_s ( 3469): HCDN_LOG: [T:3760]IsIpv6Works:3416,IsIpv6Works update to 0 (error_type: 2, error_code: 101)
06-04 20:38:18.091 I/WifiHAL ( 524): call wifi_get_link_stats handler
06-04 20:38:18.091 I/WifiHAL ( 524): Creating message to get link statistics; iface = 16
06-04 20:38:18.091 W/q_h_c_s ( 3469): HCDN_LOG: [T:3760]SetEasyOpt:1497,curl_easy_setopt CURLOPT_URL success: http://127.0.0.1:1991/netinfo?business=QTP (reid: 37860584)
06-04 20:38:18.091 W/q_h_c_s ( 3469): HCDN_LOG: [T:3760]SetCurlTimeout:4095,curl_easy_setopt CURLOPT_CONNECTTIMEOUT_MS success (reid: 37860584, timeout: 5000)
06-04 20:38:18.091 D/WifiHAL ( 524): error code -95 mapped to -3
06-04 20:38:18.091 W/q_h_c_s ( 3469): HCDN_LOG: [T:3760]SetCurlTimeout:4161,curl_easy_setopt CURLOPT_TIMEOUT_MS success (reid: 37860584, timeout: 8000)
06-04 20:38:18.091 W/q_h_c_s ( 3469): HCDN_LOG: [T:3760]AddToMultiHandle:1145,AddToMultiHandle reid: 37860584, taskid(0), moduleId(14), offset(0), length(-1), CURL(0xa53e2b90), m_mapRun(1), m_mapReqId2EasyHandle(1), m_vecModuleRun(0,0,1,0,0,0,0,0,0)
06-04 20:38:18.092 E/WifiStaIfaceAidlImpl( 707): getLinkLayerStats failed with service-specific exception: android.os.ServiceSpecificException: (code 4)
06-04 20:38:18.130 D/WanClient( 1349): sendHeartMessage
06-04 20:38:18.131 D/WanClient( 1349): -----final------sendMessage: {"type":"2bKPMh2jwmQ="}
06-04 20:38:18.141 I/PlayThreadMonitor( 3469): in playerthread monitor handler
06-04 20:38:18.141 I/PlayThreadMonitor( 3469): in monitor runnable
06-04 20:38:18.151 D/WanClient( 1349): onMessage:Thread[WebSocketConnectReadThread-71,5,main]--{"msg":"+MSejyjwlbc="}
06-04 20:38:18.154 D/WanClient( 1349): onMessageReceived:Thread[WebSocketConnectReadThread-71,5,main] {"msg":"+MSejyjwlbc="}
06-04 20:38:18.154 D/WanClient( 1349): type: null
06-04 20:38:18.154 D/WanClient( 1349): send:HB7FxtN64oc=
06-04 20:38:18.154 D/WanClient( 1349): leave:uQ3qCmhm4oA=
06-04 20:38:18.154 D/WanClient( 1349): join:7EsoetslBbs=
06-04 20:38:18.154 D/WanClient( 1349): ITtylgY8LAxdmHmRQSo49Q==
06-04 20:38:19.069 D/staticsHelp( 3469): StaticsBuilder{topic='os_boot_play', map={play_type=3, devboot_id=1749010389803, num=4, video_duration=, playaddtime=1749040699069, function=boot_detail, last_page=detail, ispause=0}}
06-04 20:38:19.073 D/TrafficStats( 3469): tagSocket(108) with statsTag=0xffffffff, statsUid=-1
06-04 20:38:19.145 D/staticsHelp( 3469): StaticsBuilder{topic='os_boot_play', map={play_type=3, devboot_id=1749010389803, num=4, video_duration=, playaddtime=1749040699145, function=boot_detail, last_page=detail, ispause=0}}
06-04 20:38:19.149 D/TrafficStats( 3469): tagSocket(113) with statsTag=0xffffffff, statsUid=-1
06-04 20:38:19.193 D/Statistics( 3469): response:
06-04 20:38:19.268 D/Statistics( 3469): response:
06-04 20:38:19.274 I/CLog ( 3469): 2025-06-04 20:38:19.274 T:5702 INFO: RM_AE::4,HEARTBEAT, sink_delay:0.0000, spatial_delay:0.0000, iqae:0,0,0,0,0,0
06-04 20:38:19.340 I/TvUniPlayer/UniPlayer@7a0c4a5( 3469): in handleMessage event:10000
06-04 20:38:20.516 E/multisource( 3469): HCDN_LOG: [T:3868][HINFO]:[f:UpdateMaxSpeed],[l:465], TOTAL => play speed:0[len:0, tm:0], offline speed:0[len:0, tm:0], predeploy speed:0[len:0, tm:0], m_maxDownloadSpeed:0
06-04 20:38:21.098 I/WifiHAL ( 524): call wifi_get_link_stats handler
06-04 20:38:21.098 I/WifiHAL ( 524): Creating message to get link statistics; iface = 16
06-04 20:38:21.098 D/WifiHAL ( 524): error code -95 mapped to -3
06-04 20:38:21.099 E/WifiStaIfaceAidlImpl( 707): getLinkLayerStats failed with service-specific exception: android.os.ServiceSpecificException: (code 4)
06-04 20:38:21.141 I/PlayThreadMonitor( 3469): in playerthread monitor handler
06-04 20:38:21.141 I/PlayThreadMonitor( 3469): in monitor runnable
06-04 20:38:21.322 D/UtilLog ( 2071): 日志批量上报 进行正常循环 !!!!!!本次有0次请求,共0条数据
06-04 20:38:21.340 I/TvUniPlayer/UniPlayer@7a0c4a5( 3469): in handleMessage event:10000
06-04 20:38:23.342 I/TvUniPlayer/UniPlayer@7a0c4a5( 3469): in handleMessage event:10000
06-04 20:38:24.104 I/WifiHAL ( 524): call wifi_get_link_stats handler
06-04 20:38:24.104 I/WifiHAL ( 524): Creating message to get link statistics; iface = 16
06-04 20:38:24.104 D/WifiHAL ( 524): error code -95 mapped to -3
06-04 20:38:24.105 E/WifiStaIfaceAidlImpl( 707): getLinkLayerStats failed with service-specific exception: android.os.ServiceSpecificException: (code 4)
06-04 20:38:24.113 D/InstantWifi( 707): Receive Wifi is connected, freq = 5745 and currentNetworkId : 0, wifiinfo = SSID: , BSSID: 02:00:00:00:00:00, MAC: 02:00:00:00:00:00, IP: /192.168.3.180, Security type: 2, Supplicant state: COMPLETED, Wi-Fi standard: 6, RSSI: -55, Link speed: 1200Mbps, Tx Link speed: 1200Mbps, Max Supported Tx Link speed: 1200Mbps, Rx Link speed: 6Mbps, Max Supported Rx Link speed: 1200Mbps, Frequency: 5745MHz, Net ID: -1, Metered hint: false, score: 60, isUsable: true, CarrierMerged: false, SubscriptionId: -1, IsPrimary: 1, Trusted: true, Restricted: false, Ephemeral: false, OEM paid: false, OEM private: false, OSU AP: false, FQDN: , Provider friendly name: , Requesting package name: MLO Information: , Is TID-To-Link negotiation supported by the AP: false, AP MLD Address: , AP MLO Link Id: , AP MLO Affiliated links:
06-04 20:38:24.142 I/PlayThreadMonitor( 3469): in playerthread monitor handler
06-04 20:38:24.142 I/PlayThreadMonitor( 3469): in monitor runnable
06-04 20:38:25.343 I/TvUniPlayer/UniPlayer@7a0c4a5( 3469): in handleMessage event:10000
06-04 20:38:27.112 I/WifiHAL ( 524): call wifi_get_link_stats handler
06-04 20:38:27.112 I/WifiHAL ( 524): Creating message to get link statistics; iface = 16
06-04 20:38:27.113 D/WifiHAL ( 524): error code -95 mapped to -3
06-04 20:38:27.113 E/WifiStaIfaceAidlImpl( 707): getLinkLayerStats failed with service-specific exception: android.os.ServiceSpecificException: (code 4)
06-04 20:38:27.123 D/InstantWifi( 707): Receive Wifi is connected, freq = 5745 and currentNetworkId : 0, wifiinfo = SSID: , BSSID: 02:00:00:00:00:00, MAC: 02:00:00:00:00:00, IP: /192.168.3.180, Security type: 2, Supplicant state: COMPLETED, Wi-Fi standard: 6, RSSI: -56, Link speed: 1200Mbps, Tx Link speed: 1200Mbps, Max Supported Tx Link speed: 1200Mbps, Rx Link speed: 6Mbps, Max Supported Rx Link speed: 1200Mbps, Frequency: 5745MHz, Net ID: -1, Metered hint: false, score: 60, isUsable: true, CarrierMerged: false, SubscriptionId: -1, IsPrimary: 1, Trusted: true, Restricted: false, Ephemeral: false, OEM paid: false, OEM private: false, OSU AP: false, FQDN: , Provider friendly name: , Requesting package name: MLO Information: , Is TID-To-Link negotiation supported by the AP: false, AP MLD Address: , AP MLO Link Id: , AP MLO Affiliated links:
06-04 20:38:27.143 I/PlayThreadMonitor( 3469): in playerthread monitor handler
06-04 20:38:27.143 I/PlayThreadMonitor( 3469): in monitor runnable
06-04 20:38:27.233 E/p2pfile ( 3469): HCDN_LOG: [T:3781][HINFO]:[f:GetParam],[l:4289],[Task(0), key=storage_mem_size]
06-04 20:38:27.233 E/p2pfile ( 3469): HCDN_LOG: [T:3781][HINFO]:[f:GetParam],[l:4289],[Task(0), key=p2p_mem_size]
06-04 20:38:27.233 E/localserver( 3469): HCDN_LOG: [T:3781][func:MonitorMem],[line:73],[Memstatistics],[bRet:1],[bNextRet:1],[pParamStorageBuffer:0],[pParamP2PBuffer:0]
06-04 20:38:27.343 I/TvUniPlayer/UniPlayer@7a0c4a5( 3469): in handleMessage event:10000
06-04 20:38:27.552 I/CLog ( 3469): 2025-06-04 20:38:27.552 T:3773 DEBUG: ProcessPingbackFileData enter
06-04 20:38:27.552 I/CLog ( 3469): 2025-06-04 20:38:27.552 T:3773 ERROR: Utf8GetFileSize failed:/data/user/0/com.dangbei.hqmedia/files/qcache/config/puma_config/pingback,error=2,is_normal_file=0,st_mode=-1550073952
06-04 20:38:27.552 I/CLog ( 3469): 2025-06-04 20:38:27.552 T:3773 DEBUG: ProcessPingbackFileData leave, size = 0
06-04 20:38:29.275 I/CLog ( 3469): 2025-06-04 20:38:29.275 T:5702 INFO: RM_AE::4,HEARTBEAT, sink_delay:0.0000, spatial_delay:0.0000, iqae:0,0,0,0,0,0
06-04 20:38:29.343 I/TvUniPlayer/UniPlayer@7a0c4a5( 3469): in handleMessage event:10000
06-04 20:38:30.120 I/WifiHAL ( 524): call wifi_get_link_stats handler
06-04 20:38:30.120 I/WifiHAL ( 524): Creating message to get link statistics; iface = 16
06-04 20:38:30.120 D/WifiHAL ( 524): error code -95 mapped to -3
06-04 20:38:30.121 E/WifiStaIfaceAidlImpl( 707): getLinkLayerStats failed with service-specific exception: android.os.ServiceSpecificException: (code 4)
06-04 20:38:30.143 I/PlayThreadMonitor( 3469): in playerthread monitor handler
06-04 20:38:30.143 I/PlayThreadMonitor( 3469): in monitor runnable
06-04 20:38:31.322 D/UtilLog ( 2071): 日志批量上报 进行正常循环 !!!!!!本次有0次请求,共0条数据
06-04 20:38:31.344 I/TvUniPlayer/UniPlayer@7a0c4a5( 3469): in handleMessage event:10000
06-04 20:38:33.129 I/WifiHAL ( 524): call wifi_get_link_stats handler
06-04 20:38:33.129 I/WifiHAL ( 524): Creating message to get link statistics; iface = 16
06-04 20:38:33.129 D/WifiHAL ( 524): error code -95 mapped to -3
06-04 20:38:33.129 E/WifiStaIfaceAidlImpl( 707): getLinkLayerStats failed with service-specific exception: android.os.ServiceSpecificException: (code 4)
06-04 20:38:33.143 I/PlayThreadMonitor( 3469): in playerthread monitor handler
06-04 20:38:33.143 I/PlayThreadMonitor( 3469): in monitor runnable
06-04 20:38:33.345 I/TvUniPlayer/UniPlayer@7a0c4a5( 3469): in handleMessage event:10000
06-04 20:38:35.345 I/TvUniPlayer/UniPlayer@7a0c4a5( 3469): in handleMessage event:10000
06-04 20:38:36.137 I/WifiHAL ( 524): call wifi_get_link_stats handler
06-04 20:38:36.137 I/WifiHAL ( 524): Creating message to get link statistics; iface = 16
06-04 20:38:36.137 D/WifiHAL ( 524): error code -95 mapped to -3
06-04 20:38:36.138 E/WifiStaIfaceAidlImpl( 707): getLinkLayerStats failed with service-specific exception: android.os.ServiceSpecificException: (code 4)
06-04 20:38:36.145 I/PlayThreadMonitor( 3469): in playerthread monitor handler
06-04 20:38:36.145 I/PlayThreadMonitor( 3469): in monitor runnable
06-04 20:38:37.233 E/p2pfile ( 3469): HCDN_LOG: [T:3781][HINFO]:[f:GetParam],[l:4289],[Task(0), key=storage_mem_size]
06-04 20:38:37.233 E/p2pfile ( 3469): HCDN_LOG: [T:3781][HINFO]:[f:GetParam],[l:4289],[Task(0), key=p2p_mem_size]
06-04 20:38:37.233 E/localserver( 3469): HCDN_LOG: [T:3781][func:MonitorMem],[line:73],[Memstatistics],[bRet:1],[bNextRet:1],[pParamStorageBuffer:0],[pParamP2PBuffer:0]
06-04 20:38:37.362 I/TvUniPlayer/UniPlayer@7a0c4a5( 3469): in handleMessage event:10000
06-04 20:38:38.130 D/WanClient( 1349): sendHeartMessage
06-04 20:38:38.132 D/WanClient( 1349): -----final------sendMessage: {"type":"2bKPMh2jwmQ="}
06-04 20:38:38.250 D/WanClient( 1349): onMessage:Thread[WebSocketConnectReadThread-71,5,main]--{"msg":"+MSejyjwlbc="}
06-04 20:38:38.252 D/WanClient( 1349): onMessageReceived:Thread[WebSocketConnectReadThread-71,5,main] {"msg":"+MSejyjwlbc="}
06-04 20:38:38.252 D/WanClient( 1349): type: null
06-04 20:38:38.252 D/WanClient( 1349): send:HB7FxtN64oc=
06-04 20:38:38.252 D/WanClient( 1349): leave:uQ3qCmhm4oA=
06-04 20:38:38.252 D/WanClient( 1349): join:7EsoetslBbs=
06-04 20:38:38.252 D/WanClient( 1349): ITtylgY8LAxdmHmRQSo49Q==
06-04 20:38:39.144 I/WifiHAL ( 524): call wifi_get_link_stats handler
06-04 20:38:39.144 I/WifiHAL ( 524): Creating message to get link statistics; iface = 16
06-04 20:38:39.145 D/WifiHAL ( 524): error code -95 mapped to -3
06-04 20:38:39.145 I/PlayThreadMonitor( 3469): in playerthread monitor handler
06-04 20:38:39.145 E/WifiStaIfaceAidlImpl( 707): getLinkLayerStats failed with service-specific exception: android.os.ServiceSpecificException: (code 4)
06-04 20:38:39.145 I/PlayThreadMonitor( 3469): in monitor runnable
06-04 20:38:39.151 I/WifiService( 707): startScan uid=1000
06-04 20:38:39.154 E/ccc ( 4242): cccccc i will start scan
06-04 20:38:39.163 D/InstantWifi( 707): Drop, size: 1
06-04 20:38:39.279 I/CLog ( 3469): 2025-06-04 20:38:39.279 T:5702 INFO: RM_AE::4,HEARTBEAT, sink_delay:0.0000, spatial_delay:0.0000, iqae:0,0,0,0,0,0
06-04 20:38:39.363 I/TvUniPlayer/UniPlayer@7a0c4a5( 3469): in handleMessage event:10000
06-04 20:38:40.995 D/staticsHelp( 3469): StaticsBuilder{topic='os_boot_play', map={play_type=3, devboot_id=1749010389803, num=4, video_duration=, playaddtime=1749040720995, function=boot_detail, last_page=detail, ispause=0}}
06-04 20:38:41.004 D/TrafficStats( 3469): tagSocket(108) with statsTag=0xffffffff, statsUid=-1
06-04 20:38:41.323 D/UtilLog ( 2071): 日志批量上报 进行正常循环 !!!!!!本次有0次请求,共0条数据
06-04 20:38:41.363 I/TvUniPlayer/UniPlayer@7a0c4a5( 3469): in handleMessage event:10000
06-04 20:38:41.466 D/Statistics( 3469): response:
06-04 20:38:41.845 D/WifiNl80211Manager( 707): Scan result ready event
06-04 20:38:41.845 D/WifiNative( 707): Scan result ready event
06-04 20:38:41.920 E/ccc ( 4242): cccccc SCAN_RESULTS_AVAILABLE_ACTION hhhh
06-04 20:38:41.928 E/hq ( 1414): NetWorkStateReceiver:::NetWorkStateReceiver onReceive: 网络变化广播 >>>> intent.action=android.net.wifi.SCAN_RESULTS
06-04 20:38:41.930 I/WifiHAL ( 524): call wifi_get_link_stats handler
06-04 20:38:41.930 I/WifiHAL ( 524): Creating message to get link statistics; iface = 16
06-04 20:38:41.930 D/WifiHAL ( 524): error code -95 mapped to -3
06-04 20:38:41.930 E/WifiStaIfaceAidlImpl( 707): getLinkLayerStats failed with service-specific exception: android.os.ServiceSpecificException: (code 4)
06-04 20:38:41.945 W/eventbuscore( 1414): post Event:com.dangbei.leard.base.entity.event.NetWifiRssiEvent
06-04 20:38:41.959 E/ccc ( 4242): cccccc result is not empty call back
06-04 20:38:41.959 E/ccc ( 4242): cccccc 666666666666666
06-04 20:38:41.972 E/ccc ( 4242): cccccc sort 4 58
06-04 20:38:42.015 W/System ( 912): A resource failed to call release.
06-04 20:38:42.016 W/System ( 912): A resource failed to call release.
06-04 20:38:42.016 W/System ( 912): A resource failed to call release.
06-04 20:38:42.117 D/staticsHelp( 3469): StaticsBuilder{topic='os_boot_play', map={play_type=3, devboot_id=1749010389803, num=4, video_duration=, playaddtime=1749040722117, function=boot_detail, last_page=detail, ispause=0}}
06-04 20:38:42.120 D/TrafficStats( 3469): tagSocket(108) with statsTag=0xffffffff, statsUid=-1
06-04 20:38:42.145 I/PlayThreadMonitor( 3469): in playerthread monitor handler
06-04 20:38:42.145 I/PlayThreadMonitor( 3469): in monitor runnable
06-04 20:38:42.150 I/WifiHAL ( 524): call wifi_get_link_stats handler
06-04 20:38:42.150 I/WifiHAL ( 524): Creating message to get link statistics; iface = 16
06-04 20:38:42.150 D/WifiHAL ( 524): error code -95 mapped to -3
06-04 20:38:42.151 E/WifiStaIfaceAidlImpl( 707): getLinkLayerStats failed with service-specific exception: android.os.ServiceSpecificException: (code 4)
06-04 20:38:42.170 D/staticsHelp( 3469): StaticsBuilder{topic='os_boot_play', map={play_type=3, devboot_id=1749010389803, num=4, video_duration=, playaddtime=1749040722168, function=boot_detail, last_page=detail, ispause=0}}
06-04 20:38:42.173 D/TrafficStats( 3469): tagSocket(111) with statsTag=0xffffffff, statsUid=-1
06-04 20:38:42.322 D/Statistics( 3469): response:
06-04 20:38:42.326 D/bbb ( 1502): onStartCommand begin !!!!!!! data分区剩余 52810MB
06-04 20:38:42.393 D/Statistics( 3469): response:
06-04 20:38:43.132 E/p2p_upload_limit( 3469): HCDN_LOG: [T:3862][func:DoUploadLimitContol],[line:3363],FromModule[1],LimitSpeed[1024Kb/s],LimitTime[60s]!
06-04 20:38:43.364 I/TvUniPlayer/UniPlayer@7a0c4a5( 3469): in handleMessage event:10000
06-04 20:38:43.510 I/TDLog ( 2071): [APP] New data found, Submitting...
06-04 20:38:43.516 D/TrafficStats( 2071): tagSocket(92) with statsTag=0xffffffff, statsUid=-1
06-04 20:38:43.522 I/TDLog ( 2071): [APP] Failed to submit data!
06-04 20:38:45.146 I/PlayThreadMonitor( 3469): in playerthread monitor handler
06-04 20:38:45.146 I/PlayThreadMonitor( 3469): in monitor runnable
06-04 20:38:45.156 I/WifiHAL ( 524): call wifi_get_link_stats handler
06-04 20:38:45.156 I/WifiHAL ( 524): Creating message to get link statistics; iface = 16
06-04 20:38:45.157 D/WifiHAL ( 524): error code -95 mapped to -3
06-04 20:38:45.157 E/WifiStaIfaceAidlImpl( 707): getLinkLayerStats failed with service-specific exception: android.os.ServiceSpecificException: (code 4)
06-04 20:38:45.365 I/TvUniPlayer/UniPlayer@7a0c4a5( 3469): in handleMessage event:10000
06-04 20:38:47.232 E/p2pfile ( 3469): HCDN_LOG: [T:3781][HINFO]:[f:GetParam],[l:4289],[Task(0), key=storage_mem_size]
06-04 20:38:47.232 E/p2pfile ( 3469): HCDN_LOG: [T:3781][HINFO]:[f:GetParam],[l:4289],[Task(0), key=p2p_mem_size]
06-04 20:38:47.232 E/localserver( 3469): HCDN_LOG: [T:3781][func:MonitorMem],[line:73],[Memstatistics],[bRet:1],[bNextRet:1],[pParamStorageBuffer:0],[pParamP2PBuffer:0]
06-04 20:38:47.365 I/TvUniPlayer/UniPlayer@7a0c4a5( 3469): in handleMessage event:10000
06-04 20:38:47.396 E/storage_operate( 3469): HCDN_LOG: [T:3866][HINFO]:[f:GetPgfCapacityChange],[l:77],[total_space:55668],[available_space:52808]
06-04 20:38:47.396 E/storage_operate( 3469): HCDN_LOG: [T:3866][HINFO]:[f:UpdatePgfCapacity],[l:1001],[state:1]
06-04 20:38:47.396 E/storage_operate( 3469): HCDN_LOG: [T:3866][HINFO]:[f:MonitorDiskFreeSpace],[l:2776],[state:1]
06-04 20:38:48.148 I/PlayThreadMonitor( 3469): in playerthread monitor handler
06-04 20:38:48.148 I/PlayThreadMonitor( 3469): in monitor runnable
06-04 20:38:48.161 I/WifiHAL ( 524): call wifi_get_link_stats handler
06-04 20:38:48.162 I/WifiHAL ( 524): Creating message to get link statistics; iface = 16
06-04 20:38:48.162 D/WifiHAL ( 524): error code -95 mapped to -3
06-04 20:38:48.162 E/WifiStaIfaceAidlImpl( 707): getLinkLayerStats failed with service-specific exception: android.os.ServiceSpecificException: (code 4)
06-04 20:38:49.129 E/p2p_upload_limit( 3469): HCDN_LOG: [T:3862][func:DoUploadLimitContol],[line:3363],FromModule[2],LimitSpeed[8192Kb/s],LimitTime[60s]!
06-04 20:38:49.282 I/CLog ( 3469): 2025-06-04 20:38:49.281 T:5702 INFO: RM_AE::4,HEARTBEAT, sink_delay:0.0000, spatial_delay:0.0000, iqae:0,0,0,0,0,0
06-04 20:38:49.365 I/TvUniPlayer/UniPlayer@7a0c4a5( 3469): in handleMessage event:10000
06-04 20:38:49.366 I/audio_hw_hal_alsamgr( 491): alsa format =0x1 delay frames =768 total frames=85685760
06-04 20:38:50.533 E/multisource( 3469): HCDN_LOG: [T:3868][HINFO]:[f:UpdateMaxSpeed],[l:465], TOTAL => play speed:0[len:0, tm:0], offline speed:0[len:0, tm:0], predeploy speed:0[len:0, tm:0], m_maxDownloadSpeed:0
06-04 20:38:51.148 I/PlayThreadMonitor( 3469): in playerthread monitor handler
06-04 20:38:51.148 I/PlayThreadMonitor( 3469): in monitor runnable
06-04 20:38:51.168 I/WifiHAL ( 524): call wifi_get_link_stats handler
06-04 20:38:51.168 I/WifiHAL ( 524): Creating message to get link statistics; iface = 16
06-04 20:38:51.168 D/WifiHAL ( 524): error code -95 mapped to -3
06-04 20:38:51.169 E/WifiStaIfaceAidlImpl( 707): getLinkLayerStats failed with service-specific exception: android.os.ServiceSpecificException: (code 4)
06-04 20:38:51.323 D/UtilLog ( 2071): 日志批量上报 进行正常循环 !!!!!!本次有0次请求,共0条数据
06-04 20:38:51.366 I/TvUniPlayer/UniPlayer@7a0c4a5( 3469): in handleMessage event:10000
06-04 20:38:53.277 W/BatteryExternalStatsWorker( 707): error reading modem stats:ERROR_PHONE_NOT_AVAILABLE
06-04 20:38:53.278 W/BatteryExternalStatsWorker( 707): error reading Bluetooth stats: 11
06-04 20:38:53.310 D/KernelCpuUidUserSysTimeReader( 707): Removing uids 99000-99000
06-04 20:38:53.312 D/KernelCpuUidUserSysTimeReader( 707): Removing uids 99001-99001
06-04 20:38:53.366 I/TvUniPlayer/UniPlayer@7a0c4a5( 3469): in handleMessage event:10000
06-04 20:38:54.148 I/PlayThreadMonitor( 3469): in playerthread monitor handler
06-04 20:38:54.148 I/PlayThreadMonitor( 3469): in monitor runnable
06-04 20:38:54.176 I/WifiHAL ( 524): call wifi_get_link_stats handler
06-04 20:38:54.176 I/WifiHAL ( 524): Creating message to get link statistics; iface = 16
06-04 20:38:54.176 D/WifiHAL ( 524): error code -95 mapped to -3
06-04 20:38:54.176 E/WifiStaIfaceAidlImpl( 707): getLinkLayerStats failed with service-specific exception: android.os.ServiceSpecificException: (code 4)
06-04 20:38:55.366 I/TvUniPlayer/UniPlayer@7a0c4a5( 3469): in handleMessage event:10000
06-04 20:38:55.726 D/staticsHelp( 3469): StaticsBuilder{topic='os_boot_play', map={play_type=3, devboot_id=1749010389803, num=4, video_duration=, playaddtime=1749040735725, function=boot_detail, last_page=detail, ispause=0}}
06-04 20:38:55.737 D/TrafficStats( 3469): tagSocket(108) with statsTag=0xffffffff, statsUid=-1
06-04 20:38:56.227 D/Statistics( 3469): response:
06-04 20:38:56.875 D/staticsHelp( 3469): StaticsBuilder{topic='os_boot_play', map={play_type=3, devboot_id=1749010389803, num=4, video_duration=, playaddtime=1749040736874, function=boot_detail, last_page=detail, ispause=0}}
06-04 20:38:56.879 D/TrafficStats( 3469): tagSocket(108) with statsTag=0xffffffff, statsUid=-1
06-04 20:38:56.932 D/staticsHelp( 3469): StaticsBuilder{topic='os_boot_play', map={play_type=3, devboot_id=1749010389803, num=4, video_duration=, playaddtime=1749040736932, function=boot_detail, last_page=detail, ispause=0}}
06-04 20:38:56.945 D/TrafficStats( 3469): tagSocket(113) with statsTag=0xffffffff, statsUid=-1
06-04 20:38:57.064 D/Statistics( 3469): response:
06-04 20:38:57.087 D/Statistics( 3469): response:
06-04 20:38:57.148 I/PlayThreadMonitor( 3469): in playerthread monitor handler
06-04 20:38:57.149 I/PlayThreadMonitor( 3469): in monitor runnable
06-04 20:38:57.182 I/WifiHAL ( 524): call wifi_get_link_stats handler
06-04 20:38:57.182 I/WifiHAL ( 524): Creating message to get link statistics; iface = 16
06-04 20:38:57.182 D/WifiHAL ( 524): error code -95 mapped to -3
06-04 20:38:57.182 E/WifiStaIfaceAidlImpl( 707): getLinkLayerStats failed with service-specific exception: android.os.ServiceSpecificException: (code 4)
06-04 20:38:57.232 E/p2pfile ( 3469): HCDN_LOG: [T:3781][HINFO]:[f:GetParam],[l:4289],[Task(0), key=storage_mem_size]
06-04 20:38:57.232 E/p2pfile ( 3469): HCDN_LOG: [T:3781][HINFO]:[f:GetParam],[l:4289],[Task(0), key=p2p_mem_size]
06-04 20:38:57.232 E/localserver( 3469): HCDN_LOG: [T:3781][func:MonitorMem],[line:73],[Memstatistics],[bRet:1],[bNextRet:1],[pParamStorageBuffer:0],[pParamP2PBuffer:0]
06-04 20:38:57.366 I/TvUniPlayer/UniPlayer@7a0c4a5( 3469): in handleMessage event:10000
06-04 20:38:58.130 D/WanClient( 1349): sendHeartMessage
06-04 20:38:58.131 D/WanClient( 1349): -----final------sendMessage: {"type":"2bKPMh2jwmQ="}
06-04 20:38:58.166 D/WanClient( 1349): onMessage:Thread[WebSocketConnectReadThread-71,5,main]--{"msg":"+MSejyjwlbc="}
06-04 20:38:58.169 D/WanClient( 1349): onMessageReceived:Thread[WebSocketConnectReadThread-71,5,main] {"msg":"+MSejyjwlbc="}
06-04 20:38:58.169 D/WanClient( 1349): type: null
06-04 20:38:58.169 D/WanClient( 1349): send:HB7FxtN64oc=
06-04 20:38:58.169 D/WanClient( 1349): leave:uQ3qCmhm4oA=
06-04 20:38:58.169 D/WanClient( 1349): join:7EsoetslBbs=
06-04 20:38:58.169 D/WanClient( 1349): ITtylgY8LAxdmHmRQSo49Q==
06-04 20:38:59.285 I/CLog ( 3469): 2025-06-04 20:38:59.285 T:5702 INFO: RM_AE::4,HEARTBEAT, sink_delay:0.0000, spatial_delay:0.0000, iqae:0,0,0,0,0,0
06-04 20:38:59.366 I/TvUniPlayer/UniPlayer@7a0c4a5( 3469): in handleMessage event:10000
06-04 20:39:00.150 I/PlayThreadMonitor( 3469): in playerthread monitor handler
06-04 20:39:00.150 I/PlayThreadMonitor( 3469): in monitor runnable
06-04 20:39:00.189 I/WifiHAL ( 524): call wifi_get_link_stats handler
06-04 20:39:00.189 I/WifiHAL ( 524): Creating message to get link statistics; iface = 16
06-04 20:39:00.189 D/WifiHAL ( 524): error code -95 mapped to -3
06-04 20:39:00.190 E/WifiStaIfaceAidlImpl( 707): getLinkLayerStats failed with service-specific exception: android.os.ServiceSpecificException: (code 4)
06-04 20:39:00.200 D/InstantWifi( 707): Receive Wifi is connected, freq = 5745 and currentNetworkId : 0, wifiinfo = SSID: , BSSID: 02:00:00:00:00:00, MAC: 02:00:00:00:00:00, IP: /192.168.3.180, Security type: 2, Supplicant state: COMPLETED, Wi-Fi standard: 6, RSSI: -55, Link speed: 1200Mbps, Tx Link speed: 1200Mbps, Max Supported Tx Link speed: 1200Mbps, Rx Link speed: 6Mbps, Max Supported Rx Link speed: 1200Mbps, Frequency: 5745MHz, Net ID: -1, Metered hint: false, score: 60, isUsable: true, CarrierMerged: false, SubscriptionId: -1, IsPrimary: 1, Trusted: true, Restricted: false, Ephemeral: false, OEM paid: false, OEM private: false, OSU AP: false, FQDN: , Provider friendly name: , Requesting package name: MLO Information: , Is TID-To-Link negotiation supported by the AP: false, AP MLD Address: , AP MLO Link Id: , AP MLO Affiliated links:
06-04 20:39:01.322 D/UtilLog ( 2071): 日志批量上报 进行正常循环 !!!!!!本次有0次请求,共0条数据
06-04 20:39:01.366 I/TvUniPlayer/UniPlayer@7a0c4a5( 3469): in handleMessage event:10000
06-04 20:39:03.156 I/PlayThreadMonitor( 3469): in playerthread monitor handler
06-04 20:39:03.156 I/PlayThreadMonitor( 3469): in monitor runnable
06-04 20:39:03.197 I/WifiHAL ( 524): call wifi_get_link_stats handler
06-04 20:39:03.197 I/WifiHAL ( 524): Creating message to get link statistics; iface = 16
06-04 20:39:03.198 D/WifiHAL ( 524): error code -95 mapped to -3
06-04 20:39:03.198 E/WifiStaIfaceAidlImpl( 707): getLinkLayerStats failed with service-specific exception: android.os.ServiceSpecificException: (code 4)
06-04 20:39:03.367 I/TvUniPlayer/UniPlayer@7a0c4a5( 3469): in handleMessage event:10000
06-04 20:39:05.369 I/TvUniPlayer/UniPlayer@7a0c4a5( 3469): in handleMessage event:10000
06-04 20:39:06.156 I/PlayThreadMonitor( 3469): in playerthread monitor handler
06-04 20:39:06.156 I/PlayThreadMonitor( 3469): in monitor runnable
06-04 20:39:06.205 I/WifiHAL ( 524): call wifi_get_link_stats handler
06-04 20:39:06.205 I/WifiHAL ( 524): Creating message to get link statistics; iface = 16
06-04 20:39:06.205 D/WifiHAL ( 524): error code -95 mapped to -3
06-04 20:39:06.206 E/WifiStaIfaceAidlImpl( 707): getLinkLayerStats failed with service-specific exception: android.os.ServiceSpecificException: (code 4)
06-04 20:39:07.232 E/p2pfile ( 3469): HCDN_LOG: [T:3781][HINFO]:[f:GetParam],[l:4289],[Task(0), key=storage_mem_size]
06-04 20:39:07.232 E/p2pfile ( 3469): HCDN_LOG: [T:3781][HINFO]:[f:GetParam],[l:4289],[Task(0), key=p2p_mem_size]
06-04 20:39:07.232 E/localserver( 3469): HCDN_LOG: [T:3781][func:MonitorMem],[line:73],[Memstatistics],[bRet:1],[bNextRet:1],[pParamStorageBuffer:0],[pParamP2PBuffer:0]
06-04 20:39:07.370 I/TvUniPlayer/UniPlayer@7a0c4a5( 3469): in handleMessage event:10000
06-04 20:39:09.156 I/PlayThreadMonitor( 3469): in playerthread monitor handler
06-04 20:39:09.156 I/PlayThreadMonitor( 3469): in monitor runnable
06-04 20:39:09.213 I/WifiHAL ( 524): call wifi_get_link_stats handler
06-04 20:39:09.213 I/WifiHAL ( 524): Creating message to get link statistics; iface = 16
06-04 20:39:09.213 D/WifiHAL ( 524): error code -95 mapped to -3
06-04 20:39:09.213 E/WifiStaIfaceAidlImpl( 707): getLinkLayerStats failed with service-specific exception: android.os.ServiceSpecificException: (code 4)
06-04 20:39:09.312 I/CLog ( 3469): 2025-06-04 20:39:09.312 T:5702 INFO: RM_AE::4,HEARTBEAT, sink_delay:0.0000, spatial_delay:0.0000, iqae:0,0,0,0,0,0
06-04 20:39:09.370 I/TvUniPlayer/UniPlayer@7a0c4a5( 3469): in handleMessage event:10000
06-04 20:39:11.322 D/UtilLog ( 2071): 日志批量上报 进行正常循环 !!!!!!本次有0次请求,共0条数据
06-04 20:39:11.371 I/TvUniPlayer/UniPlayer@7a0c4a5( 3469): in handleMessage event:10000
06-04 20:39:12.005 I/WifiService( 707): startScan uid=1000
06-04 20:39:12.007 E/ccc ( 4242): cccccc i will start scan
06-04 20:39:12.018 D/InstantWifi( 707): Drop, size: 1
06-04 20:39:12.156 I/PlayThreadMonitor( 3469): in playerthread monitor handler
06-04 20:39:12.157 I/PlayThreadMonitor( 3469): in monitor runnable
06-04 20:39:12.217 I/WifiHAL ( 524): call wifi_get_link_stats handler
06-04 20:39:12.217 I/WifiHAL ( 524): Creating message to get link statistics; iface = 16
06-04 20:39:12.217 D/WifiHAL ( 524): error code -95 mapped to -3
06-04 20:39:12.218 E/WifiStaIfaceAidlImpl( 707): getLinkLayerStats failed with service-specific exception: android.os.ServiceSpecificException: (code 4)
06-04 20:39:13.371 I/TvUniPlayer/UniPlayer@7a0c4a5( 3469): in handleMessage event:10000
06-04 20:39:14.693 D/WifiNl80211Manager( 707): Scan result ready event
06-04 20:39:14.693 D/WifiNative( 707): Scan result ready event
06-04 20:39:14.767 E/ccc ( 4242): cccccc SCAN_RESULTS_AVAILABLE_ACTION hhhh
06-04 20:39:14.778 E/hq ( 1414): NetWorkStateReceiver:::NetWorkStateReceiver onReceive: 网络变化广播 >>>> intent.action=android.net.wifi.SCAN_RESULTS
06-04 20:39:14.788 I/WifiHAL ( 524): call wifi_get_link_stats handler
06-04 20:39:14.788 I/WifiHAL ( 524): Creating message to get link statistics; iface = 16
06-04 20:39:14.788 D/WifiHAL ( 524): error code -95 mapped to -3
06-04 20:39:14.789 E/WifiStaIfaceAidlImpl( 707): getLinkLayerStats failed with service-specific exception: android.os.ServiceSpecificException: (code 4)
06-04 20:39:14.809 E/ccc ( 4242): cccccc result is not empty call back
06-04 20:39:14.809 W/eventbuscore( 1414): post Event:com.dangbei.leard.base.entity.event.NetWifiRssiEvent
06-04 20:39:14.809 E/ccc ( 4242): cccccc 666666666666666
06-04 20:39:14.827 E/ccc ( 4242): cccccc sort 4 63
06-04 20:39:15.157 I/PlayThreadMonitor( 3469): in playerthread monitor handler
06-04 20:39:15.157 I/PlayThreadMonitor( 3469): in monitor runnable
06-04 20:39:15.222 I/WifiHAL ( 524): call wifi_get_link_stats handler
06-04 20:39:15.222 I/WifiHAL ( 524): Creating message to get link statistics; iface = 16
06-04 20:39:15.222 D/WifiHAL ( 524): error code -95 mapped to -3
06-04 20:39:15.223 E/WifiStaIfaceAidlImpl( 707): getLinkLayerStats failed with service-specific exception: android.os.ServiceSpecificException: (code 4)
06-04 20:39:15.373 I/TvUniPlayer/UniPlayer@7a0c4a5( 3469): in handleMessage event:10000
06-04 20:39:17.233 E/p2pfile ( 3469): HCDN_LOG: [T:3781][HINFO]:[f:GetParam],[l:4289],[Task(0), key=storage_mem_size]
06-04 20:39:17.233 E/p2pfile ( 3469): HCDN_LOG: [T:3781][HINFO]:[f:GetParam],[l:4289],[Task(0), key=p2p_mem_size]
06-04 20:39:17.233 E/localserver( 3469): HCDN_LOG: [T:3781][func:MonitorMem],[line:73],[Memstatistics],[bRet:1],[bNextRet:1],[pParamStorageBuffer:0],[pParamP2PBuffer:0]
06-04 20:39:17.374 I/TvUniPlayer/UniPlayer@7a0c4a5( 3469): in handleMessage event:10000
06-04 20:39:17.398 E/storage_operate( 3469): HCDN_LOG: [T:3866][HINFO]:[f:GetPgfCapacityChange],[l:77],[total_space:55668],[available_space:52808]
06-04 20:39:17.399 E/storage_operate( 3469): HCDN_LOG: [T:3866][HINFO]:[f:UpdatePgfCapacity],[l:1001],[state:1]
06-04 20:39:17.399 E/storage_operate( 3469): HCDN_LOG: [T:3866][HINFO]:[f:MonitorDiskFreeSpace],[l:2776],[state:1]
06-04 20:39:18.130 D/WanClient( 1349): sendHeartMessage
06-04 20:39:18.131 D/WanClient( 1349): -----final------sendMessage: {"type":"2bKPMh2jwmQ="}
06-04 20:39:18.134 W/q_h_c_s ( 3469): HCDN_LOG: [T:3761]MethodLog:1333,QTP AsyncGet (reid: 37860585, url: http://127.0.0.1:1991/netinfo, connect: 5000, read: 8000, strict: 0, qtp: 0, module: 14)
06-04 20:39:18.134 W/q_h_c_s ( 3469): HCDN_LOG: [T:3760]SetEasyOpt:1497,curl_easy_setopt CURLOPT_URL success: http://127.0.0.1:1991/netinfo?business=QTP (reid: 37860585)
06-04 20:39:18.134 W/q_h_c_s ( 3469): HCDN_LOG: [T:3760]SetCurlTimeout:4095,curl_easy_setopt CURLOPT_CONNECTTIMEOUT_MS success (reid: 37860585, timeout: 5000)
06-04 20:39:18.134 W/q_h_c_s ( 3469): HCDN_LOG: [T:3760]SetCurlTimeout:4161,curl_easy_setopt CURLOPT_TIMEOUT_MS success (reid: 37860585, timeout: 8000)
06-04 20:39:18.134 W/q_h_c_s ( 3469): HCDN_LOG: [T:3760]AddToMultiHandle:1145,AddToMultiHandle reid: 37860585, taskid(0), moduleId(14), offset(0), length(-1), CURL(0xa53e2b90), m_mapRun(1), m_mapReqId2EasyHandle(1), m_vecModuleRun(0,0,1,0,0,0,0,0,0)
06-04 20:39:18.148 D/WanClient( 1349): onMessage:Thread[WebSocketConnectReadThread-71,5,main]--{"msg":"+MSejyjwlbc="}
06-04 20:39:18.150 D/WanClient( 1349): onMessageReceived:Thread[WebSocketConnectReadThread-71,5,main] {"msg":"+MSejyjwlbc="}
06-04 20:39:18.150 D/WanClient( 1349): type: null
06-04 20:39:18.150 D/WanClient( 1349): send:HB7FxtN64oc=
06-04 20:39:18.150 D/WanClient( 1349): leave:uQ3qCmhm4oA=
06-04 20:39:18.150 D/WanClient( 1349): join:7EsoetslBbs=
06-04 20:39:18.150 D/WanClient( 1349): ITtylgY8LAxdmHmRQSo49Q==
06-04 20:39:18.158 I/PlayThreadMonitor( 3469): in playerthread monitor handler
06-04 20:39:18.159 I/PlayThreadMonitor( 3469): in monitor runnable
06-04 20:39:18.228 I/WifiHAL ( 524): call wifi_get_link_stats handler
06-04 20:39:18.228 I/WifiHAL ( 524): Creating message to get link statistics; iface = 16
06-04 20:39:18.228 D/WifiHAL ( 524): error code -95 mapped to -3
06-04 20:39:18.229 E/WifiStaIfaceAidlImpl( 707): getLinkLayerStats failed with service-specific exception: android.os.ServiceSpecificException: (code 4)
06-04 20:39:18.236 D/InstantWifi( 707): Receive Wifi is connected, freq = 5745 and currentNetworkId : 0, wifiinfo = SSID: , BSSID: 02:00:00:00:00:00, MAC: 02:00:00:00:00:00, IP: /192.168.3.180, Security type: 2, Supplicant state: COMPLETED, Wi-Fi standard: 6, RSSI: -56, Link speed: 1200Mbps, Tx Link speed: 1200Mbps, Max Supported Tx Link speed: 1200Mbps, Rx Link speed: 6Mbps, Max Supported Rx Link speed: 1200Mbps, Frequency: 5745MHz, Net ID: -1, Metered hint: false, score: 60, isUsable: true, CarrierMerged: false, SubscriptionId: -1, IsPrimary: 1, Trusted: true, Restricted: false, Ephemeral: false, OEM paid: false, OEM private: false, OSU AP: false, FQDN: , Provider friendly name: , Requesting package name: MLO Information: , Is TID-To-Link negotiation supported by the AP: false, AP MLD Address: , AP MLO Link Id: , AP MLO Affiliated links:
06-04 20:39:19.082 E/ccc ( 1349): cccccc sendCycleCheckBroadcast
06-04 20:39:19.082 W/ContextImpl( 1349): Calling a method in the system process without a qualified user: android.app.ContextImpl.sendBroadcast:1220 android.content.ContextWrapper.sendBroadcast:504 com.dangbei.etna.setting.core.SettingHelper.sendCycleToProjector:257 com.dangbei.etna.setting.core.SettingHelper.sendCycleCheckBroadcast:226 com.dangbei.etna.setting.core.SettingHelper.startLoop$lambda-0:185
06-04 20:39:19.085 W/ContextImpl( 1349): Calling a method in the system process without a qualified user: android.app.ContextImpl.sendBroadcast:1220 android.content.ContextWrapper.sendBroadcast:504 com.dangbei.etna.setting.core.SettingHelper.sendCycleToVoice:242 com.dangbei.etna.setting.core.SettingHelper.sendCycleCheckBroadcast:227 com.dangbei.etna.setting.core.SettingHelper.startLoop$lambda-0:185
06-04 20:39:19.098 D/RockyVoice( 1642): RestartReceiver onReceive
06-04 20:39:19.315 I/CLog ( 3469): 2025-06-04 20:39:19.315 T:5702 INFO: RM_AE::4,HEARTBEAT, sink_delay:0.0000, spatial_delay:0.0000, iqae:0,0,0,0,0,0
06-04 20:39:19.374 I/TvUniPlayer/UniPlayer@7a0c4a5( 3469): in handleMessage event:10000
06-04 20:39:20.538 I/wpa_supplicant( 965): wpa_driver_nl80211_driver_cmd: wifi vendor: aml_w2_s
06-04 20:39:20.538 I/wpa_supplicant( 965): wpa_driver_nl80211_driver_cmd: wlan0: private command: SETSUSPENDMODE 0
06-04 20:39:20.540 I/WifiHAL ( 524): call wifi_get_link_stats handler
06-04 20:39:20.540 I/WifiHAL ( 524): Creating message to get link statistics; iface = 16
06-04 20:39:20.540 D/WifiHAL ( 524): error code -95 mapped to -3
06-04 20:39:20.541 E/WifiStaIfaceAidlImpl( 707): getLinkLayerStats failed with service-specific exception: android.os.ServiceSpecificException: (code 4)
06-04 20:39:20.544 D/DhcpClient( 985): Unicasting DHCPREQUEST ciaddr=192.168.3.180 request=0.0.0.0 serverid=null to /192.168.3.1:67
06-04 20:39:20.557 D/DhcpClient( 985): Received packet: 1c:79:2d:20:62:cb ACK: your new IP /192.168.3.180, netmask /255.255.254.0, gateways [/192.168.3.1] DNS servers: /202.96.134.133 /202.96.128.166 , lease time 3600
06-04 20:39:20.559 D/DhcpClient( 985): Renewed lease: com.android.networkstack.android.net.DhcpResults@b50208eb DHCP server /192.168.3.1 Vendor info null lease 3600 seconds Servername
06-04 20:39:20.565 D/DhcpClient( 985): Scheduling renewal in 1799s
06-04 20:39:20.565 D/DhcpClient( 985): Scheduling rebind in 3149s
06-04 20:39:20.565 D/DhcpClient( 985): Scheduling expiry in 3599s
06-04 20:39:20.569 I/wpa_supplicant( 965): wpa_driver_nl80211_driver_cmd: wifi vendor: aml_w2_s
06-04 20:39:20.569 I/wpa_supplicant( 965): wpa_driver_nl80211_driver_cmd: wlan0: private command: BTCOEXMODE 2
06-04 20:39:20.570 I/WifiClientModeImpl[19893:wlan0]( 707): Update current security type to 2
06-04 20:39:20.573 W/ContextImpl( 707): Calling a method in the system process without a qualified user: android.app.ContextImpl.sendStickyBroadcast:1626 com.android.server.wifi.ClientModeImpl.sendNetworkChangeBroadcast:3008 com.android.server.wifi.ClientModeImpl.lambda$sendNetworkChangeBroadcastWithCurrentState$14:2985 com.android.server.wifi.ClientModeImpl.$r8$lambda$q-j88Pjw4gROgoJFr8wBlBVbuJI:0 com.android.server.wifi.ClientModeImpl$$ExternalSyntheticLambda4.send:0
06-04 20:39:20.578 E/ccc ( 4242): cccccc 4444444444444444444 CONNECTED
06-04 20:39:20.580 D/InstantWifi( 707): Receive Wifi is connected, freq = 5745 and currentNetworkId : 0, wifiinfo = SSID: , BSSID: 02:00:00:00:00:00, MAC: 02:00:00:00:00:00, IP: /192.168.3.180, Security type: 2, Supplicant state: COMPLETED, Wi-Fi standard: 6, RSSI: -56, Link speed: 1200Mbps, Tx Link speed: 1200Mbps, Max Supported Tx Link speed: 1200Mbps, Rx Link speed: 6Mbps, Max Supported Rx Link speed: 1200Mbps, Frequency: 5745MHz, Net ID: -1, Metered hint: false, score: 60, isUsable: true, CarrierMerged: false, SubscriptionId: -1, IsPrimary: 1, Trusted: true, Restricted: false, Ephemeral: false, OEM paid: false, OEM private: false, OSU AP: false, FQDN: , Provider friendly name: , Requesting package name: MLO Information: , Is TID-To-Link negotiation supported by the AP: false, AP MLD Address: , AP MLO Link Id: , AP MLO Affiliated links:
06-04 20:39:20.589 D/RockyReceiver( 1642): action: android.net.wifi.STATE_CHANGE
06-04 20:39:20.590 I/Receiver( 1642): 网络连接成功
06-04 20:39:20.596 E/ccc ( 4242): cccccc sort 4 63
06-04 20:39:21.091 I/Receiver( 1642): ----------netConnectInitSDK--------------
06-04 20:39:21.160 I/PlayThreadMonitor( 3469): in playerthread monitor handler
06-04 20:39:21.160 I/PlayThreadMonitor( 3469): in monitor runnable
06-04 20:39:21.234 I/WifiHAL ( 524): call wifi_get_link_stats handler
06-04 20:39:21.235 I/WifiHAL ( 524): Creating message to get link statistics; iface = 16
06-04 20:39:21.235 D/WifiHAL ( 524): error code -95 mapped to -3
06-04 20:39:21.235 E/WifiStaIfaceAidlImpl( 707): getLinkLayerStats failed with service-specific exception: android.os.ServiceSpecificException: (code 4)
06-04 20:39:21.323 D/UtilLog ( 2071): 日志批量上报 进行正常循环 !!!!!!本次有0次请求,共0条数据
06-04 20:39:21.366 I/audio_hw_hal_alsamgr( 491): alsa format =0x1 delay frames =768 total frames=87221760
06-04 20:39:21.376 I/TvUniPlayer/UniPlayer@7a0c4a5( 3469): in handleMessage event:10000
06-04 20:39:21.524 E/multisource( 3469): HCDN_LOG: [T:3868][HINFO]:[f:UpdateMaxSpeed],[l:465], TOTAL => play speed:0[len:0, tm:0], offline speed:0[len:0, tm:0], predeploy speed:0[len:0, tm:0], m_maxDownloadSpeed:0
06-04 20:39:23.376 I/TvUniPlayer/UniPlayer@7a0c4a5( 3469): in handleMessage event:10000
06-04 20:39:24.160 I/PlayThreadMonitor( 3469): in playerthread monitor handler
06-04 20:39:24.160 I/PlayThreadMonitor( 3469): in monitor runnable
06-04 20:39:24.242 I/WifiHAL ( 524): call wifi_get_link_stats handler
06-04 20:39:24.242 I/WifiHAL ( 524): Creating message to get link statistics; iface = 16
06-04 20:39:24.242 D/WifiHAL ( 524): error code -95 mapped to -3
06-04 20:39:24.243 E/WifiStaIfaceAidlImpl( 707): getLinkLayerStats failed with service-specific exception: android.os.ServiceSpecificException: (code 4)
06-04 20:39:24.776 D/TrafficStats( 1414): tagSocket(107) with statsTag=0xffffffff, statsUid=-1
06-04 20:39:25.376 I/TvUniPlayer/UniPlayer@7a0c4a5( 3469): in handleMessage event:10000
06-04 20:39:27.161 I/PlayThreadMonitor( 3469): in playerthread monitor handler
06-04 20:39:27.162 I/PlayThreadMonitor( 3469): in monitor runnable
06-04 20:39:27.233 E/p2pfile ( 3469): HCDN_LOG: [T:3781][HINFO]:[f:GetParam],[l:4289],[Task(0), key=storage_mem_size]
06-04 20:39:27.233 E/p2pfile ( 3469): HCDN_LOG: [T:3781][HINFO]:[f:GetParam],[l:4289],[Task(0), key=p2p_mem_size]
06-04 20:39:27.233 E/localserver( 3469): HCDN_LOG: [T:3781][func:MonitorMem],[line:73],[Memstatistics],[bRet:1],[bNextRet:1],[pParamStorageBuffer:0],[pParamP2PBuffer:0]
06-04 20:39:27.250 I/WifiHAL ( 524): call wifi_get_link_stats handler
06-04 20:39:27.251 I/WifiHAL ( 524): Creating message to get link statistics; iface = 16
06-04 20:39:27.251 D/WifiHAL ( 524): error code -95 mapped to -3
06-04 20:39:27.251 E/WifiStaIfaceAidlImpl( 707): getLinkLayerStats failed with service-specific exception: android.os.ServiceSpecificException: (code 4)
06-04 20:39:27.377 I/TvUniPlayer/UniPlayer@7a0c4a5( 3469): in handleMessage event:10000
06-04 20:39:27.992 E/dangbei111( 1349): cccccc 检查遥控器是否连接: Dangbei E4:BB:D3:57:C0:7A
06-04 20:39:27.996 E/dangbei111( 1349): cccccc 检查遥控器是否连接: 蓝牙的结果 Dangbei E4:BB:D3:57:C0:7A true
06-04 20:39:27.996 E/dangbei111( 1349): cccccc 确实有遥控器 存在
06-04 20:39:27.996 E/dangbei111( 1349): cccccc rc is connected, stop scan =E4:BB:D3:57:C0:7A
06-04 20:39:29.324 I/CLog ( 3469): 2025-06-04 20:39:29.324 T:5702 INFO: RM_AE::4,HEARTBEAT, sink_delay:0.0000, spatial_delay:0.0000, iqae:0,0,0,0,0,0
06-04 20:39:29.378 I/TvUniPlayer/UniPlayer@7a0c4a5( 3469): in handleMessage event:10000
06-04 20:39:30.079 I/TDLog ( 2071): [APP] New data found, Submitting...
06-04 20:39:30.092 D/TrafficStats( 2071): tagSocket(92) with statsTag=0xffffffff, statsUid=-1
06-04 20:39:30.098 I/TDLog ( 2071): [APP] Failed to submit data!
06-04 20:39:30.162 I/PlayThreadMonitor( 3469): in playerthread monitor handler
06-04 20:39:30.163 I/PlayThreadMonitor( 3469): in monitor runnable
06-04 20:39:30.221 D/TrafficStats( 2071): tagSocket(87) with statsTag=0xffffffff, statsUid=-1
06-04 20:39:30.256 I/WifiHAL ( 524): call wifi_get_link_stats handler
06-04 20:39:30.256 I/WifiHAL ( 524): Creating message to get link statistics; iface = 16
06-04 20:39:30.257 D/WifiHAL ( 524): error code -95 mapped to -3
06-04 20:39:30.257 E/WifiStaIfaceAidlImpl( 707): getLinkLayerStats failed with service-specific exception: android.os.ServiceSpecificException: (code 4)
06-04 20:39:31.323 D/UtilLog ( 2071): 日志批量上报 进行正常循环 !!!!!!本次有0次请求,共0条数据
06-04 20:39:31.379 I/TvUniPlayer/UniPlayer@7a0c4a5( 3469): in handleMessage event:10000
06-04 20:39:33.163 I/PlayThreadMonitor( 3469): in playerthread monitor handler
06-04 20:39:33.164 I/PlayThreadMonitor( 3469): in monitor runnable
06-04 20:39:33.263 I/WifiHAL ( 524): call wifi_get_link_stats handler
06-04 20:39:33.263 I/WifiHAL ( 524): Creating message to get link statistics; iface = 16
06-04 20:39:33.263 D/WifiHAL ( 524): error code -95 mapped to -3
06-04 20:39:33.263 E/WifiStaIfaceAidlImpl( 707): getLinkLayerStats failed with service-specific exception: android.os.ServiceSpecificException: (code 4)
06-04 20:39:33.272 D/InstantWifi( 707): Receive Wifi is connected, freq = 5745 and currentNetworkId : 0, wifiinfo = SSID: , BSSID: 02:00:00:00:00:00, MAC: 02:00:00:00:00:00, IP: /192.168.3.180, Security type: 2, Supplicant state: COMPLETED, Wi-Fi standard: 6, RSSI: -55, Link speed: 1200Mbps, Tx Link speed: 1200Mbps, Max Supported Tx Link speed: 1200Mbps, Rx Link speed: 6Mbps, Max Supported Rx Link speed: 1200Mbps, Frequency: 5745MHz, Net ID: -1, Metered hint: false, score: 60, isUsable: true, CarrierMerged: false, SubscriptionId: -1, IsPrimary: 1, Trusted: true, Restricted: false, Ephemeral: false, OEM paid: false, OEM private: false, OSU AP: false, FQDN: , Provider friendly name: , Requesting package name: MLO Information: , Is TID-To-Link negotiation supported by the AP: false, AP MLD Address: , AP MLO Link Id: , AP MLO Affiliated links:
06-04 20:39:33.379 I/TvUniPlayer/UniPlayer@7a0c4a5( 3469): in handleMessage event:10000
06-04 20:39:35.380 I/TvUniPlayer/UniPlayer@7a0c4a5( 3469): in handleMessage event:10000
06-04 20:39:36.165 I/PlayThreadMonitor( 3469): in playerthread monitor handler
06-04 20:39:36.165 I/PlayThreadMonitor( 3469): in monitor runnable
06-04 20:39:36.271 I/WifiHAL ( 524): call wifi_get_link_stats handler
06-04 20:39:36.272 I/WifiHAL ( 524): Creating message to get link statistics; iface = 16
06-04 20:39:36.272 D/WifiHAL ( 524): error code -95 mapped to -3
06-04 20:39:36.272 E/WifiStaIfaceAidlImpl( 707): getLinkLayerStats failed with service-specific exception: android.os.ServiceSpecificException: (code 4)
06-04 20:39:37.233 E/p2pfile ( 3469): HCDN_LOG: [T:3781][HINFO]:[f:GetParam],[l:4289],[Task(0), key=storage_mem_size]
06-04 20:39:37.233 E/p2pfile ( 3469): HCDN_LOG: [T:3781][HINFO]:[f:GetParam],[l:4289],[Task(0), key=p2p_mem_size]
06-04 20:39:37.233 E/localserver( 3469): HCDN_LOG: [T:3781][func:MonitorMem],[line:73],[Memstatistics],[bRet:1],[bNextRet:1],[pParamStorageBuffer:0],[pParamP2PBuffer:0]
06-04 20:39:37.380 I/TvUniPlayer/UniPlayer@7a0c4a5( 3469): in handleMessage event:10000
06-04 20:39:38.130 D/WanClient( 1349): sendHeartMessage
06-04 20:39:38.131 D/WanClient( 1349): -----final------sendMessage: {"type":"2bKPMh2jwmQ="}
06-04 20:39:38.160 D/WanClient( 1349): onMessage:Thread[WebSocketConnectReadThread-71,5,main]--{"msg":"+MSejyjwlbc="}
06-04 20:39:38.163 D/WanClient( 1349): onMessageReceived:Thread[WebSocketConnectReadThread-71,5,main] {"msg":"+MSejyjwlbc="}
06-04 20:39:38.163 D/WanClient( 1349): type: null
06-04 20:39:38.163 D/WanClient( 1349): send:HB7FxtN64oc=
06-04 20:39:38.163 D/WanClient( 1349): leave:uQ3qCmhm4oA=
06-04 20:39:38.163 D/WanClient( 1349): join:7EsoetslBbs=
06-04 20:39:38.163 D/WanClient( 1349): ITtylgY8LAxdmHmRQSo49Q==
