06-04 20:37:30.008 I/UFUnilog( 3469): api_strategy_impl.cpp : 569 PingbackSdk {fuc=APIStrategyImpl:CreateStrategyResult(),logtag=babel_pb_235,strategyname=httpdns-strategy,interface_msg=complete build strategy result,suggest_url_params=,suggest_protocol=,bReplaceWithNewFullUrl=0,bReplaceWithNewHeaders=0}
06-04 20:37:30.008 V/UFUnilog( 3469): UFNEasyCurlClientImpl.cpp : 16 PingbackSdk {fuc=UFNEasyCurlClientImpl:Perform(),logtag=babel_pb_235,interface_msg=in}
06-04 20:37:30.037 D/XM_HIDREAD( 1910): poll ret=1, event=1
06-04 20:37:30.037 D/XM_HIDREAD( 1910): [9 bytes]:01 00 00 52 00 00 00 00 00
06-04 20:37:30.053 I/audio_hw_hal_primary( 491): [register_audio_patch:8215] Patch 7:id:7 mix(io:13)->dev_0[OUT_HDMI(id:54)] found, register the same patch, do nothing.
06-04 20:37:30.053 I/audio_hw_hal_primary( 491): [adev_create_audio_patch:8316] Patch 7: MIX->DEVICE, num_src:1 num_sink:1 patch_src:INVAL
06-04 20:37:30.053 I/audio_hw_hal_primary( 491): [adev_create_audio_patch:8320] sink[0]: OUT_HDMI(id:54)
06-04 20:37:30.053 I/audio_hw_hal_primary( 491): [adev_create_audio_patch:8377] Patch 7: mix(io:13) -> dev[OUT_HDMI(id:54)]
06-04 20:37:30.053 D/UEventObserver( 1030): change@/devices/platform/auge_sound/sound/card0/controlC0ACTION=changeDEVPATH=/devices/platform/auge_sound/sound/card0/controlC0SUBSYSTEM=soundAUDIO_FORMAT=0MAJOR=116MINOR=13DEVNAME=snd/controlC0SEQNUM=3715
06-04 20:37:30.053 I/audio_hw_hal_primary( 491): [adev_create_audio_patch:8445] dev=0xe71c0010 cur_out_device=0x400
06-04 20:37:30.058 D/audioserver( 542): logFgsApiBegin: FGS Logger Transaction failed, -129
06-04 20:37:30.061 I/SogouIME( 1396): onKeyDown: keyoCode=19
06-04 20:37:30.061 I/DefaultIMS( 1396): onKeyDown: keyoCode=19
06-04 20:37:30.062 E/SecondScreen( 1414): FirstScreenLayoutView dispatchKeyEvent 19
06-04 20:37:30.067 D/TrafficStats( 1414): tagSocket(119) with statsTag=0xffffffff, statsUid=-1
06-04 20:37:30.069 I/DefaultIMS( 1396): onStartInput attribute=android.view.inputmethod.EditorInfo@1d0706e restarting=false inputType: 0
06-04 20:37:30.079 I/audio_hw_hal_primary( 491): out_update_source_metadata_v7() line 2013 usage:1 content_type:2
06-04 20:37:30.100 E/Hcdn_DeTask3128192202( 3469): HCDN_LOG: [T:3861][HINFO]:[f:PostNotifyInfo],[l:248], notify type(6),info({"BandWidth":557056,"CachedBytes":363402016,"IsAd":0,"IsP2P":1,"ReadBytes":331797280,"VID":"65f888b7cc0c74b794ab89eac7137fc8"}
06-04 20:37:30.100 E/Hcdn_DeTask3128192202( 3469): )
06-04 20:37:30.100 E/playfilesourceNew( 3469): HCDN_LOG: [T:3820][HINFO]:[f:DoAsynNotifyInfoResponse],[l:2605],[TaskID(3128192202),type(6),msg({"BandWidth":557056,"CachedBytes":363402016,"IsAd":0,"IsP2P":1,"ReadBytes":331797280,"VID":"65f888b7cc0c74b794ab89eac7137fc8"}
06-04 20:37:30.100 E/playfilesourceNew( 3469): )!]
06-04 20:37:30.128 I/PlayThreadMonitor( 3469): in playerthread monitor handler
06-04 20:37:30.128 I/PlayThreadMonitor( 3469): in monitor runnable
06-04 20:37:30.132 E/playfilesourceNew( 3469): HCDN_LOG: [T:3820][HFATAL]:[f:LoopGetCacheSeconds],[l:3603],[Can not find TaskID(3128192202), end LoopGetCacheSeconds()]
06-04 20:37:30.132 E/playfilesourceNew( 3469): HCDN_LOG: [T:3820][HFATAL]:[f:LoopGetDownloadInfo],[l:3661],[Can not find TaskID(3128192202), end LoopGetDownloadInfo()]
06-04 20:37:30.183 D/XM_HIDREAD( 1910): poll ret=1, event=1
06-04 20:37:30.183 D/XM_HIDREAD( 1910): [9 bytes]:01 00 00 00 00 00 00 00 00
06-04 20:37:30.185 I/SogouIME( 1396): onKeyUp: keyoCode=19
06-04 20:37:30.185 I/DefaultIMS( 1396): onKeyUp: keyoCode=19
06-04 20:37:30.186 E/SecondScreen( 1414): FirstScreenLayoutView dispatchKeyEvent 19
06-04 20:37:30.200 E/Hcdn_DeTask3128192202( 3469): HCDN_LOG: [T:3861][HINFO]:[f:PostNotifyInfo],[l:248], notify type(6),info({"BandWidth":557056,"CachedBytes":363402016,"IsAd":0,"IsP2P":1,"ReadBytes":331797280,"VID":"65f888b7cc0c74b794ab89eac7137fc8"}
06-04 20:37:30.200 E/Hcdn_DeTask3128192202( 3469): )
06-04 20:37:30.200 E/playfilesourceNew( 3469): HCDN_LOG: [T:3820][HINFO]:[f:DoAsynNotifyInfoResponse],[l:2605],[TaskID(3128192202),type(6),msg({"BandWidth":557056,"CachedBytes":363402016,"IsAd":0,"IsP2P":1,"ReadBytes":331797280,"VID":"65f888b7cc0c74b794ab89eac7137fc8"}
06-04 20:37:30.200 E/playfilesourceNew( 3469): )!]
06-04 20:37:30.249 I/audio_hw_hal_primary( 491): [audiohal_get_latency:1333] io 13: out:0xe6245d80 frames:1280 rate:48000 whole_latency:26 alsa_latency:26
06-04 20:37:30.270 I/audio_hw_hal_primary( 491): [audiohal_get_latency:1333] io 13: out:0xe6245d80 frames:1280 rate:48000 whole_latency:26 alsa_latency:26
06-04 20:37:30.285 D/XM_HIDREAD( 1910): poll ret=1, event=1
06-04 20:37:30.285 D/XM_HIDREAD( 1910): [9 bytes]:01 00 00 52 00 00 00 00 00
06-04 20:37:30.288 I/SogouIME( 1396): onKeyDown: keyoCode=19
06-04 20:37:30.288 I/DefaultIMS( 1396): onKeyDown: keyoCode=19
06-04 20:37:30.289 E/SecondScreen( 1414): FirstScreenLayoutView dispatchKeyEvent 19
06-04 20:37:30.299 V/UFUnilog( 3469): UFNEasyCurlClientImpl.cpp : 66 PingbackSdk {fuc=UFNEasyCurlClientImpl:Perform(),logtag=babel_pb_235,interface_msg=out}
06-04 20:37:30.299 V/UFUnilog( 3469): api_engine.cpp : 189 PingbackSdk {fuc=APIEngine:Call(),logtag=babel_pb_235,interface_msg=Start Try!,try_count=1}
06-04 20:37:30.299 D/PINGBACKSDK( 3469): PlayerPbApi.cpp:38 PingbackLog: send success! http://msg.ptqy.gitv.tv/b/3_31_312:124.237.225.21,playerwakeup:msg=[{"abr_at":"nonabs","abs_type":"0","absopenstatus":"0","alanid":"0_1","audiotype":"0","brlevel":"100","c1":"0","default_abs":"0","deviceid":"tv_cc46bef63fc2ad8d49126ac32881e261_1749020506912_5491100964","dfp":"","diy_adseamless":"0","diy_ctr":"1","diy_sfrom":"idle","dlbpssmd":"0","drm_v":"3.1.0","drmstat":"0","drmt":"chinav5","ds":"","duby":"0","dx":"","enhance":"-1","fa":"105","fakeabs":"","fr":"25","hcdninit":"success","hcdnlsmhd":"0","hcdnromsz":"724","hcdnst":"0","hcdnv":"10.2.3.5212","hdmpssmd":"0","ht":"0","hu":"5%2C57%2C60","hwver":"DBBOX-A3","is264ts":"0","is_cuva":"0","is_iqhimero":"-1","ispre":"","isroot":"1","iszqyh":"0","lch_ver":"1.7","livenetst":"-1","livenetv":"6.24.26.354
06-04 20:37:30.299 D/PINGBACKSDK( 3469): PlayerPbApi.cpp:40 PingbackLog: send success! playerwakeup:","lsv":"18.0.1.5212","maxpt":"834","mkey":"20200817110900551NKVuEWAfr101626","mod":"cn_s","originbid":"","os":"34","outline":"-1","p1":"3_31_312","p2":"3128","p_hdcpctrl":"-1","p_wtmark":"0","pbv":"","play_mc":"1","play_mdr":"","play_t":"0","plyerm":"vod","plyert":"native_advance","procid":"3469","psc1":"0","psp_4kh264":"1","psp_4kh265":"1","psp_dolby":"1","psp_dv":"0","psp_edr":"","psp_h264":"1","psp_h265":"1","psp_hdr10":"1","psp_ratedef":"10","psp_ratedefdv":"10","psp_ratedefhdr":"","pt":"0","pu":"3669454416360320","qyctx":"F4473C91B77028CDDBE404B5C7899B64B7B53B67DFF055D126EB02A9DE3B7B1C2E0171DCB8766A144F466DC62EC042DD4F1A2361080C9C140CFEC187AA217144B7D57FF90ED91469E7571AAED169DBEABB9F51
06-04 20:37:30.299 D/PINGBACKSDK( 3469): PlayerPbApi.cpp:40 PingbackLog: send success! playerwakeup:CA8CF9C767726661CBB86DA934","qyctxv":"1","r":"1608843880763300","ra":"10","rachannel":"1","ravd":"0","ravd_auth":"-1","re":"1920x1080","rn":"1961726292","romrsz":"53414","romsz":"55669","sdkv":"1.1403.1.06053","second_cate":"","skipabssize":"","spkpssmd":"0","spth265":"1","status_4k":"1","stauto_support":"0","stime":"1749040649054","stype":"0","supp_abs":"0","t":"12","term":{"brand":"Amlogic","chip":"","core":"4","cpu_arch":"8","cpu_freq":"2508000","cpu_implementer":"65","cpu_part":"3333","cpu_processor":"","diy_hwver":"DBBOX-A3","dolbycodec":"-1","firmver":"UD2A.240505.001.W1.eng.server.20250604.121603 release-keys","high_end":"-1","hpformance":"","hwprod":"","hwversub":"","memory":"3677","
06-04 20:37:30.299 D/PINGBACKSDK( 3469): PlayerPbApi.cpp:35 PingbackLog: send success! playerwakeup:p_hdcp":"","p_maxhdcp":"","rammode":"","vendor":""},"tm":"573","tvs2":"simple_sdk","u":"tv_cc46bef63fc2ad8d49126ac32881e261","usehcdn":"1","v":"2.1403.1.250523","vcodec":"1","vdprctp":"1","ve":"1749039897303AC810E17571177E8EDF","view_order":"0","viewsrc":"1","vsp_4kh264":"1","vsp_4kh265":"1","vsp_8k":"0","vsp_daudio":"1","vsp_dv":"0","vsp_edr":"0","vsp_h265":"1","vsp_hdr10":"1","vsp_ratedef":"10","vsp_ratedefEdr":"-1","vsp_ratedefdolby":"10","vsp_ratedefdv":"-1","vsp_ratedefhdr":"-1","wifimac":"02%3A00%3A00%3A00%3A00%3A00","z":"","z_from":"","z_ip":""}]
06-04 20:37:30.304 E/Hcdn_DeTask3128192202( 3469): HCDN_LOG: [T:3861][HINFO]:[f:PostNotifyInfo],[l:248], notify type(6),info({"BandWidth":557056,"CachedBytes":363402016,"IsAd":0,"IsP2P":1,"ReadBytes":331797280,"VID":"65f888b7cc0c74b794ab89eac7137fc8"}
06-04 20:37:30.304 E/Hcdn_DeTask3128192202( 3469): )
06-04 20:37:30.304 E/playfilesourceNew( 3469): HCDN_LOG: [T:3820][HINFO]:[f:DoAsynNotifyInfoResponse],[l:2605],[TaskID(3128192202),type(6),msg({"BandWidth":557056,"CachedBytes":363402016,"IsAd":0,"IsP2P":1,"ReadBytes":331797280,"VID":"65f888b7cc0c74b794ab89eac7137fc8"}
06-04 20:37:30.304 E/playfilesourceNew( 3469): )!]
06-04 20:37:30.406 E/Hcdn_DeTask3128192202( 3469): HCDN_LOG: [T:3861][HINFO]:[f:PostNotifyInfo],[l:248], notify type(6),info({"BandWidth":557056,"CachedBytes":363402016,"IsAd":0,"IsP2P":1,"ReadBytes":331797280,"VID":"65f888b7cc0c74b794ab89eac7137fc8"}
06-04 20:37:30.406 E/Hcdn_DeTask3128192202( 3469): )
06-04 20:37:30.407 E/playfilesourceNew( 3469): HCDN_LOG: [T:3820][HINFO]:[f:DoAsynNotifyInfoResponse],[l:2605],[TaskID(3128192202),type(6),msg({"BandWidth":557056,"CachedBytes":363402016,"IsAd":0,"IsP2P":1,"ReadBytes":331797280,"VID":"65f888b7cc0c74b794ab89eac7137fc8"}
06-04 20:37:30.407 E/playfilesourceNew( 3469): )!]
06-04 20:37:30.409 D/XM_HIDREAD( 1910): poll ret=1, event=1
06-04 20:37:30.409 D/XM_HIDREAD( 1910): [9 bytes]:01 00 00 00 00 00 00 00 00
06-04 20:37:30.411 I/SogouIME( 1396): onKeyUp: keyoCode=19
06-04 20:37:30.411 I/DefaultIMS( 1396): onKeyUp: keyoCode=19
06-04 20:37:30.411 E/SecondScreen( 1414): FirstScreenLayoutView dispatchKeyEvent 19
06-04 20:37:30.460 I/audio_hw_hal_primary( 491): [audiohal_get_latency:1333] io 13: out:0xe6245d80 frames:1024 rate:48000 whole_latency:21 alsa_latency:21
06-04 20:37:30.481 I/audio_hw_hal_primary( 491): [audiohal_get_latency:1333] io 13: out:0xe6245d80 frames:1024 rate:48000 whole_latency:21 alsa_latency:21
06-04 20:37:30.503 I/audio_hw_hal_primary( 491): [audiohal_get_latency:1333] io 13: out:0xe6245d80 frames:1024 rate:48000 whole_latency:21 alsa_latency:21
06-04 20:37:30.507 E/Hcdn_DeTask3128192202( 3469): HCDN_LOG: [T:3861][HINFO]:[f:PostNotifyInfo],[l:248], notify type(6),info({"BandWidth":557056,"CachedBytes":363402016,"IsAd":0,"IsP2P":1,"ReadBytes":331797280,"VID":"65f888b7cc0c74b794ab89eac7137fc8"}
06-04 20:37:30.507 E/Hcdn_DeTask3128192202( 3469): )
06-04 20:37:30.507 E/playfilesourceNew( 3469): HCDN_LOG: [T:3820][HINFO]:[f:DoAsynNotifyInfoResponse],[l:2605],[TaskID(3128192202),type(6),msg({"BandWidth":557056,"CachedBytes":363402016,"IsAd":0,"IsP2P":1,"ReadBytes":331797280,"VID":"65f888b7cc0c74b794ab89eac7137fc8"}
06-04 20:37:30.507 E/playfilesourceNew( 3469): )!]
06-04 20:37:30.525 I/audio_hw_hal_primary( 491): [audiohal_get_latency:1333] io 13: out:0xe6245d80 frames:1280 rate:48000 whole_latency:26 alsa_latency:26
06-04 20:37:30.547 I/audio_hw_hal_primary( 491): [audiohal_get_latency:1333] io 13: out:0xe6245d80 frames:1280 rate:48000 whole_latency:26 alsa_latency:26
06-04 20:37:30.569 I/audio_hw_hal_primary( 491): [audiohal_get_latency:1333] io 13: out:0xe6245d80 frames:1280 rate:48000 whole_latency:26 alsa_latency:26
06-04 20:37:30.591 I/audio_hw_hal_primary( 491): [audiohal_get_latency:1333] io 13: out:0xe6245d80 frames:1152 rate:48000 whole_latency:24 alsa_latency:24
06-04 20:37:30.600 D/XM_HIDREAD( 1910): poll ret=1, event=1
06-04 20:37:30.600 D/XM_HIDREAD( 1910): [9 bytes]:01 00 00 52 00 00 00 00 00
06-04 20:37:30.603 I/SogouIME( 1396): onKeyDown: keyoCode=19
06-04 20:37:30.603 I/DefaultIMS( 1396): onKeyDown: keyoCode=19
06-04 20:37:30.603 E/SecondScreen( 1414): FirstScreenLayoutView dispatchKeyEvent 19
06-04 20:37:30.608 E/Hcdn_DeTask3128192202( 3469): HCDN_LOG: [T:3861][HINFO]:[f:PostNotifyInfo],[l:248], notify type(6),info({"BandWidth":557056,"CachedBytes":363402016,"IsAd":0,"IsP2P":1,"ReadBytes":331797280,"VID":"65f888b7cc0c74b794ab89eac7137fc8"}
06-04 20:37:30.608 E/Hcdn_DeTask3128192202( 3469): )
06-04 20:37:30.608 E/playfilesourceNew( 3469): HCDN_LOG: [T:3820][HINFO]:[f:DoAsynNotifyInfoResponse],[l:2605],[TaskID(3128192202),type(6),msg({"BandWidth":557056,"CachedBytes":363402016,"IsAd":0,"IsP2P":1,"ReadBytes":331797280,"VID":"65f888b7cc0c74b794ab89eac7137fc8"}
06-04 20:37:30.608 E/playfilesourceNew( 3469): )!]
06-04 20:37:30.709 E/Hcdn_DeTask3128192202( 3469): HCDN_LOG: [T:3861][HINFO]:[f:PostNotifyInfo],[l:248], notify type(6),info({"BandWidth":557056,"CachedBytes":363402016,"IsAd":0,"IsP2P":1,"ReadBytes":331797280,"VID":"65f888b7cc0c74b794ab89eac7137fc8"}
06-04 20:37:30.709 E/Hcdn_DeTask3128192202( 3469): )
06-04 20:37:30.709 E/playfilesourceNew( 3469): HCDN_LOG: [T:3820][HINFO]:[f:DoAsynNotifyInfoResponse],[l:2605],[TaskID(3128192202),type(6),msg({"BandWidth":557056,"CachedBytes":363402016,"IsAd":0,"IsP2P":1,"ReadBytes":331797280,"VID":"65f888b7cc0c74b794ab89eac7137fc8"}
06-04 20:37:30.709 E/playfilesourceNew( 3469): )!]
06-04 20:37:30.757 D/XM_HIDREAD( 1910): poll ret=1, event=1
06-04 20:37:30.757 D/XM_HIDREAD( 1910): [9 bytes]:01 00 00 00 00 00 00 00 00
06-04 20:37:30.759 I/SogouIME( 1396): onKeyUp: keyoCode=19
06-04 20:37:30.759 I/DefaultIMS( 1396): onKeyUp: keyoCode=19
06-04 20:37:30.759 I/audio_hw_hal_primary( 491): [audiohal_get_latency:1333] io 13: out:0xe6245d80 frames:1024 rate:48000 whole_latency:21 alsa_latency:21
06-04 20:37:30.759 E/SecondScreen( 1414): FirstScreenLayoutView dispatchKeyEvent 19
06-04 20:37:30.781 I/audio_hw_hal_primary( 491): [audiohal_get_latency:1333] io 13: out:0xe6245d80 frames:1280 rate:48000 whole_latency:26 alsa_latency:26
06-04 20:37:30.803 I/audio_hw_hal_primary( 491): [audiohal_get_latency:1333] io 13: out:0xe6245d80 frames:1024 rate:48000 whole_latency:21 alsa_latency:21
06-04 20:37:30.815 E/playfilesourceNew( 3469): HCDN_LOG: [T:3820][HINFO]:[f:DoAsynNotifyInfoResponse],[l:2605],[TaskID(3128192202),type(6),msg({"BandWidth":557056,"CachedBytes":363402016,"IsAd":0,"IsP2P":1,"ReadBytes":331797280,"VID":"65f888b7cc0c74b794ab89eac7137fc8"}
06-04 20:37:30.815 E/playfilesourceNew( 3469): )!]
06-04 20:37:30.816 E/Hcdn_DeTask3128192202( 3469): HCDN_LOG: [T:3861][HINFO]:[f:PostNotifyInfo],[l:248], notify type(6),info({"BandWidth":557056,"CachedBytes":363402016,"IsAd":0,"IsP2P":1,"ReadBytes":331797280,"VID":"65f888b7cc0c74b794ab89eac7137fc8"}
06-04 20:37:30.816 E/Hcdn_DeTask3128192202( 3469): )
06-04 20:37:30.824 I/audio_hw_hal_primary( 491): [audiohal_get_latency:1333] io 13: out:0xe6245d80 frames:1280 rate:48000 whole_latency:26 alsa_latency:26
06-04 20:37:30.846 I/audio_hw_hal_primary( 491): [audiohal_get_latency:1333] io 13: out:0xe6245d80 frames:1280 rate:48000 whole_latency:26 alsa_latency:26
06-04 20:37:30.868 I/audio_hw_hal_primary( 491): [audiohal_get_latency:1333] io 13: out:0xe6245d80 frames:1152 rate:48000 whole_latency:24 alsa_latency:24
06-04 20:37:30.884 I/audio_hw_hal_primary( 491): [audiohal_get_latency:1333] io 13: out:0xe6245d80 frames:1152 rate:48000 whole_latency:24 alsa_latency:24
06-04 20:37:30.906 I/audio_hw_hal_primary( 491): [audiohal_get_latency:1333] io 13: out:0xe6245d80 frames:1152 rate:48000 whole_latency:24 alsa_latency:24
06-04 20:37:30.920 E/Hcdn_DeTask3128192202( 3469): HCDN_LOG: [T:3861][HINFO]:[f:PostNotifyInfo],[l:248], notify type(6),info({"BandWidth":557056,"CachedBytes":363402016,"IsAd":0,"IsP2P":1,"ReadBytes":331797280,"VID":"65f888b7cc0c74b794ab89eac7137fc8"}
06-04 20:37:30.920 E/Hcdn_DeTask3128192202( 3469): )
06-04 20:37:30.920 E/playfilesourceNew( 3469): HCDN_LOG: [T:3820][HINFO]:[f:DoAsynNotifyInfoResponse],[l:2605],[TaskID(3128192202),type(6),msg({"BandWidth":557056,"CachedBytes":363402016,"IsAd":0,"IsP2P":1,"ReadBytes":331797280,"VID":"65f888b7cc0c74b794ab89eac7137fc8"}
06-04 20:37:30.920 E/playfilesourceNew( 3469): )!]
06-04 20:37:30.933 I/audio_hw_hal_primary( 491): [audiohal_get_latency:1333] io 13: out:0xe6245d80 frames:1152 rate:48000 whole_latency:24 alsa_latency:24
06-04 20:37:30.954 I/audio_hw_hal_primary( 491): [audiohal_get_latency:1333] io 13: out:0xe6245d80 frames:1152 rate:48000 whole_latency:24 alsa_latency:24
06-04 20:37:30.971 I/audio_hw_hal_primary( 491): [audiohal_get_latency:1333] io 13: out:0xe6245d80 frames:1152 rate:48000 whole_latency:24 alsa_latency:24
06-04 20:37:30.993 I/audio_hw_hal_primary( 491): [audiohal_get_latency:1333] io 13: out:0xe6245d80 frames:1152 rate:48000 whole_latency:24 alsa_latency:24
06-04 20:37:31.015 I/audio_hw_hal_primary( 491): [audiohal_get_latency:1333] io 13: out:0xe6245d80 frames:1024 rate:48000 whole_latency:21 alsa_latency:21
06-04 20:37:31.024 E/Hcdn_DeTask3128192202( 3469): HCDN_LOG: [T:3861][HINFO]:[f:PostNotifyInfo],[l:248], notify type(6),info({"BandWidth":557056,"CachedBytes":363402016,"IsAd":0,"IsP2P":1,"ReadBytes":331797280,"VID":"65f888b7cc0c74b794ab89eac7137fc8"}
06-04 20:37:31.024 E/Hcdn_DeTask3128192202( 3469): )
06-04 20:37:31.024 E/playfilesourceNew( 3469): HCDN_LOG: [T:3820][HINFO]:[f:DoAsynNotifyInfoResponse],[l:2605],[TaskID(3128192202),type(6),msg({"BandWidth":557056,"CachedBytes":363402016,"IsAd":0,"IsP2P":1,"ReadBytes":331797280,"VID":"65f888b7cc0c74b794ab89eac7137fc8"}
06-04 20:37:31.024 E/playfilesourceNew( 3469): )!]
06-04 20:37:31.036 I/audio_hw_hal_primary( 491): [audiohal_get_latency:1333] io 13: out:0xe6245d80 frames:1024 rate:48000 whole_latency:21 alsa_latency:21
06-04 20:37:31.058 I/audio_hw_hal_primary( 491): [audiohal_get_latency:1333] io 13: out:0xe6245d80 frames:1280 rate:48000 whole_latency:26 alsa_latency:26
06-04 20:37:31.065 I/CLog ( 3469): 2025-06-04 20:37:31.065 T:3760 DEBUG: qtp-load(105) QtpHttpHeaderFinishCallback reqid:37860574 adv_header:0
06-04 20:37:31.065 I/CLog ( 3469): 2025-06-04 20:37:31.065 T:3760 DEBUG: [105]RecordNewConnectCount, count:1
06-04 20:37:31.065 I/CLog ( 3469): 2025-06-04 20:37:31.065 T:3760 INFO: qtp-load(105) QtpHttpFinishCallback reqid:37860574
06-04 20:37:31.066 I/CLog ( 3469): 2025-06-04 20:37:31.066 T:3760 INFO: qtp-load(105): local:192.168.3.180 remote:116.211.198.170, DNS:500(ms) Connect:127(ms) SSL Connect:668(ms) Recv Data:932(ms) total:1764(ms), speed:0.03(KB/s)
06-04 20:37:31.066 I/CLog ( 3469): 2025-06-04 20:37:31.066 T:3760 INFO: qtp-load(105) QTPINFO_QTPFLOW_INFO: [1749040651065,id:37860574,ip:116.211.198.170,port:443,rt:0.500,ct:0.128,at:0.668,pt:0.669,st:0.932,tt:1.764,as:0.029,ts:28,rdt:0.000,ec:0,hc:200,hv:2,tp:fc]
06-04 20:37:31.066 I/CLog ( 3469): 2025-06-04 20:37:31.066 T:3760 DEBUG: qtp-load(105), data-len:28, accept-charset:utf-8 access-control-allow-credentials:true access-control-allow-headers:* access-control-allow-methods:GET,HEAD,PUT,PATCH,POST,OPTIONS access-control-allow-origin:* access-control-expose-headers:* access-control-max-age:5 content-length:28 content-type:text/plain;charset=UTF-8 date:Wed, 04 Jun 2025 12:37:30 GMT server:istio-envoy server_ip:116.211.198.170 x-envoy-decorator-operation:cmonitor-keepalive.qke-generic-cmonitor.svc.cluster.local:38080/* x-envoy-upstream-service-time:18
06-04 20:37:31.066 I/CLog ( 3469): 2025-06-04 20:37:31.066 T:3760 INFO: qtp-load(105), err(0, 0), syserr(0), transerr(0), multi(0), easy(0), http(200)
06-04 20:37:31.066 I/CLog ( 3469): 2025-06-04 20:37:31.066 T:3760 INFO: qtp-load(105): success! url:https://cmonitor.ptqy.gitv.tv/apis/cmonitor/off.action?agenttype=7&authcookie=d0W2EyczYQCDMl0MnxQzxj2m2LYU6GEOxTTcXh76m3SHT2YuTditljVUI6i8p9jdwAui7a&cversion=2&ptid=14025032401000000000&qd_v=3&qyid=tv_cc46bef63fc2ad8d49126ac32881e261_1749020506912_5491100964&ts=1749040649654&tv_id=1608843880763300&version=2.1403.1.250523&qd_sc=db701fd15a4abc445b257532924d7087
06-04 20:37:31.066 I/CLog ( 3469): 2025-06-04 20:37:31.066 T:3760 INFO: PlayStopSender::OnComplete, success
06-04 20:37:31.066 I/CLog ( 3469): 2025-06-04 20:37:31.066 T:3760 DEBUG: qtp-load(105): CheckLoadComplete exit
06-04 20:37:31.066 I/CLog ( 3469): 2025-06-04 20:37:31.066 T:3760 DEBUG: qtp-load(105) QtpHttpFinishCallback reqid:37860574 exit
06-04 20:37:31.079 I/audio_hw_hal_primary( 491): [audiohal_get_latency:1333] io 13: out:0xe6245d80 frames:1024 rate:48000 whole_latency:21 alsa_latency:21
06-04 20:37:31.080 D/audioserver( 542): logFgsApiEnd: FGS Logger Transaction failed, -129
06-04 20:37:31.128 E/Hcdn_DeTask3128192202( 3469): HCDN_LOG: [T:3861][HINFO]:[f:PostNotifyInfo],[l:248], notify type(6),info({"BandWidth":557056,"CachedBytes":363402016,"IsAd":0,"IsP2P":1,"ReadBytes":331797280,"VID":"65f888b7cc0c74b794ab89eac7137fc8"}
06-04 20:37:31.128 E/Hcdn_DeTask3128192202( 3469): )
06-04 20:37:31.128 E/playfilesourceNew( 3469): HCDN_LOG: [T:3820][HINFO]:[f:DoAsynNotifyInfoResponse],[l:2605],[TaskID(3128192202),type(6),msg({"BandWidth":557056,"CachedBytes":363402016,"IsAd":0,"IsP2P":1,"ReadBytes":331797280,"VID":"65f888b7cc0c74b794ab89eac7137fc8"}
06-04 20:37:31.128 E/playfilesourceNew( 3469): )!]
06-04 20:37:31.185 D/XM_HIDREAD( 1910): poll ret=1, event=1
06-04 20:37:31.185 D/XM_HIDREAD( 1910): [9 bytes]:01 00 00 4F 00 00 00 00 00
06-04 20:37:31.202 I/audio_hw_hal_primary( 491): [register_audio_patch:8215] Patch 7:id:7 mix(io:13)->dev_0[OUT_HDMI(id:54)] found, register the same patch, do nothing.
06-04 20:37:31.202 I/audio_hw_hal_primary( 491): [adev_create_audio_patch:8316] Patch 7: MIX->DEVICE, num_src:1 num_sink:1 patch_src:INVAL
06-04 20:37:31.202 I/audio_hw_hal_primary( 491): [adev_create_audio_patch:8320] sink[0]: OUT_HDMI(id:54)
06-04 20:37:31.202 I/audio_hw_hal_primary( 491): [adev_create_audio_patch:8377] Patch 7: mix(io:13) -> dev[OUT_HDMI(id:54)]
06-04 20:37:31.202 D/UEventObserver( 1030): change@/devices/platform/auge_sound/sound/card0/controlC0ACTION=changeDEVPATH=/devices/platform/auge_sound/sound/card0/controlC0SUBSYSTEM=soundAUDIO_FORMAT=0MAJOR=116MINOR=13DEVNAME=snd/controlC0SEQNUM=3716
06-04 20:37:31.202 I/audio_hw_hal_primary( 491): [adev_create_audio_patch:8445] dev=0xe71c0010 cur_out_device=0x400
06-04 20:37:31.210 D/audioserver( 542): logFgsApiBegin: FGS Logger Transaction failed, -129
06-04 20:37:31.212 I/SogouIME( 1396): onKeyDown: keyoCode=22
06-04 20:37:31.212 I/DefaultIMS( 1396): onKeyDown: keyoCode=22
06-04 20:37:31.213 E/SecondScreen( 1414): FirstScreenLayoutView dispatchKeyEvent 22
06-04 20:37:31.227 I/audio_hw_hal_primary( 491): out_update_source_metadata_v7() line 2013 usage:1 content_type:2
06-04 20:37:31.229 E/Hcdn_DeTask3128192202( 3469): HCDN_LOG: [T:3861][HINFO]:[f:PostNotifyInfo],[l:248], notify type(6),info({"BandWidth":557056,"CachedBytes":363402016,"IsAd":0,"IsP2P":1,"ReadBytes":331797280,"VID":"65f888b7cc0c74b794ab89eac7137fc8"}
06-04 20:37:31.229 E/Hcdn_DeTask3128192202( 3469): )
06-04 20:37:31.229 E/playfilesourceNew( 3469): HCDN_LOG: [T:3820][HINFO]:[f:DoAsynNotifyInfoResponse],[l:2605],[TaskID(3128192202),type(6),msg({"BandWidth":557056,"CachedBytes":363402016,"IsAd":0,"IsP2P":1,"ReadBytes":331797280,"VID":"65f888b7cc0c74b794ab89eac7137fc8"}
06-04 20:37:31.229 E/playfilesourceNew( 3469): )!]
06-04 20:37:31.269 I/CLog ( 3469): 2025-06-04 20:37:31.269 T:3760 DEBUG: qtp-load(106) QtpHttpHeaderFinishCallback reqid:37860576 adv_header:0
06-04 20:37:31.269 I/CLog ( 3469): 2025-06-04 20:37:31.269 T:3760 DEBUG: [106]RecordNewConnectCount, count:1
06-04 20:37:31.269 I/CLog ( 3469): 2025-06-04 20:37:31.269 T:3760 INFO: qtp-load(106) QtpHttpFinishCallback reqid:37860576
06-04 20:37:31.269 I/CLog ( 3469): 2025-06-04 20:37:31.269 T:3760 INFO: qtp-load(106): local:192.168.3.180 remote:124.237.225.22, DNS:500(ms) Connect:802(ms) SSL Connect:0(ms) Recv Data:1005(ms) total:1966(ms), speed:0.00(KB/s)
06-04 20:37:31.269 I/CLog ( 3469): 2025-06-04 20:37:31.269 T:3760 INFO: qtp-load(106) QTPINFO_QTPFLOW_INFO: [1749040651269,id:37860576,ip:124.237.225.22,port:80,rt:0.500,ct:0.802,at:0.000,pt:0.803,st:1.006,tt:1.966,as:0.000,ts:0,rdt:0.000,ec:0,hc:200,hv:1,tp:fc>ld]
06-04 20:37:31.269 I/CLog ( 3469): 2025-06-04 20:37:31.269 T:3760 DEBUG: qtp-load(106), data-len:0, access-control-allow-credentials:true access-control-allow-headers:Accept,Authorization,Cache-Control,Content-Type,DNT,If-Modified-Since,Keep-Alive,Origin,User-Agent,X-Requested-With access-control-allow-methods:GET, POST, PUT, DELETE, OPTIONS connection:keep-alive content-length:0 content-type:text/html date:Wed, 04 Jun 2025 12:37:31 GMT server:nginx server_ip:124.237.225.22
06-04 20:37:31.269 I/CLog ( 3469): 2025-06-04 20:37:31.269 T:3760 INFO: qtp-load(106), err(0, 0), syserr(0), transerr(0), multi(0), easy(0), http(200)
06-04 20:37:31.269 I/CLog ( 3469): 2025-06-04 20:37:31.269 T:3760 INFO: qtp-load(106): success! url:http://msg.ptqy.gitv.tv/v5/core/pstat?ptid=14025032401000000000&pf=3&c1=2&c2=&lvbck=&r=1608843880763300&aid=5567532336805201&u=tv_cc46bef63fc2ad8d49126ac32881e261_1749020506912_5491100964&pu=3669454416360320&os=android_034-01-01&v=2.1403.1.250523&krv=5.1.0202&krvb=15549&hcdnv=10.2.3.5212&lnv=&mdlm=2&ra1=1&ra2=-1&ra3=800&ra4=25&ra5=100&ra6=0&va=0&as=22ca8dce715b860d46997372ba5aa6dd&ve=8751444ce3a971323b927a5c3260f2e5&islocal=0&ht=0&tpcd=4&tpad=0&drm_t=4&abr_t=0&abr_m=-1&abr_at=&abr_p=0_0&drm_v=3.1.0&drmlicsv=5&chipid=amlogic&mod=&nettype=11&ua_model=DBBOX-A3&rn=1749040649297&stime=1749040649297&vdurt=2249520&krus=tv_android_player&vpt=5_57_60&p1=0&p2=0&pdc_src=-1&a_ra=&a_va=&prtype=0&smallplyrtp=&hwnp=&netmod=1&play_src=&mpi=&q_a=0&q_z=0&q_b=1&q_c=1_1&q_d=0_0&q_e=0_0&q_f=0_0_0&q_g=1_1&q_h=0_0&q_i=1_1_1&q_j=0_0&q_k=1_1_0&q_y=0
06-04 20:37:31.269 I/CLog ( 3469): 2025-06-04 20:37:31.269 T:3760 DEBUG: qtp-load(106): CheckLoadComplete exit
06-04 20:37:31.269 I/CLog ( 3469): 2025-06-04 20:37:31.269 T:3760 DEBUG: qtp-load(106) QtpHttpFinishCallback reqid:37860576 exit
06-04 20:37:31.270 I/CLog ( 3469): 2025-06-04 20:37:31.270 T:3773 INFO: qtp-load(106), reqid:37860576, timeout:3000, once_callback:1
06-04 20:37:31.270 I/CLog ( 3469): 2025-06-04 20:37:31.270 T:3773 DEBUG: CheckAndRegisterEventID, 8751444ce3a971323b927a5c3260f2e5
06-04 20:37:31.270 I/CLog ( 3469): 2025-06-04 20:37:31.270 T:3773 INFO: qtp-load(107) - Load, https://msg.ptqy.gitv.tv/core?t=2&ptid=14025032401000000000&pf=3&c1=2&c2=&lvbck=&r=1608843880763300&aid=5567532336805201&u=tv_cc46bef63fc2ad8d49126ac32881e261_1749020506912_5491100964&pu=3669454416360320&os=android_034-01-01&v=2.1403.1.250523&krv=5.1.0202&krvb=15549&hcdnv=10.2.3.5212&lnv=&mdlm=2&ra1=1&ra2=-1&ra3=800&ra4=25&ra5=100&ra6=0&va=0&as=22ca8dce715b860d46997372ba5aa6dd&ve=8751444ce3a971323b927a5c3260f2e5&islocal=0&ht=0&tpcd=4&tpad=0&drm_t=4&abr_t=0&abr_m=-1&abr_at=&abr_p=0_0&drm_v=3.1.0&drmlicsv=5&chipid=amlogic&mod=&nettype=11&ua_model=DBBOX-A3&rn=1749040649298&stime=1749040649298&vdurt=2249520&krus=tv_android_player&vpt=5_57_60&p1=0&p2=0&pdc_src=-1&a_ra=&a_va=&prtype=0&smallplyrtp=&hwnp=&netmod=1&play_src=&mpi=&tm=45&nsd1=68900_76416_158924_36132_100249_-1_-1_-1_-1_-1_-1_-1&nbfl=16052_15318_15019_15456_12489_-1_-1_-1_-1_-1_-1_-1&rasi=1_-1_800_45&nsdm=158924&nbfm=12489&ispre=&vbr=411658&vfrmtp=1&z=P2P&hsdp=100&zmai=0&usai=0&pt=834819
06-04 20:37:31.270 I/CLog ( 3469): 2025-06-04 20:37:31.270 T:3773 DEBUG: enter
06-04 20:37:31.270 W/q_h_c_s ( 3469): HCDN_LOG: [T:3773]MethodLog:1333,QTP SyncGet (reid: 37860578, url: https://msg.ptqy.gitv.tv/core?t=2&ptid=14025032401000000000&pf=3&c1=2&c2=&lvbck=&r=1608843880763300&aid=5567532336805201&u=tv_cc46bef63fc2ad8d49126ac32881e261_1749020506912_5491100964&pu=3669454416360320&os=android_034-01-01&v=2.1403.1.250523&krv=5.1.0202&krvb=15549&hcdnv=10.2.3.5212&lnv=&mdlm=2&ra1=1&ra2=-1&ra3=800&ra4=25&ra5=100&ra6=0&va=0&as=22ca8dce715b860d46997372ba5aa6dd&ve=8751444ce3a971323b927a5c3260f2e5&islocal=0&ht=0&tpcd=4&tpad=0&drm_t=4&abr_t=0&abr_m=-1&abr_at=&abr_p=0_0&drm_v=3.1.0&drmlicsv=5&chipid=amlogic&mod=&nettype=11&ua_model=DBBOX-A3&rn=1749040649298&stime=1749040649298&vdurt=2249520&krus=tv_android_player&vpt=5_57_60&p1=0&p2=0&pdc_src=-1&a_ra=&a_va=&prtype=0&smallplyrtp=&hwnp=&netmod=1&play_src=&mpi=&tm=45&nsd1=68900_76416_158924_36132_100249_-1_-1_-1_-1_-1_-1_-1&nbfl=16052_15318_15019_15456_12489_-1_-1_-1_-1_-1_-1_-1&rasi=1_-1_800_45&nsdm=158924&nbfm=12489&ispre=&vbr=411658&vfrmtp=1&z=P2P&hsdp=100&zmai=0&usa
06-04 20:37:31.270 W/q_h_c_s ( 3469): HCDN_LOG: i=0&pt=834819, connect: 5001, read: 3000, strict: 0, qtp: 1, module: 3001)
06-04 20:37:31.271 W/q_h_c_s ( 3469): HCDN_LOG: [T:3760]SetEasyOpt:1497,curl_easy_setopt CURLOPT_URL success: https://msg.ptqy.gitv.tv/core?t=2&ptid=14025032401000000000&pf=3&c1=2&c2=&lvbck=&r=1608843880763300&aid=5567532336805201&u=tv_cc46bef63fc2ad8d49126ac32881e261_1749020506912_5491100964&pu=3669454416360320&os=android_034-01-01&v=2.1403.1.250523&krv=5.1.0202&krvb=15549&hcdnv=10.2.3.5212&lnv=&mdlm=2&ra1=1&ra2=-1&ra3=800&ra4=25&ra5=100&ra6=0&va=0&as=22ca8dce715b860d46997372ba5aa6dd&ve=8751444ce3a971323b927a5c3260f2e5&islocal=0&ht=0&tpcd=4&tpad=0&drm_t=4&abr_t=0&abr_m=-1&abr_at=&abr_p=0_0&drm_v=3.1.0&drmlicsv=5&chipid=amlogic&mod=&nettype=11&ua_model=DBBOX-A3&rn=1749040649298&stime=1749040649298&vdurt=2249520&krus=tv_android_player&vpt=5_57_60&p1=0&p2=0&pdc_src=-1&a_ra=&a_va=&prtype=0&smallplyrtp=&hwnp=&netmod=1&play_src=&mpi=&tm=45&nsd1=68900_76416_158924_36132_100249_-1_-1_-1_-1_-1_-1_-1&nbfl=16052_15318_15019_15456_12489_-1_-1_-1_-1_-1_-1_-1&rasi=1_-1_800_45&nsdm=158924&nbfm=12489&ispre=&vbr=411658&vfrmtp=1&z=P2P&hsdp=100&zmai=
06-04 20:37:31.271 W/q_h_c_s ( 3469): HCDN_LOG: 0&usai=0&pt=834819 (reid: 37860578)
06-04 20:37:31.271 I/audio_hw_hal_primary( 491): [register_audio_patch:8215] Patch 7:id:7 mix(io:13)->dev_0[OUT_HDMI(id:54)] found, register the same patch, do nothing.
06-04 20:37:31.271 I/audio_hw_hal_primary( 491): [adev_create_audio_patch:8316] Patch 7: MIX->DEVICE, num_src:1 num_sink:1 patch_src:INVAL
06-04 20:37:31.271 I/audio_hw_hal_primary( 491): [adev_create_audio_patch:8320] sink[0]: OUT_HDMI(id:54)
06-04 20:37:31.271 I/audio_hw_hal_primary( 491): [adev_create_audio_patch:8377] Patch 7: mix(io:13) -> dev[OUT_HDMI(id:54)]
06-04 20:37:31.271 W/q_h_c_s ( 3469): HCDN_LOG: [T:3760]SetCurlTimeout:4095,curl_easy_setopt CURLOPT_CONNECTTIMEOUT_MS success (reid: 37860578, timeout: 5001)
06-04 20:37:31.271 I/audio_hw_hal_primary( 491): [adev_create_audio_patch:8445] dev=0xe71c0010 cur_out_device=0x400
06-04 20:37:31.271 W/q_h_c_s ( 3469): HCDN_LOG: [T:3760]SetCurlTimeout:4161,curl_easy_setopt CURLOPT_TIMEOUT_MS success (reid: 37860578, timeout: 3000)
06-04 20:37:31.272 W/q_h_c_s ( 3469): HCDN_LOG: [T:3760]AddToMultiHandle:1145,AddToMultiHandle reid: 37860578, taskid(0), moduleId(3001), offset(0), length(-1), CURL(0xa53c3290), m_mapRun(1), m_mapReqId2EasyHandle(1), m_vecModuleRun(0,0,0,0,0,0,1,0,0)
06-04 20:37:31.272 D/audioserver( 542): logFgsApiEnd: FGS Logger Transaction failed, -129
06-04 20:37:31.272 D/audioserver( 542): logFgsApiBegin: FGS Logger Transaction failed, -129
06-04 20:37:31.272 I/audio_hw_hal_primary( 491): out_update_source_metadata_v7() line 2013 usage:1 content_type:2
06-04 20:37:31.276 D/audioserver( 542): logFgsApiBegin: FGS Logger Transaction failed, -129
06-04 20:37:31.276 D/UEventObserver( 1030): change@/devices/platform/auge_sound/sound/card0/controlC0ACTION=changeDEVPATH=/devices/platform/auge_sound/sound/card0/controlC0SUBSYSTEM=soundAUDIO_FORMAT=0MAJOR=116MINOR=13DEVNAME=snd/controlC0SEQNUM=3717
06-04 20:37:31.309 D/XM_HIDREAD( 1910): poll ret=1, event=1
06-04 20:37:31.309 D/XM_HIDREAD( 1910): [9 bytes]:01 00 00 00 00 00 00 00 00
06-04 20:37:31.311 I/SogouIME( 1396): onKeyUp: keyoCode=22
06-04 20:37:31.311 I/DefaultIMS( 1396): onKeyUp: keyoCode=22
06-04 20:37:31.312 E/SecondScreen( 1414): FirstScreenLayoutView dispatchKeyEvent 22
06-04 20:37:31.317 I/audio_hw_hal_primary( 491): out_update_source_metadata_v7() line 2013 usage:1 content_type:2
06-04 20:37:31.321 I/CLog ( 3469): 2025-06-04 20:37:31.321 T:3760 DEBUG: qtp-load(107) QtpHttpHeaderFinishCallback reqid:37860578 adv_header:0
06-04 20:37:31.321 I/CLog ( 3469): 2025-06-04 20:37:31.321 T:3760 DEBUG: [107]RecordNewConnectCount, count:0
06-04 20:37:31.321 I/CLog ( 3469): 2025-06-04 20:37:31.321 T:3760 INFO: qtp-load(107) QtpHttpFinishCallback reqid:37860578
06-04 20:37:31.321 I/CLog ( 3469): 2025-06-04 20:37:31.321 T:3760 INFO: qtp-load(107): local:192.168.3.180 remote:124.237.225.21, DNS:0(ms) Connect:0(ms) SSL Connect:0(ms) Recv Data:47(ms) total:48(ms), speed:0.00(KB/s)
06-04 20:37:31.321 I/CLog ( 3469): 2025-06-04 20:37:31.321 T:3760 INFO: qtp-load(107) QTPINFO_QTPFLOW_INFO: [1749040651321,id:37860578,ip:124.237.225.21,port:443,rt:0.000,ct:0.000,at:0.000,pt:0.001,st:0.047,tt:0.048,as:0.000,ts:0,rdt:0.000,ec:0,hc:200,hv:2,tp:ld]
06-04 20:37:31.321 I/CLog ( 3469): 2025-06-04 20:37:31.321 T:3760 DEBUG: qtp-load(107), data-len:0, access-control-allow-credentials:true access-control-allow-headers:Accept,Authorization,Cache-Control,Content-Type,DNT,If-Modified-Since,Keep-Alive,Origin,User-Agent,X-Requested-With access-control-allow-methods:GET, POST, PUT, DELETE, OPTIONS content-length:0 content-type:text/html date:Wed, 04 Jun 2025 12:37:31 GMT server:nginx server_ip:124.237.225.21
06-04 20:37:31.321 I/CLog ( 3469): 2025-06-04 20:37:31.321 T:3760 INFO: qtp-load(107), err(0, 0), syserr(0), transerr(0), multi(0), easy(0), http(200)
06-04 20:37:31.321 I/CLog ( 3469): 2025-06-04 20:37:31.321 T:3760 INFO: qtp-load(107): success! url:https://msg.ptqy.gitv.tv/core?t=2&ptid=14025032401000000000&pf=3&c1=2&c2=&lvbck=&r=1608843880763300&aid=5567532336805201&u=tv_cc46bef63fc2ad8d49126ac32881e261_1749020506912_5491100964&pu=3669454416360320&os=android_034-01-01&v=2.1403.1.250523&krv=5.1.0202&krvb=15549&hcdnv=10.2.3.5212&lnv=&mdlm=2&ra1=1&ra2=-1&ra3=800&ra4=25&ra5=100&ra6=0&va=0&as=22ca8dce715b860d46997372ba5aa6dd&ve=8751444ce3a971323b927a5c3260f2e5&islocal=0&ht=0&tpcd=4&tpad=0&drm_t=4&abr_t=0&abr_m=-1&abr_at=&abr_p=0_0&drm_v=3.1.0&drmlicsv=5&chipid=amlogic&mod=&nettype=11&ua_model=DBBOX-A3&rn=1749040649298&stime=1749040649298&vdurt=2249520&krus=tv_android_player&vpt=5_57_60&p1=0&p2=0&pdc_src=-1&a_ra=&a_va=&prtype=0&smallplyrtp=&hwnp=&netmod=1&play_src=&mpi=&tm=45&nsd1=68900_76416_158924_36132_100249_-1_-1_-1_-1_-1_-1_-1&nbfl=16052_15318_15019_15456_12489_-1_-1_-1_-1_-1_-1_-1&rasi=1_-1_800_45&nsdm=158924&nbfm=12489&ispre=&vbr=411658&vfrmtp=1&z=P2P&hsdp=100&zmai=0&usai=0&pt=83481
06-04 20:37:31.321 I/CLog ( 3469): 2025-06-04 20:37:31.321 T:3760 DEBUG: qtp-load(107): CheckLoadComplete exit
06-04 20:37:31.322 I/TvUniPlayer/UniPlayer@7a0c4a5( 3469): in handleMessage event:10000
06-04 20:37:31.322 D/UtilLog ( 2071): 日志批量上报 进行正常循环 !!!!!!本次有0次请求,共0条数据
06-04 20:37:31.322 I/CLog ( 3469): 2025-06-04 20:37:31.322 T:3760 DEBUG: qtp-load(107) QtpHttpFinishCallback reqid:37860578 exit
06-04 20:37:31.322 I/CLog ( 3469): 2025-06-04 20:37:31.322 T:3773 INFO: qtp-load(107), reqid:37860578, timeout:3000, once_callback:1
06-04 20:37:31.323 I/CLog ( 3469): 2025-06-04 20:37:31.323 T:3773 INFO: qtp-load(108) - Load, https://msg.ptqy.gitv.tv/core?t=13&ptid=14025032401000000000&pf=3&c1=2&c2=&lvbck=&r=1608843880763300&aid=5567532336805201&u=tv_cc46bef63fc2ad8d49126ac32881e261_1749020506912_5491100964&pu=3669454416360320&os=android_034-01-01&v=2.1403.1.250523&krv=5.1.0202&krvb=15549&hcdnv=10.2.3.5212&lnv=&mdlm=2&ra1=1&ra2=-1&ra3=800&ra4=25&ra5=100&ra6=0&va=0&as=22ca8dce715b860d46997372ba5aa6dd&ve=8751444ce3a971323b927a5c3260f2e5&islocal=0&ht=0&tpcd=4&tpad=0&drm_t=4&abr_t=0&abr_m=-1&abr_at=&abr_p=0_0&drm_v=3.1.0&drmlicsv=5&chipid=amlogic&mod=&nettype=11&ua_model=DBBOX-A3&rn=1749040649298&stime=1749040649298&vdurt=2249520&krus=tv_android_player&vpt=5_57_60&p1=0&p2=0&pdc_src=-1&a_ra=&a_va=&prtype=0&smallplyrtp=&hwnp=&netmod=1&play_src=&mpi=&endtp=2&dmkd=&subt=0&zmtm=&vfrmtp=1&z=P2P&tm=750&hsdp=100&zmai=0&usai=0&pt=834819
06-04 20:37:31.323 I/CLog ( 3469): 2025-06-04 20:37:31.323 T:3773 DEBUG: enter
06-04 20:37:31.323 W/q_h_c_s ( 3469): HCDN_LOG: [T:3773]MethodLog:1333,QTP SyncGet (reid: 37860579, url: https://msg.ptqy.gitv.tv/core?t=13&ptid=14025032401000000000&pf=3&c1=2&c2=&lvbck=&r=1608843880763300&aid=5567532336805201&u=tv_cc46bef63fc2ad8d49126ac32881e261_1749020506912_5491100964&pu=3669454416360320&os=android_034-01-01&v=2.1403.1.250523&krv=5.1.0202&krvb=15549&hcdnv=10.2.3.5212&lnv=&mdlm=2&ra1=1&ra2=-1&ra3=800&ra4=25&ra5=100&ra6=0&va=0&as=22ca8dce715b860d46997372ba5aa6dd&ve=8751444ce3a971323b927a5c3260f2e5&islocal=0&ht=0&tpcd=4&tpad=0&drm_t=4&abr_t=0&abr_m=-1&abr_at=&abr_p=0_0&drm_v=3.1.0&drmlicsv=5&chipid=amlogic&mod=&nettype=11&ua_model=DBBOX-A3&rn=1749040649298&stime=1749040649298&vdurt=2249520&krus=tv_android_player&vpt=5_57_60&p1=0&p2=0&pdc_src=-1&a_ra=&a_va=&prtype=0&smallplyrtp=&hwnp=&netmod=1&play_src=&mpi=&endtp=2&dmkd=&subt=0&zmtm=&vfrmtp=1&z=P2P&tm=750&hsdp=100&zmai=0&usai=0&pt=834819, connect: 5001, read: 3000, strict: 0, qtp: 1, module: 3001)
06-04 20:37:31.323 W/q_h_c_s ( 3469): HCDN_LOG: [T:3760]SetEasyOpt:1497,curl_easy_setopt CURLOPT_URL success: https://msg.ptqy.gitv.tv/core?t=13&ptid=14025032401000000000&pf=3&c1=2&c2=&lvbck=&r=1608843880763300&aid=5567532336805201&u=tv_cc46bef63fc2ad8d49126ac32881e261_1749020506912_5491100964&pu=3669454416360320&os=android_034-01-01&v=2.1403.1.250523&krv=5.1.0202&krvb=15549&hcdnv=10.2.3.5212&lnv=&mdlm=2&ra1=1&ra2=-1&ra3=800&ra4=25&ra5=100&ra6=0&va=0&as=22ca8dce715b860d46997372ba5aa6dd&ve=8751444ce3a971323b927a5c3260f2e5&islocal=0&ht=0&tpcd=4&tpad=0&drm_t=4&abr_t=0&abr_m=-1&abr_at=&abr_p=0_0&drm_v=3.1.0&drmlicsv=5&chipid=amlogic&mod=&nettype=11&ua_model=DBBOX-A3&rn=1749040649298&stime=1749040649298&vdurt=2249520&krus=tv_android_player&vpt=5_57_60&p1=0&p2=0&pdc_src=-1&a_ra=&a_va=&prtype=0&smallplyrtp=&hwnp=&netmod=1&play_src=&mpi=&endtp=2&dmkd=&subt=0&zmtm=&vfrmtp=1&z=P2P&tm=750&hsdp=100&zmai=0&usai=0&pt=834819 (reid: 37860579)
06-04 20:37:31.323 W/q_h_c_s ( 3469): HCDN_LOG: [T:3760]SetCurlTimeout:4095,curl_easy_setopt CURLOPT_CONNECTTIMEOUT_MS success (reid: 37860579, timeout: 5001)
06-04 20:37:31.324 W/q_h_c_s ( 3469): HCDN_LOG: [T:3760]SetCurlTimeout:4161,curl_easy_setopt CURLOPT_TIMEOUT_MS success (reid: 37860579, timeout: 3000)
06-04 20:37:31.324 W/q_h_c_s ( 3469): HCDN_LOG: [T:3760]AddToMultiHandle:1145,AddToMultiHandle reid: 37860579, taskid(0), moduleId(3001), offset(0), length(-1), CURL(0xa53c3290), m_mapRun(1), m_mapReqId2EasyHandle(1), m_vecModuleRun(0,0,0,0,0,0,1,0,0)
06-04 20:37:31.329 E/playfilesourceNew( 3469): HCDN_LOG: [T:3820][HINFO]:[f:DoAsynNotifyInfoResponse],[l:2605],[TaskID(3128192202),type(6),msg({"BandWidth":557056,"CachedBytes":363402016,"IsAd":0,"IsP2P":1,"ReadBytes":331797280,"VID":"65f888b7cc0c74b794ab89eac7137fc8"}
06-04 20:37:31.329 E/playfilesourceNew( 3469): )!]
06-04 20:37:31.329 E/Hcdn_DeTask3128192202( 3469): HCDN_LOG: [T:3861][HINFO]:[f:PostNotifyInfo],[l:248], notify type(6),info({"BandWidth":557056,"CachedBytes":363402016,"IsAd":0,"IsP2P":1,"ReadBytes":331797280,"VID":"65f888b7cc0c74b794ab89eac7137fc8"}
06-04 20:37:31.329 E/Hcdn_DeTask3128192202( 3469): )
06-04 20:37:31.399 I/audio_hw_hal_primary( 491): [audiohal_get_latency:1333] io 13: out:0xe6245d80 frames:1024 rate:48000 whole_latency:21 alsa_latency:21
06-04 20:37:31.421 D/XM_HIDREAD( 1910): poll ret=1, event=1
06-04 20:37:31.422 D/XM_HIDREAD( 1910): [9 bytes]:01 00 00 4F 00 00 00 00 00
06-04 20:37:31.424 I/SogouIME( 1396): onKeyDown: keyoCode=22
06-04 20:37:31.424 I/DefaultIMS( 1396): onKeyDown: keyoCode=22
06-04 20:37:31.425 E/SecondScreen( 1414): FirstScreenLayoutView dispatchKeyEvent 22
06-04 20:37:31.429 E/Hcdn_DeTask3128192202( 3469): HCDN_LOG: [T:3861][HINFO]:[f:PostNotifyInfo],[l:248], notify type(6),info({"BandWidth":557056,"CachedBytes":363402016,"IsAd":0,"IsP2P":1,"ReadBytes":331797280,"VID":"65f888b7cc0c74b794ab89eac7137fc8"}
06-04 20:37:31.429 E/Hcdn_DeTask3128192202( 3469): )
06-04 20:37:31.429 E/playfilesourceNew( 3469): HCDN_LOG: [T:3820][HINFO]:[f:DoAsynNotifyInfoResponse],[l:2605],[TaskID(3128192202),type(6),msg({"BandWidth":557056,"CachedBytes":363402016,"IsAd":0,"IsP2P":1,"ReadBytes":331797280,"VID":"65f888b7cc0c74b794ab89eac7137fc8"}
06-04 20:37:31.429 E/playfilesourceNew( 3469): )!]
06-04 20:37:31.488 I/CLog ( 3469): 2025-06-04 20:37:31.488 T:3760 DEBUG: qtp-load(108) QtpHttpHeaderFinishCallback reqid:37860579 adv_header:0
06-04 20:37:31.488 I/CLog ( 3469): 2025-06-04 20:37:31.488 T:3760 DEBUG: [108]RecordNewConnectCount, count:0
06-04 20:37:31.489 I/CLog ( 3469): 2025-06-04 20:37:31.489 T:3760 INFO: qtp-load(108) QtpHttpFinishCallback reqid:37860579
06-04 20:37:31.489 I/CLog ( 3469): 2025-06-04 20:37:31.489 T:3760 INFO: qtp-load(108): local:192.168.3.180 remote:124.237.225.21, DNS:0(ms) Connect:0(ms) SSL Connect:0(ms) Recv Data:163(ms) total:164(ms), speed:0.00(KB/s)
06-04 20:37:31.489 I/CLog ( 3469): 2025-06-04 20:37:31.489 T:3760 INFO: qtp-load(108) QTPINFO_QTPFLOW_INFO: [1749040651488,id:37860579,ip:124.237.225.21,port:443,rt:0.000,ct:0.000,at:0.000,pt:0.001,st:0.163,tt:0.164,as:0.000,ts:0,rdt:0.000,ec:0,hc:200,hv:2,tp:ld]
06-04 20:37:31.489 I/CLog ( 3469): 2025-06-04 20:37:31.489 T:3760 DEBUG: qtp-load(108), data-len:0, access-control-allow-credentials:true access-control-allow-headers:Accept,Authorization,Cache-Control,Content-Type,DNT,If-Modified-Since,Keep-Alive,Origin,User-Agent,X-Requested-With access-control-allow-methods:GET, POST, PUT, DELETE, OPTIONS content-length:0 content-type:text/html date:Wed, 04 Jun 2025 12:37:31 GMT server:nginx server_ip:124.237.225.21
06-04 20:37:31.489 I/CLog ( 3469): 2025-06-04 20:37:31.489 T:3760 INFO: qtp-load(108), err(0, 0), syserr(0), transerr(0), multi(0), easy(0), http(200)
06-04 20:37:31.489 I/CLog ( 3469): 2025-06-04 20:37:31.489 T:3760 INFO: qtp-load(108): success! url:https://msg.ptqy.gitv.tv/core?t=13&ptid=14025032401000000000&pf=3&c1=2&c2=&lvbck=&r=1608843880763300&aid=5567532336805201&u=tv_cc46bef63fc2ad8d49126ac32881e261_1749020506912_5491100964&pu=3669454416360320&os=android_034-01-01&v=2.1403.1.250523&krv=5.1.0202&krvb=15549&hcdnv=10.2.3.5212&lnv=&mdlm=2&ra1=1&ra2=-1&ra3=800&ra4=25&ra5=100&ra6=0&va=0&as=22ca8dce715b860d46997372ba5aa6dd&ve=8751444ce3a971323b927a5c3260f2e5&islocal=0&ht=0&tpcd=4&tpad=0&drm_t=4&abr_t=0&abr_m=-1&abr_at=&abr_p=0_0&drm_v=3.1.0&drmlicsv=5&chipid=amlogic&mod=&nettype=11&ua_model=DBBOX-A3&rn=1749040649298&stime=1749040649298&vdurt=2249520&krus=tv_android_player&vpt=5_57_60&p1=0&p2=0&pdc_src=-1&a_ra=&a_va=&prtype=0&smallplyrtp=&hwnp=&netmod=1&play_src=&mpi=&endtp=2&dmkd=&subt=0&zmtm=&vfrmtp=1&z=P2P&tm=750&hsdp=100&zmai=0&usai=0&pt=834819
06-04 20:37:31.489 I/CLog ( 3469): 2025-06-04 20:37:31.489 T:3760 DEBUG: qtp-load(108): CheckLoadComplete exit
06-04 20:37:31.489 I/CLog ( 3469): 2025-06-04 20:37:31.489 T:3760 DEBUG: qtp-load(108) QtpHttpFinishCallback reqid:37860579 exit
06-04 20:37:31.489 I/CLog ( 3469): 2025-06-04 20:37:31.489 T:3773 INFO: qtp-load(108), reqid:37860579, timeout:3000, once_callback:1
06-04 20:37:31.490 I/CLog ( 3469): 2025-06-04 20:37:31.490 T:3773 INFO: qtp-load(109) - Load, https://msg.ptqy.gitv.tv/core?t=5&ptid=14025032401000000000&pf=3&c1=2&c2=&lvbck=&r=1608843880763300&aid=5567532336805201&u=tv_cc46bef63fc2ad8d49126ac32881e261_1749020506912_5491100964&pu=3669454416360320&os=android_034-01-01&v=2.1403.1.250523&krv=5.1.0202&krvb=15549&hcdnv=10.2.3.5212&lnv=&mdlm=&ra1=&ra2=&ra3=&ra4=25&ra5=100&ra6=0&va=-1&as=5cf6c727371001da74def7e8c1a93119&ve=&islocal=&ht=0&tpcd=&tpad=-1&drm_t=0&abr_t=0&abr_m=-1&abr_at=&abr_p=0_0&chipid=amlogic&mod=&nettype=11&ua_model=DBBOX-A3&rn=1749040649334&stime=1749040649334&vdurt=&krus=tv_android_player&vpt=5_57_60&p1=0&p2=0&pdc_src=-1&a_ra=&a_va=&prtype=&smallplyrtp=&hwnp=&netmod=1&play_src=&mpi=&a=79&pt=
06-04 20:37:31.490 I/CLog ( 3469): 2025-06-04 20:37:31.490 T:3773 DEBUG: enter
06-04 20:37:31.490 W/q_h_c_s ( 3469): HCDN_LOG: [T:3773]MethodLog:1333,QTP SyncGet (reid: 37860580, url: https://msg.ptqy.gitv.tv/core?t=5&ptid=14025032401000000000&pf=3&c1=2&c2=&lvbck=&r=1608843880763300&aid=5567532336805201&u=tv_cc46bef63fc2ad8d49126ac32881e261_1749020506912_5491100964&pu=3669454416360320&os=android_034-01-01&v=2.1403.1.250523&krv=5.1.0202&krvb=15549&hcdnv=10.2.3.5212&lnv=&mdlm=&ra1=&ra2=&ra3=&ra4=25&ra5=100&ra6=0&va=-1&as=5cf6c727371001da74def7e8c1a93119&ve=&islocal=&ht=0&tpcd=&tpad=-1&drm_t=0&abr_t=0&abr_m=-1&abr_at=&abr_p=0_0&chipid=amlogic&mod=&nettype=11&ua_model=DBBOX-A3&rn=1749040649334&stime=1749040649334&vdurt=&krus=tv_android_player&vpt=5_57_60&p1=0&p2=0&pdc_src=-1&a_ra=&a_va=&prtype=&smallplyrtp=&hwnp=&netmod=1&play_src=&mpi=&a=79&pt=, connect: 5001, read: 3000, strict: 0, qtp: 1, module: 3001)
06-04 20:37:31.494 W/q_h_c_s ( 3469): HCDN_LOG: [T:3760]SetEasyOpt:1497,curl_easy_setopt CURLOPT_URL success: https://msg.ptqy.gitv.tv/core?t=5&ptid=14025032401000000000&pf=3&c1=2&c2=&lvbck=&r=1608843880763300&aid=5567532336805201&u=tv_cc46bef63fc2ad8d49126ac32881e261_1749020506912_5491100964&pu=3669454416360320&os=android_034-01-01&v=2.1403.1.250523&krv=5.1.0202&krvb=15549&hcdnv=10.2.3.5212&lnv=&mdlm=&ra1=&ra2=&ra3=&ra4=25&ra5=100&ra6=0&va=-1&as=5cf6c727371001da74def7e8c1a93119&ve=&islocal=&ht=0&tpcd=&tpad=-1&drm_t=0&abr_t=0&abr_m=-1&abr_at=&abr_p=0_0&chipid=amlogic&mod=&nettype=11&ua_model=DBBOX-A3&rn=1749040649334&stime=1749040649334&vdurt=&krus=tv_android_player&vpt=5_57_60&p1=0&p2=0&pdc_src=-1&a_ra=&a_va=&prtype=&smallplyrtp=&hwnp=&netmod=1&play_src=&mpi=&a=79&pt= (reid: 37860580)
06-04 20:37:31.495 W/q_h_c_s ( 3469): HCDN_LOG: [T:3760]SetCurlTimeout:4095,curl_easy_setopt CURLOPT_CONNECTTIMEOUT_MS success (reid: 37860580, timeout: 5001)
06-04 20:37:31.495 W/q_h_c_s ( 3469): HCDN_LOG: [T:3760]SetCurlTimeout:4161,curl_easy_setopt CURLOPT_TIMEOUT_MS success (reid: 37860580, timeout: 3000)
06-04 20:37:31.495 W/q_h_c_s ( 3469): HCDN_LOG: [T:3760]AddToMultiHandle:1145,AddToMultiHandle reid: 37860580, taskid(0), moduleId(3001), offset(0), length(-1), CURL(0xa53c3290), m_mapRun(1), m_mapReqId2EasyHandle(1), m_vecModuleRun(0,0,0,0,0,0,1,0,0)
06-04 20:37:31.511 D/XM_HIDREAD( 1910): poll ret=1, event=1
06-04 20:37:31.511 D/XM_HIDREAD( 1910): [9 bytes]:01 00 00 00 00 00 00 00 00
06-04 20:37:31.514 I/SogouIME( 1396): onKeyUp: keyoCode=22
06-04 20:37:31.514 I/DefaultIMS( 1396): onKeyUp: keyoCode=22
06-04 20:37:31.515 E/SecondScreen( 1414): FirstScreenLayoutView dispatchKeyEvent 22
06-04 20:37:31.530 E/Hcdn_DeTask3128192202( 3469): HCDN_LOG: [T:3861][HINFO]:[f:PostNotifyInfo],[l:248], notify type(6),info({"BandWidth":557056,"CachedBytes":363402016,"IsAd":0,"IsP2P":1,"ReadBytes":331797280,"VID":"65f888b7cc0c74b794ab89eac7137fc8"}
06-04 20:37:31.530 E/Hcdn_DeTask3128192202( 3469): )
06-04 20:37:31.530 E/playfilesourceNew( 3469): HCDN_LOG: [T:3820][HINFO]:[f:DoAsynNotifyInfoResponse],[l:2605],[TaskID(3128192202),type(6),msg({"BandWidth":557056,"CachedBytes":363402016,"IsAd":0,"IsP2P":1,"ReadBytes":331797280,"VID":"65f888b7cc0c74b794ab89eac7137fc8"}
06-04 20:37:31.530 E/playfilesourceNew( 3469): )!]
06-04 20:37:31.540 I/CLog ( 3469): 2025-06-04 20:37:31.540 T:3760 DEBUG: qtp-load(109) QtpHttpHeaderFinishCallback reqid:37860580 adv_header:0
06-04 20:37:31.540 I/CLog ( 3469): 2025-06-04 20:37:31.540 T:3760 DEBUG: [109]RecordNewConnectCount, count:0
06-04 20:37:31.541 I/CLog ( 3469): 2025-06-04 20:37:31.541 T:3760 INFO: qtp-load(109) QtpHttpFinishCallback reqid:37860580
06-04 20:37:31.541 I/CLog ( 3469): 2025-06-04 20:37:31.541 T:3760 INFO: qtp-load(109): local:192.168.3.180 remote:124.237.225.21, DNS:0(ms) Connect:0(ms) SSL Connect:0(ms) Recv Data:44(ms) total:45(ms), speed:0.00(KB/s)
06-04 20:37:31.541 I/CLog ( 3469): 2025-06-04 20:37:31.541 T:3760 INFO: qtp-load(109) QTPINFO_QTPFLOW_INFO: [1749040651540,id:37860580,ip:124.237.225.21,port:443,rt:0.000,ct:0.000,at:0.000,pt:0.001,st:0.044,tt:0.045,as:0.000,ts:0,rdt:0.000,ec:0,hc:200,hv:2,tp:ld]
06-04 20:37:31.541 I/CLog ( 3469): 2025-06-04 20:37:31.541 T:3760 DEBUG: qtp-load(109), data-len:0, access-control-allow-credentials:true access-control-allow-headers:Accept,Authorization,Cache-Control,Content-Type,DNT,If-Modified-Since,Keep-Alive,Origin,User-Agent,X-Requested-With access-control-allow-methods:GET, POST, PUT, DELETE, OPTIONS content-length:0 content-type:text/html date:Wed, 04 Jun 2025 12:37:31 GMT server:nginx server_ip:124.237.225.21
06-04 20:37:31.541 I/CLog ( 3469): 2025-06-04 20:37:31.541 T:3760 INFO: qtp-load(109), err(0, 0), syserr(0), transerr(0), multi(0), easy(0), http(200)
06-04 20:37:31.541 I/CLog ( 3469): 2025-06-04 20:37:31.541 T:3760 INFO: qtp-load(109): success! url:https://msg.ptqy.gitv.tv/core?t=5&ptid=14025032401000000000&pf=3&c1=2&c2=&lvbck=&r=1608843880763300&aid=5567532336805201&u=tv_cc46bef63fc2ad8d49126ac32881e261_1749020506912_5491100964&pu=3669454416360320&os=android_034-01-01&v=2.1403.1.250523&krv=5.1.0202&krvb=15549&hcdnv=10.2.3.5212&lnv=&mdlm=&ra1=&ra2=&ra3=&ra4=25&ra5=100&ra6=0&va=-1&as=5cf6c727371001da74def7e8c1a93119&ve=&islocal=&ht=0&tpcd=&tpad=-1&drm_t=0&abr_t=0&abr_m=-1&abr_at=&abr_p=0_0&chipid=amlogic&mod=&nettype=11&ua_model=DBBOX-A3&rn=1749040649334&stime=1749040649334&vdurt=&krus=tv_android_player&vpt=5_57_60&p1=0&p2=0&pdc_src=-1&a_ra=&a_va=&prtype=&smallplyrtp=&hwnp=&netmod=1&play_src=&mpi=&a=79&pt=
06-04 20:37:31.541 I/CLog ( 3469): 2025-06-04 20:37:31.541 T:3760 DEBUG: qtp-load(109): CheckLoadComplete exit
06-04 20:37:31.541 I/CLog ( 3469): 2025-06-04 20:37:31.541 T:3760 DEBUG: qtp-load(109) QtpHttpFinishCallback reqid:37860580 exit
06-04 20:37:31.541 I/CLog ( 3469): 2025-06-04 20:37:31.541 T:3773 INFO: qtp-load(109), reqid:37860580, timeout:3000, once_callback:1
06-04 20:37:31.569 I/audio_hw_hal_primary( 491): [audiohal_get_latency:1333] io 13: out:0xe6245d80 frames:1024 rate:48000 whole_latency:21 alsa_latency:21
06-04 20:37:31.613 D/XM_HIDREAD( 1910): poll ret=1, event=1
06-04 20:37:31.613 D/XM_HIDREAD( 1910): [9 bytes]:01 00 00 4F 00 00 00 00 00
06-04 20:37:31.614 I/audio_hw_hal_primary( 491): [audiohal_get_latency:1333] io 13: out:0xe6245d80 frames:1280 rate:48000 whole_latency:26 alsa_latency:26
